122.201.102.68 - - [22/Mar/2010:19:24:35 -0700] "GET /logs/access.log/?sourcedir=http://www.muzykologia.lublin.pl/templates/system/zfxid1.txt??? HTTP/1.1" 404 - "-" "Mozilla/5.0" "growlonghairfast.com"
122.201.102.68 - - [22/Mar/2010:19:24:35 -0700] "GET /?sourcedir=http://www.muzykologia.lublin.pl/templates/system/zfxid1.txt??? HTTP/1.1" 200 926 "-" "Mozilla/5.0" "growlonghairfast.com"
122.201.102.68 - - [22/Mar/2010:19:24:35 -0700] "GET /logs/?sourcedir=http://www.muzykologia.lublin.pl/templates/system/zfxid1.txt??? HTTP/1.1" 200 4799 "-" "Mozilla/5.0" "growlonghairfast.com"
122.201.102.68 - - [22/Mar/2010:19:24:36 -0700] "GET /logs/?sourcedir=http://www.muzykologia.lublin.pl/templates/system/zfxid1.txt??? HTTP/1.1" 200 4799 "-" "Mozilla/5.0" "growlonghairfast.com"
122.201.102.68 - - [22/Mar/2010:19:24:36 -0700] "GET /logs/access.log/?sourcedir=http://www.muzykologia.lublin.pl/templates/system/zfxid1.txt??? HTTP/1.1" 404 - "-" "Mozilla/5.0" "growlonghairfast.com"
122.201.102.68 - - [22/Mar/2010:19:24:36 -0700] "GET /?sourcedir=http://www.muzykologia.lublin.pl/templates/system/zfxid1.txt??? HTTP/1.1" 200 926 "-" "Mozilla/5.0" "growlonghairfast.com"
194.8.75.157 - - [22/Mar/2010:19:26:06 -0700] "GET /freehairsecretsphp/index.php HTTP/1.0" 200 333 "http://www.freehairsecrets.com/freehairsecretsphp/index.php" "Mozilla/4.0 (compatible; MSIE 6.0; Windows NT 5.1; SV1; .NET CLR 1.1.4322; .NET CLR 2.0.50727)" "www.freehairsecrets.com"
194.8.75.157 - - [22/Mar/2010:19:26:06 -0700] "GET / HTTP/1.0" 200 910 "http://www.freehairsecrets.com/" "Mozilla/4.0 (compatible; MSIE 6.0; Windows NT 5.1; SV1; .NET CLR 1.1.4322; .NET CLR 2.0.50727)" "www.freehairsecrets.com"
200.93.147.154 - - [22/Mar/2010:19:27:05 -0700] "GET /logs//appserv/main.php?appserv_root=http://www.frentesdeseguridad.gov.co/administrator/backups/respon1.txt? HTTP/1.1" 404 - "-" "Mozilla/5.0" "growlonghairfast.com"
200.93.147.154 - - [22/Mar/2010:19:27:05 -0700] "GET /logs/access.log%20%20//appserv/main.php?appserv_root=http://www.frentesdeseguridad.gov.co/administrator/backups/respon1.txt? HTTP/1.1" 404 - "-" "Mozilla/5.0" "growlonghairfast.com"
200.93.147.154 - - [22/Mar/2010:19:27:06 -0700] "GET /appserv/main.php?appserv_root=http://www.frentesdeseguridad.gov.co/administrator/backups/respon1.txt? HTTP/1.1" 404 - "-" "Mozilla/5.0" "growlonghairfast.com"
81.16.53.53 - - [22/Mar/2010:19:33:35 -0700] "GET /components/com_sitemap/sitemap.xml.php?mosConfig_absolute_path=http://www.skkulove.com/bbs/avatar/cache/log.txt??? HTTP/1.1" 404 - "-" "libwww-perl/5.805" "www.freehairsecrets.com"
81.16.53.53 - - [22/Mar/2010:19:33:35 -0700] "GET /logs//components/com_sitemap/sitemap.xml.php?mosConfig_absolute_path=http://www.skkulove.com/bbs/avatar/cache/log.txt??? HTTP/1.1" 404 - "-" "libwww-perl/5.805" "www.freehairsecrets.com"
81.16.53.53 - - [22/Mar/2010:19:33:35 -0700] "GET /logs/access.log//components/com_sitemap/sitemap.xml.php?mosConfig_absolute_path=http://www.skkulove.com/bbs/avatar/cache/log.txt??? HTTP/1.1" 404 - "-" "libwww-perl/5.805" "www.freehairsecrets.com"
81.16.53.53 - - [22/Mar/2010:19:33:53 -0700] "GET /components/com_sitemap/sitemap.xml.php?mosConfig_absolute_path=http://www.skkulove.com/bbs/avatar/cache/log.txt??? HTTP/1.1" 404 - "-" "libwww-perl/5.805" "growlonghairfast.com"
81.16.53.53 - - [22/Mar/2010:19:33:53 -0700] "GET /logs/access.log//components/com_sitemap/sitemap.xml.php?mosConfig_absolute_path=http://www.skkulove.com/bbs/avatar/cache/log.txt??? HTTP/1.1" 404 - "-" "libwww-perl/5.805" "growlonghairfast.com"
81.16.53.53 - - [22/Mar/2010:19:33:53 -0700] "GET /logs//components/com_sitemap/sitemap.xml.php?mosConfig_absolute_path=http://www.skkulove.com/bbs/avatar/cache/log.txt??? HTTP/1.1" 404 - "-" "libwww-perl/5.805" "growlonghairfast.com"
200.93.147.154 - - [22/Mar/2010:19:35:53 -0700] "GET /logs//appserv/main.php?appserv_root=http://www.frentesdeseguridad.gov.co/administrator/backups/respon1.txt? HTTP/1.1" 404 - "-" "Mozilla/5.0" "www.freehairsecrets.com"
200.93.147.154 - - [22/Mar/2010:19:35:53 -0700] "GET /appserv/main.php?appserv_root=http://www.frentesdeseguridad.gov.co/administrator/backups/respon1.txt? HTTP/1.1" 404 - "-" "Mozilla/5.0" "www.freehairsecrets.com"
200.93.147.154 - - [22/Mar/2010:19:35:54 -0700] "GET /logs/access.log%20%20//appserv/main.php?appserv_root=http://www.frentesdeseguridad.gov.co/administrator/backups/respon1.txt? HTTP/1.1" 404 - "-" "Mozilla/5.0" "www.freehairsecrets.com"
202.65.196.35 - - [22/Mar/2010:19:46:57 -0700] "GET /logs//index.php?option=com_sef&Itemid=&mosConfig.absolute.path=http://www.1004bang.net/nacounter/nalog_image/.dev12/id1.txt?? HTTP/1.1" 404 - "-" "Mozilla/5.0" "growlonghairfast.com"
202.65.196.35 - - [22/Mar/2010:19:46:57 -0700] "GET /index.php?option=com_sef&Itemid=&mosConfig.absolute.path=http://www.1004bang.net/nacounter/nalog_image/.dev12/id1.txt?? HTTP/1.0" 404 - "-" "Mozilla/5.0" "growlonghairfast.com"
202.65.196.35 - - [22/Mar/2010:19:47:11 -0700] "GET /logs/access.log%20%20//index.php?option=com_sef&Itemid=&mosConfig.absolute.path=http://www.1004bang.net/nacounter/nalog_image/.dev12/id1.txt?? HTTP/1.1" 404 - "-" "Mozilla/5.0" "growlonghairfast.com"
67.195.112.42 - - [22/Mar/2010:19:47:23 -0700] "GET / HTTP/1.0" 200 910 "-" "Mozilla/5.0 (compatible; Yahoo! Slurp/3.0; http://help.yahoo.com/help/us/ysearch/slurp)" "www.freehairsecrets.com"
67.195.112.115 - - [22/Mar/2010:19:48:25 -0700] "GET /robots.txt HTTP/1.0" 404 - "-" "Mozilla/5.0 (compatible; Yahoo! Slurp; http://help.yahoo.com/help/us/ysearch/slurp)" "freehairsecrets.com"
67.195.112.115 - - [22/Mar/2010:19:48:34 -0700] "GET /?N=A HTTP/1.0" 200 910 "-" "Mozilla/5.0 (compatible; Yahoo! Slurp/3.0; http://help.yahoo.com/help/us/ysearch/slurp)" "freehairsecrets.com"
94.158.111.254 - - [22/Mar/2010:19:49:02 -0700] "GET /freehairsecretsphp/index.php HTTP/1.0" 200 333 "http://growlonghairfast.com/freehairsecretsphp/index.php" "Mozilla/4.0 (compatible; MSIE 6.0; Windows NT 5.1; MRA 4.6 (build 01425))" "growlonghairfast.com"
94.158.111.254 - - [22/Mar/2010:19:49:02 -0700] "GET / HTTP/1.0" 200 910 "http://growlonghairfast.com/" "Mozilla/4.0 (compatible; MSIE 6.0; Windows NT 5.1; MRA 4.6 (build 01425))" "growlonghairfast.com"
208.80.193.29 - - [22/Mar/2010:19:50:02 -0700] "GET / HTTP/1.0" 200 910 "-" "Mozilla/4.0 (compatible; MSIE 6.0; Windows NT 5.1; SV1; .NET CLR 2.0.50727; MSN 6.1; MSNbMSFT; MSNmen-us; MSNc00)" "www.freehairsecrets.com"
174.142.68.135 - - [22/Mar/2010:19:53:20 -0700] "GET /?id1='' HTTP/1.1" 200 926 "-" "libwww-perl/5.834" "growlonghairfast.com"
200.93.147.154 - - [22/Mar/2010:19:53:26 -0700] "GET /logs/access.log//login.php?dir=' HTTP/1.1" 404 - "-" "libwww-perl/5.805" "www.freehairsecrets.com"
200.93.147.154 - - [22/Mar/2010:19:53:27 -0700] "GET /login.php?dir=' HTTP/1.1" 404 - "-" "libwww-perl/5.805" "www.freehairsecrets.com"
200.93.147.154 - - [22/Mar/2010:19:53:27 -0700] "GET /logs//login.php?dir=' HTTP/1.1" 404 - "-" "libwww-perl/5.805" "www.freehairsecrets.com"
174.142.68.135 - - [22/Mar/2010:20:05:57 -0700] "GET /logs/access_100104.log/?id1='' HTTP/1.1" 404 - "-" "libwww-perl/5.834" "growlonghairfast.com"
174.142.68.135 - - [22/Mar/2010:20:05:57 -0700] "GET /?id1='' HTTP/1.1" 200 926 "-" "libwww-perl/5.834" "growlonghairfast.com"
174.142.68.135 - - [22/Mar/2010:20:05:57 -0700] "GET /logs/?id1='' HTTP/1.1" 200 4799 "-" "libwww-perl/5.834" "growlonghairfast.com"
88.131.106.30 - - [22/Mar/2010:20:06:48 -0700] "GET /robots.txt HTTP/1.0" 404 - "-" "Mozilla/5.0 (Windows; U; Windows NT 5.1; en-US) Speedy Spider (http://www.entireweb.com/about/search_tech/speedy_spider/)" "www.freehairsecrets.com"
88.131.106.30 - - [22/Mar/2010:20:06:50 -0700] "GET /?D=A HTTP/1.0" 200 910 "-" "Mozilla/5.0 (Windows; U; Windows NT 5.1; en-US) Speedy Spider (http://www.entireweb.com/about/search_tech/speedy_spider/)" "www.freehairsecrets.com"
77.88.25.28 - - [22/Mar/2010:20:14:51 -0700] "GET /logs/access_091116.log HTTP/1.1" 200 718477 "-" "Yandex/1.01.001 (compatible; Win16; I)" "www.freehairsecrets.com"
69.162.125.155 - - [22/Mar/2010:20:22:42 -0700] "GET /logs/////administrator/components/com_sef/sef.php?mosConfig.absolute.path=http://snia2009.com/components/com_jce/zfxid1.txt?? HTTP/1.1" 404 - "-" "Mozilla/5.0" "growlonghairfast.com"
69.162.125.155 - - [22/Mar/2010:20:22:42 -0700] "GET /logs/access.log%20%20/////administrator/components/com_sef/sef.php?mosConfig.absolute.path=http://snia2009.com/components/com_jce/zfxid1.txt?? HTTP/1.1" 404 - "-" "Mozilla/5.0" "growlonghairfast.com"
69.162.125.155 - - [22/Mar/2010:20:22:42 -0700] "GET ////administrator/components/com_sef/sef.php?mosConfig.absolute.path=http://snia2009.com/components/com_jce/zfxid1.txt?? HTTP/1.0" 404 - "-" "Mozilla/5.0" "growlonghairfast.com"
88.131.106.30 - - [22/Mar/2010:20:26:44 -0700] "GET / HTTP/1.0" 200 910 "-" "Mozilla/5.0 (Windows; U; Windows NT 5.1; en-US) Speedy Spider (http://www.entireweb.com/about/search_tech/speedy_spider/)" "www.freehairsecrets.com"
69.162.125.155 - - [22/Mar/2010:20:34:58 -0700] "GET /administrator/components/com_sef/sef.php?mosConfig.absolute.path=http://snia2009.com/components/com_jce/zfxid1.txt?? HTTP/1.1" 404 - "-" "Mozilla/5.0" "growlonghairfast.com"
69.162.125.155 - - [22/Mar/2010:20:34:58 -0700] "GET /logs/access.log%20%20/administrator/components/com_sef/sef.php?mosConfig.absolute.path=http://snia2009.com/components/com_jce/zfxid1.txt?? HTTP/1.1" 404 - "-" "Mozilla/5.0" "growlonghairfast.com"
69.162.125.155 - - [22/Mar/2010:20:34:58 -0700] "GET /logs/administrator/components/com_sef/sef.php?mosConfig.absolute.path=http://snia2009.com/components/com_jce/zfxid1.txt?? HTTP/1.1" 404 - "-" "Mozilla/5.0" "growlonghairfast.com"
85.119.152.183 - - [22/Mar/2010:20:36:07 -0700] "GET /logs/access.log//index.php?option=com_sef&Itemid=&mosConfig.absolute.path=http://www.guianossacidade.com.br/logo/id1.txt?? HTTP/1.1" 404 - "-" "Mozilla/5.0" "www.freehairsecrets.com"
85.119.152.183 - - [22/Mar/2010:20:36:07 -0700] "GET /logs//index.php?option=com_sef&Itemid=&mosConfig.absolute.path=http://www.guianossacidade.com.br/logo/id1.txt?? HTTP/1.1" 404 - "-" "Mozilla/5.0" "www.freehairsecrets.com"
85.119.152.183 - - [22/Mar/2010:20:36:07 -0700] "GET /index.php?option=com_sef&Itemid=&mosConfig.absolute.path=http://www.guianossacidade.com.br/logo/id1.txt?? HTTP/1.1" 404 - "-" "Mozilla/5.0" "www.freehairsecrets.com"
85.119.152.183 - - [22/Mar/2010:20:36:29 -0700] "GET /logs/access.log//index.php?option=com_sef&Itemid=&mosConfig.absolute.path=http://www.guianossacidade.com.br/logo/id1.txt?? HTTP/1.1" 404 - "-" "Mozilla/5.0" "www.freehairsecrets.com"
85.119.152.183 - - [22/Mar/2010:20:36:29 -0700] "GET /logs//index.php?option=com_sef&Itemid=&mosConfig.absolute.path=http://www.guianossacidade.com.br/logo/id1.txt?? HTTP/1.1" 404 - "-" "Mozilla/5.0" "www.freehairsecrets.com"
85.119.152.183 - - [22/Mar/2010:20:36:29 -0700] "GET /index.php?option=com_sef&Itemid=&mosConfig.absolute.path=http://www.guianossacidade.com.br/logo/id1.txt?? HTTP/1.1" 404 - "-" "Mozilla/5.0" "www.freehairsecrets.com"
93.127.88.130 - - [22/Mar/2010:20:48:36 -0700] "GET /freehairsecretsphp/index.php HTTP/1.0" 200 333 "http://freehairsecrets.com/freehairsecretsphp/index.php" "Mozilla/4.0 (compatible; MSIE 6.0; Windows 98; Win 9x 4.90)" "freehairsecrets.com"
60.216.217.9 - - [22/Mar/2010:20:53:57 -0700] "GET /freehairsecretsphp/index.php HTTP/1.0" 200 333 "http://www.freehairsecrets.com/freehairsecretsphp/index.php" "Mozilla/4.0 (compatible; MSIE 6.0; Windows NT 5.1; FREE; .NET CLR 1.1.4322)" "www.freehairsecrets.com"
60.216.217.9 - - [22/Mar/2010:20:53:57 -0700] "GET / HTTP/1.0" 200 910 "http://www.freehairsecrets.com/" "Mozilla/4.0 (compatible; MSIE 6.0; Windows NT 5.1; FREE; .NET CLR 1.1.4322)" "www.freehairsecrets.com"
77.88.25.28 - - [22/Mar/2010:21:04:11 -0700] "GET / HTTP/1.1" 200 926 "-" "Yandex/1.01.001 (compatible; Win16; I)" "growlonghairfast.com"
200.93.147.154 - - [22/Mar/2010:21:13:29 -0700] "GET /logs//index2.php?option=com_joomlalib&Itemid=&mosConfig_absolute_path=http://www.daejeonmarathon.com/2002/zb//skin/ggambo7002_board/list/id1.txt?? HTTP/1.1" 404 - "-" "Mozilla/5.0" "growlonghairfast.com"
200.93.147.154 - - [22/Mar/2010:21:13:29 -0700] "GET /logs/access.log%20%20//index2.php?option=com_joomlalib&Itemid=&mosConfig_absolute_path=http://www.daejeonmarathon.com/2002/zb//skin/ggambo7002_board/list/id1.txt?? HTTP/1.1" 404 - "-" "Mozilla/5.0" "growlonghairfast.com"
200.93.147.154 - - [22/Mar/2010:21:13:32 -0700] "GET /index2.php?option=com_joomlalib&Itemid=&mosConfig_absolute_path=http://www.daejeonmarathon.com/2002/zb//skin/ggambo7002_board/list/id1.txt?? HTTP/1.1" 404 - "-" "Mozilla/5.0" "growlonghairfast.com"
121.22.42.22 - - [22/Mar/2010:21:15:05 -0700] "GET /logs/access_100208.log HTTP/1.0" 200 786432 "http://www.freehairsecrets.com/logs/access_100208.log" "Mozilla/4.0 (compatible; MSIE 6.0; Windows NT 5.1) Opera 7.54 [en]" "www.freehairsecrets.com"
92.114.249.30 - - [22/Mar/2010:21:16:07 -0700] "GET /freehairsecretsphp/index.php HTTP/1.0" 200 333 "http://growlonghairfast.com/freehairsecretsphp/index.php" "Mozilla/4.0 (compatible; MSIE 6.0; Windows NT 5.1; .NET CLR 1.1.4322)" "growlonghairfast.com"
92.114.249.30 - - [22/Mar/2010:21:16:07 -0700] "GET / HTTP/1.0" 200 910 "http://growlonghairfast.com/" "Mozilla/4.0 (compatible; MSIE 6.0; Windows NT 5.1; .NET CLR 1.1.4322)" "growlonghairfast.com"
200.93.147.154 - - [22/Mar/2010:21:19:16 -0700] "GET /index2.php?option=com_admin&Itemid=&mosConfig_absolute_path=http://www.daejeonmarathon.com/2002/zb//skin/ggambo7002_board/list/id1.txt?? HTTP/1.1" 404 - "-" "Mozilla/5.0" "growlonghairfast.com"
200.93.147.154 - - [22/Mar/2010:21:19:16 -0700] "GET /logs//index2.php?option=com_admin&Itemid=&mosConfig_absolute_path=http://www.daejeonmarathon.com/2002/zb//skin/ggambo7002_board/list/id1.txt?? HTTP/1.1" 404 - "-" "Mozilla/5.0" "growlonghairfast.com"
200.93.147.154 - - [22/Mar/2010:21:19:16 -0700] "GET /logs/access.log%20%20//index2.php?option=com_admin&Itemid=&mosConfig_absolute_path=http://www.daejeonmarathon.com/2002/zb//skin/ggambo7002_board/list/id1.txt?? HTTP/1.1" 404 - "-" "Mozilla/5.0" "growlonghairfast.com"
116.38.232.20 - - [22/Mar/2010:21:20:32 -0700] "GET /index.php?option=com_jreactions&Itemid=&mosConfig_absolute_path=http://www.barcamenando.it/open.txt??? HTTP/1.1" 404 - "-" "Mozilla/5.0" "growlonghairfast.com"
116.38.232.20 - - [22/Mar/2010:21:20:32 -0700] "GET /logs//index.php?option=com_jreactions&Itemid=&mosConfig_absolute_path=http://www.barcamenando.it/open.txt??? HTTP/1.1" 404 - "-" "Mozilla/5.0" "growlonghairfast.com"
116.38.232.20 - - [22/Mar/2010:21:20:32 -0700] "GET /logs/access_100125.log%20%20//index.php?option=com_jreactions&Itemid=&mosConfig_absolute_path=http://www.barcamenando.it/open.txt??? HTTP/1.1" 404 - "-" "Mozilla/5.0" "growlonghairfast.com"
212.241.177.123 - - [22/Mar/2010:21:22:46 -0700] "GET //bbs/delete_comment.php?board_skin_path=http://www.howtolisten.kr//bbs/data/com002/id1.txt? HTTP/1.1" 404 - "-" "Mozilla/5.0" "www.freehairsecrets.com"
212.241.177.123 - - [22/Mar/2010:21:22:47 -0700] "GET /logs///bbs/delete_comment.php?board_skin_path=http://www.howtolisten.kr//bbs/data/com002/id1.txt? HTTP/1.0" 404 - "-" "Mozilla/5.0" "www.freehairsecrets.com"
212.241.177.123 - - [22/Mar/2010:21:22:51 -0700] "GET /logs/access.log///bbs/delete_comment.php?board_skin_path=http://www.howtolisten.kr//bbs/data/com002/id1.txt? HTTP/1.1" 404 - "-" "Mozilla/5.0" "www.freehairsecrets.com"
77.88.25.28 - - [22/Mar/2010:21:23:38 -0700] "GET /logs/access_090907.log HTTP/1.1" 404 - "-" "Yandex/1.01.001 (compatible; Win16; I)" "www.freehairsecrets.com"
212.108.66.196 - - [22/Mar/2010:21:23:58 -0700] "GET //?_SERVER[DOCUMENT_ROOT]=http://72.52.245.180/~sealques/x/id1.txt??? HTTP/1.1" 200 926 "-" "Mozilla/5.0" "www.freehairsecrets.com"
212.108.66.196 - - [22/Mar/2010:21:23:58 -0700] "GET /logs/access.log///?_SERVER[DOCUMENT_ROOT]=http://72.52.245.180/~sealques/x/id1.txt??? HTTP/1.1" 404 - "-" "Mozilla/5.0" "www.freehairsecrets.com"
212.108.66.196 - - [22/Mar/2010:21:23:58 -0700] "GET /logs///?_SERVER[DOCUMENT_ROOT]=http://72.52.245.180/~sealques/x/id1.txt??? HTTP/1.1" 200 4805 "-" "Mozilla/5.0" "www.freehairsecrets.com"
222.107.105.120 - - [22/Mar/2010:21:24:07 -0700] "GET /logs/access.log///?_SERVER[DOCUMENT_ROOT]=http://www.odysseygrp.co.uk/images/idlab1.txt??? HTTP/1.1" 404 - "-" "Mozilla/5.0" "www.freehairsecrets.com"
222.107.105.120 - - [22/Mar/2010:21:24:07 -0700] "GET //?_SERVER[DOCUMENT_ROOT]=http://www.odysseygrp.co.uk/images/idlab1.txt??? HTTP/1.1" 200 926 "-" "Mozilla/5.0" "www.freehairsecrets.com"
222.107.105.120 - - [22/Mar/2010:21:24:07 -0700] "GET /logs///?_SERVER[DOCUMENT_ROOT]=http://www.odysseygrp.co.uk/images/idlab1.txt??? HTTP/1.1" 200 4805 "-" "Mozilla/5.0" "www.freehairsecrets.com"
212.108.66.196 - - [22/Mar/2010:21:25:34 -0700] "GET //?_SERVER[DOCUMENT_ROOT]=http://72.52.245.180/~sealques/x/id1.txt??? HTTP/1.1" 200 926 "-" "Mozilla/5.0" "www.freehairsecrets.com"
212.108.66.196 - - [22/Mar/2010:21:25:34 -0700] "GET /logs///?_SERVER[DOCUMENT_ROOT]=http://72.52.245.180/~sealques/x/id1.txt??? HTTP/1.1" 200 4805 "-" "Mozilla/5.0" "www.freehairsecrets.com"
212.108.66.196 - - [22/Mar/2010:21:25:34 -0700] "GET /logs/access.log///?_SERVER[DOCUMENT_ROOT]=http://72.52.245.180/~sealques/x/id1.txt??? HTTP/1.1" 404 - "-" "Mozilla/5.0" "www.freehairsecrets.com"
212.108.66.196 - - [22/Mar/2010:21:31:27 -0700] "GET /logs/access.log///?_SERVER[DOCUMENT_ROOT]=http://72.52.245.180/~sealques/x/id1.txt??? HTTP/1.1" 404 - "-" "Mozilla/5.0" "growlonghairfast.com"
212.108.66.196 - - [22/Mar/2010:21:31:27 -0700] "GET //?_SERVER[DOCUMENT_ROOT]=http://72.52.245.180/~sealques/x/id1.txt??? HTTP/1.1" 200 926 "-" "Mozilla/5.0" "growlonghairfast.com"
212.108.66.196 - - [22/Mar/2010:21:31:27 -0700] "GET /logs///?_SERVER[DOCUMENT_ROOT]=http://72.52.245.180/~sealques/x/id1.txt??? HTTP/1.1" 200 4805 "-" "Mozilla/5.0" "growlonghairfast.com"
212.108.66.196 - - [22/Mar/2010:21:32:58 -0700] "GET /logs/access.log///?_SERVER[DOCUMENT_ROOT]=http://72.52.245.180/~sealques/x/id1.txt??? HTTP/1.1" 404 - "-" "Mozilla/5.0" "growlonghairfast.com"
212.108.66.196 - - [22/Mar/2010:21:32:58 -0700] "GET /logs///?_SERVER[DOCUMENT_ROOT]=http://72.52.245.180/~sealques/x/id1.txt??? HTTP/1.1" 200 4805 "-" "Mozilla/5.0" "growlonghairfast.com"
212.108.66.196 - - [22/Mar/2010:21:32:58 -0700] "GET //?_SERVER[DOCUMENT_ROOT]=http://72.52.245.180/~sealques/x/id1.txt??? HTTP/1.1" 200 926 "-" "Mozilla/5.0" "growlonghairfast.com"
206.225.93.58 - - [22/Mar/2010:21:33:39 -0700] "GET /logs/access_100104.log%20%20//appserv/main.php?appserv_root=http://sparklygreeneyes.com/files/.data/id1.txt??? HTTP/1.1" 404 - "-" "Mozilla/5.0" "growlonghairfast.com"
206.225.93.58 - - [22/Mar/2010:21:33:39 -0700] "GET /logs//appserv/main.php?appserv_root=http://sparklygreeneyes.com/files/.data/id1.txt??? HTTP/1.1" 404 - "-" "Mozilla/5.0" "growlonghairfast.com"
206.225.93.58 - - [22/Mar/2010:21:33:39 -0700] "GET /appserv/main.php?appserv_root=http://sparklygreeneyes.com/files/.data/id1.txt??? HTTP/1.1" 404 - "-" "Mozilla/5.0" "growlonghairfast.com"
206.225.93.58 - - [22/Mar/2010:21:36:04 -0700] "GET /logs/access_091228.log%20%20//appserv/main.php?appserv_root=http://sparklygreeneyes.com/files/.data/id1.txt??? HTTP/1.1" 404 - "-" "Mozilla/5.0" "growlonghairfast.com"
206.225.93.58 - - [22/Mar/2010:21:36:12 -0700] "GET /logs/access_100104.log%20%20//appserv/main.php?appserv_root=http://sparklygreeneyes.com/files/.data/id1.txt??? HTTP/1.1" 404 - "-" "Mozilla/5.0" "growlonghairfast.com"
206.225.93.58 - - [22/Mar/2010:21:36:12 -0700] "GET /appserv/main.php?appserv_root=http://sparklygreeneyes.com/files/.data/id1.txt??? HTTP/1.1" 404 - "-" "Mozilla/5.0" "growlonghairfast.com"
206.225.93.58 - - [22/Mar/2010:21:36:12 -0700] "GET /logs//appserv/main.php?appserv_root=http://sparklygreeneyes.com/files/.data/id1.txt??? HTTP/1.1" 404 - "-" "Mozilla/5.0" "growlonghairfast.com"
206.225.93.58 - - [22/Mar/2010:21:38:59 -0700] "GET /logs/access_091228.log%20%20//appserv/main.php?appserv_root=http://sparklygreeneyes.com/files/.data/id1.txt??? HTTP/1.1" 404 - "-" "Mozilla/5.0" "growlonghairfast.com"
119.63.198.73 - - [22/Mar/2010:21:41:17 -0700] "GET /freehairsecretsphp/viewtopic.php?p=13117 HTTP/1.1" 200 349 "-" "Baiduspider+(+http://www.baidu.jp/spider/)" "freehairsecrets.com"
220.181.7.128 - - [22/Mar/2010:21:42:04 -0700] "GET /freehairsecretsphp/viewtopic.php?p=3308 HTTP/1.1" 200 349 "-" "Baiduspider+(+http://www.baidu.com/search/spider.htm)" "www.freehairsecrets.com"
204.236.211.159 - - [22/Mar/2010:21:43:15 -0700] "GET /logs/access_091130.log HTTP/1.1" 200 524288 "-" "Mozilla/4.0 (compatible; MSIE 8.0; Windows NT 5.1; Trident/4.0)" "growlonghairfast.com"
220.181.94.213 - - [22/Mar/2010:21:45:48 -0700] "GET /robots.txt HTTP/1.1" 404 - "-" "-" "growlonghairfast.com"
220.181.94.213 - - [22/Mar/2010:21:46:23 -0700] "GET /freehairsecretsphp/viewtopic.php?p=785 HTTP/1.0" 200 333 "-" "Sogou web spider/4.0(+http://www.sogou.com/docs/help/webmasters.htm#07)" "growlonghairfast.com"
212.108.66.196 - - [22/Mar/2010:21:47:39 -0700] "GET /logs///?_SERVER[DOCUMENT_ROOT]=http://72.52.245.180/~sealques/x/id1.txt??? HTTP/1.1" 200 4805 "-" "Mozilla/5.0" "growlonghairfast.com"
212.108.66.196 - - [22/Mar/2010:21:47:39 -0700] "GET /logs/access.log///?_SERVER[DOCUMENT_ROOT]=http://72.52.245.180/~sealques/x/id1.txt??? HTTP/1.1" 404 - "-" "Mozilla/5.0" "growlonghairfast.com"
212.108.66.196 - - [22/Mar/2010:21:47:39 -0700] "GET //?_SERVER[DOCUMENT_ROOT]=http://72.52.245.180/~sealques/x/id1.txt??? HTTP/1.0" 200 910 "-" "Mozilla/5.0" "growlonghairfast.com"
212.108.66.196 - - [22/Mar/2010:21:48:08 -0700] "GET //?_SERVER[DOCUMENT_ROOT]=http://72.52.245.180/~sealques/x/id1.txt??? HTTP/1.0" 200 910 "-" "Mozilla/5.0" "growlonghairfast.com"
212.108.66.196 - - [22/Mar/2010:21:48:08 -0700] "GET /logs///?_SERVER[DOCUMENT_ROOT]=http://72.52.245.180/~sealques/x/id1.txt??? HTTP/1.1" 200 4805 "-" "Mozilla/5.0" "growlonghairfast.com"
212.108.66.196 - - [22/Mar/2010:21:48:09 -0700] "GET /logs/access.log///?_SERVER[DOCUMENT_ROOT]=http://72.52.245.180/~sealques/x/id1.txt??? HTTP/1.1" 404 - "-" "Mozilla/5.0" "growlonghairfast.com"
173.203.215.83 - - [22/Mar/2010:21:49:07 -0700] "GET /logs//components/com_virtuemart/show_image_in_imgtag.php?mosConfig.absolute.path=http://www.daejeonmarathon.com/2002/zb//skin/ggambo7002_board//list/respon1.txt? HTTP/1.1" 404 - "-" "Mozilla/5.0" "growlonghairfast.com"
173.203.215.83 - - [22/Mar/2010:21:49:07 -0700] "GET /components/com_virtuemart/show_image_in_imgtag.php?mosConfig.absolute.path=http://www.daejeonmarathon.com/2002/zb//skin/ggambo7002_board//list/respon1.txt? HTTP/1.1" 404 - "-" "Mozilla/5.0" "growlonghairfast.com"
173.203.215.83 - - [22/Mar/2010:21:49:07 -0700] "GET /logs/access_091012.log//components/com_virtuemart/show_image_in_imgtag.php?mosConfig.absolute.path=http://www.daejeonmarathon.com/2002/zb//skin/ggambo7002_board//list/respon1.txt? HTTP/1.1" 404 - "-" "Mozilla/5.0" "growlonghairfast.com"
119.63.198.104 - - [22/Mar/2010:21:49:52 -0700] "GET /freehairsecretsphp/viewtopic.php?p=12024 HTTP/1.1" 200 349 "-" "Baiduspider+(+http://www.baidu.jp/spider/)" "www.freehairsecrets.com"
173.203.215.83 - - [22/Mar/2010:21:50:08 -0700] "GET /logs/access.log//components/com_virtuemart/show_image_in_imgtag.php?mosConfig.absolute.path=http://www.daejeonmarathon.com/2002/zb//skin/ggambo7002_board//list/respon1.txt? HTTP/1.1" 404 - "-" "Mozilla/5.0" "www.freehairsecrets.com"
173.203.215.83 - - [22/Mar/2010:21:50:08 -0700] "GET /logs//components/com_virtuemart/show_image_in_imgtag.php?mosConfig.absolute.path=http://www.daejeonmarathon.com/2002/zb//skin/ggambo7002_board//list/respon1.txt? HTTP/1.1" 404 - "-" "Mozilla/5.0" "www.freehairsecrets.com"
173.203.215.83 - - [22/Mar/2010:21:50:08 -0700] "GET /components/com_virtuemart/show_image_in_imgtag.php?mosConfig.absolute.path=http://www.daejeonmarathon.com/2002/zb//skin/ggambo7002_board//list/respon1.txt? HTTP/1.1" 404 - "-" "Mozilla/5.0" "www.freehairsecrets.com"
173.203.215.83 - - [22/Mar/2010:21:51:28 -0700] "GET /logs/access_091130.log//components/com_virtuemart/show_image_in_imgtag.php?mosConfig.absolute.path=http://www.daejeonmarathon.com/2002/zb//skin/ggambo7002_board//list/respon1.txt? HTTP/1.0" 404 - "-" "Mozilla/5.0" "www.freehairsecrets.com"
119.63.198.103 - - [22/Mar/2010:21:51:33 -0700] "GET /freehairsecretsphp/viewtopic.php?p=13319 HTTP/1.1" 200 349 "-" "Baiduspider+(+http://www.baidu.jp/spider/)" "freehairsecrets.com"
173.203.215.83 - - [22/Mar/2010:21:51:55 -0700] "GET /components/com_virtuemart/show_image_in_imgtag.php?mosConfig.absolute.path=http://www.daejeonmarathon.com/2002/zb//skin/ggambo7002_board//list/respon1.txt? HTTP/1.1" 404 - "-" "Mozilla/5.0" "growlonghairfast.com"
173.203.215.83 - - [22/Mar/2010:21:51:55 -0700] "GET /logs//components/com_virtuemart/show_image_in_imgtag.php?mosConfig.absolute.path=http://www.daejeonmarathon.com/2002/zb//skin/ggambo7002_board//list/respon1.txt? HTTP/1.1" 404 - "-" "Mozilla/5.0" "growlonghairfast.com"
173.203.215.83 - - [22/Mar/2010:21:51:55 -0700] "GET /logs/access_091012.log%20%20//components/com_virtuemart/show_image_in_imgtag.php?mosConfig.absolute.path=http://www.daejeonmarathon.com/2002/zb//skin/ggambo7002_board//list/respon1.txt? HTTP/1.0" 404 - "-" "Mozilla/5.0" "growlonghairfast.com"
173.203.215.83 - - [22/Mar/2010:21:52:09 -0700] "GET /logs//components/com_virtuemart/show_image_in_imgtag.php?mosConfig.absolute.path=http://www.daejeonmarathon.com/2002/zb//skin/ggambo7002_board/list/respon1.txt?? HTTP/1.1" 404 - "-" "Mozilla/5.0" "growlonghairfast.com"
173.203.215.83 - - [22/Mar/2010:21:52:09 -0700] "GET /components/com_virtuemart/show_image_in_imgtag.php?mosConfig.absolute.path=http://www.daejeonmarathon.com/2002/zb//skin/ggambo7002_board/list/respon1.txt?? HTTP/1.1" 404 - "-" "Mozilla/5.0" "growlonghairfast.com"
173.203.215.83 - - [22/Mar/2010:21:52:09 -0700] "GET /logs/access_091012.log%20%20//components/com_virtuemart/show_image_in_imgtag.php?mosConfig.absolute.path=http://www.daejeonmarathon.com/2002/zb//skin/ggambo7002_board/list/respon1.txt?? HTTP/1.1" 404 - "-" "Mozilla/5.0" "growlonghairfast.com"
87.106.132.3 - - [22/Mar/2010:21:52:11 -0700] "GET /logs//components/com_virtuemart/show_image_in_imgtag.php?mosConfig.absolute.path=http://www.daejeonmarathon.com/2002/zb//skin/ggambo7002_board/list/respon1.txt?? HTTP/1.1" 404 - "-" "Mozilla/5.0" "growlonghairfast.com"
87.106.132.3 - - [22/Mar/2010:21:52:11 -0700] "GET /components/com_virtuemart/show_image_in_imgtag.php?mosConfig.absolute.path=http://www.daejeonmarathon.com/2002/zb//skin/ggambo7002_board/list/respon1.txt?? HTTP/1.1" 404 - "-" "Mozilla/5.0" "growlonghairfast.com"
87.106.132.3 - - [22/Mar/2010:21:52:11 -0700] "GET /logs/access_091012.log//components/com_virtuemart/show_image_in_imgtag.php?mosConfig.absolute.path=http://www.daejeonmarathon.com/2002/zb//skin/ggambo7002_board/list/respon1.txt?? HTTP/1.1" 404 - "-" "Mozilla/5.0" "growlonghairfast.com"
87.106.132.3 - - [22/Mar/2010:21:52:56 -0700] "GET /components/com_virtuemart/show_image_in_imgtag.php?mosConfig.absolute.path=http://www.daejeonmarathon.com/2002/zb//skin/ggambo7002_board/list/respon1.txt?? HTTP/1.1" 404 - "-" "Mozilla/5.0" "growlonghairfast.com"
87.106.132.3 - - [22/Mar/2010:21:52:56 -0700] "GET /logs//components/com_virtuemart/show_image_in_imgtag.php?mosConfig.absolute.path=http://www.daejeonmarathon.com/2002/zb//skin/ggambo7002_board/list/respon1.txt?? HTTP/1.1" 404 - "-" "Mozilla/5.0" "growlonghairfast.com"
87.106.132.3 - - [22/Mar/2010:21:52:56 -0700] "GET /logs/access_091012.log//components/com_virtuemart/show_image_in_imgtag.php?mosConfig.absolute.path=http://www.daejeonmarathon.com/2002/zb//skin/ggambo7002_board/list/respon1.txt?? HTTP/1.1" 404 - "-" "Mozilla/5.0" "growlonghairfast.com"
174.129.112.194 - - [22/Mar/2010:21:53:26 -0700] "GET /robots.txt HTTP/1.1" 404 - "-" "Mozilla/5.0 (compatible; spbot/2.0.2; +http://www.seoprofiler.com/bot/ )" "growlonghairfast.com"
174.129.112.194 - - [22/Mar/2010:21:53:27 -0700] "GET /freehairsecretsphp/viewtopic.php?p=12812 HTTP/1.1" 200 349 "-" "Mozilla/5.0 (compatible; spbot/2.0.2; +http://www.seoprofiler.com/bot/ )" "growlonghairfast.com"
119.63.198.99 - - [22/Mar/2010:21:55:15 -0700] "GET /freehairsecretsphp/viewtopic.php?p=15790 HTTP/1.1" 200 349 "-" "Baiduspider+(+http://www.baidu.jp/spider/)" "freehairsecrets.com"
87.106.132.3 - - [22/Mar/2010:21:55:16 -0700] "GET /components/com_virtuemart/show_image_in_imgtag.php?mosConfig.absolute.path=http://www.daejeonmarathon.com/2002/zb//skin/ggambo7002_board/list/respon1.txt?? HTTP/1.1" 404 - "-" "Mozilla/5.0" "growlonghairfast.com"
87.106.132.3 - - [22/Mar/2010:21:55:16 -0700] "GET /logs//components/com_virtuemart/show_image_in_imgtag.php?mosConfig.absolute.path=http://www.daejeonmarathon.com/2002/zb//skin/ggambo7002_board/list/respon1.txt?? HTTP/1.1" 404 - "-" "Mozilla/5.0" "growlonghairfast.com"
87.106.132.3 - - [22/Mar/2010:21:55:16 -0700] "GET /logs/access_091012.log%20%20//components/com_virtuemart/show_image_in_imgtag.php?mosConfig.absolute.path=http://www.daejeonmarathon.com/2002/zb//skin/ggambo7002_board/list/respon1.txt?? HTTP/1.1" 404 - "-" "Mozilla/5.0" "growlonghairfast.com"
87.106.132.3 - - [22/Mar/2010:21:55:17 -0700] "GET /components/com_virtuemart/show_image_in_imgtag.php?mosConfig.absolute.path=http://www.daejeonmarathon.com/2002/zb//skin/ggambo7002_board/list/respon1.txt?? HTTP/1.1" 404 - "-" "Mozilla/5.0" "growlonghairfast.com"
87.106.132.3 - - [22/Mar/2010:21:55:17 -0700] "GET /logs//components/com_virtuemart/show_image_in_imgtag.php?mosConfig.absolute.path=http://www.daejeonmarathon.com/2002/zb//skin/ggambo7002_board/list/respon1.txt?? HTTP/1.1" 404 - "-" "Mozilla/5.0" "growlonghairfast.com"
87.106.132.3 - - [22/Mar/2010:21:55:17 -0700] "GET /logs/access_091012.log%20%20//components/com_virtuemart/show_image_in_imgtag.php?mosConfig.absolute.path=http://www.daejeonmarathon.com/2002/zb//skin/ggambo7002_board/list/respon1.txt?? HTTP/1.1" 404 - "-" "Mozilla/5.0" "growlonghairfast.com"
87.106.132.3 - - [22/Mar/2010:21:55:31 -0700] "GET /components/com_virtuemart/show_image_in_imgtag.php?mosConfig.absolute.path=http://www.daejeonmarathon.com/2002/zb//skin/ggambo7002_board/list/respon1.txt?? HTTP/1.1" 404 - "-" "Mozilla/5.0" "growlonghairfast.com"
87.106.132.3 - - [22/Mar/2010:21:55:31 -0700] "GET /logs//components/com_virtuemart/show_image_in_imgtag.php?mosConfig.absolute.path=http://www.daejeonmarathon.com/2002/zb//skin/ggambo7002_board/list/respon1.txt?? HTTP/1.1" 404 - "-" "Mozilla/5.0" "growlonghairfast.com"
87.106.132.3 - - [22/Mar/2010:21:55:31 -0700] "GET /logs/access_091012.log%20%20//components/com_virtuemart/show_image_in_imgtag.php?mosConfig.absolute.path=http://www.daejeonmarathon.com/2002/zb//skin/ggambo7002_board/list/respon1.txt?? HTTP/1.1" 404 - "-" "Mozilla/5.0" "growlonghairfast.com"
222.107.105.120 - - [22/Mar/2010:21:55:37 -0700] "GET //?_SERVER[DOCUMENT_ROOT]=http://www.odysseygrp.co.uk/images/idlab1.txt??? HTTP/1.1" 200 926 "-" "Mozilla/5.0" "growlonghairfast.com"
222.107.105.120 - - [22/Mar/2010:21:55:37 -0700] "GET /logs///?_SERVER[DOCUMENT_ROOT]=http://www.odysseygrp.co.uk/images/idlab1.txt??? HTTP/1.1" 200 4805 "-" "Mozilla/5.0" "growlonghairfast.com"
222.107.105.120 - - [22/Mar/2010:21:55:38 -0700] "GET /logs/access.log///?_SERVER[DOCUMENT_ROOT]=http://www.odysseygrp.co.uk/images/idlab1.txt??? HTTP/1.1" 404 - "-" "Mozilla/5.0" "growlonghairfast.com"
125.247.160.130 - - [22/Mar/2010:21:55:40 -0700] "GET /logs//components/com_virtuemart/show_image_in_imgtag.php?mosConfig.absolute.path=http://www.daejeonmarathon.com/2002/zb//skin/ggambo7002_board/list/respon1.txt?? HTTP/1.1" 404 - "-" "Mozilla/5.0" "growlonghairfast.com"
125.247.160.130 - - [22/Mar/2010:21:55:40 -0700] "GET /logs/access_091012.log%20%20//components/com_virtuemart/show_image_in_imgtag.php?mosConfig.absolute.path=http://www.daejeonmarathon.com/2002/zb//skin/ggambo7002_board/list/respon1.txt?? HTTP/1.1" 404 - "-" "Mozilla/5.0" "growlonghairfast.com"
125.247.160.130 - - [22/Mar/2010:21:55:40 -0700] "GET /components/com_virtuemart/show_image_in_imgtag.php?mosConfig.absolute.path=http://www.daejeonmarathon.com/2002/zb//skin/ggambo7002_board/list/respon1.txt?? HTTP/1.1" 404 - "-" "Mozilla/5.0" "growlonghairfast.com"
212.241.177.123 - - [22/Mar/2010:21:55:44 -0700] "GET /logs/access.log%20%20///bbs/delete_comment.php?board_skin_path=http://www.howtolisten.kr//bbs/data/com002/id1.txt? HTTP/1.1" 404 - "-" "Mozilla/5.0" "www.freehairsecrets.com"
125.247.160.130 - - [22/Mar/2010:21:56:06 -0700] "GET /components/com_virtuemart/show_image_in_imgtag.php?mosConfig.absolute.path=http://www.daejeonmarathon.com/2002/zb//skin/ggambo7002_board/list/respon1.txt?? HTTP/1.0" 404 - "-" "Mozilla/5.0" "growlonghairfast.com"
125.247.160.130 - - [22/Mar/2010:21:56:06 -0700] "GET /logs/access_091012.log%20%20//components/com_virtuemart/show_image_in_imgtag.php?mosConfig.absolute.path=http://www.daejeonmarathon.com/2002/zb//skin/ggambo7002_board/list/respon1.txt?? HTTP/1.1" 404 - "-" "Mozilla/5.0" "growlonghairfast.com"
125.247.160.130 - - [22/Mar/2010:21:56:10 -0700] "GET /logs//components/com_virtuemart/show_image_in_imgtag.php?mosConfig.absolute.path=http://www.daejeonmarathon.com/2002/zb//skin/ggambo7002_board/list/respon1.txt?? HTTP/1.1" 404 - "-" "Mozilla/5.0" "growlonghairfast.com"
125.247.160.130 - - [22/Mar/2010:21:56:10 -0700] "GET /components/com_virtuemart/show_image_in_imgtag.php?mosConfig.absolute.path=http://www.daejeonmarathon.com/2002/zb//skin/ggambo7002_board/list/respon1.txt?? HTTP/1.1" 404 - "-" "Mozilla/5.0" "growlonghairfast.com"
125.247.160.130 - - [22/Mar/2010:21:56:10 -0700] "GET /logs/access_091012.log%20%20//components/com_virtuemart/show_image_in_imgtag.php?mosConfig.absolute.path=http://www.daejeonmarathon.com/2002/zb//skin/ggambo7002_board/list/respon1.txt?? HTTP/1.0" 404 - "-" "Mozilla/5.0" "growlonghairfast.com"
125.247.160.130 - - [22/Mar/2010:21:56:11 -0700] "GET /logs//components/com_virtuemart/show_image_in_imgtag.php?mosConfig.absolute.path=http://www.daejeonmarathon.com/2002/zb//skin/ggambo7002_board/list/respon1.txt?? HTTP/1.1" 404 - "-" "Mozilla/5.0" "growlonghairfast.com"
173.203.215.83 - - [22/Mar/2010:21:56:19 -0700] "GET /logs///?_SERVER[DOCUMENT_ROOT]=http://www.daejeonmarathon.com/2002/zb//skin/ggambo7002_board/list/respon1.txt?? HTTP/1.1" 200 4805 "-" "Mozilla/5.0" "growlonghairfast.com"
173.203.215.83 - - [22/Mar/2010:21:56:19 -0700] "GET /logs/access.log%20%20///?_SERVER[DOCUMENT_ROOT]=http://www.daejeonmarathon.com/2002/zb//skin/ggambo7002_board/list/respon1.txt?? HTTP/1.1" 404 - "-" "Mozilla/5.0" "growlonghairfast.com"
173.203.215.83 - - [22/Mar/2010:21:56:19 -0700] "GET //?_SERVER[DOCUMENT_ROOT]=http://www.daejeonmarathon.com/2002/zb//skin/ggambo7002_board/list/respon1.txt?? HTTP/1.1" 200 926 "-" "Mozilla/5.0" "growlonghairfast.com"
212.241.177.123 - - [22/Mar/2010:21:57:19 -0700] "GET //bbs/delete_comment.php?board_skin_path=http://www.howtolisten.kr//bbs/data/com002/id1.txt? HTTP/1.1" 404 - "-" "Mozilla/5.0" "growlonghairfast.com"
212.241.177.123 - - [22/Mar/2010:21:57:19 -0700] "GET /logs///bbs/delete_comment.php?board_skin_path=http://www.howtolisten.kr//bbs/data/com002/id1.txt? HTTP/1.1" 404 - "-" "Mozilla/5.0" "growlonghairfast.com"
212.241.177.123 - - [22/Mar/2010:21:57:19 -0700] "GET /logs/access.log%20%20///bbs/delete_comment.php?board_skin_path=http://www.howtolisten.kr//bbs/data/com002/id1.txt? HTTP/1.1" 404 - "-" "Mozilla/5.0" "growlonghairfast.com"
125.247.160.130 - - [22/Mar/2010:21:57:30 -0700] "GET /logs/access.log%20%20///?_SERVER[DOCUMENT_ROOT]=http://www.daejeonmarathon.com/2002/zb//skin/ggambo7002_board/list/respon1.txt?? HTTP/1.1" 404 - "-" "Mozilla/5.0" "growlonghairfast.com"
125.247.160.130 - - [22/Mar/2010:21:57:30 -0700] "GET /logs///?_SERVER[DOCUMENT_ROOT]=http://www.daejeonmarathon.com/2002/zb//skin/ggambo7002_board/list/respon1.txt?? HTTP/1.1" 200 4805 "-" "Mozilla/5.0" "growlonghairfast.com"
125.247.160.130 - - [22/Mar/2010:21:57:35 -0700] "GET //?_SERVER[DOCUMENT_ROOT]=http://www.daejeonmarathon.com/2002/zb//skin/ggambo7002_board/list/respon1.txt?? HTTP/1.1" 200 926 "-" "Mozilla/5.0" "growlonghairfast.com"
125.247.160.130 - - [22/Mar/2010:22:01:50 -0700] "GET /logs/access.log%20%20///?_SERVER[DOCUMENT_ROOT]=http://www.daejeonmarathon.com/2002/zb//skin/ggambo7002_board/list/respon1.txt?? HTTP/1.1" 404 - "-" "Mozilla/5.0" "growlonghairfast.com"
125.247.160.130 - - [22/Mar/2010:22:01:50 -0700] "GET /logs///?_SERVER[DOCUMENT_ROOT]=http://www.daejeonmarathon.com/2002/zb//skin/ggambo7002_board/list/respon1.txt?? HTTP/1.1" 200 4805 "-" "Mozilla/5.0" "growlonghairfast.com"
125.247.160.130 - - [22/Mar/2010:22:01:55 -0700] "GET //?_SERVER[DOCUMENT_ROOT]=http://www.daejeonmarathon.com/2002/zb//skin/ggambo7002_board/list/respon1.txt?? HTTP/1.1" 200 926 "-" "Mozilla/5.0" "growlonghairfast.com"
119.63.198.103 - - [22/Mar/2010:22:03:27 -0700] "GET /freehairsecretsphp/viewtopic.php?p=16234 HTTP/1.1" 200 349 "-" "Baiduspider+(+http://www.baidu.jp/spider/)" "freehairsecrets.com"
222.107.105.120 - - [22/Mar/2010:22:05:16 -0700] "GET /logs/access.log///?_SERVER[DOCUMENT_ROOT]=http://www.odysseygrp.co.uk/images/idlab1.txt??? HTTP/1.1" 404 - "-" "Mozilla/5.0" "www.freehairsecrets.com"
222.107.105.120 - - [22/Mar/2010:22:05:16 -0700] "GET //?_SERVER[DOCUMENT_ROOT]=http://www.odysseygrp.co.uk/images/idlab1.txt??? HTTP/1.1" 200 926 "-" "Mozilla/5.0" "www.freehairsecrets.com"
222.107.105.120 - - [22/Mar/2010:22:05:16 -0700] "GET /logs///?_SERVER[DOCUMENT_ROOT]=http://www.odysseygrp.co.uk/images/idlab1.txt??? HTTP/1.0" 200 4789 "-" "Mozilla/5.0" "www.freehairsecrets.com"
88.191.94.188 - - [22/Mar/2010:22:05:19 -0700] "GET /logs/access_091012.log%20%20//language/lang_german/lang_main_album.php?phpbb_root_path=http://www.howtolisten.kr/lct/exam3/111/id1.txt??? HTTP/1.1" 404 - "-" "Mozilla/5.0" "growlonghairfast.com"
88.191.94.188 - - [22/Mar/2010:22:05:19 -0700] "GET /language/lang_german/lang_main_album.php?phpbb_root_path=http://www.howtolisten.kr/lct/exam3/111/id1.txt??? HTTP/1.1" 404 - "-" "Mozilla/5.0" "growlonghairfast.com"
88.191.94.188 - - [22/Mar/2010:22:05:19 -0700] "GET /logs//language/lang_german/lang_main_album.php?phpbb_root_path=http://www.howtolisten.kr/lct/exam3/111/id1.txt??? HTTP/1.1" 404 - "-" "Mozilla/5.0" "growlonghairfast.com"
88.191.94.188 - - [22/Mar/2010:22:05:27 -0700] "GET /logs//language/lang_german/lang_main_album.php?phpbb_root_path=http://www.howtolisten.kr/lct/exam3/111/id1.txt??? HTTP/1.1" 404 - "-" "Mozilla/5.0" "growlonghairfast.com"
88.191.94.188 - - [22/Mar/2010:22:05:27 -0700] "GET /logs/access_091012.log%20%20//language/lang_german/lang_main_album.php?phpbb_root_path=http://www.howtolisten.kr/lct/exam3/111/id1.txt??? HTTP/1.1" 404 - "-" "Mozilla/5.0" "growlonghairfast.com"
88.191.94.188 - - [22/Mar/2010:22:05:28 -0700] "GET /language/lang_german/lang_main_album.php?phpbb_root_path=http://www.howtolisten.kr/lct/exam3/111/id1.txt??? HTTP/1.1" 404 - "-" "Mozilla/5.0" "growlonghairfast.com"
125.247.160.130 - - [22/Mar/2010:22:07:24 -0700] "GET //?_SERVER[DOCUMENT_ROOT]=http://www.daejeonmarathon.com/2002/zb//skin/ggambo7002_board/list/respon1.txt?? HTTP/1.1" 200 926 "-" "Mozilla/5.0" "growlonghairfast.com"
125.247.160.130 - - [22/Mar/2010:22:07:24 -0700] "GET /logs///?_SERVER[DOCUMENT_ROOT]=http://www.daejeonmarathon.com/2002/zb//skin/ggambo7002_board/list/respon1.txt?? HTTP/1.0" 200 4789 "-" "Mozilla/5.0" "growlonghairfast.com"
125.247.160.130 - - [22/Mar/2010:22:07:24 -0700] "GET /logs/access.log%20%20///?_SERVER[DOCUMENT_ROOT]=http://www.daejeonmarathon.com/2002/zb//skin/ggambo7002_board/list/respon1.txt?? HTTP/1.1" 404 - "-" "Mozilla/5.0" "growlonghairfast.com"
88.191.94.188 - - [22/Mar/2010:22:07:55 -0700] "GET /logs/access_091012.log//language/lang_german/lang_main_album.php?phpbb_root_path=http://www.howtolisten.kr/lct/exam3/111/id1.txt??? HTTP/1.1" 404 - "-" "Mozilla/5.0" "growlonghairfast.com"
88.191.94.188 - - [22/Mar/2010:22:08:04 -0700] "GET /logs/access_091012.log//language/lang_german/lang_main_album.php?phpbb_root_path=http://www.howtolisten.kr/lct/exam3/111/id1.txt??? HTTP/1.1" 404 - "-" "Mozilla/5.0" "growlonghairfast.com"
119.63.193.75 - - [22/Mar/2010:22:08:15 -0700] "GET /freehairsecretsphp/viewtopic.php HTTP/1.1" 200 128 "-" "Baiduspider+(+http://www.baidu.jp/spider/)" "freehairsecrets.com"
119.63.198.118 - - [22/Mar/2010:22:09:30 -0700] "GET /freehairsecretsphp/viewtopic.php?p=12035 HTTP/1.1" 200 349 "-" "Baiduspider+(+http://www.baidu.jp/spider/)" "www.freehairsecrets.com"
200.93.147.154 - - [22/Mar/2010:22:09:32 -0700] "GET /logs/access_091012.log%20%20//components/com_virtuemart/show_image_in_imgtag.php?mosConfig.absolute.path=http://www.daejeonmarathon.com/2002/zb//skin/ggambo7002_board/list/id1.txt?? HTTP/1.1" 404 - "-" "Mozilla/5.0" "growlonghairfast.com"
200.93.147.154 - - [22/Mar/2010:22:09:32 -0700] "GET /logs//components/com_virtuemart/show_image_in_imgtag.php?mosConfig.absolute.path=http://www.daejeonmarathon.com/2002/zb//skin/ggambo7002_board/list/id1.txt?? HTTP/1.1" 404 - "-" "Mozilla/5.0" "growlonghairfast.com"
200.93.147.154 - - [22/Mar/2010:22:09:32 -0700] "GET /components/com_virtuemart/show_image_in_imgtag.php?mosConfig.absolute.path=http://www.daejeonmarathon.com/2002/zb//skin/ggambo7002_board/list/id1.txt?? HTTP/1.1" 404 - "-" "Mozilla/5.0" "growlonghairfast.com"
119.63.198.80 - - [22/Mar/2010:22:09:56 -0700] "GET /freehairsecretsphp/viewtopic.php?p=12048 HTTP/1.1" 200 349 "-" "Baiduspider+(+http://www.baidu.jp/spider/)" "www.freehairsecrets.com"
119.63.198.122 - - [22/Mar/2010:22:10:14 -0700] "GET /freehairsecretsphp/viewtopic.php?p=12075 HTTP/1.1" 200 349 "-" "Baiduspider+(+http://www.baidu.jp/spider/)" "www.freehairsecrets.com"
119.63.193.75 - - [22/Mar/2010:22:10:16 -0700] "GET /freehairsecretsphp/viewtopic.php?p=6472 HTTP/1.1" 200 349 "-" "Baiduspider+(+http://www.baidu.jp/spider/)" "freehairsecrets.com"
200.93.147.154 - - [22/Mar/2010:22:11:34 -0700] "GET /components/com_virtuemart/show_image_in_imgtag.php?mosConfig.absolute.path=http://www.daejeonmarathon.com/2002/zb//skin/ggambo7002_board/list/id1.txt?? HTTP/1.1" 404 - "-" "Mozilla/5.0" "growlonghairfast.com"
200.93.147.154 - - [22/Mar/2010:22:11:35 -0700] "GET /logs//components/com_virtuemart/show_image_in_imgtag.php?mosConfig.absolute.path=http://www.daejeonmarathon.com/2002/zb//skin/ggambo7002_board/list/id1.txt?? HTTP/1.1" 404 - "-" "Mozilla/5.0" "growlonghairfast.com"
200.93.147.154 - - [22/Mar/2010:22:14:34 -0700] "GET /logs//components/com_virtuemart/show_image_in_imgtag.php?mosConfig.absolute.path=http://www.daejeonmarathon.com/2002/zb//skin/ggambo7002_board/list/id1.txt?? HTTP/1.1" 404 - "-" "Mozilla/5.0" "growlonghairfast.com"
200.93.147.154 - - [22/Mar/2010:22:14:34 -0700] "GET /logs/access_091012.log%20%20//components/com_virtuemart/show_image_in_imgtag.php?mosConfig.absolute.path=http://www.daejeonmarathon.com/2002/zb//skin/ggambo7002_board/list/id1.txt?? HTTP/1.1" 404 - "-" "Mozilla/5.0" "growlonghairfast.com"
200.93.147.154 - - [22/Mar/2010:22:14:35 -0700] "GET /components/com_virtuemart/show_image_in_imgtag.php?mosConfig.absolute.path=http://www.daejeonmarathon.com/2002/zb//skin/ggambo7002_board/list/id1.txt?? HTTP/1.1" 404 - "-" "Mozilla/5.0" "growlonghairfast.com"
200.93.147.154 - - [22/Mar/2010:22:24:20 -0700] "GET //?_SERVER[DOCUMENT_ROOT]=http://www.howtolisten.kr//bbs/data/com002/img00.txt??? HTTP/1.1" 200 926 "-" "Mozilla/5.0" "growlonghairfast.com"
200.93.147.154 - - [22/Mar/2010:22:24:21 -0700] "GET /logs///?_SERVER[DOCUMENT_ROOT]=http://www.howtolisten.kr//bbs/data/com002/img00.txt??? HTTP/1.1" 200 4805 "-" "Mozilla/5.0" "growlonghairfast.com"
220.181.7.60 - - [22/Mar/2010:22:25:08 -0700] "GET /freehairsecretsphp/viewtopic.php?p=18704 HTTP/1.1" 200 349 "-" "Baiduspider+(+http://www.baidu.com/search/spider.htm)" "www.freehairsecrets.com"
64.56.66.99 - - [22/Mar/2010:22:29:44 -0700] "GET /freehairsecretsphp/index.php HTTP/1.0" 200 333 "http://growlonghairfast.com/freehairsecretsphp/index.php" "Mozilla/4.0 (compatible; MSIE 6.0; MSIE 5.5; Windows NT 4.0) Opera 7.0 [en]" "growlonghairfast.com"
64.56.66.99 - - [22/Mar/2010:22:29:44 -0700] "GET / HTTP/1.0" 200 910 "http://growlonghairfast.com/" "Mozilla/4.0 (compatible; MSIE 6.0; MSIE 5.5; Windows NT 4.0) Opera 7.0 [en]" "growlonghairfast.com"
77.88.25.28 - - [22/Mar/2010:22:30:47 -0700] "GET /logs/access.log HTTP/1.1" 200 493587 "-" "Yandex/1.01.001 (compatible; Win16; I)" "www.freehairsecrets.com"
222.236.47.182 - - [22/Mar/2010:22:31:15 -0700] "GET /logs/access.log/administrator/components/com_extcalendar/admin_settings.php?CONFIG_EXT[ADMIN_PATH]=http://dossierpolitico.com//archivo/id1.txt??? HTTP/1.1" 404 - "-" "Mozilla/5.0" "www.freehairsecrets.com"
222.236.47.182 - - [22/Mar/2010:22:31:15 -0700] "GET /administrator/components/com_extcalendar/admin_settings.php?CONFIG_EXT[ADMIN_PATH]=http://dossierpolitico.com//archivo/id1.txt??? HTTP/1.1" 404 - "-" "Mozilla/5.0" "www.freehairsecrets.com"
222.236.47.182 - - [22/Mar/2010:22:31:15 -0700] "GET /logs/administrator/components/com_extcalendar/admin_settings.php?CONFIG_EXT[ADMIN_PATH]=http://dossierpolitico.com//archivo/id1.txt??? HTTP/1.1" 404 - "-" "Mozilla/5.0" "www.freehairsecrets.com"
222.236.47.182 - - [22/Mar/2010:22:31:33 -0700] "GET /administrator/components/com_extcalendar/admin_settings.php?CONFIG_EXT[ADMIN_PATH]=http://dossierpolitico.com//archivo/id1.txt??? HTTP/1.1" 404 - "-" "Mozilla/5.0" "www.freehairsecrets.com"
222.236.47.182 - - [22/Mar/2010:22:31:33 -0700] "GET /logs/access.log/administrator/components/com_extcalendar/admin_settings.php?CONFIG_EXT[ADMIN_PATH]=http://dossierpolitico.com//archivo/id1.txt??? HTTP/1.1" 404 - "-" "Mozilla/5.0" "www.freehairsecrets.com"
222.236.47.182 - - [22/Mar/2010:22:31:33 -0700] "GET /logs/administrator/components/com_extcalendar/admin_settings.php?CONFIG_EXT[ADMIN_PATH]=http://dossierpolitico.com//archivo/id1.txt??? HTTP/1.1" 404 - "-" "Mozilla/5.0" "www.freehairsecrets.com"
118.217.216.132 - - [22/Mar/2010:22:31:34 -0700] "GET //skin/ggambo7002_board/comment_modify.php?dir=http://www.howtolisten.kr//bbs/data/com002/id1.txt? HTTP/1.1" 404 - "-" "Mozilla/5.0" "growlonghairfast.com"
118.217.216.132 - - [22/Mar/2010:22:31:34 -0700] "GET /logs/access.log%20%20///skin/ggambo7002_board/comment_modify.php?dir=http://www.howtolisten.kr//bbs/data/com002/id1.txt? HTTP/1.1" 404 - "-" "Mozilla/5.0" "growlonghairfast.com"
118.217.216.132 - - [22/Mar/2010:22:31:34 -0700] "GET /logs///skin/ggambo7002_board/comment_modify.php?dir=http://www.howtolisten.kr//bbs/data/com002/id1.txt? HTTP/1.1" 404 - "-" "Mozilla/5.0" "growlonghairfast.com"
118.217.216.132 - - [22/Mar/2010:22:31:46 -0700] "GET /logs///skin/ggambo7002_board/comment_modify.php?dir=http://www.howtolisten.kr//bbs/data/com002/id1.txt? HTTP/1.1" 404 - "-" "Mozilla/5.0" "growlonghairfast.com"
118.217.216.132 - - [22/Mar/2010:22:31:46 -0700] "GET //skin/ggambo7002_board/comment_modify.php?dir=http://www.howtolisten.kr//bbs/data/com002/id1.txt? HTTP/1.1" 404 - "-" "Mozilla/5.0" "growlonghairfast.com"
118.217.216.132 - - [22/Mar/2010:22:31:46 -0700] "GET /logs/access.log%20%20///skin/ggambo7002_board/comment_modify.php?dir=http://www.howtolisten.kr//bbs/data/com002/id1.txt? HTTP/1.0" 404 - "-" "Mozilla/5.0" "growlonghairfast.com"
118.217.216.132 - - [22/Mar/2010:22:33:01 -0700] "GET /logs/access.log%20%20///skin/ggambo7002_board/comment_modify.php?dir=http://www.howtolisten.kr//bbs/data/com002/id1.txt? HTTP/1.1" 404 - "-" "Mozilla/5.0" "www.freehairsecrets.com"
118.217.216.132 - - [22/Mar/2010:22:33:01 -0700] "GET /logs///skin/ggambo7002_board/comment_modify.php?dir=http://www.howtolisten.kr//bbs/data/com002/id1.txt? HTTP/1.1" 404 - "-" "Mozilla/5.0" "www.freehairsecrets.com"
118.217.216.132 - - [22/Mar/2010:22:33:01 -0700] "GET //skin/ggambo7002_board/comment_modify.php?dir=http://www.howtolisten.kr//bbs/data/com002/id1.txt? HTTP/1.1" 404 - "-" "Mozilla/5.0" "www.freehairsecrets.com"
118.217.216.132 - - [22/Mar/2010:22:33:15 -0700] "GET /logs/access.log%20%20///skin/ggambo7002_board/comment_modify.php?dir=http://www.howtolisten.kr//bbs/data/com002/id1.txt? HTTP/1.1" 404 - "-" "Mozilla/5.0" "www.freehairsecrets.com"
118.217.216.132 - - [22/Mar/2010:22:33:15 -0700] "GET /logs///skin/ggambo7002_board/comment_modify.php?dir=http://www.howtolisten.kr//bbs/data/com002/id1.txt? HTTP/1.1" 404 - "-" "Mozilla/5.0" "www.freehairsecrets.com"
118.217.216.132 - - [22/Mar/2010:22:33:15 -0700] "GET //skin/ggambo7002_board/comment_modify.php?dir=http://www.howtolisten.kr//bbs/data/com002/id1.txt? HTTP/1.1" 404 - "-" "Mozilla/5.0" "www.freehairsecrets.com"
222.236.47.182 - - [22/Mar/2010:22:33:35 -0700] "GET /logs/administrator/components/com_extcalendar/admin_settings.php?CONFIG_EXT[ADMIN_PATH]=http://dossierpolitico.com//archivo/id1.txt??? HTTP/1.1" 404 - "-" "Mozilla/5.0" "growlonghairfast.com"
222.236.47.182 - - [22/Mar/2010:22:33:35 -0700] "GET /administrator/components/com_extcalendar/admin_settings.php?CONFIG_EXT[ADMIN_PATH]=http://dossierpolitico.com//archivo/id1.txt??? HTTP/1.1" 404 - "-" "Mozilla/5.0" "growlonghairfast.com"
222.236.47.182 - - [22/Mar/2010:22:33:35 -0700] "GET /logs/access.log/administrator/components/com_extcalendar/admin_settings.php?CONFIG_EXT[ADMIN_PATH]=http://dossierpolitico.com//archivo/id1.txt??? HTTP/1.1" 404 - "-" "Mozilla/5.0" "growlonghairfast.com"
222.236.47.182 - - [22/Mar/2010:22:33:51 -0700] "GET /administrator/components/com_extcalendar/admin_settings.php?CONFIG_EXT[ADMIN_PATH]=http://dossierpolitico.com//archivo/id1.txt??? HTTP/1.1" 404 - "-" "Mozilla/5.0" "growlonghairfast.com"
