88.131.106.31 - - [15/Mar/2010:13:20:06 -0700] "GET /robots.txt HTTP/1.0" 404 - "-" "Mozilla/5.0 (Windows; U; Windows NT 5.1; en-US) Speedy Spider (http://www.entireweb.com/about/search_tech/speedy_spider/)" "www.freehairsecrets.com"
88.131.106.31 - - [15/Mar/2010:13:20:11 -0700] "GET /?S=A HTTP/1.0" 200 910 "-" "Mozilla/5.0 (Windows; U; Windows NT 5.1; en-US) Speedy Spider (http://www.entireweb.com/about/search_tech/speedy_spider/)" "www.freehairsecrets.com"
213.251.189.204 - - [15/Mar/2010:13:27:02 -0700] "GET /logs//bbs//skin/ggambo7002_board/write.php?dir=http://gminamakow.info//dmdocuments/mambo?? HTTP/1.1" 404 - "-" "Mozilla/5.0 (Windows; U; Windows NT 5.1; en-US; rv:1.8) Gecko/20060321 Firefox/2.0a1" "www.freehairsecrets.com"
213.251.189.204 - - [15/Mar/2010:13:27:02 -0700] "GET /bbs//skin/ggambo7002_board/write.php?dir=http://gminamakow.info//dmdocuments/mambo?? HTTP/1.1" 404 - "-" "Mozilla/5.0 (Windows; U; Windows NT 5.1; en-US; rv:1.8) Gecko/20060321 Firefox/2.0a1" "www.freehairsecrets.com"
208.115.111.245 - - [15/Mar/2010:13:29:25 -0700] "GET / HTTP/1.1" 200 926 "-" "Mozilla/5.0 (compatible; DotBot/1.1; http://www.dotnetdotcom.org/, crawler@dotnetdotcom.org)" "freehairsecrets.com"
208.115.111.245 - - [15/Mar/2010:13:29:30 -0700] "GET /tmp/?S=A HTTP/1.1" 200 659 "-" "Mozilla/5.0 (compatible; DotBot/1.1; http://www.dotnetdotcom.org/, crawler@dotnetdotcom.org)" "freehairsecrets.com"
208.115.111.245 - - [15/Mar/2010:13:29:35 -0700] "GET /tmp/mailError.log HTTP/1.1" 200 62167 "-" "Mozilla/5.0 (compatible; DotBot/1.1; http://www.dotnetdotcom.org/, crawler@dotnetdotcom.org)" "freehairsecrets.com"
208.115.111.245 - - [15/Mar/2010:13:29:40 -0700] "GET / HTTP/1.1" 200 926 "-" "Mozilla/5.0 (compatible; DotBot/1.1; http://www.dotnetdotcom.org/, crawler@dotnetdotcom.org)" "www.freehairsecrets.com"
208.115.111.245 - - [15/Mar/2010:13:29:45 -0700] "GET /tmp/?D=A HTTP/1.1" 200 659 "-" "Mozilla/5.0 (compatible; DotBot/1.1; http://www.dotnetdotcom.org/, crawler@dotnetdotcom.org)" "www.freehairsecrets.com"
208.115.111.245 - - [15/Mar/2010:13:29:50 -0700] "GET /tmp/?M=A HTTP/1.1" 200 659 "-" "Mozilla/5.0 (compatible; DotBot/1.1; http://www.dotnetdotcom.org/, crawler@dotnetdotcom.org)" "www.freehairsecrets.com"
208.115.111.245 - - [15/Mar/2010:13:29:55 -0700] "GET /tmp/?S=A HTTP/1.1" 200 659 "-" "Mozilla/5.0 (compatible; DotBot/1.1; http://www.dotnetdotcom.org/, crawler@dotnetdotcom.org)" "www.freehairsecrets.com"
208.115.111.245 - - [15/Mar/2010:13:30:00 -0700] "GET /tmp/mailError.log HTTP/1.1" 200 62167 "-" "Mozilla/5.0 (compatible; DotBot/1.1; http://www.dotnetdotcom.org/, crawler@dotnetdotcom.org)" "www.freehairsecrets.com"
88.131.106.31 - - [15/Mar/2010:13:31:53 -0700] "GET /robots.txt HTTP/1.0" 404 - "-" "Mozilla/5.0 (Windows; U; Windows NT 5.1; en-US) Speedy Spider (http://www.entireweb.com/about/search_tech/speedy_spider/)" "www.freehairsecrets.com"
88.131.106.31 - - [15/Mar/2010:13:31:53 -0700] "GET / HTTP/1.0" 200 910 "-" "Mozilla/5.0 (Windows; U; Windows NT 5.1; en-US) Speedy Spider (http://www.entireweb.com/about/search_tech/speedy_spider/)" "www.freehairsecrets.com"
213.251.189.204 - - [15/Mar/2010:13:36:49 -0700] "GET /bbs//skin/ggambo7002_board/write.php?dir=http://gminamakow.info//dmdocuments/mambo?? HTTP/1.1" 404 - "-" "Mozilla/5.0 (Windows; U; Windows NT 5.1; en-US; rv:1.8) Gecko/20060321 Firefox/2.0a1" "growlonghairfast.com"
213.251.189.204 - - [15/Mar/2010:13:36:49 -0700] "GET /logs//bbs//skin/ggambo7002_board/write.php?dir=http://gminamakow.info//dmdocuments/mambo?? HTTP/1.1" 404 - "-" "Mozilla/5.0 (Windows; U; Windows NT 5.1; en-US; rv:1.8) Gecko/20060321 Firefox/2.0a1" "growlonghairfast.com"
88.250.216.237 - - [15/Mar/2010:13:44:43 -0700] "GET /freehairsecretsphp/index.php HTTP/1.0" 200 333 "http://growlonghairfast.com/freehairsecretsphp/index.php" "Mozilla/0.91 Beta (Windows)" "growlonghairfast.com"
88.250.216.237 - - [15/Mar/2010:13:44:45 -0700] "GET / HTTP/1.0" 200 910 "http://growlonghairfast.com/" "Mozilla/0.91 Beta (Windows)" "growlonghairfast.com"
85.119.152.183 - - [15/Mar/2010:13:46:10 -0700] "GET /?path[docroot]=http://car.sorabol.ac.kr/xe/files/.files/id1?? HTTP/1.1" 200 926 "-" "Mozilla/5.0" "www.freehairsecrets.com"
85.119.152.183 - - [15/Mar/2010:13:46:11 -0700] "GET /logs//?path[docroot]=http://car.sorabol.ac.kr/xe/files/.files/id1?? HTTP/1.1" 200 4804 "-" "Mozilla/5.0" "www.freehairsecrets.com"
85.119.152.183 - - [15/Mar/2010:13:46:27 -0700] "GET /logs/access.log%20%20//?path[docroot]=http://car.sorabol.ac.kr/xe/files/.files/id1?? HTTP/1.1" 404 - "-" "Mozilla/5.0" "www.freehairsecrets.com"
85.119.152.183 - - [15/Mar/2010:13:46:28 -0700] "GET /?path[docroot]=http://car.sorabol.ac.kr/xe/files/.files/id1?? HTTP/1.1" 200 926 "-" "Mozilla/5.0" "www.freehairsecrets.com"
85.119.152.183 - - [15/Mar/2010:13:46:28 -0700] "GET /logs//?path[docroot]=http://car.sorabol.ac.kr/xe/files/.files/id1?? HTTP/1.1" 200 4804 "-" "Mozilla/5.0" "www.freehairsecrets.com"
85.119.152.183 - - [15/Mar/2010:13:46:37 -0700] "GET /logs/access.log%20%20//?path[docroot]=http://car.sorabol.ac.kr/xe/files/.files/id1?? HTTP/1.1" 404 - "-" "Mozilla/5.0" "www.freehairsecrets.com"
67.195.112.42 - - [15/Mar/2010:13:50:02 -0700] "GET /freehairsecretsphp/viewtopic.php?p=15155 HTTP/1.0" 200 333 "-" "Mozilla/5.0 (compatible; Yahoo! Slurp/3.0; http://help.yahoo.com/help/us/ysearch/slurp)" "www.freehairsecrets.com"
119.63.198.31 - - [15/Mar/2010:13:53:02 -0700] "GET /robots.txt HTTP/1.1" 404 - "-" "Baiduspider+(+http://www.baidu.com/search/spider.htm)" "www.freehairsecrets.com"
221.0.61.109 - - [15/Mar/2010:14:12:28 -0700] "GET /freehairsecretsphp/index.php HTTP/1.0" 200 333 "http://www.freehairsecrets.com/freehairsecretsphp/index.php" "Mozilla/4.0 (compatible; MSIE 6.0; Windows NT 5.1; SV1; .NET CLR 1.1.4322)" "www.freehairsecrets.com"
221.0.61.109 - - [15/Mar/2010:14:12:29 -0700] "GET / HTTP/1.0" 200 910 "http://www.freehairsecrets.com/" "Mozilla/4.0 (compatible; MSIE 6.0; Windows NT 5.1; SV1; .NET CLR 1.1.4322)" "www.freehairsecrets.com"
193.17.208.101 - - [15/Mar/2010:14:14:28 -0700] "GET /freehairsecretsphp/index.php HTTP/1.0" 200 333 "http://www.freehairsecrets.com/freehairsecretsphp/index.php" "Mozilla/4.0 (compatible; MSIE 4.01; Digital AlphaServer 1000A 4/233; Windows NT; Powered By 64-Bit Alpha Processor)" "www.freehairsecrets.com"
193.17.208.101 - - [15/Mar/2010:14:14:28 -0700] "GET / HTTP/1.0" 200 910 "http://www.freehairsecrets.com/" "Mozilla/4.0 (compatible; MSIE 4.01; Digital AlphaServer 1000A 4/233; Windows NT; Powered By 64-Bit Alpha Processor)" "www.freehairsecrets.com"
220.80.108.81 - - [15/Mar/2010:14:16:59 -0700] "GET /skin/zero_vote/error.php?%20dir=http://www.howtolisten.kr//bbs/data/com002/id1.txt??? HTTP/1.1" 404 - "-" "Mozilla/5.0" "growlonghairfast.com"
220.80.108.81 - - [15/Mar/2010:14:16:59 -0700] "GET /logs/access_100104.log%20%20//skin/zero_vote/error.php?%20dir=http://www.howtolisten.kr//bbs/data/com002/id1.txt??? HTTP/1.1" 404 - "-" "Mozilla/5.0" "growlonghairfast.com"
220.80.108.81 - - [15/Mar/2010:14:16:59 -0700] "GET /logs//skin/zero_vote/error.php?%20dir=http://www.howtolisten.kr//bbs/data/com002/id1.txt??? HTTP/1.1" 404 - "-" "Mozilla/5.0" "growlonghairfast.com"
216.193.197.59 - - [15/Mar/2010:14:21:32 -0700] "GET /logs//Neos_Chronos/header.php?base_folder=http://www.3weekbender.com/dc//inc/.log/id.txt??? HTTP/1.1" 404 - "-" "Mozilla/5.0" "growlonghairfast.com"
216.193.197.59 - - [15/Mar/2010:14:21:32 -0700] "GET /Neos_Chronos/header.php?base_folder=http://www.3weekbender.com/dc//inc/.log/id.txt??? HTTP/1.1" 404 - "-" "Mozilla/5.0" "growlonghairfast.com"
216.193.197.59 - - [15/Mar/2010:14:21:32 -0700] "GET /logs/access_091123.log%20%20//Neos_Chronos/header.php?base_folder=http://www.3weekbender.com/dc//inc/.log/id.txt??? HTTP/1.1" 404 - "-" "Mozilla/5.0" "growlonghairfast.com"
216.193.197.59 - - [15/Mar/2010:14:22:05 -0700] "GET /Neos_Chronos/header.php?base_folder=http://www.3weekbender.com/dc//inc/.log/id.txt??? HTTP/1.1" 404 - "-" "Mozilla/5.0" "growlonghairfast.com"
216.193.197.59 - - [15/Mar/2010:14:22:05 -0700] "GET /logs/access_091123.log%20%20//Neos_Chronos/header.php?base_folder=http://www.3weekbender.com/dc//inc/.log/id.txt??? HTTP/1.1" 404 - "-" "Mozilla/5.0" "growlonghairfast.com"
216.193.197.59 - - [15/Mar/2010:14:22:05 -0700] "GET /logs//Neos_Chronos/header.php?base_folder=http://www.3weekbender.com/dc//inc/.log/id.txt??? HTTP/1.1" 404 - "-" "Mozilla/5.0" "growlonghairfast.com"
93.174.93.80 - - [15/Mar/2010:14:23:17 -0700] "GET /freehairsecretsphp/viewtopic.php?t=3432&start=0&postdays=0&postorder=asc&highlight=&sid=2a6967357b668d8fb0d3c49cd554c44f HTTP/1.0" 200 438 "http://theinvestblog.com" "Mozilla/4.0 (compatible; MSIE 6.0; Windows NT 5.1; Q312461)" "www.freehairsecrets.com"
88.250.216.231 - - [15/Mar/2010:14:23:59 -0700] "GET /freehairsecretsphp/index.php HTTP/1.0" 200 333 "http://growlonghairfast.com/freehairsecretsphp/index.php" "Opera/8.00 (Windows NT 5.1; U; en)" "growlonghairfast.com"
88.250.216.231 - - [15/Mar/2010:14:24:01 -0700] "GET / HTTP/1.0" 200 910 "http://growlonghairfast.com/" "Opera/8.00 (Windows NT 5.1; U; en)" "growlonghairfast.com"
93.163.74.170 - - [15/Mar/2010:14:37:30 -0700] "GET /freehairsecretsphp/index.php HTTP/1.0" 200 333 "http://growlonghairfast.com/freehairsecretsphp/index.php" "Mozilla/4.0 (compatible; MSIE 6.0; Windows NT 5.1; ru) Opera 8.01" "growlonghairfast.com"
93.163.74.170 - - [15/Mar/2010:14:37:31 -0700] "GET / HTTP/1.0" 200 910 "http://growlonghairfast.com/" "Mozilla/4.0 (compatible; MSIE 6.0; Windows NT 5.1; ru) Opera 8.01" "growlonghairfast.com"
72.44.49.238 - - [15/Mar/2010:14:42:21 -0700] "GET /robots.txt HTTP/1.1" 404 - "-" "Mozilla/5.0 (compatible; spbot/2.0.1; +http://www.seoprofiler.com/bot/ )" "growlonghairfast.com"
72.44.49.238 - - [15/Mar/2010:14:42:23 -0700] "GET /freehairsecretsphp/viewtopic.php?p=17463 HTTP/1.1" 200 349 "-" "Mozilla/5.0 (compatible; spbot/2.0.1; +http://www.seoprofiler.com/bot/ )" "growlonghairfast.com"
110.45.145.178 - - [15/Mar/2010:14:57:01 -0700] "GET /skin/zero_vote/ask_password.php?dir=http://www.wonhyun.co.kr/bbs/data/goodid.txt? HTTP/1.1" 404 - "-" "libwww-perl/5.79" "www.freehairsecrets.com"
110.45.145.178 - - [15/Mar/2010:15:10:54 -0700] "GET /logs/access.log//skin/zero_vote/ask_password.php?dir=http://www.wonhyun.co.kr/bbs/data/goodid.txt? HTTP/1.1" 404 - "-" "libwww-perl/5.79" "www.freehairsecrets.com"
110.45.145.178 - - [15/Mar/2010:15:10:55 -0700] "GET /skin/zero_vote/ask_password.php?dir=http://www.wonhyun.co.kr/bbs/data/goodid.txt? HTTP/1.1" 404 - "-" "libwww-perl/5.79" "www.freehairsecrets.com"
110.45.145.178 - - [15/Mar/2010:15:10:55 -0700] "GET /logs//skin/zero_vote/ask_password.php?dir=http://www.wonhyun.co.kr/bbs/data/goodid.txt? HTTP/1.1" 404 - "-" "libwww-perl/5.79" "www.freehairsecrets.com"
216.129.119.41 - - [15/Mar/2010:15:15:15 -0700] "GET /tmp/?S=A HTTP/1.1" 200 659 "-" "Mozilla/5.0 (Twiceler-0.9 http://www.cuil.com/twiceler/robot.html)" "www.freehairsecrets.com"
211.115.81.247 - - [15/Mar/2010:15:24:46 -0700] "GET //////index.php?option=com_sef&Itemid=&mosConfig.absolute.path=http://www.atb.gov.tr/portal/administrator/et/id1.txt???? HTTP/1.1" 404 - "-" "Mozilla/5.0" "www.freehairsecrets.com"
211.115.81.247 - - [15/Mar/2010:15:24:46 -0700] "GET /logs///////index.php?option=com_sef&Itemid=&mosConfig.absolute.path=http://www.atb.gov.tr/portal/administrator/et/id1.txt???? HTTP/1.1" 404 - "-" "Mozilla/5.0" "www.freehairsecrets.com"
211.115.81.247 - - [15/Mar/2010:15:24:46 -0700] "GET /logs/access.log%20%20///////index.php?option=com_sef&Itemid=&mosConfig.absolute.path=http://www.atb.gov.tr/portal/administrator/et/id1.txt???? HTTP/1.1" 404 - "-" "Mozilla/5.0" "www.freehairsecrets.com"
219.240.39.222 - - [15/Mar/2010:15:26:46 -0700] "GET //////index.php?option=com_sef&Itemid=&mosConfig.absolute.path=http://trouvaillecosmeticos.com.br/components/com_migrator/vsh/index1.txt??? HTTP/1.1" 404 - "-" "Mozilla/5.0" "growlonghairfast.com"
219.240.39.222 - - [15/Mar/2010:15:26:46 -0700] "GET /logs///////index.php?option=com_sef&Itemid=&mosConfig.absolute.path=http://trouvaillecosmeticos.com.br/components/com_migrator/vsh/index1.txt??? HTTP/1.1" 404 - "-" "Mozilla/5.0" "growlonghairfast.com"
219.240.39.222 - - [15/Mar/2010:15:26:46 -0700] "GET /logs/access_091019.log///////index.php?option=com_sef&Itemid=&mosConfig.absolute.path=http://trouvaillecosmeticos.com.br/components/com_migrator/vsh/index1.txt??? HTTP/1.1" 404 - "-" "Mozilla/5.0" "growlonghairfast.com"
219.240.39.222 - - [15/Mar/2010:15:30:04 -0700] "GET /logs///////index.php?option=com_sef&Itemid=&mosConfig.absolute.path=http://trouvaillecosmeticos.com.br/components/com_migrator/vsh/index1.txt??? HTTP/1.1" 404 - "-" "Mozilla/5.0" "www.freehairsecrets.com"
219.240.39.222 - - [15/Mar/2010:15:30:04 -0700] "GET /logs/access.log%20%20///////index.php?option=com_sef&Itemid=&mosConfig.absolute.path=http://trouvaillecosmeticos.com.br/components/com_migrator/vsh/index1.txt??? HTTP/1.1" 404 - "-" "Mozilla/5.0" "www.freehairsecrets.com"
219.240.39.222 - - [15/Mar/2010:15:30:04 -0700] "GET //////index.php?option=com_sef&Itemid=&mosConfig.absolute.path=http://trouvaillecosmeticos.com.br/components/com_migrator/vsh/index1.txt??? HTTP/1.1" 404 - "-" "Mozilla/5.0" "www.freehairsecrets.com"
63.145.116.22 - - [15/Mar/2010:15:30:14 -0700] "GET ///index.php?option=com_sef&Itemid=&mosConfig.absolute.path=http://www.foroptimalhealth.com//includes/ts?? HTTP/1.1" 404 - "-" "Mozilla/5.0 (Windows; U; Windows NT 5.1; it; rv:1.8.1) Gecko/20060918 Firefox/2.0" "growlonghairfast.com"
77.221.130.17 - - [15/Mar/2010:15:30:33 -0700] "GET /logs/access.log//components/com_joomlalib/standalone/stubjambo.php?baseDir=http://www.biasy.net/pmnl/view.jpg/5.9v1.txt?? HTTP/1.1" 404 - "-" "Mozilla/5.0" "www.freehairsecrets.com"
77.221.130.17 - - [15/Mar/2010:15:30:33 -0700] "GET /components/com_joomlalib/standalone/stubjambo.php?baseDir=http://www.biasy.net/pmnl/view.jpg/5.9v1.txt?? HTTP/1.1" 404 - "-" "Mozilla/5.0" "www.freehairsecrets.com"
77.221.130.17 - - [15/Mar/2010:15:30:33 -0700] "GET /logs//components/com_joomlalib/standalone/stubjambo.php?baseDir=http://www.biasy.net/pmnl/view.jpg/5.9v1.txt?? HTTP/1.1" 404 - "-" "Mozilla/5.0" "www.freehairsecrets.com"
77.221.130.17 - - [15/Mar/2010:15:32:30 -0700] "GET /components/com_joomlalib/standalone/stubjambo.php?baseDir=http://www.biasy.net/pmnl/view.jpg/5.9v1.txt?? HTTP/1.1" 404 - "-" "Mozilla/5.0" "growlonghairfast.com"
77.221.130.17 - - [15/Mar/2010:15:32:30 -0700] "GET /logs//components/com_joomlalib/standalone/stubjambo.php?baseDir=http://www.biasy.net/pmnl/view.jpg/5.9v1.txt?? HTTP/1.1" 404 - "-" "Mozilla/5.0" "growlonghairfast.com"
77.221.130.17 - - [15/Mar/2010:15:32:30 -0700] "GET /logs/access_100111.log//components/com_joomlalib/standalone/stubjambo.php?baseDir=http://www.biasy.net/pmnl/view.jpg/5.9v1.txt?? HTTP/1.1" 404 - "-" "Mozilla/5.0" "growlonghairfast.com"
77.221.130.17 - - [15/Mar/2010:15:32:51 -0700] "GET /components/com_joomlalib/standalone/stubjambo.php?baseDir=http://www.biasy.net/pmnl/view.jpg/5.9v1.txt?? HTTP/1.1" 404 - "-" "Mozilla/5.0" "www.freehairsecrets.com"
77.221.130.17 - - [15/Mar/2010:15:32:51 -0700] "GET /logs/access.log%20%20//components/com_joomlalib/standalone/stubjambo.php?baseDir=http://www.biasy.net/pmnl/view.jpg/5.9v1.txt?? HTTP/1.1" 404 - "-" "Mozilla/5.0" "www.freehairsecrets.com"
77.221.130.17 - - [15/Mar/2010:15:32:51 -0700] "GET /logs//components/com_joomlalib/standalone/stubjambo.php?baseDir=http://www.biasy.net/pmnl/view.jpg/5.9v1.txt?? HTTP/1.1" 404 - "-" "Mozilla/5.0" "www.freehairsecrets.com"
212.117.175.37 - - [15/Mar/2010:15:33:13 -0700] "GET /freehairsecretsphp/viewtopic.php?p=568&sid=a6f0f582f22fe24d6101fc64e36d2027 HTTP/1.0" 200 438 "http://growlonghairfast.com/freehairsecretsphp/viewtopic.php?p=568&sid=a6f0f582f22fe24d6101fc64e36d2027" "Opera/7.11 (Windows NT 5.1; U) [en]" "growlonghairfast.com"
212.117.175.37 - - [15/Mar/2010:15:33:21 -0700] "GET / HTTP/1.0" 200 910 "http://growlonghairfast.com/" "Opera/7.11 (Windows NT 5.1; U) [en]" "growlonghairfast.com"
212.117.175.37 - - [15/Mar/2010:15:34:49 -0700] "GET /freehairsecretsphp/viewtopic.php?p=568&sid=a6f0f582f22fe24d6101fc64e36d2027 HTTP/1.0" 200 438 "http://growlonghairfast.com/freehairsecretsphp/viewtopic.php?p=568&sid=a6f0f582f22fe24d6101fc64e36d2027" "Mozilla/4.0 (compatible; MSIE 6.0; Windows NT 5.1; KKman2.0)" "growlonghairfast.com"
212.117.175.37 - - [15/Mar/2010:15:34:52 -0700] "GET / HTTP/1.0" 200 910 "http://growlonghairfast.com/" "Mozilla/4.0 (compatible; MSIE 6.0; Windows NT 5.1; KKman2.0)" "growlonghairfast.com"
110.45.143.138 - - [15/Mar/2010:15:37:05 -0700] "GET /logs/access.log%20%20//skin/ggambo7002_board/write.php?dir=http://www.ingavanzada.com/phplive/API/ASP/1?? HTTP/1.1" 404 - "-" "Mozilla/5.0" "growlonghairfast.com"
110.45.143.138 - - [15/Mar/2010:15:37:06 -0700] "GET /skin/ggambo7002_board/write.php?dir=http://www.ingavanzada.com/phplive/API/ASP/1?? HTTP/1.1" 404 - "-" "Mozilla/5.0" "growlonghairfast.com"
110.45.143.138 - - [15/Mar/2010:15:37:06 -0700] "GET /logs//skin/ggambo7002_board/write.php?dir=http://www.ingavanzada.com/phplive/API/ASP/1?? HTTP/1.1" 404 - "-" "Mozilla/5.0" "growlonghairfast.com"
77.221.130.17 - - [15/Mar/2010:15:38:16 -0700] "GET /components/com_joomlalib/standalone/stubjambo.php?baseDir=http://www.biasy.net/pmnl/view.jpg/5.9v1.txt?? HTTP/1.1" 404 - "-" "Mozilla/5.0" "growlonghairfast.com"
77.221.130.17 - - [15/Mar/2010:15:38:16 -0700] "GET /logs//components/com_joomlalib/standalone/stubjambo.php?baseDir=http://www.biasy.net/pmnl/view.jpg/5.9v1.txt?? HTTP/1.1" 404 - "-" "Mozilla/5.0" "growlonghairfast.com"
77.221.130.17 - - [15/Mar/2010:15:38:16 -0700] "GET /logs/access_100111.log%20%20//components/com_joomlalib/standalone/stubjambo.php?baseDir=http://www.biasy.net/pmnl/view.jpg/5.9v1.txt?? HTTP/1.1" 404 - "-" "Mozilla/5.0" "growlonghairfast.com"
212.235.107.191 - - [15/Mar/2010:15:41:12 -0700] "GET /freehairsecretsphp/posting.php?mode=newtopic&f=1 HTTP/1.0" 200 333 "http://freehairsecrets.com/freehairsecretsphp/posting.php?mode=newtopic&f=1" "Mozilla/1.22 (compatible; MSIE 2.0d; Windows NT)" "freehairsecrets.com"
63.145.116.22 - - [15/Mar/2010:15:44:04 -0700] "GET /logs///index.php?option=com_frontpage&Itemid=&mosConfig.absolute.path=http://www.foroptimalhealth.com//includes/ts?? HTTP/1.1" 404 - "-" "Mozilla/5.0 (Windows; U; Windows NT 5.1; it; rv:1.8.1) Gecko/20060918 Firefox/2.0" "growlonghairfast.com"
63.145.116.22 - - [15/Mar/2010:15:44:04 -0700] "GET //index.php?option=com_frontpage&Itemid=&mosConfig.absolute.path=http://www.foroptimalhealth.com//includes/ts?? HTTP/1.1" 404 - "-" "Mozilla/5.0 (Windows; U; Windows NT 5.1; it; rv:1.8.1) Gecko/20060918 Firefox/2.0" "growlonghairfast.com"
110.45.143.138 - - [15/Mar/2010:15:44:24 -0700] "GET /logs/access.log//skin/ggambo7002_board/write.php?dir=http://www.ingavanzada.com/phplive/API/ASP/1?? HTTP/1.1" 404 - "-" "Mozilla/5.0" "growlonghairfast.com"
174.129.82.216 - - [15/Mar/2010:15:55:57 -0700] "GET /robots.txt HTTP/1.1" 404 - "-" "Mozilla/5.0 (compatible; spbot/2.0.1; +http://www.seoprofiler.com/bot/ )" "growlonghairfast.com"
174.129.82.216 - - [15/Mar/2010:15:55:59 -0700] "GET /freehairsecretsphp/viewtopic.php?p=1197 HTTP/1.1" 200 349 "-" "Mozilla/5.0 (compatible; spbot/2.0.1; +http://www.seoprofiler.com/bot/ )" "growlonghairfast.com"
184.73.16.196 - - [15/Mar/2010:15:58:12 -0700] "GET /robots.txt HTTP/1.1" 404 - "-" "Mozilla/5.0 (compatible; spbot/2.0.1; +http://www.seoprofiler.com/bot/ )" "growlonghairfast.com"
184.73.16.196 - - [15/Mar/2010:15:58:12 -0700] "GET /freehairsecretsphp/viewtopic.php?p=13339 HTTP/1.1" 200 349 "-" "Mozilla/5.0 (compatible; spbot/2.0.1; +http://www.seoprofiler.com/bot/ )" "growlonghairfast.com"
91.201.64.114 - - [15/Mar/2010:15:59:51 -0700] "GET /freehairsecretsphp/index.php HTTP/1.0" 200 333 "http://growlonghairfast.com/freehairsecretsphp/index.php" "Mozilla/4.0 (compatible; MSIE 6.0; Windows NT 5.1; MRA 4.3 (build 01218); .NET CLR 1.1.4322)" "growlonghairfast.com"
91.201.64.114 - - [15/Mar/2010:15:59:51 -0700] "GET / HTTP/1.0" 200 910 "http://growlonghairfast.com/" "Mozilla/4.0 (compatible; MSIE 6.0; Windows NT 5.1; MRA 4.3 (build 01218); .NET CLR 1.1.4322)" "growlonghairfast.com"
77.88.25.28 - - [15/Mar/2010:16:11:17 -0700] "GET /robots.txt HTTP/1.1" 404 - "-" "Yandex/1.01.001 (compatible; Win16; I)" "www.freehairsecrets.com"
119.235.237.85 - - [15/Mar/2010:16:11:47 -0700] "GET /robots.txt HTTP/1.1" 404 - "-" "Yeti/1.0 (NHN Corp.; http://help.naver.com/robots/)" "growlonghairfast.com"
77.221.130.16 - - [15/Mar/2010:16:13:29 -0700] "GET /logs//appserv/main.php?appserv_root=http://www.kecschool.co.kr/upfiles/s064/.../id1.txt?? HTTP/1.1" 404 - "-" "Mozilla/5.0" "growlonghairfast.com"
77.221.130.16 - - [15/Mar/2010:16:13:29 -0700] "GET /appserv/main.php?appserv_root=http://www.kecschool.co.kr/upfiles/s064/.../id1.txt?? HTTP/1.1" 404 - "-" "Mozilla/5.0" "growlonghairfast.com"
77.221.130.16 - - [15/Mar/2010:16:13:29 -0700] "GET /logs/access_091214.log//appserv/main.php?appserv_root=http://www.kecschool.co.kr/upfiles/s064/.../id1.txt?? HTTP/1.1" 404 - "-" "Mozilla/5.0" "growlonghairfast.com"
63.145.116.22 - - [15/Mar/2010:16:13:46 -0700] "GET /logs////index.php?option=com_sef&Itemid=&mosConfig.absolute.path=http://www.foroptimalhealth.com//includes/ts?? HTTP/1.1" 404 - "-" "Mozilla/5.0 (Windows; U; Windows NT 5.1; it; rv:1.8.1) Gecko/20060918 Firefox/2.0" "growlonghairfast.com"
119.235.237.85 - - [15/Mar/2010:16:14:16 -0700] "GET /freehairsecretsphp/viewtopic.php?p=18805 HTTP/1.1" 200 349 "-" "Yeti/1.0 (NHN Corp.; http://help.naver.com/robots/)" "growlonghairfast.com"
77.221.130.16 - - [15/Mar/2010:16:17:26 -0700] "GET /appserv/main.php?appserv_root=http://www.kecschool.co.kr/upfiles/s064/.../id1.txt?? HTTP/1.1" 404 - "-" "Mozilla/5.0" "growlonghairfast.com"
77.221.130.16 - - [15/Mar/2010:16:17:26 -0700] "GET /logs//appserv/main.php?appserv_root=http://www.kecschool.co.kr/upfiles/s064/.../id1.txt?? HTTP/1.1" 404 - "-" "Mozilla/5.0" "growlonghairfast.com"
77.221.130.16 - - [15/Mar/2010:16:17:26 -0700] "GET /logs/access_091214.log//appserv/main.php?appserv_root=http://www.kecschool.co.kr/upfiles/s064/.../id1.txt?? HTTP/1.1" 404 - "-" "Mozilla/5.0" "growlonghairfast.com"
207.191.227.2 - - [15/Mar/2010:16:19:05 -0700] "GET /logs/access_091214.log//appserv/main.php?appserv_root=http://www.wtsmith.co.uk/images/Mic22.txt??? HTTP/1.1" 404 - "-" "libwww-perl/5.831" "growlonghairfast.com"
207.191.227.2 - - [15/Mar/2010:16:19:05 -0700] "GET /appserv/main.php?appserv_root=http://www.wtsmith.co.uk/images/Mic22.txt??? HTTP/1.1" 404 - "-" "libwww-perl/5.831" "growlonghairfast.com"
207.191.227.2 - - [15/Mar/2010:16:19:05 -0700] "GET /logs//appserv/main.php?appserv_root=http://www.wtsmith.co.uk/images/Mic22.txt??? HTTP/1.1" 404 - "-" "libwww-perl/5.831" "growlonghairfast.com"
77.221.130.16 - - [15/Mar/2010:16:20:09 -0700] "GET /appserv/main.php?appserv_root=http://www.kecschool.co.kr/upfiles/s064/.../id1.txt?? HTTP/1.1" 404 - "-" "Mozilla/5.0" "growlonghairfast.com"
77.221.130.16 - - [15/Mar/2010:16:20:09 -0700] "GET /logs//appserv/main.php?appserv_root=http://www.kecschool.co.kr/upfiles/s064/.../id1.txt?? HTTP/1.1" 404 - "-" "Mozilla/5.0" "growlonghairfast.com"
77.221.130.16 - - [15/Mar/2010:16:20:09 -0700] "GET /logs/access_091214.log//appserv/main.php?appserv_root=http://www.kecschool.co.kr/upfiles/s064/.../id1.txt?? HTTP/1.1" 404 - "-" "Mozilla/5.0" "growlonghairfast.com"
207.191.227.2 - - [15/Mar/2010:16:20:52 -0700] "GET /logs/access_091214.log//appserv/main.php?appserv_root=http://www.wtsmith.co.uk/images/Mic22.txt??? HTTP/1.1" 404 - "-" "libwww-perl/5.831" "growlonghairfast.com"
207.191.227.2 - - [15/Mar/2010:16:20:52 -0700] "GET /appserv/main.php?appserv_root=http://www.wtsmith.co.uk/images/Mic22.txt??? HTTP/1.1" 404 - "-" "libwww-perl/5.831" "growlonghairfast.com"
207.191.227.2 - - [15/Mar/2010:16:20:52 -0700] "GET /logs//appserv/main.php?appserv_root=http://www.wtsmith.co.uk/images/Mic22.txt??? HTTP/1.1" 404 - "-" "libwww-perl/5.831" "growlonghairfast.com"
63.145.116.22 - - [15/Mar/2010:16:21:14 -0700] "GET //index.php?option=com_frontpage&Itemid=&mosConfig.absolute.path=http://www.foroptimalhealth.com//includes/ts?? HTTP/1.1" 404 - "-" "Mozilla/5.0 (Windows; U; Windows NT 5.1; it; rv:1.8.1) Gecko/20060918 Firefox/2.0" "growlonghairfast.com"
77.221.130.16 - - [15/Mar/2010:16:22:50 -0700] "GET /appserv/main.php?appserv_root=http://www.kecschool.co.kr/upfiles/s064/.../id1.txt?? HTTP/1.1" 404 - "-" "Mozilla/5.0" "growlonghairfast.com"
77.221.130.16 - - [15/Mar/2010:16:22:50 -0700] "GET /logs/access_091214.log//appserv/main.php?appserv_root=http://www.kecschool.co.kr/upfiles/s064/.../id1.txt?? HTTP/1.1" 404 - "-" "Mozilla/5.0" "growlonghairfast.com"
77.221.130.16 - - [15/Mar/2010:16:22:50 -0700] "GET /logs//appserv/main.php?appserv_root=http://www.kecschool.co.kr/upfiles/s064/.../id1.txt?? HTTP/1.1" 404 - "-" "Mozilla/5.0" "growlonghairfast.com"
204.236.221.147 - - [15/Mar/2010:16:30:31 -0700] "GET /robots.txt HTTP/1.1" 404 - "-" "Mozilla/5.0 (compatible; spbot/2.0.1; +http://www.seoprofiler.com/bot/ )" "www.freehairsecrets.com"
204.236.221.147 - - [15/Mar/2010:16:30:33 -0700] "GET /freehairsecretsphp/viewtopic.php?p=11269 HTTP/1.1" 200 349 "-" "Mozilla/5.0 (compatible; spbot/2.0.1; +http://www.seoprofiler.com/bot/ )" "www.freehairsecrets.com"
212.117.175.37 - - [15/Mar/2010:16:39:31 -0700] "GET /freehairsecretsphp/viewtopic.php?p=568&sid=a6f0f582f22fe24d6101fc64e36d2027 HTTP/1.0" 200 438 "http://growlonghairfast.com/freehairsecretsphp/viewtopic.php?p=568&sid=a6f0f582f22fe24d6101fc64e36d2027" "Mozilla/4.0 (compatible; MSIE 6.0; Windows NT 5.1; SV1; MRA 4.6 (build 01425); MRSPUTNIK 1, 5, 0, 19 SW)" "growlonghairfast.com"
212.117.175.37 - - [15/Mar/2010:16:39:37 -0700] "GET / HTTP/1.0" 200 910 "http://growlonghairfast.com/" "Mozilla/4.0 (compatible; MSIE 6.0; Windows NT 5.1; SV1; MRA 4.6 (build 01425); MRSPUTNIK 1, 5, 0, 19 SW)" "growlonghairfast.com"
99.57.90.154 - - [15/Mar/2010:16:41:04 -0700] "GET /logs/access_091012.log//components/com_virtuemart/show_image_in_imgtag.php?mosConfig_absolute_path=http://snusoft.ru//administrator/components/com_remository/id.txt? HTTP/1.1" 404 - "-" "Mozilla/5.0" "growlonghairfast.com"
99.57.90.154 - - [15/Mar/2010:16:41:04 -0700] "GET /components/com_virtuemart/show_image_in_imgtag.php?mosConfig_absolute_path=http://snusoft.ru//administrator/components/com_remository/id.txt? HTTP/1.1" 404 - "-" "Mozilla/5.0" "growlonghairfast.com"
99.57.90.154 - - [15/Mar/2010:16:41:04 -0700] "GET /logs//components/com_virtuemart/show_image_in_imgtag.php?mosConfig_absolute_path=http://snusoft.ru//administrator/components/com_remository/id.txt? HTTP/1.1" 404 - "-" "Mozilla/5.0" "growlonghairfast.com"
216.17.109.249 - - [15/Mar/2010:16:53:17 -0700] "GET /administrator/components/com_virtuemart/export.php?mosConfig_absolute_path=http://www.esquilu.com/portal//modules/PNphpBB2/includes/fx29id2.txt?? HTTP/1.1" 404 - "-" "Mozilla/5.0" "growlonghairfast.com"
216.17.109.249 - - [15/Mar/2010:16:53:17 -0700] "GET /logs//administrator/components/com_virtuemart/export.php?mosConfig_absolute_path=http://www.esquilu.com/portal//modules/PNphpBB2/includes/fx29id2.txt?? HTTP/1.1" 404 - "-" "Mozilla/5.0" "growlonghairfast.com"
216.17.109.249 - - [15/Mar/2010:16:53:17 -0700] "GET /logs/access_091012.log//administrator/components/com_virtuemart/export.php?mosConfig_absolute_path=http://www.esquilu.com/portal//modules/PNphpBB2/includes/fx29id2.txt?? HTTP/1.1" 404 - "-" "Mozilla/5.0" "growlonghairfast.com"
77.221.130.16 - - [15/Mar/2010:16:55:49 -0700] "GET /logs/access_091012.log%20%20////////?mosConfig_absolute_path=http://www.kecschool.co.kr/upfiles/s064/.../id1.txt?? HTTP/1.1" 404 - "-" "Mozilla/5.0" "growlonghairfast.com"
77.221.130.16 - - [15/Mar/2010:16:55:49 -0700] "GET ///////?mosConfig_absolute_path=http://www.kecschool.co.kr/upfiles/s064/.../id1.txt?? HTTP/1.1" 200 931 "-" "Mozilla/5.0" "growlonghairfast.com"
77.221.130.16 - - [15/Mar/2010:16:55:49 -0700] "GET /logs////////?mosConfig_absolute_path=http://www.kecschool.co.kr/upfiles/s064/.../id1.txt?? HTTP/1.1" 200 4810 "-" "Mozilla/5.0" "growlonghairfast.com"
77.221.130.16 - - [15/Mar/2010:16:56:03 -0700] "GET /logs/access_091012.log%20%20////////?mosConfig_absolute_path=http://www.kecschool.co.kr/upfiles/s064/.../id1.txt?? HTTP/1.1" 404 - "-" "Mozilla/5.0" "growlonghairfast.com"
77.221.130.16 - - [15/Mar/2010:16:56:03 -0700] "GET ///////?mosConfig_absolute_path=http://www.kecschool.co.kr/upfiles/s064/.../id1.txt?? HTTP/1.1" 200 931 "-" "Mozilla/5.0" "growlonghairfast.com"
77.221.130.16 - - [15/Mar/2010:16:56:03 -0700] "GET /logs////////?mosConfig_absolute_path=http://www.kecschool.co.kr/upfiles/s064/.../id1.txt?? HTTP/1.1" 200 4810 "-" "Mozilla/5.0" "growlonghairfast.com"
83.167.248.201 - - [15/Mar/2010:16:56:22 -0700] "GET /administrator/components/com_virtuemart/export.php?mosConfig_absolute_path=http://www.esquilu.com/portal//modules/PNphpBB2/includes/fx29id2.txt?? HTTP/1.1" 404 - "-" "Mozilla/5.0" "growlonghairfast.com"
83.167.248.201 - - [15/Mar/2010:16:56:22 -0700] "GET /logs/access_091012.log//administrator/components/com_virtuemart/export.php?mosConfig_absolute_path=http://www.esquilu.com/portal//modules/PNphpBB2/includes/fx29id2.txt?? HTTP/1.1" 404 - "-" "Mozilla/5.0" "growlonghairfast.com"
83.167.248.201 - - [15/Mar/2010:16:56:22 -0700] "GET /logs//administrator/components/com_virtuemart/export.php?mosConfig_absolute_path=http://www.esquilu.com/portal//modules/PNphpBB2/includes/fx29id2.txt?? HTTP/1.1" 404 - "-" "Mozilla/5.0" "growlonghairfast.com"
77.221.130.16 - - [15/Mar/2010:17:00:24 -0700] "GET /logs/access_091012.log%20%20////////?mosConfig_absolute_path=http://www.kecschool.co.kr/upfiles/s064/.../id1.txt?? HTTP/1.1" 404 - "-" "Mozilla/5.0" "growlonghairfast.com"
77.221.130.16 - - [15/Mar/2010:17:00:24 -0700] "GET ///////?mosConfig_absolute_path=http://www.kecschool.co.kr/upfiles/s064/.../id1.txt?? HTTP/1.1" 200 931 "-" "Mozilla/5.0" "growlonghairfast.com"
77.221.130.16 - - [15/Mar/2010:17:00:24 -0700] "GET /logs////////?mosConfig_absolute_path=http://www.kecschool.co.kr/upfiles/s064/.../id1.txt?? HTTP/1.1" 200 4810 "-" "Mozilla/5.0" "growlonghairfast.com"
77.221.130.16 - - [15/Mar/2010:17:01:26 -0700] "GET /logs/access_091012.log%20%20////////?mosConfig_absolute_path=http://www.kecschool.co.kr/upfiles/s064/.../id1.txt?? HTTP/1.1" 404 - "-" "Mozilla/5.0" "growlonghairfast.com"
77.221.130.16 - - [15/Mar/2010:17:01:26 -0700] "GET ///////?mosConfig_absolute_path=http://www.kecschool.co.kr/upfiles/s064/.../id1.txt?? HTTP/1.1" 200 931 "-" "Mozilla/5.0" "growlonghairfast.com"
77.221.130.16 - - [15/Mar/2010:17:01:26 -0700] "GET /logs////////?mosConfig_absolute_path=http://www.kecschool.co.kr/upfiles/s064/.../id1.txt?? HTTP/1.1" 200 4810 "-" "Mozilla/5.0" "growlonghairfast.com"
200.93.147.154 - - [15/Mar/2010:17:01:37 -0700] "GET /logs//administrator/components/com_dbquery/classes/DBQ/admin/common.class.php?mosConfig_absolute_path=http://www.frentesdeseguridad.gov.co/administrator/components/com_index/F1.txt?? HTTP/1.1" 404 - "-" "Mozilla/5.0" "growlonghairfast.com"
200.93.147.154 - - [15/Mar/2010:17:01:37 -0700] "GET /logs/access_100111.log%20%20//administrator/components/com_dbquery/classes/DBQ/admin/common.class.php?mosConfig_absolute_path=http://www.frentesdeseguridad.gov.co/administrator/components/com_index/F1.txt?? HTTP/1.1" 404 - "-" "Mozilla/5.0" "growlonghairfast.com"
200.93.147.154 - - [15/Mar/2010:17:01:37 -0700] "GET /administrator/components/com_dbquery/classes/DBQ/admin/common.class.php?mosConfig_absolute_path=http://www.frentesdeseguridad.gov.co/administrator/components/com_index/F1.txt?? HTTP/1.1" 404 - "-" "Mozilla/5.0" "growlonghairfast.com"
200.93.147.154 - - [15/Mar/2010:17:07:54 -0700] "GET /administrator/components/com_dbquery/classes/DBQ/admin/common.class.php?mosConfig_absolute_path=http://www.frentesdeseguridad.gov.co/administrator/components/com_index/F1.txt?? HTTP/1.1" 404 - "-" "Mozilla/5.0" "growlonghairfast.com"
200.93.147.154 - - [15/Mar/2010:17:07:54 -0700] "GET /logs//administrator/components/com_dbquery/classes/DBQ/admin/common.class.php?mosConfig_absolute_path=http://www.frentesdeseguridad.gov.co/administrator/components/com_index/F1.txt?? HTTP/1.1" 404 - "-" "Mozilla/5.0" "growlonghairfast.com"
77.221.130.16 - - [15/Mar/2010:17:08:01 -0700] "GET /logs/access_091012.log////////?mosConfig_absolute_path=http://www.kecschool.co.kr/upfiles/s064/.../id1.txt?? HTTP/1.1" 404 - "-" "Mozilla/5.0" "growlonghairfast.com"
77.221.130.16 - - [15/Mar/2010:17:08:35 -0700] "GET /logs/access_091005.log////////?mosConfig_absolute_path=http://www.kecschool.co.kr/upfiles/s064/.../id1.txt?? HTTP/1.1" 404 - "-" "Mozilla/5.0" "growlonghairfast.com"
200.93.147.154 - - [15/Mar/2010:17:10:49 -0700] "GET /administrator/components/com_dbquery/classes/DBQ/admin/common.class.php?mosConfig_absolute_path=http://www.frentesdeseguridad.gov.co/administrator/components/com_index/F1.txt?? HTTP/1.1" 404 - "-" "Mozilla/5.0" "growlonghairfast.com"
200.93.147.154 - - [15/Mar/2010:17:10:49 -0700] "GET /logs//administrator/components/com_dbquery/classes/DBQ/admin/common.class.php?mosConfig_absolute_path=http://www.frentesdeseguridad.gov.co/administrator/components/com_index/F1.txt?? HTTP/1.1" 404 - "-" "Mozilla/5.0" "growlonghairfast.com"
200.93.147.154 - - [15/Mar/2010:17:10:55 -0700] "GET /logs/access_100111.log%20%20//administrator/components/com_dbquery/classes/DBQ/admin/common.class.php?mosConfig_absolute_path=http://www.frentesdeseguridad.gov.co/administrator/components/com_index/F1.txt?? HTTP/1.1" 404 - "-" "Mozilla/5.0" "growlonghairfast.com"
77.221.130.16 - - [15/Mar/2010:17:12:12 -0700] "GET /logs/access_091012.log////////?mosConfig_absolute_path=http://www.kecschool.co.kr/upfiles/s064/.../id1.txt?? HTTP/1.1" 404 - "-" "Mozilla/5.0" "growlonghairfast.com"
77.221.130.16 - - [15/Mar/2010:17:12:36 -0700] "GET /logs/access_091005.log////////?mosConfig_absolute_path=http://www.kecschool.co.kr/upfiles/s064/.../id1.txt?? HTTP/1.1" 404 - "-" "Mozilla/5.0" "growlonghairfast.com"
200.93.147.154 - - [15/Mar/2010:17:12:53 -0700] "GET /logs/access_100111.log//administrator/components/com_dbquery/classes/DBQ/admin/common.class.php?mosConfig_absolute_path=http://www.frentesdeseguridad.gov.co/administrator/components/com_index/F1.txt?? HTTP/1.1" 404 - "-" "Mozilla/5.0" "growlonghairfast.com"
77.221.130.16 - - [15/Mar/2010:17:14:31 -0700] "GET /logs/access_091012.log////////?mosConfig_absolute_path=http://www.kecschool.co.kr/upfiles/s064/.../id1.txt?? HTTP/1.1" 404 - "-" "Mozilla/5.0" "growlonghairfast.com"
77.221.130.16 - - [15/Mar/2010:17:15:03 -0700] "GET /logs/access_091005.log////////?mosConfig_absolute_path=http://www.kecschool.co.kr/upfiles/s064/.../id1.txt?? HTTP/1.1" 404 - "-" "Mozilla/5.0" "growlonghairfast.com"
200.93.147.154 - - [15/Mar/2010:17:16:45 -0700] "GET /logs//administrator/components/com_dbquery/classes/DBQ/admin/common.class.php?mosConfig_absolute_path=http://www.frentesdeseguridad.gov.co/administrator/components/com_index/F1.txt?? HTTP/1.1" 404 - "-" "Mozilla/5.0" "growlonghairfast.com"
200.93.147.154 - - [15/Mar/2010:17:16:45 -0700] "GET /logs/access_100111.log%20%20//administrator/components/com_dbquery/classes/DBQ/admin/common.class.php?mosConfig_absolute_path=http://www.frentesdeseguridad.gov.co/administrator/components/com_index/F1.txt?? HTTP/1.1" 404 - "-" "Mozilla/5.0" "growlonghairfast.com"
77.221.130.16 - - [15/Mar/2010:17:18:45 -0700] "GET /logs/access_091012.log////////?mosConfig_absolute_path=http://www.kecschool.co.kr/upfiles/s064/.../id1.txt?? HTTP/1.1" 404 - "-" "Mozilla/5.0" "growlonghairfast.com"
77.221.130.16 - - [15/Mar/2010:17:19:11 -0700] "GET /logs/access_091005.log////////?mosConfig_absolute_path=http://www.kecschool.co.kr/upfiles/s064/.../id1.txt?? HTTP/1.1" 404 - "-" "Mozilla/5.0" "growlonghairfast.com"
200.93.147.154 - - [15/Mar/2010:17:26:36 -0700] "GET /logs/access_100111.log//administrator/components/com_dbquery/classes/DBQ/admin/common.class.php?mosConfig_absolute_path=http://www.frentesdeseguridad.gov.co/administrator/components/com_index/F1.txt?? HTTP/1.1" 404 - "-" "Mozilla/5.0" "growlonghairfast.com"
200.93.147.154 - - [15/Mar/2010:17:31:10 -0700] "GET /logs//components/com_chronocontact/excelwriter/Writer.php?mosConfig_absolute_path=http://www.frentesdeseguridad.gov.co/administrator/components/com_index/F1.txt?? HTTP/1.1" 404 - "-" "Mozilla/5.0" "growlonghairfast.com"
200.93.147.154 - - [15/Mar/2010:17:31:10 -0700] "GET /logs/access_100118.log%20%20//components/com_chronocontact/excelwriter/Writer.php?mosConfig_absolute_path=http://www.frentesdeseguridad.gov.co/administrator/components/com_index/F1.txt?? HTTP/1.1" 404 - "-" "Mozilla/5.0" "growlonghairfast.com"
200.93.147.154 - - [15/Mar/2010:17:31:10 -0700] "GET /components/com_chronocontact/excelwriter/Writer.php?mosConfig_absolute_path=http://www.frentesdeseguridad.gov.co/administrator/components/com_index/F1.txt?? HTTP/1.1" 404 - "-" "Mozilla/5.0" "growlonghairfast.com"
200.93.147.154 - - [15/Mar/2010:17:31:22 -0700] "GET /components/com_chronocontact/excelwriter/Writer.php?mosConfig_absolute_path=http://www.frentesdeseguridad.gov.co/administrator/components/com_index/F1.txt?? HTTP/1.1" 404 - "-" "Mozilla/5.0" "growlonghairfast.com"
200.93.147.154 - - [15/Mar/2010:17:31:23 -0700] "GET /logs//components/com_chronocontact/excelwriter/Writer.php?mosConfig_absolute_path=http://www.frentesdeseguridad.gov.co/administrator/components/com_index/F1.txt?? HTTP/1.1" 404 - "-" "Mozilla/5.0" "growlonghairfast.com"
200.93.147.154 - - [15/Mar/2010:17:31:26 -0700] "GET /logs/access_100118.log%20%20//components/com_chronocontact/excelwriter/Writer.php?mosConfig_absolute_path=http://www.frentesdeseguridad.gov.co/administrator/components/com_index/F1.txt?? HTTP/1.1" 404 - "-" "Mozilla/5.0" "growlonghairfast.com"
67.195.112.42 - - [15/Mar/2010:17:32:32 -0700] "GET /robots.txt HTTP/1.0" 404 - "-" "Mozilla/5.0 (compatible; Yahoo! Slurp; http://help.yahoo.com/help/us/ysearch/slurp)" "www.freehairsecrets.com"
67.195.112.42 - - [15/Mar/2010:17:32:32 -0700] "GET /tmp/?M=A HTTP/1.0" 200 643 "-" "Mozilla/5.0 (compatible; Yahoo! Slurp/3.0; http://help.yahoo.com/help/us/ysearch/slurp)" "www.freehairsecrets.com"
200.93.147.154 - - [15/Mar/2010:17:34:30 -0700] "GET /components/com_chronocontact/excelwriter/Writer.php?mosConfig_absolute_path=http://www.frentesdeseguridad.gov.co/administrator/components/com_index/F1.txt?? HTTP/1.1" 404 - "-" "Mozilla/5.0" "growlonghairfast.com"
200.93.147.154 - - [15/Mar/2010:17:34:33 -0700] "GET /logs/access_100118.log%20%20//components/com_chronocontact/excelwriter/Writer.php?mosConfig_absolute_path=http://www.frentesdeseguridad.gov.co/administrator/components/com_index/F1.txt?? HTTP/1.1" 404 - "-" "Mozilla/5.0" "growlonghairfast.com"
200.93.147.154 - - [15/Mar/2010:17:34:33 -0700] "GET /logs//components/com_chronocontact/excelwriter/Writer.php?mosConfig_absolute_path=http://www.frentesdeseguridad.gov.co/administrator/components/com_index/F1.txt?? HTTP/1.1" 404 - "-" "Mozilla/5.0" "growlonghairfast.com"
200.93.147.154 - - [15/Mar/2010:17:38:37 -0700] "GET /logs//components/com_chronocontact/excelwriter/Writer.php?mosConfig_absolute_path=http://www.frentesdeseguridad.gov.co/administrator/components/com_index/F1.txt?? HTTP/1.1" 404 - "-" "Mozilla/5.0" "www.freehairsecrets.com"
200.93.147.154 - - [15/Mar/2010:17:38:40 -0700] "GET /components/com_chronocontact/excelwriter/Writer.php?mosConfig_absolute_path=http://www.frentesdeseguridad.gov.co/administrator/components/com_index/F1.txt?? HTTP/1.1" 404 - "-" "Mozilla/5.0" "www.freehairsecrets.com"
200.93.147.154 - - [15/Mar/2010:17:38:42 -0700] "GET /logs/access.log%20%20//components/com_chronocontact/excelwriter/Writer.php?mosConfig_absolute_path=http://www.frentesdeseguridad.gov.co/administrator/components/com_index/F1.txt?? HTTP/1.1" 404 - "-" "Mozilla/5.0" "www.freehairsecrets.com"
78.186.130.43 - - [15/Mar/2010:17:40:22 -0700] "GET /freehairsecretsphp/index.php HTTP/1.0" 200 333 "http://growlonghairfast.com/freehairsecretsphp/index.php" "Mozilla/4.0 (compatible; MSIE 6.0; Windows NT 5.1)" "growlonghairfast.com"
78.186.130.43 - - [15/Mar/2010:17:40:25 -0700] "GET / HTTP/1.0" 200 910 "http://growlonghairfast.com/" "Mozilla/4.0 (compatible; MSIE 6.0; Windows NT 5.1)" "growlonghairfast.com"
212.117.175.37 - - [15/Mar/2010:17:50:25 -0700] "GET /freehairsecretsphp/viewtopic.php?p=568&sid=a6f0f582f22fe24d6101fc64e36d2027 HTTP/1.0" 200 438 "http://growlonghairfast.com/freehairsecretsphp/viewtopic.php?p=568&sid=a6f0f582f22fe24d6101fc64e36d2027" "Mozilla/4.0 (compatible; MSIE 6.0; Windows NT 5.1)" "growlonghairfast.com"
212.117.175.37 - - [15/Mar/2010:17:50:29 -0700] "GET / HTTP/1.0" 200 910 "http://growlonghairfast.com/" "Mozilla/4.0 (compatible; MSIE 6.0; Windows NT 5.1)" "growlonghairfast.com"
212.117.175.37 - - [15/Mar/2010:17:59:25 -0700] "GET /freehairsecretsphp/viewtopic.php?p=568&sid=a6f0f582f22fe24d6101fc64e36d2027 HTTP/1.0" 200 438 "http://growlonghairfast.com/freehairsecretsphp/viewtopic.php?p=568&sid=a6f0f582f22fe24d6101fc64e36d2027" "Mozilla/4.0 (compatible; MSIE 6.0; Windows NT 5.0; KTXN)" "growlonghairfast.com"
212.117.175.37 - - [15/Mar/2010:17:59:34 -0700] "GET / HTTP/1.0" 200 910 "http://growlonghairfast.com/" "Mozilla/4.0 (compatible; MSIE 6.0; Windows NT 5.0; KTXN)" "growlonghairfast.com"
87.224.241.72 - - [15/Mar/2010:18:00:11 -0700] "GET /logs/access_091116.log HTTP/1.1" 200 718477 "http://growlonghairfast.com/logs/access_091116.log" "Mozilla/4.0 (compatible; MSIE 6.0; Windows NT 5.1)" "growlonghairfast.com"
87.106.132.3 - - [15/Mar/2010:18:08:18 -0700] "GET /components/com_sitemap/sitemap.php?mosConfig_admin_path=http://nimh.snmh.go.kr//bbs/data/list/respon1.txt? HTTP/1.1" 404 - "-" "Mozilla/5.0" "growlonghairfast.com"
87.106.132.3 - - [15/Mar/2010:18:08:18 -0700] "GET /logs//components/com_sitemap/sitemap.php?mosConfig_admin_path=http://nimh.snmh.go.kr//bbs/data/list/respon1.txt? HTTP/1.1" 404 - "-" "Mozilla/5.0" "growlonghairfast.com"
87.106.132.3 - - [15/Mar/2010:18:08:18 -0700] "GET /logs/access.log%20%20//components/com_sitemap/sitemap.php?mosConfig_admin_path=http://nimh.snmh.go.kr//bbs/data/list/respon1.txt? HTTP/1.1" 404 - "-" "Mozilla/5.0" "growlonghairfast.com"
87.106.132.3 - - [15/Mar/2010:18:08:36 -0700] "GET /logs//components/com_sitemap/sitemap.php?mosConfig_admin_path=http://nimh.snmh.go.kr//bbs/data/list/respon1.txt? HTTP/1.1" 404 - "-" "Mozilla/5.0" "growlonghairfast.com"
87.106.132.3 - - [15/Mar/2010:18:08:36 -0700] "GET /components/com_sitemap/sitemap.php?mosConfig_admin_path=http://nimh.snmh.go.kr//bbs/data/list/respon1.txt? HTTP/1.1" 404 - "-" "Mozilla/5.0" "growlonghairfast.com"
87.106.132.3 - - [15/Mar/2010:18:08:36 -0700] "GET /logs/access.log//components/com_sitemap/sitemap.php?mosConfig_admin_path=http://nimh.snmh.go.kr//bbs/data/list/respon1.txt? HTTP/1.1" 404 - "-" "Mozilla/5.0" "growlonghairfast.com"
87.106.132.3 - - [15/Mar/2010:18:09:00 -0700] "GET /components/com_sitemap/sitemap.php?mosConfig_admin_path=http://nimh.snmh.go.kr//bbs/data/list/respon1.txt? HTTP/1.1" 404 - "-" "Mozilla/5.0" "growlonghairfast.com"
87.106.132.3 - - [15/Mar/2010:18:09:00 -0700] "GET /logs//components/com_sitemap/sitemap.php?mosConfig_admin_path=http://nimh.snmh.go.kr//bbs/data/list/respon1.txt? HTTP/1.1" 404 - "-" "Mozilla/5.0" "growlonghairfast.com"
87.106.132.3 - - [15/Mar/2010:18:09:00 -0700] "GET /logs/access.log//components/com_sitemap/sitemap.php?mosConfig_admin_path=http://nimh.snmh.go.kr//bbs/data/list/respon1.txt? HTTP/1.1" 404 - "-" "Mozilla/5.0" "growlonghairfast.com"
87.106.132.3 - - [15/Mar/2010:18:09:02 -0700] "GET /components/com_sitemap/sitemap.php?mosConfig_admin_path=http://nimh.snmh.go.kr//bbs/data/list/respon1.txt? HTTP/1.1" 404 - "-" "Mozilla/5.0" "growlonghairfast.com"
87.106.132.3 - - [15/Mar/2010:18:09:02 -0700] "GET /logs//components/com_sitemap/sitemap.php?mosConfig_admin_path=http://nimh.snmh.go.kr//bbs/data/list/respon1.txt? HTTP/1.1" 404 - "-" "Mozilla/5.0" "growlonghairfast.com"
87.106.132.3 - - [15/Mar/2010:18:09:02 -0700] "GET /logs/access.log%20%20//components/com_sitemap/sitemap.php?mosConfig_admin_path=http://nimh.snmh.go.kr//bbs/data/list/respon1.txt? HTTP/1.1" 404 - "-" "Mozilla/5.0" "growlonghairfast.com"
94.102.63.60 - - [15/Mar/2010:18:09:15 -0700] "GET /freehairsecretsphp/viewtopic.php?p=19267 HTTP/1.0" 200 438 "http://aimtrust.com/aim/r/60008" "Mozilla/4.0 (compatible; MSIE 6.0; Windows NT 5.1; SV1)" "freehairsecrets.com"
87.106.132.3 - - [15/Mar/2010:18:10:41 -0700] "GET /components/com_sitemap/sitemap.php?mosConfig_admin_path=http://nimh.snmh.go.kr//bbs/data/list/respon1.txt? HTTP/1.1" 404 - "-" "Mozilla/5.0" "www.freehairsecrets.com"
87.106.132.3 - - [15/Mar/2010:18:10:41 -0700] "GET /logs//components/com_sitemap/sitemap.php?mosConfig_admin_path=http://nimh.snmh.go.kr//bbs/data/list/respon1.txt? HTTP/1.1" 404 - "-" "Mozilla/5.0" "www.freehairsecrets.com"
87.106.132.3 - - [15/Mar/2010:18:10:41 -0700] "GET /logs/access.log//components/com_sitemap/sitemap.php?mosConfig_admin_path=http://nimh.snmh.go.kr//bbs/data/list/respon1.txt? HTTP/1.1" 404 - "-" "Mozilla/5.0" "www.freehairsecrets.com"
87.106.132.3 - - [15/Mar/2010:18:10:46 -0700] "GET /components/com_sitemap/sitemap.php?mosConfig_admin_path=http://nimh.snmh.go.kr//bbs/data/list/respon1.txt? HTTP/1.1" 404 - "-" "Mozilla/5.0" "www.freehairsecrets.com"
87.106.132.3 - - [15/Mar/2010:18:10:46 -0700] "GET /logs//components/com_sitemap/sitemap.php?mosConfig_admin_path=http://nimh.snmh.go.kr//bbs/data/list/respon1.txt? HTTP/1.1" 404 - "-" "Mozilla/5.0" "www.freehairsecrets.com"
87.106.132.3 - - [15/Mar/2010:18:10:46 -0700] "GET /logs/access.log//components/com_sitemap/sitemap.php?mosConfig_admin_path=http://nimh.snmh.go.kr//bbs/data/list/respon1.txt? HTTP/1.1" 404 - "-" "Mozilla/5.0" "www.freehairsecrets.com"
58.230.162.220 - - [15/Mar/2010:18:12:07 -0700] "GET /components/com_sitemap/sitemap.php?mosConfig_admin_path=http://nimh.snmh.go.kr//bbs/data/list/respon1.txt? HTTP/1.1" 404 - "-" "Mozilla/5.0" "growlonghairfast.com"
58.230.162.220 - - [15/Mar/2010:18:12:07 -0700] "GET /logs//components/com_sitemap/sitemap.php?mosConfig_admin_path=http://nimh.snmh.go.kr//bbs/data/list/respon1.txt? HTTP/1.1" 404 - "-" "Mozilla/5.0" "growlonghairfast.com"
58.230.162.220 - - [15/Mar/2010:18:12:07 -0700] "GET /logs/access.log%20%20//components/com_sitemap/sitemap.php?mosConfig_admin_path=http://nimh.snmh.go.kr//bbs/data/list/respon1.txt? HTTP/1.1" 404 - "-" "Mozilla/5.0" "growlonghairfast.com"
58.230.162.220 - - [15/Mar/2010:18:14:06 -0700] "GET /logs/access.log%20%20//components/com_sitemap/sitemap.php?mosConfig_admin_path=http://nimh.snmh.go.kr//bbs/data/list/respon1.txt? HTTP/1.1" 404 - "-" "Mozilla/5.0" "www.freehairsecrets.com"
58.230.162.220 - - [15/Mar/2010:18:14:06 -0700] "GET /logs//components/com_sitemap/sitemap.php?mosConfig_admin_path=http://nimh.snmh.go.kr//bbs/data/list/respon1.txt? HTTP/1.1" 404 - "-" "Mozilla/5.0" "www.freehairsecrets.com"
58.230.162.220 - - [15/Mar/2010:18:14:06 -0700] "GET /components/com_sitemap/sitemap.php?mosConfig_admin_path=http://nimh.snmh.go.kr//bbs/data/list/respon1.txt? HTTP/1.1" 404 - "-" "Mozilla/5.0" "www.freehairsecrets.com"
87.106.132.3 - - [15/Mar/2010:18:14:12 -0700] "GET /components/com_sitemap/sitemap.php?mosConfig_admin_path=http://nimh.snmh.go.kr//bbs/data/list/respon1.txt? HTTP/1.1" 404 - "-" "Mozilla/5.0" "growlonghairfast.com"
87.106.132.3 - - [15/Mar/2010:18:14:12 -0700] "GET /logs//components/com_sitemap/sitemap.php?mosConfig_admin_path=http://nimh.snmh.go.kr//bbs/data/list/respon1.txt? HTTP/1.1" 404 - "-" "Mozilla/5.0" "growlonghairfast.com"
87.106.132.3 - - [15/Mar/2010:18:14:12 -0700] "GET /logs/access.log//components/com_sitemap/sitemap.php?mosConfig_admin_path=http://nimh.snmh.go.kr//bbs/data/list/respon1.txt? HTTP/1.1" 404 - "-" "Mozilla/5.0" "growlonghairfast.com"
87.106.132.3 - - [15/Mar/2010:18:14:24 -0700] "GET /components/com_sitemap/sitemap.php?mosConfig_admin_path=http://nimh.snmh.go.kr//bbs/data/list/respon1.txt? HTTP/1.1" 404 - "-" "Mozilla/5.0" "growlonghairfast.com"
87.106.132.3 - - [15/Mar/2010:18:14:25 -0700] "GET /logs//components/com_sitemap/sitemap.php?mosConfig_admin_path=http://nimh.snmh.go.kr//bbs/data/list/respon1.txt? HTTP/1.1" 404 - "-" "Mozilla/5.0" "growlonghairfast.com"
87.106.132.3 - - [15/Mar/2010:18:14:25 -0700] "GET /logs/access.log//components/com_sitemap/sitemap.php?mosConfig_admin_path=http://nimh.snmh.go.kr//bbs/data/list/respon1.txt? HTTP/1.1" 404 - "-" "Mozilla/5.0" "growlonghairfast.com"
58.230.162.220 - - [15/Mar/2010:18:15:43 -0700] "GET /components/com_sitemap/sitemap.php?mosConfig_admin_path=http://nimh.snmh.go.kr//bbs/data/list/respon1.txt? HTTP/1.1" 404 - "-" "Mozilla/5.0" "growlonghairfast.com"
58.230.162.220 - - [15/Mar/2010:18:15:43 -0700] "GET /logs/access.log//components/com_sitemap/sitemap.php?mosConfig_admin_path=http://nimh.snmh.go.kr//bbs/data/list/respon1.txt? HTTP/1.1" 404 - "-" "Mozilla/5.0" "growlonghairfast.com"
58.230.162.220 - - [15/Mar/2010:18:15:43 -0700] "GET /logs//components/com_sitemap/sitemap.php?mosConfig_admin_path=http://nimh.snmh.go.kr//bbs/data/list/respon1.txt? HTTP/1.1" 404 - "-" "Mozilla/5.0" "growlonghairfast.com"
218.55.227.137 - - [15/Mar/2010:18:16:37 -0700] "GET /logs/access.log//components/com_sitemap/sitemap.php?mosConfig_admin_path=http://nimh.snmh.go.kr//bbs/data/list/respon1.txt? HTTP/1.1" 404 - "-" "Mozilla/5.0" "growlonghairfast.com"
218.55.227.137 - - [15/Mar/2010:18:16:37 -0700] "GET /components/com_sitemap/sitemap.php?mosConfig_admin_path=http://nimh.snmh.go.kr//bbs/data/list/respon1.txt? HTTP/1.1" 404 - "-" "Mozilla/5.0" "growlonghairfast.com"
