222.96.156.164 - - [19/Jan/2010:08:10:17 -0800] "GET /logs/access.log/administrator/components/com_virtuemart/export.php?mosConfig.absolute.path=http://disk.yonghyuk.pe.kr/comet/id1.txt???? HTTP/1.1" 404 - "-" "Mozilla/5.0" "www.freehairsecrets.com"
67.19.194.26 - - [19/Jan/2010:08:13:18 -0800] "GET /logs/access.log/administrator/components/com_virtuemart/export.php?mosConfig.absolute.path=http://disk.yonghyuk.pe.kr/comet/id1.txt???? HTTP/1.1" 404 - "-" "Mozilla/5.0" "www.freehairsecrets.com"
67.19.194.26 - - [19/Jan/2010:08:13:18 -0800] "GET /logs/administrator/components/com_virtuemart/export.php?mosConfig.absolute.path=http://disk.yonghyuk.pe.kr/comet/id1.txt???? HTTP/1.1" 404 - "-" "Mozilla/5.0" "www.freehairsecrets.com"
67.19.194.26 - - [19/Jan/2010:08:13:24 -0800] "GET /administrator/components/com_virtuemart/export.php?mosConfig.absolute.path=http://disk.yonghyuk.pe.kr/comet/id1.txt???? HTTP/1.1" 404 - "-" "Mozilla/5.0" "www.freehairsecrets.com"
83.170.102.243 - - [19/Jan/2010:08:13:52 -0800] "GET /logs/access.log/deadbeef//skin_shop/standard/2_view_body/body_default.php?GOODS[no]=http://www.focusi.net/bbs/data/board_free/satu.txt?? HTTP/1.1" 404 - "-" "Mozilla/5.0" "www.freehairsecrets.com"
67.19.194.26 - - [19/Jan/2010:08:14:15 -0800] "GET /administrator/components/com_virtuemart/export.php?mosConfig.absolute.path=http://disk.yonghyuk.pe.kr/comet/id1.txt???? HTTP/1.1" 404 - "-" "Mozilla/5.0" "www.freehairsecrets.com"
67.19.194.26 - - [19/Jan/2010:08:14:17 -0800] "GET /logs/administrator/components/com_virtuemart/export.php?mosConfig.absolute.path=http://disk.yonghyuk.pe.kr/comet/id1.txt???? HTTP/1.1" 404 - "-" "Mozilla/5.0" "www.freehairsecrets.com"
67.19.194.26 - - [19/Jan/2010:08:14:17 -0800] "GET /logs/access.log/administrator/components/com_virtuemart/export.php?mosConfig.absolute.path=http://disk.yonghyuk.pe.kr/comet/id1.txt???? HTTP/1.1" 404 - "-" "Mozilla/5.0" "www.freehairsecrets.com"
67.19.194.26 - - [19/Jan/2010:08:14:17 -0800] "GET /administrator/components/com_virtuemart/export.php?mosConfig.absolute.path=http://disk.yonghyuk.pe.kr/comet/id1.txt???? HTTP/1.1" 404 - "-" "Mozilla/5.0" "www.freehairsecrets.com"
67.19.194.26 - - [19/Jan/2010:08:14:17 -0800] "GET /logs/administrator/components/com_virtuemart/export.php?mosConfig.absolute.path=http://disk.yonghyuk.pe.kr/comet/id1.txt???? HTTP/1.1" 404 - "-" "Mozilla/5.0" "www.freehairsecrets.com"
67.19.194.26 - - [19/Jan/2010:08:14:17 -0800] "GET /logs/access.log/administrator/components/com_virtuemart/export.php?mosConfig.absolute.path=http://disk.yonghyuk.pe.kr/comet/id1.txt???? HTTP/1.1" 404 - "-" "Mozilla/5.0" "www.freehairsecrets.com"
67.19.194.26 - - [19/Jan/2010:08:14:38 -0800] "GET /administrator/components/com_virtuemart/export.php?mosConfig.absolute.path=http://disk.yonghyuk.pe.kr/comet/id1.txt???? HTTP/1.1" 404 - "-" "Mozilla/5.0" "www.freehairsecrets.com"
67.19.194.26 - - [19/Jan/2010:08:14:40 -0800] "GET /logs/administrator/components/com_virtuemart/export.php?mosConfig.absolute.path=http://disk.yonghyuk.pe.kr/comet/id1.txt???? HTTP/1.1" 404 - "-" "Mozilla/5.0" "www.freehairsecrets.com"
67.19.194.26 - - [19/Jan/2010:08:14:44 -0800] "GET /logs/access.log/administrator/components/com_virtuemart/export.php?mosConfig.absolute.path=http://disk.yonghyuk.pe.kr/comet/id1.txt???? HTTP/1.1" 404 - "-" "Mozilla/5.0" "www.freehairsecrets.com"
123.143.98.5 - - [19/Jan/2010:08:18:46 -0800] "GET /administrator/components/com_virtuemart//media.divs.js.php?mosConfig_absolute_path=http://www.youronlive.com/modules/Forums/admin/id1.txt?? HTTP/1.1" 404 - "-" "Mozilla/5.0" "www.freehairsecrets.com"
123.143.98.5 - - [19/Jan/2010:08:18:46 -0800] "GET /logs//administrator/components/com_virtuemart//media.divs.js.php?mosConfig_absolute_path=http://www.youronlive.com/modules/Forums/admin/id1.txt?? HTTP/1.1" 404 - "-" "Mozilla/5.0" "www.freehairsecrets.com"
123.143.98.5 - - [19/Jan/2010:08:18:46 -0800] "GET /logs/access.log%20%20//administrator/components/com_virtuemart//media.divs.js.php?mosConfig_absolute_path=http://www.youronlive.com/modules/Forums/admin/id1.txt?? HTTP/1.1" 404 - "-" "Mozilla/5.0" "www.freehairsecrets.com"
220.181.7.62 - - [19/Jan/2010:08:25:11 -0800] "GET /freehairsecretsphp/viewtopic.php?p=9887 HTTP/1.1" 200 349 "-" "Baiduspider+(+http://www.baidu.com/search/spider.htm)" "growlonghairfast.com"
114.80.93.71 - - [19/Jan/2010:08:33:36 -0800] "GET / HTTP/1.1" 200 926 "-" "Mozilla/4.0 (compatible; MSIE 6.0; Windows NT 5.1)" "freehairsecrets.com"
67.192.120.211 - - [19/Jan/2010:08:45:41 -0800] "GET /logs/access.log%20%20//technote7/skin_shop/standard/3_plugin_twindow/twindow_notice.php?shop_this_skin_path=http://musicadelibreria.net/footer?? HTTP/1.1" 404 - "-" "Mozilla/5.0" "www.freehairsecrets.com"
67.192.120.211 - - [19/Jan/2010:08:45:41 -0800] "GET /technote7/skin_shop/standard/3_plugin_twindow/twindow_notice.php?shop_this_skin_path=http://musicadelibreria.net/footer?? HTTP/1.1" 404 - "-" "Mozilla/5.0" "www.freehairsecrets.com"
67.192.120.211 - - [19/Jan/2010:08:45:41 -0800] "GET /logs//technote7/skin_shop/standard/3_plugin_twindow/twindow_notice.php?shop_this_skin_path=http://musicadelibreria.net/footer?? HTTP/1.1" 404 - "-" "Mozilla/5.0" "www.freehairsecrets.com"
208.80.193.42 - - [19/Jan/2010:08:49:42 -0800] "GET /freehairsecretsphp/index.php HTTP/1.0" 200 333 "-" "Mozilla/4.0 (compatible; MSIE 6.0; Windows NT 5.1; SV1; Creative; .NET CLR 1.0.3705; .NET CLR 1.1.4322; .NET CLR 2.0.50727; MSN 9.0;MSN 9.1; MSNbMSNI; MSNmen-us; MSNcIA; MPLUS)" "www.freehairsecrets.com"
208.115.111.245 - - [19/Jan/2010:08:51:56 -0800] "GET /robots.txt HTTP/1.1" 404 - "-" "Mozilla/5.0 (compatible; DotBot/1.1; http://www.dotnetdotcom.org/, crawler@dotnetdotcom.org)" "www.freehairsecrets.com"
209.213.220.227 - - [19/Jan/2010:08:57:03 -0800] "GET /freehairsecretsphp/index.php HTTP/1.1" 200 349 "http://growlonghairfast.com/freehairsecretsphp/index.php" "Opera/8.01 (Windows NT 5.1)" "growlonghairfast.com"
202.108.50.76 - - [19/Jan/2010:08:57:05 -0800] "GET /freehairsecretsphp/index.php HTTP/1.1" 200 349 "http://growlonghairfast.com/freehairsecretsphp/index.php" "Opera/8.01 (Windows NT 5.1)" "growlonghairfast.com"
60.217.248.140 - - [19/Jan/2010:08:57:13 -0800] "GET /freehairsecretsphp/index.php HTTP/1.1" 200 349 "http://growlonghairfast.com/freehairsecretsphp/index.php" "Opera/8.01 (Windows NT 5.1)" "growlonghairfast.com"
202.108.50.76 - - [19/Jan/2010:08:57:40 -0800] "GET /freehairsecretsphp/index.php HTTP/1.1" 200 349 "http://growlonghairfast.com/freehairsecretsphp/index.php" "Opera/8.01 (Windows NT 5.1)" "growlonghairfast.com"
208.115.111.245 - - [19/Jan/2010:09:07:03 -0800] "GET /?D=A HTTP/1.1" 200 926 "-" "Mozilla/5.0 (compatible; DotBot/1.1; http://www.dotnetdotcom.org/, crawler@dotnetdotcom.org)" "www.freehairsecrets.com"
208.115.111.245 - - [19/Jan/2010:09:07:07 -0800] "GET /?M=A HTTP/1.1" 200 926 "-" "Mozilla/5.0 (compatible; DotBot/1.1; http://www.dotnetdotcom.org/, crawler@dotnetdotcom.org)" "www.freehairsecrets.com"
208.115.111.245 - - [19/Jan/2010:09:07:11 -0800] "GET /?S=A HTTP/1.1" 200 926 "-" "Mozilla/5.0 (compatible; DotBot/1.1; http://www.dotnetdotcom.org/, crawler@dotnetdotcom.org)" "www.freehairsecrets.com"
208.115.111.245 - - [19/Jan/2010:09:07:16 -0800] "GET /freehairsecretsphp/ HTTP/1.1" 200 349 "-" "Mozilla/5.0 (compatible; DotBot/1.1; http://www.dotnetdotcom.org/, crawler@dotnetdotcom.org)" "www.freehairsecrets.com"
208.115.111.245 - - [19/Jan/2010:09:07:20 -0800] "GET /logs/ HTTP/1.1" 200 4799 "-" "Mozilla/5.0 (compatible; DotBot/1.1; http://www.dotnetdotcom.org/, crawler@dotnetdotcom.org)" "www.freehairsecrets.com"
208.115.111.245 - - [19/Jan/2010:09:07:25 -0800] "GET /tmp/ HTTP/1.1" 200 659 "-" "Mozilla/5.0 (compatible; DotBot/1.1; http://www.dotnetdotcom.org/, crawler@dotnetdotcom.org)" "www.freehairsecrets.com"
208.115.111.245 - - [19/Jan/2010:09:07:30 -0800] "GET /tmp/?D=A HTTP/1.1" 200 659 "-" "Mozilla/5.0 (compatible; DotBot/1.1; http://www.dotnetdotcom.org/, crawler@dotnetdotcom.org)" "www.freehairsecrets.com"
208.115.111.245 - - [19/Jan/2010:09:07:35 -0800] "GET /tmp/?M=A HTTP/1.1" 200 659 "-" "Mozilla/5.0 (compatible; DotBot/1.1; http://www.dotnetdotcom.org/, crawler@dotnetdotcom.org)" "www.freehairsecrets.com"
208.115.111.245 - - [19/Jan/2010:09:07:40 -0800] "GET /tmp/?N=A HTTP/1.1" 200 659 "-" "Mozilla/5.0 (compatible; DotBot/1.1; http://www.dotnetdotcom.org/, crawler@dotnetdotcom.org)" "www.freehairsecrets.com"
208.115.111.245 - - [19/Jan/2010:09:07:45 -0800] "GET /tmp/?S=A HTTP/1.1" 200 659 "-" "Mozilla/5.0 (compatible; DotBot/1.1; http://www.dotnetdotcom.org/, crawler@dotnetdotcom.org)" "www.freehairsecrets.com"
220.181.7.65 - - [19/Jan/2010:09:08:31 -0800] "GET /freehairsecretsphp/viewtopic.php?p=6686 HTTP/1.1" 200 349 "-" "Baiduspider+(+http://www.baidu.com/search/spider.htm)" "growlonghairfast.com"
64.1.16.10 - - [19/Jan/2010:09:12:36 -0800] "GET /logs/access.log//login.php?dir=http://www.fileden.com/files/2010/1/18/2729554/id1.txt? HTTP/1.1" 404 - "-" "Mozilla/5.0" "www.freehairsecrets.com"
64.1.16.10 - - [19/Jan/2010:09:12:36 -0800] "GET /logs//login.php?dir=http://www.fileden.com/files/2010/1/18/2729554/id1.txt? HTTP/1.1" 404 - "-" "Mozilla/5.0" "www.freehairsecrets.com"
64.1.16.10 - - [19/Jan/2010:09:12:36 -0800] "GET /login.php?dir=http://www.fileden.com/files/2010/1/18/2729554/id1.txt? HTTP/1.1" 404 - "-" "Mozilla/5.0" "www.freehairsecrets.com"
74.63.81.11 - - [19/Jan/2010:09:13:17 -0800] "GET /freehairsecretsphp/index.php HTTP/1.0" 200 333 "http://growlonghairfast.com/freehairsecretsphp/index.php" "Mozilla/4.0 (compatible; MSIE 6.0; Windows NT 5.1; SV1)" "growlonghairfast.com"
74.63.81.11 - - [19/Jan/2010:09:13:17 -0800] "GET / HTTP/1.0" 200 910 "http://growlonghairfast.com/" "Mozilla/4.0 (compatible; MSIE 6.0; Windows NT 5.1; SV1)" "growlonghairfast.com"
67.192.120.211 - - [19/Jan/2010:09:13:24 -0800] "GET /logs/access.log//technote7/skin_shop/standard/3_plugin_twindow/twindow_notice.php?shop_this_skin_path=http://musicadelibreria.net/footer?? HTTP/1.1" 404 - "-" "Mozilla/5.0" "www.freehairsecrets.com"
64.1.16.10 - - [19/Jan/2010:09:13:45 -0800] "GET /logs/access.log%20%20//login.php?dir=http://www.fileden.com/files/2010/1/18/2729554/id1.txt? HTTP/1.1" 404 - "-" "Mozilla/5.0" "www.freehairsecrets.com"
64.1.16.10 - - [19/Jan/2010:09:13:45 -0800] "GET /logs//login.php?dir=http://www.fileden.com/files/2010/1/18/2729554/id1.txt? HTTP/1.1" 404 - "-" "Mozilla/5.0" "www.freehairsecrets.com"
64.1.16.10 - - [19/Jan/2010:09:13:45 -0800] "GET /login.php?dir=http://www.fileden.com/files/2010/1/18/2729554/id1.txt? HTTP/1.1" 404 - "-" "Mozilla/5.0" "www.freehairsecrets.com"
221.139.2.6 - - [19/Jan/2010:09:16:14 -0800] "GET /logs/access_091005.log/show_image_in_imgtag.php?mosConfig.absolute.path=http://art.srru.ac.th/images/blank.gif?? HTTP/1.1" 404 - "-" "libwww-perl/5.79" "www.freehairsecrets.com"
221.139.2.6 - - [19/Jan/2010:09:16:15 -0800] "GET /show_image_in_imgtag.php?mosConfig.absolute.path=http://art.srru.ac.th/images/blank.gif?? HTTP/1.1" 404 - "-" "libwww-perl/5.79" "www.freehairsecrets.com"
221.139.2.6 - - [19/Jan/2010:09:16:16 -0800] "GET /logs/show_image_in_imgtag.php?mosConfig.absolute.path=http://art.srru.ac.th/images/blank.gif?? HTTP/1.1" 404 - "-" "libwww-perl/5.79" "www.freehairsecrets.com"
118.107.166.92 - - [19/Jan/2010:09:25:38 -0800] "GET /logs//performs.php?mosConfig_absolute_path=http://www.ahnhj.kr/main/skin/search/basic/left/templates/id1(feelcomz).txt? HTTP/1.1" 404 - "-" "Mozilla/5.0" "www.freehairsecrets.com"
118.107.166.92 - - [19/Jan/2010:09:25:39 -0800] "GET /logs/access.log%20%20//performs.php?mosConfig_absolute_path=http://www.ahnhj.kr/main/skin/search/basic/left/templates/id1(feelcomz).txt? HTTP/1.1" 404 - "-" "Mozilla/5.0" "www.freehairsecrets.com"
118.107.166.92 - - [19/Jan/2010:09:25:39 -0800] "GET /performs.php?mosConfig_absolute_path=http://www.ahnhj.kr/main/skin/search/basic/left/templates/id1(feelcomz).txt? HTTP/1.1" 404 - "-" "Mozilla/5.0" "www.freehairsecrets.com"
118.107.166.92 - - [19/Jan/2010:09:25:40 -0800] "GET /performs.php?mosConfig_absolute_path=http://www.ahnhj.kr/main/skin/search/basic/left/templates/id1(feelcomz).txt? HTTP/1.1" 404 - "-" "Mozilla/5.0" "www.freehairsecrets.com"
118.107.166.92 - - [19/Jan/2010:09:25:40 -0800] "GET /logs//performs.php?mosConfig_absolute_path=http://www.ahnhj.kr/main/skin/search/basic/left/templates/id1(feelcomz).txt? HTTP/1.1" 404 - "-" "Mozilla/5.0" "www.freehairsecrets.com"
118.107.166.92 - - [19/Jan/2010:09:25:40 -0800] "GET /logs/access.log%20%20//performs.php?mosConfig_absolute_path=http://www.ahnhj.kr/main/skin/search/basic/left/templates/id1(feelcomz).txt? HTTP/1.1" 404 - "-" "Mozilla/5.0" "www.freehairsecrets.com"
220.181.7.55 - - [19/Jan/2010:09:40:43 -0800] "GET /freehairsecretsphp/viewtopic.php?p=546 HTTP/1.1" 200 349 "-" "Baiduspider+(+http://www.baidu.com/search/spider.htm)" "growlonghairfast.com"
123.143.98.5 - - [19/Jan/2010:09:46:21 -0800] "GET /administrator/components/com_virtuemart//media.divs.js.php?mosConfig_absolute_path=http://www.youronlive.com/modules/Forums/admin/id1.txt?? HTTP/1.1" 404 - "-" "Mozilla/5.0" "www.freehairsecrets.com"
123.143.98.5 - - [19/Jan/2010:09:46:21 -0800] "GET /logs/access.log%20%20//administrator/components/com_virtuemart//media.divs.js.php?mosConfig_absolute_path=http://www.youronlive.com/modules/Forums/admin/id1.txt?? HTTP/1.1" 404 - "-" "Mozilla/5.0" "www.freehairsecrets.com"
123.143.98.5 - - [19/Jan/2010:09:46:21 -0800] "GET /logs//administrator/components/com_virtuemart//media.divs.js.php?mosConfig_absolute_path=http://www.youronlive.com/modules/Forums/admin/id1.txt?? HTTP/1.1" 404 - "-" "Mozilla/5.0" "www.freehairsecrets.com"
118.107.166.92 - - [19/Jan/2010:09:52:31 -0800] "GET /logs//registration_detailed.inc.php?mosConfig_absolute_path=http://www.ahnhj.kr/main/skin/search/basic/left/templates/id1(feelcomz).txt? HTTP/1.1" 404 - "-" "Mozilla/5.0" "www.freehairsecrets.com"
118.107.166.92 - - [19/Jan/2010:09:52:31 -0800] "GET /registration_detailed.inc.php?mosConfig_absolute_path=http://www.ahnhj.kr/main/skin/search/basic/left/templates/id1(feelcomz).txt? HTTP/1.1" 404 - "-" "Mozilla/5.0" "www.freehairsecrets.com"
118.107.166.92 - - [19/Jan/2010:09:52:31 -0800] "GET /logs/access.log%20%20//registration_detailed.inc.php?mosConfig_absolute_path=http://www.ahnhj.kr/main/skin/search/basic/left/templates/id1(feelcomz).txt? HTTP/1.1" 404 - "-" "Mozilla/5.0" "www.freehairsecrets.com"
118.107.166.92 - - [19/Jan/2010:09:52:34 -0800] "GET /logs/access.log%20%20//registration_detailed.inc.php?mosConfig_absolute_path=http://www.ahnhj.kr/main/skin/search/basic/left/templates/id1(feelcomz).txt? HTTP/1.1" 404 - "-" "Mozilla/5.0" "www.freehairsecrets.com"
118.107.166.92 - - [19/Jan/2010:09:52:34 -0800] "GET /registration_detailed.inc.php?mosConfig_absolute_path=http://www.ahnhj.kr/main/skin/search/basic/left/templates/id1(feelcomz).txt? HTTP/1.1" 404 - "-" "Mozilla/5.0" "www.freehairsecrets.com"
118.107.166.92 - - [19/Jan/2010:09:52:37 -0800] "GET /logs//registration_detailed.inc.php?mosConfig_absolute_path=http://www.ahnhj.kr/main/skin/search/basic/left/templates/id1(feelcomz).txt? HTTP/1.1" 404 - "-" "Mozilla/5.0" "www.freehairsecrets.com"
118.107.166.92 - - [19/Jan/2010:09:57:37 -0800] "GET /logs/access_091130.log%20%20//registration_detailed.inc.php?mosConfig_absolute_path=http://www.ahnhj.kr/main/skin/search/basic/left/templates/id1(feelcomz).txt? HTTP/1.1" 404 - "-" "Mozilla/5.0" "www.freehairsecrets.com"
118.107.166.92 - - [19/Jan/2010:09:57:54 -0800] "GET /logs/access_091130.log%20%20//registration_detailed.inc.php?mosConfig_absolute_path=http://www.ahnhj.kr/main/skin/search/basic/left/templates/id1(feelcomz).txt? HTTP/1.1" 404 - "-" "Mozilla/5.0" "www.freehairsecrets.com"
83.170.102.243 - - [19/Jan/2010:10:01:45 -0800] "GET /logs/access_091005.log%20%20///components/com_virtuemart/show_image_in_imgtag.php?mosConfig.absolute.path=http://www.focusi.net/bbs/data/board_free/satu.txt?? HTTP/1.1" 404 - "-" "Mozilla/5.0" "www.freehairsecrets.com"
83.170.102.243 - - [19/Jan/2010:10:01:45 -0800] "GET /logs///components/com_virtuemart/show_image_in_imgtag.php?mosConfig.absolute.path=http://www.focusi.net/bbs/data/board_free/satu.txt?? HTTP/1.1" 404 - "-" "Mozilla/5.0" "www.freehairsecrets.com"
83.170.102.243 - - [19/Jan/2010:10:01:46 -0800] "GET //components/com_virtuemart/show_image_in_imgtag.php?mosConfig.absolute.path=http://www.focusi.net/bbs/data/board_free/satu.txt?? HTTP/1.1" 404 - "-" "Mozilla/5.0" "www.freehairsecrets.com"
83.170.102.243 - - [19/Jan/2010:10:05:37 -0800] "GET /logs/access.log%20%20///components/com_virtuemart/show_image_in_imgtag.php?mosConfig.absolute.path=http://www.focusi.net/bbs/data/board_free/satu.txt?? HTTP/1.1" 404 - "-" "Mozilla/5.0" "www.freehairsecrets.com"
60.251.165.181 - - [19/Jan/2010:10:06:12 -0800] "GET /registration_detailed.inc.php?mosConfig_absolute_path=http://www.ahnhj.kr/main/skin/search/basic/left/templates/id1(feelcomz).txt? HTTP/1.1" 404 - "-" "Mozilla/5.0" "www.freehairsecrets.com"
60.251.165.181 - - [19/Jan/2010:10:06:12 -0800] "GET /logs//registration_detailed.inc.php?mosConfig_absolute_path=http://www.ahnhj.kr/main/skin/search/basic/left/templates/id1(feelcomz).txt? HTTP/1.1" 404 - "-" "Mozilla/5.0" "www.freehairsecrets.com"
60.251.165.181 - - [19/Jan/2010:10:06:13 -0800] "GET /logs/access.log%20%20//registration_detailed.inc.php?mosConfig_absolute_path=http://www.ahnhj.kr/main/skin/search/basic/left/templates/id1(feelcomz).txt? HTTP/1.1" 404 - "-" "Mozilla/5.0" "www.freehairsecrets.com"
91.213.121.27 - - [19/Jan/2010:10:06:47 -0800] "GET /logs/index.php HTTP/1.1" 404 - "-" "Mozilla/4.0 (compatible; 6.0; Windows NT 5.1" "www.freehairsecrets.com"
220.181.7.71 - - [19/Jan/2010:10:11:13 -0800] "GET /freehairsecretsphp/viewtopic.php?p=514 HTTP/1.1" 200 349 "-" "Baiduspider+(+http://www.baidu.com/search/spider.htm)" "growlonghairfast.com"
202.143.65.59 - - [19/Jan/2010:10:13:50 -0800] "GET /errors.php?error=http://213.251.185.84/~janol/id11.txt? HTTP/1.1" 404 - "-" "Mozilla/5.0" "www.freehairsecrets.com"
202.143.65.59 - - [19/Jan/2010:10:13:50 -0800] "GET /logs/errors.php?error=http://213.251.185.84/~janol/id11.txt? HTTP/1.1" 404 - "-" "Mozilla/5.0" "www.freehairsecrets.com"
202.143.65.59 - - [19/Jan/2010:10:13:50 -0800] "GET /logs/access.log/errors.php?error=http://213.251.185.84/~janol/id11.txt? HTTP/1.1" 404 - "-" "Mozilla/5.0" "www.freehairsecrets.com"
83.170.102.243 - - [19/Jan/2010:10:14:52 -0800] "GET /logs/access_091005.log///components/com_virtuemart/show_image_in_imgtag.php?mosConfig.absolute.path=http://www.focusi.net/bbs/data/board_free/satu.txt?? HTTP/1.1" 404 - "-" "Mozilla/5.0" "www.freehairsecrets.com"
83.170.102.243 - - [19/Jan/2010:10:16:10 -0800] "GET /logs/access.log///components/com_virtuemart/show_image_in_imgtag.php?mosConfig.absolute.path=http://www.focusi.net/bbs/data/board_free/satu.txt?? HTTP/1.1" 404 - "-" "Mozilla/5.0" "www.freehairsecrets.com"
220.181.94.213 - - [19/Jan/2010:10:20:03 -0800] "GET /robots.txt HTTP/1.1" 404 - "-" "-" "growlonghairfast.com"
220.181.94.213 - - [19/Jan/2010:10:20:48 -0800] "GET /freehairsecretsphp/viewtopic.php?p=5619 HTTP/1.1" 200 349 "-" "Sogou web spider/4.0(+http://www.sogou.com/docs/help/webmasters.htm#07)" "growlonghairfast.com"
220.181.94.213 - - [19/Jan/2010:10:20:57 -0800] "GET /freehairsecretsphp/viewtopic.php?p=1194 HTTP/1.1" 200 349 "-" "Sogou web spider/4.0(+http://www.sogou.com/docs/help/webmasters.htm#07)" "growlonghairfast.com"
83.170.102.243 - - [19/Jan/2010:10:34:55 -0800] "GET /deadbeef/skin_shop/standard/2_view_body/body_default.php?GOODS%5Bno%5D=http://www.focusi.net/bbs/data/board_free/satu.txt?? HTTP/1.1" 404 - "-" "Mozilla/5.0" "www.freehairsecrets.com"
83.170.102.243 - - [19/Jan/2010:10:34:55 -0800] "GET /logs/access.log%20%20//deadbeef/skin_shop/standard/2_view_body/body_default.php?GOODS%5Bno%5D=http://www.focusi.net/bbs/data/board_free/satu.txt?? HTTP/1.1" 404 - "-" "Mozilla/5.0" "www.freehairsecrets.com"
83.170.102.243 - - [19/Jan/2010:10:34:55 -0800] "GET /logs//deadbeef/skin_shop/standard/2_view_body/body_default.php?GOODS%5Bno%5D=http://www.focusi.net/bbs/data/board_free/satu.txt?? HTTP/1.1" 404 - "-" "Mozilla/5.0" "www.freehairsecrets.com"
208.80.193.42 - - [19/Jan/2010:10:35:20 -0800] "GET / HTTP/1.0" 200 910 "-" "Mozilla/4.0 (compatible; MSIE 6.0; Windows NT 5.1; SV1; SIMBAR={931C2065-22A9-4ac6-8995-B53B1B349EB3})" "www.growlonghairfast.com"
220.181.94.229 - - [19/Jan/2010:10:37:19 -0800] "GET /robots.txt HTTP/1.1" 404 - "-" "-" "www.freehairsecrets.com"
220.181.94.229 - - [19/Jan/2010:10:37:29 -0800] "GET /freehairsecretsphp/viewtopic.php?p=5515 HTTP/1.1" 200 349 "-" "Sogou web spider/4.0(+http://www.sogou.com/docs/help/webmasters.htm#07)" "www.freehairsecrets.com"
95.220.55.223 - - [19/Jan/2010:10:44:25 -0800] "GET /freehairsecretsphp/index.php HTTP/1.0" 200 333 "http://www.freehairsecrets.com/freehairsecretsphp/index.php" "Mozilla/4.0 (compatible; MSIE 6.0; Windows 98; Win 9x 4.90)" "www.freehairsecrets.com"
83.170.102.243 - - [19/Jan/2010:10:46:00 -0800] "GET /logs/access.log//deadbeef/skin_shop/standard/2_view_body/body_default.php?GOODS%5Bno%5D=http://www.focusi.net/bbs/data/board_free/satu.txt?? HTTP/1.1" 404 - "-" "Mozilla/5.0" "www.freehairsecrets.com"
119.63.198.115 - - [19/Jan/2010:10:53:09 -0800] "GET /freehairsecretsphp/viewtopic.php?p=14331 HTTP/1.1" 200 349 "-" "Baiduspider+(+http://www.baidu.jp/spider/)" "www.freehairsecrets.com"
66.135.59.24 - - [19/Jan/2010:10:57:44 -0800] "GET /logs/access.log//bbs/skin/ggambo7002_board/?_zb_path=http://musicadelibreria.net/footer?? HTTP/1.1" 404 - "-" "Mozilla/5.0" "www.freehairsecrets.com"
66.135.59.24 - - [19/Jan/2010:10:57:44 -0800] "GET /logs//bbs/skin/ggambo7002_board/?_zb_path=http://musicadelibreria.net/footer?? HTTP/1.1" 404 - "-" "Mozilla/5.0" "www.freehairsecrets.com"
66.135.59.24 - - [19/Jan/2010:10:57:44 -0800] "GET /bbs/skin/ggambo7002_board/?_zb_path=http://musicadelibreria.net/footer?? HTTP/1.1" 404 - "-" "Mozilla/5.0" "www.freehairsecrets.com"
94.23.145.228 - - [19/Jan/2010:11:00:55 -0800] "GET /freehairsecretsphp/index.php HTTP/1.0" 200 333 "http://growlonghairfast.com/freehairsecretsphp/index.php" "Mozilla/4.0 (compatible; MSIE 6.0; Windows NT 5.1; en) Opera 9.0" "growlonghairfast.com"
94.23.145.228 - - [19/Jan/2010:11:00:57 -0800] "GET / HTTP/1.0" 200 910 "http://growlonghairfast.com/" "Mozilla/4.0 (compatible; MSIE 6.0; Windows NT 5.1; en) Opera 9.0" "growlonghairfast.com"
220.181.7.69 - - [19/Jan/2010:11:05:01 -0800] "GET /freehairsecretsphp/viewtopic.php?p=4378 HTTP/1.1" 200 349 "-" "Baiduspider+(+http://www.baidu.com/search/spider.htm)" "growlonghairfast.com"
115.68.2.144 - - [19/Jan/2010:11:10:15 -0800] "GET //components/com_virtuemart/show_image_in_imgtag.php?mosConfig_absolute_path=http://www.qqe.ru/forum//attachments/id1.txt???? HTTP/1.1" 404 - "-" "Mozilla/5.0" "www.freehairsecrets.com"
115.68.2.144 - - [19/Jan/2010:11:10:16 -0800] "GET /logs///components/com_virtuemart/show_image_in_imgtag.php?mosConfig_absolute_path=http://www.qqe.ru/forum//attachments/id1.txt???? HTTP/1.1" 404 - "-" "Mozilla/5.0" "www.freehairsecrets.com"
115.68.2.144 - - [19/Jan/2010:11:10:17 -0800] "GET /logs/access_091005.log%20%20///components/com_virtuemart/show_image_in_imgtag.php?mosConfig_absolute_path=http://www.qqe.ru/forum//attachments/id1.txt???? HTTP/1.1" 404 - "-" "Mozilla/5.0" "www.freehairsecrets.com"
115.68.2.144 - - [19/Jan/2010:11:11:24 -0800] "GET /logs/access_091005.log%20%20///components/com_virtuemart/show_image_in_imgtag.php?mosConfig_absolute_path=http://www.qqe.ru/forum//attachments/id1.txt???? HTTP/1.1" 404 - "-" "Mozilla/5.0" "www.freehairsecrets.com"
115.68.2.144 - - [19/Jan/2010:11:11:25 -0800] "GET //components/com_virtuemart/show_image_in_imgtag.php?mosConfig_absolute_path=http://www.qqe.ru/forum//attachments/id1.txt???? HTTP/1.1" 404 - "-" "Mozilla/5.0" "www.freehairsecrets.com"
115.68.2.144 - - [19/Jan/2010:11:11:27 -0800] "GET /logs///components/com_virtuemart/show_image_in_imgtag.php?mosConfig_absolute_path=http://www.qqe.ru/forum//attachments/id1.txt???? HTTP/1.1" 404 - "-" "Mozilla/5.0" "www.freehairsecrets.com"
115.68.2.144 - - [19/Jan/2010:11:16:36 -0800] "GET /logs/access.log%20%20///components/com_virtuemart/show_image_in_imgtag.php?mosConfig_absolute_path=http://www.qqe.ru/forum//attachments/id1.txt???? HTTP/1.1" 404 - "-" "Mozilla/5.0" "www.freehairsecrets.com"
115.68.2.144 - - [19/Jan/2010:11:17:50 -0800] "GET /logs/access.log%20%20///components/com_virtuemart/show_image_in_imgtag.php?mosConfig_absolute_path=http://www.qqe.ru/forum//attachments/id1.txt???? HTTP/1.1" 404 - "-" "Mozilla/5.0" "www.freehairsecrets.com"
123.143.98.5 - - [19/Jan/2010:11:22:37 -0800] "GET /logs/access.log%20%20//administrator/components/com_virtuemart//media.divs.js.php?mosConfig_absolute_path=http://www.youronlive.com/modules/Forums/admin/id1.txt?? HTTP/1.1" 404 - "-" "Mozilla/5.0" "www.freehairsecrets.com"
123.143.98.5 - - [19/Jan/2010:11:22:37 -0800] "GET /logs//administrator/components/com_virtuemart//media.divs.js.php?mosConfig_absolute_path=http://www.youronlive.com/modules/Forums/admin/id1.txt?? HTTP/1.1" 404 - "-" "Mozilla/5.0" "www.freehairsecrets.com"
123.143.98.5 - - [19/Jan/2010:11:22:37 -0800] "GET /administrator/components/com_virtuemart//media.divs.js.php?mosConfig_absolute_path=http://www.youronlive.com/modules/Forums/admin/id1.txt?? HTTP/1.1" 404 - "-" "Mozilla/5.0" "www.freehairsecrets.com"
94.23.145.228 - - [19/Jan/2010:11:34:23 -0800] "GET /freehairsecretsphp/index.php HTTP/1.0" 200 333 "http://www.freehairsecrets.com/freehairsecretsphp/index.php" "Mozilla/4.0 (compatible; MSIE 6.0; Windows NT 5.1; Maxthon; .NET CLR 1.1.4322)" "www.freehairsecrets.com"
94.23.145.228 - - [19/Jan/2010:11:34:23 -0800] "GET / HTTP/1.0" 200 910 "http://www.freehairsecrets.com/" "Mozilla/4.0 (compatible; MSIE 6.0; Windows NT 5.1; Maxthon; .NET CLR 1.1.4322)" "www.freehairsecrets.com"
77.88.25.28 - - [19/Jan/2010:12:00:09 -0800] "GET /robots.txt HTTP/1.1" 404 - "-" "Yandex/1.01.001 (compatible; Win16; I)" "growlonghairfast.com"
79.70.224.78 - - [19/Jan/2010:12:13:47 -0800] "GET / HTTP/1.1" 200 926 "-" "Mozilla/4.0 (compatible; MSIE 7.0; Windows NT 6.0; GTB6.3; SLCC1; .NET CLR 2.0.50727; InfoPath.2; .NET CLR 3.5.30729; .NET CLR 3.0.30729)" "growlonghairfast.com"
79.70.224.78 - - [19/Jan/2010:12:13:49 -0800] "GET /favicon.ico HTTP/1.1" 404 - "-" "Mozilla/4.0 (compatible; MSIE 7.0; Windows NT 6.0; GTB6.3; SLCC1; .NET CLR 2.0.50727; InfoPath.2; .NET CLR 3.5.30729; .NET CLR 3.0.30729)" "growlonghairfast.com"
79.70.224.78 - - [19/Jan/2010:12:14:07 -0800] "GET /freehairsecretsphp/ HTTP/1.1" 200 349 "http://growlonghairfast.com/" "Mozilla/4.0 (compatible; MSIE 7.0; Windows NT 6.0; GTB6.3; SLCC1; .NET CLR 2.0.50727; InfoPath.2; .NET CLR 3.5.30729; .NET CLR 3.0.30729)" "growlonghairfast.com"
68.147.5.156 - - [19/Jan/2010:12:25:26 -0800] "GET /freehairsecretsphp/index.php HTTP/1.0" 200 333 "http://growlonghairfast.com/freehairsecretsphp/index.php" "Mozilla/4.0 (compatible; MSIE 6.0; Windows NT 5.1)" "growlonghairfast.com"
68.147.5.156 - - [19/Jan/2010:12:25:30 -0800] "GET / HTTP/1.0" 200 910 "http://growlonghairfast.com/" "Mozilla/4.0 (compatible; MSIE 6.0; Windows NT 5.1)" "growlonghairfast.com"
77.88.25.28 - - [19/Jan/2010:12:26:26 -0800] "GET /robots.txt HTTP/1.1" 404 - "-" "Yandex/1.01.001 (compatible; Win16; I)" "www.freehairsecrets.com"
123.143.98.5 - - [19/Jan/2010:12:53:03 -0800] "GET /administrator/components/com_virtuemart//media.divs.js.php?mosConfig_absolute_path=http://www.youronlive.com/modules/Forums/admin/id1.txt?? HTTP/1.1" 404 - "-" "Mozilla/5.0" "www.freehairsecrets.com"
123.143.98.5 - - [19/Jan/2010:12:53:03 -0800] "GET /logs//administrator/components/com_virtuemart//media.divs.js.php?mosConfig_absolute_path=http://www.youronlive.com/modules/Forums/admin/id1.txt?? HTTP/1.1" 404 - "-" "Mozilla/5.0" "www.freehairsecrets.com"
123.143.98.5 - - [19/Jan/2010:12:53:03 -0800] "GET /logs/access.log%20%20//administrator/components/com_virtuemart//media.divs.js.php?mosConfig_absolute_path=http://www.youronlive.com/modules/Forums/admin/id1.txt?? HTTP/1.1" 404 - "-" "Mozilla/5.0" "www.freehairsecrets.com"
219.94.193.152 - - [19/Jan/2010:12:58:19 -0800] "GET /skin/ggerzer_diary/ask_password.php?dir=http://musicadelibreria.net/footer?? HTTP/1.1" 404 - "-" "Mozilla/5.0" "www.freehairsecrets.com"
219.94.193.152 - - [19/Jan/2010:12:58:19 -0800] "GET /logs//skin/ggerzer_diary/ask_password.php?dir=http://musicadelibreria.net/footer?? HTTP/1.1" 404 - "-" "Mozilla/5.0" "www.freehairsecrets.com"
219.94.193.152 - - [19/Jan/2010:12:58:19 -0800] "GET /logs/access.log%20%20//skin/ggerzer_diary/ask_password.php?dir=http://musicadelibreria.net/footer?? HTTP/1.1" 404 - "-" "Mozilla/5.0" "www.freehairsecrets.com"
119.63.198.102 - - [19/Jan/2010:13:00:58 -0800] "GET /freehairsecretsphp/viewtopic.php?p=13850 HTTP/1.1" 200 349 "-" "Baiduspider+(+http://www.baidu.jp/spider/)" "growlonghairfast.com"
219.94.193.152 - - [19/Jan/2010:13:01:33 -0800] "GET /logs//skin/ggerzer_diary/ask_password.php?dir=http://musicadelibreria.net/footer?? HTTP/1.1" 404 - "-" "Mozilla/5.0" "www.freehairsecrets.com"
219.94.193.152 - - [19/Jan/2010:13:01:33 -0800] "GET /skin/ggerzer_diary/ask_password.php?dir=http://musicadelibreria.net/footer?? HTTP/1.1" 404 - "-" "Mozilla/5.0" "www.freehairsecrets.com"
219.94.193.152 - - [19/Jan/2010:13:01:35 -0800] "GET /logs/access.log//skin/ggerzer_diary/ask_password.php?dir=http://musicadelibreria.net/footer?? HTTP/1.1" 404 - "-" "Mozilla/5.0" "www.freehairsecrets.com"
220.181.7.14 - - [19/Jan/2010:13:11:19 -0800] "GET /robots.txt HTTP/1.1" 404 - "-" "Baiduspider+(+http://www.baidu.com/search/spider.htm)" "www.freehairsecrets.com"
92.48.118.229 - - [19/Jan/2010:13:12:40 -0800] "GET /freehairsecretsphp/index.php HTTP/1.0" 200 333 "http://growlonghairfast.com/freehairsecretsphp/index.php" "Mozilla/4.0 (compatible; MSIE 6.0; Windows NT 5.1; Crazy Browser 1.0.5)" "growlonghairfast.com"
92.48.118.229 - - [19/Jan/2010:13:12:41 -0800] "GET / HTTP/1.0" 200 910 "http://growlonghairfast.com/" "Mozilla/4.0 (compatible; MSIE 6.0; Windows NT 5.1; Crazy Browser 1.0.5)" "growlonghairfast.com"
208.115.111.245 - - [19/Jan/2010:13:15:19 -0800] "GET / HTTP/1.1" 200 926 "-" "Mozilla/5.0 (compatible; DotBot/1.1; http://www.dotnetdotcom.org/, crawler@dotnetdotcom.org)" "www.freehairsecrets.com"
208.115.111.245 - - [19/Jan/2010:13:15:24 -0800] "GET /tmp/mailError.log HTTP/1.1" 200 62167 "-" "Mozilla/5.0 (compatible; DotBot/1.1; http://www.dotnetdotcom.org/, crawler@dotnetdotcom.org)" "www.freehairsecrets.com"
125.141.91.138 - - [19/Jan/2010:13:25:36 -0800] "GET /skin_shop/standard/3_plugin_twindow/twindow_notice.php?shop_this_skin_path=http://musicadelibreria.net/footer?? HTTP/1.1" 404 - "-" "Mozilla/5.0" "www.freehairsecrets.com"
125.141.91.138 - - [19/Jan/2010:13:25:36 -0800] "GET /logs//skin_shop/standard/3_plugin_twindow/twindow_notice.php?shop_this_skin_path=http://musicadelibreria.net/footer?? HTTP/1.1" 404 - "-" "Mozilla/5.0" "www.freehairsecrets.com"
125.141.91.138 - - [19/Jan/2010:13:25:37 -0800] "GET /logs/access.log%20%20//skin_shop/standard/3_plugin_twindow/twindow_notice.php?shop_this_skin_path=http://musicadelibreria.net/footer?? HTTP/1.1" 404 - "-" "Mozilla/5.0" "www.freehairsecrets.com"
66.135.59.24 - - [19/Jan/2010:13:34:15 -0800] "GET /skin_shop/standard/3_plugin_twindow/twindow_notice.php?shop_this_skin_path=http://musicadelibreria.net/footer?? HTTP/1.1" 404 - "-" "Mozilla/5.0" "www.freehairsecrets.com"
66.135.59.24 - - [19/Jan/2010:13:34:15 -0800] "GET /logs//skin_shop/standard/3_plugin_twindow/twindow_notice.php?shop_this_skin_path=http://musicadelibreria.net/footer?? HTTP/1.1" 404 - "-" "Mozilla/5.0" "www.freehairsecrets.com"
66.135.59.24 - - [19/Jan/2010:13:34:15 -0800] "GET /logs/access.log%20%20//skin_shop/standard/3_plugin_twindow/twindow_notice.php?shop_this_skin_path=http://musicadelibreria.net/footer?? HTTP/1.1" 404 - "-" "Mozilla/5.0" "www.freehairsecrets.com"
66.135.59.24 - - [19/Jan/2010:13:34:17 -0800] "GET /skin_shop/standard/3_plugin_twindow/twindow_notice.php?shop_this_skin_path=http://musicadelibreria.net/footer?? HTTP/1.1" 404 - "-" "Mozilla/5.0" "www.freehairsecrets.com"
66.135.59.24 - - [19/Jan/2010:13:34:17 -0800] "GET /logs/access.log%20%20//skin_shop/standard/3_plugin_twindow/twindow_notice.php?shop_this_skin_path=http://musicadelibreria.net/footer?? HTTP/1.1" 404 - "-" "Mozilla/5.0" "www.freehairsecrets.com"
66.135.59.24 - - [19/Jan/2010:13:34:17 -0800] "GET /logs//skin_shop/standard/3_plugin_twindow/twindow_notice.php?shop_this_skin_path=http://musicadelibreria.net/footer?? HTTP/1.1" 404 - "-" "Mozilla/5.0" "www.freehairsecrets.com"
81.88.233.206 - - [19/Jan/2010:13:36:48 -0800] "GET /logs/access.log//components/com_extended_registration/registration_detailed.inc.php?mosConfig_absolute_path=http://ppslaterent.com/brd/gid.gif??? HTTP/1.1" 404 - "-" "libwww-perl/5.813" "www.freehairsecrets.com"
81.88.233.206 - - [19/Jan/2010:13:36:48 -0800] "GET /components/com_extended_registration/registration_detailed.inc.php?mosConfig_absolute_path=http://ppslaterent.com/brd/gid.gif??? HTTP/1.1" 404 - "-" "libwww-perl/5.813" "www.freehairsecrets.com"
81.88.233.206 - - [19/Jan/2010:13:36:48 -0800] "GET /logs//components/com_extended_registration/registration_detailed.inc.php?mosConfig_absolute_path=http://ppslaterent.com/brd/gid.gif??? HTTP/1.1" 404 - "-" "libwww-perl/5.813" "www.freehairsecrets.com"
66.135.59.24 - - [19/Jan/2010:13:37:13 -0800] "GET /skin_shop/standard/3_plugin_twindow/twindow_notice.php?shop_this_skin_path=http://musicadelibreria.net/footer?? HTTP/1.1" 404 - "-" "Mozilla/5.0" "www.freehairsecrets.com"
66.135.59.24 - - [19/Jan/2010:13:37:13 -0800] "GET /logs/access.log//skin_shop/standard/3_plugin_twindow/twindow_notice.php?shop_this_skin_path=http://musicadelibreria.net/footer?? HTTP/1.1" 404 - "-" "Mozilla/5.0" "www.freehairsecrets.com"
66.135.59.24 - - [19/Jan/2010:13:37:13 -0800] "GET /logs//skin_shop/standard/3_plugin_twindow/twindow_notice.php?shop_this_skin_path=http://musicadelibreria.net/footer?? HTTP/1.1" 404 - "-" "Mozilla/5.0" "www.freehairsecrets.com"
66.135.59.24 - - [19/Jan/2010:13:37:21 -0800] "GET /skin_shop/standard/3_plugin_twindow/twindow_notice.php?shop_this_skin_path=http://musicadelibreria.net/footer?? HTTP/1.1" 404 - "-" "Mozilla/5.0" "www.freehairsecrets.com"
66.135.59.24 - - [19/Jan/2010:13:37:21 -0800] "GET /logs//skin_shop/standard/3_plugin_twindow/twindow_notice.php?shop_this_skin_path=http://musicadelibreria.net/footer?? HTTP/1.1" 404 - "-" "Mozilla/5.0" "www.freehairsecrets.com"
66.135.59.24 - - [19/Jan/2010:13:37:21 -0800] "GET /logs/access.log//skin_shop/standard/3_plugin_twindow/twindow_notice.php?shop_this_skin_path=http://musicadelibreria.net/footer?? HTTP/1.1" 404 - "-" "Mozilla/5.0" "www.freehairsecrets.com"
81.88.233.206 - - [19/Jan/2010:13:44:47 -0800] "GET /components/com_performs/performs.php?mosConfig_absolute_path=http://ppslaterent.com/brd/gid.gif??? HTTP/1.1" 404 - "-" "libwww-perl/5.813" "www.freehairsecrets.com"
81.88.233.206 - - [19/Jan/2010:13:44:47 -0800] "GET /logs/components/com_performs/performs.php?mosConfig_absolute_path=http://ppslaterent.com/brd/gid.gif??? HTTP/1.1" 404 - "-" "libwww-perl/5.813" "www.freehairsecrets.com"
81.88.233.206 - - [19/Jan/2010:13:44:47 -0800] "GET /logs/access.log/components/com_performs/performs.php?mosConfig_absolute_path=http://ppslaterent.com/brd/gid.gif??? HTTP/1.1" 404 - "-" "libwww-perl/5.813" "www.freehairsecrets.com"
81.88.233.206 - - [19/Jan/2010:13:51:50 -0800] "GET /logs/access.log%20/components/com_performs/performs.php?mosConfig_absolute_path=http://ppslaterent.com/brd/gid.gif??? HTTP/1.1" 404 - "-" "libwww-perl/5.813" "www.freehairsecrets.com"
71.6.189.153 - - [19/Jan/2010:14:05:51 -0800] "GET /logs/access.log//portail/ind%ADex.php?mosConfig_absolute_path=http://conexionw.com/editor/idbrac.txt??? HTTP/1.1" 404 - "-" "libwww-perl/5.805" "www.freehairsecrets.com"
71.6.189.153 - - [19/Jan/2010:14:05:51 -0800] "GET /portail/ind%ADex.php?mosConfig_absolute_path=http://conexionw.com/editor/idbrac.txt??? HTTP/1.1" 404 - "-" "libwww-perl/5.805" "www.freehairsecrets.com"
71.6.189.153 - - [19/Jan/2010:14:05:52 -0800] "GET /logs//portail/ind%ADex.php?mosConfig_absolute_path=http://conexionw.com/editor/idbrac.txt??? HTTP/1.1" 404 - "-" "libwww-perl/5.805" "www.freehairsecrets.com"
201.45.123.132 - - [19/Jan/2010:14:16:03 -0800] "GET /logs/access.log//portail/ind%ADex.php?mosConfig_absolute_path=http://conexionw.com/editor/idbrac.txt??? HTTP/1.1" 404 - "-" "libwww-perl/5.805" "www.freehairsecrets.com"
201.45.123.132 - - [19/Jan/2010:14:16:06 -0800] "GET /portail/ind%ADex.php?mosConfig_absolute_path=http://conexionw.com/editor/idbrac.txt??? HTTP/1.1" 404 - "-" "libwww-perl/5.805" "www.freehairsecrets.com"
201.45.123.132 - - [19/Jan/2010:14:16:08 -0800] "GET /logs//portail/ind%ADex.php?mosConfig_absolute_path=http://conexionw.com/editor/idbrac.txt??? HTTP/1.1" 404 - "-" "libwww-perl/5.805" "www.freehairsecrets.com"
123.143.98.5 - - [19/Jan/2010:14:27:09 -0800] "GET /administrator/components/com_virtuemart//media.divs.js.php?mosConfig_absolute_path=http://www.youronlive.com/modules/Forums/admin/id1.txt?? HTTP/1.1" 404 - "-" "Mozilla/5.0" "www.freehairsecrets.com"
123.143.98.5 - - [19/Jan/2010:14:27:10 -0800] "GET /logs//administrator/components/com_virtuemart//media.divs.js.php?mosConfig_absolute_path=http://www.youronlive.com/modules/Forums/admin/id1.txt?? HTTP/1.1" 404 - "-" "Mozilla/5.0" "www.freehairsecrets.com"
123.143.98.5 - - [19/Jan/2010:14:27:10 -0800] "GET /logs/access.log%20%20//administrator/components/com_virtuemart//media.divs.js.php?mosConfig_absolute_path=http://www.youronlive.com/modules/Forums/admin/id1.txt?? HTTP/1.1" 404 - "-" "Mozilla/5.0" "www.freehairsecrets.com"
72.32.184.46 - - [19/Jan/2010:14:39:46 -0800] "GET /logs/access_091005.log%20%20//index.php?option=com_google_maps&category=Riudaura&mosConfig.absolute.path=http://www.smitshome.nl/dekluis//components/com_extcalendar/id1.txt???????? HTTP/1.1" 404 - "-" "Mozilla/5.0" "www.freehairsecrets.com"
72.32.184.46 - - [19/Jan/2010:14:39:46 -0800] "GET /index.php?option=com_google_maps&category=Riudaura&mosConfig.absolute.path=http://www.smitshome.nl/dekluis//components/com_extcalendar/id1.txt???????? HTTP/1.1" 404 - "-" "Mozilla/5.0" "www.freehairsecrets.com"
72.32.184.46 - - [19/Jan/2010:14:39:46 -0800] "GET /logs//index.php?option=com_google_maps&category=Riudaura&mosConfig.absolute.path=http://www.smitshome.nl/dekluis//components/com_extcalendar/id1.txt???????? HTTP/1.1" 404 - "-" "Mozilla/5.0" "www.freehairsecrets.com"
78.96.119.121 - - [19/Jan/2010:14:42:54 -0800] "GET /freehairsecretsphp/index.php HTTP/1.0" 200 333 "http://growlonghairfast.com/freehairsecretsphp/index.php" "Mozilla/4.0 (compatible; MSIE 6.0; Windows NT 5.1; en) Opera 9.0" "growlonghairfast.com"
78.96.119.121 - - [19/Jan/2010:14:42:54 -0800] "GET / HTTP/1.0" 200 910 "http://growlonghairfast.com/" "Mozilla/4.0 (compatible; MSIE 6.0; Windows NT 5.1; en) Opera 9.0" "growlonghairfast.com"
72.32.184.46 - - [19/Jan/2010:14:43:14 -0800] "GET /index.php?option=com_google_maps&category=Riudaura&mosConfig.absolute.path=http://www.smitshome.nl/dekluis//components/com_extcalendar/id1.txt???????? HTTP/1.1" 404 - "-" "Mozilla/5.0" "www.freehairsecrets.com"
72.32.184.46 - - [19/Jan/2010:14:43:14 -0800] "GET /logs//index.php?option=com_google_maps&category=Riudaura&mosConfig.absolute.path=http://www.smitshome.nl/dekluis//components/com_extcalendar/id1.txt???????? HTTP/1.1" 404 - "-" "Mozilla/5.0" "www.freehairsecrets.com"
72.32.184.46 - - [19/Jan/2010:14:43:14 -0800] "GET /logs/access_091005.log%20%20//index.php?option=com_google_maps&category=Riudaura&mosConfig.absolute.path=http://www.smitshome.nl/dekluis//components/com_extcalendar/id1.txt???????? HTTP/1.1" 404 - "-" "Mozilla/5.0" "www.freehairsecrets.com"
220.181.7.70 - - [19/Jan/2010:14:45:27 -0800] "GET /freehairsecretsphp/viewtopic.php?p=5674 HTTP/1.1" 200 349 "-" "Baiduspider+(+http://www.baidu.com/search/spider.htm)" "www.freehairsecrets.com"
58.61.164.140 - - [19/Jan/2010:14:49:32 -0800] "GET /freehairsecretsphp/viewtopic.php?p=12651 HTTP/1.1" 200 349 "-" "Mozilla/4.0 (compatible; MSIE 6.0; Windows NT 5.1)" "growlonghairfast.com"
114.80.93.71 - - [19/Jan/2010:14:50:30 -0800] "GET / HTTP/1.1" 200 926 "-" "Mozilla/4.0 (compatible; MSIE 6.0; Windows NT 5.1)" "growlonghairfast.com"
72.32.184.46 - - [19/Jan/2010:14:51:23 -0800] "GET /logs/access_091005.log//index.php?option=com_google_maps&category=Riudaura&mosConfig.absolute.path=http://www.smitshome.nl/dekluis//components/com_extcalendar/id1.txt???????? HTTP/1.1" 404 - "-" "Mozilla/5.0" "www.freehairsecrets.com"
220.181.7.63 - - [19/Jan/2010:14:52:39 -0800] "GET /freehairsecretsphp/viewtopic.php?p=4021 HTTP/1.1" 200 349 "-" "Baiduspider+(+http://www.baidu.com/search/spider.htm)" "www.freehairsecrets.com"
72.32.184.46 - - [19/Jan/2010:14:54:07 -0800] "GET /logs/access_091005.log//index.php?option=com_google_maps&category=Riudaura&mosConfig.absolute.path=http://www.smitshome.nl/dekluis//components/com_extcalendar/id1.txt???????? HTTP/1.1" 404 - "-" "Mozilla/5.0" "www.freehairsecrets.com"
58.61.164.39 - - [19/Jan/2010:14:55:10 -0800] "GET /freehairsecretsphp/viewtopic.php?p=15728 HTTP/1.1" 200 349 "-" "Mozilla/4.0 (compatible; MSIE 6.0; Windows NT 5.1)" "growlonghairfast.com"
220.181.7.124 - - [19/Jan/2010:15:10:35 -0800] "GET /freehairsecretsphp/viewtopic.php?p=18926 HTTP/1.1" 200 349 "-" "Baiduspider+(+http://www.baidu.com/search/spider.htm)" "www.freehairsecrets.com"
58.61.164.139 - - [19/Jan/2010:15:13:57 -0800] "GET / HTTP/1.1" 200 926 "-" "Mozilla/4.0 (compatible; MSIE 6.0; Windows NT 5.1)" "growlonghairfast.com"
95.26.154.213 - - [19/Jan/2010:15:15:29 -0800] "GET /freehairsecretsphp/index.php+%28200+ok%29+ACCEPTED HTTP/1.0" 404 - "http://freehairsecrets.com/freehairsecretsphp/index.php+%28200+ok%29+ACCEPTED" "Mozilla/4.0 (compatible; MSIE 6.0; Windows NT 5.1; SV1; MRA 4.6 (build 01425); MRSPUTNIK 1, 5, 0, 19 SW)" "freehairsecrets.com"
95.26.154.213 - - [19/Jan/2010:15:15:30 -0800] "GET / HTTP/1.0" 200 910 "http://freehairsecrets.com/" "Mozilla/4.0 (compatible; MSIE 6.0; Windows NT 5.1; SV1; MRA 4.6 (build 01425); MRSPUTNIK 1, 5, 0, 19 SW)" "freehairsecrets.com"
66.135.59.24 - - [19/Jan/2010:15:19:30 -0800] "GET /logs//twindow_notice.php?board_skin_path=http://musicadelibreria.net/footer?? HTTP/1.1" 404 - "-" "Mozilla/5.0" "www.freehairsecrets.com"
66.135.59.24 - - [19/Jan/2010:15:19:30 -0800] "GET /twindow_notice.php?board_skin_path=http://musicadelibreria.net/footer?? HTTP/1.1" 404 - "-" "Mozilla/5.0" "www.freehairsecrets.com"
66.135.59.24 - - [19/Jan/2010:15:19:30 -0800] "GET /logs/access.log%20%20//twindow_notice.php?board_skin_path=http://musicadelibreria.net/footer?? HTTP/1.1" 404 - "-" "Mozilla/5.0" "www.freehairsecrets.com"
66.135.59.24 - - [19/Jan/2010:15:21:25 -0800] "GET /logs//twindow_notice.php?board_skin_path=http://musicadelibreria.net/footer?? HTTP/1.1" 404 - "-" "Mozilla/5.0" "www.freehairsecrets.com"
66.135.59.24 - - [19/Jan/2010:15:21:25 -0800] "GET /twindow_notice.php?board_skin_path=http://musicadelibreria.net/footer?? HTTP/1.1" 404 - "-" "Mozilla/5.0" "www.freehairsecrets.com"
66.135.59.24 - - [19/Jan/2010:15:21:25 -0800] "GET /logs/access.log//twindow_notice.php?board_skin_path=http://musicadelibreria.net/footer?? HTTP/1.1" 404 - "-" "Mozilla/5.0" "www.freehairsecrets.com"
220.181.7.70 - - [19/Jan/2010:15:24:54 -0800] "GET /freehairsecretsphp/viewtopic.php?p=14364 HTTP/1.1" 200 349 "-" "Baiduspider+(+http://www.baidu.com/search/spider.htm)" "www.freehairsecrets.com"
124.115.1.8 - - [19/Jan/2010:15:25:20 -0800] "GET / HTTP/1.1" 200 926 "-" "Mozilla/4.0 (compatible; MSIE 6.0; Windows NT 5.1)" "growlonghairfast.com"
58.61.164.40 - - [19/Jan/2010:15:34:14 -0800] "GET / HTTP/1.1" 200 926 "-" "Mozilla/4.0 (compatible; MSIE 6.0; Windows NT 5.1)" "growlonghairfast.com"
212.175.5.130 - - [19/Jan/2010:15:34:33 -0800] "GET /logs/access.log//delete_all.php?board_skin_path=http://musicadelibreria.net/footer?? HTTP/1.1" 404 - "-" "Mozilla/5.0" "www.freehairsecrets.com"
212.175.5.130 - - [19/Jan/2010:15:34:34 -0800] "GET /logs//delete_all.php?board_skin_path=http://musicadelibreria.net/footer?? HTTP/1.1" 404 - "-" "Mozilla/5.0" "www.freehairsecrets.com"
212.175.5.130 - - [19/Jan/2010:15:34:36 -0800] "GET /delete_all.php?board_skin_path=http://musicadelibreria.net/footer?? HTTP/1.1" 404 - "-" "Mozilla/5.0" "www.freehairsecrets.com"
220.181.7.62 - - [19/Jan/2010:15:35:41 -0800] "GET /freehairsecretsphp/viewtopic.php?p=13568 HTTP/1.1" 200 349 "-" "Baiduspider+(+http://www.baidu.com/search/spider.htm)" "www.freehairsecrets.com"
123.125.156.131 - - [19/Jan/2010:15:36:24 -0800] "GET /freehairsecretsphp/index.php HTTP/1.1" 200 349 "http://growlonghairfast.com/freehairsecretsphp/index.php" "Mozilla/4.0 (compatible; MSIE 5.0; Windows 95) Opera 6.01 [en]" "growlonghairfast.com"
67.23.20.36 - - [19/Jan/2010:15:36:26 -0800] "GET /freehairsecretsphp/index.php HTTP/1.0" 200 333 "http://growlonghairfast.com/freehairsecretsphp/index.php" "Mozilla/4.0 (compatible; MSIE 5.0; Windows 95) Opera 6.01 [en]" "growlonghairfast.com"
200.215.15.34 - - [19/Jan/2010:15:36:54 -0800] "GET /freehairsecretsphp/index.php HTTP/1.0" 200 333 "http://growlonghairfast.com/freehairsecretsphp/index.php" "Mozilla/4.0 (compatible; MSIE 5.0; Windows 95) Opera 6.01 [en]" "growlonghairfast.com"
123.125.156.143 - - [19/Jan/2010:15:36:56 -0800] "GET /freehairsecretsphp/index.php HTTP/1.1" 200 349 "http://growlonghairfast.com/freehairsecretsphp/index.php" "Mozilla/4.0 (compatible; MSIE 5.0; Windows 95) Opera 6.01 [en]" "growlonghairfast.com"
156.17.125.123 - - [19/Jan/2010:15:37:04 -0800] "GET /freehairsecretsphp/index.php HTTP/1.0" 200 333 "http://growlonghairfast.com/freehairsecretsphp/index.php" "Mozilla/4.0 (compatible; MSIE 5.0; Windows 95) Opera 6.01 [en]" "growlonghairfast.com"
221.130.13.94 - - [19/Jan/2010:15:37:05 -0800] "GET /freehairsecretsphp/index.php HTTP/1.1" 200 349 "http://growlonghairfast.com/freehairsecretsphp/index.php" "Mozilla/4.0 (compatible; MSIE 5.0; Windows 95) Opera 6.01 [en]" "growlonghairfast.com"
121.128.203.159 - - [19/Jan/2010:15:37:13 -0800] "GET /freehairsecretsphp/index.php HTTP/1.1" 200 349 "http://growlonghairfast.com/freehairsecretsphp/index.php" "Mozilla/4.0 (compatible; MSIE 5.0; Windows 95) Opera 6.01 [en]" "growlonghairfast.com"
202.108.50.76 - - [19/Jan/2010:15:37:14 -0800] "GET /freehairsecretsphp/index.php HTTP/1.1" 200 349 "http://growlonghairfast.com/freehairsecretsphp/index.php" "Mozilla/4.0 (compatible; MSIE 5.0; Windows 95) Opera 6.01 [en]" "growlonghairfast.com"
203.81.81.36 - - [19/Jan/2010:15:37:17 -0800] "GET /freehairsecretsphp/index.php HTTP/1.0" 200 333 "http://growlonghairfast.com/freehairsecretsphp/index.php" "Mozilla/4.0 (compatible; MSIE 5.0; Windows 95) Opera 6.01 [en]" "growlonghairfast.com"
113.161.8.64 - - [19/Jan/2010:15:37:48 -0800] "GET /freehairsecretsphp/index.php HTTP/1.0" 200 333 "http://growlonghairfast.com/freehairsecretsphp/index.php" "Mozilla/4.0 (compatible; MSIE 5.0; Windows 95) Opera 6.01 [en]" "growlonghairfast.com"
202.108.50.76 - - [19/Jan/2010:15:37:50 -0800] "GET /freehairsecretsphp/index.php HTTP/1.1" 200 349 "http://growlonghairfast.com/freehairsecretsphp/index.php" "Mozilla/4.0 (compatible; MSIE 5.0; Windows 95) Opera 6.01 [en]" "growlonghairfast.com"
60.217.248.140 - - [19/Jan/2010:15:37:52 -0800] "GET /freehairsecretsphp/index.php HTTP/1.1" 200 349 "http://growlonghairfast.com/freehairsecretsphp/index.php" "Mozilla/4.0 (compatible; MSIE 5.0; Windows 95) Opera 6.01 [en]" "growlonghairfast.com"
200.25.218.249 - - [19/Jan/2010:15:37:54 -0800] "GET /freehairsecretsphp/index.php HTTP/1.0" 200 333 "http://growlonghairfast.com/freehairsecretsphp/index.php" "Mozilla/4.0 (compatible; MSIE 5.0; Windows 95) Opera 6.01 [en]" "growlonghairfast.com"
123.125.156.143 - - [19/Jan/2010:15:37:56 -0800] "GET /freehairsecretsphp/index.php HTTP/1.1" 200 349 "http://growlonghairfast.com/freehairsecretsphp/index.php" "Mozilla/4.0 (compatible; MSIE 5.0; Windows 95) Opera 6.01 [en]" "growlonghairfast.com"
60.217.248.140 - - [19/Jan/2010:15:37:57 -0800] "GET /freehairsecretsphp/index.php HTTP/1.1" 200 349 "http://growlonghairfast.com/freehairsecretsphp/index.php" "Mozilla/4.0 (compatible; MSIE 5.0; Windows 95) Opera 6.01 [en]" "growlonghairfast.com"
156.17.125.123 - - [19/Jan/2010:15:38:11 -0800] "GET /freehairsecretsphp/index.php HTTP/1.0" 200 333 "http://growlonghairfast.com/freehairsecretsphp/index.php" "Mozilla/4.0 (compatible; MSIE 5.0; Windows 95) Opera 6.01 [en]" "growlonghairfast.com"
123.125.156.143 - - [19/Jan/2010:15:38:35 -0800] "GET /freehairsecretsphp/index.php HTTP/1.1" 200 349 "http://growlonghairfast.com/freehairsecretsphp/index.php" "Mozilla/4.0 (compatible; MSIE 5.0; Windows 95) Opera 6.01 [en]" "growlonghairfast.com"
156.17.125.123 - - [19/Jan/2010:15:38:41 -0800] "GET /freehairsecretsphp/index.php HTTP/1.0" 200 333 "http://growlonghairfast.com/freehairsecretsphp/index.php" "Mozilla/4.0 (compatible; MSIE 5.0; Windows 95) Opera 6.01 [en]" "growlonghairfast.com"
156.17.125.123 - - [19/Jan/2010:15:38:56 -0800] "GET / HTTP/1.0" 200 910 "http://growlonghairfast.com/" "Mozilla/4.0 (compatible; MSIE 5.0; Windows 95) Opera 6.01 [en]" "growlonghairfast.com"
220.181.94.229 - - [19/Jan/2010:15:42:56 -0800] "GET /robots.txt HTTP/1.1" 404 - "-" "-" "www.freehairsecrets.com"
220.181.94.229 - - [19/Jan/2010:15:43:07 -0800] "GET /freehairsecretsphp/viewtopic.php?p=15367 HTTP/1.1" 200 349 "-" "Sogou web spider/4.0(+http://www.sogou.com/docs/help/webmasters.htm#07)" "www.freehairsecrets.com"
