211.210.38.8 - - [18/Jan/2010:11:12:11 -0800] "GET /write.php?dir=http://www.noin9191.com/ams/ammember/fx29id1.txt? HTTP/1.1" 404 - "-" "Mozilla/5.0" "www.freehairsecrets.com"
202.160.179.96 - - [18/Jan/2010:11:13:51 -0800] "GET /robots.txt HTTP/1.0" 404 - "-" "Mozilla/5.0 (compatible; Yahoo! Slurp China; http://misc.yahoo.com.cn/help.html)" "www.freehairsecrets.com"
202.160.178.197 - - [18/Jan/2010:11:14:17 -0800] "GET / HTTP/1.0" 200 910 "-" "Mozilla/5.0 (compatible; Yahoo! Slurp China; http://misc.yahoo.com.cn/help.html)" "www.freehairsecrets.com"
65.55.207.101 - - [18/Jan/2010:11:27:16 -0800] "GET /robots.txt HTTP/1.1" 404 - "-" "msnbot/2.0b (+http://search.msn.com/msnbot.htm)" "www.freehairsecrets.com"
65.55.207.101 - - [18/Jan/2010:11:28:04 -0800] "GET /VitaminsforFasterHairGrowth.htm HTTP/1.1" 404 - "-" "msnbot/2.0b (+http://search.msn.com/msnbot.htm)" "www.freehairsecrets.com"
118.129.166.172 - - [18/Jan/2010:11:31:47 -0800] "GET /bbs//skin/ggambo7002_board/write.php?dir=http://www.edenpchurch.org//bbs/nulnul/AinuLid1.txt%20? HTTP/1.1" 404 - "-" "Mozilla/5.0" "www.freehairsecrets.com"
118.129.166.172 - - [18/Jan/2010:11:31:47 -0800] "GET /logs/access.log%20%20//bbs//skin/ggambo7002_board/write.php?dir=http://www.edenpchurch.org//bbs/nulnul/AinuLid1.txt%20? HTTP/1.1" 404 - "-" "Mozilla/5.0" "www.freehairsecrets.com"
118.129.166.172 - - [18/Jan/2010:11:31:48 -0800] "GET /logs//bbs//skin/ggambo7002_board/write.php?dir=http://www.edenpchurch.org//bbs/nulnul/AinuLid1.txt%20? HTTP/1.1" 404 - "-" "Mozilla/5.0" "www.freehairsecrets.com"
200.57.167.2 - - [18/Jan/2010:11:32:15 -0800] "GET /logs//page/zero_vote/error.php?dir=http://200.199.242.22/images/.ajim/ajim1.txt?? HTTP/1.1" 404 - "-" "Mozilla/5.0" "www.freehairsecrets.com"
200.57.167.2 - - [18/Jan/2010:11:32:16 -0800] "GET /logs/access.log%20%20//page/zero_vote/error.php?dir=http://200.199.242.22/images/.ajim/ajim1.txt?? HTTP/1.1" 404 - "-" "Mozilla/5.0" "www.freehairsecrets.com"
200.57.167.2 - - [18/Jan/2010:11:32:25 -0800] "GET /page/zero_vote/error.php?dir=http://200.199.242.22/images/.ajim/ajim1.txt?? HTTP/1.1" 404 - "-" "Mozilla/5.0" "www.freehairsecrets.com"
200.57.167.2 - - [18/Jan/2010:11:35:52 -0800] "GET /page/zero_vote/error.php?dir=http://200.199.242.22/images/.ajim/ajim1.txt?? HTTP/1.1" 404 - "-" "Mozilla/5.0" "www.freehairsecrets.com"
200.57.167.2 - - [18/Jan/2010:11:35:52 -0800] "GET /logs/access.log%20%20//page/zero_vote/error.php?dir=http://200.199.242.22/images/.ajim/ajim1.txt?? HTTP/1.1" 404 - "-" "Mozilla/5.0" "www.freehairsecrets.com"
200.57.167.2 - - [18/Jan/2010:11:35:52 -0800] "GET /logs//page/zero_vote/error.php?dir=http://200.199.242.22/images/.ajim/ajim1.txt?? HTTP/1.1" 404 - "-" "Mozilla/5.0" "www.freehairsecrets.com"
118.129.166.172 - - [18/Jan/2010:11:37:30 -0800] "GET /logs//bbs//skin/ggambo7002_board/write.php?dir=http://www.edenpchurch.org//bbs/nulnul/AinuLid1.txt%20? HTTP/1.1" 404 - "-" "Mozilla/5.0" "www.freehairsecrets.com"
118.129.166.172 - - [18/Jan/2010:11:37:30 -0800] "GET /logs/access.log//bbs//skin/ggambo7002_board/write.php?dir=http://www.edenpchurch.org//bbs/nulnul/AinuLid1.txt%20? HTTP/1.1" 404 - "-" "Mozilla/5.0" "www.freehairsecrets.com"
118.129.166.172 - - [18/Jan/2010:11:37:30 -0800] "GET /bbs//skin/ggambo7002_board/write.php?dir=http://www.edenpchurch.org//bbs/nulnul/AinuLid1.txt%20? HTTP/1.1" 404 - "-" "Mozilla/5.0" "www.freehairsecrets.com"
67.195.112.253 - - [18/Jan/2010:11:46:57 -0800] "GET /logs/access_081208.log HTTP/1.0" 404 - "-" "Mozilla/5.0 (compatible; Yahoo! Slurp/3.0; http://help.yahoo.com/help/us/ysearch/slurp)" "www.freehairsecrets.com"
67.195.112.253 - - [18/Jan/2010:11:47:08 -0800] "GET /tmp/?N=D HTTP/1.0" 200 643 "-" "Mozilla/5.0 (compatible; Yahoo! Slurp/3.0; http://help.yahoo.com/help/us/ysearch/slurp)" "www.freehairsecrets.com"
87.206.146.118 - - [18/Jan/2010:11:48:35 -0800] "GET /freehairsecretsphp/index.php HTTP/1.0" 200 333 "http://www.freehairsecrets.com/freehairsecretsphp/index.php" "Mozilla/4.0 (compatible; MSIE 5.5; Windows NT 4.0; .NET CLR 1.0.2914)" "www.freehairsecrets.com"
87.206.146.118 - - [18/Jan/2010:11:48:35 -0800] "GET / HTTP/1.0" 200 910 "http://www.freehairsecrets.com/" "Mozilla/4.0 (compatible; MSIE 5.5; Windows NT 4.0; .NET CLR 1.0.2914)" "www.freehairsecrets.com"
200.57.167.2 - - [18/Jan/2010:11:48:40 -0800] "GET /logs/access_091005.log%20%20//page/zero_vote/error.php?dir=http://200.199.242.22/images/.ajim/ajim1.txt?? HTTP/1.1" 404 - "-" "Mozilla/5.0" "www.freehairsecrets.com"
200.57.167.2 - - [18/Jan/2010:11:53:46 -0800] "GET /logs/access_091005.log%20%20//page/zero_vote/error.php?dir=http://200.199.242.22/images/.ajim/ajim1.txt?? HTTP/1.1" 404 - "-" "Mozilla/5.0" "www.freehairsecrets.com"
124.115.1.7 - - [18/Jan/2010:12:10:40 -0800] "GET /freehairsecretsphp/viewtopic.php?p=949 HTTP/1.1" 200 349 "-" "Mozilla/4.0 (compatible; MSIE 6.0; Windows NT 5.1)" "freehairsecrets.com"
66.135.42.60 - - [18/Jan/2010:12:16:56 -0800] "GET /logs/accounts/inc/include.php?language=0&lang_settings[0][1]=http://musicadelibreria.net/footer?? HTTP/1.1" 404 - "-" "Mozilla/5.0" "www.freehairsecrets.com"
66.135.42.60 - - [18/Jan/2010:12:16:57 -0800] "GET /logs/access.log/accounts/inc/include.php?language=0&lang_settings[0][1]=http://musicadelibreria.net/footer?? HTTP/1.1" 404 - "-" "Mozilla/5.0" "www.freehairsecrets.com"
66.135.42.60 - - [18/Jan/2010:12:16:57 -0800] "GET /accounts/inc/include.php?language=0&lang_settings[0][1]=http://musicadelibreria.net/footer?? HTTP/1.1" 404 - "-" "Mozilla/5.0" "www.freehairsecrets.com"
124.115.1.7 - - [18/Jan/2010:12:17:25 -0800] "GET /freehairsecretsphp/viewtopic.php?p=9348 HTTP/1.1" 200 349 "-" "Mozilla/4.0 (compatible; MSIE 6.0; Windows NT 5.1)" "freehairsecrets.com"
89.234.63.107 - - [18/Jan/2010:12:19:02 -0800] "GET /logs///components/com_virtuemart/show_image_in_imgtag.php?mosConfig_absolute_path=http://www.sudsalentocultura.it/mail/idxx.pdf??? HTTP/1.1" 404 - "-" "Mozilla/5.0" "www.freehairsecrets.com"
89.234.63.107 - - [18/Jan/2010:12:19:02 -0800] "GET /logs/access_091005.log%20%20///components/com_virtuemart/show_image_in_imgtag.php?mosConfig_absolute_path=http://www.sudsalentocultura.it/mail/idxx.pdf??? HTTP/1.1" 404 - "-" "Mozilla/5.0" "www.freehairsecrets.com"
89.234.63.107 - - [18/Jan/2010:12:19:02 -0800] "GET //components/com_virtuemart/show_image_in_imgtag.php?mosConfig_absolute_path=http://www.sudsalentocultura.it/mail/idxx.pdf??? HTTP/1.1" 404 - "-" "Mozilla/5.0" "www.freehairsecrets.com"
89.234.63.107 - - [18/Jan/2010:12:20:31 -0800] "GET /logs///components/com_virtuemart/show_image_in_imgtag.php?mosConfig_absolute_path=http://www.sudsalentocultura.it/mail/idxx.pdf??? HTTP/1.1" 404 - "-" "Mozilla/5.0" "www.freehairsecrets.com"
89.234.63.107 - - [18/Jan/2010:12:20:31 -0800] "GET /logs/access_091005.log%20%20///components/com_virtuemart/show_image_in_imgtag.php?mosConfig_absolute_path=http://www.sudsalentocultura.it/mail/idxx.pdf??? HTTP/1.1" 404 - "-" "Mozilla/5.0" "www.freehairsecrets.com"
89.234.63.107 - - [18/Jan/2010:12:20:31 -0800] "GET //components/com_virtuemart/show_image_in_imgtag.php?mosConfig_absolute_path=http://www.sudsalentocultura.it/mail/idxx.pdf??? HTTP/1.1" 404 - "-" "Mozilla/5.0" "www.freehairsecrets.com"
89.234.63.107 - - [18/Jan/2010:12:20:39 -0800] "GET //components/com_virtuemart/show_image_in_imgtag.php?mosConfig_absolute_path=http://www.sudsalentocultura.it/mail/idxx.pdf??? HTTP/1.1" 404 - "-" "Mozilla/5.0" "www.freehairsecrets.com"
89.234.63.107 - - [18/Jan/2010:12:20:39 -0800] "GET /logs///components/com_virtuemart/show_image_in_imgtag.php?mosConfig_absolute_path=http://www.sudsalentocultura.it/mail/idxx.pdf??? HTTP/1.1" 404 - "-" "Mozilla/5.0" "www.freehairsecrets.com"
89.234.63.107 - - [18/Jan/2010:12:20:39 -0800] "GET /logs/access_091005.log%20%20///components/com_virtuemart/show_image_in_imgtag.php?mosConfig_absolute_path=http://www.sudsalentocultura.it/mail/idxx.pdf??? HTTP/1.1" 404 - "-" "Mozilla/5.0" "www.freehairsecrets.com"
200.57.167.2 - - [18/Jan/2010:12:20:59 -0800] "GET /logs/access.log//page/zero_vote/error.php?dir=http://200.199.242.22/images/.ajim/ajim1.txt?? HTTP/1.1" 404 - "-" "Mozilla/5.0" "www.freehairsecrets.com"
89.234.63.107 - - [18/Jan/2010:12:24:08 -0800] "GET /logs/access.log%20%20///components/com_virtuemart/show_image_in_imgtag.php?mosConfig_absolute_path=http://www.sudsalentocultura.it/mail/idxx.pdf??? HTTP/1.1" 404 - "-" "Mozilla/5.0" "www.freehairsecrets.com"
121.78.118.94 - - [18/Jan/2010:12:24:50 -0800] "GET /logs/access.log%20%20/error.php?dir=http://arda.or.th/userfiles/id1.txt??? HTTP/1.1" 404 - "-" "Mozilla/5.0" "www.freehairsecrets.com"
121.78.118.94 - - [18/Jan/2010:12:24:50 -0800] "GET /logs/error.php?dir=http://arda.or.th/userfiles/id1.txt??? HTTP/1.1" 404 - "-" "Mozilla/5.0" "www.freehairsecrets.com"
121.78.118.94 - - [18/Jan/2010:12:24:50 -0800] "GET /error.php?dir=http://arda.or.th/userfiles/id1.txt??? HTTP/1.1" 404 - "-" "Mozilla/5.0" "www.freehairsecrets.com"
89.234.63.107 - - [18/Jan/2010:12:25:48 -0800] "GET /logs/access.log%20%20///components/com_virtuemart/show_image_in_imgtag.php?mosConfig_absolute_path=http://www.sudsalentocultura.it/mail/idxx.pdf??? HTTP/1.1" 404 - "-" "Mozilla/5.0" "www.freehairsecrets.com"
89.234.63.107 - - [18/Jan/2010:12:26:28 -0800] "GET /logs/access.log%20%20///components/com_virtuemart/show_image_in_imgtag.php?mosConfig_absolute_path=http://www.sudsalentocultura.it/mail/idxx.pdf??? HTTP/1.1" 404 - "-" "Mozilla/5.0" "www.freehairsecrets.com"
200.57.167.2 - - [18/Jan/2010:12:28:12 -0800] "GET /logs/access_091005.log//page/zero_vote/error.php?dir=http://200.199.242.22/images/.ajim/ajim1.txt?? HTTP/1.1" 404 - "-" "Mozilla/5.0" "www.freehairsecrets.com"
200.57.167.2 - - [18/Jan/2010:12:32:36 -0800] "GET /logs/access.log//page/zero_vote/error.php?dir=http://200.199.242.22/images/.ajim/ajim1.txt?? HTTP/1.1" 404 - "-" "Mozilla/5.0" "www.freehairsecrets.com"
89.234.63.107 - - [18/Jan/2010:12:35:50 -0800] "GET /logs/access_091005.log///components/com_virtuemart/show_image_in_imgtag.php?mosConfig_absolute_path=http://www.sudsalentocultura.it/mail/idxx.pdf??? HTTP/1.1" 404 - "-" "Mozilla/5.0" "www.freehairsecrets.com"
89.234.63.107 - - [18/Jan/2010:12:35:50 -0800] "GET /logs/access_091005.log///components/com_virtuemart/show_image_in_imgtag.php?mosConfig_absolute_path=http://www.sudsalentocultura.it/mail/idxx.pdf??? HTTP/1.1" 404 - "-" "Mozilla/5.0" "www.freehairsecrets.com"
89.234.63.107 - - [18/Jan/2010:12:36:06 -0800] "GET /logs/access_091005.log///components/com_virtuemart/show_image_in_imgtag.php?mosConfig_absolute_path=http://www.sudsalentocultura.it/mail/idxx.pdf??? HTTP/1.1" 404 - "-" "Mozilla/5.0" "www.freehairsecrets.com"
89.234.63.107 - - [18/Jan/2010:12:37:20 -0800] "GET /logs/access.log///components/com_virtuemart/show_image_in_imgtag.php?mosConfig_absolute_path=http://www.sudsalentocultura.it/mail/idxx.pdf??? HTTP/1.1" 404 - "-" "Mozilla/5.0" "www.freehairsecrets.com"
89.234.63.107 - - [18/Jan/2010:12:37:22 -0800] "GET /logs/access.log///components/com_virtuemart/show_image_in_imgtag.php?mosConfig_absolute_path=http://www.sudsalentocultura.it/mail/idxx.pdf??? HTTP/1.1" 404 - "-" "Mozilla/5.0" "www.freehairsecrets.com"
89.234.63.107 - - [18/Jan/2010:12:37:32 -0800] "GET /logs/access.log///components/com_virtuemart/show_image_in_imgtag.php?mosConfig_absolute_path=http://www.sudsalentocultura.it/mail/idxx.pdf??? HTTP/1.1" 404 - "-" "Mozilla/5.0" "www.freehairsecrets.com"
77.88.25.28 - - [18/Jan/2010:12:45:37 -0800] "GET /logs/access_090803.log HTTP/1.1" 200 0 "-" "Yandex/1.01.001 (compatible; Win16; I)" "www.freehairsecrets.com"
200.57.167.2 - - [18/Jan/2010:12:45:46 -0800] "GET /logs/access_091005.log//page/zero_vote/error.php?dir=http://200.199.242.22/images/.ajim/ajim1.txt?? HTTP/1.1" 404 - "-" "Mozilla/5.0" "www.freehairsecrets.com"
211.210.38.8 - - [18/Jan/2010:12:46:22 -0800] "GET /setup.php?dir=http://www.noin9191.com/ams/ammember/fx29id1.txt? HTTP/1.1" 404 - "-" "Mozilla/5.0" "www.freehairsecrets.com"
211.210.38.8 - - [18/Jan/2010:12:46:22 -0800] "GET /logs/access.log%20%20//setup.php?dir=http://www.noin9191.com/ams/ammember/fx29id1.txt? HTTP/1.1" 404 - "-" "Mozilla/5.0" "www.freehairsecrets.com"
211.210.38.8 - - [18/Jan/2010:12:46:22 -0800] "GET /logs//setup.php?dir=http://www.noin9191.com/ams/ammember/fx29id1.txt? HTTP/1.1" 404 - "-" "Mozilla/5.0" "www.freehairsecrets.com"
208.115.111.245 - - [18/Jan/2010:12:53:45 -0800] "GET /robots.txt HTTP/1.1" 404 - "-" "Mozilla/5.0 (compatible; DotBot/1.1; http://www.dotnetdotcom.org/, crawler@dotnetdotcom.org)" "www.freehairsecrets.com"
124.115.1.7 - - [18/Jan/2010:12:55:08 -0800] "GET /freehairsecretsphp/viewtopic.php?p=13319 HTTP/1.1" 200 349 "-" "Mozilla/4.0 (compatible; MSIE 6.0; Windows NT 5.1)" "freehairsecrets.com"
220.181.7.28 - - [18/Jan/2010:12:57:10 -0800] "GET /robots.txt HTTP/1.1" 404 - "-" "Baiduspider+(+http://www.baidu.com/search/spider.htm)" "www.freehairsecrets.com"
212.90.98.94 - - [18/Jan/2010:12:58:41 -0800] "GET /logs//administrator/components/com_virtuemart/index.php?mosConfig_absolute_path=http://debt-consoidation-spot.com/includes/id1.txt???? HTTP/1.1" 404 - "-" "Mozilla/5.0" "www.freehairsecrets.com"
212.90.98.94 - - [18/Jan/2010:12:58:41 -0800] "GET /administrator/components/com_virtuemart/index.php?mosConfig_absolute_path=http://debt-consoidation-spot.com/includes/id1.txt???? HTTP/1.1" 404 - "-" "Mozilla/5.0" "www.freehairsecrets.com"
212.90.98.94 - - [18/Jan/2010:12:58:41 -0800] "GET /logs/access.log%20%20//administrator/components/com_virtuemart/index.php?mosConfig_absolute_path=http://debt-consoidation-spot.com/includes/id1.txt???? HTTP/1.1" 404 - "-" "Mozilla/5.0" "www.freehairsecrets.com"
67.195.112.253 - - [18/Jan/2010:13:03:44 -0800] "GET /tmp/?S=D HTTP/1.0" 200 643 "-" "Mozilla/5.0 (compatible; Yahoo! Slurp/3.0; http://help.yahoo.com/help/us/ysearch/slurp)" "www.freehairsecrets.com"
212.90.98.94 - - [18/Jan/2010:13:04:50 -0800] "GET /logs/access.log//administrator/components/com_virtuemart/index.php?mosConfig_absolute_path=http://debt-consoidation-spot.com/includes/id1.txt???? HTTP/1.1" 404 - "-" "Mozilla/5.0" "www.freehairsecrets.com"
94.158.111.254 - - [18/Jan/2010:13:05:50 -0800] "GET /freehairsecretsphp/index.php HTTP/1.0" 200 333 "http://growlonghairfast.com/freehairsecretsphp/index.php" "Mozilla/4.0 (compatible; MSIE 6.0; Windows NT 5.1)" "growlonghairfast.com"
94.158.111.254 - - [18/Jan/2010:13:05:50 -0800] "GET / HTTP/1.0" 200 910 "http://growlonghairfast.com/" "Mozilla/4.0 (compatible; MSIE 6.0; Windows NT 5.1)" "growlonghairfast.com"
208.115.111.245 - - [18/Jan/2010:13:06:27 -0800] "GET /logs/access_090601.log HTTP/1.1" 404 - "-" "Mozilla/5.0 (compatible; DotBot/1.1; http://www.dotnetdotcom.org/, crawler@dotnetdotcom.org)" "www.freehairsecrets.com"
208.115.111.245 - - [18/Jan/2010:13:06:31 -0800] "GET /logs/access_090608.log HTTP/1.1" 404 - "-" "Mozilla/5.0 (compatible; DotBot/1.1; http://www.dotnetdotcom.org/, crawler@dotnetdotcom.org)" "www.freehairsecrets.com"
208.115.111.245 - - [18/Jan/2010:13:06:35 -0800] "GET /logs/access_090615.log HTTP/1.1" 404 - "-" "Mozilla/5.0 (compatible; DotBot/1.1; http://www.dotnetdotcom.org/, crawler@dotnetdotcom.org)" "www.freehairsecrets.com"
208.115.111.245 - - [18/Jan/2010:13:06:40 -0800] "GET /logs/access_090622.log HTTP/1.1" 404 - "-" "Mozilla/5.0 (compatible; DotBot/1.1; http://www.dotnetdotcom.org/, crawler@dotnetdotcom.org)" "www.freehairsecrets.com"
208.115.111.245 - - [18/Jan/2010:13:06:45 -0800] "GET /logs/access_090629.log HTTP/1.1" 404 - "-" "Mozilla/5.0 (compatible; DotBot/1.1; http://www.dotnetdotcom.org/, crawler@dotnetdotcom.org)" "www.freehairsecrets.com"
208.115.111.245 - - [18/Jan/2010:13:06:50 -0800] "GET /logs/access_090706.log HTTP/1.1" 404 - "-" "Mozilla/5.0 (compatible; DotBot/1.1; http://www.dotnetdotcom.org/, crawler@dotnetdotcom.org)" "www.freehairsecrets.com"
208.115.111.245 - - [18/Jan/2010:13:06:56 -0800] "GET /logs/access_090713.log HTTP/1.1" 200 581775 "-" "Mozilla/5.0 (compatible; DotBot/1.1; http://www.dotnetdotcom.org/, crawler@dotnetdotcom.org)" "www.freehairsecrets.com"
208.115.111.245 - - [18/Jan/2010:13:07:01 -0800] "GET /logs/access_090720.log HTTP/1.1" 200 590881 "-" "Mozilla/5.0 (compatible; DotBot/1.1; http://www.dotnetdotcom.org/, crawler@dotnetdotcom.org)" "www.freehairsecrets.com"
208.115.111.245 - - [18/Jan/2010:13:07:07 -0800] "GET /logs/access_090727.log HTTP/1.1" 200 533859 "-" "Mozilla/5.0 (compatible; DotBot/1.1; http://www.dotnetdotcom.org/, crawler@dotnetdotcom.org)" "www.freehairsecrets.com"
208.115.111.245 - - [18/Jan/2010:13:07:13 -0800] "GET /logs/access_090803.log HTTP/1.1" 200 840965 "-" "Mozilla/5.0 (compatible; DotBot/1.1; http://www.dotnetdotcom.org/, crawler@dotnetdotcom.org)" "www.freehairsecrets.com"
124.115.6.13 - - [18/Jan/2010:13:07:18 -0800] "GET /robots.txt HTTP/1.1" 404 - "-" "Sosospider+(+http://help.soso.com/webspider.htm)" "www.growlonghairfast.com"
94.102.63.60 - - [18/Jan/2010:13:16:43 -0800] "GET /freehairsecretsphp/viewtopic.php?p=4015 HTTP/1.0" 200 333 "http://aimtrust.com/aim/r/60008" "Mozilla/4.0 (compatible; MSIE 6.0; Windows NT 5.1; MRA 4.6 (build 01425))" "growlonghairfast.com"
80.191.144.32 - - [18/Jan/2010:13:18:29 -0800] "GET /logs/access.log///administrator/components/com_virtuemart/export.php?mosConfig.absolute.path=http://azovcable.ru/images/smilies/copyright.txt? HTTP/1.1" 404 - "-" "Mozilla/5.0" "www.freehairsecrets.com"
80.191.144.32 - - [18/Jan/2010:13:18:29 -0800] "GET /logs///administrator/components/com_virtuemart/export.php?mosConfig.absolute.path=http://azovcable.ru/images/smilies/copyright.txt? HTTP/1.1" 404 - "-" "Mozilla/5.0" "www.freehairsecrets.com"
80.191.144.32 - - [18/Jan/2010:13:18:29 -0800] "GET //administrator/components/com_virtuemart/export.php?mosConfig.absolute.path=http://azovcable.ru/images/smilies/copyright.txt? HTTP/1.1" 404 - "-" "Mozilla/5.0" "www.freehairsecrets.com"
222.122.158.155 - - [18/Jan/2010:13:19:19 -0800] "GET /logs/access_091005.log%20%20//administrator/components/com_virtuemart//media.divs.js.php?mosConfig_absolute_path=http://www.bokji.or.kr/id/id1.txt??? HTTP/1.1" 404 - "-" "Mozilla/5.0" "www.freehairsecrets.com"
222.122.158.155 - - [18/Jan/2010:13:19:19 -0800] "GET /logs/access_091005.log%20%20//administrator/components/com_virtuemart//media.divs.js.php?mosConfig_absolute_path=http://www.bokji.or.kr/id/id1.txt??? HTTP/1.1" 404 - "-" "Mozilla/5.0" "www.freehairsecrets.com"
222.122.158.155 - - [18/Jan/2010:13:19:19 -0800] "GET /logs//administrator/components/com_virtuemart//media.divs.js.php?mosConfig_absolute_path=http://www.bokji.or.kr/id/id1.txt??? HTTP/1.1" 404 - "-" "Mozilla/5.0" "www.freehairsecrets.com"
222.122.158.155 - - [18/Jan/2010:13:19:19 -0800] "GET /administrator/components/com_virtuemart//media.divs.js.php?mosConfig_absolute_path=http://www.bokji.or.kr/id/id1.txt??? HTTP/1.1" 404 - "-" "Mozilla/5.0" "www.freehairsecrets.com"
222.122.158.155 - - [18/Jan/2010:13:19:19 -0800] "GET /administrator/components/com_virtuemart//media.divs.js.php?mosConfig_absolute_path=http://www.bokji.or.kr/id/id1.txt??? HTTP/1.1" 404 - "-" "Mozilla/5.0" "www.freehairsecrets.com"
222.122.158.155 - - [18/Jan/2010:13:19:19 -0800] "GET /logs//administrator/components/com_virtuemart//media.divs.js.php?mosConfig_absolute_path=http://www.bokji.or.kr/id/id1.txt??? HTTP/1.1" 404 - "-" "Mozilla/5.0" "www.freehairsecrets.com"
208.80.193.34 - - [18/Jan/2010:13:21:54 -0800] "GET / HTTP/1.0" 200 910 "-" "Mozilla/4.0 (compatible; MSIE 6.0; Windows NT 5.1; MaxiFiles; SV1)" "growlonghairfast.com"
69.16.230.82 - - [18/Jan/2010:13:22:30 -0800] "GET /index.php.orig?option=com_performs&task=rss&Itemid=&mosConfig_absolute_path=http://musicadelibreria.net/footer?? HTTP/1.1" 404 - "-" "Mozilla/5.0" "www.freehairsecrets.com"
69.16.230.82 - - [18/Jan/2010:13:22:30 -0800] "GET /logs/index.php.orig?option=com_performs&task=rss&Itemid=&mosConfig_absolute_path=http://musicadelibreria.net/footer?? HTTP/1.1" 404 - "-" "Mozilla/5.0" "www.freehairsecrets.com"
69.16.230.82 - - [18/Jan/2010:13:22:30 -0800] "GET /logs/access.log%20%20/index.php.orig?option=com_performs&task=rss&Itemid=&mosConfig_absolute_path=http://musicadelibreria.net/footer?? HTTP/1.1" 404 - "-" "Mozilla/5.0" "www.freehairsecrets.com"
69.16.230.82 - - [18/Jan/2010:13:22:46 -0800] "GET /logs/access.log/index.php.orig?option=com_performs&task=rss&Itemid=&mosConfig_absolute_path=http://musicadelibreria.net/footer?? HTTP/1.1" 404 - "-" "Mozilla/5.0" "www.freehairsecrets.com"
69.16.230.82 - - [18/Jan/2010:13:22:46 -0800] "GET /index.php.orig?option=com_performs&task=rss&Itemid=&mosConfig_absolute_path=http://musicadelibreria.net/footer?? HTTP/1.1" 404 - "-" "Mozilla/5.0" "www.freehairsecrets.com"
69.16.230.82 - - [18/Jan/2010:13:22:46 -0800] "GET /logs/index.php.orig?option=com_performs&task=rss&Itemid=&mosConfig_absolute_path=http://musicadelibreria.net/footer?? HTTP/1.1" 404 - "-" "Mozilla/5.0" "www.freehairsecrets.com"
68.147.5.156 - - [18/Jan/2010:13:24:29 -0800] "GET /freehairsecretsphp/index.php HTTP/1.0" 200 333 "http://growlonghairfast.com/freehairsecretsphp/index.php" "Mozilla/4.0 (compatible; MSIE 6.0; MSIE 5.5; Windows NT 4.0) Opera 7.0 [en]" "growlonghairfast.com"
68.147.5.156 - - [18/Jan/2010:13:24:32 -0800] "GET / HTTP/1.0" 200 910 "http://growlonghairfast.com/" "Mozilla/4.0 (compatible; MSIE 6.0; MSIE 5.5; Windows NT 4.0) Opera 7.0 [en]" "growlonghairfast.com"
69.16.230.82 - - [18/Jan/2010:13:30:51 -0800] "GET /logs/index.php.orig?option=com_performs&task=rss&Itemid=&mosConfig_absolute_path=http://musicadelibreria.net/footer?? HTTP/1.1" 404 - "-" "Mozilla/5.0" "www.freehairsecrets.com"
69.16.230.82 - - [18/Jan/2010:13:30:51 -0800] "GET /index.php.orig?option=com_performs&task=rss&Itemid=&mosConfig_absolute_path=http://musicadelibreria.net/footer?? HTTP/1.1" 404 - "-" "Mozilla/5.0" "www.freehairsecrets.com"
69.16.230.82 - - [18/Jan/2010:13:30:51 -0800] "GET /logs/access.log/index.php.orig?option=com_performs&task=rss&Itemid=&mosConfig_absolute_path=http://musicadelibreria.net/footer?? HTTP/1.1" 404 - "-" "Mozilla/5.0" "www.freehairsecrets.com"
64.1.16.10 - - [18/Jan/2010:13:30:53 -0800] "GET /administrator/components/com_mambots/toolbar.mambots.html.php?=http://www.fileden.com/files/2010/1/18/2729554/id1.txt? HTTP/1.1" 404 - "-" "Mozilla/5.0" "www.freehairsecrets.com"
64.1.16.10 - - [18/Jan/2010:13:30:53 -0800] "GET /logs//administrator/components/com_mambots/toolbar.mambots.html.php?=http://www.fileden.com/files/2010/1/18/2729554/id1.txt? HTTP/1.1" 404 - "-" "Mozilla/5.0" "www.freehairsecrets.com"
64.1.16.10 - - [18/Jan/2010:13:30:53 -0800] "GET /logs/access_091005.log//administrator/components/com_mambots/toolbar.mambots.html.php?=http://www.fileden.com/files/2010/1/18/2729554/id1.txt? HTTP/1.1" 404 - "-" "Mozilla/5.0" "www.freehairsecrets.com"
64.1.16.10 - - [18/Jan/2010:13:31:46 -0800] "GET /administrator/components/com_mambots/toolbar.mambots.html.php?=http://www.fileden.com/files/2010/1/18/2729554/id1.txt? HTTP/1.1" 404 - "-" "Mozilla/5.0" "www.freehairsecrets.com"
64.1.16.10 - - [18/Jan/2010:13:31:46 -0800] "GET /logs//administrator/components/com_mambots/toolbar.mambots.html.php?=http://www.fileden.com/files/2010/1/18/2729554/id1.txt? HTTP/1.1" 404 - "-" "Mozilla/5.0" "www.freehairsecrets.com"
64.1.16.10 - - [18/Jan/2010:13:31:46 -0800] "GET /logs/access_091005.log%20%20//administrator/components/com_mambots/toolbar.mambots.html.php?=http://www.fileden.com/files/2010/1/18/2729554/id1.txt? HTTP/1.1" 404 - "-" "Mozilla/5.0" "www.freehairsecrets.com"
67.195.112.253 - - [18/Jan/2010:13:32:25 -0800] "GET /logs/?N=D HTTP/1.0" 200 4783 "-" "Mozilla/5.0 (compatible; Yahoo! Slurp/3.0; http://help.yahoo.com/help/us/ysearch/slurp)" "www.freehairsecrets.com"
188.162.112.237 - - [18/Jan/2010:13:44:32 -0800] "GET /freehairsecretsphp/viewtopic.php?p=568&sid=a6f0f582f22fe24d6101fc64e36d2027 HTTP/1.1" 200 454 "-" "Mozilla/4.0 (compatible; MSIE 6.0; Windows NT 5.1; SV1)" "growlonghairfast.com"
188.162.112.237 - - [18/Jan/2010:13:44:34 -0800] "GET / HTTP/1.1" 200 926 "-" "Mozilla/4.0 (compatible; MSIE 6.0; Windows NT 5.1; SV1)" "www.growlonghairfast.com"
208.80.193.27 - - [18/Jan/2010:13:53:33 -0800] "GET / HTTP/1.0" 200 910 "-" "Mozilla/4.0 (compatible; MSIE 6.0; Windows NT 5.1; SV1; FunWebProducts; YPC 3.2.0; .NET CLR 1.1.4322; PeoplePal 3.0; yplus 4.0.00d)" "freehairsecrets.com"
118.129.166.172 - - [18/Jan/2010:13:55:47 -0800] "GET /?_zb_path=http://www.edenpchurch.org//bbs/nulnul/AinuLid1.txt%20? HTTP/1.1" 200 926 "-" "Mozilla/5.0" "www.freehairsecrets.com"
118.129.166.172 - - [18/Jan/2010:13:55:47 -0800] "GET /logs/access.log//?_zb_path=http://www.edenpchurch.org//bbs/nulnul/AinuLid1.txt%20? HTTP/1.1" 404 - "-" "Mozilla/5.0" "www.freehairsecrets.com"
118.129.166.172 - - [18/Jan/2010:13:55:47 -0800] "GET /logs//?_zb_path=http://www.edenpchurch.org//bbs/nulnul/AinuLid1.txt%20? HTTP/1.1" 200 4804 "-" "Mozilla/5.0" "www.freehairsecrets.com"
89.149.244.88 - - [18/Jan/2010:14:05:38 -0800] "GET /freehairsecretsphp/index.php HTTP/1.0" 200 333 "http://www.freehairsecrets.com/freehairsecretsphp/index.php" "Mozilla/4.0 (compatible; MSIE 6.0; Windows 98; Win 9x 4.90)" "www.freehairsecrets.com"
58.61.164.141 - - [18/Jan/2010:14:21:42 -0800] "GET / HTTP/1.1" 200 926 "-" "Mozilla/4.0 (compatible; MSIE 6.0; Windows NT 5.1)" "growlonghairfast.com"
220.181.94.229 - - [18/Jan/2010:14:21:44 -0800] "GET /robots.txt HTTP/1.1" 404 - "-" "-" "www.freehairsecrets.com"
220.181.94.229 - - [18/Jan/2010:14:21:55 -0800] "GET /freehairsecretsphp/viewtopic.php?p=18916 HTTP/1.1" 200 349 "-" "Sogou web spider/4.0(+http://www.sogou.com/docs/help/webmasters.htm#07)" "www.freehairsecrets.com"
58.61.164.139 - - [18/Jan/2010:14:26:52 -0800] "GET / HTTP/1.1" 200 926 "-" "Mozilla/4.0 (compatible; MSIE 6.0; Windows NT 5.1)" "growlonghairfast.com"
124.115.1.8 - - [18/Jan/2010:14:27:46 -0800] "GET / HTTP/1.1" 200 926 "-" "Mozilla/4.0 (compatible; MSIE 6.0; Windows NT 5.1)" "growlonghairfast.com"
66.249.65.123 - - [18/Jan/2010:14:37:32 -0800] "GET /robots.txt HTTP/1.1" 404 - "-" "Mozilla/5.0 (compatible; Googlebot/2.1; +http://www.google.com/bot.html)" "growlonghairfast.com"
220.181.7.69 - - [18/Jan/2010:14:38:27 -0800] "GET /freehairsecretsphp/viewtopic.php?p=5511 HTTP/1.1" 200 349 "-" "Baiduspider+(+http://www.baidu.com/search/spider.htm)" "www.freehairsecrets.com"
58.61.164.39 - - [18/Jan/2010:14:42:23 -0800] "GET /freehairsecretsphp/viewtopic.php?p=15728 HTTP/1.1" 200 349 "-" "Mozilla/4.0 (compatible; MSIE 6.0; Windows NT 5.1)" "growlonghairfast.com"
220.181.7.126 - - [18/Jan/2010:14:45:37 -0800] "GET /freehairsecretsphp/viewtopic.php?p=14192 HTTP/1.1" 200 349 "-" "Baiduspider+(+http://www.baidu.com/search/spider.htm)" "www.freehairsecrets.com"
89.149.244.88 - - [18/Jan/2010:14:48:32 -0800] "GET /freehairsecretsphp/index.php HTTP/1.0" 200 333 "http://growlonghairfast.com/freehairsecretsphp/index.php" "Mozilla/4.0 (compatible; MSIE 6.0; Windows 98; Win 9x 4.90)" "growlonghairfast.com"
202.131.30.150 - - [18/Jan/2010:14:53:20 -0800] "GET /robots.txt HTTP/1.1" 404 - "-" "Yeti/1.0 (NHN Corp.; http://help.naver.com/robots/)" "growlonghairfast.com"
202.131.30.150 - - [18/Jan/2010:14:53:22 -0800] "GET /freehairsecretsphp/viewtopic.php?p=14439 HTTP/1.1" 200 349 "-" "Yeti/1.0 (NHN Corp.; http://help.naver.com/robots/)" "growlonghairfast.com"
66.249.65.65 - - [18/Jan/2010:14:57:53 -0800] "GET /freehairsecretsphp/viewtopic.php?p=8816 HTTP/1.1" 200 349 "-" "DoCoMo/2.0 N905i(c100;TB;W24H16) (compatible; Googlebot-Mobile/2.1; +http://www.google.com/bot.html)" "growlonghairfast.com"
114.80.93.71 - - [18/Jan/2010:15:03:58 -0800] "GET / HTTP/1.1" 200 926 "-" "Mozilla/4.0 (compatible; MSIE 6.0; Windows NT 5.1)" "growlonghairfast.com"
69.16.230.82 - - [18/Jan/2010:15:08:46 -0800] "GET /admin/page-logs.php?DOCUMENT_ROOT=http://musicadelibreria.net/footer?? HTTP/1.1" 404 - "-" "Mozilla/5.0" "www.freehairsecrets.com"
69.16.230.82 - - [18/Jan/2010:15:08:46 -0800] "GET /logs/access.log//admin/page-logs.php?DOCUMENT_ROOT=http://musicadelibreria.net/footer?? HTTP/1.1" 404 - "-" "Mozilla/5.0" "www.freehairsecrets.com"
69.16.230.82 - - [18/Jan/2010:15:08:46 -0800] "GET /logs//admin/page-logs.php?DOCUMENT_ROOT=http://musicadelibreria.net/footer?? HTTP/1.1" 404 - "-" "Mozilla/5.0" "www.freehairsecrets.com"
201.45.123.132 - - [18/Jan/2010:15:09:42 -0800] "GET /logs/access.log//administrator/components/com_virtuemart/export.php?mosConfig.absolute.path=http://conexionw.com/editor/idbrac.txt??? HTTP/1.1" 404 - "-" "libwww-perl/5.805" "www.freehairsecrets.com"
201.45.123.132 - - [18/Jan/2010:15:09:42 -0800] "GET /administrator/components/com_virtuemart/export.php?mosConfig.absolute.path=http://conexionw.com/editor/idbrac.txt??? HTTP/1.1" 404 - "-" "libwww-perl/5.805" "www.freehairsecrets.com"
201.45.123.132 - - [18/Jan/2010:15:09:43 -0800] "GET /logs//administrator/components/com_virtuemart/export.php?mosConfig.absolute.path=http://conexionw.com/editor/idbrac.txt??? HTTP/1.1" 404 - "-" "libwww-perl/5.805" "www.freehairsecrets.com"
69.16.230.82 - - [18/Jan/2010:15:10:35 -0800] "GET /admin/page-logs.php?DOCUMENT_ROOT=http://musicadelibreria.net/footer?? HTTP/1.1" 404 - "-" "Mozilla/5.0" "www.freehairsecrets.com"
69.16.230.82 - - [18/Jan/2010:15:10:35 -0800] "GET /logs//admin/page-logs.php?DOCUMENT_ROOT=http://musicadelibreria.net/footer?? HTTP/1.1" 404 - "-" "Mozilla/5.0" "www.freehairsecrets.com"
69.16.230.82 - - [18/Jan/2010:15:10:35 -0800] "GET /logs/access.log//admin/page-logs.php?DOCUMENT_ROOT=http://musicadelibreria.net/footer?? HTTP/1.1" 404 - "-" "Mozilla/5.0" "www.freehairsecrets.com"
24.7.166.201 - - [18/Jan/2010:15:10:48 -0800] "GET /freehairsecretsphp/viewtopic.php?p=142 HTTP/1.1" 200 349 "http://www.valbormide.it/modules.php?op=modload&name=forum&file=viewtopic&p=89747" "Mozilla/4.0 (compatible; MSIE 8.0; Windows NT 5.1; Trident/4.0; GTB6; FunWebProducts; .NET CLR 2.0.50727; eSobiSubscriber 2.0.4.16; .NET CLR 3.0.4506.2152; .NET CLR 3.5.30729; OfficeLiveConnector.1.3; OfficeLivePatch.0.0)" "growlonghairfast.com"
24.7.166.201 - - [18/Jan/2010:15:10:48 -0800] "GET /favicon.ico HTTP/1.1" 404 - "-" "Mozilla/4.0 (compatible; MSIE 8.0; Windows NT 5.1; Trident/4.0; GTB6; FunWebProducts; .NET CLR 2.0.50727; eSobiSubscriber 2.0.4.16; .NET CLR 3.0.4506.2152; .NET CLR 3.5.30729; OfficeLiveConnector.1.3; OfficeLivePatch.0.0)" "growlonghairfast.com"
24.7.166.201 - - [18/Jan/2010:15:10:49 -0800] "GET /favicon.ico HTTP/1.1" 404 - "-" "Mozilla/5.0 (compatible; Google Desktop/5.9.911.3589; http://desktop.google.com/)" "growlonghairfast.com"
124.115.6.16 - - [18/Jan/2010:15:12:38 -0800] "GET /robots.txt HTTP/1.1" 404 - "-" "Sosospider+(+http://help.soso.com/webspider.htm)" "freehairsecrets.com"
204.124.182.252 - - [18/Jan/2010:15:16:55 -0800] "GET /freehairsecretsphp/viewtopic.php?p=568&sid=a6f0f582f22fe24d6101fc64e36d2027 HTTP/1.0" 200 438 "http://growlonghairfast.com/freehairsecretsphp/viewtopic.php?p=568&sid=a6f0f582f22fe24d6101fc64e36d2027" "Mozilla/4.0 (compatible; MSIE 6.0; Windows NT 5.1; SV1; Crazy Browser 2.0.0 Beta 1; .NET CLR 1.0.3705; .NET CLR 1.1.4322)" "growlonghairfast.com"
204.124.182.252 - - [18/Jan/2010:15:16:56 -0800] "GET / HTTP/1.0" 200 910 "http://growlonghairfast.com/" "Mozilla/4.0 (compatible; MSIE 6.0; Windows NT 5.1; SV1; Crazy Browser 2.0.0 Beta 1; .NET CLR 1.0.3705; .NET CLR 1.1.4322)" "growlonghairfast.com"
220.181.7.84 - - [18/Jan/2010:15:17:55 -0800] "GET /freehairsecretsphp/viewtopic.php?p=13162 HTTP/1.1" 200 349 "-" "Baiduspider+(+http://www.baidu.com/search/spider.htm)" "www.freehairsecrets.com"
220.181.7.121 - - [18/Jan/2010:15:18:24 -0800] "GET /freehairsecretsphp/viewtopic.php?p=6486 HTTP/1.1" 200 349 "-" "Baiduspider+(+http://www.baidu.com/search/spider.htm)" "growlonghairfast.com"
220.181.94.213 - - [18/Jan/2010:15:19:43 -0800] "GET /robots.txt HTTP/1.1" 404 - "-" "-" "growlonghairfast.com"
220.181.94.213 - - [18/Jan/2010:15:19:53 -0800] "GET /freehairsecretsphp/viewtopic.php?p=18780 HTTP/1.1" 200 349 "-" "Sogou web spider/4.0(+http://www.sogou.com/docs/help/webmasters.htm#07)" "growlonghairfast.com"
220.181.94.213 - - [18/Jan/2010:15:20:04 -0800] "GET /freehairsecretsphp/viewtopic.php?p=13461 HTTP/1.1" 200 349 "-" "Sogou web spider/4.0(+http://www.sogou.com/docs/help/webmasters.htm#07)" "growlonghairfast.com"
58.61.164.140 - - [18/Jan/2010:15:22:26 -0800] "GET /freehairsecretsphp/viewtopic.php?p=12651 HTTP/1.1" 200 349 "-" "Mozilla/4.0 (compatible; MSIE 6.0; Windows NT 5.1)" "growlonghairfast.com"
58.61.164.40 - - [18/Jan/2010:15:23:46 -0800] "GET / HTTP/1.1" 200 926 "-" "Mozilla/4.0 (compatible; MSIE 6.0; Windows NT 5.1)" "growlonghairfast.com"
77.88.25.28 - - [18/Jan/2010:15:25:18 -0800] "GET /robots.txt HTTP/1.1" 404 - "-" "Yandex/1.01.001 (compatible; Win16; I)" "www.freehairsecrets.com"
66.249.65.65 - - [18/Jan/2010:15:25:48 -0800] "GET /freehairsecretsphp/viewtopic.php?p=12651 HTTP/1.1" 200 349 "-" "DoCoMo/2.0 N905i(c100;TB;W24H16) (compatible; Googlebot-Mobile/2.1; +http://www.google.com/bot.html)" "growlonghairfast.com"
201.45.123.132 - - [18/Jan/2010:15:36:23 -0800] "GET /logs/access_091005.log//administrator/components/com_virtuemart/export.php?mosConfig.absolute.path=http://conexionw.com/editor/idbrac.txt??? HTTP/1.1" 404 - "-" "libwww-perl/5.805" "www.freehairsecrets.com"
220.181.7.86 - - [18/Jan/2010:15:39:29 -0800] "GET /freehairsecretsphp/viewtopic.php?p=13116 HTTP/1.1" 200 349 "-" "Baiduspider+(+http://www.baidu.com/search/spider.htm)" "www.freehairsecrets.com"
208.80.193.34 - - [18/Jan/2010:15:41:27 -0800] "GET / HTTP/1.0" 200 910 "-" "Mozilla/4.0 (compatible; MSIE 6.0; Windows 98; Win 9x 4.90; YPC 3.0.1)" "www.freehairsecrets.com"
67.195.115.155 - - [18/Jan/2010:15:52:20 -0800] "GET /robots.txt HTTP/1.0" 404 - "-" "Mozilla/5.0 (compatible; Yahoo! Slurp; http://help.yahoo.com/help/us/ysearch/slurp)" "freehairsecrets.com"
67.195.115.155 - - [18/Jan/2010:15:52:21 -0800] "GET /freehairsecretsphp/viewtopic.php?p=6084 HTTP/1.0" 200 333 "-" "Mozilla/5.0 (compatible; Yahoo! Slurp/3.0; http://help.yahoo.com/help/us/ysearch/slurp)" "freehairsecrets.com"
201.45.123.132 - - [18/Jan/2010:16:00:15 -0800] "GET /logs/access.log//?_zb_path=http://conexionw.com/editor/idbrac.txt??? HTTP/1.1" 404 - "-" "libwww-perl/5.805" "www.freehairsecrets.com"
201.45.123.132 - - [18/Jan/2010:16:00:15 -0800] "GET /?_zb_path=http://conexionw.com/editor/idbrac.txt??? HTTP/1.1" 200 926 "-" "libwww-perl/5.805" "www.freehairsecrets.com"
201.45.123.132 - - [18/Jan/2010:16:00:16 -0800] "GET /logs//?_zb_path=http://conexionw.com/editor/idbrac.txt??? HTTP/1.1" 200 4804 "-" "libwww-perl/5.805" "www.freehairsecrets.com"
196.35.158.181 - - [18/Jan/2010:16:01:31 -0800] "GET /administrator/components/com_virtuemart//media.divs.js.php?mosConfig_absolute_path=http://www.youronlive.com/modules/Forums/admin/id1.txt?? HTTP/1.1" 404 - "-" "Mozilla/5.0" "www.freehairsecrets.com"
196.35.158.181 - - [18/Jan/2010:16:01:31 -0800] "GET /logs/access.log%20%20//administrator/components/com_virtuemart//media.divs.js.php?mosConfig_absolute_path=http://www.youronlive.com/modules/Forums/admin/id1.txt?? HTTP/1.1" 404 - "-" "Mozilla/5.0" "www.freehairsecrets.com"
196.35.158.181 - - [18/Jan/2010:16:01:31 -0800] "GET /logs//administrator/components/com_virtuemart//media.divs.js.php?mosConfig_absolute_path=http://www.youronlive.com/modules/Forums/admin/id1.txt?? HTTP/1.1" 404 - "-" "Mozilla/5.0" "www.freehairsecrets.com"
196.35.158.181 - - [18/Jan/2010:16:01:39 -0800] "GET /administrator/components/com_virtuemart//media.divs.js.php?mosConfig_absolute_path=http://www.youronlive.com/modules/Forums/admin/id1.txt?? HTTP/1.1" 404 - "-" "Mozilla/5.0" "www.freehairsecrets.com"
196.35.158.181 - - [18/Jan/2010:16:01:39 -0800] "GET /logs//administrator/components/com_virtuemart//media.divs.js.php?mosConfig_absolute_path=http://www.youronlive.com/modules/Forums/admin/id1.txt?? HTTP/1.1" 404 - "-" "Mozilla/5.0" "www.freehairsecrets.com"
196.35.158.181 - - [18/Jan/2010:16:01:39 -0800] "GET /logs/access.log%20%20//administrator/components/com_virtuemart//media.divs.js.php?mosConfig_absolute_path=http://www.youronlive.com/modules/Forums/admin/id1.txt?? HTTP/1.1" 404 - "-" "Mozilla/5.0" "www.freehairsecrets.com"
67.218.116.134 - - [18/Jan/2010:16:02:14 -0800] "GET /robots.txt HTTP/1.0" 404 - "-" "Mozilla/5.0 (Twiceler-0.9 http://www.cuil.com/twiceler/robot.html)" "freehairsecrets.com"
123.143.98.5 - - [18/Jan/2010:16:02:42 -0800] "GET /logs/access.log%20%20//administrator/components/com_virtuemart//media.divs.js.php?mosConfig_absolute_path=http://www.youronlive.com/modules/Forums/admin/id1.txt?? HTTP/1.1" 404 - "-" "Mozilla/5.0" "www.freehairsecrets.com"
123.143.98.5 - - [18/Jan/2010:16:02:42 -0800] "GET /logs//administrator/components/com_virtuemart//media.divs.js.php?mosConfig_absolute_path=http://www.youronlive.com/modules/Forums/admin/id1.txt?? HTTP/1.1" 404 - "-" "Mozilla/5.0" "www.freehairsecrets.com"
123.143.98.5 - - [18/Jan/2010:16:02:42 -0800] "GET /administrator/components/com_virtuemart//media.divs.js.php?mosConfig_absolute_path=http://www.youronlive.com/modules/Forums/admin/id1.txt?? HTTP/1.1" 404 - "-" "Mozilla/5.0" "www.freehairsecrets.com"
123.143.98.5 - - [18/Jan/2010:16:03:02 -0800] "GET /administrator/components/com_virtuemart//media.divs.js.php?mosConfig_absolute_path=http://www.youronlive.com/modules/Forums/admin/id1.txt?? HTTP/1.1" 404 - "-" "Mozilla/5.0" "www.freehairsecrets.com"
123.143.98.5 - - [18/Jan/2010:16:03:02 -0800] "GET /logs//administrator/components/com_virtuemart//media.divs.js.php?mosConfig_absolute_path=http://www.youronlive.com/modules/Forums/admin/id1.txt?? HTTP/1.1" 404 - "-" "Mozilla/5.0" "www.freehairsecrets.com"
123.143.98.5 - - [18/Jan/2010:16:03:02 -0800] "GET /logs/access.log%20%20//administrator/components/com_virtuemart//media.divs.js.php?mosConfig_absolute_path=http://www.youronlive.com/modules/Forums/admin/id1.txt?? HTTP/1.1" 404 - "-" "Mozilla/5.0" "www.freehairsecrets.com"
67.195.115.155 - - [18/Jan/2010:16:08:02 -0800] "GET /tmp/ HTTP/1.0" 200 643 "-" "Mozilla/5.0 (compatible; Yahoo! Slurp/3.0; http://help.yahoo.com/help/us/ysearch/slurp)" "freehairsecrets.com"
220.181.7.84 - - [18/Jan/2010:16:08:35 -0800] "GET /freehairsecretsphp/viewtopic.php?p=12624 HTTP/1.1" 200 349 "-" "Baiduspider+(+http://www.baidu.com/search/spider.htm)" "www.freehairsecrets.com"
66.249.65.71 - - [18/Jan/2010:16:09:31 -0800] "GET /robots.txt HTTP/1.1" 404 - "-" "Mozilla/5.0 (compatible; Googlebot/2.1; +http://www.google.com/bot.html)" "freehairsecrets.com"
58.61.164.40 - - [18/Jan/2010:16:10:42 -0800] "GET /freehairsecretsphp/viewtopic.php?p=949 HTTP/1.1" 200 349 "-" "Mozilla/4.0 (compatible; MSIE 6.0; Windows NT 5.1)" "freehairsecrets.com"
65.55.232.20 - - [18/Jan/2010:16:11:02 -0800] "GET /BlackHairGrowth.htm HTTP/1.1" 404 - "-" "Mozilla/4.0 (compatible; MSIE 6.0; Windows NT 5.2; SV1; .NET CLR 1.1.4322; .NET CLR 2.0.40607; .NET CLR 3.0.30729; .NET CLR 3.5.30729)" "www.freehairsecrets.com"
123.143.98.5 - - [18/Jan/2010:16:14:05 -0800] "GET /administrator/components/com_virtuemart//media.divs.js.php?mosConfig_absolute_path=http://www.youronlive.com/modules/Forums/admin/id1.txt?? HTTP/1.1" 404 - "-" "Mozilla/5.0" "www.freehairsecrets.com"
123.143.98.5 - - [18/Jan/2010:16:14:05 -0800] "GET /logs//administrator/components/com_virtuemart//media.divs.js.php?mosConfig_absolute_path=http://www.youronlive.com/modules/Forums/admin/id1.txt?? HTTP/1.1" 404 - "-" "Mozilla/5.0" "www.freehairsecrets.com"
123.143.98.5 - - [18/Jan/2010:16:14:05 -0800] "GET /logs/access.log%20%20//administrator/components/com_virtuemart//media.divs.js.php?mosConfig_absolute_path=http://www.youronlive.com/modules/Forums/admin/id1.txt?? HTTP/1.1" 404 - "-" "Mozilla/5.0" "www.freehairsecrets.com"
123.143.98.5 - - [18/Jan/2010:16:14:16 -0800] "GET /administrator/components/com_virtuemart//media.divs.js.php?mosConfig_absolute_path=http://www.youronlive.com/modules/Forums/admin/id1.txt?? HTTP/1.1" 404 - "-" "Mozilla/5.0" "www.freehairsecrets.com"
123.143.98.5 - - [18/Jan/2010:16:14:16 -0800] "GET /logs//administrator/components/com_virtuemart//media.divs.js.php?mosConfig_absolute_path=http://www.youronlive.com/modules/Forums/admin/id1.txt?? HTTP/1.1" 404 - "-" "Mozilla/5.0" "www.freehairsecrets.com"
123.143.98.5 - - [18/Jan/2010:16:14:16 -0800] "GET /logs/access.log%20%20//administrator/components/com_virtuemart//media.divs.js.php?mosConfig_absolute_path=http://www.youronlive.com/modules/Forums/admin/id1.txt?? HTTP/1.1" 404 - "-" "Mozilla/5.0" "www.freehairsecrets.com"
220.181.7.67 - - [18/Jan/2010:16:15:19 -0800] "GET /freehairsecretsphp/viewtopic.php?p=12797 HTTP/1.1" 200 349 "-" "Baiduspider+(+http://www.baidu.com/search/spider.htm)" "www.freehairsecrets.com"
123.143.98.5 - - [18/Jan/2010:16:27:47 -0800] "GET /logs//administrator/components/com_virtuemart//media.divs.js.php?mosConfig_absolute_path=http://www.youronlive.com/modules/Forums/admin/id1.txt?? HTTP/1.1" 404 - "-" "Mozilla/5.0" "www.freehairsecrets.com"
123.143.98.5 - - [18/Jan/2010:16:27:47 -0800] "GET /logs/access.log%20%20//administrator/components/com_virtuemart//media.divs.js.php?mosConfig_absolute_path=http://www.youronlive.com/modules/Forums/admin/id1.txt?? HTTP/1.1" 404 - "-" "Mozilla/5.0" "www.freehairsecrets.com"
123.143.98.5 - - [18/Jan/2010:16:27:48 -0800] "GET /administrator/components/com_virtuemart//media.divs.js.php?mosConfig_absolute_path=http://www.youronlive.com/modules/Forums/admin/id1.txt?? HTTP/1.1" 404 - "-" "Mozilla/5.0" "www.freehairsecrets.com"
123.143.98.5 - - [18/Jan/2010:16:27:48 -0800] "GET /logs//administrator/components/com_virtuemart//media.divs.js.php?mosConfig_absolute_path=http://www.youronlive.com/modules/Forums/admin/id1.txt?? HTTP/1.1" 404 - "-" "Mozilla/5.0" "www.freehairsecrets.com"
123.143.98.5 - - [18/Jan/2010:16:27:48 -0800] "GET /administrator/components/com_virtuemart//media.divs.js.php?mosConfig_absolute_path=http://www.youronlive.com/modules/Forums/admin/id1.txt?? HTTP/1.1" 404 - "-" "Mozilla/5.0" "www.freehairsecrets.com"
123.143.98.5 - - [18/Jan/2010:16:27:48 -0800] "GET /logs/access.log%20%20//administrator/components/com_virtuemart//media.divs.js.php?mosConfig_absolute_path=http://www.youronlive.com/modules/Forums/admin/id1.txt?? HTTP/1.1" 404 - "-" "Mozilla/5.0" "www.freehairsecrets.com"
124.115.1.7 - - [18/Jan/2010:16:28:28 -0800] "GET / HTTP/1.1" 200 926 "-" "Mozilla/4.0 (compatible; MSIE 6.0; Windows NT 5.1)" "growlonghairfast.com"
114.80.93.71 - - [18/Jan/2010:16:31:58 -0800] "GET / HTTP/1.1" 200 926 "-" "Mozilla/4.0 (compatible; MSIE 6.0; Windows NT 5.1)" "www.freehairsecrets.com"
61.247.222.82 - - [18/Jan/2010:16:39:54 -0800] "GET /robots.txt HTTP/1.1" 404 - "-" "Yeti/1.0 (NHN Corp.; http://help.naver.com/robots/)" "www.freehairsecrets.com"
61.247.222.82 - - [18/Jan/2010:16:39:56 -0800] "GET /freehairsecretsphp/viewtopic.php?p=14057 HTTP/1.1" 200 349 "-" "Yeti/1.0 (NHN Corp.; http://help.naver.com/robots/)" "www.freehairsecrets.com"
123.143.98.5 - - [18/Jan/2010:16:46:19 -0800] "GET /logs/access.log%20%20//administrator/components/com_virtuemart//media.divs.js.php?mosConfig_absolute_path=http://www.youronlive.com/modules/Forums/admin/id1.txt?? HTTP/1.1" 404 - "-" "Mozilla/5.0" "www.freehairsecrets.com"
123.143.98.5 - - [18/Jan/2010:16:46:19 -0800] "GET /logs//administrator/components/com_virtuemart//media.divs.js.php?mosConfig_absolute_path=http://www.youronlive.com/modules/Forums/admin/id1.txt?? HTTP/1.1" 404 - "-" "Mozilla/5.0" "www.freehairsecrets.com"
123.143.98.5 - - [18/Jan/2010:16:46:19 -0800] "GET /administrator/components/com_virtuemart//media.divs.js.php?mosConfig_absolute_path=http://www.youronlive.com/modules/Forums/admin/id1.txt?? HTTP/1.1" 404 - "-" "Mozilla/5.0" "www.freehairsecrets.com"
123.143.98.5 - - [18/Jan/2010:16:46:38 -0800] "GET /logs/access.log%20%20//administrator/components/com_virtuemart//media.divs.js.php?mosConfig_absolute_path=http://www.youronlive.com/modules/Forums/admin/id1.txt?? HTTP/1.1" 404 - "-" "Mozilla/5.0" "www.freehairsecrets.com"
123.143.98.5 - - [18/Jan/2010:16:46:38 -0800] "GET /logs//administrator/components/com_virtuemart//media.divs.js.php?mosConfig_absolute_path=http://www.youronlive.com/modules/Forums/admin/id1.txt?? HTTP/1.1" 404 - "-" "Mozilla/5.0" "www.freehairsecrets.com"
123.143.98.5 - - [18/Jan/2010:16:46:41 -0800] "GET /administrator/components/com_virtuemart//media.divs.js.php?mosConfig_absolute_path=http://www.youronlive.com/modules/Forums/admin/id1.txt?? HTTP/1.1" 404 - "-" "Mozilla/5.0" "www.freehairsecrets.com"
208.115.111.245 - - [18/Jan/2010:16:46:48 -0800] "GET /robots.txt HTTP/1.1" 404 - "-" "Mozilla/5.0 (compatible; DotBot/1.1; http://www.dotnetdotcom.org/, crawler@dotnetdotcom.org)" "www.freehairsecrets.com"
208.115.111.245 - - [18/Jan/2010:16:46:48 -0800] "GET /robots.txt HTTP/1.1" 404 - "-" "Mozilla/5.0 (compatible; DotBot/1.1; http://www.dotnetdotcom.org/, crawler@dotnetdotcom.org)" "freehairsecrets.com"
67.195.114.230 - - [18/Jan/2010:16:55:58 -0800] "GET /robots.txt HTTP/1.0" 404 - "-" "Mozilla/5.0 (compatible; Yahoo! Slurp; http://help.yahoo.com/help/us/ysearch/slurp)" "growlonghairfast.com"
67.195.114.230 - - [18/Jan/2010:16:56:00 -0800] "GET /freehairsecretsphp/viewtopic.php?p=9351 HTTP/1.0" 200 333 "-" "Mozilla/5.0 (compatible; Yahoo! Slurp/3.0; http://help.yahoo.com/help/us/ysearch/slurp)" "growlonghairfast.com"
208.115.111.245 - - [18/Jan/2010:16:58:20 -0800] "GET /logs/access.log HTTP/1.1" 200 195145 "-" "Mozilla/5.0 (compatible; DotBot/1.1; http://www.dotnetdotcom.org/, crawler@dotnetdotcom.org)" "www.freehairsecrets.com"
208.115.111.245 - - [18/Jan/2010:16:58:25 -0800] "GET /logs/access_090810.log HTTP/1.1" 200 784281 "-" "Mozilla/5.0 (compatible; DotBot/1.1; http://www.dotnetdotcom.org/, crawler@dotnetdotcom.org)" "www.freehairsecrets.com"
208.115.111.245 - - [18/Jan/2010:16:58:30 -0800] "GET /logs/access_090817.log HTTP/1.1" 200 1208583 "-" "Mozilla/5.0 (compatible; DotBot/1.1; http://www.dotnetdotcom.org/, crawler@dotnetdotcom.org)" "www.freehairsecrets.com"
208.115.111.245 - - [18/Jan/2010:16:58:33 -0800] "GET /logs/access_090824.log HTTP/1.1" 200 817938 "-" "Mozilla/5.0 (compatible; DotBot/1.1; http://www.dotnetdotcom.org/, crawler@dotnetdotcom.org)" "www.freehairsecrets.com"
208.115.111.245 - - [18/Jan/2010:16:58:38 -0800] "GET /logs/access_090831.log HTTP/1.1" 200 634508 "-" "Mozilla/5.0 (compatible; DotBot/1.1; http://www.dotnetdotcom.org/, crawler@dotnetdotcom.org)" "www.freehairsecrets.com"
208.115.111.245 - - [18/Jan/2010:16:58:43 -0800] "GET /logs/access_090907.log HTTP/1.1" 200 618290 "-" "Mozilla/5.0 (compatible; DotBot/1.1; http://www.dotnetdotcom.org/, crawler@dotnetdotcom.org)" "www.freehairsecrets.com"
208.115.111.245 - - [18/Jan/2010:16:58:48 -0800] "GET /logs/access_090914.log HTTP/1.1" 200 530015 "-" "Mozilla/5.0 (compatible; DotBot/1.1; http://www.dotnetdotcom.org/, crawler@dotnetdotcom.org)" "www.freehairsecrets.com"
208.115.111.245 - - [18/Jan/2010:16:58:53 -0800] "GET /logs/access_090921.log HTTP/1.1" 200 748349 "-" "Mozilla/5.0 (compatible; DotBot/1.1; http://www.dotnetdotcom.org/, crawler@dotnetdotcom.org)" "www.freehairsecrets.com"
208.115.111.245 - - [18/Jan/2010:16:58:58 -0800] "GET /logs/access_090928.log HTTP/1.1" 200 579061 "-" "Mozilla/5.0 (compatible; DotBot/1.1; http://www.dotnetdotcom.org/, crawler@dotnetdotcom.org)" "www.freehairsecrets.com"
208.115.111.245 - - [18/Jan/2010:16:59:03 -0800] "GET /logs/access_091005.log HTTP/1.1" 200 642979 "-" "Mozilla/5.0 (compatible; DotBot/1.1; http://www.dotnetdotcom.org/, crawler@dotnetdotcom.org)" "www.freehairsecrets.com"
124.115.4.196 - - [18/Jan/2010:17:00:16 -0800] "GET / HTTP/1.1" 200 926 "-" "Sosospider+(+http://help.soso.com/webspider.htm)" "www.freehairsecrets.com"
58.61.164.141 - - [18/Jan/2010:17:06:49 -0800] "GET /freehairsecretsphp/viewtopic.php?p=13319 HTTP/1.1" 200 349 "-" "Mozilla/4.0 (compatible; MSIE 6.0; Windows NT 5.1)" "freehairsecrets.com"
123.143.98.5 - - [18/Jan/2010:17:07:24 -0800] "GET /logs/access.log%20%20//administrator/components/com_virtuemart//media.divs.js.php?mosConfig_absolute_path=http://www.youronlive.com/modules/Forums/admin/id1.txt?? HTTP/1.1" 404 - "-" "Mozilla/5.0" "www.freehairsecrets.com"
123.143.98.5 - - [18/Jan/2010:17:07:24 -0800] "GET /administrator/components/com_virtuemart//media.divs.js.php?mosConfig_absolute_path=http://www.youronlive.com/modules/Forums/admin/id1.txt?? HTTP/1.1" 404 - "-" "Mozilla/5.0" "www.freehairsecrets.com"
123.143.98.5 - - [18/Jan/2010:17:07:24 -0800] "GET /logs//administrator/components/com_virtuemart//media.divs.js.php?mosConfig_absolute_path=http://www.youronlive.com/modules/Forums/admin/id1.txt?? HTTP/1.1" 404 - "-" "Mozilla/5.0" "www.freehairsecrets.com"
123.143.98.5 - - [18/Jan/2010:17:07:31 -0800] "GET /administrator/components/com_virtuemart//media.divs.js.php?mosConfig_absolute_path=http://www.youronlive.com/modules/Forums/admin/id1.txt?? HTTP/1.1" 404 - "-" "Mozilla/5.0" "www.freehairsecrets.com"
123.143.98.5 - - [18/Jan/2010:17:07:31 -0800] "GET /logs//administrator/components/com_virtuemart//media.divs.js.php?mosConfig_absolute_path=http://www.youronlive.com/modules/Forums/admin/id1.txt?? HTTP/1.1" 404 - "-" "Mozilla/5.0" "www.freehairsecrets.com"
123.143.98.5 - - [18/Jan/2010:17:07:31 -0800] "GET /logs/access.log%20%20//administrator/components/com_virtuemart//media.divs.js.php?mosConfig_absolute_path=http://www.youronlive.com/modules/Forums/admin/id1.txt?? HTTP/1.1" 404 - "-" "Mozilla/5.0" "www.freehairsecrets.com"
58.61.164.39 - - [18/Jan/2010:17:24:11 -0800] "GET /freehairsecretsphp/viewtopic.php?p=19121 HTTP/1.1" 200 349 "-" "Mozilla/4.0 (compatible; MSIE 6.0; Windows NT 5.1)" "freehairsecrets.com"
220.181.7.125 - - [18/Jan/2010:17:24:52 -0800] "GET /freehairsecretsphp/viewtopic.php?p=6479 HTTP/1.1" 200 349 "-" "Baiduspider+(+http://www.baidu.com/search/spider.htm)" "growlonghairfast.com"
